31.212.35.236 - - [05/Dec/2013:18:53:16 +0100] "GET /callback.html HTTP/1.1" 200 3272 "http://www.zahnarztpraxis-berlin-pankow.de/hattke.swf" "Mozilla/5.0 (compatible; MSIE 10.0; Windows NT 6.1; Trident/6.0)"
31.212.35.236 - - [05/Dec/2013:18:53:16 +0100] "GET /send.gif HTTP/1.1" 200 265 "http://www.zahnarztpraxis-berlin-pankow.de/callback.html" "Mozilla/5.0 (compatible; MSIE 10.0; Windows NT 6.1; Trident/6.0)"
31.212.35.236 - - [05/Dec/2013:18:53:16 +0100] "GET /clear.gif HTTP/1.1" 200 230 "http://www.zahnarztpraxis-berlin-pankow.de/callback.html" "Mozilla/5.0 (compatible; MSIE 10.0; Windows NT 6.1; Trident/6.0)"
217.230.161.116 - - [05/Dec/2013:19:48:22 +0100] "GET / HTTP/1.1" 200 12977 "http://www.bigfinder.de/?c=ws&q=online&v=1" "Mozilla/5.0 (Windows; U; Windows NT 5.1; de; rv:1.9.0.12) Gecko/2009070611 Firefox/3.0.12 GTB7.1 (.NET CLR 3.5.30729)"
208.115.111.74 - - [05/Dec/2013:22:36:27 +0100] "GET /robots.txt HTTP/1.1" 200 24 "-" "Mozilla/5.0 (compatible; Ezooms/1.0; ezooms.bot@gmail.com)"
208.115.111.74 - - [05/Dec/2013:23:02:34 +0100] "GET / HTTP/1.1" 200 12977 "-" "Mozilla/5.0 (compatible; Ezooms/1.0; ezooms.bot@gmail.com)"
162.243.87.65 - - [06/Dec/2013:01:52:27 +0100] "GET /robots.txt HTTP/1.1" 200 24 "-" "Mozilla/5.0 (compatible; spbot/4.0.4; +http://www.seoprofiler.com/bot )"
162.243.87.65 - - [06/Dec/2013:01:52:33 +0100] "GET / HTTP/1.1" 200 12977 "-" "Mozilla/5.0 (compatible; spbot/4.0.4; +http://www.seoprofiler.com/bot )"
162.243.87.65 - - [06/Dec/2013:01:52:33 +0100] "GET /teledienst.html HTTP/1.1" 200 4588 "http://www.zahnarztpraxis-berlin-pankow.de/" "Mozilla/5.0 (compatible; spbot/4.0.4; +http://www.seoprofiler.com/bot )"
66.249.74.140 - - [06/Dec/2013:03:54:04 +0100] "GET /robots.txt HTTP/1.1" 200 24 "-" "Mozilla/5.0 (compatible; Googlebot/2.1; +http://www.google.com/bot.html)"
66.249.74.140 - - [06/Dec/2013:03:54:04 +0100] "GET / HTTP/1.1" 200 12977 "-" "Mozilla/5.0 (iPhone; CPU iPhone OS 6_0 like Mac OS X) AppleWebKit/536.26 (KHTML, like Gecko) Version/6.0 Mobile/10A5376e Safari/8536.25 (compatible; Googlebot-Mobile/2.1; +http://www.google.com/bot.html)"
209.190.1.133 - - [06/Dec/2013:10:01:27 +0100] "GET / HTTP/1.1" 200 12977 "-" "Mozilla/5.0 (Windows NT 6.1; Win64; x64) KomodiaBot/1.0"
141.8.147.12 - - [06/Dec/2013:10:48:04 +0100] "GET /robots.txt HTTP/1.1" 200 24 "-" "Mozilla/5.0 (compatible; YandexBot/3.0; +http://yandex.com/bots)"
217.7.191.229 - - [06/Dec/2013:11:34:41 +0100] "GET / HTTP/1.1" 200 12977 "-" "Mozilla/5.0 (Windows NT 6.1; rv:25.0) Gecko/20100101 Firefox/25.0"
217.7.191.229 - - [06/Dec/2013:11:34:41 +0100] "GET /opensite.js HTTP/1.1" 200 1125 "http://www.zahnarztpraxis-berlin-pankow.de/" "Mozilla/5.0 (Windows NT 6.1; rv:25.0) Gecko/20100101 Firefox/25.0"
217.7.191.229 - - [06/Dec/2013:11:34:41 +0100] "GET /favicon.ico HTTP/1.1" 200 2550 "-" "Mozilla/5.0 (Windows NT 6.1; rv:25.0) Gecko/20100101 Firefox/25.0"
217.7.191.229 - - [06/Dec/2013:11:34:41 +0100] "GET /flashopen.js HTTP/1.1" 200 604 "http://www.zahnarztpraxis-berlin-pankow.de/" "Mozilla/5.0 (Windows NT 6.1; rv:25.0) Gecko/20100101 Firefox/25.0"
217.7.191.229 - - [06/Dec/2013:11:34:42 +0100] "GET /hattke.swf HTTP/1.1" 200 12042 "http://www.zahnarztpraxis-berlin-pankow.de/" "Mozilla/5.0 (Windows NT 6.1; rv:25.0) Gecko/20100101 Firefox/25.0"
217.7.191.229 - - [06/Dec/2013:11:34:42 +0100] "GET /diashow.swf HTTP/1.1" 200 23825 "http://www.zahnarztpraxis-berlin-pankow.de/hattke.swf" "Mozilla/5.0 (Windows NT 6.1; rv:25.0) Gecko/20100101 Firefox/25.0"
141.8.147.12 - - [06/Dec/2013:14:26:38 +0100] "GET / HTTP/1.1" 200 12977 "-" "Mozilla/5.0 (compatible; YandexBot/3.0; +http://yandex.com/bots)"
217.92.131.215 - - [06/Dec/2013:14:37:11 +0100] "GET / HTTP/1.1" 200 12977 "http://www.google.com/url?sa=D&q=http://www.zahnarztpraxis-berlin-pankow.de/&usg=AFQjCNGXrOPkbEud1c_5X_JX1sq4eWUbfQ" "Mozilla/5.0 (Windows NT 6.1; WOW64) AppleWebKit/537.36 (KHTML, like Gecko) Chrome/31.0.1650.57 Safari/537.36"
217.92.131.215 - - [06/Dec/2013:14:37:11 +0100] "GET /opensite.js HTTP/1.1" 200 1125 "http://www.zahnarztpraxis-berlin-pankow.de/" "Mozilla/5.0 (Windows NT 6.1; WOW64) AppleWebKit/537.36 (KHTML, like Gecko) Chrome/31.0.1650.57 Safari/537.36"
217.92.131.215 - - [06/Dec/2013:14:37:11 +0100] "GET /flashopen.js HTTP/1.1" 200 604 "http://www.zahnarztpraxis-berlin-pankow.de/" "Mozilla/5.0 (Windows NT 6.1; WOW64) AppleWebKit/537.36 (KHTML, like Gecko) Chrome/31.0.1650.57 Safari/537.36"
217.92.131.215 - - [06/Dec/2013:14:37:11 +0100] "GET /hattke.swf HTTP/1.1" 200 12042 "http://www.zahnarztpraxis-berlin-pankow.de/" "Mozilla/5.0 (Windows NT 6.1; WOW64) AppleWebKit/537.36 (KHTML, like Gecko) Chrome/31.0.1650.57 Safari/537.36"
217.92.131.215 - - [06/Dec/2013:14:37:12 +0100] "GET /diashow.swf HTTP/1.1" 200 23825 "http://www.zahnarztpraxis-berlin-pankow.de/" "Mozilla/5.0 (Windows NT 6.1; WOW64) AppleWebKit/537.36 (KHTML, like Gecko) Chrome/31.0.1650.57 Safari/537.36"
66.249.74.140 - - [06/Dec/2013:18:44:36 +0100] "GET /robots.txt HTTP/1.1" 200 24 "-" "Mozilla/5.0 (compatible; Googlebot/2.1; +http://www.google.com/bot.html)"
66.249.74.140 - - [06/Dec/2013:18:44:36 +0100] "GET / HTTP/1.1" 200 12977 "-" "Mozilla/5.0 (compatible; Googlebot/2.1; +http://www.google.com/bot.html)"
109.231.193.83 - - [06/Dec/2013:23:28:34 +0100] "GET /backup/ HTTP/1.0" 404 1256 "-" "Yandex/1.02.000 (compatible; Win16; F)"
157.55.32.49 - - [07/Dec/2013:00:14:34 +0100] "GET /robots.txt HTTP/1.1" 200 24 "-" "Mozilla/5.0 (compatible; bingbot/2.0; +http://www.bing.com/bingbot.htm)"
157.55.32.49 - - [07/Dec/2013:00:15:01 +0100] "GET / HTTP/1.1" 200 12977 "-" "Mozilla/5.0 (compatible; bingbot/2.0; +http://www.bing.com/bingbot.htm)"
54.204.0.197 - - [07/Dec/2013:01:29:02 +0100] "GET / HTTP/1.1" 200 12977 "-" "Mozilla/5.0 (Macintosh; U; Intel Mac OS X 10_6_2; en-US) AppleWebKit/533.3 (KHTML, like Gecko) Chrome/5.0.354.0 Safari/533.3"
54.204.0.197 - - [07/Dec/2013:01:29:02 +0100] "GET /robots.txt HTTP/1.1" 200 24 "-" "Mozilla/5.0 (Macintosh; U; Intel Mac OS X 10_6_2; en-US) AppleWebKit/533.3 (KHTML, like Gecko) Chrome/5.0.354.0 Safari/533.3"
66.249.74.140 - - [07/Dec/2013:01:59:57 +0100] "GET /intro.html HTTP/1.1" 304 - "-" "Mozilla/5.0 (iPhone; CPU iPhone OS 6_0 like Mac OS X) AppleWebKit/536.26 (KHTML, like Gecko) Version/6.0 Mobile/10A5376e Safari/8536.25 (compatible; Googlebot-Mobile/2.1; +http://www.google.com/bot.html)"
141.8.147.12 - - [07/Dec/2013:04:42:40 +0100] "GET /robots.txt HTTP/1.1" 200 24 "-" "Mozilla/5.0 (compatible; YandexBot/3.0; +http://yandex.com/bots)"
141.8.147.12 - - [07/Dec/2013:06:10:37 +0100] "GET /teledienst.html HTTP/1.1" 200 4588 "-" "Mozilla/5.0 (compatible; YandexBot/3.0; +http://yandex.com/bots)"
101.226.166.245 - - [07/Dec/2013:11:53:12 +0100] "GET /robots.txt HTTP/1.1" 200 24 "http://www.zahnarztpraxis-berlin-pankow.de/robots.txt" "Mozilla/4.0 (compatible; MSIE 8.0; Windows NT 6.1; Trident/4.0; SLCC2; .NET CLR 2.0.50727; .NET CLR 3.5.30729; .NET CLR 3.0.30729; Media Center PC 6.0; MDDR; .NET4.0C; .NET4.0E; .NET CLR 1.1.4322; Tablet PC 2.0); 360Spider"
66.249.66.71 - - [07/Dec/2013:14:38:04 +0100] "GET /robots.txt HTTP/1.1" 200 24 "-" "Mozilla/5.0 (compatible; Googlebot/2.1; +http://www.google.com/bot.html)"
66.249.66.71 - - [07/Dec/2013:14:38:04 +0100] "GET / HTTP/1.1" 200 12977 "-" "Mozilla/5.0 (iPhone; CPU iPhone OS 6_0 like Mac OS X) AppleWebKit/536.26 (KHTML, like Gecko) Version/6.0 Mobile/10A5376e Safari/8536.25 (compatible; Googlebot-Mobile/2.1; +http://www.google.com/bot.html)"
5.9.113.17 - - [07/Dec/2013:15:30:13 +0100] "GET /robots.txt HTTP/1.1" 200 24 "-" "Apache-HttpClient/4.3 (java 1.5)"
5.9.113.17 - - [07/Dec/2013:15:30:13 +0100] "GET / HTTP/1.1" 200 12977 "-" "Apache-HttpClient/4.3 (java 1.5)"
66.249.66.71 - - [07/Dec/2013:16:28:32 +0100] "GET /hattke.swf HTTP/1.1" 200 12042 "-" "Mozilla/5.0 (iPhone; CPU iPhone OS 6_0 like Mac OS X) AppleWebKit/536.26 (KHTML, like Gecko) Version/6.0 Mobile/10A5376e Safari/8536.25 (compatible; Googlebot-Mobile/2.1; +http://www.google.com/bot.html)"
157.55.34.175 - - [08/Dec/2013:01:25:17 +0100] "GET /robots.txt HTTP/1.1" 200 24 "-" "Mozilla/5.0 (compatible; bingbot/2.0; +http://www.bing.com/bingbot.htm)"
157.55.34.175 - - [08/Dec/2013:01:28:00 +0100] "GET / HTTP/1.1" 200 12977 "-" "Mozilla/5.0 (compatible; bingbot/2.0; +http://www.bing.com/bingbot.htm)"
199.30.24.202 - - [08/Dec/2013:01:28:03 +0100] "GET /opensite.js HTTP/1.1" 200 1125 "http://www.zahnarztpraxis-berlin-pankow.de/" "Mozilla/5.0 (Windows NT 6.1; WOW64) AppleWebKit/534+ (KHTML, like Gecko) BingPreview/1.0b"
157.56.93.40 - - [08/Dec/2013:01:29:39 +0100] "GET /flashopen.js HTTP/1.1" 200 604 "-" "Mozilla/5.0 (compatible; bingbot/2.0; +http://www.bing.com/bingbot.htm)"
176.212.154.222 - - [08/Dec/2013:02:19:07 +0100] "GET /robots.txt HTTP/1.1" 200 24 "-" "Mozilla/5.0 (compatible; 008/0.83; http://www.80legs.com/webcrawler.html;) Gecko/2008032620"
176.212.154.222 - - [08/Dec/2013:02:19:07 +0100] "GET / HTTP/1.1" 200 12977 "-" "Mozilla/5.0 (compatible; 008/0.85; http://www.80legs.com/webcrawler.html) Gecko/2008032620"
176.212.154.222 - - [08/Dec/2013:02:19:08 +0100] "GET / HTTP/1.1" 200 12977 "-" "Mozilla/5.0 (compatible; 008/0.85; http://www.80legs.com/webcrawler.html) Gecko/2008032620"
176.212.154.222 - - [08/Dec/2013:02:19:09 +0100] "GET / HTTP/1.1" 200 12977 "-" "Mozilla/5.0 (compatible; 008/0.85; http://www.80legs.com/webcrawler.html) Gecko/2008032620"
176.212.154.222 - - [08/Dec/2013:02:19:11 +0100] "GET / HTTP/1.1" 200 12977 "-" "Mozilla/5.0 (compatible; 008/0.85; http://www.80legs.com/webcrawler.html) Gecko/2008032620"
207.241.229.236 - - [08/Dec/2013:02:20:42 +0100] "GET /robots.txt HTTP/1.1" 200 24 "-" "Mozilla/5.0 (compatible; archive.org_bot; Wayback Machine Live Record; +http://archive.org/details/archive.org_bot)"
157.56.93.40 - - [08/Dec/2013:02:39:49 +0100] "GET /robots.txt HTTP/1.1" 200 24 "-" "Mozilla/5.0 (compatible; bingbot/2.0; +http://www.bing.com/bingbot.htm)"
157.56.93.40 - - [08/Dec/2013:02:41:24 +0100] "GET /flashopen.js HTTP/1.1" 200 604 "-" "Mozilla/5.0 (compatible; bingbot/2.0; +http://www.bing.com/bingbot.htm)"
101.226.169.221 - - [08/Dec/2013:03:11:37 +0100] "GET /robots.txt HTTP/1.1" 200 24 "http://www.zahnarztpraxis-berlin-pankow.de/robots.txt" "Mozilla/4.0 (compatible; MSIE 8.0; Windows NT 6.1; Trident/4.0; SLCC2; .NET CLR 2.0.50727; .NET CLR 3.5.30729; .NET CLR 3.0.30729; Media Center PC 6.0; MDDR; .NET4.0C; .NET4.0E; .NET CLR 1.1.4322; Tablet PC 2.0); 360Spider"
64.125.222.50 - - [08/Dec/2013:03:38:56 +0100] "GET /robots.txt HTTP/1.1" 200 24 "-" "Mozilla/5.0 (compatible; 008/0.83; http://www.80legs.com/webcrawler.html;) Gecko/2008032620"
46.227.191.24 - - [08/Dec/2013:03:39:43 +0100] "GET /teledienst.html HTTP/1.1" 200 4588 "-" "Mozilla/5.0 (compatible; 008/0.85; http://www.80legs.com/webcrawler.html) Gecko/2008032620"
46.227.191.24 - - [08/Dec/2013:03:39:46 +0100] "GET /teledienst.html HTTP/1.1" 200 4588 "-" "Mozilla/5.0 (compatible; 008/0.85; http://www.80legs.com/webcrawler.html) Gecko/2008032620"
92.242.116.157 - - [08/Dec/2013:03:39:52 +0100] "GET /teledienst.html HTTP/1.1" 200 4588 "-" "Mozilla/5.0 (compatible; 008/0.85; http://www.80legs.com/webcrawler.html) Gecko/2008032620"
46.227.191.24 - - [08/Dec/2013:03:39:52 +0100] "GET /teledienst.html HTTP/1.1" 200 4588 "-" "Mozilla/5.0 (compatible; 008/0.85; http://www.80legs.com/webcrawler.html) Gecko/2008032620"
92.242.116.157 - - [08/Dec/2013:03:39:53 +0100] "GET /teledienst.html HTTP/1.1" 200 4588 "-" "Mozilla/5.0 (compatible; 008/0.85; http://www.80legs.com/webcrawler.html) Gecko/2008032620"
92.242.116.157 - - [08/Dec/2013:03:39:54 +0100] "GET /teledienst.html HTTP/1.1" 200 4588 "-" "Mozilla/5.0 (compatible; 008/0.85; http://www.80legs.com/webcrawler.html) Gecko/2008032620"
92.242.116.157 - - [08/Dec/2013:03:39:55 +0100] "GET /teledienst.html HTTP/1.1" 200 4588 "-" "Mozilla/5.0 (compatible; 008/0.85; http://www.80legs.com/webcrawler.html) Gecko/2008032620"
46.227.191.24 - - [08/Dec/2013:03:39:57 +0100] "GET /teledienst.html HTTP/1.1" 200 4588 "-" "Mozilla/5.0 (compatible; 008/0.85; http://www.80legs.com/webcrawler.html) Gecko/2008032620"
87.246.219.122 - - [08/Dec/2013:03:39:58 +0100] "GET /teledienst.html HTTP/1.1" 200 4588 "-" "Mozilla/5.0 (compatible; 008/0.85; http://www.80legs.com/webcrawler.html) Gecko/2008032620"
87.246.219.122 - - [08/Dec/2013:03:39:59 +0100] "GET /teledienst.html HTTP/1.1" 200 4588 "-" "Mozilla/5.0 (compatible; 008/0.85; http://www.80legs.com/webcrawler.html) Gecko/2008032620"
87.246.219.122 - - [08/Dec/2013:03:40:00 +0100] "GET /teledienst.html HTTP/1.1" 200 4588 "-" "Mozilla/5.0 (compatible; 008/0.85; http://www.80legs.com/webcrawler.html) Gecko/2008032620"
87.246.219.122 - - [08/Dec/2013:03:40:01 +0100] "GET /teledienst.html HTTP/1.1" 200 4588 "-" "Mozilla/5.0 (compatible; 008/0.85; http://www.80legs.com/webcrawler.html) Gecko/2008032620"
176.8.160.89 - - [08/Dec/2013:03:40:05 +0100] "GET /teledienst.html HTTP/1.1" 200 4588 "-" "Mozilla/5.0 (compatible; 008/0.85; http://www.80legs.com/webcrawler.html) Gecko/2008032620"
176.8.160.89 - - [08/Dec/2013:03:40:06 +0100] "GET /teledienst.html HTTP/1.1" 200 4588 "-" "Mozilla/5.0 (compatible; 008/0.85; http://www.80legs.com/webcrawler.html) Gecko/2008032620"
176.8.160.89 - - [08/Dec/2013:03:40:07 +0100] "GET /teledienst.html HTTP/1.1" 200 4588 "-" "Mozilla/5.0 (compatible; 008/0.85; http://www.80legs.com/webcrawler.html) Gecko/2008032620"
176.8.160.89 - - [08/Dec/2013:03:40:09 +0100] "GET /teledienst.html HTTP/1.1" 200 4588 "-" "Mozilla/5.0 (compatible; 008/0.85; http://www.80legs.com/webcrawler.html) Gecko/2008032620"
87.117.185.96 - - [08/Dec/2013:03:40:11 +0100] "GET /teledienst.html HTTP/1.1" 200 4588 "-" "Mozilla/5.0 (compatible; 008/0.85; http://www.80legs.com/webcrawler.html) Gecko/2008032620"
87.117.185.96 - - [08/Dec/2013:03:40:12 +0100] "GET /teledienst.html HTTP/1.1" 200 4588 "-" "Mozilla/5.0 (compatible; 008/0.85; http://www.80legs.com/webcrawler.html) Gecko/2008032620"
87.117.185.96 - - [08/Dec/2013:03:40:13 +0100] "GET /teledienst.html HTTP/1.1" 200 4588 "-" "Mozilla/5.0 (compatible; 008/0.85; http://www.80legs.com/webcrawler.html) Gecko/2008032620"
87.117.185.96 - - [08/Dec/2013:03:40:15 +0100] "GET /teledienst.html HTTP/1.1" 200 4588 "-" "Mozilla/5.0 (compatible; 008/0.85; http://www.80legs.com/webcrawler.html) Gecko/2008032620"
93.185.147.225 - - [08/Dec/2013:03:40:15 +0100] "GET /teledienst.html HTTP/1.1" 200 4588 "-" "Mozilla/5.0 (compatible; 008/0.85; http://www.80legs.com/webcrawler.html) Gecko/2008032620"
93.185.147.225 - - [08/Dec/2013:03:40:16 +0100] "GET /teledienst.html HTTP/1.1" 200 4588 "-" "Mozilla/5.0 (compatible; 008/0.85; http://www.80legs.com/webcrawler.html) Gecko/2008032620"
92.242.116.157 - - [08/Dec/2013:03:40:18 +0100] "GET /teledienst.html HTTP/1.1" 200 4588 "-" "Mozilla/5.0 (compatible; 008/0.85; http://www.80legs.com/webcrawler.html) Gecko/2008032620"
93.185.147.225 - - [08/Dec/2013:03:40:18 +0100] "GET /teledienst.html HTTP/1.1" 200 4588 "-" "Mozilla/5.0 (compatible; 008/0.85; http://www.80legs.com/webcrawler.html) Gecko/2008032620"
92.242.116.157 - - [08/Dec/2013:03:40:19 +0100] "GET /teledienst.html HTTP/1.1" 200 4588 "-" "Mozilla/5.0 (compatible; 008/0.85; http://www.80legs.com/webcrawler.html) Gecko/2008032620"
92.242.116.157 - - [08/Dec/2013:03:40:20 +0100] "GET /teledienst.html HTTP/1.1" 200 4588 "-" "Mozilla/5.0 (compatible; 008/0.85; http://www.80legs.com/webcrawler.html) Gecko/2008032620"
93.185.147.225 - - [08/Dec/2013:03:40:20 +0100] "GET /teledienst.html HTTP/1.1" 200 4588 "-" "Mozilla/5.0 (compatible; 008/0.85; http://www.80legs.com/webcrawler.html) Gecko/2008032620"
92.242.116.157 - - [08/Dec/2013:03:40:22 +0100] "GET /teledienst.html HTTP/1.1" 200 4588 "-" "Mozilla/5.0 (compatible; 008/0.85; http://www.80legs.com/webcrawler.html) Gecko/2008032620"
199.192.207.146 - - [08/Dec/2013:05:31:34 +0100] "GET /robots.txt HTTP/1.0" 200 24 "-" "Mozilla/5.0 (compatible; MJ12bot/v1.4.4; http://www.majestic12.co.uk/bot.php?+)"
199.192.207.146 - - [08/Dec/2013:05:31:36 +0100] "GET / HTTP/1.0" 200 12977 "-" "Mozilla/5.0 (compatible; MJ12bot/v1.4.4; http://www.majestic12.co.uk/bot.php?+)"
66.249.66.71 - - [08/Dec/2013:06:38:25 +0100] "GET /robots.txt HTTP/1.1" 200 24 "-" "Mozilla/5.0 (compatible; Googlebot/2.1; +http://www.google.com/bot.html)"
66.249.66.71 - - [08/Dec/2013:06:38:25 +0100] "GET /teledienst.html HTTP/1.1" 200 4588 "-" "Mozilla/5.0 (compatible; Googlebot/2.1; +http://www.google.com/bot.html)"
109.167.253.109 - - [08/Dec/2013:07:06:50 +0100] "GET / HTTP/1.1" 200 12977 "-" "Mozilla/5.0 (Windows NT 6.3)"
66.249.66.71 - - [08/Dec/2013:07:47:39 +0100] "GET /plan.swf HTTP/1.1" 200 27838 "-" "Mozilla/5.0 (compatible; Googlebot/2.1; +http://www.google.com/bot.html)"
193.111.141.54 - - [08/Dec/2013:07:57:55 +0100] "GET / HTTP/1.1" 200 12977 "-" "Mozilla/5.0 (X11; Linux i686; rv:6.0) Gecko/20100101 Firefox/6.0"
91.65.123.78 - - [08/Dec/2013:08:29:32 +0100] "GET / HTTP/1.1" 200 12977 "http://www.prodentum.de/zahnarztsuche.html?order_by=&sort=&per_page=2&cm_country=de&cm_location=13439&cm_max_dist=10" "Mozilla/5.0 (Windows NT 6.1; WOW64; rv:25.0) Gecko/20100101 Firefox/25.0"
91.65.123.78 - - [08/Dec/2013:08:29:32 +0100] "GET /favicon.ico HTTP/1.1" 200 2550 "-" "Mozilla/5.0 (Windows NT 6.1; WOW64; rv:25.0) Gecko/20100101 Firefox/25.0"
91.65.123.78 - - [08/Dec/2013:08:29:37 +0100] "GET /opensite.js HTTP/1.1" 200 1125 "http://www.zahnarztpraxis-berlin-pankow.de/" "Mozilla/5.0 (Windows NT 6.1; WOW64; rv:25.0) Gecko/20100101 Firefox/25.0"
91.65.123.78 - - [08/Dec/2013:08:29:37 +0100] "GET /flashopen.js HTTP/1.1" 200 604 "http://www.zahnarztpraxis-berlin-pankow.de/" "Mozilla/5.0 (Windows NT 6.1; WOW64; rv:25.0) Gecko/20100101 Firefox/25.0"
91.65.123.78 - - [08/Dec/2013:08:29:37 +0100] "GET /hattke.swf HTTP/1.1" 200 12042 "http://www.zahnarztpraxis-berlin-pankow.de/" "Mozilla/5.0 (Windows NT 6.1; WOW64; rv:25.0) Gecko/20100101 Firefox/25.0"
91.65.123.78 - - [08/Dec/2013:08:29:38 +0100] "GET /diashow.swf HTTP/1.1" 200 23825 "http://www.zahnarztpraxis-berlin-pankow.de/hattke.swf" "Mozilla/5.0 (Windows NT 6.1; WOW64; rv:25.0) Gecko/20100101 Firefox/25.0"
79.216.120.240 - - [08/Dec/2013:11:51:24 +0100] "GET / HTTP/1.1" 200 12977 "-" "Mozilla/5.0 (compatible; MSIE 10.0; Windows NT 6.1; WOW64; Trident/6.0)"
79.216.120.240 - - [08/Dec/2013:11:51:24 +0100] "GET /opensite.js HTTP/1.1" 200 1125 "http://www.zahnarztpraxis-berlin-pankow.de/" "Mozilla/5.0 (compatible; MSIE 10.0; Windows NT 6.1; WOW64; Trident/6.0)"
79.216.120.240 - - [08/Dec/2013:11:51:24 +0100] "GET /flashopen.js HTTP/1.1" 200 604 "http://www.zahnarztpraxis-berlin-pankow.de/" "Mozilla/5.0 (compatible; MSIE 10.0; Windows NT 6.1; WOW64; Trident/6.0)"
66.249.66.71 - - [08/Dec/2013:13:51:02 +0100] "GET /robots.txt HTTP/1.1" 200 24 "-" "Mozilla/5.0 (compatible; Googlebot/2.1; +http://www.google.com/bot.html)"
85.176.113.133 - - [08/Dec/2013:13:55:46 +0100] "HEAD /robots.txt HTTP/1.1" 206 - "-" "Toplistbot"
85.176.113.133 - - [08/Dec/2013:13:55:46 +0100] "GET /robots.txt HTTP/1.1" 206 24 "-" "Toplistbot"
85.176.113.133 - - [08/Dec/2013:13:55:46 +0100] "GET /teledienst.html HTTP/1.1" 206 4588 "-" "Toplistbot"
144.76.29.239 - - [08/Dec/2013:15:58:54 +0100] "GET /robots.txt HTTP/1.0" 200 24 "-" "Mozilla/5.0 (compatible; MJ12bot/v1.4.4; http://www.majestic12.co.uk/bot.php?+)"
144.76.29.239 - - [08/Dec/2013:15:58:56 +0100] "GET /index_alt.html HTTP/1.0" 200 2254 "-" "Mozilla/5.0 (compatible; MJ12bot/v1.4.4; http://www.majestic12.co.uk/bot.php?+)"
66.249.66.71 - - [08/Dec/2013:17:19:21 +0100] "GET / HTTP/1.1" 200 12977 "-" "Mozilla/5.0 (iPhone; CPU iPhone OS 6_0 like Mac OS X) AppleWebKit/536.26 (KHTML, like Gecko) Version/6.0 Mobile/10A5376e Safari/8536.25 (compatible; Googlebot-Mobile/2.1; +http://www.google.com/bot.html)"
5.10.83.80 - - [08/Dec/2013:17:29:11 +0100] "GET / HTTP/1.1" 200 12977 "-" "Mozilla/5.0 (compatible; AhrefsBot/5.0; +http://ahrefs.com/robot/)"
188.138.41.175 - - [08/Dec/2013:20:30:07 +0100] "GET / HTTP/1.1" 200 12977 "-" "Mozilla/5.0 (X11; U; Linux i686; en-US; rv:1.9.0.1) Gecko/2008070206 Firefox/3.0.1"
188.138.41.175 - - [08/Dec/2013:20:30:07 +0100] "GET /teledienst.html HTTP/1.1" 200 4588 "-" "Mozilla/5.0 (X11; U; Linux i686; en-US; rv:1.9.0.1) Gecko/2008070206 Firefox/3.0.1"
66.249.76.9 - - [09/Dec/2013:05:28:25 +0100] "GET /robots.txt HTTP/1.1" 200 24 "-" "Mozilla/5.0 (compatible; Googlebot/2.1; +http://www.google.com/bot.html)"
66.249.76.9 - - [09/Dec/2013:05:28:25 +0100] "GET / HTTP/1.1" 200 12977 "-" "Mozilla/5.0 (compatible; Googlebot/2.1; +http://www.google.com/bot.html)"
176.57.143.60 - - [09/Dec/2013:05:37:05 +0100] "GET / HTTP/1.1" 200 12977 "-" "Mozilla/5.0 (X11; Linux i686; rv:6.0) Gecko/20100101 Firefox/6.0"
192.99.9.164 - - [09/Dec/2013:08:37:44 +0100] "GET / HTTP/1.1" 200 12977 "-" "Mozilla/5.0 (Macintosh; Intel Mac OS X 10_8_4) AppleWebKit/537.36 (KHTML, like Gecko) Chrome/27.0.1453.110 Safari/537.36"
24.134.27.81 - - [09/Dec/2013:10:39:28 +0100] "GET / HTTP/1.1" 200 12977 "http://www.med-kolleg.de/arzt/zahnarzt/10460.html" "Mozilla/5.0 (Linux; U; Android 4.1.2; de-de; GT-I9100 Build/JZO54K) AppleWebKit/534.30 (KHTML, like Gecko) Version/4.0 Mobile Safari/534.30"
24.134.27.81 - - [09/Dec/2013:10:39:28 +0100] "GET /opensite.js HTTP/1.1" 200 1125 "http://www.zahnarztpraxis-berlin-pankow.de/" "Mozilla/5.0 (Linux; U; Android 4.1.2; de-de; GT-I9100 Build/JZO54K) AppleWebKit/534.30 (KHTML, like Gecko) Version/4.0 Mobile Safari/534.30"
24.134.27.81 - - [09/Dec/2013:10:39:28 +0100] "GET /flashopen.js HTTP/1.1" 200 604 "http://www.zahnarztpraxis-berlin-pankow.de/" "Mozilla/5.0 (Linux; U; Android 4.1.2; de-de; GT-I9100 Build/JZO54K) AppleWebKit/534.30 (KHTML, like Gecko) Version/4.0 Mobile Safari/534.30"
24.134.27.81 - - [09/Dec/2013:10:39:29 +0100] "GET /favicon.ico HTTP/1.1" 200 2550 "http://www.zahnarztpraxis-berlin-pankow.de/" "Mozilla/5.0 (Linux; U; Android 4.1.2; de-de; GT-I9100 Build/JZO54K) AppleWebKit/534.30 (KHTML, like Gecko) Version/4.0 Mobile Safari/534.30"
24.134.27.81 - - [09/Dec/2013:10:39:29 +0100] "GET /hattke.swf HTTP/1.1" 200 12042 "http://www.zahnarztpraxis-berlin-pankow.de/" "Mozilla/5.0 (Linux; U; Android 4.1.2; de-de; GT-I9100 Build/JZO54K) AppleWebKit/534.30 (KHTML, like Gecko) Version/4.0 Mobile Safari/534.30"
24.134.27.81 - - [09/Dec/2013:10:39:29 +0100] "GET /diashow.swf HTTP/1.1" 200 23825 "http://www.zahnarztpraxis-berlin-pankow.de/hattke.swf" "Mozilla/5.0 (Linux; U; Android 4.1.2; de-de; GT-I9100 Build/JZO54K) AppleWebKit/534.30 (KHTML, like Gecko) Version/4.0 Mobile Safari/534.30"
141.8.147.12 - - [09/Dec/2013:10:59:33 +0100] "GET /robots.txt HTTP/1.1" 200 24 "-" "Mozilla/5.0 (compatible; YandexBot/3.0; +http://yandex.com/bots)"
117.78.13.18 - - [09/Dec/2013:12:25:42 +0100] "GET /robots.txt HTTP/1.0" 200 24 "-" "nutch-1.4/Nutch-1.4"
117.78.13.18 - - [09/Dec/2013:12:25:43 +0100] "GET / HTTP/1.0" 200 12977 "-" "nutch-1.4/Nutch-1.4"
87.187.45.218 - - [09/Dec/2013:13:37:15 +0100] "GET / HTTP/1.1" 200 12977 "-" "Mozilla/5.0 (Windows NT 5.1; rv:25.0) Gecko/20100101 Firefox/25.0"
87.187.45.218 - - [09/Dec/2013:13:37:16 +0100] "GET /opensite.js HTTP/1.1" 200 1125 "http://www.zahnarztpraxis-berlin-pankow.de/" "Mozilla/5.0 (Windows NT 5.1; rv:25.0) Gecko/20100101 Firefox/25.0"
87.187.45.218 - - [09/Dec/2013:13:37:16 +0100] "GET /favicon.ico HTTP/1.1" 200 2550 "-" "Mozilla/5.0 (Windows NT 5.1; rv:25.0) Gecko/20100101 Firefox/25.0"
87.187.45.218 - - [09/Dec/2013:13:37:16 +0100] "GET /flashopen.js HTTP/1.1" 200 604 "http://www.zahnarztpraxis-berlin-pankow.de/" "Mozilla/5.0 (Windows NT 5.1; rv:25.0) Gecko/20100101 Firefox/25.0"
87.187.45.218 - - [09/Dec/2013:13:37:18 +0100] "GET /hattke.swf HTTP/1.1" 200 12042 "http://www.zahnarztpraxis-berlin-pankow.de/" "Mozilla/5.0 (Windows NT 5.1; rv:25.0) Gecko/20100101 Firefox/25.0"
87.187.45.218 - - [09/Dec/2013:13:37:19 +0100] "GET /diashow.swf HTTP/1.1" 200 23825 "http://www.zahnarztpraxis-berlin-pankow.de/hattke.swf" "Mozilla/5.0 (Windows NT 5.1; rv:25.0) Gecko/20100101 Firefox/25.0"
141.8.147.12 - - [09/Dec/2013:13:56:24 +0100] "GET / HTTP/1.1" 200 12977 "-" "Mozilla/5.0 (compatible; YandexBot/3.0; +http://yandex.com/bots)"
5.10.83.80 - - [09/Dec/2013:16:22:27 +0100] "GET /teledienst.html HTTP/1.1" 200 4588 "-" "Mozilla/5.0 (compatible; AhrefsBot/5.0; +http://ahrefs.com/robot/)"
91.64.27.199 - - [09/Dec/2013:18:14:54 +0100] "GET / HTTP/1.1" 200 12977 "http://www.google.de/url?sa=t&rct=j&q=&esrc=s&source=web&cd=9&ved=0CIgBEBYwCA&url=http%3A%2F%2Fwww.zahnarztpraxis-berlin-pankow.de%2F&ei=0fmlUr_sPMGhtAb0uoCgAQ&usg=AFQjCNGhU0LSIXKAU9N4d8DNsS8g6WKbiA" "Mozilla/5.0 (Windows NT 6.1; rv:25.0) Gecko/20100101 Firefox/25.0"
91.64.27.199 - - [09/Dec/2013:18:14:54 +0100] "GET /opensite.js HTTP/1.1" 200 1125 "http://www.zahnarztpraxis-berlin-pankow.de/" "Mozilla/5.0 (Windows NT 6.1; rv:25.0) Gecko/20100101 Firefox/25.0"
91.64.27.199 - - [09/Dec/2013:18:14:54 +0100] "GET /flashopen.js HTTP/1.1" 200 604 "http://www.zahnarztpraxis-berlin-pankow.de/" "Mozilla/5.0 (Windows NT 6.1; rv:25.0) Gecko/20100101 Firefox/25.0"
91.64.27.199 - - [09/Dec/2013:18:14:54 +0100] "GET /favicon.ico HTTP/1.1" 200 2550 "-" "Mozilla/5.0 (Windows NT 6.1; rv:25.0) Gecko/20100101 Firefox/25.0"
91.64.27.199 - - [09/Dec/2013:18:14:56 +0100] "GET /hattke.swf HTTP/1.1" 200 12042 "http://www.zahnarztpraxis-berlin-pankow.de/" "Mozilla/5.0 (Windows NT 6.1; rv:25.0) Gecko/20100101 Firefox/25.0"
91.64.27.199 - - [09/Dec/2013:18:14:56 +0100] "GET /diashow.swf HTTP/1.1" 200 23825 "http://www.zahnarztpraxis-berlin-pankow.de/hattke.swf" "Mozilla/5.0 (Windows NT 6.1; rv:25.0) Gecko/20100101 Firefox/25.0"
5.10.83.31 - - [09/Dec/2013:18:16:23 +0100] "GET /robots.txt HTTP/1.1" 200 24 "-" "Mozilla/5.0 (compatible; AhrefsBot/5.0; +http://ahrefs.com/robot/)"
91.64.27.199 - - [09/Dec/2013:18:46:50 +0100] "GET /intro.html HTTP/1.1" 200 5170 "http://www.google.de/url?sa=t&rct=j&q=&esrc=s&source=web&cd=8&ved=0CIUBEBYwBw&url=http%3A%2F%2Fwww.zahnarztpraxis-berlin-pankow.de%2Fintro.html&ei=SwGmUr66NsPvswac9oCADA&usg=AFQjCNFyIP-APaGkBUHn0zTmoUtkP72mRA&bvm=bv.57752919,d.Yms" "Mozilla/5.0 (Windows NT 6.1; rv:25.0) Gecko/20100101 Firefox/25.0"
87.189.104.229 - - [09/Dec/2013:21:31:01 +0100] "GET / HTTP/1.1" 200 12977 "http://www.google.de/url?sa=t&rct=j&q=&esrc=s&source=web&cd=1&ved=0CDEQFjAA&url=http%3A%2F%2Fwww.zahnarztpraxis-berlin-pankow.de%2F&ei=GiimUvOxNsWBtAaB74CIBA&usg=AFQjCNGhU0LSIXKAU9N4d8DNsS8g6WKbiA&sig2=9eSuLjr6Ft99jBVWNoJzCw&bvm=bv.57752919,d.Yms" "Mozilla/5.0 (Windows NT 6.1; WOW64; rv:25.0) Gecko/20100101 Firefox/25.0"
87.189.104.229 - - [09/Dec/2013:21:31:01 +0100] "GET /opensite.js HTTP/1.1" 200 1125 "http://www.zahnarztpraxis-berlin-pankow.de/" "Mozilla/5.0 (Windows NT 6.1; WOW64; rv:25.0) Gecko/20100101 Firefox/25.0"
87.189.104.229 - - [09/Dec/2013:21:31:01 +0100] "GET /flashopen.js HTTP/1.1" 200 604 "http://www.zahnarztpraxis-berlin-pankow.de/" "Mozilla/5.0 (Windows NT 6.1; WOW64; rv:25.0) Gecko/20100101 Firefox/25.0"
87.189.104.229 - - [09/Dec/2013:21:31:01 +0100] "GET /favicon.ico HTTP/1.1" 200 2550 "-" "Mozilla/5.0 (Windows NT 6.1; WOW64; rv:25.0) Gecko/20100101 Firefox/25.0"
87.189.104.229 - - [09/Dec/2013:21:31:01 +0100] "GET /hattke.swf HTTP/1.1" 200 12042 "http://www.zahnarztpraxis-berlin-pankow.de/" "Mozilla/5.0 (Windows NT 6.1; WOW64; rv:25.0) Gecko/20100101 Firefox/25.0"
87.189.104.229 - - [09/Dec/2013:21:31:01 +0100] "GET /diashow.swf HTTP/1.1" 200 23825 "http://www.zahnarztpraxis-berlin-pankow.de/hattke.swf" "Mozilla/5.0 (Windows NT 6.1; WOW64; rv:25.0) Gecko/20100101 Firefox/25.0"
87.189.104.229 - - [09/Dec/2013:21:32:44 +0100] "GET /callback.html HTTP/1.1" 200 3272 "http://www.zahnarztpraxis-berlin-pankow.de/" "Mozilla/5.0 (Windows NT 6.1; WOW64; rv:25.0) Gecko/20100101 Firefox/25.0"
87.189.104.229 - - [09/Dec/2013:21:32:44 +0100] "GET /clear.gif HTTP/1.1" 200 230 "http://www.zahnarztpraxis-berlin-pankow.de/callback.html" "Mozilla/5.0 (Windows NT 6.1; WOW64; rv:25.0) Gecko/20100101 Firefox/25.0"
87.189.104.229 - - [09/Dec/2013:21:32:44 +0100] "GET /send.gif HTTP/1.1" 200 265 "http://www.zahnarztpraxis-berlin-pankow.de/callback.html" "Mozilla/5.0 (Windows NT 6.1; WOW64; rv:25.0) Gecko/20100101 Firefox/25.0"
64.246.161.30 - - [10/Dec/2013:00:01:56 +0100] "GET /robots.txt HTTP/1.0" 200 24 "-" "Mozilla/5.0 (Windows; U; Windows NT 5.1; en; rv:1.9.0.13) Gecko/2009073022 Firefox/3.5.2 (.NET CLR 3.5.30729) SurveyBot/2.3 (DomainTools)"
64.246.161.30 - - [10/Dec/2013:00:01:57 +0100] "GET / HTTP/1.1" 200 12977 "http://whois.domaintools.com/zahnarztpraxis-berlin-pankow.de" "Mozilla/5.0 (Windows; U; Windows NT 5.1; en; rv:1.9.0.13) Gecko/2009073022 Firefox/3.5.2 (.NET CLR 3.5.30729) SurveyBot/2.3 (DomainTools)"
46.4.58.180 - - [10/Dec/2013:00:26:21 +0100] "GET /robots.txt HTTP/1.0" 200 24 "-" "linkoatlbot/Linkoatl-0.9 (Linkoatl SE)"
46.4.58.180 - - [10/Dec/2013:00:26:21 +0100] "GET / HTTP/1.0" 200 12977 "-" "linkoatlbot/Linkoatl-0.9 (Linkoatl SE)"
66.249.76.9 - - [10/Dec/2013:04:24:07 +0100] "GET / HTTP/1.1" 304 - "-" "Mozilla/5.0 (iPhone; CPU iPhone OS 6_0 like Mac OS X) AppleWebKit/536.26 (KHTML, like Gecko) Version/6.0 Mobile/10A5376e Safari/8536.25 (compatible; Googlebot-Mobile/2.1; +http://www.google.com/bot.html)"
5.9.95.7 - - [10/Dec/2013:04:54:36 +0100] "GET /robots.txt HTTP/1.1" 200 24 "http://zahnarztpraxis-berlin-pankow.de/" "Mozilla/5.0 (compatible; ltbot/1.3; bot@language-tools.com)"
5.9.95.7 - - [10/Dec/2013:04:54:37 +0100] "GET / HTTP/1.1" 200 12977 "http://zahnarztpraxis-berlin-pankow.de/" "Mozilla/5.0 (compatible; ltbot/1.3; bot@language-tools.com)"
5.9.95.7 - - [10/Dec/2013:04:54:39 +0100] "GET /teledienst.html HTTP/1.1" 200 4588 "http://zahnarztpraxis-berlin-pankow.de/" "Mozilla/5.0 (compatible; ltbot/1.3; bot@language-tools.com)"
141.8.147.12 - - [10/Dec/2013:06:18:49 +0100] "GET /robots.txt HTTP/1.1" 200 24 "-" "Mozilla/5.0 (compatible; YandexBot/3.0; +http://yandex.com/bots)"
66.249.76.9 - - [10/Dec/2013:06:40:38 +0100] "GET /robots.txt HTTP/1.1" 200 24 "-" "Mozilla/5.0 (compatible; Googlebot/2.1; +http://www.google.com/bot.html)"
66.249.76.9 - - [10/Dec/2013:06:40:38 +0100] "GET /opensite.js HTTP/1.1" 200 1125 "-" "Mozilla/5.0 (compatible; Googlebot/2.1; +http://www.google.com/bot.html)"
66.249.76.9 - - [10/Dec/2013:06:40:38 +0100] "GET /flashopen.js HTTP/1.1" 200 604 "-" "Mozilla/5.0 (compatible; Googlebot/2.1; +http://www.google.com/bot.html)"
157.56.93.41 - - [10/Dec/2013:07:00:44 +0100] "GET /robots.txt HTTP/1.1" 200 24 "-" "Mozilla/5.0 (compatible; bingbot/2.0; +http://www.bing.com/bingbot.htm)"
157.56.93.41 - - [10/Dec/2013:07:27:09 +0100] "GET / HTTP/1.1" 304 - "-" "Mozilla/5.0 (compatible; bingbot/2.0; +http://www.bing.com/bingbot.htm)"
141.8.147.12 - - [10/Dec/2013:07:30:29 +0100] "GET /teledienst.html HTTP/1.1" 200 4588 "-" "Mozilla/5.0 (compatible; YandexBot/3.0; +http://yandex.com/bots)"
79.216.99.57 - - [10/Dec/2013:08:24:14 +0100] "GET /intro.html HTTP/1.1" 200 5170 "http://www.google.de/url?sa=t&rct=j&q=&esrc=s&frm=1&source=web&cd=2&ved=0CFMQjBAwAQ&url=http%3A%2F%2Fwww.zahnarztpraxis-berlin-pankow.de%2Fintro.html&ei=d8GmUuqbNJHMsgavioDIDw&usg=AFQjCNFyIP-APaGkBUHn0zTmoUtkP72mRA" "Mozilla/5.0 (compatible; MSIE 10.0; Windows NT 6.1; WOW64; Trident/6.0)"
80.187.96.18 - - [10/Dec/2013:08:29:27 +0100] "GET / HTTP/1.1" 200 12977 "https://www.google.de/" "Mozilla/5.0 (iPhone; CPU iPhone OS 6_0 like Mac OS X) AppleWebKit/536.26 (KHTML, like Gecko) Version/6.0 Mobile/10A403 Safari/8536.25"
80.187.96.18 - - [10/Dec/2013:08:29:27 +0100] "GET /opensite.js HTTP/1.1" 200 1125 "http://www.zahnarztpraxis-berlin-pankow.de/" "Mozilla/5.0 (iPhone; CPU iPhone OS 6_0 like Mac OS X) AppleWebKit/536.26 (KHTML, like Gecko) Version/6.0 Mobile/10A403 Safari/8536.25"
80.187.96.18 - - [10/Dec/2013:08:29:27 +0100] "GET /flashopen.js HTTP/1.1" 200 604 "http://www.zahnarztpraxis-berlin-pankow.de/" "Mozilla/5.0 (iPhone; CPU iPhone OS 6_0 like Mac OS X) AppleWebKit/536.26 (KHTML, like Gecko) Version/6.0 Mobile/10A403 Safari/8536.25"
80.187.96.18 - - [10/Dec/2013:08:44:23 +0100] "GET / HTTP/1.1" 304 - "https://www.google.de/" "Mozilla/5.0 (iPhone; CPU iPhone OS 6_0 like Mac OS X) AppleWebKit/536.26 (KHTML, like Gecko) Version/6.0 Mobile/10A403 Safari/8536.25"
80.187.96.18 - - [10/Dec/2013:08:44:24 +0100] "GET /opensite.js HTTP/1.1" 304 - "http://www.zahnarztpraxis-berlin-pankow.de/" "Mozilla/5.0 (iPhone; CPU iPhone OS 6_0 like Mac OS X) AppleWebKit/536.26 (KHTML, like Gecko) Version/6.0 Mobile/10A403 Safari/8536.25"
80.83.123.232 - - [10/Dec/2013:10:41:22 +0100] "GET / HTTP/1.0" 200 12977 "-" "-"
208.115.113.90 - - [10/Dec/2013:12:39:41 +0100] "GET /robots.txt HTTP/1.1" 200 24 "-" "Mozilla/5.0 (compatible; Ezooms/1.0; help@moz.com)"
66.249.76.9 - - [10/Dec/2013:13:31:03 +0100] "GET /hattke.swf HTTP/1.1" 200 12042 "-" "Mozilla/5.0 (iPhone; CPU iPhone OS 6_0 like Mac OS X) AppleWebKit/536.26 (KHTML, like Gecko) Version/6.0 Mobile/10A5376e Safari/8536.25 (compatible; Googlebot-Mobile/2.1; +http://www.google.com/bot.html)"
84.19.190.55 - - [10/Dec/2013:14:07:21 +0100] "GET /robots.txt HTTP/1.1" 200 24 "-" "Mozilla/5.0 (compatible; UnisterBot; crawler@unister.de)"
84.19.190.55 - - [10/Dec/2013:14:07:21 +0100] "GET / HTTP/1.1" 200 12977 "-" "Mozilla/5.0 (compatible; UnisterBot; crawler@unister.de)"
208.115.113.90 - - [10/Dec/2013:14:35:42 +0100] "GET /teledienst.html HTTP/1.1" 200 4588 "-" "Mozilla/5.0 (compatible; Ezooms/1.0; help@moz.com)"
86.125.233.232 - - [10/Dec/2013:15:09:25 +0100] "GET / HTTP/1.1" 200 12977 "-" "-"
141.8.147.12 - - [10/Dec/2013:18:09:42 +0100] "GET /robots.txt HTTP/1.1" 200 24 "-" "Mozilla/5.0 (compatible; YandexBot/3.0; +http://yandex.com/bots)"
91.65.250.104 - - [10/Dec/2013:18:40:40 +0100] "GET / HTTP/1.1" 200 12977 "-" "Mozilla/5.0 (Windows NT 6.1; WOW64; rv:25.0) Gecko/20100101 Firefox/25.0"
91.65.250.104 - - [10/Dec/2013:18:40:40 +0100] "GET /opensite.js HTTP/1.1" 200 1125 "http://www.zahnarztpraxis-berlin-pankow.de/" "Mozilla/5.0 (Windows NT 6.1; WOW64; rv:25.0) Gecko/20100101 Firefox/25.0"
91.65.250.104 - - [10/Dec/2013:18:40:40 +0100] "GET /flashopen.js HTTP/1.1" 200 604 "http://www.zahnarztpraxis-berlin-pankow.de/" "Mozilla/5.0 (Windows NT 6.1; WOW64; rv:25.0) Gecko/20100101 Firefox/25.0"
91.65.250.104 - - [10/Dec/2013:18:40:40 +0100] "GET /favicon.ico HTTP/1.1" 200 2550 "-" "Mozilla/5.0 (Windows NT 6.1; WOW64; rv:25.0) Gecko/20100101 Firefox/25.0"
91.65.250.104 - - [10/Dec/2013:18:40:41 +0100] "GET /hattke.swf HTTP/1.1" 200 12042 "http://www.zahnarztpraxis-berlin-pankow.de/" "Mozilla/5.0 (Windows NT 6.1; WOW64; rv:25.0) Gecko/20100101 Firefox/25.0"
91.65.250.104 - - [10/Dec/2013:18:40:41 +0100] "GET /diashow.swf HTTP/1.1" 200 23825 "http://www.zahnarztpraxis-berlin-pankow.de/hattke.swf" "Mozilla/5.0 (Windows NT 6.1; WOW64; rv:25.0) Gecko/20100101 Firefox/25.0"
91.65.250.104 - - [10/Dec/2013:18:41:54 +0100] "GET /callback.html HTTP/1.1" 200 3272 "http://www.zahnarztpraxis-berlin-pankow.de/" "Mozilla/5.0 (Windows NT 6.1; WOW64; rv:25.0) Gecko/20100101 Firefox/25.0"
91.65.250.104 - - [10/Dec/2013:18:41:54 +0100] "GET /clear.gif HTTP/1.1" 200 230 "http://www.zahnarztpraxis-berlin-pankow.de/callback.html" "Mozilla/5.0 (Windows NT 6.1; WOW64; rv:25.0) Gecko/20100101 Firefox/25.0"
91.65.250.104 - - [10/Dec/2013:18:41:54 +0100] "GET /send.gif HTTP/1.1" 200 265 "http://www.zahnarztpraxis-berlin-pankow.de/callback.html" "Mozilla/5.0 (Windows NT 6.1; WOW64; rv:25.0) Gecko/20100101 Firefox/25.0"
141.8.147.12 - - [10/Dec/2013:20:12:38 +0100] "GET / HTTP/1.1" 200 12977 "-" "Mozilla/5.0 (compatible; YandexBot/3.0; +http://yandex.com/bots)"
66.249.76.9 - - [10/Dec/2013:22:49:29 +0100] "GET / HTTP/1.1" 200 12977 "-" "DoCoMo/2.0 N905i(c100;TB;W24H16) (compatible; Googlebot-Mobile/2.1; +http://www.google.com/bot.html)"
54.211.89.78 - - [11/Dec/2013:00:29:26 +0100] "GET / HTTP/1.0" 200 12977 "-" "Mozilla/5.0 (compatible; NetcraftSurveyAgent/1.0; +info@netcraft.com)"
66.249.76.9 - - [11/Dec/2013:01:18:20 +0100] "GET / HTTP/1.1" 200 12977 "-" "Mozilla/5.0 (iPhone; CPU iPhone OS 6_0 like Mac OS X) AppleWebKit/536.26 (KHTML, like Gecko) Version/6.0 Mobile/10A5376e Safari/8536.25 (compatible; Googlebot-Mobile/2.1; +http://www.google.com/bot.html)"
217.225.181.121 - - [11/Dec/2013:03:03:03 +0100] "GET / HTTP/1.1" 200 12977 "http://m.bigfinder.de/?c=ws&q=internet&v=1" "Mozilla/5.0 (Windows; U; Windows NT 6.0; en-US) AppleWebKit/533.4 (KHTML, like Gecko) Chrome/5.0.375.126 Safari/533.4"
217.225.191.115 - - [11/Dec/2013:05:36:29 +0100] "GET / HTTP/1.1" 200 12977 "http://m.bigfinder.de/?c=ws&q=web&v=1" "T-Online Browser (Windows NT 6.1; de)"
62.212.73.211 - - [11/Dec/2013:05:54:28 +0100] "GET /robots.txt HTTP/1.0" 200 24 "-" "Mozilla/5.0 (compatible; MJ12bot/v1.4.4; http://www.majestic12.co.uk/bot.php?+)"
62.212.73.211 - - [11/Dec/2013:05:54:30 +0100] "GET / HTTP/1.0" 200 12977 "-" "Mozilla/5.0 (compatible; MJ12bot/v1.4.4; http://www.majestic12.co.uk/bot.php?+)"
37.247.56.132 - - [11/Dec/2013:06:19:14 +0100] "GET / HTTP/1.1" 200 12977 "-" "WWW-Mechanize/1.72"
217.225.191.115 - - [11/Dec/2013:13:18:15 +0100] "GET / HTTP/1.1" 200 12977 "http://www.bigfinder.de/?c=ws&q=online&v=1" "T-Online Browser"
199.193.117.23 - - [11/Dec/2013:13:19:36 +0100] "GET /robots.txt HTTP/1.0" 200 24 "-" "Nutch12/Nutch-1.2"
199.193.117.23 - - [11/Dec/2013:13:19:36 +0100] "GET / HTTP/1.0" 304 - "-" "Nutch12/Nutch-1.2"
178.255.215.65 - - [11/Dec/2013:13:26:57 +0100] "GET /robots.txt HTTP/1.1" 200 24 "-" "Mozilla/5.0 (compatible; Exabot/3.0; +http://www.exabot.com/go/robot)"
178.255.215.65 - - [11/Dec/2013:13:26:57 +0100] "GET / HTTP/1.1" 304 - "-" "Mozilla/5.0 (compatible; Exabot/3.0; +http://www.exabot.com/go/robot)"
91.224.226.196 - - [11/Dec/2013:14:47:21 +0100] "GET /opensite.js HTTP/1.1" 304 - "-" "Mozilla/4.0 (compatible;)"
78.53.9.142 - - [11/Dec/2013:15:58:33 +0100] "GET / HTTP/1.1" 200 12977 "http://www.google.de/url?sa=t&rct=j&q=&esrc=s&source=web&cd=6&ved=0CH4QoAIwBQ&url=http%3A%2F%2Fwww.zahnarztpraxis-berlin-pankow.de%2F&ei=WH2oUovlB8XBswbR84CQBw&usg=AFQjCNGhU0LSIXKAU9N4d8DNsS8g6WKbiA&bvm=bv.57799294,d.Yms" "Mozilla/5.0 (Macintosh; Intel Mac OS X 10_8_5) AppleWebKit/537.71 (KHTML, like Gecko) Version/6.1 Safari/537.71"
78.53.9.142 - - [11/Dec/2013:15:58:33 +0100] "GET /opensite.js HTTP/1.1" 200 1125 "http://www.zahnarztpraxis-berlin-pankow.de/" "Mozilla/5.0 (Macintosh; Intel Mac OS X 10_8_5) AppleWebKit/537.71 (KHTML, like Gecko) Version/6.1 Safari/537.71"
78.53.9.142 - - [11/Dec/2013:15:58:33 +0100] "GET /flashopen.js HTTP/1.1" 200 604 "http://www.zahnarztpraxis-berlin-pankow.de/" "Mozilla/5.0 (Macintosh; Intel Mac OS X 10_8_5) AppleWebKit/537.71 (KHTML, like Gecko) Version/6.1 Safari/537.71"
78.53.9.142 - - [11/Dec/2013:15:58:34 +0100] "GET /hattke.swf HTTP/1.1" 200 12042 "http://www.zahnarztpraxis-berlin-pankow.de/" "Mozilla/5.0 (Macintosh; Intel Mac OS X 10_8_5) AppleWebKit/537.71 (KHTML, like Gecko) Version/6.1 Safari/537.71"
78.53.9.142 - - [11/Dec/2013:15:58:34 +0100] "GET /favicon.ico HTTP/1.1" 200 2550 "http://www.zahnarztpraxis-berlin-pankow.de/" "Mozilla/5.0 (Macintosh; Intel Mac OS X 10_8_5) AppleWebKit/537.71 (KHTML, like Gecko) Version/6.1 Safari/537.71"
78.53.9.142 - - [11/Dec/2013:15:58:34 +0100] "GET /diashow.swf HTTP/1.1" 200 23825 "http://www.zahnarztpraxis-berlin-pankow.de/" "Mozilla/5.0 (Macintosh; Intel Mac OS X 10_8_5) AppleWebKit/537.71 (KHTML, like Gecko) Version/6.1 Safari/537.71"
46.4.69.110 - - [11/Dec/2013:16:26:03 +0100] "GET / HTTP/1.1" 200 12977 "-" "Mozilla/5.0 (compatible; Webauskunft.org; http://www.webauskunft.org)"
91.64.16.23 - - [11/Dec/2013:17:01:52 +0100] "GET / HTTP/1.1" 200 12977 "https://www.google.de/" "Mozilla/5.0 (iPad; CPU OS 7_0_4 like Mac OS X) AppleWebKit/537.51.1 (KHTML, like Gecko) Version/7.0 Mobile/11B554a Safari/9537.53"
91.64.16.23 - - [11/Dec/2013:17:01:52 +0100] "GET /opensite.js HTTP/1.1" 200 1125 "http://www.zahnarztpraxis-berlin-pankow.de/" "Mozilla/5.0 (iPad; CPU OS 7_0_4 like Mac OS X) AppleWebKit/537.51.1 (KHTML, like Gecko) Version/7.0 Mobile/11B554a Safari/9537.53"
91.64.16.23 - - [11/Dec/2013:17:01:52 +0100] "GET /flashopen.js HTTP/1.1" 200 604 "http://www.zahnarztpraxis-berlin-pankow.de/" "Mozilla/5.0 (iPad; CPU OS 7_0_4 like Mac OS X) AppleWebKit/537.51.1 (KHTML, like Gecko) Version/7.0 Mobile/11B554a Safari/9537.53"
91.64.16.23 - - [11/Dec/2013:17:02:14 +0100] "GET / HTTP/1.1" 200 12977 "https://www.google.de/" "Mozilla/5.0 (iPad; CPU OS 7_0_4 like Mac OS X) AppleWebKit/537.51.1 (KHTML, like Gecko) Version/7.0 Mobile/11B554a Safari/9537.53"
91.64.16.23 - - [11/Dec/2013:17:02:14 +0100] "GET /opensite.js HTTP/1.1" 304 - "http://www.zahnarztpraxis-berlin-pankow.de/" "Mozilla/5.0 (iPad; CPU OS 7_0_4 like Mac OS X) AppleWebKit/537.51.1 (KHTML, like Gecko) Version/7.0 Mobile/11B554a Safari/9537.53"
91.64.16.23 - - [11/Dec/2013:17:02:15 +0100] "GET /flashopen.js HTTP/1.1" 304 - "http://www.zahnarztpraxis-berlin-pankow.de/" "Mozilla/5.0 (iPad; CPU OS 7_0_4 like Mac OS X) AppleWebKit/537.51.1 (KHTML, like Gecko) Version/7.0 Mobile/11B554a Safari/9537.53"
91.64.16.23 - - [11/Dec/2013:17:02:46 +0100] "GET / HTTP/1.1" 200 12977 "https://www.google.de/" "Mozilla/5.0 (iPad; CPU OS 7_0_4 like Mac OS X) AppleWebKit/537.51.1 (KHTML, like Gecko) Version/7.0 Mobile/11B554a Safari/9537.53"
91.64.16.23 - - [11/Dec/2013:17:02:46 +0100] "GET /opensite.js HTTP/1.1" 304 - "http://www.zahnarztpraxis-berlin-pankow.de/" "Mozilla/5.0 (iPad; CPU OS 7_0_4 like Mac OS X) AppleWebKit/537.51.1 (KHTML, like Gecko) Version/7.0 Mobile/11B554a Safari/9537.53"
91.64.16.23 - - [11/Dec/2013:17:02:46 +0100] "GET /flashopen.js HTTP/1.1" 304 - "http://www.zahnarztpraxis-berlin-pankow.de/" "Mozilla/5.0 (iPad; CPU OS 7_0_4 like Mac OS X) AppleWebKit/537.51.1 (KHTML, like Gecko) Version/7.0 Mobile/11B554a Safari/9537.53"
206.253.226.23 - - [11/Dec/2013:21:49:58 +0100] "GET / HTTP/1.1" 200 12977 "-" "Mozilla/5.0 (compatible; oBot/2.3.1; +http://filterdb.iss.net/crawler/)"
78.46.41.37 - - [11/Dec/2013:23:49:00 +0100] "GET / HTTP/1.1" 200 12977 "-" "-"
66.249.78.173 - - [12/Dec/2013:00:47:47 +0100] "GET /robots.txt HTTP/1.1" 200 24 "-" "Mozilla/5.0 (compatible; Googlebot/2.1; +http://www.google.com/bot.html)"
66.249.78.173 - - [12/Dec/2013:00:47:47 +0100] "GET / HTTP/1.1" 200 12977 "-" "Mozilla/5.0 (iPhone; CPU iPhone OS 6_0 like Mac OS X) AppleWebKit/536.26 (KHTML, like Gecko) Version/6.0 Mobile/10A5376e Safari/8536.25 (compatible; Googlebot-Mobile/2.1; +http://www.google.com/bot.html)"
66.249.78.173 - - [12/Dec/2013:00:48:37 +0100] "GET / HTTP/1.1" 200 12977 "-" "Mozilla/5.0 (compatible; Googlebot/2.1; +http://www.google.com/bot.html)"
188.165.195.156 - - [12/Dec/2013:00:55:28 +0100] "HEAD / HTTP/1.1" 200 - "-" "Mozilla/4.0 (compatible; MSIE 5.01; Windows NT 5.0)"
66.249.78.173 - - [12/Dec/2013:01:38:02 +0100] "GET /hattke.swf HTTP/1.1" 200 12042 "-" "Mozilla/5.0 (iPhone; CPU iPhone OS 6_0 like Mac OS X) AppleWebKit/536.26 (KHTML, like Gecko) Version/6.0 Mobile/10A5376e Safari/8536.25 (compatible; Googlebot-Mobile/2.1; +http://www.google.com/bot.html)"
91.224.226.196 - - [12/Dec/2013:04:24:03 +0100] "GET /flashopen.js HTTP/1.1" 304 - "-" "Mozilla/4.0 (compatible;)"
85.23.168.179 - - [12/Dec/2013:09:08:52 +0100] "GET / HTTP/1.1" 200 12977 "-" "-"
85.23.168.179 - - [12/Dec/2013:09:08:52 +0100] "GET //flashopen.js HTTP/1.1" 200 604 "-" "-"
85.23.168.179 - - [12/Dec/2013:09:08:52 +0100] "GET //opensite.js HTTP/1.1" 200 1125 "-" "-"
212.75.55.228 - - [12/Dec/2013:12:25:54 +0100] "GET / HTTP/1.1" 200 12977 "-" "Mozilla/4.0 (compatible; MSIE 7.0; Windows NT 5.1; Trident/4.0; .NET CLR 1.1.4322; .NET CLR 2.0.50727; .NET CLR 3.0.04506.30; MDDS; InfoPath.1; .NET CLR 3.0.4506.2152; .NET CLR 3.5.30729; .NET4.0C; .NET4.0E)"
212.75.55.228 - - [12/Dec/2013:12:25:54 +0100] "GET / HTTP/1.1" 200 12977 "-" "Mozilla/5.0 (Windows NT 5.1; rv:25.0) Gecko/20100101 Firefox/25.0"
212.75.55.228 - - [12/Dec/2013:12:25:54 +0100] "GET /opensite.js HTTP/1.1" 200 1125 "http://www.zahnarztpraxis-berlin-pankow.de/" "Mozilla/5.0 (Windows NT 5.1; rv:25.0) Gecko/20100101 Firefox/25.0"
212.75.55.228 - - [12/Dec/2013:12:25:54 +0100] "GET /favicon.ico HTTP/1.1" 200 2550 "-" "Mozilla/5.0 (Windows NT 5.1; rv:25.0) Gecko/20100101 Firefox/25.0"
212.75.55.228 - - [12/Dec/2013:12:25:55 +0100] "GET /flashopen.js HTTP/1.1" 200 604 "http://www.zahnarztpraxis-berlin-pankow.de/" "Mozilla/5.0 (Windows NT 5.1; rv:25.0) Gecko/20100101 Firefox/25.0"
212.75.55.228 - - [12/Dec/2013:12:25:55 +0100] "GET /hattke.swf HTTP/1.1" 200 12042 "http://www.zahnarztpraxis-berlin-pankow.de/" "Mozilla/5.0 (Windows NT 5.1; rv:25.0) Gecko/20100101 Firefox/25.0"
212.75.55.228 - - [12/Dec/2013:12:25:55 +0100] "GET /diashow.swf HTTP/1.1" 200 23825 "http://www.zahnarztpraxis-berlin-pankow.de/hattke.swf" "Mozilla/5.0 (Windows NT 5.1; rv:25.0) Gecko/20100101 Firefox/25.0"
212.75.55.228 - - [12/Dec/2013:12:26:26 +0100] "GET /callback.html HTTP/1.1" 200 3272 "http://www.zahnarztpraxis-berlin-pankow.de/" "Mozilla/5.0 (Windows NT 5.1; rv:25.0) Gecko/20100101 Firefox/25.0"
212.75.55.228 - - [12/Dec/2013:12:26:26 +0100] "GET /clear.gif HTTP/1.1" 200 230 "http://www.zahnarztpraxis-berlin-pankow.de/callback.html" "Mozilla/5.0 (Windows NT 5.1; rv:25.0) Gecko/20100101 Firefox/25.0"
212.75.55.228 - - [12/Dec/2013:12:26:26 +0100] "GET /send.gif HTTP/1.1" 200 265 "http://www.zahnarztpraxis-berlin-pankow.de/callback.html" "Mozilla/5.0 (Windows NT 5.1; rv:25.0) Gecko/20100101 Firefox/25.0"
217.230.133.138 - - [12/Dec/2013:14:24:50 +0100] "GET / HTTP/1.1" 200 12977 "http://m.bigfinder.de/?c=ws&q=service&v=1" "Mozilla/5.0 (Windows; U; Windows NT 6.1; de; rv:1.9.2.8) Gecko/20100722 Firefox/3.6.8 GTB7.1"
157.55.36.38 - - [12/Dec/2013:22:31:52 +0100] "GET /robots.txt HTTP/1.1" 200 24 "-" "Mozilla/5.0 (compatible; bingbot/2.0; +http://www.bing.com/bingbot.htm)"
157.55.36.38 - - [12/Dec/2013:22:42:12 +0100] "GET / HTTP/1.1" 200 12977 "-" "Mozilla/5.0 (compatible; bingbot/2.0; +http://www.bing.com/bingbot.htm)"
66.249.78.173 - - [13/Dec/2013:00:56:42 +0100] "GET /robots.txt HTTP/1.1" 200 24 "-" "Mozilla/5.0 (compatible; Googlebot/2.1; +http://www.google.com/bot.html)"
66.249.78.173 - - [13/Dec/2013:00:56:42 +0100] "GET /intro.html HTTP/1.1" 304 - "-" "Mozilla/5.0 (iPhone; CPU iPhone OS 6_0 like Mac OS X) AppleWebKit/536.26 (KHTML, like Gecko) Version/6.0 Mobile/10A5376e Safari/8536.25 (compatible; Googlebot-Mobile/2.1; +http://www.google.com/bot.html)"
141.8.147.12 - - [13/Dec/2013:12:02:17 +0100] "GET /robots.txt HTTP/1.1" 200 24 "-" "Mozilla/5.0 (compatible; YandexBot/3.0; +http://yandex.com/bots)"
5.10.83.7 - - [13/Dec/2013:12:38:23 +0100] "GET / HTTP/1.1" 200 12977 "-" "Mozilla/5.0 (compatible; AhrefsBot/5.0; +http://ahrefs.com/robot/)"
80.68.161.22 - - [13/Dec/2013:13:56:01 +0100] "GET / HTTP/1.1" 200 12977 "https://www.google.de/" "Mozilla/5.0 (Windows NT 5.2; WOW64) AppleWebKit/537.36 (KHTML, like Gecko) Chrome/31.0.1650.63 Safari/537.36"
80.68.161.22 - - [13/Dec/2013:13:56:02 +0100] "GET /opensite.js HTTP/1.1" 200 1125 "http://www.zahnarztpraxis-berlin-pankow.de/" "Mozilla/5.0 (Windows NT 5.2; WOW64) AppleWebKit/537.36 (KHTML, like Gecko) Chrome/31.0.1650.63 Safari/537.36"
80.68.161.22 - - [13/Dec/2013:13:56:02 +0100] "GET /flashopen.js HTTP/1.1" 200 604 "http://www.zahnarztpraxis-berlin-pankow.de/" "Mozilla/5.0 (Windows NT 5.2; WOW64) AppleWebKit/537.36 (KHTML, like Gecko) Chrome/31.0.1650.63 Safari/537.36"
80.68.161.22 - - [13/Dec/2013:13:56:02 +0100] "GET /hattke.swf HTTP/1.1" 200 12042 "http://www.zahnarztpraxis-berlin-pankow.de/" "Mozilla/5.0 (Windows NT 5.2; WOW64) AppleWebKit/537.36 (KHTML, like Gecko) Chrome/31.0.1650.63 Safari/537.36"
80.68.161.22 - - [13/Dec/2013:13:56:02 +0100] "GET /favicon.ico HTTP/1.1" 200 2550 "-" "Mozilla/5.0 (Windows NT 5.2; WOW64) AppleWebKit/537.36 (KHTML, like Gecko) Chrome/31.0.1650.63 Safari/537.36"
80.68.161.22 - - [13/Dec/2013:13:56:02 +0100] "GET /diashow.swf HTTP/1.1" 200 23825 "http://www.zahnarztpraxis-berlin-pankow.de/" "Mozilla/5.0 (Windows NT 5.2; WOW64) AppleWebKit/537.36 (KHTML, like Gecko) Chrome/31.0.1650.63 Safari/537.36"
66.249.78.173 - - [13/Dec/2013:15:05:08 +0100] "GET /hattke.swf HTTP/1.1" 200 12042 "-" "Mozilla/5.0 (iPhone; CPU iPhone OS 6_0 like Mac OS X) AppleWebKit/536.26 (KHTML, like Gecko) Version/6.0 Mobile/10A5376e Safari/8536.25 (compatible; Googlebot-Mobile/2.1; +http://www.google.com/bot.html)"
66.249.78.173 - - [13/Dec/2013:15:08:28 +0100] "GET /sitemap.xml HTTP/1.1" 200 796 "-" "Mozilla/5.0 (compatible; Googlebot/2.1; +http://www.google.com/bot.html)"
5.10.83.59 - - [13/Dec/2013:17:01:09 +0100] "GET /teledienst.html HTTP/1.1" 200 4588 "-" "Mozilla/5.0 (compatible; AhrefsBot/5.0; +http://ahrefs.com/robot/)"
141.8.147.12 - - [13/Dec/2013:19:32:32 +0100] "GET / HTTP/1.1" 200 12977 "-" "Mozilla/5.0 (compatible; YandexBot/3.0; +http://yandex.com/bots)"
66.249.78.173 - - [13/Dec/2013:20:23:33 +0100] "GET / HTTP/1.1" 200 12977 "-" "SAMSUNG-SGH-E250/1.0 Profile/MIDP-2.0 Configuration/CLDC-1.1 UP.Browser/6.2.3.3.c.1.101 (GUI) MMP/2.0 (compatible; Googlebot-Mobile/2.1; +http://www.google.com/bot.html)"
209.190.1.131 - - [13/Dec/2013:21:52:22 +0100] "GET / HTTP/1.1" 200 12977 "-" "Mozilla/5.0 (Windows NT 6.1; Win64; x64) KomodiaBot/1.0"
66.249.78.173 - - [14/Dec/2013:03:09:19 +0100] "GET /robots.txt HTTP/1.1" 200 24 "-" "Mozilla/5.0 (compatible; Googlebot/2.1; +http://www.google.com/bot.html)"
66.249.78.173 - - [14/Dec/2013:11:54:32 +0100] "GET / HTTP/1.1" 200 12977 "-" "Mozilla/5.0 (compatible; Googlebot/2.1; +http://www.google.com/bot.html)"
66.249.78.173 - - [14/Dec/2013:19:03:02 +0100] "GET /robots.txt HTTP/1.1" 200 24 "-" "Mozilla/5.0 (compatible; Googlebot/2.1; +http://www.google.com/bot.html)"
66.249.78.173 - - [14/Dec/2013:19:03:02 +0100] "GET / HTTP/1.1" 200 12977 "-" "Mozilla/5.0 (compatible; Googlebot/2.1; +http://www.google.com/bot.html)"
