178.5.212.147 - - [07/Jun/2013:13:50:21 +0200] "GET / HTTP/1.1" 200 12977 "https://www.google.de/" "Mozilla/5.0 (Windows NT 6.2; WOW64) AppleWebKit/537.36 (KHTML, like Gecko) Chrome/27.0.1453.94 Safari/537.36"
178.5.212.147 - - [07/Jun/2013:13:50:21 +0200] "GET /opensite.js HTTP/1.1" 200 1125 "http://www.zahnarztpraxis-berlin-pankow.de/" "Mozilla/5.0 (Windows NT 6.2; WOW64) AppleWebKit/537.36 (KHTML, like Gecko) Chrome/27.0.1453.94 Safari/537.36"
178.5.212.147 - - [07/Jun/2013:13:50:22 +0200] "GET /flashopen.js HTTP/1.1" 200 604 "http://www.zahnarztpraxis-berlin-pankow.de/" "Mozilla/5.0 (Windows NT 6.2; WOW64) AppleWebKit/537.36 (KHTML, like Gecko) Chrome/27.0.1453.94 Safari/537.36"
178.5.212.147 - - [07/Jun/2013:13:50:22 +0200] "GET /favicon.ico HTTP/1.1" 200 2550 "-" "Mozilla/5.0 (Windows NT 6.2; WOW64) AppleWebKit/537.36 (KHTML, like Gecko) Chrome/27.0.1453.94 Safari/537.36"
178.5.212.147 - - [07/Jun/2013:13:50:24 +0200] "GET /hattke.swf HTTP/1.1" 200 12042 "http://www.zahnarztpraxis-berlin-pankow.de/" "Mozilla/5.0 (Windows NT 6.2; WOW64) AppleWebKit/537.36 (KHTML, like Gecko) Chrome/27.0.1453.94 Safari/537.36"
178.5.212.147 - - [07/Jun/2013:13:50:25 +0200] "GET /diashow.swf HTTP/1.1" 200 23825 "http://www.zahnarztpraxis-berlin-pankow.de/" "Mozilla/5.0 (Windows NT 6.2; WOW64) AppleWebKit/537.36 (KHTML, like Gecko) Chrome/27.0.1453.94 Safari/537.36"
91.192.15.77 - - [07/Jun/2013:14:44:12 +0200] "GET / HTTP/1.1" 200 12977 "http://www.kzv-berlin.de/fuer-patienten/zahnarztsuche.html?tx_dsckzvzahnarzt%5Baction%5D=evalStandort&tx_dsckzvzahnarzt%5Bfachgebiet%5D=aza&tx_dsckzvzahnarzt%5Badresse%5D=Kopenhagener+Str.+83-89&tx_dsckzvzahnarzt%5Bumkreis%5D=1" "Mozilla/4.0 (compatible; MSIE 8.0; Windows NT 5.1; Trident/4.0; .NET CLR 1.1.4322; .NET CLR 2.0.50727; .NET CLR 3.0.4506.2152; .NET CLR 3.5.30729; .NET4.0C; .NET4.0E)"
91.192.15.77 - - [07/Jun/2013:14:44:12 +0200] "GET /opensite.js HTTP/1.1" 200 1125 "http://www.zahnarztpraxis-berlin-pankow.de/" "Mozilla/4.0 (compatible; MSIE 8.0; Windows NT 5.1; Trident/4.0; .NET CLR 1.1.4322; .NET CLR 2.0.50727; .NET CLR 3.0.4506.2152; .NET CLR 3.5.30729; .NET4.0C; .NET4.0E)"
91.192.15.77 - - [07/Jun/2013:14:44:12 +0200] "GET /flashopen.js HTTP/1.1" 200 604 "http://www.zahnarztpraxis-berlin-pankow.de/" "Mozilla/4.0 (compatible; MSIE 8.0; Windows NT 5.1; Trident/4.0; .NET CLR 1.1.4322; .NET CLR 2.0.50727; .NET CLR 3.0.4506.2152; .NET CLR 3.5.30729; .NET4.0C; .NET4.0E)"
91.192.15.77 - - [07/Jun/2013:14:44:12 +0200] "GET /hattke.swf HTTP/1.1" 200 12042 "http://www.zahnarztpraxis-berlin-pankow.de/" "Mozilla/4.0 (compatible; MSIE 8.0; Windows NT 5.1; Trident/4.0; .NET CLR 1.1.4322; .NET CLR 2.0.50727; .NET CLR 3.0.4506.2152; .NET CLR 3.5.30729; .NET4.0C; .NET4.0E)"
91.192.15.77 - - [07/Jun/2013:14:44:12 +0200] "GET /favicon.ico HTTP/1.1" 200 2550 "-" "Mozilla/4.0 (compatible; MSIE 8.0; Windows NT 5.1; Trident/4.0; .NET CLR 1.1.4322; .NET CLR 2.0.50727; .NET CLR 3.0.4506.2152; .NET CLR 3.5.30729; .NET4.0C; .NET4.0E)"
91.192.15.77 - - [07/Jun/2013:14:44:13 +0200] "GET /diashow.swf HTTP/1.1" 200 23825 "http://www.zahnarztpraxis-berlin-pankow.de/hattke.swf" "Mozilla/4.0 (compatible; MSIE 8.0; Windows NT 5.1; Trident/4.0; .NET CLR 1.1.4322; .NET CLR 2.0.50727; .NET CLR 3.0.4506.2152; .NET CLR 3.5.30729; .NET4.0C; .NET4.0E)"
188.165.195.156 - - [07/Jun/2013:17:30:10 +0200] "HEAD / HTTP/1.1" 200 - "-" "Mozilla/4.0 (compatible; MSIE 5.01; Windows NT 5.0)"
66.249.78.173 - - [07/Jun/2013:19:18:23 +0200] "GET /robots.txt HTTP/1.1" 200 24 "-" "Mozilla/5.0 (compatible; Googlebot/2.1; +http://www.google.com/bot.html)"
66.249.78.173 - - [07/Jun/2013:19:18:23 +0200] "GET / HTTP/1.1" 200 12977 "-" "Mozilla/5.0 (compatible; Googlebot/2.1; +http://www.google.com/bot.html)"
178.3.11.171 - - [07/Jun/2013:20:58:41 +0200] "GET / HTTP/1.1" 200 12977 "http://www.google.de/url?sa=t&rct=j&q=zahnarztpraxis&source=web&cd=74&ved=0CDsQFjADOEY&url=http%3A%2F%2Fwww.zahnarztpraxis-berlin-pankow.de%2F&ei=DC2yUbaGGtGf7AbJxYHQAg&usg=AFQjCNGhU0LSIXKAU9N4d8DNsS8g6WKbiA" "Mozilla/5.0 (Windows NT 5.1; rv:21.0) Gecko/20100101 Firefox/21.0"
178.3.11.171 - - [07/Jun/2013:20:58:41 +0200] "GET /opensite.js HTTP/1.1" 200 1125 "http://www.zahnarztpraxis-berlin-pankow.de/" "Mozilla/5.0 (Windows NT 5.1; rv:21.0) Gecko/20100101 Firefox/21.0"
178.3.11.171 - - [07/Jun/2013:20:58:41 +0200] "GET /favicon.ico HTTP/1.1" 200 2550 "-" "Mozilla/5.0 (Windows NT 5.1; rv:21.0) Gecko/20100101 Firefox/21.0"
178.3.11.171 - - [07/Jun/2013:20:58:41 +0200] "GET /flashopen.js HTTP/1.1" 200 604 "http://www.zahnarztpraxis-berlin-pankow.de/" "Mozilla/5.0 (Windows NT 5.1; rv:21.0) Gecko/20100101 Firefox/21.0"
178.3.11.171 - - [07/Jun/2013:20:58:41 +0200] "GET /hattke.swf HTTP/1.1" 200 12042 "http://www.zahnarztpraxis-berlin-pankow.de/" "Mozilla/5.0 (Windows NT 5.1; rv:21.0) Gecko/20100101 Firefox/21.0"
178.3.11.171 - - [07/Jun/2013:20:58:41 +0200] "GET /diashow.swf HTTP/1.1" 200 23825 "http://www.zahnarztpraxis-berlin-pankow.de/hattke.swf" "Mozilla/5.0 (Windows NT 5.1; rv:21.0) Gecko/20100101 Firefox/21.0"
141.8.147.12 - - [07/Jun/2013:21:03:09 +0200] "GET /robots.txt HTTP/1.1" 200 24 "-" "Mozilla/5.0 (compatible; YandexBot/3.0; +http://yandex.com/bots)"
194.153.113.7 - - [07/Jun/2013:22:40:25 +0200] "GET / HTTP/1.1" 200 12977 "-" "Mozilla/5.0 (compatible; oBot/2.3.1; +http://filterdb.iss.net/crawler/)"
141.8.147.12 - - [08/Jun/2013:00:59:00 +0200] "GET / HTTP/1.1" 200 12977 "-" "Mozilla/5.0 (compatible; YandexBot/3.0; +http://yandex.com/bots)"
66.249.78.173 - - [08/Jun/2013:03:12:47 +0200] "GET /flashopen.js HTTP/1.1" 200 604 "-" "Mozilla/5.0 (compatible; Googlebot/2.1; +http://www.google.com/bot.html)"
66.249.78.173 - - [08/Jun/2013:03:12:48 +0200] "GET /opensite.js HTTP/1.1" 200 1125 "-" "Mozilla/5.0 (compatible; Googlebot/2.1; +http://www.google.com/bot.html)"
54.224.219.243 - - [08/Jun/2013:03:58:35 +0200] "GET / HTTP/1.0" 200 12977 "-" "Mozilla/5.0 (compatible; NetcraftSurveyAgent/1.0; +info@netcraft.com)"
74.95.0.186 - - [08/Jun/2013:13:02:29 +0200] "GET /robots.txt HTTP/1.0" 200 24 "-" "nrsbot/6"
74.95.0.186 - - [08/Jun/2013:13:02:29 +0200] "GET / HTTP/1.0" 200 12977 "-" "nrsbot/6"
74.95.0.186 - - [08/Jun/2013:13:05:15 +0200] "GET /teledienst.html HTTP/1.0" 200 4588 "-" "nrsbot/6"
83.133.125.202 - - [08/Jun/2013:13:07:14 +0200] "GET / HTTP/1.1" 200 12977 "http://www.sumaja.de/?such_wert=berlin" "T-Online Browser"
5.9.7.208 - - [08/Jun/2013:15:39:57 +0200] "GET /robots.txt HTTP/1.0" 200 24 "-" "Mozilla/5.0 (compatible; MJ12bot/v1.4.3; http://www.majestic12.co.uk/bot.php?+)"
5.9.7.208 - - [08/Jun/2013:15:40:03 +0200] "GET / HTTP/1.0" 200 12977 "-" "Mozilla/5.0 (compatible; MJ12bot/v1.4.3; http://www.majestic12.co.uk/bot.php?+)"
217.245.101.7 - - [08/Jun/2013:15:47:56 +0200] "GET / HTTP/1.1" 200 12977 "-" "Mozilla/4.0 (compatible; MSIE 6.0; Windows NT 5.1; .NET CLR 1.1.4322)"
79.14.84.20 - - [08/Jun/2013:17:15:40 +0200] "GET / HTTP/1.1" 200 12977 "-" "Mozilla/5.0 (compatible; MSIE 9.0; Windows NT 6.1; Trident/5.0)"
208.77.221.210 - - [08/Jun/2013:17:20:15 +0200] "GET / HTTP/1.0" 200 12977 "-" "CatchBot/5.0; +http://www.catchbot.com"
178.255.215.65 - - [08/Jun/2013:19:49:57 +0200] "GET /robots.txt HTTP/1.1" 200 24 "-" "Mozilla/5.0 (compatible; Exabot/3.0; +http://www.exabot.com/go/robot)"
178.255.215.65 - - [08/Jun/2013:19:49:57 +0200] "GET / HTTP/1.1" 304 - "-" "Mozilla/5.0 (compatible; Exabot/3.0; +http://www.exabot.com/go/robot)"
66.249.78.173 - - [08/Jun/2013:23:11:19 +0200] "GET /robots.txt HTTP/1.1" 200 24 "-" "Mozilla/5.0 (compatible; Googlebot/2.1; +http://www.google.com/bot.html)"
66.249.78.173 - - [08/Jun/2013:23:11:20 +0200] "GET /hattke.swf HTTP/1.1" 200 12042 "-" "Mozilla/5.0 (iPhone; U; CPU iPhone OS 4_1 like Mac OS X; en-us) AppleWebKit/532.9 (KHTML, like Gecko) Version/4.0.5 Mobile/8B117 Safari/6531.22.7 (compatible; Googlebot-Mobile/2.1; +http://www.google.com/bot.html)"
216.145.14.142 - - [08/Jun/2013:23:33:39 +0200] "GET /robots.txt HTTP/1.0" 200 24 "-" "Mozilla/5.0 (Windows; U; Windows NT 5.1; en; rv:1.9.0.13) Gecko/2009073022 Firefox/3.5.2 (.NET CLR 3.5.30729) SurveyBot/2.3 (DomainTools)"
216.145.14.142 - - [08/Jun/2013:23:33:39 +0200] "GET / HTTP/1.1" 200 12977 "http://whois.domaintools.com/zahnarztpraxis-berlin-pankow.de" "Mozilla/5.0 (Windows; U; Windows NT 5.1; en; rv:1.9.0.13) Gecko/2009073022 Firefox/3.5.2 (.NET CLR 3.5.30729) SurveyBot/2.3 (DomainTools)"
85.25.120.73 - - [09/Jun/2013:08:40:11 +0200] "GET / HTTP/1.1" 200 12977 "-" "Mozilla/5.0 (X11; U; Linux i686; en-US; rv:1.9.0.1) Gecko/2008070206 Firefox/3.0.1"
85.25.120.73 - - [09/Jun/2013:08:40:11 +0200] "GET /teledienst.html HTTP/1.1" 200 4588 "-" "Mozilla/5.0 (X11; U; Linux i686; en-US; rv:1.9.0.1) Gecko/2008070206 Firefox/3.0.1"
207.172.191.39 - - [09/Jun/2013:10:55:12 +0200] "HEAD / HTTP/1.1" 200 - "-" "Mozilla/5.0 (compatible; pmoz.info ODP link checker; +http://pmoz.info/doc/botinfo.htm)"
66.249.73.9 - - [09/Jun/2013:14:42:50 +0200] "GET /robots.txt HTTP/1.1" 200 24 "-" "Mozilla/5.0 (compatible; Googlebot/2.1; +http://www.google.com/bot.html)"
66.249.73.9 - - [09/Jun/2013:14:42:50 +0200] "GET /plan.swf HTTP/1.1" 200 27838 "-" "Mozilla/5.0 (compatible; Googlebot/2.1; +http://www.google.com/bot.html)"
208.115.111.74 - - [09/Jun/2013:19:25:30 +0200] "GET /robots.txt HTTP/1.1" 200 24 "-" "Mozilla/5.0 (compatible; Ezooms/1.0; ezooms.bot@gmail.com)"
208.115.111.74 - - [09/Jun/2013:19:54:53 +0200] "GET / HTTP/1.1" 200 12977 "-" "Mozilla/5.0 (compatible; Ezooms/1.0; ezooms.bot@gmail.com)"
91.37.131.158 - - [09/Jun/2013:20:42:29 +0200] "GET / HTTP/1.1" 200 12977 "-" "Mozilla/5.0 (Linux; Android 4.2.2; de-de; SAMSUNG GT-I9505/I9505XXUAMDC Build/JDQ39) AppleWebKit/535.19 (KHTML, like Gecko) Version/1.0 Chrome/18.0.1025.308 Mobile Safari/535.19"
91.37.131.158 - - [09/Jun/2013:20:42:29 +0200] "GET /opensite.js HTTP/1.1" 200 1125 "http://www.zahnarztpraxis-berlin-pankow.de/" "Mozilla/5.0 (Linux; Android 4.2.2; de-de; SAMSUNG GT-I9505/I9505XXUAMDC Build/JDQ39) AppleWebKit/535.19 (KHTML, like Gecko) Version/1.0 Chrome/18.0.1025.308 Mobile Safari/535.19"
91.37.131.158 - - [09/Jun/2013:20:42:29 +0200] "GET /flashopen.js HTTP/1.1" 200 604 "http://www.zahnarztpraxis-berlin-pankow.de/" "Mozilla/5.0 (Linux; Android 4.2.2; de-de; SAMSUNG GT-I9505/I9505XXUAMDC Build/JDQ39) AppleWebKit/535.19 (KHTML, like Gecko) Version/1.0 Chrome/18.0.1025.308 Mobile Safari/535.19"
91.37.131.158 - - [09/Jun/2013:20:42:30 +0200] "GET /favicon.ico HTTP/1.1" 200 2550 "-" "Mozilla/5.0 (Linux; Android 4.2.2; de-de; SAMSUNG GT-I9505/I9505XXUAMDC Build/JDQ39) AppleWebKit/535.19 (KHTML, like Gecko) Version/1.0 Chrome/18.0.1025.308 Mobile Safari/535.19"
91.37.131.158 - - [09/Jun/2013:20:42:30 +0200] "GET /apple-touch-icon-precomposed.png HTTP/1.1" 404 1256 "-" "Mozilla/5.0 (Linux; Android 4.2.2; de-de; SAMSUNG GT-I9505/I9505XXUAMDC Build/JDQ39) AppleWebKit/535.19 (KHTML, like Gecko) Version/1.0 Chrome/18.0.1025.308 Mobile Safari/535.19"
91.37.131.158 - - [09/Jun/2013:20:42:30 +0200] "GET /apple-touch-icon.png HTTP/1.1" 404 1256 "-" "Mozilla/5.0 (Linux; Android 4.2.2; de-de; SAMSUNG GT-I9505/I9505XXUAMDC Build/JDQ39) AppleWebKit/535.19 (KHTML, like Gecko) Version/1.0 Chrome/18.0.1025.308 Mobile Safari/535.19"
91.37.131.158 - - [09/Jun/2013:20:43:01 +0200] "GET /apple-touch-icon-precomposed.png HTTP/1.1" 404 1256 "-" "Mozilla/5.0 (Linux; Android 4.2.2; de-de; SAMSUNG GT-I9505/I9505XXUAMDC Build/JDQ39) AppleWebKit/535.19 (KHTML, like Gecko) Version/1.0 Chrome/18.0.1025.308 Mobile Safari/535.19"
91.37.131.158 - - [09/Jun/2013:20:43:01 +0200] "GET /apple-touch-icon.png HTTP/1.1" 404 1256 "-" "Mozilla/5.0 (Linux; Android 4.2.2; de-de; SAMSUNG GT-I9505/I9505XXUAMDC Build/JDQ39) AppleWebKit/535.19 (KHTML, like Gecko) Version/1.0 Chrome/18.0.1025.308 Mobile Safari/535.19"
91.37.131.158 - - [09/Jun/2013:20:43:27 +0200] "GET /apple-touch-icon-precomposed.png HTTP/1.1" 404 1256 "-" "Mozilla/5.0 (Linux; Android 4.2.2; de-de; SAMSUNG GT-I9505/I9505XXUAMDC Build/JDQ39) AppleWebKit/535.19 (KHTML, like Gecko) Version/1.0 Chrome/18.0.1025.308 Mobile Safari/535.19"
91.37.131.158 - - [09/Jun/2013:20:43:27 +0200] "GET /apple-touch-icon.png HTTP/1.1" 404 1256 "-" "Mozilla/5.0 (Linux; Android 4.2.2; de-de; SAMSUNG GT-I9505/I9505XXUAMDC Build/JDQ39) AppleWebKit/535.19 (KHTML, like Gecko) Version/1.0 Chrome/18.0.1025.308 Mobile Safari/535.19"
91.37.131.158 - - [09/Jun/2013:20:44:23 +0200] "GET /apple-touch-icon-precomposed.png HTTP/1.1" 404 1256 "-" "Mozilla/5.0 (Linux; Android 4.2.2; de-de; SAMSUNG GT-I9505/I9505XXUAMDC Build/JDQ39) AppleWebKit/535.19 (KHTML, like Gecko) Version/1.0 Chrome/18.0.1025.308 Mobile Safari/535.19"
91.37.131.158 - - [09/Jun/2013:20:44:23 +0200] "GET /apple-touch-icon.png HTTP/1.1" 404 1256 "-" "Mozilla/5.0 (Linux; Android 4.2.2; de-de; SAMSUNG GT-I9505/I9505XXUAMDC Build/JDQ39) AppleWebKit/535.19 (KHTML, like Gecko) Version/1.0 Chrome/18.0.1025.308 Mobile Safari/535.19"
91.37.131.158 - - [09/Jun/2013:20:46:30 +0200] "GET /apple-touch-icon-precomposed.png HTTP/1.1" 404 1256 "-" "Mozilla/5.0 (Linux; Android 4.2.2; de-de; SAMSUNG GT-I9505/I9505XXUAMDC Build/JDQ39) AppleWebKit/535.19 (KHTML, like Gecko) Version/1.0 Chrome/18.0.1025.308 Mobile Safari/535.19"
91.37.131.158 - - [09/Jun/2013:20:46:30 +0200] "GET /apple-touch-icon.png HTTP/1.1" 404 1256 "-" "Mozilla/5.0 (Linux; Android 4.2.2; de-de; SAMSUNG GT-I9505/I9505XXUAMDC Build/JDQ39) AppleWebKit/535.19 (KHTML, like Gecko) Version/1.0 Chrome/18.0.1025.308 Mobile Safari/535.19"
66.249.73.9 - - [09/Jun/2013:22:58:27 +0200] "GET / HTTP/1.1" 200 12977 "-" "Mozilla/5.0 (iPhone; U; CPU iPhone OS 4_1 like Mac OS X; en-us) AppleWebKit/532.9 (KHTML, like Gecko) Version/4.0.5 Mobile/8B117 Safari/6531.22.7 (compatible; Googlebot-Mobile/2.1; +http://www.google.com/bot.html)"
85.176.123.113 - - [09/Jun/2013:23:14:36 +0200] "HEAD /robots.txt HTTP/1.1" 206 - "-" "Toplistbot"
85.176.123.113 - - [09/Jun/2013:23:14:36 +0200] "GET /robots.txt HTTP/1.1" 206 24 "-" "Toplistbot"
85.176.123.113 - - [09/Jun/2013:23:14:36 +0200] "GET /teledienst.html HTTP/1.1" 206 4588 "-" "Toplistbot"
66.249.73.9 - - [10/Jun/2013:00:55:32 +0200] "GET / HTTP/1.1" 200 12977 "-" "Mozilla/5.0 (compatible; Googlebot/2.1; +http://www.google.com/bot.html)"
141.8.147.12 - - [10/Jun/2013:03:54:24 +0200] "GET /robots.txt HTTP/1.1" 200 24 "-" "Mozilla/5.0 (compatible; YandexBot/3.0; +http://yandex.com/bots)"
141.8.147.12 - - [10/Jun/2013:06:42:51 +0200] "GET / HTTP/1.1" 200 12977 "-" "Mozilla/5.0 (compatible; YandexBot/3.0; +http://yandex.com/bots)"
125.21.152.78 - - [10/Jun/2013:13:42:43 +0200] "GET / HTTP/1.1" 200 12977 "-" "-"
85.25.120.73 - - [10/Jun/2013:14:25:27 +0200] "GET / HTTP/1.1" 200 12977 "-" "Mozilla/5.0 (X11; U; Linux i686; en-US; rv:1.9.0.1) Gecko/2008070206 Firefox/3.0.1"
85.25.120.73 - - [10/Jun/2013:14:25:28 +0200] "GET /teledienst.html HTTP/1.1" 200 4588 "-" "Mozilla/5.0 (X11; U; Linux i686; en-US; rv:1.9.0.1) Gecko/2008070206 Firefox/3.0.1"
66.249.75.71 - - [10/Jun/2013:20:31:15 +0200] "GET /robots.txt HTTP/1.1" 200 24 "-" "Mozilla/5.0 (compatible; Googlebot/2.1; +http://www.google.com/bot.html)"
66.249.75.71 - - [10/Jun/2013:20:31:16 +0200] "GET /intro.html HTTP/1.1" 304 - "-" "Mozilla/5.0 (compatible; Googlebot/2.1; +http://www.google.com/bot.html)"
65.55.213.53 - - [10/Jun/2013:22:42:27 +0200] "GET / HTTP/1.1" 200 12977 "-" "Mozilla/4.0 (compatible; MSIE 7.0; Windows NT 5.2; SV1; .NET CLR 1.1.4322; .NET CLR 2.0.50727; .NET CLR 3.0.04506.648)"
65.55.213.53 - - [10/Jun/2013:22:42:27 +0200] "GET /opensite.js HTTP/1.1" 200 1125 "http://www.zahnarztpraxis-berlin-pankow.de/" "Mozilla/4.0 (compatible; MSIE 7.0; Windows NT 5.2; SV1; .NET CLR 1.1.4322; .NET CLR 2.0.50727; .NET CLR 3.0.04506.648)"
65.55.213.53 - - [10/Jun/2013:22:42:28 +0200] "GET /flashopen.js HTTP/1.1" 200 604 "http://www.zahnarztpraxis-berlin-pankow.de/" "Mozilla/4.0 (compatible; MSIE 7.0; Windows NT 5.2; SV1; .NET CLR 1.1.4322; .NET CLR 2.0.50727; .NET CLR 3.0.04506.648)"
65.55.213.53 - - [10/Jun/2013:22:42:28 +0200] "GET /hattke.swf HTTP/1.1" 200 12042 "http://www.zahnarztpraxis-berlin-pankow.de/" "Mozilla/4.0 (compatible; MSIE 7.0; Windows NT 5.2; SV1; .NET CLR 1.1.4322; .NET CLR 2.0.50727; .NET CLR 3.0.04506.648)"
65.55.213.53 - - [10/Jun/2013:22:42:30 +0200] "GET /diashow.swf HTTP/1.1" 200 23825 "http://www.zahnarztpraxis-berlin-pankow.de/hattke.swf" "Mozilla/4.0 (compatible; MSIE 7.0; Windows NT 5.2; SV1; .NET CLR 1.1.4322; .NET CLR 2.0.50727; .NET CLR 3.0.04506.648)"
66.249.75.71 - - [10/Jun/2013:23:39:18 +0200] "GET /index_alt.html HTTP/1.1" 200 2254 "-" "Mozilla/5.0 (compatible; Googlebot/2.1; +http://www.google.com/bot.html)"
66.249.75.71 - - [11/Jun/2013:00:07:20 +0200] "GET / HTTP/1.1" 200 12977 "-" "Mozilla/5.0 (iPhone; U; CPU iPhone OS 4_1 like Mac OS X; en-us) AppleWebKit/532.9 (KHTML, like Gecko) Version/4.0.5 Mobile/8B117 Safari/6531.22.7 (compatible; Googlebot-Mobile/2.1; +http://www.google.com/bot.html)"
66.249.75.71 - - [11/Jun/2013:02:31:43 +0200] "GET /hattke.swf HTTP/1.1" 200 12042 "-" "Mozilla/5.0 (iPhone; U; CPU iPhone OS 4_1 like Mac OS X; en-us) AppleWebKit/532.9 (KHTML, like Gecko) Version/4.0.5 Mobile/8B117 Safari/6531.22.7 (compatible; Googlebot-Mobile/2.1; +http://www.google.com/bot.html)"
84.95.88.100 - - [11/Jun/2013:03:54:59 +0200] "GET / HTTP/1.0" 200 12977 "-" "TweetDeck 1.0.7.4 (ADR6350; us; Android 2.3.4)"
157.55.36.52 - - [11/Jun/2013:05:18:55 +0200] "GET /robots.txt HTTP/1.1" 200 24 "-" "Mozilla/5.0 (compatible; bingbot/2.0; +http://www.bing.com/bingbot.htm)"
157.55.36.52 - - [11/Jun/2013:05:24:44 +0200] "GET / HTTP/1.1" 200 12977 "-" "Mozilla/5.0 (compatible; bingbot/2.0; +http://www.bing.com/bingbot.htm)"
80.86.80.210 - - [11/Jun/2013:10:42:53 +0200] "GET / HTTP/1.1" 200 12977 "-" "-"
89.247.16.135 - - [11/Jun/2013:11:45:48 +0200] "GET /intro.html HTTP/1.1" 200 5170 "http://www.google.de/url?sa=t&rct=j&q=&esrc=s&source=web&cd=1&ved=0CEwQFjAA&url=http%3A%2F%2Fwww.zahnarztpraxis-berlin-pankow.de%2Fintro.html&ei=wvG2UbfqJcrWsgbblYC4Cg&usg=AFQjCNFyIP-APaGkBUHn0zTmoUtkP72mRA&bvm=bv.47534661,d.Yms" "Mozilla/5.0 (Windows NT 5.1; rv:21.0) Gecko/20100101 Firefox/21.0"
89.247.16.135 - - [11/Jun/2013:11:45:48 +0200] "GET /opensite.js HTTP/1.1" 200 1125 "http://www.zahnarztpraxis-berlin-pankow.de/intro.html" "Mozilla/5.0 (Windows NT 5.1; rv:21.0) Gecko/20100101 Firefox/21.0"
89.247.16.135 - - [11/Jun/2013:11:45:48 +0200] "GET /hattke.swf HTTP/1.1" 200 12042 "http://www.zahnarztpraxis-berlin-pankow.de/intro.html" "Mozilla/5.0 (Windows NT 5.1; rv:21.0) Gecko/20100101 Firefox/21.0"
89.247.16.135 - - [11/Jun/2013:11:45:48 +0200] "GET /favicon.ico HTTP/1.1" 200 2550 "-" "Mozilla/5.0 (Windows NT 5.1; rv:21.0) Gecko/20100101 Firefox/21.0"
89.247.16.135 - - [11/Jun/2013:11:45:49 +0200] "GET /diashow.swf HTTP/1.1" 200 23825 "http://www.zahnarztpraxis-berlin-pankow.de/hattke.swf" "Mozilla/5.0 (Windows NT 5.1; rv:21.0) Gecko/20100101 Firefox/21.0"
79.194.42.32 - - [11/Jun/2013:12:42:31 +0200] "GET / HTTP/1.1" 200 12977 "http://www.arzt-auskunft.de/arzt/Berlin/Zahnaerztin/Heine/3883085" "Mozilla/5.0 (Windows NT 5.1; rv:21.0) Gecko/20100101 Firefox/21.0"
79.194.42.32 - - [11/Jun/2013:12:42:31 +0200] "GET /opensite.js HTTP/1.1" 200 1125 "http://www.zahnarztpraxis-berlin-pankow.de/" "Mozilla/5.0 (Windows NT 5.1; rv:21.0) Gecko/20100101 Firefox/21.0"
79.194.42.32 - - [11/Jun/2013:12:42:31 +0200] "GET /flashopen.js HTTP/1.1" 200 604 "http://www.zahnarztpraxis-berlin-pankow.de/" "Mozilla/5.0 (Windows NT 5.1; rv:21.0) Gecko/20100101 Firefox/21.0"
79.194.42.32 - - [11/Jun/2013:12:42:32 +0200] "GET /favicon.ico HTTP/1.1" 200 2550 "-" "Mozilla/5.0 (Windows NT 5.1; rv:21.0) Gecko/20100101 Firefox/21.0"
79.194.42.32 - - [11/Jun/2013:12:42:32 +0200] "GET /hattke.swf HTTP/1.1" 200 12042 "http://www.zahnarztpraxis-berlin-pankow.de/" "Mozilla/5.0 (Windows NT 5.1; rv:21.0) Gecko/20100101 Firefox/21.0"
79.194.42.32 - - [11/Jun/2013:12:42:32 +0200] "GET /diashow.swf HTTP/1.1" 200 23825 "http://www.zahnarztpraxis-berlin-pankow.de/hattke.swf" "Mozilla/5.0 (Windows NT 5.1; rv:21.0) Gecko/20100101 Firefox/21.0"
66.249.75.71 - - [11/Jun/2013:13:47:12 +0200] "GET /robots.txt HTTP/1.1" 200 24 "-" "Mozilla/5.0 (compatible; Googlebot/2.1; +http://www.google.com/bot.html)"
66.249.75.71 - - [11/Jun/2013:13:47:12 +0200] "GET /plan.swf HTTP/1.1" 200 27838 "-" "Mozilla/5.0 (compatible; Googlebot/2.1; +http://www.google.com/bot.html)"
192.108.72.125 - - [11/Jun/2013:15:24:59 +0200] "GET / HTTP/1.1" 200 12977 "-" "Mozilla/5.0 (Windows NT 5.1) AppleWebKit/537.17 (KHTML, like Gecko) Chrome/24.0.1312.57 Safari/537.17"
192.108.72.125 - - [11/Jun/2013:15:24:59 +0200] "GET /opensite.js HTTP/1.1" 200 1125 "http://www.zahnarztpraxis-berlin-pankow.de/" "Mozilla/5.0 (Windows NT 5.1) AppleWebKit/537.17 (KHTML, like Gecko) Chrome/24.0.1312.57 Safari/537.17"
192.108.72.125 - - [11/Jun/2013:15:24:59 +0200] "GET /flashopen.js HTTP/1.1" 200 604 "http://www.zahnarztpraxis-berlin-pankow.de/" "Mozilla/5.0 (Windows NT 5.1) AppleWebKit/537.17 (KHTML, like Gecko) Chrome/24.0.1312.57 Safari/537.17"
192.108.72.125 - - [11/Jun/2013:15:24:59 +0200] "GET /favicon.ico HTTP/1.1" 200 2550 "-" "Mozilla/5.0 (Windows NT 5.1) AppleWebKit/537.17 (KHTML, like Gecko) Chrome/24.0.1312.57 Safari/537.17"
192.108.72.125 - - [11/Jun/2013:15:25:22 +0200] "GET /hattke.swf HTTP/1.1" 200 12042 "http://www.zahnarztpraxis-berlin-pankow.de/" "Mozilla/5.0 (Windows NT 5.1) AppleWebKit/537.17 (KHTML, like Gecko) Chrome/24.0.1312.57 Safari/537.17"
192.108.72.125 - - [11/Jun/2013:15:25:22 +0200] "GET /diashow.swf HTTP/1.1" 200 23825 "http://www.zahnarztpraxis-berlin-pankow.de/" "Mozilla/5.0 (Windows NT 5.1) AppleWebKit/537.17 (KHTML, like Gecko) Chrome/24.0.1312.57 Safari/537.17"
173.199.114.115 - - [11/Jun/2013:17:07:30 +0200] "GET /teledienst.html HTTP/1.1" 200 4588 "-" "Mozilla/5.0 (compatible; AhrefsBot/4.0; +http://ahrefs.com/robot/)"
46.229.164.97 - - [11/Jun/2013:17:42:25 +0200] "GET /robots.txt HTTP/1.1" 200 24 "-" "Mozilla/5.0 (compatible; SemrushBot/0.96.2; +http://www.semrush.com/bot.html)"
178.255.215.65 - - [11/Jun/2013:18:24:52 +0200] "GET /robots.txt HTTP/1.1" 200 24 "-" "Mozilla/5.0 (compatible; Exabot/3.0; +http://www.exabot.com/go/robot)"
178.255.215.65 - - [11/Jun/2013:18:24:53 +0200] "GET / HTTP/1.1" 304 - "-" "Mozilla/5.0 (compatible; Exabot/3.0; +http://www.exabot.com/go/robot)"
79.194.21.202 - - [11/Jun/2013:18:38:40 +0200] "GET / HTTP/1.1" 200 12977 "-" "Mozilla/5.0 (Windows NT 6.1; WOW64; rv:21.0) Gecko/20100101 Firefox/21.0"
79.194.21.202 - - [11/Jun/2013:18:38:40 +0200] "GET /opensite.js HTTP/1.1" 200 1125 "http://www.zahnarztpraxis-berlin-pankow.de/" "Mozilla/5.0 (Windows NT 6.1; WOW64; rv:21.0) Gecko/20100101 Firefox/21.0"
79.194.21.202 - - [11/Jun/2013:18:38:40 +0200] "GET /favicon.ico HTTP/1.1" 200 2550 "-" "Mozilla/5.0 (Windows NT 6.1; WOW64; rv:21.0) Gecko/20100101 Firefox/21.0"
79.194.21.202 - - [11/Jun/2013:18:38:40 +0200] "GET /flashopen.js HTTP/1.1" 200 604 "http://www.zahnarztpraxis-berlin-pankow.de/" "Mozilla/5.0 (Windows NT 6.1; WOW64; rv:21.0) Gecko/20100101 Firefox/21.0"
79.194.21.202 - - [11/Jun/2013:18:38:40 +0200] "GET /hattke.swf HTTP/1.1" 200 12042 "http://www.zahnarztpraxis-berlin-pankow.de/" "Mozilla/5.0 (Windows NT 6.1; WOW64; rv:21.0) Gecko/20100101 Firefox/21.0"
79.194.21.202 - - [11/Jun/2013:18:38:41 +0200] "GET /diashow.swf HTTP/1.1" 200 23825 "http://www.zahnarztpraxis-berlin-pankow.de/hattke.swf" "Mozilla/5.0 (Windows NT 6.1; WOW64; rv:21.0) Gecko/20100101 Firefox/21.0"
89.247.199.4 - - [11/Jun/2013:19:33:01 +0200] "GET / HTTP/1.1" 200 12977 "http://www.branchen-info.net/firma_im_web-2171655.html" "Mozilla/5.0 (Windows NT 5.1) AppleWebKit/537.36 (KHTML, like Gecko) Chrome/27.0.1453.110 Safari/537.36"
89.247.199.4 - - [11/Jun/2013:19:33:02 +0200] "GET /opensite.js HTTP/1.1" 200 1125 "http://www.zahnarztpraxis-berlin-pankow.de/" "Mozilla/5.0 (Windows NT 5.1) AppleWebKit/537.36 (KHTML, like Gecko) Chrome/27.0.1453.110 Safari/537.36"
89.247.199.4 - - [11/Jun/2013:19:33:02 +0200] "GET /flashopen.js HTTP/1.1" 200 604 "http://www.zahnarztpraxis-berlin-pankow.de/" "Mozilla/5.0 (Windows NT 5.1) AppleWebKit/537.36 (KHTML, like Gecko) Chrome/27.0.1453.110 Safari/537.36"
89.247.199.4 - - [11/Jun/2013:19:33:02 +0200] "GET /hattke.swf HTTP/1.1" 200 12042 "http://www.zahnarztpraxis-berlin-pankow.de/" "Mozilla/5.0 (Windows NT 5.1) AppleWebKit/537.36 (KHTML, like Gecko) Chrome/27.0.1453.110 Safari/537.36"
89.247.199.4 - - [11/Jun/2013:19:33:03 +0200] "GET /diashow.swf HTTP/1.1" 200 23825 "http://www.zahnarztpraxis-berlin-pankow.de/" "Mozilla/5.0 (Windows NT 5.1) AppleWebKit/537.36 (KHTML, like Gecko) Chrome/27.0.1453.110 Safari/537.36"
66.249.75.71 - - [12/Jun/2013:00:14:05 +0200] "GET /robots.txt HTTP/1.1" 200 24 "-" "Mozilla/5.0 (compatible; Googlebot/2.1; +http://www.google.com/bot.html)"
66.249.75.71 - - [12/Jun/2013:00:14:05 +0200] "GET / HTTP/1.1" 200 12977 "-" "DoCoMo/2.0 N905i(c100;TB;W24H16) (compatible; Googlebot-Mobile/2.1; +http://www.google.com/bot.html)"
89.247.98.246 - - [12/Jun/2013:09:31:23 +0200] "GET / HTTP/1.1" 200 12977 "-" "Mozilla/5.0 (Windows NT 5.1; rv:21.0) Gecko/20100101 Firefox/21.0"
89.247.98.246 - - [12/Jun/2013:09:31:23 +0200] "GET /flashopen.js HTTP/1.1" 200 604 "http://www.zahnarztpraxis-berlin-pankow.de/" "Mozilla/5.0 (Windows NT 5.1; rv:21.0) Gecko/20100101 Firefox/21.0"
66.249.75.71 - - [12/Jun/2013:11:41:02 +0200] "GET /robots.txt HTTP/1.1" 200 24 "-" "Mozilla/5.0 (compatible; Googlebot/2.1; +http://www.google.com/bot.html)"
66.249.75.71 - - [12/Jun/2013:11:41:02 +0200] "GET / HTTP/1.1" 200 12977 "-" "Mozilla/5.0 (iPhone; U; CPU iPhone OS 4_1 like Mac OS X; en-us) AppleWebKit/532.9 (KHTML, like Gecko) Version/4.0.5 Mobile/8B117 Safari/6531.22.7 (compatible; Googlebot-Mobile/2.1; +http://www.google.com/bot.html)"
141.8.147.12 - - [12/Jun/2013:12:53:09 +0200] "GET /robots.txt HTTP/1.1" 200 24 "-" "Mozilla/5.0 (compatible; YandexBot/3.0; +http://yandex.com/bots)"
77.77.208.162 - - [12/Jun/2013:12:55:56 +0200] "GET / HTTP/1.1" 200 12977 "http://www.gelbeseiten.de/0309163759-/sydower-fliess" "Mozilla/5.0 (Windows NT 5.1) AppleWebKit/537.36 (KHTML, like Gecko) Chrome/27.0.1453.110 Safari/537.36"
77.77.208.162 - - [12/Jun/2013:12:55:56 +0200] "GET /opensite.js HTTP/1.1" 200 1125 "http://www.zahnarztpraxis-berlin-pankow.de/" "Mozilla/5.0 (Windows NT 5.1) AppleWebKit/537.36 (KHTML, like Gecko) Chrome/27.0.1453.110 Safari/537.36"
77.77.208.162 - - [12/Jun/2013:12:55:56 +0200] "GET /flashopen.js HTTP/1.1" 200 604 "http://www.zahnarztpraxis-berlin-pankow.de/" "Mozilla/5.0 (Windows NT 5.1) AppleWebKit/537.36 (KHTML, like Gecko) Chrome/27.0.1453.110 Safari/537.36"
77.77.208.162 - - [12/Jun/2013:12:55:57 +0200] "GET /hattke.swf HTTP/1.1" 200 12042 "http://www.zahnarztpraxis-berlin-pankow.de/" "Mozilla/5.0 (Windows NT 5.1) AppleWebKit/537.36 (KHTML, like Gecko) Chrome/27.0.1453.110 Safari/537.36"
77.77.208.162 - - [12/Jun/2013:12:55:57 +0200] "GET /favicon.ico HTTP/1.1" 200 2550 "-" "Mozilla/5.0 (Windows NT 5.1) AppleWebKit/537.36 (KHTML, like Gecko) Chrome/27.0.1453.110 Safari/537.36"
77.77.208.162 - - [12/Jun/2013:12:55:57 +0200] "GET /diashow.swf HTTP/1.1" 200 23825 "http://www.zahnarztpraxis-berlin-pankow.de/" "Mozilla/5.0 (Windows NT 5.1) AppleWebKit/537.36 (KHTML, like Gecko) Chrome/27.0.1453.110 Safari/537.36"
89.204.138.214 - - [12/Jun/2013:13:26:29 +0200] "GET / HTTP/1.1" 200 12977 "-" "Mozilla/5.0 (Linux; U; Android 4.1.2; de-de; SAMSUNG GT-I8190/I8190XXAMB3 Build/JZO54K) AppleWebKit/534.30 (KHTML, like Gecko) Version/4.0 Mobile Safari/534.30"
89.204.138.214 - - [12/Jun/2013:13:26:33 +0200] "GET /opensite.js HTTP/1.1" 200 1125 "http://www.zahnarztpraxis-berlin-pankow.de/" "Mozilla/5.0 (Linux; U; Android 4.1.2; de-de; SAMSUNG GT-I8190/I8190XXAMB3 Build/JZO54K) AppleWebKit/534.30 (KHTML, like Gecko) Version/4.0 Mobile Safari/534.30"
89.204.138.214 - - [12/Jun/2013:13:26:34 +0200] "GET /flashopen.js HTTP/1.1" 200 604 "http://www.zahnarztpraxis-berlin-pankow.de/" "Mozilla/5.0 (Linux; U; Android 4.1.2; de-de; SAMSUNG GT-I8190/I8190XXAMB3 Build/JZO54K) AppleWebKit/534.30 (KHTML, like Gecko) Version/4.0 Mobile Safari/534.30"
89.204.138.214 - - [12/Jun/2013:13:26:38 +0200] "GET /favicon.ico HTTP/1.1" 200 2550 "http://www.zahnarztpraxis-berlin-pankow.de/" "Mozilla/5.0 (Linux; U; Android 4.1.2; de-de; SAMSUNG GT-I8190/I8190XXAMB3 Build/JZO54K) AppleWebKit/534.30 (KHTML, like Gecko) Version/4.0 Mobile Safari/534.30"
66.249.75.71 - - [12/Jun/2013:13:27:02 +0200] "GET / HTTP/1.1" 200 12977 "-" "Mozilla/5.0 (compatible; Googlebot/2.1; +http://www.google.com/bot.html)"
89.204.138.214 - - [12/Jun/2013:13:27:41 +0200] "GET / HTTP/1.1" 304 - "-" "Mozilla/5.0 (Linux; U; Android 4.1.2; de-de; SAMSUNG GT-I8190/I8190XXAMB3 Build/JZO54K) AppleWebKit/534.30 (KHTML, like Gecko) Version/4.0 Mobile Safari/534.30"
66.249.75.71 - - [12/Jun/2013:14:16:53 +0200] "GET /intro.html HTTP/1.1" 304 - "-" "Mozilla/5.0 (iPhone; U; CPU iPhone OS 4_1 like Mac OS X; en-us) AppleWebKit/532.9 (KHTML, like Gecko) Version/4.0.5 Mobile/8B117 Safari/6531.22.7 (compatible; Googlebot-Mobile/2.1; +http://www.google.com/bot.html)"
134.76.124.179 - - [12/Jun/2013:14:34:58 +0200] "GET / HTTP/1.0" 200 12977 "http://www.google.de/search?hl=de&source=hp&q=hattke+zahnarzt+berlin&gbv=2&oq=hattke+zahn&gs_l=heirloom-hp.1.0.0j0i30j0i5i30j0i8i30l2.2875.5547.0.7047.13.12.0.0.0.0.422.1828.0j2j2j2j1.7.0...0.0...1ac.1.15.heirloom-hp.5eCkZpAbrF0" "Mozilla/4.0 (compatible; MSIE 7.0; Windows NT 5.1; InfoPath.2)"
134.76.124.179 - - [12/Jun/2013:14:34:58 +0200] "GET /opensite.js HTTP/1.0" 200 1125 "http://www.zahnarztpraxis-berlin-pankow.de/" "Mozilla/4.0 (compatible; MSIE 7.0; Windows NT 5.1; InfoPath.2)"
134.76.124.179 - - [12/Jun/2013:14:34:59 +0200] "GET /flashopen.js HTTP/1.0" 200 604 "http://www.zahnarztpraxis-berlin-pankow.de/" "Mozilla/4.0 (compatible; MSIE 7.0; Windows NT 5.1; InfoPath.2)"
134.76.124.179 - - [12/Jun/2013:14:34:59 +0200] "GET /hattke.swf HTTP/1.0" 200 12042 "http://www.zahnarztpraxis-berlin-pankow.de/" "Mozilla/4.0 (compatible; MSIE 7.0; Windows NT 5.1; InfoPath.2)"
134.76.124.179 - - [12/Jun/2013:14:35:00 +0200] "GET /favicon.ico HTTP/1.0" 200 2550 "-" "Mozilla/4.0 (compatible; MSIE 7.0; Windows NT 5.1; InfoPath.2)"
134.76.124.179 - - [12/Jun/2013:14:35:00 +0200] "GET /diashow.swf HTTP/1.0" 200 23825 "http://www.zahnarztpraxis-berlin-pankow.de/hattke.swf" "Mozilla/4.0 (compatible; MSIE 7.0; Windows NT 5.1; InfoPath.2)"
173.199.114.115 - - [12/Jun/2013:14:48:59 +0200] "GET / HTTP/1.1" 200 12977 "-" "Mozilla/5.0 (compatible; AhrefsBot/4.0; +http://ahrefs.com/robot/)"
93.192.70.198 - - [12/Jun/2013:16:57:13 +0200] "GET / HTTP/1.1" 200 12977 "http://www.google.de/url?sa=t&rct=j&q=&esrc=s&source=web&cd=83&ved=0CFsQFjACOFA&url=http%3A%2F%2Fwww.zahnarztpraxis-berlin-pankow.de%2F&ei=Q4q4UbDAH-rG7Abj1YDYBQ&usg=AFQjCNGhU0LSIXKAU9N4d8DNsS8g6WKbiA" "Mozilla/5.0 (Windows NT 6.1; rv:21.0) Gecko/20100101 Firefox/21.0"
93.192.70.198 - - [12/Jun/2013:16:57:13 +0200] "GET /opensite.js HTTP/1.1" 200 1125 "http://www.zahnarztpraxis-berlin-pankow.de/" "Mozilla/5.0 (Windows NT 6.1; rv:21.0) Gecko/20100101 Firefox/21.0"
93.192.70.198 - - [12/Jun/2013:16:57:14 +0200] "GET /favicon.ico HTTP/1.1" 200 2550 "-" "Mozilla/5.0 (Windows NT 6.1; rv:21.0) Gecko/20100101 Firefox/21.0"
93.192.70.198 - - [12/Jun/2013:16:57:14 +0200] "GET /flashopen.js HTTP/1.1" 200 604 "http://www.zahnarztpraxis-berlin-pankow.de/" "Mozilla/5.0 (Windows NT 6.1; rv:21.0) Gecko/20100101 Firefox/21.0"
93.192.70.198 - - [12/Jun/2013:16:57:14 +0200] "GET /hattke.swf HTTP/1.1" 200 12042 "http://www.zahnarztpraxis-berlin-pankow.de/" "Mozilla/5.0 (Windows NT 6.1; rv:21.0) Gecko/20100101 Firefox/21.0"
93.192.70.198 - - [12/Jun/2013:16:57:15 +0200] "GET /diashow.swf HTTP/1.1" 200 23825 "http://www.zahnarztpraxis-berlin-pankow.de/hattke.swf" "Mozilla/5.0 (Windows NT 6.1; rv:21.0) Gecko/20100101 Firefox/21.0"
93.192.70.198 - - [12/Jun/2013:16:57:19 +0200] "GET /callback.html HTTP/1.1" 200 3272 "http://www.zahnarztpraxis-berlin-pankow.de/" "Mozilla/5.0 (Windows NT 6.1; rv:21.0) Gecko/20100101 Firefox/21.0"
93.192.70.198 - - [12/Jun/2013:16:57:19 +0200] "GET /clear.gif HTTP/1.1" 200 230 "http://www.zahnarztpraxis-berlin-pankow.de/callback.html" "Mozilla/5.0 (Windows NT 6.1; rv:21.0) Gecko/20100101 Firefox/21.0"
93.192.70.198 - - [12/Jun/2013:16:57:19 +0200] "GET /send.gif HTTP/1.1" 200 265 "http://www.zahnarztpraxis-berlin-pankow.de/callback.html" "Mozilla/5.0 (Windows NT 6.1; rv:21.0) Gecko/20100101 Firefox/21.0"
176.199.196.89 - - [12/Jun/2013:18:56:05 +0200] "GET / HTTP/1.1" 200 12977 "-" "Mozilla/5.0 (Windows NT 6.1; WOW64) AppleWebKit/537.31 (KHTML, like Gecko) Chrome/26.0.1410.64 Safari/537.31"
141.8.147.12 - - [12/Jun/2013:21:45:00 +0200] "GET / HTTP/1.1" 200 12977 "-" "Mozilla/5.0 (compatible; YandexBot/3.0; +http://yandex.com/bots)"
66.249.75.71 - - [12/Jun/2013:23:37:47 +0200] "GET /hattke.swf HTTP/1.1" 200 12042 "-" "Mozilla/5.0 (iPhone; U; CPU iPhone OS 4_1 like Mac OS X; en-us) AppleWebKit/532.9 (KHTML, like Gecko) Version/4.0.5 Mobile/8B117 Safari/6531.22.7 (compatible; Googlebot-Mobile/2.1; +http://www.google.com/bot.html)"
157.55.35.53 - - [12/Jun/2013:23:56:24 +0200] "GET /robots.txt HTTP/1.1" 200 24 "-" "Mozilla/5.0 (compatible; bingbot/2.0; +http://www.bing.com/bingbot.htm)"
157.55.35.53 - - [12/Jun/2013:23:58:08 +0200] "GET /teledienst.html HTTP/1.1" 200 4588 "-" "Mozilla/5.0 (compatible; bingbot/2.0; +http://www.bing.com/bingbot.htm)"
157.55.32.111 - - [13/Jun/2013:02:31:50 +0200] "GET /robots.txt HTTP/1.1" 200 24 "-" "Mozilla/5.0 (compatible; bingbot/2.0; +http://www.bing.com/bingbot.htm)"
157.55.32.111 - - [13/Jun/2013:02:33:11 +0200] "GET / HTTP/1.1" 200 12977 "-" "Mozilla/5.0 (compatible; bingbot/2.0; +http://www.bing.com/bingbot.htm)"
157.55.33.17 - - [13/Jun/2013:02:34:09 +0200] "GET /flashopen.js HTTP/1.1" 200 604 "-" "Mozilla/5.0 (compatible; bingbot/2.0; +http://www.bing.com/bingbot.htm)"
2.202.7.245 - - [13/Jun/2013:08:18:56 +0200] "GET / HTTP/1.1" 200 12977 "http://www.google.de/url?sa=t&rct=j&q=&esrc=s&source=web&cd=12&ved=0CJ4BEBYwCw&url=http%3A%2F%2Fwww.zahnarztpraxis-berlin-pankow.de%2F&ei=SGO5UeqsBYvFswbkr4DICA&usg=AFQjCNGhU0LSIXKAU9N4d8DNsS8g6WKbiA&sig2=knoj3Vuws-pLcan5ReS2Sw&bvm=bv.47883778,d.Yms&cad=rja" "Mozilla/5.0 (Windows NT 5.1; rv:21.0) Gecko/20100101 Firefox/21.0"
2.202.7.245 - - [13/Jun/2013:08:18:56 +0200] "GET /opensite.js HTTP/1.1" 200 1125 "http://www.zahnarztpraxis-berlin-pankow.de/" "Mozilla/5.0 (Windows NT 5.1; rv:21.0) Gecko/20100101 Firefox/21.0"
2.202.7.245 - - [13/Jun/2013:08:18:56 +0200] "GET /flashopen.js HTTP/1.1" 200 604 "http://www.zahnarztpraxis-berlin-pankow.de/" "Mozilla/5.0 (Windows NT 5.1; rv:21.0) Gecko/20100101 Firefox/21.0"
2.202.7.245 - - [13/Jun/2013:08:18:59 +0200] "GET /favicon.ico HTTP/1.1" 200 2550 "-" "Mozilla/5.0 (Windows NT 5.1; rv:21.0) Gecko/20100101 Firefox/21.0"
2.202.7.245 - - [13/Jun/2013:08:18:59 +0200] "GET /hattke.swf HTTP/1.1" 200 12042 "http://www.zahnarztpraxis-berlin-pankow.de/" "Mozilla/5.0 (Windows NT 5.1; rv:21.0) Gecko/20100101 Firefox/21.0"
2.202.7.245 - - [13/Jun/2013:08:19:00 +0200] "GET /diashow.swf HTTP/1.1" 200 23825 "http://www.zahnarztpraxis-berlin-pankow.de/hattke.swf" "Mozilla/5.0 (Windows NT 5.1; rv:21.0) Gecko/20100101 Firefox/21.0"
5.9.36.119 - - [13/Jun/2013:10:53:00 +0200] "GET /robots.txt HTTP/1.1" 200 24 "-" "Mozilla/5.0 (compatible; SISTRIX Crawler; http://crawler.sistrix.net/)"
5.9.36.119 - - [13/Jun/2013:10:53:01 +0200] "GET / HTTP/1.1" 206 12977 "-" "Mozilla/5.0 (compatible; SISTRIX Crawler; http://crawler.sistrix.net/)"
89.204.135.189 - - [13/Jun/2013:13:11:22 +0200] "GET /intro.html HTTP/1.1" 200 5170 "-" "Mozilla/5.0 (Linux; U; Android 4.1.2; de-de; SAMSUNG GT-I8190/I8190XXAMB3 Build/JZO54K) AppleWebKit/534.30 (KHTML, like Gecko) Version/4.0 Mobile Safari/534.30"
89.204.135.189 - - [13/Jun/2013:13:11:23 +0200] "GET /opensite.js HTTP/1.1" 200 1125 "http://www.zahnarztpraxis-berlin-pankow.de/intro.html" "Mozilla/5.0 (Linux; U; Android 4.1.2; de-de; SAMSUNG GT-I8190/I8190XXAMB3 Build/JZO54K) AppleWebKit/534.30 (KHTML, like Gecko) Version/4.0 Mobile Safari/534.30"
89.204.135.189 - - [13/Jun/2013:13:11:23 +0200] "GET /favicon.ico HTTP/1.1" 200 2550 "http://www.zahnarztpraxis-berlin-pankow.de/intro.html" "Mozilla/5.0 (Linux; U; Android 4.1.2; de-de; SAMSUNG GT-I8190/I8190XXAMB3 Build/JZO54K) AppleWebKit/534.30 (KHTML, like Gecko) Version/4.0 Mobile Safari/534.30"
79.194.13.240 - - [13/Jun/2013:15:35:07 +0200] "GET / HTTP/1.1" 200 12977 "http://www.google.de/url?sa=t&rct=j&q=zahnarzt%20wilhelmsruh&source=web&cd=10&sqi=2&ved=0CJcBEBYwCQ&url=http%3A%2F%2Fwww.zahnarztpraxis-berlin-pankow.de%2F&ei=jMe5UenDJKiL4gTgn4GQDQ&usg=AFQjCNGhU0LSIXKAU9N4d8DNsS8g6WKbiA" "Mozilla/5.0 (Windows NT 6.1; WOW64; rv:21.0) Gecko/20100101 Firefox/21.0"
79.194.13.240 - - [13/Jun/2013:15:35:07 +0200] "GET /opensite.js HTTP/1.1" 200 1125 "http://www.zahnarztpraxis-berlin-pankow.de/" "Mozilla/5.0 (Windows NT 6.1; WOW64; rv:21.0) Gecko/20100101 Firefox/21.0"
79.194.13.240 - - [13/Jun/2013:15:35:07 +0200] "GET /favicon.ico HTTP/1.1" 200 2550 "-" "Mozilla/5.0 (Windows NT 6.1; WOW64; rv:21.0) Gecko/20100101 Firefox/21.0"
79.194.13.240 - - [13/Jun/2013:15:35:07 +0200] "GET /flashopen.js HTTP/1.1" 200 604 "http://www.zahnarztpraxis-berlin-pankow.de/" "Mozilla/5.0 (Windows NT 6.1; WOW64; rv:21.0) Gecko/20100101 Firefox/21.0"
79.194.13.240 - - [13/Jun/2013:15:35:07 +0200] "GET /hattke.swf HTTP/1.1" 200 12042 "http://www.zahnarztpraxis-berlin-pankow.de/" "Mozilla/5.0 (Windows NT 6.1; WOW64; rv:21.0) Gecko/20100101 Firefox/21.0"
79.194.13.240 - - [13/Jun/2013:15:35:08 +0200] "GET /diashow.swf HTTP/1.1" 200 23825 "http://www.zahnarztpraxis-berlin-pankow.de/hattke.swf" "Mozilla/5.0 (Windows NT 6.1; WOW64; rv:21.0) Gecko/20100101 Firefox/21.0"
66.249.75.71 - - [13/Jun/2013:21:42:13 +0200] "GET /robots.txt HTTP/1.1" 200 24 "-" "Mozilla/5.0 (compatible; Googlebot/2.1; +http://www.google.com/bot.html)"
66.249.75.71 - - [13/Jun/2013:21:42:13 +0200] "GET / HTTP/1.1" 200 12977 "-" "Mozilla/5.0 (iPhone; U; CPU iPhone OS 4_1 like Mac OS X; en-us) AppleWebKit/532.9 (KHTML, like Gecko) Version/4.0.5 Mobile/8B117 Safari/6531.22.7 (compatible; Googlebot-Mobile/2.1; +http://www.google.com/bot.html)"
157.55.35.53 - - [14/Jun/2013:03:35:52 +0200] "GET /robots.txt HTTP/1.1" 200 24 "-" "Mozilla/5.0 (compatible; bingbot/2.0; +http://www.bing.com/bingbot.htm)"
157.55.35.53 - - [14/Jun/2013:03:36:24 +0200] "GET /teledienst.html HTTP/1.1" 200 4588 "-" "Mozilla/5.0 (compatible; bingbot/2.0; +http://www.bing.com/bingbot.htm)"
47.64.57.107 - - [14/Jun/2013:06:34:47 +0200] "GET / HTTP/1.1" 200 12977 "https://www.google.de/" "Mozilla/5.0 (Windows NT 6.1) AppleWebKit/537.36 (KHTML, like Gecko) Chrome/27.0.1453.110 Safari/537.36"
47.64.57.107 - - [14/Jun/2013:06:34:47 +0200] "GET /opensite.js HTTP/1.1" 200 1125 "http://www.zahnarztpraxis-berlin-pankow.de/" "Mozilla/5.0 (Windows NT 6.1) AppleWebKit/537.36 (KHTML, like Gecko) Chrome/27.0.1453.110 Safari/537.36"
47.64.57.107 - - [14/Jun/2013:06:34:47 +0200] "GET /flashopen.js HTTP/1.1" 200 604 "http://www.zahnarztpraxis-berlin-pankow.de/" "Mozilla/5.0 (Windows NT 6.1) AppleWebKit/537.36 (KHTML, like Gecko) Chrome/27.0.1453.110 Safari/537.36"
47.64.57.107 - - [14/Jun/2013:06:34:48 +0200] "GET /hattke.swf HTTP/1.1" 200 12042 "http://www.zahnarztpraxis-berlin-pankow.de/" "Mozilla/5.0 (Windows NT 6.1) AppleWebKit/537.36 (KHTML, like Gecko) Chrome/27.0.1453.110 Safari/537.36"
47.64.57.107 - - [14/Jun/2013:06:34:48 +0200] "GET /favicon.ico HTTP/1.1" 200 2550 "-" "Mozilla/5.0 (Windows NT 6.1) AppleWebKit/537.36 (KHTML, like Gecko) Chrome/27.0.1453.110 Safari/537.36"
47.64.57.107 - - [14/Jun/2013:06:34:48 +0200] "GET /diashow.swf HTTP/1.1" 200 23825 "http://www.zahnarztpraxis-berlin-pankow.de/" "Mozilla/5.0 (Windows NT 6.1) AppleWebKit/537.36 (KHTML, like Gecko) Chrome/27.0.1453.110 Safari/537.36"
217.6.59.142 - - [14/Jun/2013:08:42:51 +0200] "GET / HTTP/1.1" 200 12977 "-" "Mozilla/5.0 (Windows NT 6.1; WOW64; rv:16.0) Gecko/20100101 Firefox/16.0"
217.6.59.142 - - [14/Jun/2013:08:42:55 +0200] "GET /opensite.js HTTP/1.1" 200 1125 "http://www.zahnarztpraxis-berlin-pankow.de/" "Mozilla/5.0 (Windows NT 6.1; WOW64; rv:16.0) Gecko/20100101 Firefox/16.0"
217.6.59.142 - - [14/Jun/2013:08:42:55 +0200] "GET /flashopen.js HTTP/1.1" 200 604 "http://www.zahnarztpraxis-berlin-pankow.de/" "Mozilla/5.0 (Windows NT 6.1; WOW64; rv:16.0) Gecko/20100101 Firefox/16.0"
217.6.59.142 - - [14/Jun/2013:08:42:55 +0200] "GET /favicon.ico HTTP/1.1" 200 2550 "-" "Mozilla/5.0 (Windows NT 6.1; WOW64; rv:16.0) Gecko/20100101 Firefox/16.0"
217.6.59.142 - - [14/Jun/2013:08:42:55 +0200] "GET /hattke.swf HTTP/1.1" 200 12042 "http://www.zahnarztpraxis-berlin-pankow.de/" "Mozilla/5.0 (Windows NT 6.1; WOW64; rv:16.0) Gecko/20100101 Firefox/16.0"
217.6.59.142 - - [14/Jun/2013:08:42:55 +0200] "GET /diashow.swf HTTP/1.1" 200 23825 "http://www.zahnarztpraxis-berlin-pankow.de/hattke.swf" "Mozilla/5.0 (Windows NT 6.1; WOW64; rv:16.0) Gecko/20100101 Firefox/16.0"
31.13.97.116 - - [14/Jun/2013:10:09:19 +0200] "GET / HTTP/1.1" 206 12977 "-" "facebookexternalhit/1.1 (+http://www.facebook.com/externalhit_uatext.php)"
87.187.33.251 - - [14/Jun/2013:10:10:27 +0200] "GET / HTTP/1.1" 200 12977 "http://suche.t-online.de/fast-cgi/tsc?sr=ptoweb&q=Dr.Hattke+" "Mozilla/5.0 (compatible; MSIE 10.0; Windows NT 6.1; Trident/6.0)"
87.187.33.251 - - [14/Jun/2013:10:10:28 +0200] "GET /opensite.js HTTP/1.1" 200 1125 "http://www.zahnarztpraxis-berlin-pankow.de/" "Mozilla/5.0 (compatible; MSIE 10.0; Windows NT 6.1; Trident/6.0)"
87.187.33.251 - - [14/Jun/2013:10:10:28 +0200] "GET /flashopen.js HTTP/1.1" 200 604 "http://www.zahnarztpraxis-berlin-pankow.de/" "Mozilla/5.0 (compatible; MSIE 10.0; Windows NT 6.1; Trident/6.0)"
87.187.33.251 - - [14/Jun/2013:10:10:28 +0200] "GET /hattke.swf HTTP/1.1" 200 12042 "http://www.zahnarztpraxis-berlin-pankow.de/" "Mozilla/5.0 (compatible; MSIE 10.0; Windows NT 6.1; Trident/6.0)"
87.187.33.251 - - [14/Jun/2013:10:10:29 +0200] "GET /favicon.ico HTTP/1.1" 200 2550 "-" "Mozilla/5.0 (compatible; MSIE 10.0; Windows NT 6.1; Trident/6.0)"
87.187.33.251 - - [14/Jun/2013:10:10:29 +0200] "GET /diashow.swf HTTP/1.1" 200 23825 "http://www.zahnarztpraxis-berlin-pankow.de/hattke.swf" "Mozilla/5.0 (compatible; MSIE 10.0; Windows NT 6.1; Trident/6.0)"
87.187.33.251 - - [14/Jun/2013:10:11:11 +0200] "GET /callback.html HTTP/1.1" 200 3272 "http://www.zahnarztpraxis-berlin-pankow.de/hattke.swf" "Mozilla/5.0 (compatible; MSIE 10.0; Windows NT 6.1; Trident/6.0)"
87.187.33.251 - - [14/Jun/2013:10:11:11 +0200] "GET /send.gif HTTP/1.1" 200 265 "http://www.zahnarztpraxis-berlin-pankow.de/callback.html" "Mozilla/5.0 (compatible; MSIE 10.0; Windows NT 6.1; Trident/6.0)"
87.187.33.251 - - [14/Jun/2013:10:11:11 +0200] "GET /clear.gif HTTP/1.1" 200 230 "http://www.zahnarztpraxis-berlin-pankow.de/callback.html" "Mozilla/5.0 (compatible; MSIE 10.0; Windows NT 6.1; Trident/6.0)"
141.8.147.12 - - [14/Jun/2013:12:05:54 +0200] "GET /robots.txt HTTP/1.1" 200 24 "-" "Mozilla/5.0 (compatible; YandexBot/3.0; +http://yandex.com/bots)"
66.249.72.71 - - [14/Jun/2013:14:44:59 +0200] "GET /robots.txt HTTP/1.1" 200 24 "-" "Mozilla/5.0 (compatible; Googlebot/2.1; +http://www.google.com/bot.html)"
66.249.72.71 - - [14/Jun/2013:14:44:59 +0200] "GET /sitemap.xml HTTP/1.1" 200 796 "-" "Mozilla/5.0 (compatible; Googlebot/2.1; +http://www.google.com/bot.html)"
141.8.147.12 - - [14/Jun/2013:16:22:43 +0200] "GET / HTTP/1.1" 200 12977 "-" "Mozilla/5.0 (compatible; YandexBot/3.0; +http://yandex.com/bots)"
141.8.147.12 - - [14/Jun/2013:16:25:09 +0200] "GET /teledienst.html HTTP/1.1" 200 4588 "-" "Mozilla/5.0 (compatible; YandexBot/3.0; +http://yandex.com/bots)"
66.249.72.71 - - [14/Jun/2013:21:19:43 +0200] "GET / HTTP/1.1" 200 12977 "-" "Mozilla/5.0 (iPhone; U; CPU iPhone OS 4_1 like Mac OS X; en-us) AppleWebKit/532.9 (KHTML, like Gecko) Version/4.0.5 Mobile/8B117 Safari/6531.22.7 (compatible; Googlebot-Mobile/2.1; +http://www.google.com/bot.html)"
46.229.164.97 - - [14/Jun/2013:21:41:32 +0200] "GET /robots.txt HTTP/1.1" 200 24 "-" "Mozilla/5.0 (compatible; SemrushBot/0.96.3; +http://www.semrush.com/bot.html)"
66.249.72.71 - - [15/Jun/2013:05:52:25 +0200] "GET / HTTP/1.1" 200 12977 "-" "Mozilla/5.0 (compatible; Googlebot/2.1; +http://www.google.com/bot.html)"
46.105.114.127 - - [15/Jun/2013:06:38:17 +0200] "GET / HTTP/1.1" 200 12977 "-" "Mozilla/5.0 (X11; Linux i686; rv:6.0) Gecko/20100101 Firefox/6.0"
217.69.133.67 - - [15/Jun/2013:11:35:28 +0200] "GET / HTTP/1.0" 200 12977 "-" "Mozilla/5.0 (compatible; Linux x86_64; Mail.RU_Bot/2.0; +http://go.mail.ru/help/robots)"
66.249.72.71 - - [15/Jun/2013:12:44:14 +0200] "GET /plan.swf HTTP/1.1" 200 27838 "-" "Mozilla/5.0 (compatible; Googlebot/2.1; +http://www.google.com/bot.html)"
204.12.214.170 - - [15/Jun/2013:16:03:55 +0200] "GET /robots.txt HTTP/1.0" 200 24 "-" "Mozilla/5.0 (compatible; MJ12bot/v1.4.3; http://www.majestic12.co.uk/bot.php?+)"
204.12.214.170 - - [15/Jun/2013:16:03:57 +0200] "GET / HTTP/1.0" 200 12977 "-" "Mozilla/5.0 (compatible; MJ12bot/v1.4.3; http://www.majestic12.co.uk/bot.php?+)"
217.255.120.146 - - [15/Jun/2013:19:06:56 +0200] "GET / HTTP/1.1" 200 12977 "http://onlinestreet.de/13113-zahnaerzte-roumiana-und-reyk-hattke" "Mozilla/5.0 (Windows NT 5.1; rv:21.0) Gecko/20100101 Firefox/21.0"
217.255.120.146 - - [15/Jun/2013:19:06:56 +0200] "GET /opensite.js HTTP/1.1" 200 1125 "http://www.zahnarztpraxis-berlin-pankow.de/" "Mozilla/5.0 (Windows NT 5.1; rv:21.0) Gecko/20100101 Firefox/21.0"
217.255.120.146 - - [15/Jun/2013:19:06:56 +0200] "GET /favicon.ico HTTP/1.1" 200 2550 "-" "Mozilla/5.0 (Windows NT 5.1; rv:21.0) Gecko/20100101 Firefox/21.0"
217.255.120.146 - - [15/Jun/2013:19:06:56 +0200] "GET /flashopen.js HTTP/1.1" 200 604 "http://www.zahnarztpraxis-berlin-pankow.de/" "Mozilla/5.0 (Windows NT 5.1; rv:21.0) Gecko/20100101 Firefox/21.0"
217.255.120.146 - - [15/Jun/2013:19:06:57 +0200] "GET /hattke.swf HTTP/1.1" 200 12042 "http://www.zahnarztpraxis-berlin-pankow.de/" "Mozilla/5.0 (Windows NT 5.1; rv:21.0) Gecko/20100101 Firefox/21.0"
217.255.120.146 - - [15/Jun/2013:19:06:57 +0200] "GET /diashow.swf HTTP/1.1" 200 23825 "http://www.zahnarztpraxis-berlin-pankow.de/hattke.swf" "Mozilla/5.0 (Windows NT 5.1; rv:21.0) Gecko/20100101 Firefox/21.0"
66.249.72.71 - - [15/Jun/2013:21:05:48 +0200] "GET /robots.txt HTTP/1.1" 200 24 "-" "Mozilla/5.0 (compatible; Googlebot/2.1; +http://www.google.com/bot.html)"
212.91.11.122 - - [15/Jun/2013:22:52:22 +0200] "GET / HTTP/1.1" 200 12977 "http://webthumbnail.org" "Mozilla/5.0 (compatible; WebThumbnail/2.2; Website Thumbnail Generator; +http://webthumbnail.org)"
212.91.11.122 - - [15/Jun/2013:22:52:22 +0200] "GET //opensite.js HTTP/1.1" 200 1125 "http://www.zahnarztpraxis-berlin-pankow.de/" "Mozilla/5.0 (compatible; WebThumbnail/2.2; Website Thumbnail Generator; +http://webthumbnail.org)"
212.91.11.122 - - [15/Jun/2013:22:52:22 +0200] "GET //favicon.ico HTTP/1.1" 200 2550 "http://webthumbnail.org" "Mozilla/5.0 (compatible; WebThumbnail/2.2; Website Thumbnail Generator; +http://webthumbnail.org)"
212.91.11.122 - - [15/Jun/2013:22:52:22 +0200] "GET //flashopen.js HTTP/1.1" 200 604 "http://www.zahnarztpraxis-berlin-pankow.de/" "Mozilla/5.0 (compatible; WebThumbnail/2.2; Website Thumbnail Generator; +http://webthumbnail.org)"
212.91.11.122 - - [15/Jun/2013:22:52:23 +0200] "GET //hattke.swf HTTP/1.1" 200 12042 "http://www.zahnarztpraxis-berlin-pankow.de/" "Mozilla/5.0 (compatible; WebThumbnail/2.2; Website Thumbnail Generator; +http://webthumbnail.org)"
212.91.11.122 - - [15/Jun/2013:22:52:23 +0200] "GET //diashow.swf HTTP/1.1" 200 23825 "http://webthumbnail.org" "Mozilla/5.0 (compatible; WebThumbnail/2.2; Website Thumbnail Generator; +http://webthumbnail.org)"
84.95.88.100 - - [16/Jun/2013:00:05:08 +0200] "GET / HTTP/1.1" 200 12977 "-" "Mozilla/4.0 (compatible; MSIE 8.0; AOL 9.6; AOLBuild 4340.5004; Windows NT 5.1; Trident/4.0; .NET CLR 1.1.4322; .NET CLR 2.0.50727; .NET CLR 3.0.4506.2152; .NET CLR 3.5.30729; BRI/2)"
66.249.72.71 - - [16/Jun/2013:00:41:56 +0200] "GET / HTTP/1.1" 200 12977 "-" "SAMSUNG-SGH-E250/1.0 Profile/MIDP-2.0 Configuration/CLDC-1.1 UP.Browser/6.2.3.3.c.1.101 (GUI) MMP/2.0 (compatible; Googlebot-Mobile/2.1; +http://www.google.com/bot.html)"
83.133.125.202 - - [16/Jun/2013:02:21:07 +0200] "GET / HTTP/1.1" 200 12977 "http://www.sumaja.de/?such_wert=implantologie" "Mozilla/4.0 (compatible; MSIE 7.0; Windows NT 6.0; GTB6; SLCC1; .NET CLR 2.0.50727; Media Center PC 5.0; eSobiSubscriber 2.0.4.16; .NET CLR 3.5.30729; .NET CLR 3.0.30729; .NET4.0C)"
94.23.225.68 - - [16/Jun/2013:10:28:23 +0200] "GET / HTTP/1.1" 200 12977 "-" "Mozilla/5.0 (X11; Linux i686; rv:6.0) Gecko/20100101 Firefox/6.0"
94.23.225.68 - - [16/Jun/2013:10:28:23 +0200] "GET /teledienst.html HTTP/1.1" 200 4588 "-" "Mozilla/5.0 (X11; Linux i686; rv:6.0) Gecko/20100101 Firefox/6.0"
94.23.225.68 - - [16/Jun/2013:10:28:23 +0200] "GET /intro.html HTTP/1.1" 200 5170 "-" "Mozilla/5.0 (X11; Linux i686; rv:6.0) Gecko/20100101 Firefox/6.0"
176.57.141.193 - - [16/Jun/2013:10:28:23 +0200] "GET /index_alt.html HTTP/1.1" 200 2254 "-" "Mozilla/5.0 (X11; Linux i686; rv:6.0) Gecko/20100101 Firefox/6.0"
84.190.193.187 - - [16/Jun/2013:12:05:26 +0200] "GET / HTTP/1.1" 200 12977 "http://www.google.de/url?sa=t&rct=j&q=&esrc=s&source=web&cd=1&ved=0CEsQFjAA&url=http%3A%2F%2Fwww.zahnarztpraxis-berlin-pankow.de%2F&ei=h429UZ6vGJGLswbA8oEg&usg=AFQjCNGhU0LSIXKAU9N4d8DNsS8g6WKbiA&bvm=bv.47883778,d.Yms" "Mozilla/5.0 (Windows NT 5.1; rv:21.0) Gecko/20100101 Firefox/21.0"
84.190.193.187 - - [16/Jun/2013:12:05:26 +0200] "GET /favicon.ico HTTP/1.1" 200 2550 "-" "Mozilla/5.0 (Windows NT 5.1; rv:21.0) Gecko/20100101 Firefox/21.0"
84.190.193.187 - - [16/Jun/2013:12:05:26 +0200] "GET /opensite.js HTTP/1.1" 200 1125 "http://www.zahnarztpraxis-berlin-pankow.de/" "Mozilla/5.0 (Windows NT 5.1; rv:21.0) Gecko/20100101 Firefox/21.0"
