91.65.68.137 - - [20/Nov/2012:11:43:03 +0100] "GET /opensite.js HTTP/1.1" 200 1125 "http://www.zahnarztpraxis-berlin-pankow.de/" "Mozilla/5.0 (Windows NT 5.1; rv:10.0.6) Gecko/20120719 Firefox/10.0.6"
91.65.68.137 - - [20/Nov/2012:11:43:03 +0100] "GET /flashopen.js HTTP/1.1" 200 604 "http://www.zahnarztpraxis-berlin-pankow.de/" "Mozilla/5.0 (Windows NT 5.1; rv:10.0.6) Gecko/20120719 Firefox/10.0.6"
91.65.68.137 - - [20/Nov/2012:11:43:03 +0100] "GET /favicon.ico HTTP/1.1" 200 2550 "-" "Mozilla/5.0 (Windows NT 5.1; rv:10.0.6) Gecko/20120719 Firefox/10.0.6"
91.65.68.137 - - [20/Nov/2012:11:43:03 +0100] "GET /hattke.swf HTTP/1.1" 200 12042 "http://www.zahnarztpraxis-berlin-pankow.de/" "Mozilla/5.0 (Windows NT 5.1; rv:10.0.6) Gecko/20120719 Firefox/10.0.6"
91.65.68.137 - - [20/Nov/2012:11:43:04 +0100] "GET /diashow.swf HTTP/1.1" 200 311957 "-" "Mozilla/5.0 (Windows NT 5.1; rv:10.0.6) Gecko/20120719 Firefox/10.0.6"
178.154.179.250 - - [20/Nov/2012:12:07:08 +0100] "GET / HTTP/1.1" 200 12977 "-" "Mozilla/5.0 (compatible; YandexBot/3.0; +http://yandex.com/bots)"
66.249.73.245 - - [20/Nov/2012:15:52:47 +0100] "GET /robots.txt HTTP/1.1" 200 24 "-" "Mozilla/5.0 (compatible; Googlebot/2.1; +http://www.google.com/bot.html)"
66.249.73.245 - - [20/Nov/2012:15:52:47 +0100] "GET / HTTP/1.1" 200 12977 "-" "Mozilla/5.0 (compatible; Googlebot/2.1; +http://www.google.com/bot.html)"
173.199.119.11 - - [20/Nov/2012:19:58:42 +0100] "GET /robots.txt HTTP/1.1" 200 24 "-" "Mozilla/5.0 (compatible; AhrefsBot/4.0; +http://ahrefs.com/robot/)"
208.115.113.90 - - [20/Nov/2012:20:34:23 +0100] "GET /robots.txt HTTP/1.1" 200 24 "-" "Mozilla/5.0 (compatible; Ezooms/1.0; ezooms.bot@gmail.com)"
208.115.113.90 - - [20/Nov/2012:22:43:52 +0100] "GET /teledienst.html HTTP/1.1" 200 4588 "-" "Mozilla/5.0 (compatible; Ezooms/1.0; ezooms.bot@gmail.com)"
178.154.179.250 - - [20/Nov/2012:23:13:44 +0100] "GET /robots.txt HTTP/1.1" 200 24 "-" "Mozilla/5.0 (compatible; YandexBot/3.0; +http://yandex.com/bots)"
180.76.5.58 - - [21/Nov/2012:00:43:08 +0100] "GET / HTTP/1.1" 200 12977 "-" "Mozilla/5.0 (compatible; Baiduspider/2.0; +http://www.baidu.com/search/spider.html)"
178.154.179.250 - - [21/Nov/2012:01:30:11 +0100] "GET / HTTP/1.1" 200 12977 "-" "Mozilla/5.0 (compatible; YandexBot/3.0; +http://yandex.com/bots)"
173.199.119.11 - - [21/Nov/2012:03:06:47 +0100] "GET /robots.txt HTTP/1.1" 200 24 "-" "Mozilla/5.0 (compatible; AhrefsBot/4.0; +http://ahrefs.com/robot/)"
173.199.119.11 - - [21/Nov/2012:05:24:58 +0100] "GET /robots.txt HTTP/1.1" 200 24 "-" "Mozilla/5.0 (compatible; AhrefsBot/4.0; +http://ahrefs.com/robot/)"
80.68.161.22 - - [21/Nov/2012:06:53:16 +0100] "GET / HTTP/1.1" 200 12977 "http://de.search.yahoo.com/search;_ylt=AvnaIDMfYwkOHyZW8kLRIUIqrK5_;_ylc=X1MDMjE0MjE1Mzc3MARfcgMyBGZyA3lmcC10LTcwOARuX2dwcwMwBG9yaWdpbgNkZS55YWhvby5jb20EcXVlcnkDemFobmFyenQgaGF0dGtlBHNhbwMx?p=zahnarzt+hattke&toggle=1&cop=mss&ei=UTF-8&fr=yfp-t-708" "Mozilla/4.0 (compatible; MSIE 8.0; Windows NT 5.1; Trident/4.0; .NET CLR 1.1.4322; .NET CLR 2.0.50727; .NET CLR 3.0.04506.30; .NET CLR 3.0.4506.2152; .NET CLR 3.5.30729; .NET4.0C; .NET4.0E)"
80.68.161.22 - - [21/Nov/2012:06:53:16 +0100] "GET /opensite.js HTTP/1.1" 200 1125 "http://www.zahnarztpraxis-berlin-pankow.de/" "Mozilla/4.0 (compatible; MSIE 8.0; Windows NT 5.1; Trident/4.0; .NET CLR 1.1.4322; .NET CLR 2.0.50727; .NET CLR 3.0.04506.30; .NET CLR 3.0.4506.2152; .NET CLR 3.5.30729; .NET4.0C; .NET4.0E)"
80.68.161.22 - - [21/Nov/2012:06:53:16 +0100] "GET /flashopen.js HTTP/1.1" 200 604 "http://www.zahnarztpraxis-berlin-pankow.de/" "Mozilla/4.0 (compatible; MSIE 8.0; Windows NT 5.1; Trident/4.0; .NET CLR 1.1.4322; .NET CLR 2.0.50727; .NET CLR 3.0.04506.30; .NET CLR 3.0.4506.2152; .NET CLR 3.5.30729; .NET4.0C; .NET4.0E)"
80.68.161.22 - - [21/Nov/2012:06:53:16 +0100] "GET /hattke.swf HTTP/1.1" 200 12042 "http://www.zahnarztpraxis-berlin-pankow.de/" "Mozilla/4.0 (compatible; MSIE 8.0; Windows NT 5.1; Trident/4.0; .NET CLR 1.1.4322; .NET CLR 2.0.50727; .NET CLR 3.0.04506.30; .NET CLR 3.0.4506.2152; .NET CLR 3.5.30729; .NET4.0C; .NET4.0E)"
80.68.161.22 - - [21/Nov/2012:06:53:17 +0100] "GET /favicon.ico HTTP/1.1" 200 2550 "-" "Mozilla/4.0 (compatible; MSIE 8.0; Windows NT 5.1; Trident/4.0; .NET CLR 1.1.4322; .NET CLR 2.0.50727; .NET CLR 3.0.04506.30; .NET CLR 3.0.4506.2152; .NET CLR 3.5.30729; .NET4.0C; .NET4.0E)"
80.68.161.22 - - [21/Nov/2012:06:53:17 +0100] "GET /diashow.swf HTTP/1.1" 200 311957 "http://www.zahnarztpraxis-berlin-pankow.de/hattke.swf" "Mozilla/4.0 (compatible; MSIE 8.0; Windows NT 5.1; Trident/4.0; .NET CLR 1.1.4322; .NET CLR 2.0.50727; .NET CLR 3.0.04506.30; .NET CLR 3.0.4506.2152; .NET CLR 3.5.30729; .NET4.0C; .NET4.0E)"
173.199.119.11 - - [21/Nov/2012:07:01:35 +0100] "GET /robots.txt HTTP/1.1" 200 24 "-" "Mozilla/5.0 (compatible; AhrefsBot/4.0; +http://ahrefs.com/robot/)"
173.199.119.11 - - [21/Nov/2012:08:11:56 +0100] "GET /robots.txt HTTP/1.1" 200 24 "-" "Mozilla/5.0 (compatible; AhrefsBot/4.0; +http://ahrefs.com/robot/)"
173.199.119.11 - - [21/Nov/2012:09:22:06 +0100] "GET /robots.txt HTTP/1.1" 200 24 "-" "Mozilla/5.0 (compatible; AhrefsBot/4.0; +http://ahrefs.com/robot/)"
64.246.161.42 - - [21/Nov/2012:09:40:32 +0100] "GET /robots.txt HTTP/1.0" 200 24 "-" "Mozilla/5.0 (Windows; U; Windows NT 5.1; en; rv:1.9.0.13) Gecko/2009073022 Firefox/3.5.2 (.NET CLR 3.5.30729) SurveyBot/2.3 (DomainTools)"
64.246.161.42 - - [21/Nov/2012:09:40:32 +0100] "GET / HTTP/1.1" 200 12977 "http://whois.domaintools.com/zahnarztpraxis-berlin-pankow.de" "Mozilla/5.0 (Windows; U; Windows NT 5.1; en; rv:1.9.0.13) Gecko/2009073022 Firefox/3.5.2 (.NET CLR 3.5.30729) SurveyBot/2.3 (DomainTools)"
173.199.119.11 - - [21/Nov/2012:10:07:55 +0100] "GET /robots.txt HTTP/1.1" 200 24 "-" "Mozilla/5.0 (compatible; AhrefsBot/4.0; +http://ahrefs.com/robot/)"
173.199.119.11 - - [21/Nov/2012:11:19:27 +0100] "GET /robots.txt HTTP/1.1" 200 24 "-" "Mozilla/5.0 (compatible; AhrefsBot/4.0; +http://ahrefs.com/robot/)"
93.219.222.233 - - [21/Nov/2012:12:04:32 +0100] "GET / HTTP/1.1" 200 12977 "-" "Mozilla/4.0 (compatible; MSIE 8.0; Trident 4.0; Windows 98; MEGAUPLOAD 7.3.31; FDM)"
173.199.119.11 - - [21/Nov/2012:12:54:56 +0100] "GET /robots.txt HTTP/1.1" 200 24 "-" "Mozilla/5.0 (compatible; AhrefsBot/4.0; +http://ahrefs.com/robot/)"
173.199.119.11 - - [21/Nov/2012:13:39:14 +0100] "GET /robots.txt HTTP/1.1" 200 24 "-" "Mozilla/5.0 (compatible; AhrefsBot/4.0; +http://ahrefs.com/robot/)"
178.15.127.250 - - [21/Nov/2012:14:09:08 +0100] "GET / HTTP/1.1" 200 12977 "http://www.google.de/search?q=reyk+hattke+zahnarzt&rlz=1C1CHAB_deDE462DE462&aq=1&oq=zahnarzt+Hattke&sugexp=chrome,mod=8&sourceid=chrome&ie=UTF-8" "Mozilla/5.0 (Windows NT 6.1; WOW64) AppleWebKit/537.11 (KHTML, like Gecko) Chrome/23.0.1271.64 Safari/537.11"
178.15.127.250 - - [21/Nov/2012:14:09:08 +0100] "GET /opensite.js HTTP/1.1" 200 1125 "http://www.zahnarztpraxis-berlin-pankow.de/" "Mozilla/5.0 (Windows NT 6.1; WOW64) AppleWebKit/537.11 (KHTML, like Gecko) Chrome/23.0.1271.64 Safari/537.11"
178.15.127.250 - - [21/Nov/2012:14:09:09 +0100] "GET /flashopen.js HTTP/1.1" 200 604 "http://www.zahnarztpraxis-berlin-pankow.de/" "Mozilla/5.0 (Windows NT 6.1; WOW64) AppleWebKit/537.11 (KHTML, like Gecko) Chrome/23.0.1271.64 Safari/537.11"
178.15.127.250 - - [21/Nov/2012:14:09:17 +0100] "GET /hattke.swf HTTP/1.1" 200 12042 "http://www.zahnarztpraxis-berlin-pankow.de/" "Mozilla/5.0 (Windows NT 6.1; WOW64) AppleWebKit/537.11 (KHTML, like Gecko) Chrome/23.0.1271.64 Safari/537.11"
178.15.127.250 - - [21/Nov/2012:14:09:17 +0100] "GET /favicon.ico HTTP/1.1" 200 2550 "-" "Mozilla/5.0 (Windows NT 6.1; WOW64) AppleWebKit/537.11 (KHTML, like Gecko) Chrome/23.0.1271.64 Safari/537.11"
178.15.127.250 - - [21/Nov/2012:14:09:17 +0100] "GET /diashow.swf HTTP/1.1" 200 311957 "http://www.zahnarztpraxis-berlin-pankow.de/" "Mozilla/5.0 (Windows NT 6.1; WOW64) AppleWebKit/537.11 (KHTML, like Gecko) Chrome/23.0.1271.64 Safari/537.11"
173.199.119.11 - - [21/Nov/2012:15:18:06 +0100] "GET /robots.txt HTTP/1.1" 200 24 "-" "Mozilla/5.0 (compatible; AhrefsBot/4.0; +http://ahrefs.com/robot/)"
195.14.234.228 - - [21/Nov/2012:16:56:36 +0100] "GET / HTTP/1.1" 200 12977 "-" "Mozilla/5.0 (Windows NT 6.2; rv:10.0.1) Gecko/20100101 Firefox/10.0.1"
157.55.33.251 - - [22/Nov/2012:00:29:19 +0100] "GET /robots.txt HTTP/1.1" 200 24 "-" "Mozilla/5.0 (compatible; bingbot/2.0; +http://www.bing.com/bingbot.htm)"
157.55.33.251 - - [22/Nov/2012:00:46:55 +0100] "GET /teledienst.html HTTP/1.1" 200 4588 "-" "Mozilla/5.0 (compatible; bingbot/2.0; +http://www.bing.com/bingbot.htm)"
157.55.33.109 - - [22/Nov/2012:02:55:28 +0100] "GET /robots.txt HTTP/1.1" 200 24 "-" "Mozilla/5.0 (compatible; bingbot/2.0; +http://www.bing.com/bingbot.htm)"
157.55.33.109 - - [22/Nov/2012:02:56:51 +0100] "GET / HTTP/1.1" 200 12977 "-" "Mozilla/5.0 (compatible; bingbot/2.0; +http://www.bing.com/bingbot.htm)"
173.199.119.11 - - [22/Nov/2012:06:59:19 +0100] "GET /robots.txt HTTP/1.1" 200 24 "-" "Mozilla/5.0 (compatible; AhrefsBot/4.0; +http://ahrefs.com/robot/)"
176.9.155.226 - - [22/Nov/2012:07:34:21 +0100] "GET /robots.txt HTTP/1.1" 200 24 "-" "Mozilla/5.0 (compatible; SISTRIX Crawler; http://crawler.sistrix.net/)"
176.9.155.226 - - [22/Nov/2012:07:34:21 +0100] "GET / HTTP/1.1" 200 12977 "-" "Mozilla/5.0 (compatible; SISTRIX Crawler; http://crawler.sistrix.net/)"
176.9.155.226 - - [22/Nov/2012:07:34:21 +0100] "GET /teledienst.html HTTP/1.1" 200 4588 "-" "Mozilla/5.0 (compatible; SISTRIX Crawler; http://crawler.sistrix.net/)"
173.199.119.11 - - [22/Nov/2012:09:07:05 +0100] "GET /robots.txt HTTP/1.1" 200 24 "-" "Mozilla/5.0 (compatible; AhrefsBot/4.0; +http://ahrefs.com/robot/)"
130.149.225.162 - - [22/Nov/2012:09:39:11 +0100] "GET /robots.txt HTTP/1.0" 200 24 "-" "MIA DEV/search:robot/0.0.1 (MIA Bot for research project MIA (www.MIA-marktplatz.de); http://spider.neofonie.de; spider-l@neofonie.de)"
130.149.225.182 - - [22/Nov/2012:09:39:11 +0100] "GET / HTTP/1.0" 200 12977 "-" "MIA DEV/search:robot/0.0.1 (MIA Bot for research project MIA (www.MIA-marktplatz.de); http://spider.neofonie.de; spider-l@neofonie.de)"
173.199.119.11 - - [22/Nov/2012:12:14:20 +0100] "GET /robots.txt HTTP/1.1" 200 24 "-" "Mozilla/5.0 (compatible; AhrefsBot/4.0; +http://ahrefs.com/robot/)"
217.69.133.70 - - [22/Nov/2012:12:15:04 +0100] "GET /robots.txt HTTP/1.0" 200 24 "-" "Mozilla/5.0 (compatible; Mail.RU_Bot/2.0)"
173.199.119.11 - - [22/Nov/2012:13:38:02 +0100] "GET /robots.txt HTTP/1.1" 200 24 "-" "Mozilla/5.0 (compatible; AhrefsBot/4.0; +http://ahrefs.com/robot/)"
173.252.101.114 - - [22/Nov/2012:14:32:32 +0100] "GET / HTTP/1.1" 304 - "-" "facebookexternalhit/1.1 (+http://www.facebook.com/externalhit_uatext.php)"
173.199.119.11 - - [22/Nov/2012:16:19:57 +0100] "GET /robots.txt HTTP/1.1" 200 24 "-" "Mozilla/5.0 (compatible; AhrefsBot/4.0; +http://ahrefs.com/robot/)"
173.199.119.11 - - [22/Nov/2012:17:25:03 +0100] "GET /robots.txt HTTP/1.1" 200 24 "-" "Mozilla/5.0 (compatible; AhrefsBot/4.0; +http://ahrefs.com/robot/)"
66.249.73.245 - - [22/Nov/2012:17:26:55 +0100] "GET /robots.txt HTTP/1.1" 200 24 "-" "Mozilla/5.0 (compatible; Googlebot/2.1; +http://www.google.com/bot.html)"
66.249.73.245 - - [22/Nov/2012:17:26:55 +0100] "GET /sitemap.xml HTTP/1.1" 200 796 "-" "Mozilla/5.0 (compatible; Googlebot/2.1; +http://www.google.com/bot.html)"
122.172.8.82 - - [22/Nov/2012:18:08:14 +0100] "GET / HTTP/1.0" 200 12977 "-" "Squzer (+http://squzer.declum.com) jeba.ride@gmail.com"
122.172.8.82 - - [22/Nov/2012:21:40:03 +0100] "GET / HTTP/1.0" 200 12977 "-" "Squzer (+http://squzer.declum.com) jeba.ride@gmail.com"
66.249.73.245 - - [22/Nov/2012:22:43:29 +0100] "GET /intro.html HTTP/1.1" 304 - "-" "Mozilla/5.0 (compatible; Googlebot/2.1; +http://www.google.com/bot.html)"
157.55.33.109 - - [23/Nov/2012:04:27:38 +0100] "GET /robots.txt HTTP/1.1" 200 24 "-" "Mozilla/5.0 (compatible; bingbot/2.0; +http://www.bing.com/bingbot.htm)"
157.55.33.109 - - [23/Nov/2012:04:29:09 +0100] "GET / HTTP/1.1" 200 12977 "-" "Mozilla/5.0 (compatible; bingbot/2.0; +http://www.bing.com/bingbot.htm)"
157.56.93.194 - - [23/Nov/2012:04:31:07 +0100] "GET /opensite.js HTTP/1.1" 200 1125 "-" "Mozilla/5.0 (compatible; bingbot/2.0; +http://www.bing.com/bingbot.htm)"
157.56.93.194 - - [23/Nov/2012:04:31:07 +0100] "GET /flashopen.js HTTP/1.1" 200 604 "-" "Mozilla/5.0 (compatible; bingbot/2.0; +http://www.bing.com/bingbot.htm)"
66.249.73.245 - - [23/Nov/2012:06:34:48 +0100] "GET / HTTP/1.1" 304 - "-" "Mozilla/5.0 (compatible; Googlebot/2.1; +http://www.google.com/bot.html)"
66.249.73.245 - - [23/Nov/2012:06:50:16 +0100] "GET / HTTP/1.1" 200 12977 "-" "Mozilla/5.0 (iPhone; U; CPU iPhone OS 4_1 like Mac OS X; en-us) AppleWebKit/532.9 (KHTML, like Gecko) Version/4.0.5 Mobile/8B117 Safari/6531.22.7 (compatible; Googlebot-Mobile/2.1; +http://www.google.com/bot.html)"
178.154.179.250 - - [23/Nov/2012:09:00:45 +0100] "GET /robots.txt HTTP/1.1" 200 24 "-" "Mozilla/5.0 (compatible; YandexBot/3.0; +http://yandex.com/bots)"
178.154.179.250 - - [23/Nov/2012:09:35:26 +0100] "GET / HTTP/1.1" 200 12977 "-" "Mozilla/5.0 (compatible; YandexBot/3.0; +http://yandex.com/bots)"
66.249.73.245 - - [23/Nov/2012:10:32:12 +0100] "GET /plan.swf HTTP/1.1" 200 27838 "-" "Mozilla/5.0 (compatible; Googlebot/2.1; +http://www.google.com/bot.html)"
176.9.48.201 - - [23/Nov/2012:11:35:00 +0100] "GET /robots.txt HTTP/1.1" 200 24 "-" "Mozilla/5.0 (X11; Ubuntu; Linux x86_64; rv:15.0) Gecko/20100101 Firefox/15.0.1"
176.9.48.201 - - [23/Nov/2012:11:35:00 +0100] "GET / HTTP/1.1" 200 12977 "-" "Mozilla/5.0 (X11; Ubuntu; Linux x86_64; rv:15.0) Gecko/20100101 Firefox/15.0.1"
176.9.48.201 - - [23/Nov/2012:11:35:04 +0100] "GET /teledienst.html HTTP/1.1" 200 4588 "-" "Mozilla/5.0 (X11; Ubuntu; Linux x86_64; rv:15.0) Gecko/20100101 Firefox/15.0.1"
180.76.5.57 - - [23/Nov/2012:17:01:39 +0100] "GET /robots.txt HTTP/1.1" 200 24 "-" "Mozilla/5.0 (Windows NT 5.1; rv:6.0.2) Gecko/20100101 Firefox/6.0.2"
173.242.124.160 - - [23/Nov/2012:17:10:04 +0100] "GET /robots.txt HTTP/1.0" 200 24 "-" "Mozilla/5.0 (compatible; MJ12bot/v1.4.3; http://www.majestic12.co.uk/bot.php?+)"
173.242.124.160 - - [23/Nov/2012:17:10:06 +0100] "GET /teledienst.html HTTP/1.0" 200 4588 "-" "Mozilla/5.0 (compatible; MJ12bot/v1.4.3; http://www.majestic12.co.uk/bot.php?+)"
109.189.6.229 - - [23/Nov/2012:18:40:18 +0100] "GET /robots.txt HTTP/1.0" 200 24 "-" "Mozilla/5.0 (compatible; MJ12bot/v1.4.3; http://www.majestic12.co.uk/bot.php?+)"
109.189.6.229 - - [23/Nov/2012:18:40:19 +0100] "GET / HTTP/1.0" 200 12977 "-" "Mozilla/5.0 (compatible; MJ12bot/v1.4.3; http://www.majestic12.co.uk/bot.php?+)"
213.186.120.196 - - [23/Nov/2012:22:57:12 +0100] "GET /robots.txt HTTP/1.1" 200 24 "-" "Mozilla/5.0 (compatible; AhrefsBot/3.1; +http://ahrefs.com/robot/)"
5.9.20.44 - - [23/Nov/2012:22:59:44 +0100] "GET / HTTP/1.1" 200 12977 "-" "Mozilla/5.0 (X11; Ubuntu; Linux x86_64; rv:15.0) Gecko/20100101 Firefox/15.0.1"
5.9.20.44 - - [23/Nov/2012:22:59:49 +0100] "GET / HTTP/1.1" 200 12977 "-" "Mozilla/5.0 (X11; Ubuntu; Linux x86_64; rv:15.0) Gecko/20100101 Firefox/15.0.1"
5.9.20.44 - - [23/Nov/2012:22:59:49 +0100] "GET /teledienst.html HTTP/1.1" 200 4588 "-" "Mozilla/5.0 (X11; Ubuntu; Linux x86_64; rv:15.0) Gecko/20100101 Firefox/15.0.1"
5.9.20.44 - - [23/Nov/2012:22:59:53 +0100] "GET / HTTP/1.1" 200 12977 "-" "Mozilla/5.0 (X11; Ubuntu; Linux x86_64; rv:15.0) Gecko/20100101 Firefox/15.0.1"
66.249.75.173 - - [24/Nov/2012:02:38:53 +0100] "GET /robots.txt HTTP/1.1" 200 24 "-" "Mozilla/5.0 (compatible; Googlebot/2.1; +http://www.google.com/bot.html)"
66.249.75.173 - - [24/Nov/2012:02:38:53 +0100] "GET /callback.html HTTP/1.1" 200 3272 "-" "Mozilla/5.0 (compatible; Googlebot/2.1; +http://www.google.com/bot.html)"
66.249.75.173 - - [24/Nov/2012:04:47:07 +0100] "GET /diashow.swf HTTP/1.1" 200 311957 "-" "Mozilla/5.0 (compatible; Googlebot/2.1; +http://www.google.com/bot.html)"
66.249.75.173 - - [24/Nov/2012:04:49:45 +0100] "GET /teledienst.html HTTP/1.1" 304 - "-" "Mozilla/5.0 (compatible; Googlebot/2.1; +http://www.google.com/bot.html)"
83.133.125.202 - - [24/Nov/2012:08:48:46 +0100] "GET / HTTP/1.1" 200 12977 "http://www.bigfinder.de/home-11.html" "Mozilla/5.0 (Windows; U; Windows NT 6.0; en-US) AppleWebKit/533.4 (KHTML, like Gecko) Chrome/5.0.375.126 Safari/533.4"
213.144.5.2 - - [24/Nov/2012:11:27:27 +0100] "GET / HTTP/1.1" 200 12977 "-" "Java/1.7.0_03"
213.144.5.2 - - [24/Nov/2012:11:27:27 +0100] "GET / HTTP/1.1" 200 12977 "-" "Java/1.7.0_03"
213.144.5.2 - - [24/Nov/2012:11:27:27 +0100] "GET /teledienst.html HTTP/1.1" 200 4588 "-" "Java/1.7.0_03"
213.144.5.2 - - [24/Nov/2012:11:27:27 +0100] "GET /teledienst.html HTTP/1.1" 200 4588 "-" "Java/1.7.0_03"
213.144.5.2 - - [24/Nov/2012:11:27:27 +0100] "GET / HTTP/1.1" 200 12977 "-" "Java/1.7.0_03"
213.144.5.2 - - [24/Nov/2012:11:27:27 +0100] "GET / HTTP/1.1" 200 12977 "-" "Java/1.7.0_03"
37.9.53.31 - - [24/Nov/2012:14:14:12 +0100] "GET / HTTP/1.1" 200 12977 "-" "Mozilla/5.0 (Windows; U; Windows NT 5.1; en-US; rv:1.9.0.4) Gecko/2008102920 Firefox/3.0.4"
37.9.53.31 - - [24/Nov/2012:14:14:13 +0100] "GET /forums/ HTTP/1.1" 404 1256 "-" "Mozilla/5.0 (Windows; U; Windows NT 5.1; en-US; rv:1.9.0.4) Gecko/2008102920 Firefox/3.0.4"
37.9.53.31 - - [24/Nov/2012:14:14:13 +0100] "GET /board/ HTTP/1.1" 404 1256 "-" "Mozilla/5.0 (Windows; U; Windows NT 5.1; en-US; rv:1.9.0.4) Gecko/2008102920 Firefox/3.0.4"
37.9.53.31 - - [24/Nov/2012:14:14:13 +0100] "GET /ipboard/ HTTP/1.1" 404 1256 "-" "Mozilla/5.0 (Windows; U; Windows NT 5.1; en-US; rv:1.9.0.4) Gecko/2008102920 Firefox/3.0.4"
37.9.53.31 - - [24/Nov/2012:14:14:13 +0100] "GET /forum/ HTTP/1.1" 404 1256 "-" "Mozilla/5.0 (Windows; U; Windows NT 5.1; en-US; rv:1.9.0.4) Gecko/2008102920 Firefox/3.0.4"
37.9.53.31 - - [24/Nov/2012:14:14:13 +0100] "GET /ipb/ HTTP/1.1" 404 1256 "-" "Mozilla/5.0 (Windows; U; Windows NT 5.1; en-US; rv:1.9.0.4) Gecko/2008102920 Firefox/3.0.4"
37.9.53.31 - - [24/Nov/2012:14:14:13 +0100] "GET /community/ HTTP/1.1" 404 1256 "-" "Mozilla/5.0 (Windows; U; Windows NT 5.1; en-US; rv:1.9.0.4) Gecko/2008102920 Firefox/3.0.4"
91.51.138.190 - - [24/Nov/2012:21:34:40 +0100] "GET / HTTP/1.1" 200 12977 "http://search.conduit.com/Results.aspx?q=zahnarztpraxis%20berlin&start=20&hl=de&SearchSource=13&SelfSearch=1&SearchType=SearchWeb&ctid=CT2625848&octid=CT2625848&SSPV=FFAUTOTB&FollowOn=True" "Mozilla/5.0 (Windows NT 6.0; rv:16.0) Gecko/20100101 Firefox/16.0"
91.51.138.190 - - [24/Nov/2012:21:34:40 +0100] "GET /opensite.js HTTP/1.1" 200 1125 "http://www.zahnarztpraxis-berlin-pankow.de/" "Mozilla/5.0 (Windows NT 6.0; rv:16.0) Gecko/20100101 Firefox/16.0"
91.51.138.190 - - [24/Nov/2012:21:34:40 +0100] "GET /favicon.ico HTTP/1.1" 200 2550 "-" "Mozilla/5.0 (Windows NT 6.0; rv:16.0) Gecko/20100101 Firefox/16.0"
91.51.138.190 - - [24/Nov/2012:21:34:40 +0100] "GET /flashopen.js HTTP/1.1" 200 604 "http://www.zahnarztpraxis-berlin-pankow.de/" "Mozilla/5.0 (Windows NT 6.0; rv:16.0) Gecko/20100101 Firefox/16.0"
91.51.138.190 - - [24/Nov/2012:21:34:40 +0100] "GET /hattke.swf HTTP/1.1" 200 12042 "http://www.zahnarztpraxis-berlin-pankow.de/" "Mozilla/5.0 (Windows NT 6.0; rv:16.0) Gecko/20100101 Firefox/16.0"
91.51.138.190 - - [24/Nov/2012:21:34:42 +0100] "GET /diashow.swf HTTP/1.1" 200 311957 "http://www.zahnarztpraxis-berlin-pankow.de/hattke.swf" "Mozilla/5.0 (Windows NT 6.0; rv:16.0) Gecko/20100101 Firefox/16.0"
91.209.8.16 - - [24/Nov/2012:22:08:13 +0100] "GET /robots.txt HTTP/1.0" 200 24 "-" "MT-Soft (http://www.mt-soft.com.ar)"
91.209.8.16 - - [24/Nov/2012:22:08:13 +0100] "GET / HTTP/1.1" 200 12977 "-" "-"
91.209.8.16 - - [24/Nov/2012:22:08:13 +0100] "GET /robots.txt HTTP/1.0" 200 24 "-" "MT-Soft (http://www.mt-soft.com.ar)"
91.209.8.16 - - [24/Nov/2012:22:08:13 +0100] "GET / HTTP/1.1" 200 12977 "-" "-"
157.55.33.50 - - [25/Nov/2012:00:59:29 +0100] "GET /robots.txt HTTP/1.1" 200 24 "-" "Mozilla/5.0 (compatible; bingbot/2.0; +http://www.bing.com/bingbot.htm)"
157.55.33.50 - - [25/Nov/2012:01:01:15 +0100] "GET / HTTP/1.1" 304 - "-" "Mozilla/5.0 (compatible; bingbot/2.0; +http://www.bing.com/bingbot.htm)"
178.154.179.250 - - [25/Nov/2012:04:22:35 +0100] "GET /robots.txt HTTP/1.1" 200 24 "-" "Mozilla/5.0 (compatible; YandexBot/3.0; +http://yandex.com/bots)"
176.9.58.141 - - [25/Nov/2012:08:26:49 +0100] "GET /robots.txt HTTP/1.0" 200 24 "-" "Mozilla/5.0 (compatible; SEOkicks-Robot +http://www.seokicks.de/robot.html)"
176.9.58.141 - - [25/Nov/2012:08:26:52 +0100] "GET / HTTP/1.0" 200 12977 "-" "Mozilla/5.0 (compatible; SEOkicks-Robot +http://www.seokicks.de/robot.html)"
176.9.58.141 - - [25/Nov/2012:08:26:57 +0100] "GET /favicon.ico HTTP/1.0" 200 2550 "http://www.zahnarztpraxis-berlin-pankow.de/" "Mozilla/5.0 (compatible; SEOkicks-Robot +http://www.seokicks.de/robot.html)"
176.9.58.141 - - [25/Nov/2012:08:27:00 +0100] "GET /opensite.js HTTP/1.0" 200 1125 "http://www.zahnarztpraxis-berlin-pankow.de/" "Mozilla/5.0 (compatible; SEOkicks-Robot +http://www.seokicks.de/robot.html)"
176.9.58.141 - - [25/Nov/2012:08:27:03 +0100] "GET /flashopen.js HTTP/1.0" 200 604 "http://www.zahnarztpraxis-berlin-pankow.de/" "Mozilla/5.0 (compatible; SEOkicks-Robot +http://www.seokicks.de/robot.html)"
176.9.58.141 - - [25/Nov/2012:08:27:06 +0100] "GET /teledienst.html HTTP/1.0" 200 4588 "http://www.zahnarztpraxis-berlin-pankow.de/" "Mozilla/5.0 (compatible; SEOkicks-Robot +http://www.seokicks.de/robot.html)"
66.249.75.173 - - [25/Nov/2012:09:39:49 +0100] "GET /robots.txt HTTP/1.1" 200 24 "-" "Mozilla/5.0 (compatible; Googlebot/2.1; +http://www.google.com/bot.html)"
66.249.75.173 - - [25/Nov/2012:09:39:49 +0100] "GET / HTTP/1.1" 200 12977 "-" "Mozilla/5.0 (compatible; Googlebot/2.1; +http://www.google.com/bot.html)"
65.55.52.115 - - [25/Nov/2012:11:56:01 +0100] "GET /robots.txt HTTP/1.1" 200 24 "-" "Mozilla/5.0 (compatible; bingbot/2.0; +http://www.bing.com/bingbot.htm)"
65.55.52.115 - - [25/Nov/2012:12:02:55 +0100] "GET /intro.html HTTP/1.1" 200 5170 "-" "Mozilla/5.0 (compatible; bingbot/2.0; +http://www.bing.com/bingbot.htm)"
157.56.92.176 - - [25/Nov/2012:12:03:00 +0100] "GET /opensite.js HTTP/1.1" 200 1125 "http://www.zahnarztpraxis-berlin-pankow.de/intro.html" "Mozilla/5.0 (Windows NT 6.1; WOW64) AppleWebKit/534+ (KHTML, like Gecko) BingPreview/1.0b"
157.56.92.176 - - [25/Nov/2012:12:03:03 +0100] "GET /hattke.swf HTTP/1.1" 200 12042 "http://www.zahnarztpraxis-berlin-pankow.de/hattke.swf" "Mozilla/5.0 (Windows NT 6.1; WOW64) AppleWebKit/534+ (KHTML, like Gecko) BingPreview/1.0b"
157.56.92.176 - - [25/Nov/2012:12:03:05 +0100] "GET /diashow.swf HTTP/1.1" 200 311957 "http://www.zahnarztpraxis-berlin-pankow.de/hattke.swf" "Mozilla/5.0 (Windows NT 6.1; WOW64) AppleWebKit/534+ (KHTML, like Gecko) BingPreview/1.0b"
178.154.179.250 - - [25/Nov/2012:12:30:39 +0100] "GET /teledienst.html HTTP/1.1" 304 - "-" "Mozilla/5.0 (compatible; YandexBot/3.0; +http://yandex.com/bots)"
176.9.48.201 - - [25/Nov/2012:14:52:18 +0100] "GET /robots.txt HTTP/1.1" 200 24 "-" "Mozilla/5.0 (X11; Ubuntu; Linux x86_64; rv:15.0) Gecko/20100101 Firefox/15.0.1"
176.9.48.201 - - [25/Nov/2012:14:52:18 +0100] "GET / HTTP/1.1" 200 12977 "-" "Mozilla/5.0 (X11; Ubuntu; Linux x86_64; rv:15.0) Gecko/20100101 Firefox/15.0.1"
176.9.48.201 - - [25/Nov/2012:14:52:18 +0100] "GET /teledienst.html HTTP/1.1" 200 4588 "-" "Mozilla/5.0 (X11; Ubuntu; Linux x86_64; rv:15.0) Gecko/20100101 Firefox/15.0.1"
157.56.229.23 - - [25/Nov/2012:16:25:12 +0100] "GET /robots.txt HTTP/1.1" 200 24 "-" "Mozilla/5.0 (compatible; bingbot/2.0; +http://www.bing.com/bingbot.htm)"
157.56.229.23 - - [25/Nov/2012:16:30:23 +0100] "GET /hattke.swf HTTP/1.1" 200 12042 "-" "Mozilla/5.0 (compatible; bingbot/2.0; +http://www.bing.com/bingbot.htm)"
83.133.125.202 - - [25/Nov/2012:17:24:35 +0100] "GET / HTTP/1.1" 200 12977 "http://www.sumaja.de/?such_wert=berlin" "Mozilla/4.0 (compatible; MSIE 8.0; Windows NT 5.1; Trident/4.0; FBSMTWB; ATC/1.0; .NET CLR 1.1.4322; ATC/1.0; .NET CLR 2.0.50727; .NET CLR 3.0.4506.2152; .NET CLR 3.5.30729)"
180.76.5.52 - - [25/Nov/2012:19:29:34 +0100] "GET /robots.txt HTTP/1.1" 200 24 "-" "Mozilla/5.0 (Windows NT 5.1; rv:6.0.2) Gecko/20100101 Firefox/6.0.2"
195.2.165.12 - - [25/Nov/2012:20:08:04 +0100] "GET / HTTP/1.1" 200 12977 "http://zaedno.eu/forums/kb.php?a=31&sid=cd3846ee0f933745614cac52c454e4c8" "Mozilla/5.0 (Windows NT 6.1) AppleWebKit/537.11 (KHTML, like Gecko) Chrome/23.0.1271.64 Safari/537.11"
195.2.165.12 - - [25/Nov/2012:20:08:05 +0100] "GET /opensite.js HTTP/1.1" 200 1125 "http://www.zahnarztpraxis-berlin-pankow.de/" "Mozilla/5.0 (Windows NT 6.1) AppleWebKit/537.11 (KHTML, like Gecko) Chrome/23.0.1271.64 Safari/537.11"
195.2.165.12 - - [25/Nov/2012:20:08:08 +0100] "GET /flashopen.js HTTP/1.1" 200 604 "http://www.zahnarztpraxis-berlin-pankow.de/" "Mozilla/5.0 (Windows NT 6.1) AppleWebKit/537.11 (KHTML, like Gecko) Chrome/23.0.1271.64 Safari/537.11"
195.2.165.12 - - [25/Nov/2012:20:08:08 +0100] "GET /hattke.swf HTTP/1.1" 200 12042 "http://www.zahnarztpraxis-berlin-pankow.de/" "Mozilla/5.0 (Windows NT 6.1) AppleWebKit/537.11 (KHTML, like Gecko) Chrome/23.0.1271.64 Safari/537.11"
195.2.165.12 - - [25/Nov/2012:20:08:09 +0100] "GET /favicon.ico HTTP/1.1" 200 2550 "-" "Mozilla/5.0 (Windows NT 6.1) AppleWebKit/537.11 (KHTML, like Gecko) Chrome/23.0.1271.64 Safari/537.11"
195.2.165.12 - - [25/Nov/2012:20:08:09 +0100] "GET /diashow.swf HTTP/1.1" 200 311957 "http://www.zahnarztpraxis-berlin-pankow.de/" "Mozilla/5.0 (Windows NT 6.1) AppleWebKit/537.11 (KHTML, like Gecko) Chrome/23.0.1271.64 Safari/537.11"
178.154.179.250 - - [25/Nov/2012:21:02:04 +0100] "GET / HTTP/1.1" 200 12977 "-" "Mozilla/5.0 (compatible; YandexBot/3.0; +http://yandex.com/bots)"
85.25.71.100 - - [25/Nov/2012:21:13:45 +0100] "GET /robots.txt HTTP/1.1" 200 24 "-" "Mozilla/5.0 (X11; U; Linux i686; de; rv:1.9.0.1; compatible; iCjobs Stellenangebote Jobs; http://www.icjobs.de) Gecko/20100401 iCjobs/3.2.3"
85.25.71.100 - - [25/Nov/2012:21:13:45 +0100] "GET / HTTP/1.1" 200 12977 "-" "Mozilla/5.0 (X11; U; Linux i686; de; rv:1.9.0.1; compatible; iCjobs Stellenangebote Jobs; http://www.icjobs.de) Gecko/20100401 iCjobs/3.2.3"
85.25.71.100 - - [25/Nov/2012:21:13:46 +0100] "GET / HTTP/1.1" 200 12977 "-" "Mozilla/5.0 (X11; U; Linux i686; de; rv:1.9.0.1; compatible; iCjobs Stellenangebote Jobs; http://www.icjobs.de) Gecko/20100401 iCjobs/3.2.3"
85.25.71.100 - - [25/Nov/2012:21:13:46 +0100] "GET /opensite.js HTTP/1.1" 200 1125 "-" "Mozilla/5.0 (X11; U; Linux i686; de; rv:1.9.0.1; compatible; iCjobs Stellenangebote Jobs; http://www.icjobs.de) Gecko/20100401 iCjobs/3.2.3"
85.25.71.100 - - [25/Nov/2012:21:13:46 +0100] "GET /flashopen.js HTTP/1.1" 200 604 "-" "Mozilla/5.0 (X11; U; Linux i686; de; rv:1.9.0.1; compatible; iCjobs Stellenangebote Jobs; http://www.icjobs.de) Gecko/20100401 iCjobs/3.2.3"
85.25.71.100 - - [25/Nov/2012:21:13:47 +0100] "GET /hattke.swf HTTP/1.1" 200 12042 "-" "Mozilla/5.0 (X11; U; Linux i686; de; rv:1.9.0.1; compatible; iCjobs Stellenangebote Jobs; http://www.icjobs.de) Gecko/20100401 iCjobs/3.2.3"
85.25.71.100 - - [25/Nov/2012:21:13:47 +0100] "GET /teledienst.html HTTP/1.1" 200 4588 "-" "Mozilla/5.0 (X11; U; Linux i686; de; rv:1.9.0.1; compatible; iCjobs Stellenangebote Jobs; http://www.icjobs.de) Gecko/20100401 iCjobs/3.2.3"
85.25.71.100 - - [25/Nov/2012:21:13:48 +0100] "GET /callback.html HTTP/1.1" 200 3272 "-" "Mozilla/5.0 (X11; U; Linux i686; de; rv:1.9.0.1; compatible; iCjobs Stellenangebote Jobs; http://www.icjobs.de) Gecko/20100401 iCjobs/3.2.3"
92.225.140.13 - - [25/Nov/2012:22:36:34 +0100] "GET / HTTP/1.1" 200 12977 "http://www.facebook.com/l.php?u=http%3A%2F%2Fwww.zahnarztpraxis-berlin-pankow.de%2F&h=YAQEsj6JA" "Mozilla/5.0 (Windows NT 6.1) AppleWebKit/537.11 (KHTML, like Gecko) Chrome/23.0.1271.64 Safari/537.11"
92.225.140.13 - - [25/Nov/2012:22:36:35 +0100] "GET /opensite.js HTTP/1.1" 200 1125 "http://www.zahnarztpraxis-berlin-pankow.de/" "Mozilla/5.0 (Windows NT 6.1) AppleWebKit/537.11 (KHTML, like Gecko) Chrome/23.0.1271.64 Safari/537.11"
92.225.140.13 - - [25/Nov/2012:22:36:35 +0100] "GET /flashopen.js HTTP/1.1" 200 604 "http://www.zahnarztpraxis-berlin-pankow.de/" "Mozilla/5.0 (Windows NT 6.1) AppleWebKit/537.11 (KHTML, like Gecko) Chrome/23.0.1271.64 Safari/537.11"
92.225.140.13 - - [25/Nov/2012:22:36:35 +0100] "GET /hattke.swf HTTP/1.1" 200 12042 "http://www.zahnarztpraxis-berlin-pankow.de/" "Mozilla/5.0 (Windows NT 6.1) AppleWebKit/537.11 (KHTML, like Gecko) Chrome/23.0.1271.64 Safari/537.11"
92.225.140.13 - - [25/Nov/2012:22:36:35 +0100] "GET /favicon.ico HTTP/1.1" 200 2550 "-" "Mozilla/5.0 (Windows NT 6.1) AppleWebKit/537.11 (KHTML, like Gecko) Chrome/23.0.1271.64 Safari/537.11"
92.225.140.13 - - [25/Nov/2012:22:36:36 +0100] "GET /diashow.swf HTTP/1.1" 200 311957 "http://www.zahnarztpraxis-berlin-pankow.de/" "Mozilla/5.0 (Windows NT 6.1) AppleWebKit/537.11 (KHTML, like Gecko) Chrome/23.0.1271.64 Safari/537.11"
66.249.76.173 - - [25/Nov/2012:22:57:47 +0100] "GET /robots.txt HTTP/1.1" 200 24 "-" "Mozilla/5.0 (compatible; Googlebot/2.1; +http://www.google.com/bot.html)"
66.249.76.173 - - [25/Nov/2012:22:57:47 +0100] "GET / HTTP/1.1" 200 12977 "-" "DoCoMo/2.0 N905i(c100;TB;W24H16) (compatible; Googlebot-Mobile/2.1; +http://www.google.com/bot.html)"
157.56.93.150 - - [26/Nov/2012:08:31:19 +0100] "GET /robots.txt HTTP/1.1" 200 24 "-" "Mozilla/5.0 (compatible; bingbot/2.0; +http://www.bing.com/bingbot.htm)"
157.56.93.150 - - [26/Nov/2012:08:38:39 +0100] "GET /teledienst.html HTTP/1.1" 200 4588 "-" "Mozilla/5.0 (compatible; bingbot/2.0; +http://www.bing.com/bingbot.htm)"
209.190.1.132 - - [26/Nov/2012:11:34:32 +0100] "GET / HTTP/1.1" 200 12977 "-" "Mozilla/5.0 (compatible; MSIE 8.0; Windows NT 5.1) KomodiaBot/1.0"
209.190.1.131 - - [26/Nov/2012:11:38:56 +0100] "GET /teledienst.html HTTP/1.1" 200 4588 "-" "Mozilla/5.0 (compatible; MSIE 8.0; Windows NT 5.1) KomodiaBot/1.0"
91.66.22.148 - - [26/Nov/2012:12:16:30 +0100] "GET / HTTP/1.1" 200 12977 "http://www.med-kolleg.de/arzt/zahnarzt/10460.html" "Mozilla/5.0 (Macintosh; Intel Mac OS X 10.7; rv:14.0) Gecko/20100101 Firefox/14.0.1"
91.66.22.148 - - [26/Nov/2012:12:16:30 +0100] "GET /opensite.js HTTP/1.1" 200 1125 "http://www.zahnarztpraxis-berlin-pankow.de/" "Mozilla/5.0 (Macintosh; Intel Mac OS X 10.7; rv:14.0) Gecko/20100101 Firefox/14.0.1"
91.66.22.148 - - [26/Nov/2012:12:16:31 +0100] "GET /favicon.ico HTTP/1.1" 200 2550 "-" "Mozilla/5.0 (Macintosh; Intel Mac OS X 10.7; rv:14.0) Gecko/20100101 Firefox/14.0.1"
91.66.22.148 - - [26/Nov/2012:12:16:31 +0100] "GET /flashopen.js HTTP/1.1" 200 604 "http://www.zahnarztpraxis-berlin-pankow.de/" "Mozilla/5.0 (Macintosh; Intel Mac OS X 10.7; rv:14.0) Gecko/20100101 Firefox/14.0.1"
91.66.22.148 - - [26/Nov/2012:12:16:31 +0100] "GET /hattke.swf HTTP/1.1" 200 12042 "http://www.zahnarztpraxis-berlin-pankow.de/" "Mozilla/5.0 (Macintosh; Intel Mac OS X 10.7; rv:14.0) Gecko/20100101 Firefox/14.0.1"
91.66.22.148 - - [26/Nov/2012:12:16:31 +0100] "GET /diashow.swf HTTP/1.1" 200 311957 "http://www.zahnarztpraxis-berlin-pankow.de/hattke.swf" "Mozilla/5.0 (Macintosh; Intel Mac OS X 10.7; rv:14.0) Gecko/20100101 Firefox/14.0.1"
157.55.33.50 - - [26/Nov/2012:13:14:33 +0100] "GET /robots.txt HTTP/1.1" 200 24 "-" "Mozilla/5.0 (compatible; bingbot/2.0; +http://www.bing.com/bingbot.htm)"
157.55.33.50 - - [26/Nov/2012:13:16:08 +0100] "GET / HTTP/1.1" 200 12977 "-" "Mozilla/5.0 (compatible; bingbot/2.0; +http://www.bing.com/bingbot.htm)"
85.214.127.10 - - [26/Nov/2012:13:45:58 +0100] "GET / HTTP/1.0" 200 12977 "-" "Mozilla"
85.214.127.10 - - [26/Nov/2012:13:45:58 +0100] "GET /teledienst.html HTTP/1.0" 200 4588 "-" "Mozilla"
157.55.33.50 - - [26/Nov/2012:15:43:04 +0100] "GET /robots.txt HTTP/1.1" 200 24 "-" "Mozilla/5.0 (compatible; bingbot/2.0; +http://www.bing.com/bingbot.htm)"
157.55.33.50 - - [26/Nov/2012:15:47:14 +0100] "GET / HTTP/1.1" 304 - "-" "Mozilla/5.0 (compatible; bingbot/2.0; +http://www.bing.com/bingbot.htm)"
66.249.73.245 - - [26/Nov/2012:18:00:47 +0100] "GET /robots.txt HTTP/1.1" 200 24 "-" "Mozilla/5.0 (compatible; Googlebot/2.1; +http://www.google.com/bot.html)"
66.249.73.245 - - [26/Nov/2012:18:00:48 +0100] "GET / HTTP/1.1" 200 12977 "-" "Mozilla/5.0 (compatible; Googlebot/2.1; +http://www.google.com/bot.html)"
86.111.221.246 - - [26/Nov/2012:18:49:10 +0100] "GET / HTTP/1.1" 200 12977 "-" "Mozilla/5.0 (Windows; U; Windows NT 5.1; en-US) AppleWebKit/534.13 (KHTML, like Gecko) Chrome/9.0.597.84 Safari/534.13"
66.249.74.71 - - [26/Nov/2012:20:04:36 +0100] "GET /robots.txt HTTP/1.1" 200 24 "-" "Mozilla/5.0 (compatible; Googlebot/2.1; +http://www.google.com/bot.html)"
66.249.74.71 - - [26/Nov/2012:20:04:36 +0100] "GET / HTTP/1.1" 200 12977 "-" "SAMSUNG-SGH-E250/1.0 Profile/MIDP-2.0 Configuration/CLDC-1.1 UP.Browser/6.2.3.3.c.1.101 (GUI) MMP/2.0 (compatible; Googlebot-Mobile/2.1; +http://www.google.com/bot.html)"
180.76.5.56 - - [26/Nov/2012:20:06:25 +0100] "GET /robots.txt HTTP/1.1" 200 24 "-" "Mozilla/5.0 (Windows NT 5.1; rv:6.0.2) Gecko/20100101 Firefox/6.0.2"
188.102.97.29 - - [26/Nov/2012:23:23:01 +0100] "GET / HTTP/1.1" 200 12977 "http://www.google.de/search?hl=de&redir_esc=&client=ms-android-samsung&source=android-launcher-widget&v=133247963&qsubts=1353968477639&action=devloc&q=zahnarztpraxis+hattke&v=133247963" "Mozilla/5.0 (Linux; U; Android 2.3.6; de-de; GT-S5830i Build/GINGERBREAD) AppleWebKit/533.1 (KHTML, like Gecko) Version/4.0 Mobile Safari/533.1"
188.102.97.29 - - [26/Nov/2012:23:23:01 +0100] "GET /opensite.js HTTP/1.1" 200 1125 "http://www.zahnarztpraxis-berlin-pankow.de/" "Mozilla/5.0 (Linux; U; Android 2.3.6; de-de; GT-S5830i Build/GINGERBREAD) AppleWebKit/533.1 (KHTML, like Gecko) Version/4.0 Mobile Safari/533.1"
188.102.97.29 - - [26/Nov/2012:23:23:01 +0100] "GET /flashopen.js HTTP/1.1" 200 604 "http://www.zahnarztpraxis-berlin-pankow.de/" "Mozilla/5.0 (Linux; U; Android 2.3.6; de-de; GT-S5830i Build/GINGERBREAD) AppleWebKit/533.1 (KHTML, like Gecko) Version/4.0 Mobile Safari/533.1"
188.102.97.29 - - [26/Nov/2012:23:23:01 +0100] "GET /favicon.ico HTTP/1.1" 200 2550 "http://www.zahnarztpraxis-berlin-pankow.de/" "Mozilla/5.0 (Linux; U; Android 2.3.6; de-de; GT-S5830i Build/GINGERBREAD) AppleWebKit/533.1 (KHTML, like Gecko) Version/4.0 Mobile Safari/533.1"
188.102.97.29 - - [26/Nov/2012:23:24:35 +0100] "GET /intro.html HTTP/1.1" 200 5170 "http://www.google.de/search?hl=de&redir_esc=&client=ms-android-samsung&source=android-launcher-widget&v=133247963&qsubts=1353968477639&action=devloc&q=zahnarztpraxis+hattke&v=133247963" "Mozilla/5.0 (Linux; U; Android 2.3.6; de-de; GT-S5830i Build/GINGERBREAD) AppleWebKit/533.1 (KHTML, like Gecko) Version/4.0 Mobile Safari/533.1"
178.255.215.65 - - [27/Nov/2012:01:25:50 +0100] "GET /robots.txt HTTP/1.1" 200 24 "-" "Mozilla/5.0 (compatible; Exabot/3.0; +http://www.exabot.com/go/robot)"
178.255.215.65 - - [27/Nov/2012:01:25:50 +0100] "GET / HTTP/1.1" 304 - "-" "Mozilla/5.0 (compatible; Exabot/3.0; +http://www.exabot.com/go/robot)"
157.56.93.150 - - [27/Nov/2012:04:40:09 +0100] "GET /robots.txt HTTP/1.1" 200 24 "-" "Mozilla/5.0 (compatible; bingbot/2.0; +http://www.bing.com/bingbot.htm)"
157.56.93.150 - - [27/Nov/2012:04:51:36 +0100] "GET /teledienst.html HTTP/1.1" 304 - "-" "Mozilla/5.0 (compatible; bingbot/2.0; +http://www.bing.com/bingbot.htm)"
80.68.161.22 - - [27/Nov/2012:06:56:34 +0100] "GET / HTTP/1.1" 200 12977 "http://www.google.de/url?sa=t&rct=j&q=zahnarzt%20hattke&source=web&cd=1&sqi=2&ved=0CC0QFjAA&url=http%3A%2F%2Fwww.zahnarztpraxis-berlin-pankow.de%2F&ei=AVa0UJqqMOSd0QWolICQCA&usg=AFQjCNGhU0LSIXKAU9N4d8DNsS8g6WKbiA" "Mozilla/4.0 (compatible; MSIE 8.0; Windows NT 5.1; Trident/4.0; .NET CLR 1.1.4322; .NET CLR 2.0.50727; .NET CLR 3.0.04506.30; .NET CLR 3.0.4506.2152; .NET CLR 3.5.30729; .NET4.0C; .NET4.0E)"
80.68.161.22 - - [27/Nov/2012:06:56:34 +0100] "GET /opensite.js HTTP/1.1" 200 1125 "http://www.zahnarztpraxis-berlin-pankow.de/" "Mozilla/4.0 (compatible; MSIE 8.0; Windows NT 5.1; Trident/4.0; .NET CLR 1.1.4322; .NET CLR 2.0.50727; .NET CLR 3.0.04506.30; .NET CLR 3.0.4506.2152; .NET CLR 3.5.30729; .NET4.0C; .NET4.0E)"
80.68.161.22 - - [27/Nov/2012:06:56:34 +0100] "GET /flashopen.js HTTP/1.1" 200 604 "http://www.zahnarztpraxis-berlin-pankow.de/" "Mozilla/4.0 (compatible; MSIE 8.0; Windows NT 5.1; Trident/4.0; .NET CLR 1.1.4322; .NET CLR 2.0.50727; .NET CLR 3.0.04506.30; .NET CLR 3.0.4506.2152; .NET CLR 3.5.30729; .NET4.0C; .NET4.0E)"
80.68.161.22 - - [27/Nov/2012:06:56:34 +0100] "GET /hattke.swf HTTP/1.1" 200 12042 "http://www.zahnarztpraxis-berlin-pankow.de/" "Mozilla/4.0 (compatible; MSIE 8.0; Windows NT 5.1; Trident/4.0; .NET CLR 1.1.4322; .NET CLR 2.0.50727; .NET CLR 3.0.04506.30; .NET CLR 3.0.4506.2152; .NET CLR 3.5.30729; .NET4.0C; .NET4.0E)"
80.68.161.22 - - [27/Nov/2012:06:56:34 +0100] "GET /favicon.ico HTTP/1.1" 200 2550 "-" "Mozilla/4.0 (compatible; MSIE 8.0; Windows NT 5.1; Trident/4.0; .NET CLR 1.1.4322; .NET CLR 2.0.50727; .NET CLR 3.0.04506.30; .NET CLR 3.0.4506.2152; .NET CLR 3.5.30729; .NET4.0C; .NET4.0E)"
80.68.161.22 - - [27/Nov/2012:06:56:35 +0100] "GET /diashow.swf HTTP/1.1" 200 311957 "http://www.zahnarztpraxis-berlin-pankow.de/hattke.swf" "Mozilla/4.0 (compatible; MSIE 8.0; Windows NT 5.1; Trident/4.0; .NET CLR 1.1.4322; .NET CLR 2.0.50727; .NET CLR 3.0.04506.30; .NET CLR 3.0.4506.2152; .NET CLR 3.5.30729; .NET4.0C; .NET4.0E)"
176.9.48.201 - - [27/Nov/2012:07:23:52 +0100] "GET /robots.txt HTTP/1.1" 200 24 "-" "Mozilla/5.0 (X11; Ubuntu; Linux x86_64; rv:15.0) Gecko/20100101 Firefox/15.0.1"
176.9.48.201 - - [27/Nov/2012:07:23:52 +0100] "GET / HTTP/1.1" 200 12977 "-" "Mozilla/5.0 (X11; Ubuntu; Linux x86_64; rv:15.0) Gecko/20100101 Firefox/15.0.1"
176.9.48.201 - - [27/Nov/2012:07:23:54 +0100] "GET /teledienst.html HTTP/1.1" 200 4588 "-" "Mozilla/5.0 (X11; Ubuntu; Linux x86_64; rv:15.0) Gecko/20100101 Firefox/15.0.1"
87.244.148.82 - - [27/Nov/2012:14:22:17 +0100] "GET /?author=1 HTTP/1.1" 200 12977 "-" "Mozilla/5.0 (Windows NT 6.1; WOW64) AppleWebKit/537.4 (KHTML, like Gecko) Chrome/22.0.1229.94 Safari/537.4"
87.244.148.82 - - [27/Nov/2012:14:22:18 +0100] "GET / HTTP/1.1" 200 12977 "-" "Mozilla/5.0 (Windows NT 6.1; WOW64) AppleWebKit/537.4 (KHTML, like Gecko) Chrome/22.0.1229.94 Safari/537.4"
87.244.148.82 - - [27/Nov/2012:14:22:18 +0100] "GET / HTTP/1.1" 200 12977 "-" "Mozilla/5.0 (Windows NT 6.1; WOW64) AppleWebKit/537.4 (KHTML, like Gecko) Chrome/22.0.1229.94 Safari/537.4"
173.199.119.11 - - [27/Nov/2012:19:43:44 +0100] "GET /robots.txt HTTP/1.1" 200 24 "-" "Mozilla/5.0 (compatible; AhrefsBot/4.0; +http://ahrefs.com/robot/)"
217.69.133.70 - - [28/Nov/2012:02:14:20 +0100] "GET /robots.txt HTTP/1.0" 200 24 "-" "Mozilla/5.0 (compatible; Mail.RU_Bot/2.0)"
213.73.96.24 - - [28/Nov/2012:08:58:04 +0100] "GET / HTTP/1.1" 200 12977 "-" "Mozilla/4.0 (compatible; MSIE 7.0; Windows NT 6.1; WOW64; Trident/5.0; SLCC2; .NET CLR 2.0.50727; .NET4.0C; .NET4.0E; .NET CLR 3.5.30729; .NET CLR 3.0.30729)"
213.73.96.24 - - [28/Nov/2012:08:58:04 +0100] "GET /opensite.js HTTP/1.1" 200 1125 "http://www.zahnarztpraxis-berlin-pankow.de/" "Mozilla/4.0 (compatible; MSIE 7.0; Windows NT 6.1; WOW64; Trident/5.0; SLCC2; .NET CLR 2.0.50727; .NET4.0C; .NET4.0E; .NET CLR 3.5.30729; .NET CLR 3.0.30729)"
213.73.96.24 - - [28/Nov/2012:08:58:04 +0100] "GET /flashopen.js HTTP/1.1" 200 604 "http://www.zahnarztpraxis-berlin-pankow.de/" "Mozilla/4.0 (compatible; MSIE 7.0; Windows NT 6.1; WOW64; Trident/5.0; SLCC2; .NET CLR 2.0.50727; .NET4.0C; .NET4.0E; .NET CLR 3.5.30729; .NET CLR 3.0.30729)"
173.199.115.171 - - [28/Nov/2012:09:04:18 +0100] "GET / HTTP/1.1" 200 12977 "-" "Mozilla/5.0 (compatible; AhrefsBot/4.0; +http://ahrefs.com/robot/)"
199.58.86.211 - - [28/Nov/2012:13:20:56 +0100] "GET /robots.txt HTTP/1.0" 200 24 "-" "Mozilla/5.0 (compatible; MJ12bot/v1.4.3; http://www.majestic12.co.uk/bot.php?+)"
199.58.86.211 - - [28/Nov/2012:13:20:58 +0100] "GET /teledienst.html HTTP/1.0" 200 4588 "-" "Mozilla/5.0 (compatible; MJ12bot/v1.4.3; http://www.majestic12.co.uk/bot.php?+)"
157.55.33.50 - - [28/Nov/2012:16:01:46 +0100] "GET /robots.txt HTTP/1.1" 200 24 "-" "Mozilla/5.0 (compatible; bingbot/2.0; +http://www.bing.com/bingbot.htm)"
157.55.33.50 - - [28/Nov/2012:16:07:16 +0100] "GET / HTTP/1.1" 304 - "-" "Mozilla/5.0 (compatible; bingbot/2.0; +http://www.bing.com/bingbot.htm)"
157.55.33.50 - - [28/Nov/2012:16:37:47 +0100] "GET /robots.txt HTTP/1.1" 200 24 "-" "Mozilla/5.0 (compatible; bingbot/2.0; +http://www.bing.com/bingbot.htm)"
157.55.33.50 - - [28/Nov/2012:16:44:05 +0100] "GET / HTTP/1.1" 304 - "-" "Mozilla/5.0 (compatible; bingbot/2.0; +http://www.bing.com/bingbot.htm)"
178.154.179.250 - - [28/Nov/2012:17:49:03 +0100] "GET /robots.txt HTTP/1.1" 200 24 "-" "Mozilla/5.0 (compatible; YandexBot/3.0; +http://yandex.com/bots)"
176.9.48.201 - - [28/Nov/2012:18:10:33 +0100] "GET /robots.txt HTTP/1.1" 200 24 "-" "Mozilla/5.0 (X11; Ubuntu; Linux x86_64; rv:15.0) Gecko/20100101 Firefox/15.0.1"
176.9.48.201 - - [28/Nov/2012:18:10:33 +0100] "GET / HTTP/1.1" 200 12977 "-" "Mozilla/5.0 (X11; Ubuntu; Linux x86_64; rv:15.0) Gecko/20100101 Firefox/15.0.1"
176.9.48.201 - - [28/Nov/2012:18:10:36 +0100] "GET /teledienst.html HTTP/1.1" 200 4588 "-" "Mozilla/5.0 (X11; Ubuntu; Linux x86_64; rv:15.0) Gecko/20100101 Firefox/15.0.1"
66.249.66.179 - - [28/Nov/2012:21:42:41 +0100] "GET /robots.txt HTTP/1.1" 200 24 "-" "Mozilla/5.0 (compatible; Googlebot/2.1; +http://www.google.com/bot.html)"
66.249.66.179 - - [28/Nov/2012:21:42:41 +0100] "GET / HTTP/1.1" 200 12977 "-" "Mozilla/5.0 (compatible; Googlebot/2.1; +http://www.google.com/bot.html)"
178.154.179.250 - - [29/Nov/2012:01:15:22 +0100] "GET /teledienst.html HTTP/1.1" 304 - "-" "Mozilla/5.0 (compatible; YandexBot/3.0; +http://yandex.com/bots)"
66.249.66.179 - - [29/Nov/2012:02:24:41 +0100] "GET /hattke.swf HTTP/1.1" 200 12042 "-" "Mozilla/5.0 (compatible; Googlebot/2.1; +http://www.google.com/bot.html)"
212.227.58.53 - - [29/Nov/2012:05:49:01 +0100] "GET /robots.txt HTTP/1.0" 200 24 "-" "Test Spider/Nutch-2.1"
212.227.58.53 - - [29/Nov/2012:05:49:01 +0100] "GET / HTTP/1.0" 200 12977 "-" "Test Spider/Nutch-2.1"
62.153.211.180 - - [29/Nov/2012:07:15:39 +0100] "GET / HTTP/1.1" 200 12977 "http://www.google.de/url?url=http://www.zahnarztpraxis-berlin-pankow.de/&rct=j&sa=U&ei=Xf22UJmrJJO3hAef1oCoDQ&ved=0CBYQFjAA&q=Hattke,+13158+berlin&usg=AFQjCNEbRNUcEo6a4ZOj8u2rFYEkPPFmwA" "Mozilla/5.0 (Windows; U; Windows NT 5.2; de-DE; rv:1.9.2.3) Gecko/20100402 Firefox/3.6.3"
62.153.211.180 - - [29/Nov/2012:07:15:39 +0100] "GET /opensite.js HTTP/1.1" 200 1125 "http://www.zahnarztpraxis-berlin-pankow.de/" "Mozilla/5.0 (Windows; U; Windows NT 5.2; de-DE; rv:1.9.2.3) Gecko/20100402 Firefox/3.6.3"
62.153.211.180 - - [29/Nov/2012:07:15:40 +0100] "GET /flashopen.js HTTP/1.1" 200 604 "http://www.zahnarztpraxis-berlin-pankow.de/" "Mozilla/5.0 (Windows; U; Windows NT 5.2; de-DE; rv:1.9.2.3) Gecko/20100402 Firefox/3.6.3"
62.153.211.180 - - [29/Nov/2012:07:15:40 +0100] "GET /favicon.ico HTTP/1.1" 200 2550 "-" "Mozilla/5.0 (Windows; U; Windows NT 5.2; de-DE; rv:1.9.2.3) Gecko/20100402 Firefox/3.6.3"
62.153.211.180 - - [29/Nov/2012:07:15:40 +0100] "GET /hattke.swf HTTP/1.1" 200 12042 "http://www.zahnarztpraxis-berlin-pankow.de/" "Mozilla/5.0 (Windows; U; Windows NT 5.2; de-DE; rv:1.9.2.3) Gecko/20100402 Firefox/3.6.3"
62.153.211.180 - - [29/Nov/2012:07:15:40 +0100] "GET /diashow.swf HTTP/1.1" 200 311957 "-" "Mozilla/5.0 (Windows; U; Windows NT 5.2; de-DE; rv:1.9.2.3) Gecko/20100402 Firefox/3.6.3"
5.9.223.170 - - [29/Nov/2012:07:21:19 +0100] "GET /robots.txt HTTP/1.1" 200 24 "-" "Mozilla/5.0 (compatible; SISTRIX Crawler; http://crawler.sistrix.net/)"
5.9.223.170 - - [29/Nov/2012:07:21:19 +0100] "GET / HTTP/1.1" 200 12977 "-" "Mozilla/5.0 (compatible; SISTRIX Crawler; http://crawler.sistrix.net/)"
5.9.223.170 - - [29/Nov/2012:07:21:19 +0100] "GET /teledienst.html HTTP/1.1" 200 4588 "-" "Mozilla/5.0 (compatible; SISTRIX Crawler; http://crawler.sistrix.net/)"
46.115.103.158 - - [29/Nov/2012:11:18:13 +0100] "GET /intro.html HTTP/1.1" 200 5170 "http://www.google.de/url?sa=t&rct=j&q=hauptstrasse%2C%20pankow%20hattke&source=web&cd=1&ved=0CC8QFjAA&url=http%3A%2F%2Fwww.zahnarztpraxis-berlin-pankow.de%2Fintro.html&ei=PDa3UICTBIHftAaa34DgCA&usg=AFQjCNFyIP-APaGkBUHn0zTmoUtkP72mRA" "Mozilla/5.0 (X11; Ubuntu; Linux x86_64; rv:17.0) Gecko/17.0 Firefox/17.0"
46.115.103.158 - - [29/Nov/2012:11:18:14 +0100] "GET /opensite.js HTTP/1.1" 200 1125 "http://www.zahnarztpraxis-berlin-pankow.de/intro.html" "Mozilla/5.0 (X11; Ubuntu; Linux x86_64; rv:17.0) Gecko/17.0 Firefox/17.0"
46.115.103.158 - - [29/Nov/2012:11:18:14 +0100] "GET /favicon.ico HTTP/1.1" 200 2550 "-" "Mozilla/5.0 (X11; Ubuntu; Linux x86_64; rv:17.0) Gecko/17.0 Firefox/17.0"
46.115.103.158 - - [29/Nov/2012:11:18:14 +0100] "GET /hattke.swf HTTP/1.1" 200 12042 "http://www.zahnarztpraxis-berlin-pankow.de/intro.html" "Mozilla/5.0 (X11; Ubuntu; Linux x86_64; rv:17.0) Gecko/17.0 Firefox/17.0"
46.115.103.158 - - [29/Nov/2012:11:18:15 +0100] "GET /diashow.swf HTTP/1.1" 200 311957 "http://www.zahnarztpraxis-berlin-pankow.de/hattke.swf" "Mozilla/5.0 (X11; Ubuntu; Linux x86_64; rv:17.0) Gecko/17.0 Firefox/17.0"
46.115.103.158 - - [29/Nov/2012:11:18:57 +0100] "GET /callback.html HTTP/1.1" 200 3272 "http://www.zahnarztpraxis-berlin-pankow.de/intro.html" "Mozilla/5.0 (X11; Ubuntu; Linux x86_64; rv:17.0) Gecko/17.0 Firefox/17.0"
46.115.103.158 - - [29/Nov/2012:11:18:57 +0100] "GET /clear.gif HTTP/1.1" 200 230 "http://www.zahnarztpraxis-berlin-pankow.de/callback.html" "Mozilla/5.0 (X11; Ubuntu; Linux x86_64; rv:17.0) Gecko/17.0 Firefox/17.0"
46.115.103.158 - - [29/Nov/2012:11:18:57 +0100] "GET /send.gif HTTP/1.1" 200 265 "http://www.zahnarztpraxis-berlin-pankow.de/callback.html" "Mozilla/5.0 (X11; Ubuntu; Linux x86_64; rv:17.0) Gecko/17.0 Firefox/17.0"
46.115.103.158 - - [29/Nov/2012:11:23:55 +0100] "GET /plan.swf HTTP/1.1" 200 27838 "http://www.zahnarztpraxis-berlin-pankow.de/hattke.swf" "Mozilla/5.0 (X11; Ubuntu; Linux x86_64; rv:17.0) Gecko/17.0 Firefox/17.0"
194.153.113.7 - - [29/Nov/2012:12:25:50 +0100] "GET / HTTP/1.1" 200 12977 "-" "Mozilla/5.0 (compatible; oBot/2.3.1; +http://filterdb.iss.net/crawler/)"
79.197.103.119 - - [29/Nov/2012:12:54:23 +0100] "GET / HTTP/1.1" 200 12977 "http://www.google.de/url?sa=t&rct=j&q=&esrc=s&source=web&cd=82&ved=0CFEQFjABOFA&url=http%3A%2F%2Fwww.zahnarztpraxis-berlin-pankow.de%2F&ei=v0y3ULSPG86Thge89ID4AQ&usg=AFQjCNGhU0LSIXKAU9N4d8DNsS8g6WKbiA" "Mozilla/5.0 (Windows NT 6.1; rv:16.0) Gecko/20100101 Firefox/16.0"
79.197.103.119 - - [29/Nov/2012:12:54:23 +0100] "GET /opensite.js HTTP/1.1" 200 1125 "http://www.zahnarztpraxis-berlin-pankow.de/" "Mozilla/5.0 (Windows NT 6.1; rv:16.0) Gecko/20100101 Firefox/16.0"
79.197.103.119 - - [29/Nov/2012:12:54:23 +0100] "GET /favicon.ico HTTP/1.1" 200 2550 "-" "Mozilla/5.0 (Windows NT 6.1; rv:16.0) Gecko/20100101 Firefox/16.0"
79.197.103.119 - - [29/Nov/2012:12:54:23 +0100] "GET /flashopen.js HTTP/1.1" 200 604 "http://www.zahnarztpraxis-berlin-pankow.de/" "Mozilla/5.0 (Windows NT 6.1; rv:16.0) Gecko/20100101 Firefox/16.0"
79.197.103.119 - - [29/Nov/2012:12:54:23 +0100] "GET /hattke.swf HTTP/1.1" 200 12042 "http://www.zahnarztpraxis-berlin-pankow.de/" "Mozilla/5.0 (Windows NT 6.1; rv:16.0) Gecko/20100101 Firefox/16.0"
79.197.103.119 - - [29/Nov/2012:12:54:24 +0100] "GET /diashow.swf HTTP/1.1" 200 311957 "http://www.zahnarztpraxis-berlin-pankow.de/hattke.swf" "Mozilla/5.0 (Windows NT 6.1; rv:16.0) Gecko/20100101 Firefox/16.0"
178.154.179.250 - - [29/Nov/2012:13:12:04 +0100] "GET / HTTP/1.1" 200 12977 "-" "Mozilla/5.0 (compatible; YandexBot/3.0; +http://yandex.com/bots)"
92.76.134.239 - - [29/Nov/2012:16:34:54 +0100] "GET / HTTP/1.1" 200 12977 "http://www.google.de/url?sa=t&rct=j&q=hattke&source=web&cd=1&ved=0CC8QFjAA&url=http%3A%2F%2Fwww.zahnarztpraxis-berlin-pankow.de%2F&ei=XYC3UMfiDoT5sgafqYAg&usg=AFQjCNGhU0LSIXKAU9N4d8DNsS8g6WKbiA" "Mozilla/5.0 (Windows NT 5.1; rv:16.0) Gecko/20100101 Firefox/16.0"
92.76.134.239 - - [29/Nov/2012:16:34:54 +0100] "GET /opensite.js HTTP/1.1" 200 1125 "http://www.zahnarztpraxis-berlin-pankow.de/" "Mozilla/5.0 (Windows NT 5.1; rv:16.0) Gecko/20100101 Firefox/16.0"
92.76.134.239 - - [29/Nov/2012:16:34:54 +0100] "GET /flashopen.js HTTP/1.1" 200 604 "http://www.zahnarztpraxis-berlin-pankow.de/" "Mozilla/5.0 (Windows NT 5.1; rv:16.0) Gecko/20100101 Firefox/16.0"
92.76.134.239 - - [29/Nov/2012:16:34:54 +0100] "GET /hattke.swf HTTP/1.1" 200 12042 "http://www.zahnarztpraxis-berlin-pankow.de/" "Mozilla/5.0 (Windows NT 5.1; rv:16.0) Gecko/20100101 Firefox/16.0"
92.76.134.239 - - [29/Nov/2012:16:34:54 +0100] "GET /favicon.ico HTTP/1.1" 200 2550 "-" "Mozilla/5.0 (Windows NT 5.1; rv:16.0) Gecko/20100101 Firefox/16.0"
92.76.134.239 - - [29/Nov/2012:16:34:55 +0100] "GET /diashow.swf HTTP/1.1" 200 311957 "http://www.zahnarztpraxis-berlin-pankow.de/hattke.swf" "Mozilla/5.0 (Windows NT 5.1; rv:16.0) Gecko/20100101 Firefox/16.0"
178.154.179.250 - - [29/Nov/2012:18:41:02 +0100] "GET /robots.txt HTTP/1.1" 200 24 "-" "Mozilla/5.0 (compatible; YandexBot/3.0; +http://yandex.com/bots)"
66.249.73.245 - - [29/Nov/2012:19:20:06 +0100] "GET /robots.txt HTTP/1.1" 200 24 "-" "Mozilla/5.0 (compatible; Googlebot/2.1; +http://www.google.com/bot.html)"
66.249.73.245 - - [29/Nov/2012:19:20:06 +0100] "GET /intro.html HTTP/1.1" 304 - "-" "Mozilla/5.0 (compatible; Googlebot/2.1; +http://www.google.com/bot.html)"
85.214.134.96 - - [29/Nov/2012:22:15:39 +0100] "GET / HTTP/1.1" 200 12977 "-" "Mozilla/5.0 (Windows; U; Windows NT 5.1; de; rv:8.0) Gecko/20100101 Firefox/8.0"
85.214.134.96 - - [29/Nov/2012:23:35:50 +0100] "GET /flashopen.js HTTP/1.1" 200 604 "-" "Mozilla/5.0 (Windows; U; Windows NT 5.1; de; rv:8.0) Gecko/20100101 Firefox/8.0"
85.214.134.96 - - [29/Nov/2012:23:35:50 +0100] "GET /opensite.js HTTP/1.1" 200 1125 "-" "Mozilla/5.0 (Windows; U; Windows NT 5.1; de; rv:8.0) Gecko/20100101 Firefox/8.0"
