217.93.253.193 - - [20/Aug/2012:16:42:18 +0200] "GET /favicon.ico HTTP/1.1" 200 2550 "-" "Mozilla/5.0 (Windows NT 5.1; rv:14.0) Gecko/20100101 Firefox/14.0.1"
217.93.253.193 - - [20/Aug/2012:16:42:19 +0200] "GET /diashow.swf HTTP/1.1" 200 311957 "http://www.zahnarztpraxis-berlin-pankow.de/hattke.swf" "Mozilla/5.0 (Windows NT 5.1; rv:14.0) Gecko/20100101 Firefox/14.0.1"
94.23.220.161 - - [20/Aug/2012:16:58:09 +0200] "GET / HTTP/1.1" 200 12977 "-" "Mozilla/5.0 (X11; Linux i686; rv:6.0) Gecko/20100101 Firefox/6.0"
94.23.220.161 - - [20/Aug/2012:16:58:10 +0200] "GET / HTTP/1.1" 200 12977 "-" "Mozilla/5.0 (X11; Linux i686; rv:6.0) Gecko/20100101 Firefox/6.0"
176.9.76.43 - - [20/Aug/2012:19:37:09 +0200] "GET /robots.txt HTTP/1.1" 200 24 "-" "User-Agent: Mozilla/5.0 (Ubuntu; X11; Linux x86_64; rv:8.0) Gecko/20100101 Firefox/8.0"
176.9.76.43 - - [20/Aug/2012:19:37:09 +0200] "GET / HTTP/1.1" 200 12977 "-" "User-Agent: Mozilla/5.0 (Ubuntu; X11; Linux x86_64; rv:8.0) Gecko/20100101 Firefox/8.0"
176.9.76.43 - - [20/Aug/2012:19:37:10 +0200] "GET /teledienst.html HTTP/1.1" 200 4588 "-" "User-Agent: Mozilla/5.0 (Ubuntu; X11; Linux x86_64; rv:8.0) Gecko/20100101 Firefox/8.0"
88.74.36.11 - - [21/Aug/2012:02:02:39 +0200] "GET /intro.html HTTP/1.1" 200 5170 "http://www.google.de/url?sa=t&rct=j&q=&esrc=s&frm=1&source=web&cd=2&ved=0CEUQjBAwAQ&url=http%3A%2F%2Fwww.zahnarztpraxis-berlin-pankow.de%2Fintro.html&ei=nM8yUJG1Bczzsga5sYCACw&usg=AFQjCNFyIP-APaGkBUHn0zTmoUtkP72mRA" "Mozilla/5.0 (compatible; MSIE 9.0; Windows NT 6.1; Trident/5.0)"
88.74.36.11 - - [21/Aug/2012:02:02:39 +0200] "GET /opensite.js HTTP/1.1" 200 1125 "http://www.zahnarztpraxis-berlin-pankow.de/intro.html" "Mozilla/5.0 (compatible; MSIE 9.0; Windows NT 6.1; Trident/5.0)"
88.74.36.11 - - [21/Aug/2012:02:02:40 +0200] "GET /hattke.swf HTTP/1.1" 200 12042 "http://www.zahnarztpraxis-berlin-pankow.de/intro.html" "Mozilla/5.0 (compatible; MSIE 9.0; Windows NT 6.1; Trident/5.0)"
88.74.36.11 - - [21/Aug/2012:02:02:40 +0200] "GET /favicon.ico HTTP/1.1" 200 2550 "-" "Mozilla/5.0 (compatible; MSIE 9.0; Windows NT 6.1; Trident/5.0)"
88.74.36.11 - - [21/Aug/2012:02:02:40 +0200] "GET /diashow.swf HTTP/1.1" 200 311957 "http://www.zahnarztpraxis-berlin-pankow.de/hattke.swf" "Mozilla/5.0 (compatible; MSIE 9.0; Windows NT 6.1; Trident/5.0)"
65.52.109.7 - - [21/Aug/2012:02:41:41 +0200] "GET /robots.txt HTTP/1.1" 200 24 "-" "Mozilla/5.0 (compatible; bingbot/2.0; +http://www.bing.com/bingbot.htm)"
65.52.109.7 - - [21/Aug/2012:02:42:30 +0200] "GET / HTTP/1.1" 304 - "-" "Mozilla/5.0 (compatible; bingbot/2.0; +http://www.bing.com/bingbot.htm)"
217.23.12.207 - - [21/Aug/2012:05:44:01 +0200] "HEAD / HTTP/1.1" 200 - "-" "Mozilla/5.0 (Windows; I; Windows NT 5.1; ru; rv:1.9.2.13) Gecko/20100101 Firefox/4.0"
217.23.12.207 - - [21/Aug/2012:05:44:01 +0200] "GET / HTTP/1.0" 200 12977 "-" "-"
217.69.133.31 - - [21/Aug/2012:06:48:09 +0200] "GET /robots.txt HTTP/1.0" 200 24 "-" "Mozilla/5.0 (compatible; Mail.RU/2.0)"
80.232.193.178 - - [21/Aug/2012:11:02:28 +0200] "GET / HTTP/1.1" 200 12977 "-" "Mozilla/4.0 (compatible; MSIE 7.0; Windows NT 5.1; YPC 3.0.1; .NET CLR 1.1.4322; .NET CLR 2.0.50727)"
176.9.76.43 - - [21/Aug/2012:11:41:43 +0200] "GET /robots.txt HTTP/1.1" 200 24 "-" "User-Agent: Mozilla/5.0 (Ubuntu; X11; Linux x86_64; rv:8.0) Gecko/20100101 Firefox/8.0"
176.9.76.43 - - [21/Aug/2012:11:41:43 +0200] "GET / HTTP/1.1" 200 12977 "-" "User-Agent: Mozilla/5.0 (Ubuntu; X11; Linux x86_64; rv:8.0) Gecko/20100101 Firefox/8.0"
176.9.76.43 - - [21/Aug/2012:11:41:45 +0200] "GET /teledienst.html HTTP/1.1" 200 4588 "-" "User-Agent: Mozilla/5.0 (Ubuntu; X11; Linux x86_64; rv:8.0) Gecko/20100101 Firefox/8.0"
82.94.179.38 - - [21/Aug/2012:15:10:01 +0200] "GET /robots.txt HTTP/1.0" 200 24 "-" "Mozilla/4.0 (compatible; Vagabondo/4.0/EU; http://webagent.wise-guys.nl/)"
82.94.179.38 - - [21/Aug/2012:15:10:01 +0200] "GET / HTTP/1.0" 200 12977 "-" "Mozilla/4.0 (compatible; Vagabondo/4.0/EU; http://www.wise-guys.nl/)"
82.94.179.38 - - [21/Aug/2012:15:32:48 +0200] "GET /teledienst.html HTTP/1.0" 200 4588 "http://www.zahnarztpraxis-berlin-pankow.de/" "Mozilla/4.0 (compatible; Vagabondo/4.0/EU; http://www.wise-guys.nl/)"
178.154.179.250 - - [21/Aug/2012:15:39:15 +0200] "GET /robots.txt HTTP/1.1" 200 24 "-" "Mozilla/5.0 (compatible; YandexBot/3.0; +http://yandex.com/bots)"
82.94.179.38 - - [21/Aug/2012:17:09:23 +0200] "GET / HTTP/1.0" 200 12977 "-" "Mozilla/4.0 (compatible; Vagabondo/4.0/EU; http://www.wise-guys.nl/)"
82.94.179.38 - - [21/Aug/2012:17:09:33 +0200] "GET /teledienst.html HTTP/1.0" 200 4588 "http://www.zahnarztpraxis-berlin-pankow.de/" "Mozilla/4.0 (compatible; Vagabondo/4.0/EU; http://www.wise-guys.nl/)"
178.154.179.250 - - [22/Aug/2012:01:06:15 +0200] "GET /robots.txt HTTP/1.1" 200 24 "-" "Mozilla/5.0 (compatible; YandexBot/3.0; +http://yandex.com/bots)"
65.52.109.7 - - [22/Aug/2012:05:44:44 +0200] "GET /robots.txt HTTP/1.1" 200 24 "-" "Mozilla/5.0 (compatible; bingbot/2.0; +http://www.bing.com/bingbot.htm)"
65.52.109.7 - - [22/Aug/2012:05:51:41 +0200] "GET / HTTP/1.1" 304 - "-" "Mozilla/5.0 (compatible; bingbot/2.0; +http://www.bing.com/bingbot.htm)"
178.154.179.250 - - [22/Aug/2012:06:38:14 +0200] "GET / HTTP/1.1" 200 12977 "-" "Mozilla/5.0 (compatible; YandexBot/3.0; +http://yandex.com/bots)"
65.52.109.7 - - [22/Aug/2012:09:32:01 +0200] "GET /robots.txt HTTP/1.1" 200 24 "-" "Mozilla/5.0 (compatible; bingbot/2.0; +http://www.bing.com/bingbot.htm)"
65.52.109.7 - - [22/Aug/2012:09:32:37 +0200] "GET / HTTP/1.1" 304 - "-" "Mozilla/5.0 (compatible; bingbot/2.0; +http://www.bing.com/bingbot.htm)"
65.52.109.7 - - [22/Aug/2012:10:16:40 +0200] "GET / HTTP/1.1" 304 - "-" "Mozilla/5.0 (compatible; bingbot/2.0; +http://www.bing.com/bingbot.htm)"
217.255.104.55 - - [22/Aug/2012:11:00:03 +0200] "GET / HTTP/1.1" 200 12977 "http://www.google.de/url?sa=t&rct=j&q=&esrc=s&source=web&cd=1&ved=0CEIQFjAA&url=http%3A%2F%2Fwww.zahnarztpraxis-berlin-pankow.de%2F&ei=e580UO6KB4PatAaZ5IBA&usg=AFQjCNGhU0LSIXKAU9N4d8DNsS8g6WKbiA" "Mozilla/5.0 (Windows NT 5.1; rv:14.0) Gecko/20100101 Firefox/14.0.1"
217.255.104.55 - - [22/Aug/2012:11:00:03 +0200] "GET /opensite.js HTTP/1.1" 200 1125 "http://www.zahnarztpraxis-berlin-pankow.de/" "Mozilla/5.0 (Windows NT 5.1; rv:14.0) Gecko/20100101 Firefox/14.0.1"
217.255.104.55 - - [22/Aug/2012:11:00:03 +0200] "GET /favicon.ico HTTP/1.1" 200 2550 "-" "Mozilla/5.0 (Windows NT 5.1; rv:14.0) Gecko/20100101 Firefox/14.0.1"
217.255.104.55 - - [22/Aug/2012:11:00:03 +0200] "GET /flashopen.js HTTP/1.1" 200 604 "http://www.zahnarztpraxis-berlin-pankow.de/" "Mozilla/5.0 (Windows NT 5.1; rv:14.0) Gecko/20100101 Firefox/14.0.1"
217.255.104.55 - - [22/Aug/2012:11:00:03 +0200] "GET /hattke.swf HTTP/1.1" 200 12042 "http://www.zahnarztpraxis-berlin-pankow.de/" "Mozilla/5.0 (Windows NT 5.1; rv:14.0) Gecko/20100101 Firefox/14.0.1"
217.255.104.55 - - [22/Aug/2012:11:00:03 +0200] "GET /diashow.swf HTTP/1.1" 200 311957 "http://www.zahnarztpraxis-berlin-pankow.de/hattke.swf" "Mozilla/5.0 (Windows NT 5.1; rv:14.0) Gecko/20100101 Firefox/14.0.1"
217.255.104.55 - - [22/Aug/2012:11:02:14 +0200] "GET /callback.html HTTP/1.1" 200 3272 "http://www.zahnarztpraxis-berlin-pankow.de/" "Mozilla/5.0 (Windows NT 5.1; rv:14.0) Gecko/20100101 Firefox/14.0.1"
217.255.104.55 - - [22/Aug/2012:11:02:14 +0200] "GET /clear.gif HTTP/1.1" 200 230 "http://www.zahnarztpraxis-berlin-pankow.de/callback.html" "Mozilla/5.0 (Windows NT 5.1; rv:14.0) Gecko/20100101 Firefox/14.0.1"
217.255.104.55 - - [22/Aug/2012:11:02:14 +0200] "GET /send.gif HTTP/1.1" 200 265 "http://www.zahnarztpraxis-berlin-pankow.de/callback.html" "Mozilla/5.0 (Windows NT 5.1; rv:14.0) Gecko/20100101 Firefox/14.0.1"
212.86.219.134 - - [22/Aug/2012:12:42:29 +0200] "GET /robots.txt HTTP/1.1" 200 24 "-" "Mozilla/5.0 (Macintosh; U; Intel Mac OS X 10_5_6; en-us) AppleWebKit/528.16 (KHTML, like Gecko) Version/4.0 Safari/528.16"
77.188.25.193 - - [22/Aug/2012:13:31:00 +0200] "GET / HTTP/1.1" 200 12977 "http://www.med-kolleg.de/arzt/zahnarzt/10460.html" "Mozilla/5.0 (compatible; MSIE 9.0; Windows NT 6.1; WOW64; Trident/5.0)"
77.188.25.193 - - [22/Aug/2012:13:31:00 +0200] "GET /opensite.js HTTP/1.1" 200 1125 "http://www.zahnarztpraxis-berlin-pankow.de/" "Mozilla/5.0 (compatible; MSIE 9.0; Windows NT 6.1; WOW64; Trident/5.0)"
77.188.25.193 - - [22/Aug/2012:13:31:00 +0200] "GET /opensite.js HTTP/1.1" 200 1125 "http://www.zahnarztpraxis-berlin-pankow.de/" "Mozilla/5.0 (compatible; MSIE 9.0; Windows NT 6.1; WOW64; Trident/5.0)"
77.188.25.193 - - [22/Aug/2012:13:31:00 +0200] "GET /flashopen.js HTTP/1.1" 200 604 "http://www.zahnarztpraxis-berlin-pankow.de/" "Mozilla/5.0 (compatible; MSIE 9.0; Windows NT 6.1; WOW64; Trident/5.0)"
77.188.25.193 - - [22/Aug/2012:13:31:00 +0200] "GET /hattke.swf HTTP/1.1" 200 12042 "http://www.zahnarztpraxis-berlin-pankow.de/" "Mozilla/5.0 (compatible; MSIE 9.0; Windows NT 6.1; WOW64; Trident/5.0)"
77.188.25.193 - - [22/Aug/2012:13:31:00 +0200] "GET /favicon.ico HTTP/1.1" 200 2550 "-" "Mozilla/5.0 (compatible; MSIE 9.0; Windows NT 6.1; WOW64; Trident/5.0)"
77.188.25.193 - - [22/Aug/2012:13:31:00 +0200] "GET /diashow.swf HTTP/1.1" 200 311957 "http://www.zahnarztpraxis-berlin-pankow.de/hattke.swf" "Mozilla/5.0 (compatible; MSIE 9.0; Windows NT 6.1; WOW64; Trident/5.0)"
195.88.117.31 - - [22/Aug/2012:13:56:04 +0200] "GET / HTTP/1.0" 200 12977 "http://www.google.de/url?sa=t&rct=j&q=reyk+hattke+zahnarzt&source=web&cd=1&ved=0CDwQFjAA&url=http%3A%2F%2Fwww.zahnarztpraxis-berlin-pankow.de%2F&ei=r8g0UNm6BoGn4gSy8oH4DA&usg=AFQjCNGhU0LSIXKAU9N4d8DNsS8g6WKbiA" "Mozilla/4.0 (compatible; MSIE 8.0; Windows NT 5.1; Trident/4.0; .NET CLR 1.1.4322; .NET CLR 2.0.50727; .NET CLR 3.0.4506.2152; .NET CLR 3.5.30729; .NET4.0C; .NET4.0E)"
195.88.117.31 - - [22/Aug/2012:13:56:06 +0200] "GET /opensite.js HTTP/1.0" 200 1125 "http://www.zahnarztpraxis-berlin-pankow.de/" "Mozilla/4.0 (compatible; MSIE 8.0; Windows NT 5.1; Trident/4.0; .NET CLR 1.1.4322; .NET CLR 2.0.50727; .NET CLR 3.0.4506.2152; .NET CLR 3.5.30729; .NET4.0C; .NET4.0E)"
195.88.117.31 - - [22/Aug/2012:13:56:06 +0200] "GET /flashopen.js HTTP/1.0" 200 604 "http://www.zahnarztpraxis-berlin-pankow.de/" "Mozilla/4.0 (compatible; MSIE 8.0; Windows NT 5.1; Trident/4.0; .NET CLR 1.1.4322; .NET CLR 2.0.50727; .NET CLR 3.0.4506.2152; .NET CLR 3.5.30729; .NET4.0C; .NET4.0E)"
195.88.117.31 - - [22/Aug/2012:13:56:07 +0200] "GET /hattke.swf HTTP/1.0" 200 12042 "http://www.zahnarztpraxis-berlin-pankow.de/" "Mozilla/4.0 (compatible; MSIE 8.0; Windows NT 5.1; Trident/4.0; .NET CLR 1.1.4322; .NET CLR 2.0.50727; .NET CLR 3.0.4506.2152; .NET CLR 3.5.30729; .NET4.0C; .NET4.0E)"
195.88.117.31 - - [22/Aug/2012:13:56:07 +0200] "GET /diashow.swf HTTP/1.0" 200 311957 "http://www.zahnarztpraxis-berlin-pankow.de/hattke.swf" "Mozilla/4.0 (compatible; MSIE 8.0; Windows NT 5.1; Trident/4.0; .NET CLR 1.1.4322; .NET CLR 2.0.50727; .NET CLR 3.0.4506.2152; .NET CLR 3.5.30729; .NET4.0C; .NET4.0E)"
195.88.117.31 - - [22/Aug/2012:13:56:51 +0200] "GET /intro.html HTTP/1.0" 200 5170 "http://www.google.de/url?sa=t&rct=j&q=reyk+hattke+zahnarzt&source=web&cd=2&ved=0CEgQjBAwAQ&url=http%3A%2F%2Fwww.zahnarztpraxis-berlin-pankow.de%2Fintro.html&ei=r8g0UNm6BoGn4gSy8oH4DA&usg=AFQjCNFyIP-APaGkBUHn0zTmoUtkP72mRA" "Mozilla/4.0 (compatible; MSIE 8.0; Windows NT 5.1; Trident/4.0; .NET CLR 1.1.4322; .NET CLR 2.0.50727; .NET CLR 3.0.4506.2152; .NET CLR 3.5.30729; .NET4.0C; .NET4.0E)"
195.88.117.31 - - [22/Aug/2012:13:56:52 +0200] "GET /favicon.ico HTTP/1.0" 200 2550 "-" "Mozilla/4.0 (compatible; MSIE 8.0; Windows NT 5.1; Trident/4.0; .NET CLR 1.1.4322; .NET CLR 2.0.50727; .NET CLR 3.0.4506.2152; .NET CLR 3.5.30729; .NET4.0C; .NET4.0E)"
74.125.126.88 - - [22/Aug/2012:18:10:17 +0200] "GET /favicon.ico HTTP/1.1" 200 2550 "-" "-"
173.242.125.206 - - [22/Aug/2012:22:39:45 +0200] "GET /robots.txt HTTP/1.0" 200 24 "-" "Mozilla/5.0 (compatible; MJ12bot/v1.4.3; http://www.majestic12.co.uk/bot.php?+)"
173.242.125.206 - - [22/Aug/2012:22:39:47 +0200] "GET / HTTP/1.0" 200 12977 "-" "Mozilla/5.0 (compatible; MJ12bot/v1.4.3; http://www.majestic12.co.uk/bot.php?+)"
176.9.76.43 - - [23/Aug/2012:09:15:16 +0200] "GET /robots.txt HTTP/1.1" 200 24 "-" "User-Agent: Mozilla/5.0 (Ubuntu; X11; Linux x86_64; rv:8.0) Gecko/20100101 Firefox/8.0"
176.9.76.43 - - [23/Aug/2012:09:15:16 +0200] "GET / HTTP/1.1" 200 12977 "-" "User-Agent: Mozilla/5.0 (Ubuntu; X11; Linux x86_64; rv:8.0) Gecko/20100101 Firefox/8.0"
176.9.76.43 - - [23/Aug/2012:09:15:17 +0200] "GET /teledienst.html HTTP/1.1" 200 4588 "-" "User-Agent: Mozilla/5.0 (Ubuntu; X11; Linux x86_64; rv:8.0) Gecko/20100101 Firefox/8.0"
66.249.72.186 - - [23/Aug/2012:09:20:06 +0200] "GET /robots.txt HTTP/1.1" 200 24 "-" "Mozilla/5.0 (compatible; Googlebot/2.1; +http://www.google.com/bot.html)"
66.249.72.186 - - [23/Aug/2012:09:20:06 +0200] "GET /callback.html HTTP/1.1" 200 3272 "-" "Mozilla/5.0 (compatible; Googlebot/2.1; +http://www.google.com/bot.html)"
178.255.215.65 - - [23/Aug/2012:09:39:37 +0200] "GET /robots.txt HTTP/1.1" 200 24 "-" "Mozilla/5.0 (compatible; Exabot/3.0; +http://www.exabot.com/go/robot)"
178.255.215.65 - - [23/Aug/2012:09:39:37 +0200] "GET / HTTP/1.1" 304 - "-" "Mozilla/5.0 (compatible; Exabot/3.0; +http://www.exabot.com/go/robot)"
141.105.120.150 - - [23/Aug/2012:09:56:35 +0200] "GET /robots.txt HTTP/1.0" 200 24 "-" "Mozilla/5.0 (compatible; WebNL; +http://www.web.nl/webmasters/spider.html; helpdesk@web.nl)"
141.105.120.150 - - [23/Aug/2012:09:56:35 +0200] "GET / HTTP/1.0" 200 12977 "-" "Mozilla/5.0 (compatible; WebNL; +http://www.web.nl/webmasters/spider.html; helpdesk@web.nl)"
66.249.72.186 - - [23/Aug/2012:10:23:50 +0200] "GET / HTTP/1.1" 200 12977 "-" "Mozilla/5.0 (compatible; Googlebot/2.1; +http://www.google.com/bot.html)"
92.229.46.20 - - [23/Aug/2012:10:27:15 +0200] "GET / HTTP/1.1" 200 12977 "http://www.google.de/url?sa=t&rct=j&q=&esrc=s&source=web&cd=1&ved=0CCMQFjAA&url=http%3A%2F%2Fwww.zahnarztpraxis-berlin-pankow.de%2F&ei=O-k1ULjUGcrdtAbHw4HgDA&usg=AFQjCNGhU0LSIXKAU9N4d8DNsS8g6WKbiA" "Mozilla/5.0 (Windows NT 5.1; rv:14.0) Gecko/20100101 Firefox/14.0.1"
92.229.46.20 - - [23/Aug/2012:10:27:16 +0200] "GET /opensite.js HTTP/1.1" 200 1125 "http://www.zahnarztpraxis-berlin-pankow.de/" "Mozilla/5.0 (Windows NT 5.1; rv:14.0) Gecko/20100101 Firefox/14.0.1"
92.229.46.20 - - [23/Aug/2012:10:27:16 +0200] "GET /flashopen.js HTTP/1.1" 200 604 "http://www.zahnarztpraxis-berlin-pankow.de/" "Mozilla/5.0 (Windows NT 5.1; rv:14.0) Gecko/20100101 Firefox/14.0.1"
92.229.46.20 - - [23/Aug/2012:10:27:16 +0200] "GET /favicon.ico HTTP/1.1" 200 2550 "-" "Mozilla/5.0 (Windows NT 5.1; rv:14.0) Gecko/20100101 Firefox/14.0.1"
92.229.46.20 - - [23/Aug/2012:10:27:16 +0200] "GET /hattke.swf HTTP/1.1" 200 12042 "http://www.zahnarztpraxis-berlin-pankow.de/" "Mozilla/5.0 (Windows NT 5.1; rv:14.0) Gecko/20100101 Firefox/14.0.1"
92.229.46.20 - - [23/Aug/2012:10:27:17 +0200] "GET /diashow.swf HTTP/1.1" 200 311957 "http://www.zahnarztpraxis-berlin-pankow.de/hattke.swf" "Mozilla/5.0 (Windows NT 5.1; rv:14.0) Gecko/20100101 Firefox/14.0.1"
92.229.46.20 - - [23/Aug/2012:10:27:34 +0200] "GET /teledienst.html HTTP/1.1" 200 4588 "http://www.zahnarztpraxis-berlin-pankow.de/" "Mozilla/5.0 (Windows NT 5.1; rv:14.0) Gecko/20100101 Firefox/14.0.1"
92.229.46.20 - - [23/Aug/2012:10:31:15 +0200] "GET /plan.swf HTTP/1.1" 200 27838 "http://www.zahnarztpraxis-berlin-pankow.de/hattke.swf" "Mozilla/5.0 (Windows NT 5.1; rv:14.0) Gecko/20100101 Firefox/14.0.1"
178.154.179.250 - - [23/Aug/2012:13:07:55 +0200] "GET /robots.txt HTTP/1.1" 200 24 "-" "Mozilla/5.0 (compatible; YandexBot/3.0; +http://yandex.com/bots)"
160.45.131.244 - - [23/Aug/2012:15:20:53 +0200] "GET /favicon.ico HTTP/1.1" 200 2550 "-" "Mozilla/5.0 (Windows NT 6.1; WOW64; rv:10.0.6) Gecko/20100101 Firefox/10.0.6"
176.9.245.132 - - [23/Aug/2012:15:25:18 +0200] "GET / HTTP/1.1" 200 12977 "-" "Mozilla/5.0 (Windows; I; Windows NT 5.1; ru; rv:1.9.2.13) Gecko/20100101 Firefox/4.0"
180.76.5.166 - - [23/Aug/2012:16:37:29 +0200] "GET /robots.txt HTTP/1.1" 200 24 "-" "Mozilla/5.0 (compatible; Baiduspider/2.0; +http://www.baidu.com/search/spider.html)"
65.52.109.7 - - [23/Aug/2012:18:57:38 +0200] "GET /robots.txt HTTP/1.1" 200 24 "-" "Mozilla/5.0 (compatible; bingbot/2.0; +http://www.bing.com/bingbot.htm)"
65.52.109.7 - - [23/Aug/2012:18:58:31 +0200] "GET / HTTP/1.1" 304 - "-" "Mozilla/5.0 (compatible; bingbot/2.0; +http://www.bing.com/bingbot.htm)"
91.213.91.41 - - [23/Aug/2012:22:32:35 +0200] "GET /robots.txt HTTP/1.0" 200 24 "-" "MIA DEV/search:robot/0.0.1 (This is the MIA Bot - crawling for mia research project. If you feel unhappy and do not want to be visited by our crawler send an email to spider@neofonie.de; http://spider.neofonie.de; spider@neofonie.de)"
91.213.91.41 - - [23/Aug/2012:22:32:35 +0200] "GET / HTTP/1.0" 200 12977 "-" "MIA DEV/search:robot/0.0.1 (This is the MIA Bot - crawling for mia research project. If you feel unhappy and do not want to be visited by our crawler send an email to spider@neofonie.de; http://spider.neofonie.de; spider@neofonie.de)"
85.183.64.15 - - [24/Aug/2012:00:11:28 +0200] "GET /robots.txt HTTP/1.1" 200 24 "-" "myurlcrawler/0.1"
85.183.64.15 - - [24/Aug/2012:00:11:28 +0200] "GET / HTTP/1.1" 200 12977 "http://www.gelbeseiten.de/zahnarzt/berlin/s1/branche/stadtteil-berlin-wilhelmsruh" "myurlcrawler/0.1"
176.9.148.197 - - [24/Aug/2012:05:41:44 +0200] "GET /robots.txt HTTP/1.1" 200 24 "-" "Mozilla/5.0 (compatible; SISTRIX Crawler; http://crawler.sistrix.net/)"
176.9.148.197 - - [24/Aug/2012:05:41:44 +0200] "GET / HTTP/1.1" 200 12977 "-" "Mozilla/5.0 (compatible; SISTRIX Crawler; http://crawler.sistrix.net/)"
176.9.148.197 - - [24/Aug/2012:05:41:44 +0200] "GET /teledienst.html HTTP/1.1" 200 4588 "-" "Mozilla/5.0 (compatible; SISTRIX Crawler; http://crawler.sistrix.net/)"
180.76.5.100 - - [24/Aug/2012:08:54:54 +0200] "GET /robots.txt HTTP/1.1" 200 24 "-" "Mozilla/5.0 (compatible; Baiduspider/2.0; +http://www.baidu.com/search/spider.html)"
178.154.179.250 - - [24/Aug/2012:10:24:51 +0200] "GET /robots.txt HTTP/1.1" 200 24 "-" "Mozilla/5.0 (compatible; YandexBot/3.0; +http://yandex.com/bots)"
69.171.224.1 - - [24/Aug/2012:10:27:25 +0200] "GET / HTTP/1.1" 304 - "-" "facebookexternalhit/1.1 (+http://www.facebook.com/externalhit_uatext.php)"
87.174.228.226 - - [24/Aug/2012:13:48:36 +0200] "GET / HTTP/1.1" 200 12977 "http://adresse.gelbeseiten.de/1056326914/hattke-reyk-u--roumiana-zahnaerzte/berlin/wilhelmsruh" "Mozilla/5.0 (Macintosh; Intel Mac OS X 10.8; rv:10.0.2) Gecko/20100101 Firefox/10.0.2"
87.174.228.226 - - [24/Aug/2012:13:48:36 +0200] "GET /opensite.js HTTP/1.1" 200 1125 "http://www.zahnarztpraxis-berlin-pankow.de/" "Mozilla/5.0 (Macintosh; Intel Mac OS X 10.8; rv:10.0.2) Gecko/20100101 Firefox/10.0.2"
87.174.228.226 - - [24/Aug/2012:13:48:36 +0200] "GET /favicon.ico HTTP/1.1" 200 2550 "-" "Mozilla/5.0 (Macintosh; Intel Mac OS X 10.8; rv:10.0.2) Gecko/20100101 Firefox/10.0.2"
87.174.228.226 - - [24/Aug/2012:13:48:36 +0200] "GET /flashopen.js HTTP/1.1" 200 604 "http://www.zahnarztpraxis-berlin-pankow.de/" "Mozilla/5.0 (Macintosh; Intel Mac OS X 10.8; rv:10.0.2) Gecko/20100101 Firefox/10.0.2"
87.174.228.226 - - [24/Aug/2012:13:48:36 +0200] "GET /hattke.swf HTTP/1.1" 200 12042 "http://www.zahnarztpraxis-berlin-pankow.de/" "Mozilla/5.0 (Macintosh; Intel Mac OS X 10.8; rv:10.0.2) Gecko/20100101 Firefox/10.0.2"
87.174.228.226 - - [24/Aug/2012:13:48:36 +0200] "GET /diashow.swf HTTP/1.1" 200 311957 "-" "Mozilla/5.0 (Macintosh; Intel Mac OS X 10.8; rv:10.0.2) Gecko/20100101 Firefox/10.0.2"
62.72.73.250 - - [24/Aug/2012:13:54:12 +0200] "GET / HTTP/1.1" 200 12977 "http://www.google.com/url?sa=D&q=http://www.zahnarztpraxis-berlin-pankow.de/&usg=AFQjCNGXrOPkbEud1c_5X_JX1sq4eWUbfQ" "Mozilla/5.0 (Windows NT 6.1; WOW64) AppleWebKit/537.1 (KHTML, like Gecko) Chrome/21.0.1180.83 Safari/537.1"
62.72.73.250 - - [24/Aug/2012:13:54:12 +0200] "GET /opensite.js HTTP/1.1" 200 1125 "http://www.zahnarztpraxis-berlin-pankow.de/" "Mozilla/5.0 (Windows NT 6.1; WOW64) AppleWebKit/537.1 (KHTML, like Gecko) Chrome/21.0.1180.83 Safari/537.1"
62.72.73.250 - - [24/Aug/2012:13:54:13 +0200] "GET /flashopen.js HTTP/1.1" 200 604 "http://www.zahnarztpraxis-berlin-pankow.de/" "Mozilla/5.0 (Windows NT 6.1; WOW64) AppleWebKit/537.1 (KHTML, like Gecko) Chrome/21.0.1180.83 Safari/537.1"
62.72.73.250 - - [24/Aug/2012:13:54:13 +0200] "GET /hattke.swf HTTP/1.1" 200 12042 "http://www.zahnarztpraxis-berlin-pankow.de/" "Mozilla/5.0 (Windows NT 6.1; WOW64) AppleWebKit/537.1 (KHTML, like Gecko) Chrome/21.0.1180.83 Safari/537.1"
62.72.73.250 - - [24/Aug/2012:13:54:13 +0200] "GET /favicon.ico HTTP/1.1" 200 2550 "-" "Mozilla/5.0 (Windows NT 6.1; WOW64) AppleWebKit/537.1 (KHTML, like Gecko) Chrome/21.0.1180.83 Safari/537.1"
62.72.73.250 - - [24/Aug/2012:13:54:13 +0200] "GET /diashow.swf HTTP/1.1" 200 311957 "http://www.zahnarztpraxis-berlin-pankow.de/" "Mozilla/5.0 (Windows NT 6.1; WOW64) AppleWebKit/537.1 (KHTML, like Gecko) Chrome/21.0.1180.83 Safari/537.1"
66.249.72.186 - - [24/Aug/2012:16:07:44 +0200] "GET /robots.txt HTTP/1.1" 200 24 "-" "Mozilla/5.0 (compatible; Googlebot/2.1; +http://www.google.com/bot.html)"
66.249.72.186 - - [24/Aug/2012:16:07:45 +0200] "GET / HTTP/1.1" 200 12977 "-" "Mozilla/5.0 (iPhone; U; CPU iPhone OS 4_1 like Mac OS X; en-us) AppleWebKit/532.9 (KHTML, like Gecko) Version/4.0.5 Mobile/8B117 Safari/6531.22.7 (compatible; Googlebot-Mobile/2.1; +http://www.google.com/bot.html)"
173.242.125.191 - - [24/Aug/2012:16:22:41 +0200] "GET /robots.txt HTTP/1.0" 200 24 "-" "Mozilla/5.0 (compatible; MJ12bot/v1.4.3; http://www.majestic12.co.uk/bot.php?+)"
173.242.125.191 - - [24/Aug/2012:16:22:43 +0200] "GET /teledienst.html HTTP/1.0" 200 4588 "-" "Mozilla/5.0 (compatible; MJ12bot/v1.4.3; http://www.majestic12.co.uk/bot.php?+)"
178.154.179.250 - - [24/Aug/2012:18:50:09 +0200] "GET / HTTP/1.1" 200 12977 "-" "Mozilla/5.0 (compatible; YandexBot/3.0; +http://yandex.com/bots)"
213.186.127.2 - - [24/Aug/2012:22:07:53 +0200] "GET /teledienst.html HTTP/1.1" 200 4588 "-" "Mozilla/5.0 (compatible; AhrefsBot/3.1; +http://ahrefs.com/robot/)"
178.202.229.229 - - [25/Aug/2012:00:58:52 +0200] "GET / HTTP/1.1" 200 12977 "-" "-"
178.202.229.229 - - [25/Aug/2012:00:58:52 +0200] "GET / HTTP/1.1" 200 12977 "-" "Mozilla/5.0 (Windows; U; Windows NT 5.1; de; rv:1.9.2.12) Gecko/20101026 Firefox/3.6.12"
178.202.229.229 - - [25/Aug/2012:00:58:52 +0200] "GET / HTTP/1.1" 200 12977 "-" "Mozilla/5.0 (Windows; U; Windows NT 5.1; de; rv:1.9.2.12) Gecko/20101026 Firefox/3.6.12"
207.46.13.157 - - [25/Aug/2012:05:04:14 +0200] "GET /robots.txt HTTP/1.1" 200 24 "-" "Mozilla/5.0 (compatible; bingbot/2.0; +http://www.bing.com/bingbot.htm)"
207.46.13.157 - - [25/Aug/2012:05:05:06 +0200] "GET / HTTP/1.1" 304 - "-" "Mozilla/5.0 (compatible; bingbot/2.0; +http://www.bing.com/bingbot.htm)"
217.247.103.220 - - [25/Aug/2012:05:13:09 +0200] "GET / HTTP/1.0" 200 12977 "-" "libwww-perl/5.51"
66.249.72.186 - - [25/Aug/2012:07:16:47 +0200] "GET /robots.txt HTTP/1.1" 200 24 "-" "Mozilla/5.0 (compatible; Googlebot/2.1; +http://www.google.com/bot.html)"
66.249.72.186 - - [25/Aug/2012:07:16:48 +0200] "GET /sitemap.xml HTTP/1.1" 200 796 "-" "Mozilla/5.0 (compatible; Googlebot/2.1; +http://www.google.com/bot.html)"
173.45.65.157 - - [25/Aug/2012:08:49:58 +0200] "GET / HTTP/1.1" 200 12977 "-" "Mozilla/5.0 (compatible; MSIE 8.0; Windows NT 5.1) KomodiaBot/1.0"
173.45.65.154 - - [25/Aug/2012:08:56:22 +0200] "GET /teledienst.html HTTP/1.1" 200 4588 "-" "Mozilla/5.0 (compatible; MSIE 8.0; Windows NT 5.1) KomodiaBot/1.0"
207.46.13.157 - - [25/Aug/2012:09:21:45 +0200] "GET /robots.txt HTTP/1.1" 200 24 "-" "Mozilla/5.0 (compatible; bingbot/2.0; +http://www.bing.com/bingbot.htm)"
207.46.13.157 - - [25/Aug/2012:09:22:41 +0200] "GET / HTTP/1.1" 304 - "-" "Mozilla/5.0 (compatible; bingbot/2.0; +http://www.bing.com/bingbot.htm)"
119.139.24.119 - - [25/Aug/2012:10:25:39 +0200] "GET /robots.txt HTTP/1.0" 200 24 "-" "HD nutch agent/Nutch-1.1 (Think)"
119.139.24.119 - - [25/Aug/2012:10:25:42 +0200] "GET / HTTP/1.0" 200 12977 "-" "HD nutch agent/Nutch-1.1 (Think)"
180.76.6.212 - - [25/Aug/2012:10:58:01 +0200] "GET /robots.txt HTTP/1.1" 200 24 "-" "Mozilla/5.0 (compatible; Baiduspider/2.0; +http://www.baidu.com/search/spider.html)"
178.154.179.250 - - [25/Aug/2012:12:27:42 +0200] "GET /robots.txt HTTP/1.1" 200 24 "-" "Mozilla/5.0 (compatible; YandexBot/3.0; +http://yandex.com/bots)"
74.125.186.19 - - [25/Aug/2012:12:34:38 +0200] "GET /favicon.ico HTTP/1.1" 200 2550 "-" "-"
217.69.133.31 - - [25/Aug/2012:14:53:31 +0200] "GET /robots.txt HTTP/1.0" 200 24 "-" "Mozilla/5.0 (compatible; Mail.RU/2.0)"
178.154.179.250 - - [25/Aug/2012:15:58:23 +0200] "GET / HTTP/1.1" 200 12977 "-" "Mozilla/5.0 (compatible; YandexBot/3.0; +http://yandex.com/bots)"
2.202.229.65 - - [25/Aug/2012:17:35:25 +0200] "GET / HTTP/1.1" 200 12977 "http://www.google.de/search?q=zanarztpraxen+berlin+pankow&hl=de&rlz=1T4ACAW_deDE307DE307&oq=zanarztpraxen+berlin+pankow&gs_l=heirloom-serp.3..0i13.11179.18680.0.18868.29.23.1.0.0.0.409.3459.2-5j5j1.11.0...0.0...1c.pk2fsrQncAA" "Mozilla/4.0 (compatible; MSIE 7.0; Windows NT 6.0; GTB7.3; SLCC1; .NET CLR 2.0.50727; Media Center PC 5.0; eSobiSubscriber 2.0.4.16; .NET CLR 3.5.30729; .NET CLR 3.0.30618; .NET4.0C; OfficeLiveConnector.1.5; OfficeLivePatch.1.3)"
2.202.229.65 - - [25/Aug/2012:17:35:25 +0200] "GET /opensite.js HTTP/1.1" 200 1125 "http://www.zahnarztpraxis-berlin-pankow.de/" "Mozilla/4.0 (compatible; MSIE 7.0; Windows NT 6.0; GTB7.3; SLCC1; .NET CLR 2.0.50727; Media Center PC 5.0; eSobiSubscriber 2.0.4.16; .NET CLR 3.5.30729; .NET CLR 3.0.30618; .NET4.0C; OfficeLiveConnector.1.5; OfficeLivePatch.1.3)"
2.202.229.65 - - [25/Aug/2012:17:35:25 +0200] "GET /flashopen.js HTTP/1.1" 200 604 "http://www.zahnarztpraxis-berlin-pankow.de/" "Mozilla/4.0 (compatible; MSIE 7.0; Windows NT 6.0; GTB7.3; SLCC1; .NET CLR 2.0.50727; Media Center PC 5.0; eSobiSubscriber 2.0.4.16; .NET CLR 3.5.30729; .NET CLR 3.0.30618; .NET4.0C; OfficeLiveConnector.1.5; OfficeLivePatch.1.3)"
2.202.229.65 - - [25/Aug/2012:17:35:26 +0200] "GET /hattke.swf HTTP/1.1" 200 12042 "http://www.zahnarztpraxis-berlin-pankow.de/" "Mozilla/4.0 (compatible; MSIE 7.0; Windows NT 6.0; GTB7.3; SLCC1; .NET CLR 2.0.50727; Media Center PC 5.0; eSobiSubscriber 2.0.4.16; .NET CLR 3.5.30729; .NET CLR 3.0.30618; .NET4.0C; OfficeLiveConnector.1.5; OfficeLivePatch.1.3)"
2.202.229.65 - - [25/Aug/2012:17:35:26 +0200] "GET /favicon.ico HTTP/1.1" 200 2550 "-" "Mozilla/4.0 (compatible; MSIE 7.0; Windows NT 6.0; GTB7.3; SLCC1; .NET CLR 2.0.50727; Media Center PC 5.0; eSobiSubscriber 2.0.4.16; .NET CLR 3.5.30729; .NET CLR 3.0.30618; .NET4.0C; OfficeLiveConnector.1.5; OfficeLivePatch.1.3)"
2.202.229.65 - - [25/Aug/2012:17:35:26 +0200] "GET /diashow.swf HTTP/1.1" 200 311957 "http://www.zahnarztpraxis-berlin-pankow.de/hattke.swf" "Mozilla/4.0 (compatible; MSIE 7.0; Windows NT 6.0; GTB7.3; SLCC1; .NET CLR 2.0.50727; Media Center PC 5.0; eSobiSubscriber 2.0.4.16; .NET CLR 3.5.30729; .NET CLR 3.0.30618; .NET4.0C; OfficeLiveConnector.1.5; OfficeLivePatch.1.3)"
64.121.56.246 - - [25/Aug/2012:20:00:20 +0200] "HEAD / HTTP/1.1" 200 - "-" "Mozilla/5.0 (compatible; pmoz.info ODP link checker; +http://pmoz.info/doc/botinfo.htm)"
208.77.221.210 - - [25/Aug/2012:23:09:42 +0200] "GET /robots.txt HTTP/1.0" 200 24 "-" "CatchBot/1.0; +http://www.catchbot.com"
208.77.221.210 - - [25/Aug/2012:23:09:42 +0200] "GET / HTTP/1.0" 200 12977 "-" "CatchBot/1.0; +http://www.catchbot.com"
125.64.33.80 - - [26/Aug/2012:05:42:52 +0200] "GET / HTTP/1.1" 200 12977 "-" "Mozilla/4.0 (compatible; MSIE 6.0; Windows NT 5.0; SV1; .NET CLR 1.1.4322; InfoPath.2; .NET CLR 2.0.50727; .NET CLR 3.0.04506.648; .NET CLR 3.5.21022)"
125.64.33.80 - - [26/Aug/2012:05:42:55 +0200] "GET /opensite.js HTTP/1.1" 200 1125 "-" "Mozilla/4.0 (compatible; MSIE 6.0; Windows NT 5.0; SV1; .NET CLR 1.1.4322; InfoPath.2; .NET CLR 2.0.50727; .NET CLR 3.0.04506.648; .NET CLR 3.5.21022)"
125.64.33.80 - - [26/Aug/2012:05:42:55 +0200] "GET /flashopen.js HTTP/1.1" 200 604 "-" "Mozilla/4.0 (compatible; MSIE 6.0; Windows NT 5.0; SV1; .NET CLR 1.1.4322; InfoPath.2; .NET CLR 2.0.50727; .NET CLR 3.0.04506.648; .NET CLR 3.5.21022)"
188.165.195.156 - - [26/Aug/2012:06:01:16 +0200] "HEAD / HTTP/1.1" 200 - "-" "Mozilla/4.0 (compatible; MSIE 5.01; Windows NT 5.0)"
208.115.113.90 - - [26/Aug/2012:11:25:09 +0200] "GET /robots.txt HTTP/1.1" 200 24 "-" "Mozilla/5.0 (compatible; Ezooms/1.0; ezooms.bot@gmail.com)"
180.76.5.189 - - [26/Aug/2012:11:40:31 +0200] "GET / HTTP/1.1" 200 12977 "-" "Mozilla/5.0 (compatible; Baiduspider/2.0; +http://www.baidu.com/search/spider.html)"
178.32.110.159 - - [26/Aug/2012:12:43:30 +0200] "HEAD / HTTP/1.1" 200 - "-" "-"
92.225.100.19 - - [26/Aug/2012:14:36:22 +0200] "GET / HTTP/1.1" 200 12977 "http://www.google.de/search?q=zahnarztpraxen+berlin&hl=de&gbv=2&rlz=1R2ADFA_deDE474&prmd=ivnsm&ei=yBY6UMPGEM3esgaa74CQAw&start=30&sa=N" "Mozilla/4.0 (compatible; MSIE 7.0; Windows NT 6.0; GTB7.4; SLCC1; .NET CLR 2.0.50727; Media Center PC 5.0; OfficeLiveConnector.1.3; OfficeLivePatch.0.0; .NET CLR 3.5.30729; .NET CLR 3.0.30618)"
92.225.100.19 - - [26/Aug/2012:14:36:22 +0200] "GET /opensite.js HTTP/1.1" 200 1125 "http://www.zahnarztpraxis-berlin-pankow.de/" "Mozilla/4.0 (compatible; MSIE 7.0; Windows NT 6.0; GTB7.4; SLCC1; .NET CLR 2.0.50727; Media Center PC 5.0; OfficeLiveConnector.1.3; OfficeLivePatch.0.0; .NET CLR 3.5.30729; .NET CLR 3.0.30618)"
92.225.100.19 - - [26/Aug/2012:14:36:22 +0200] "GET /flashopen.js HTTP/1.1" 200 604 "http://www.zahnarztpraxis-berlin-pankow.de/" "Mozilla/4.0 (compatible; MSIE 7.0; Windows NT 6.0; GTB7.4; SLCC1; .NET CLR 2.0.50727; Media Center PC 5.0; OfficeLiveConnector.1.3; OfficeLivePatch.0.0; .NET CLR 3.5.30729; .NET CLR 3.0.30618)"
92.225.100.19 - - [26/Aug/2012:14:36:22 +0200] "GET /hattke.swf HTTP/1.1" 200 12042 "http://www.zahnarztpraxis-berlin-pankow.de/" "Mozilla/4.0 (compatible; MSIE 7.0; Windows NT 6.0; GTB7.4; SLCC1; .NET CLR 2.0.50727; Media Center PC 5.0; OfficeLiveConnector.1.3; OfficeLivePatch.0.0; .NET CLR 3.5.30729; .NET CLR 3.0.30618)"
92.225.100.19 - - [26/Aug/2012:14:36:22 +0200] "GET /favicon.ico HTTP/1.1" 200 2550 "-" "Mozilla/4.0 (compatible; MSIE 7.0; Windows NT 6.0; GTB7.4; SLCC1; .NET CLR 2.0.50727; Media Center PC 5.0; OfficeLiveConnector.1.3; OfficeLivePatch.0.0; .NET CLR 3.5.30729; .NET CLR 3.0.30618)"
92.225.100.19 - - [26/Aug/2012:14:36:23 +0200] "GET /diashow.swf HTTP/1.1" 200 311957 "http://www.zahnarztpraxis-berlin-pankow.de/hattke.swf" "Mozilla/4.0 (compatible; MSIE 7.0; Windows NT 6.0; GTB7.4; SLCC1; .NET CLR 2.0.50727; Media Center PC 5.0; OfficeLiveConnector.1.3; OfficeLivePatch.0.0; .NET CLR 3.5.30729; .NET CLR 3.0.30618)"
180.76.6.230 - - [26/Aug/2012:15:13:12 +0200] "GET /robots.txt HTTP/1.1" 200 24 "-" "Mozilla/5.0 (compatible; Baiduspider/2.0; +http://www.baidu.com/search/spider.html)"
208.115.113.90 - - [26/Aug/2012:15:58:00 +0200] "GET /teledienst.html HTTP/1.1" 200 4588 "-" "Mozilla/5.0 (compatible; Ezooms/1.0; ezooms.bot@gmail.com)"
207.46.13.157 - - [26/Aug/2012:15:59:48 +0200] "GET /robots.txt HTTP/1.1" 200 24 "-" "Mozilla/5.0 (compatible; bingbot/2.0; +http://www.bing.com/bingbot.htm)"
207.46.13.157 - - [26/Aug/2012:16:00:32 +0200] "GET / HTTP/1.1" 304 - "-" "Mozilla/5.0 (compatible; bingbot/2.0; +http://www.bing.com/bingbot.htm)"
119.139.24.38 - - [26/Aug/2012:17:24:35 +0200] "GET /robots.txt HTTP/1.0" 200 24 "-" "HD nutch agent/Nutch-1.1 (Think)"
119.139.24.38 - - [26/Aug/2012:17:24:39 +0200] "GET / HTTP/1.0" 200 12977 "-" "HD nutch agent/Nutch-1.1 (Think)"
208.115.113.90 - - [26/Aug/2012:19:21:39 +0200] "GET /robots.txt HTTP/1.1" 200 24 "-" "Mozilla/5.0 (compatible; Ezooms/1.0; ezooms.bot@gmail.com)"
64.246.165.190 - - [26/Aug/2012:22:24:33 +0200] "GET /robots.txt HTTP/1.0" 200 24 "-" "Mozilla/5.0 (Windows; U; Windows NT 5.1; en; rv:1.9.0.13) Gecko/2009073022 Firefox/3.5.2 (.NET CLR 3.5.30729) SurveyBot/2.3 (DomainTools)"
64.246.165.190 - - [26/Aug/2012:22:24:33 +0200] "GET / HTTP/1.1" 200 12977 "http://whois.domaintools.com/zahnarztpraxis-berlin-pankow.de" "Mozilla/5.0 (Windows; U; Windows NT 5.1; en; rv:1.9.0.13) Gecko/2009073022 Firefox/3.5.2 (.NET CLR 3.5.30729) SurveyBot/2.3 (DomainTools)"
208.115.113.90 - - [27/Aug/2012:00:02:06 +0200] "GET /teledienst.html HTTP/1.1" 200 4588 "-" "Mozilla/5.0 (compatible; Ezooms/1.0; ezooms.bot@gmail.com)"
178.154.179.250 - - [27/Aug/2012:00:13:30 +0200] "GET /robots.txt HTTP/1.1" 200 24 "-" "Mozilla/5.0 (compatible; YandexBot/3.0; +http://yandex.com/bots)"
65.52.109.149 - - [27/Aug/2012:01:33:47 +0200] "GET /robots.txt HTTP/1.1" 200 24 "-" "Mozilla/5.0 (compatible; bingbot/2.0; +http://www.bing.com/bingbot.htm)"
65.52.109.149 - - [27/Aug/2012:01:34:36 +0200] "GET /hattke.swf HTTP/1.1" 200 12042 "-" "Mozilla/5.0 (compatible; bingbot/2.0; +http://www.bing.com/bingbot.htm)"
178.154.179.250 - - [27/Aug/2012:02:10:54 +0200] "GET / HTTP/1.1" 200 12977 "-" "Mozilla/5.0 (compatible; YandexBot/3.0; +http://yandex.com/bots)"
213.73.96.24 - - [27/Aug/2012:06:09:07 +0200] "GET / HTTP/1.1" 200 12977 "-" "Mozilla/4.0 (compatible; MSIE 7.0; Windows NT 6.1; WOW64; Trident/5.0; SLCC2; .NET CLR 2.0.50727; .NET4.0C; .NET4.0E; .NET CLR 3.5.30729; .NET CLR 3.0.30729)"
213.73.96.24 - - [27/Aug/2012:06:09:07 +0200] "GET /opensite.js HTTP/1.1" 200 1125 "http://www.zahnarztpraxis-berlin-pankow.de/" "Mozilla/4.0 (compatible; MSIE 7.0; Windows NT 6.1; WOW64; Trident/5.0; SLCC2; .NET CLR 2.0.50727; .NET4.0C; .NET4.0E; .NET CLR 3.5.30729; .NET CLR 3.0.30729)"
213.73.96.24 - - [27/Aug/2012:06:09:07 +0200] "GET /flashopen.js HTTP/1.1" 200 604 "http://www.zahnarztpraxis-berlin-pankow.de/" "Mozilla/4.0 (compatible; MSIE 7.0; Windows NT 6.1; WOW64; Trident/5.0; SLCC2; .NET CLR 2.0.50727; .NET4.0C; .NET4.0E; .NET CLR 3.5.30729; .NET CLR 3.0.30729)"
92.224.60.146 - - [27/Aug/2012:07:00:41 +0200] "GET / HTTP/1.1" 200 12977 "http://www.dmoz.org/World/Deutsch/Regional/Europa/Deutschland/Berlin/Gesundheit/Praxen/Zahn%C3%A4rzte%2C_Kieferchirurgen_und_-orthop%C3%A4den/" "Mozilla/5.0 (Macintosh; Intel Mac OS X 10_6_8) AppleWebKit/534.57.2 (KHTML, like Gecko) Version/5.1.7 Safari/534.57.2"
92.224.60.146 - - [27/Aug/2012:07:00:41 +0200] "GET /opensite.js HTTP/1.1" 200 1125 "http://www.zahnarztpraxis-berlin-pankow.de/" "Mozilla/5.0 (Macintosh; Intel Mac OS X 10_6_8) AppleWebKit/534.57.2 (KHTML, like Gecko) Version/5.1.7 Safari/534.57.2"
92.224.60.146 - - [27/Aug/2012:07:00:41 +0200] "GET /flashopen.js HTTP/1.1" 200 604 "http://www.zahnarztpraxis-berlin-pankow.de/" "Mozilla/5.0 (Macintosh; Intel Mac OS X 10_6_8) AppleWebKit/534.57.2 (KHTML, like Gecko) Version/5.1.7 Safari/534.57.2"
92.224.60.146 - - [27/Aug/2012:07:00:41 +0200] "GET /hattke.swf HTTP/1.1" 200 12042 "http://www.zahnarztpraxis-berlin-pankow.de/" "Mozilla/5.0 (Macintosh; Intel Mac OS X 10_6_8) AppleWebKit/534.57.2 (KHTML, like Gecko) Version/5.1.7 Safari/534.57.2"
92.224.60.146 - - [27/Aug/2012:07:00:42 +0200] "GET /favicon.ico HTTP/1.1" 200 2550 "http://www.zahnarztpraxis-berlin-pankow.de/" "Mozilla/5.0 (Macintosh; Intel Mac OS X 10_6_8) AppleWebKit/534.57.2 (KHTML, like Gecko) Version/5.1.7 Safari/534.57.2"
92.224.60.146 - - [27/Aug/2012:07:00:42 +0200] "GET /diashow.swf HTTP/1.1" 200 311957 "http://www.zahnarztpraxis-berlin-pankow.de/" "Mozilla/5.0 (Macintosh; Intel Mac OS X 10_6_8) AppleWebKit/534.57.2 (KHTML, like Gecko) Version/5.1.7 Safari/534.57.2"
157.55.16.230 - - [27/Aug/2012:08:52:37 +0200] "GET /robots.txt HTTP/1.1" 200 24 "-" "Mozilla/5.0 (compatible; bingbot/2.0; +http://www.bing.com/bingbot.htm)"
157.55.16.230 - - [27/Aug/2012:08:53:15 +0200] "GET /intro.html HTTP/1.1" 200 5170 "-" "Mozilla/5.0 (compatible; bingbot/2.0; +http://www.bing.com/bingbot.htm)"
79.211.62.147 - - [27/Aug/2012:08:54:45 +0200] "GET / HTTP/1.1" 200 12977 "http://www.zahnarztpraxis-berlin-pankow.de" "Opera/9.80 (Windows NT 5.1; U; en) Presto/2.10.289 Version/12.01"
79.211.62.147 - - [27/Aug/2012:09:07:11 +0200] "GET /flashopen.js HTTP/1.1" 200 604 "http://www.zahnarztpraxis-berlin-pankow.de/" "Opera/9.80 (Windows NT 5.1; U; en) Presto/2.10.289 Version/12.01"
79.211.62.147 - - [27/Aug/2012:09:07:11 +0200] "GET /opensite.js HTTP/1.1" 200 1125 "http://www.zahnarztpraxis-berlin-pankow.de/" "Opera/9.80 (Windows NT 5.1; U; en) Presto/2.10.289 Version/12.01"
79.211.62.147 - - [27/Aug/2012:09:07:11 +0200] "GET /teledienst.html HTTP/1.1" 200 4588 "http://www.zahnarztpraxis-berlin-pankow.de/" "Opera/9.80 (Windows NT 5.1; U; en) Presto/2.10.289 Version/12.01"
217.69.133.31 - - [27/Aug/2012:10:05:01 +0200] "GET / HTTP/1.0" 200 12977 "-" "Mozilla/5.0 (compatible; Mail.RU/2.0)"
66.249.72.186 - - [27/Aug/2012:10:09:37 +0200] "GET /robots.txt HTTP/1.1" 200 24 "-" "Mozilla/5.0 (compatible; Googlebot/2.1; +http://www.google.com/bot.html)"
72.14.199.247 - - [27/Aug/2012:10:09:37 +0200] "GET /google6cbc7c57957fae22.html HTTP/1.1" 200 - "-" "Google-Site-Verification/1.0"
72.14.199.247 - - [27/Aug/2012:10:09:53 +0200] "GET /noexist_6cbc7c57957fae22.html HTTP/1.1" 404 1256 "-" "Google-Site-Verification/1.0"
217.69.133.31 - - [27/Aug/2012:10:13:07 +0200] "GET /sitemap.xml HTTP/1.0" 200 796 "-" "Mozilla/5.0 (compatible; Mail.RU/2.0)"
87.193.219.98 - - [27/Aug/2012:11:46:37 +0200] "GET / HTTP/1.1" 200 12977 "http://www.google.de/url?sa=t&rct=j&q=zahnarzt%2013158%20berlin&source=web&cd=6&ved=0CGoQFjAF&url=http%3A%2F%2Fwww.zahnarztpraxis-berlin-pankow.de%2F&ei=ckE7UM_oK4WVswau2oGoDw&usg=AFQjCNGhU0LSIXKAU9N4d8DNsS8g6WKbiA" "Mozilla/5.0 (compatible; MSIE 9.0; Windows NT 6.1; WOW64; Trident/5.0)"
87.193.219.98 - - [27/Aug/2012:11:46:37 +0200] "GET /opensite.js HTTP/1.1" 200 1125 "http://www.zahnarztpraxis-berlin-pankow.de/" "Mozilla/5.0 (compatible; MSIE 9.0; Windows NT 6.1; WOW64; Trident/5.0)"
87.193.219.98 - - [27/Aug/2012:11:46:37 +0200] "GET /flashopen.js HTTP/1.1" 200 604 "http://www.zahnarztpraxis-berlin-pankow.de/" "Mozilla/5.0 (compatible; MSIE 9.0; Windows NT 6.1; WOW64; Trident/5.0)"
87.193.219.98 - - [27/Aug/2012:11:46:38 +0200] "GET /hattke.swf HTTP/1.1" 200 12042 "http://www.zahnarztpraxis-berlin-pankow.de/" "Mozilla/5.0 (compatible; MSIE 9.0; Windows NT 6.1; WOW64; Trident/5.0)"
87.193.219.98 - - [27/Aug/2012:11:46:38 +0200] "GET /favicon.ico HTTP/1.1" 200 2550 "-" "Mozilla/5.0 (compatible; MSIE 9.0; Windows NT 6.1; WOW64; Trident/5.0)"
87.193.219.98 - - [27/Aug/2012:11:46:38 +0200] "GET /diashow.swf HTTP/1.1" 200 311957 "http://www.zahnarztpraxis-berlin-pankow.de/hattke.swf" "Mozilla/5.0 (compatible; MSIE 9.0; Windows NT 6.1; WOW64; Trident/5.0)"
2.202.0.224 - - [27/Aug/2012:13:23:27 +0200] "GET / HTTP/1.1" 200 12977 "http://www.google.de/url?sa=t&rct=j&q=zahnarztpraxis%20hattke%20berlin&source=web&cd=1&ved=0CDsQFjAA&url=http%3A%2F%2Fwww.zahnarztpraxis-berlin-pankow.de%2F&ei=Qlg7UOKcB4zSsga1_ICoCw&usg=AFQjCNGhU0LSIXKAU9N4d8DNsS8g6WKbiA&sig2=plPi-Bu_BKGtTB2SimhgIw" "Mozilla/5.0 (Linux; U; Android 4.0.3; de-de; ASUS Transformer Pad TF300T Build/IML74K) AppleWebKit/534.30 (KHTML, like Gecko) Version/4.0 Safari/534.30"
2.202.0.224 - - [27/Aug/2012:13:23:27 +0200] "GET /opensite.js HTTP/1.1" 200 1125 "http://www.zahnarztpraxis-berlin-pankow.de/" "Mozilla/5.0 (Linux; U; Android 4.0.3; de-de; ASUS Transformer Pad TF300T Build/IML74K) AppleWebKit/534.30 (KHTML, like Gecko) Version/4.0 Safari/534.30"
2.202.0.224 - - [27/Aug/2012:13:23:27 +0200] "GET /flashopen.js HTTP/1.1" 200 604 "http://www.zahnarztpraxis-berlin-pankow.de/" "Mozilla/5.0 (Linux; U; Android 4.0.3; de-de; ASUS Transformer Pad TF300T Build/IML74K) AppleWebKit/534.30 (KHTML, like Gecko) Version/4.0 Safari/534.30"
2.202.0.224 - - [27/Aug/2012:13:23:28 +0200] "GET /favicon.ico HTTP/1.1" 200 2550 "http://www.zahnarztpraxis-berlin-pankow.de/" "Mozilla/5.0 (Linux; U; Android 4.0.3; de-de; ASUS Transformer Pad TF300T Build/IML74K) AppleWebKit/534.30 (KHTML, like Gecko) Version/4.0 Safari/534.30"
2.202.0.224 - - [27/Aug/2012:13:23:28 +0200] "GET /hattke.swf HTTP/1.1" 200 12042 "http://www.zahnarztpraxis-berlin-pankow.de/" "Mozilla/5.0 (Linux; U; Android 4.0.3; de-de; ASUS Transformer Pad TF300T Build/IML74K) AppleWebKit/534.30 (KHTML, like Gecko) Version/4.0 Safari/534.30"
2.202.0.224 - - [27/Aug/2012:13:23:29 +0200] "GET /diashow.swf HTTP/1.1" 200 311957 "http://www.zahnarztpraxis-berlin-pankow.de/hattke.swf" "Mozilla/5.0 (Linux; U; Android 4.0.3; de-de; ASUS Transformer Pad TF300T Build/IML74K) AppleWebKit/534.30 (KHTML, like Gecko) Version/4.0 Safari/534.30"
180.76.5.195 - - [27/Aug/2012:14:03:34 +0200] "GET /robots.txt HTTP/1.1" 200 24 "-" "Mozilla/5.0 (compatible; Baiduspider/2.0; +http://www.baidu.com/search/spider.html)"
91.38.138.216 - - [27/Aug/2012:14:36:01 +0200] "GET / HTTP/1.1" 200 12977 "-" "Mozilla/4.0 (compatible; MSIE 7.0; Windows NT 6.1; WOW64; Trident/5.0; SLCC2; .NET CLR 2.0.50727; .NET CLR 3.5.30729; .NET CLR 3.0.30729; Media Center PC 6.0; .NET4.0C)"
91.38.138.216 - - [27/Aug/2012:14:36:02 +0200] "GET /opensite.js HTTP/1.1" 200 1125 "http://www.zahnarztpraxis-berlin-pankow.de/" "Mozilla/4.0 (compatible; MSIE 7.0; Windows NT 6.1; WOW64; Trident/5.0; SLCC2; .NET CLR 2.0.50727; .NET CLR 3.5.30729; .NET CLR 3.0.30729; Media Center PC 6.0; .NET4.0C)"
91.38.138.216 - - [27/Aug/2012:14:36:02 +0200] "GET /flashopen.js HTTP/1.1" 200 604 "http://www.zahnarztpraxis-berlin-pankow.de/" "Mozilla/4.0 (compatible; MSIE 7.0; Windows NT 6.1; WOW64; Trident/5.0; SLCC2; .NET CLR 2.0.50727; .NET CLR 3.5.30729; .NET CLR 3.0.30729; Media Center PC 6.0; .NET4.0C)"
91.38.138.216 - - [27/Aug/2012:14:36:02 +0200] "GET /hattke.swf HTTP/1.1" 200 12042 "http://www.zahnarztpraxis-berlin-pankow.de/" "Mozilla/4.0 (compatible; MSIE 7.0; Windows NT 6.1; WOW64; Trident/5.0; SLCC2; .NET CLR 2.0.50727; .NET CLR 3.5.30729; .NET CLR 3.0.30729; Media Center PC 6.0; .NET4.0C)"
91.213.91.41 - - [27/Aug/2012:16:52:24 +0200] "GET /robots.txt HTTP/1.0" 200 24 "-" "MIA DEV/search:robot/0.0.1 (This is the MIA Bot - crawling for mia research project. If you feel unhappy and do not want to be visited by our crawler send an email to spider@neofonie.de; http://spider.neofonie.de; spider@neofonie.de)"
91.213.91.41 - - [27/Aug/2012:16:52:24 +0200] "GET / HTTP/1.0" 200 12977 "-" "MIA DEV/search:robot/0.0.1 (This is the MIA Bot - crawling for mia research project. If you feel unhappy and do not want to be visited by our crawler send an email to spider@neofonie.de; http://spider.neofonie.de; spider@neofonie.de)"
94.222.15.167 - - [27/Aug/2012:22:10:02 +0200] "GET / HTTP/1.1" 200 12977 "http://www.google.de/url?sa=t&rct=j&q=zahnarztpraxis-berlin-buch&source=web&cd=8&cad=rja&ved=0CHsQFjAH&url=http%3A%2F%2Fwww.zahnarztpraxis-berlin-pankow.de%2F&ei=r9E7UOjHDszDswbc-oHICw&usg=AFQjCNGhU0LSIXKAU9N4d8DNsS8g6WKbiA" "Mozilla/5.0 (Windows NT 6.1; WOW64; rv:7.0.1) Gecko/20100101 Firefox/7.0.1"
94.222.15.167 - - [27/Aug/2012:22:10:03 +0200] "GET /opensite.js HTTP/1.1" 200 1125 "http://www.zahnarztpraxis-berlin-pankow.de/" "Mozilla/5.0 (Windows NT 6.1; WOW64; rv:7.0.1) Gecko/20100101 Firefox/7.0.1"
94.222.15.167 - - [27/Aug/2012:22:10:03 +0200] "GET /flashopen.js HTTP/1.1" 200 604 "http://www.zahnarztpraxis-berlin-pankow.de/" "Mozilla/5.0 (Windows NT 6.1; WOW64; rv:7.0.1) Gecko/20100101 Firefox/7.0.1"
94.222.15.167 - - [27/Aug/2012:22:10:03 +0200] "GET /favicon.ico HTTP/1.1" 200 2550 "-" "Mozilla/5.0 (Windows NT 6.1; WOW64; rv:7.0.1) Gecko/20100101 Firefox/7.0.1"
94.222.15.167 - - [27/Aug/2012:22:10:03 +0200] "GET /hattke.swf HTTP/1.1" 200 12042 "http://www.zahnarztpraxis-berlin-pankow.de/" "Mozilla/5.0 (Windows NT 6.1; WOW64; rv:7.0.1) Gecko/20100101 Firefox/7.0.1"
94.222.15.167 - - [27/Aug/2012:22:10:03 +0200] "GET /diashow.swf HTTP/1.1" 200 311957 "-" "Mozilla/5.0 (Windows NT 6.1; WOW64; rv:7.0.1) Gecko/20100101 Firefox/7.0.1"
95.69.193.232 - - [27/Aug/2012:23:57:33 +0200] "GET / HTTP/1.0" 200 12977 "http://www.zahnarztpraxis-berlin-pankow.de/" "Opera/9.80 (Windows NT 6.1; U; ru) Presto/2.10.229 Version/11.61"
95.69.193.232 - - [27/Aug/2012:23:57:42 +0200] "GET / HTTP/1.0" 200 12977 "http://www.zahnarztpraxis-berlin-pankow.de/" "Opera/9.80 (Windows NT 6.1; U; ru) Presto/2.10.229 Version/11.61"
178.154.179.250 - - [28/Aug/2012:00:07:22 +0200] "GET /robots.txt HTTP/1.1" 200 24 "-" "Mozilla/5.0 (compatible; YandexBot/3.0; +http://yandex.com/bots)"
188.123.230.122 - - [28/Aug/2012:00:32:59 +0200] "GET /robots.txt HTTP/1.1" 200 24 "-" "Mozilla/5.0 (compatible; 008/0.83; http://www.80legs.com/webcrawler.html;) Gecko/2008032620"
188.123.230.122 - - [28/Aug/2012:00:32:59 +0200] "GET / HTTP/1.1" 200 12977 "-" "Mozilla/5.0 (compatible; 008/0.83; http://www.80legs.com/webcrawler.html) Gecko/2008032620"
91.197.6.181 - - [28/Aug/2012:00:39:05 +0200] "GET /robots.txt HTTP/1.1" 200 24 "-" "Mozilla/5.0 (compatible; 008/0.83; http://www.80legs.com/webcrawler.html;) Gecko/2008032620"
91.197.6.181 - - [28/Aug/2012:00:39:05 +0200] "GET / HTTP/1.1" 200 12977 "-" "Mozilla/5.0 (compatible; 008/0.83; http://www.80legs.com/webcrawler.html) Gecko/2008032620"
178.154.179.250 - - [28/Aug/2012:01:19:43 +0200] "GET / HTTP/1.1" 200 12977 "-" "Mozilla/5.0 (compatible; YandexBot/3.0; +http://yandex.com/bots)"
82.193.140.190 - - [28/Aug/2012:01:32:58 +0200] "GET /robots.txt HTTP/1.1" 200 24 "-" "Mozilla/5.0 (compatible; 008/0.83; http://www.80legs.com/webcrawler.html;) Gecko/2008032620"
82.193.140.190 - - [28/Aug/2012:01:32:58 +0200] "GET /teledienst.html HTTP/1.1" 200 4588 "-" "Mozilla/5.0 (compatible; 008/0.83; http://www.80legs.com/webcrawler.html) Gecko/2008032620"
176.9.76.43 - - [28/Aug/2012:01:40:56 +0200] "GET /robots.txt HTTP/1.1" 200 24 "-" "User-Agent: Mozilla/5.0 (Ubuntu; X11; Linux x86_64; rv:8.0) Gecko/20100101 Firefox/8.0"
176.9.76.43 - - [28/Aug/2012:01:40:56 +0200] "GET / HTTP/1.1" 200 12977 "-" "User-Agent: Mozilla/5.0 (Ubuntu; X11; Linux x86_64; rv:8.0) Gecko/20100101 Firefox/8.0"
176.9.76.43 - - [28/Aug/2012:01:40:57 +0200] "GET /teledienst.html HTTP/1.1" 200 4588 "-" "User-Agent: Mozilla/5.0 (Ubuntu; X11; Linux x86_64; rv:8.0) Gecko/20100101 Firefox/8.0"
173.45.65.155 - - [28/Aug/2012:01:52:05 +0200] "GET / HTTP/1.1" 200 12977 "-" "Mozilla/5.0 (compatible; MSIE 8.0; Windows NT 5.1) KomodiaBot/1.0"
173.45.65.154 - - [28/Aug/2012:01:59:27 +0200] "GET /teledienst.html HTTP/1.1" 200 4588 "-" "Mozilla/5.0 (compatible; MSIE 8.0; Windows NT 5.1) KomodiaBot/1.0"
178.127.83.152 - - [28/Aug/2012:02:12:53 +0200] "GET /robots.txt HTTP/1.1" 200 24 "-" "Mozilla/5.0 (compatible; 008/0.83; http://www.80legs.com/webcrawler.html;) Gecko/2008032620"
178.127.83.152 - - [28/Aug/2012:02:12:53 +0200] "GET /teledienst.html HTTP/1.1" 200 4588 "-" "Mozilla/5.0 (compatible; 008/0.83; http://www.80legs.com/webcrawler.html) Gecko/2008032620"
113.179.49.252 - - [28/Aug/2012:02:14:13 +0200] "GET /robots.txt HTTP/1.1" 200 24 "-" "Mozilla/5.0 (compatible; 008/0.83; http://www.80legs.com/webcrawler.html;) Gecko/2008032620"
113.179.49.252 - - [28/Aug/2012:02:14:14 +0200] "GET /teledienst.html HTTP/1.1" 200 4588 "-" "Mozilla/5.0 (compatible; 008/0.83; http://www.80legs.com/webcrawler.html) Gecko/2008032620"
46.153.28.84 - - [28/Aug/2012:02:21:07 +0200] "GET /robots.txt HTTP/1.1" 200 24 "-" "Mozilla/5.0 (compatible; 008/0.83; http://www.80legs.com/webcrawler.html;) Gecko/2008032620"
46.153.28.84 - - [28/Aug/2012:02:21:07 +0200] "GET /teledienst.html HTTP/1.1" 200 4588 "-" "Mozilla/5.0 (compatible; 008/0.83; http://www.80legs.com/webcrawler.html) Gecko/2008032620"
112.207.14.183 - - [28/Aug/2012:02:31:57 +0200] "GET /robots.txt HTTP/1.1" 200 24 "-" "Mozilla/5.0 (compatible; 008/0.83; http://www.80legs.com/webcrawler.html;) Gecko/2008032620"
112.207.14.183 - - [28/Aug/2012:02:31:58 +0200] "GET /teledienst.html HTTP/1.1" 200 4588 "-" "Mozilla/5.0 (compatible; 008/0.83; http://www.80legs.com/webcrawler.html) Gecko/2008032620"
217.247.107.56 - - [28/Aug/2012:03:16:21 +0200] "GET / HTTP/1.0" 200 12977 "-" "libwww-perl/5.51"
65.52.111.9 - - [28/Aug/2012:03:51:15 +0200] "GET /robots.txt HTTP/1.1" 200 24 "-" "Mozilla/5.0 (compatible; bingbot/2.0; +http://www.bing.com/bingbot.htm)"
65.52.111.9 - - [28/Aug/2012:03:51:55 +0200] "GET /teledienst.html HTTP/1.1" 200 4588 "-" "Mozilla/5.0 (compatible; bingbot/2.0; +http://www.bing.com/bingbot.htm)"
66.249.72.186 - - [28/Aug/2012:07:13:13 +0200] "GET /robots.txt HTTP/1.1" 200 24 "-" "Mozilla/5.0 (compatible; Googlebot/2.1; +http://www.google.com/bot.html)"
66.249.72.186 - - [28/Aug/2012:07:13:13 +0200] "GET / HTTP/1.1" 200 12977 "-" "SAMSUNG-SGH-E250/1.0 Profile/MIDP-2.0 Configuration/CLDC-1.1 UP.Browser/6.2.3.3.c.1.101 (GUI) MMP/2.0 (compatible; Googlebot-Mobile/2.1; +http://www.google.com/bot.html)"
157.55.33.81 - - [28/Aug/2012:13:54:41 +0200] "GET /robots.txt HTTP/1.1" 200 24 "-" "Mozilla/5.0 (compatible; bingbot/2.0; +http://www.bing.com/bingbot.htm)"
157.55.33.81 - - [28/Aug/2012:13:55:24 +0200] "GET / HTTP/1.1" 304 - "-" "Mozilla/5.0 (compatible; bingbot/2.0; +http://www.bing.com/bingbot.htm)"
178.154.179.250 - - [28/Aug/2012:17:57:01 +0200] "GET / HTTP/1.1" 200 12977 "-" "Mozilla/5.0 (compatible; YandexBot/3.0; +http://yandex.com/bots)"
89.246.197.43 - - [28/Aug/2012:18:08:57 +0200] "GET / HTTP/1.1" 200 12977 "-" "Mozilla/5.0 (Macintosh; Intel Mac OS X 10_8_1) AppleWebKit/536.25 (KHTML, like Gecko)"
157.55.17.146 - - [28/Aug/2012:19:34:37 +0200] "GET /robots.txt HTTP/1.1" 200 24 "-" "Mozilla/5.0 (compatible; bingbot/2.0; +http://www.bing.com/bingbot.htm)"
157.55.17.146 - - [28/Aug/2012:19:37:45 +0200] "GET / HTTP/1.1" 304 - "-" "Mozilla/5.0 (compatible; bingbot/2.0; +http://www.bing.com/bingbot.htm)"
180.76.5.67 - - [28/Aug/2012:21:42:41 +0200] "GET /robots.txt HTTP/1.1" 200 24 "-" "Mozilla/5.0 (compatible; Baiduspider/2.0; +http://www.baidu.com/search/spider.html)"
157.55.17.146 - - [28/Aug/2012:23:09:17 +0200] "GET /robots.txt HTTP/1.1" 200 24 "-" "Mozilla/5.0 (compatible; bingbot/2.0; +http://www.bing.com/bingbot.htm)"
