84.105.1.173 - - [17/Nov/2021:09:47:01 +0100] "GET /referenzen.html HTTP/1.1" 200 3962 "http://www.witerra-bau.de/leistungen.html" "Mozilla/5.0 (Windows NT 10.0; Win64; x64) AppleWebKit/537.36 (KHTML, like Gecko) Chrome/95.0.4638.69 Safari/537.36"
84.105.1.173 - - [17/Nov/2021:09:47:02 +0100] "GET /kontakt.html HTTP/1.1" 200 5104 "http://www.witerra-bau.de/referenzen.html" "Mozilla/5.0 (Windows NT 10.0; Win64; x64) AppleWebKit/537.36 (KHTML, like Gecko) Chrome/95.0.4638.69 Safari/537.36"
84.105.1.173 - - [17/Nov/2021:09:47:02 +0100] "GET /captcha/captcha.php HTTP/1.1" 200 4256 "http://www.witerra-bau.de/kontakt.html" "Mozilla/5.0 (Windows NT 10.0; Win64; x64) AppleWebKit/537.36 (KHTML, like Gecko) Chrome/95.0.4638.69 Safari/537.36"
84.105.1.173 - - [17/Nov/2021:09:47:03 +0100] "GET /index.html HTTP/1.1" 200 4286 "http://www.witerra-bau.de/kontakt.html" "Mozilla/5.0 (Windows NT 10.0; Win64; x64) AppleWebKit/537.36 (KHTML, like Gecko) Chrome/95.0.4638.69 Safari/537.36"
84.105.1.173 - - [17/Nov/2021:09:47:30 +0100] "GET /captcha/captcha.php HTTP/1.1" 200 4203 "http://www.witerra-bau.de/kontakt.html" "Mozilla/5.0 (Windows NT 10.0; Win64; x64) AppleWebKit/537.36 (KHTML, like Gecko) Chrome/95.0.4638.69 Safari/537.36"
84.105.1.173 - - [17/Nov/2021:09:48:04 +0100] "GET /impressum.html HTTP/1.1" 200 5433 "http://www.witerra-bau.de/index.html" "Mozilla/5.0 (Windows NT 10.0; Win64; x64) AppleWebKit/537.36 (KHTML, like Gecko) Chrome/95.0.4638.69 Safari/537.36"
54.36.149.9 - - [17/Nov/2021:11:05:17 +0100] "GET /referenzen.html HTTP/1.1" 200 3962 "-" "Mozilla/5.0 (compatible; AhrefsBot/7.0; +http://ahrefs.com/robot/)"
213.95.15.30 - - [17/Nov/2021:13:27:40 +0100] "GET / HTTP/1.1" 200 4286 "-" "Mozilla/5.0 (Windows NT 10.0; Win64; x64) AppleWebKit/537.36 (KHTML, like Gecko) Chrome/95.0.4638.69 Safari/537.36 Edg/95.0.1020.53"
213.95.15.30 - - [17/Nov/2021:13:27:43 +0100] "GET /css/style.css HTTP/1.1" 200 1702 "http://www.witerra-bau.de/" "Mozilla/5.0 (Windows NT 10.0; Win64; x64) AppleWebKit/537.36 (KHTML, like Gecko) Chrome/95.0.4638.69 Safari/537.36 Edg/95.0.1020.53"
213.95.15.30 - - [17/Nov/2021:13:27:43 +0100] "GET /js/libs/modernizr-2.5.3.min.js HTTP/1.1" 200 15274 "http://www.witerra-bau.de/" "Mozilla/5.0 (Windows NT 10.0; Win64; x64) AppleWebKit/537.36 (KHTML, like Gecko) Chrome/95.0.4638.69 Safari/537.36 Edg/95.0.1020.53"
213.95.15.30 - - [17/Nov/2021:13:27:43 +0100] "GET /js/plugins.js HTTP/1.1" 200 898 "http://www.witerra-bau.de/" "Mozilla/5.0 (Windows NT 10.0; Win64; x64) AppleWebKit/537.36 (KHTML, like Gecko) Chrome/95.0.4638.69 Safari/537.36 Edg/95.0.1020.53"
213.95.15.30 - - [17/Nov/2021:13:27:43 +0100] "GET /images/header.png HTTP/1.1" 200 27758 "http://www.witerra-bau.de/css/style.css" "Mozilla/5.0 (Windows NT 10.0; Win64; x64) AppleWebKit/537.36 (KHTML, like Gecko) Chrome/95.0.4638.69 Safari/537.36 Edg/95.0.1020.53"
213.95.15.30 - - [17/Nov/2021:13:27:44 +0100] "GET /images/textfeld.png HTTP/1.1" 200 1758 "http://www.witerra-bau.de/css/style.css" "Mozilla/5.0 (Windows NT 10.0; Win64; x64) AppleWebKit/537.36 (KHTML, like Gecko) Chrome/95.0.4638.69 Safari/537.36 Edg/95.0.1020.53"
213.95.15.30 - - [17/Nov/2021:13:27:44 +0100] "GET /images/footer.png HTTP/1.1" 200 518 "http://www.witerra-bau.de/css/style.css" "Mozilla/5.0 (Windows NT 10.0; Win64; x64) AppleWebKit/537.36 (KHTML, like Gecko) Chrome/95.0.4638.69 Safari/537.36 Edg/95.0.1020.53"
213.95.15.30 - - [17/Nov/2021:13:27:43 +0100] "GET /images/bilder.png HTTP/1.1" 200 175856 "http://www.witerra-bau.de/" "Mozilla/5.0 (Windows NT 10.0; Win64; x64) AppleWebKit/537.36 (KHTML, like Gecko) Chrome/95.0.4638.69 Safari/537.36 Edg/95.0.1020.53"
213.95.15.30 - - [17/Nov/2021:13:27:47 +0100] "GET /uns.html HTTP/1.1" 200 3735 "http://www.witerra-bau.de/" "Mozilla/5.0 (Windows NT 10.0; Win64; x64) AppleWebKit/537.36 (KHTML, like Gecko) Chrome/95.0.4638.69 Safari/537.36 Edg/95.0.1020.53"
213.95.15.30 - - [17/Nov/2021:13:27:46 +0100] "GET /favicon.ico HTTP/1.1" 200 539038 "http://www.witerra-bau.de/" "Mozilla/5.0 (Windows NT 10.0; Win64; x64) AppleWebKit/537.36 (KHTML, like Gecko) Chrome/95.0.4638.69 Safari/537.36 Edg/95.0.1020.53"
213.95.15.30 - - [17/Nov/2021:13:27:47 +0100] "GET /favicon.ico HTTP/1.1" 206 1 "http://www.witerra-bau.de/uns.html" "Mozilla/5.0 (Windows NT 10.0; Win64; x64) AppleWebKit/537.36 (KHTML, like Gecko) Chrome/95.0.4638.69 Safari/537.36 Edg/95.0.1020.53"
213.95.15.30 - - [17/Nov/2021:13:27:47 +0100] "GET /favicon.ico HTTP/1.1" 206 393080 "http://www.witerra-bau.de/uns.html" "Mozilla/5.0 (Windows NT 10.0; Win64; x64) AppleWebKit/537.36 (KHTML, like Gecko) Chrome/95.0.4638.69 Safari/537.36 Edg/95.0.1020.53"
213.95.15.30 - - [17/Nov/2021:13:27:56 +0100] "GET /index.html HTTP/1.1" 200 4286 "http://www.witerra-bau.de/uns.html" "Mozilla/5.0 (Windows NT 10.0; Win64; x64) AppleWebKit/537.36 (KHTML, like Gecko) Chrome/95.0.4638.69 Safari/537.36 Edg/95.0.1020.53"
213.95.15.30 - - [17/Nov/2021:13:28:01 +0100] "GET /leistungen.html HTTP/1.1" 200 3736 "http://www.witerra-bau.de/index.html" "Mozilla/5.0 (Windows NT 10.0; Win64; x64) AppleWebKit/537.36 (KHTML, like Gecko) Chrome/95.0.4638.69 Safari/537.36 Edg/95.0.1020.53"
213.95.15.30 - - [17/Nov/2021:13:28:51 +0100] "GET /referenzen.html HTTP/1.1" 200 3962 "http://www.witerra-bau.de/" "Mozilla/5.0 (Windows NT 10.0; Win64; x64) AppleWebKit/537.36 (KHTML, like Gecko) Chrome/95.0.4638.69 Safari/537.36 Edg/95.0.1020.53"
95.128.200.200 - - [17/Nov/2021:14:42:44 +0100] "GET / HTTP/1.1" 200 4286 "https://www.google.de" "Mozilla/5.0 (Windows NT 6.1) AppleWebKit/537.36 (KHTML, like Gecko) Chrome/41.0.2228.0 Safari/537.36"
185.191.171.17 - - [17/Nov/2021:15:06:28 +0100] "GET /robots.txt HTTP/1.1" 404 - "-" "Mozilla/5.0 (compatible; SemrushBot/7~bl; +http://www.semrush.com/bot.html)"
185.191.171.26 - - [17/Nov/2021:15:06:29 +0100] "GET /referenzen.html HTTP/1.1" 200 3962 "-" "Mozilla/5.0 (compatible; SemrushBot/7~bl; +http://www.semrush.com/bot.html)"
51.222.253.18 - - [17/Nov/2021:15:33:33 +0100] "GET /robots.txt HTTP/1.1" 404 - "-" "Mozilla/5.0 (compatible; AhrefsBot/7.0; +http://ahrefs.com/robot/)"
54.36.148.135 - - [17/Nov/2021:15:33:35 +0100] "GET /uns.html HTTP/1.1" 200 3735 "-" "Mozilla/5.0 (compatible; AhrefsBot/7.0; +http://ahrefs.com/robot/)"
66.249.64.155 - - [17/Nov/2021:17:17:14 +0100] "GET /robots.txt HTTP/1.1" 404 - "-" "Mozilla/5.0 (compatible; Googlebot/2.1; +http://www.google.com/bot.html)"
66.249.64.131 - - [17/Nov/2021:17:17:14 +0100] "GET /leistungen.html HTTP/1.1" 304 - "-" "Mozilla/5.0 (Linux; Android 6.0.1; Nexus 5X Build/MMB29P) AppleWebKit/537.36 (KHTML, like Gecko) Chrome/95.0.4638.69 Mobile Safari/537.36 (compatible; Googlebot/2.1; +http://www.google.com/bot.html)"
66.249.64.155 - - [17/Nov/2021:18:24:44 +0100] "GET /impressum.html HTTP/1.1" 304 - "-" "Mozilla/5.0 (Linux; Android 6.0.1; Nexus 5X Build/MMB29P) AppleWebKit/537.36 (KHTML, like Gecko) Chrome/95.0.4638.69 Mobile Safari/537.36 (compatible; Googlebot/2.1; +http://www.google.com/bot.html)"
66.249.64.138 - - [17/Nov/2021:18:47:14 +0100] "GET / HTTP/1.1" 200 4286 "-" "Mozilla/5.0 (Linux; Android 6.0.1; Nexus 5X Build/MMB29P) AppleWebKit/537.36 (KHTML, like Gecko) Chrome/95.0.4638.69 Mobile Safari/537.36 (compatible; Googlebot/2.1; +http://www.google.com/bot.html)"
157.55.39.19 - - [17/Nov/2021:22:19:18 +0100] "GET /robots.txt HTTP/1.1" 404 - "-" "Mozilla/5.0 (compatible; bingbot/2.0; +http://www.bing.com/bingbot.htm)"
40.77.167.27 - - [17/Nov/2021:22:19:19 +0100] "GET / HTTP/1.1" 200 4286 "-" "Mozilla/5.0 (compatible; bingbot/2.0; +http://www.bing.com/bingbot.htm)"
40.77.167.27 - - [17/Nov/2021:22:19:30 +0100] "GET /css/style.css HTTP/1.1" 200 1702 "-" "Mozilla/5.0 (compatible; bingbot/2.0; +http://www.bing.com/bingbot.htm)"
40.77.167.73 - - [17/Nov/2021:22:19:39 +0100] "GET /js/libs/modernizr-2.5.3.min.js HTTP/1.1" 200 15274 "-" "Mozilla/5.0 (compatible; bingbot/2.0; +http://www.bing.com/bingbot.htm)"
40.77.167.73 - - [17/Nov/2021:22:19:40 +0100] "GET /js/plugins.js HTTP/1.1" 200 898 "-" "Mozilla/5.0 (compatible; bingbot/2.0; +http://www.bing.com/bingbot.htm)"
157.55.39.133 - - [17/Nov/2021:22:19:44 +0100] "GET /js/libs/jquery-1.7.1.min.js HTTP/1.1" 200 93867 "-" "Mozilla/5.0 (compatible; bingbot/2.0; +http://www.bing.com/bingbot.htm)"
157.55.39.133 - - [17/Nov/2021:22:36:03 +0100] "GET /impressum.html HTTP/1.1" 200 5433 "-" "Mozilla/5.0 (compatible; bingbot/2.0; +http://www.bing.com/bingbot.htm)"
194.173.174.10 - - [18/Nov/2021:01:10:19 +0100] "HEAD / HTTP/1.1" 200 - "-" "Mozilla/5.0 (Windows NT 6.3; WOW64) AppleWebKit/537.36 (KHTML, like Gecko) Chrome/43.0.2357.134 Safari/537.36"
194.173.174.10 - - [18/Nov/2021:01:10:19 +0100] "HEAD / HTTP/1.1" 200 - "-" "Mozilla/5.0 (Windows NT 6.3; WOW64) AppleWebKit/537.36 (KHTML, like Gecko) Chrome/43.0.2357.134 Safari/537.36"
194.173.174.10 - - [18/Nov/2021:01:10:21 +0100] "HEAD / HTTP/1.1" 200 - "-" "Mozilla/5.0 (Windows NT 6.3; WOW64) AppleWebKit/537.36 (KHTML, like Gecko) Chrome/43.0.2357.134 Safari/537.36"
208.100.26.244 - - [18/Nov/2021:01:50:56 +0100] "GET / HTTP/1.1" 200 4286 "-" "Mozilla/5.0 (Linux; Android 7.0; G3416) AppleWebKit/537.36 (KHTML, like Gecko) Chrome/76.0.3809.89 Mobile Safari/537.36"
20.75.128.100 - - [18/Nov/2021:04:14:37 +0100] "GET /images/textfeld.png HTTP/1.1" 200 1758 "-" "Mozilla/5.0 (Windows NT 10.0; Win64; x64) AppleWebKit/537.36 (KHTML, like Gecko) Chrome/76.0.3809.100 Safari/537.36"
185.191.171.14 - - [18/Nov/2021:07:18:55 +0100] "GET /robots.txt HTTP/1.1" 404 - "-" "Mozilla/5.0 (compatible; SemrushBot/7~bl; +http://www.semrush.com/bot.html)"
185.191.171.8 - - [18/Nov/2021:07:18:55 +0100] "GET /leistungen.html HTTP/1.1" 200 3736 "-" "Mozilla/5.0 (compatible; SemrushBot/7~bl; +http://www.semrush.com/bot.html)"
157.55.39.133 - - [18/Nov/2021:11:54:30 +0100] "GET /impressum.html HTTP/1.1" 304 - "-" "Mozilla/5.0 (compatible; bingbot/2.0; +http://www.bing.com/bingbot.htm)"
185.191.171.6 - - [18/Nov/2021:12:04:50 +0100] "GET /robots.txt HTTP/1.1" 404 - "-" "Mozilla/5.0 (compatible; SemrushBot/7~bl; +http://www.semrush.com/bot.html)"
185.191.171.17 - - [18/Nov/2021:12:04:51 +0100] "GET /kontakt.html HTTP/1.1" 200 5104 "-" "Mozilla/5.0 (compatible; SemrushBot/7~bl; +http://www.semrush.com/bot.html)"
157.55.39.133 - - [18/Nov/2021:14:28:54 +0100] "GET /impressum.html HTTP/1.1" 200 5433 "-" "Mozilla/5.0 (compatible; bingbot/2.0; +http://www.bing.com/bingbot.htm)"
185.191.171.24 - - [18/Nov/2021:18:42:44 +0100] "GET /robots.txt HTTP/1.1" 404 - "-" "Mozilla/5.0 (compatible; SemrushBot/7~bl; +http://www.semrush.com/bot.html)"
185.191.171.18 - - [18/Nov/2021:18:42:45 +0100] "GET /uns.html HTTP/1.1" 200 3735 "-" "Mozilla/5.0 (compatible; SemrushBot/7~bl; +http://www.semrush.com/bot.html)"
40.77.167.73 - - [19/Nov/2021:00:36:27 +0100] "GET /js/libs/modernizr-2.5.3.min.js HTTP/1.1" 200 15274 "-" "Mozilla/5.0 (compatible; bingbot/2.0; +http://www.bing.com/bingbot.htm)"
40.77.167.73 - - [19/Nov/2021:00:36:28 +0100] "GET /js/plugins.js HTTP/1.1" 200 898 "-" "Mozilla/5.0 (compatible; bingbot/2.0; +http://www.bing.com/bingbot.htm)"
40.77.167.27 - - [19/Nov/2021:00:36:32 +0100] "GET /css/style.css HTTP/1.1" 200 1702 "-" "Mozilla/5.0 (compatible; bingbot/2.0; +http://www.bing.com/bingbot.htm)"
66.249.64.155 - - [19/Nov/2021:01:38:05 +0100] "GET /robots.txt HTTP/1.1" 404 - "-" "Mozilla/5.0 (compatible; Googlebot/2.1; +http://www.google.com/bot.html)"
66.249.64.138 - - [19/Nov/2021:01:38:05 +0100] "GET /index.html HTTP/1.1" 304 - "-" "Mozilla/5.0 (Linux; Android 6.0.1; Nexus 5X Build/MMB29P) AppleWebKit/537.36 (KHTML, like Gecko) Chrome/96.0.4664.45 Mobile Safari/537.36 (compatible; Googlebot/2.1; +http://www.google.com/bot.html)"
54.36.148.2 - - [19/Nov/2021:02:48:53 +0100] "GET /robots.txt HTTP/1.1" 404 - "-" "Mozilla/5.0 (compatible; AhrefsBot/7.0; +http://ahrefs.com/robot/)"
54.36.148.223 - - [19/Nov/2021:02:48:54 +0100] "GET / HTTP/1.1" 200 4286 "-" "Mozilla/5.0 (compatible; AhrefsBot/7.0; +http://ahrefs.com/robot/)"
185.191.171.36 - - [19/Nov/2021:05:28:23 +0100] "GET /robots.txt HTTP/1.1" 404 - "-" "Mozilla/5.0 (compatible; SemrushBot/7~bl; +http://www.semrush.com/bot.html)"
185.191.171.16 - - [19/Nov/2021:05:28:23 +0100] "GET /impressum.html HTTP/1.1" 200 5433 "-" "Mozilla/5.0 (compatible; SemrushBot/7~bl; +http://www.semrush.com/bot.html)"
185.191.171.19 - - [19/Nov/2021:07:47:29 +0100] "GET /robots.txt HTTP/1.1" 404 - "-" "Mozilla/5.0 (compatible; SemrushBot/7~bl; +http://www.semrush.com/bot.html)"
185.191.171.4 - - [19/Nov/2021:07:47:30 +0100] "GET /index.html HTTP/1.1" 200 4286 "-" "Mozilla/5.0 (compatible; SemrushBot/7~bl; +http://www.semrush.com/bot.html)"
136.243.83.49 - - [19/Nov/2021:12:56:17 +0100] "GET /robots.txt HTTP/1.1" 404 - "-" "Mozilla/5.0 (compatible; MetaJobBot; https://www.metajob.de/crawler)"
136.243.83.49 - - [19/Nov/2021:12:56:17 +0100] "GET /uns.html HTTP/1.1" 200 3735 "-" "Mozilla/5.0 (compatible; MetaJobBot; https://www.metajob.de/crawler)"
40.77.167.27 - - [19/Nov/2021:13:38:06 +0100] "GET /index.html HTTP/1.1" 200 4286 "-" "Mozilla/5.0 (compatible; bingbot/2.0; +http://www.bing.com/bingbot.htm)"
91.33.245.254 - - [19/Nov/2021:15:34:12 +0100] "GET / HTTP/1.1" 200 4286 "https://www.google.com/" "Mozilla/5.0 (Windows NT 10.0; Win64; x64; rv:94.0) Gecko/20100101 Firefox/94.0"
91.33.245.254 - - [19/Nov/2021:15:34:12 +0100] "GET /css/style.css HTTP/1.1" 200 1702 "http://www.witerra-bau.de/" "Mozilla/5.0 (Windows NT 10.0; Win64; x64; rv:94.0) Gecko/20100101 Firefox/94.0"
91.33.245.254 - - [19/Nov/2021:15:34:12 +0100] "GET /js/libs/modernizr-2.5.3.min.js HTTP/1.1" 200 15274 "http://www.witerra-bau.de/" "Mozilla/5.0 (Windows NT 10.0; Win64; x64; rv:94.0) Gecko/20100101 Firefox/94.0"
91.33.245.254 - - [19/Nov/2021:15:34:12 +0100] "GET /js/plugins.js HTTP/1.1" 200 898 "http://www.witerra-bau.de/" "Mozilla/5.0 (Windows NT 10.0; Win64; x64; rv:94.0) Gecko/20100101 Firefox/94.0"
91.33.245.254 - - [19/Nov/2021:15:34:13 +0100] "GET /images/header.png HTTP/1.1" 200 27758 "http://www.witerra-bau.de/css/style.css" "Mozilla/5.0 (Windows NT 10.0; Win64; x64; rv:94.0) Gecko/20100101 Firefox/94.0"
91.33.245.254 - - [19/Nov/2021:15:34:13 +0100] "GET /images/textfeld.png HTTP/1.1" 200 1758 "http://www.witerra-bau.de/css/style.css" "Mozilla/5.0 (Windows NT 10.0; Win64; x64; rv:94.0) Gecko/20100101 Firefox/94.0"
91.33.245.254 - - [19/Nov/2021:15:34:13 +0100] "GET /images/footer.png HTTP/1.1" 200 518 "http://www.witerra-bau.de/css/style.css" "Mozilla/5.0 (Windows NT 10.0; Win64; x64; rv:94.0) Gecko/20100101 Firefox/94.0"
91.33.245.254 - - [19/Nov/2021:15:34:13 +0100] "GET /images/bilder.png HTTP/1.1" 200 175856 "http://www.witerra-bau.de/" "Mozilla/5.0 (Windows NT 10.0; Win64; x64; rv:94.0) Gecko/20100101 Firefox/94.0"
91.33.245.254 - - [19/Nov/2021:15:34:13 +0100] "GET /favicon.ico HTTP/1.1" 200 539038 "http://www.witerra-bau.de/" "Mozilla/5.0 (Windows NT 10.0; Win64; x64; rv:94.0) Gecko/20100101 Firefox/94.0"
188.34.165.76 - - [19/Nov/2021:16:35:59 +0100] "GET / HTTP/1.1" 200 4286 "-" "page-preview-tool Mozilla/5.0 (Windows NT 10.0; Win64; x64) AppleWebKit/537.36 (KHTML, like Gecko) Chrome/80.0.3987.132 Safari/537.36"
66.249.64.155 - - [19/Nov/2021:18:21:37 +0100] "GET /robots.txt HTTP/1.1" 404 - "-" "Mozilla/5.0 (compatible; Googlebot/2.1; +http://www.google.com/bot.html)"
66.249.64.155 - - [19/Nov/2021:18:21:37 +0100] "GET /leistungen.html HTTP/1.1" 304 - "-" "Mozilla/5.0 (Linux; Android 6.0.1; Nexus 5X Build/MMB29P) AppleWebKit/537.36 (KHTML, like Gecko) Chrome/96.0.4664.45 Mobile Safari/537.36 (compatible; Googlebot/2.1; +http://www.google.com/bot.html)"
66.249.64.155 - - [19/Nov/2021:19:17:10 +0100] "GET /impressum.html HTTP/1.1" 304 - "-" "Mozilla/5.0 (Linux; Android 6.0.1; Nexus 5X Build/MMB29P) AppleWebKit/537.36 (KHTML, like Gecko) Chrome/96.0.4664.45 Mobile Safari/537.36 (compatible; Googlebot/2.1; +http://www.google.com/bot.html)"
66.249.64.155 - - [19/Nov/2021:19:28:25 +0100] "GET / HTTP/1.1" 200 4286 "-" "Mozilla/5.0 (Linux; Android 6.0.1; Nexus 5X Build/MMB29P) AppleWebKit/537.36 (KHTML, like Gecko) Chrome/96.0.4664.45 Mobile Safari/537.36 (compatible; Googlebot/2.1; +http://www.google.com/bot.html)"
34.86.35.17 - - [19/Nov/2021:21:12:43 +0100] "GET / HTTP/1.1" 200 4286 "-" "Expanse indexes the network perimeters of our customers. If you have any questions or concerns, please reach out to: scaninfo@expanseinc.com"
51.222.253.14 - - [20/Nov/2021:00:12:43 +0100] "GET /robots.txt HTTP/1.1" 404 - "-" "Mozilla/5.0 (compatible; AhrefsBot/7.0; +http://ahrefs.com/robot/)"
54.36.148.179 - - [20/Nov/2021:00:12:44 +0100] "GET /kontakt.html HTTP/1.1" 200 5104 "-" "Mozilla/5.0 (compatible; AhrefsBot/7.0; +http://ahrefs.com/robot/)"
185.191.171.5 - - [20/Nov/2021:09:13:26 +0100] "GET /robots.txt HTTP/1.1" 404 - "-" "Mozilla/5.0 (compatible; SemrushBot/7~bl; +http://www.semrush.com/bot.html)"
185.191.171.39 - - [20/Nov/2021:09:13:26 +0100] "GET /leistungen.html HTTP/1.1" 200 3736 "-" "Mozilla/5.0 (compatible; SemrushBot/7~bl; +http://www.semrush.com/bot.html)"
37.201.32.246 - - [20/Nov/2021:12:22:34 +0100] "GET / HTTP/1.1" 200 4286 "https://www.google.com/" "Mozilla/5.0 (Macintosh; Intel Mac OS X 10_14_6) AppleWebKit/537.36 (KHTML, like Gecko) Chrome/95.0.4638.69 Safari/537.36"
37.201.32.246 - - [20/Nov/2021:12:22:34 +0100] "GET /css/style.css HTTP/1.1" 200 1702 "http://www.witerra-bau.de/" "Mozilla/5.0 (Macintosh; Intel Mac OS X 10_14_6) AppleWebKit/537.36 (KHTML, like Gecko) Chrome/95.0.4638.69 Safari/537.36"
37.201.32.246 - - [20/Nov/2021:12:22:34 +0100] "GET /js/libs/modernizr-2.5.3.min.js HTTP/1.1" 200 15274 "http://www.witerra-bau.de/" "Mozilla/5.0 (Macintosh; Intel Mac OS X 10_14_6) AppleWebKit/537.36 (KHTML, like Gecko) Chrome/95.0.4638.69 Safari/537.36"
37.201.32.246 - - [20/Nov/2021:12:22:34 +0100] "GET /js/plugins.js HTTP/1.1" 200 898 "http://www.witerra-bau.de/" "Mozilla/5.0 (Macintosh; Intel Mac OS X 10_14_6) AppleWebKit/537.36 (KHTML, like Gecko) Chrome/95.0.4638.69 Safari/537.36"
37.201.32.246 - - [20/Nov/2021:12:22:34 +0100] "GET /images/bilder.png HTTP/1.1" 200 175856 "http://www.witerra-bau.de/" "Mozilla/5.0 (Macintosh; Intel Mac OS X 10_14_6) AppleWebKit/537.36 (KHTML, like Gecko) Chrome/95.0.4638.69 Safari/537.36"
37.201.32.246 - - [20/Nov/2021:12:22:40 +0100] "GET /images/header.png HTTP/1.1" 200 27758 "http://www.witerra-bau.de/css/style.css" "Mozilla/5.0 (Macintosh; Intel Mac OS X 10_14_6) AppleWebKit/537.36 (KHTML, like Gecko) Chrome/95.0.4638.69 Safari/537.36"
37.201.32.246 - - [20/Nov/2021:12:22:40 +0100] "GET /images/textfeld.png HTTP/1.1" 200 1758 "http://www.witerra-bau.de/css/style.css" "Mozilla/5.0 (Macintosh; Intel Mac OS X 10_14_6) AppleWebKit/537.36 (KHTML, like Gecko) Chrome/95.0.4638.69 Safari/537.36"
37.201.32.246 - - [20/Nov/2021:12:22:40 +0100] "GET /images/footer.png HTTP/1.1" 200 518 "http://www.witerra-bau.de/css/style.css" "Mozilla/5.0 (Macintosh; Intel Mac OS X 10_14_6) AppleWebKit/537.36 (KHTML, like Gecko) Chrome/95.0.4638.69 Safari/537.36"
37.201.32.246 - - [20/Nov/2021:12:22:40 +0100] "GET /favicon.ico HTTP/1.1" 200 539038 "http://www.witerra-bau.de/" "Mozilla/5.0 (Macintosh; Intel Mac OS X 10_14_6) AppleWebKit/537.36 (KHTML, like Gecko) Chrome/95.0.4638.69 Safari/537.36"
185.191.171.11 - - [20/Nov/2021:13:56:21 +0100] "GET /robots.txt HTTP/1.1" 404 - "-" "Mozilla/5.0 (compatible; SemrushBot/7~bl; +http://www.semrush.com/bot.html)"
185.191.171.14 - - [20/Nov/2021:13:56:21 +0100] "GET /kontakt.html HTTP/1.1" 200 5104 "-" "Mozilla/5.0 (compatible; SemrushBot/7~bl; +http://www.semrush.com/bot.html)"
188.34.179.176 - - [20/Nov/2021:15:44:37 +0100] "GET / HTTP/1.1" 200 4286 "-" "page-preview-tool Mozilla/5.0 (Windows NT 10.0; Win64; x64) AppleWebKit/537.36 (KHTML, like Gecko) Chrome/80.0.3987.132 Safari/537.36"
188.34.179.176 - - [20/Nov/2021:15:44:37 +0100] "GET /js/libs/modernizr-2.5.3.min.js HTTP/1.1" 200 15274 "http://www.witerra-bau.de/" "page-preview-tool Mozilla/5.0 (Windows NT 10.0; Win64; x64) AppleWebKit/537.36 (KHTML, like Gecko) Chrome/80.0.3987.132 Safari/537.36"
188.34.179.176 - - [20/Nov/2021:15:44:37 +0100] "GET /js/plugins.js HTTP/1.1" 200 898 "http://www.witerra-bau.de/" "page-preview-tool Mozilla/5.0 (Windows NT 10.0; Win64; x64) AppleWebKit/537.36 (KHTML, like Gecko) Chrome/80.0.3987.132 Safari/537.36"
92.118.160.17 - - [21/Nov/2021:01:23:47 +0100] "GET / HTTP/1.1" 200 4286 "-" "NetSystemsResearch studies the availability of various services across the internet. Our website is netsystemsresearch.com"
104.196.106.154 - - [21/Nov/2021:01:46:07 +0100] "GET /robots.txt HTTP/1.0" 404 - "-" "ZoominfoBot (zoominfobot at zoominfo dot com)"
104.196.106.154 - - [21/Nov/2021:01:46:07 +0100] "GET / HTTP/1.0" 200 4286 "-" "ZoominfoBot (zoominfobot at zoominfo dot com)"
35.237.163.164 - - [21/Nov/2021:03:29:48 +0100] "GET /robots.txt HTTP/1.0" 404 - "-" "ZoominfoBot (zoominfobot at zoominfo dot com)"
35.237.163.164 - - [21/Nov/2021:03:29:48 +0100] "GET /uns.html HTTP/1.0" 200 3735 "-" "ZoominfoBot (zoominfobot at zoominfo dot com)"
35.237.163.164 - - [21/Nov/2021:03:29:50 +0100] "GET /index.html HTTP/1.0" 200 4286 "-" "ZoominfoBot (zoominfobot at zoominfo dot com)"
35.237.163.164 - - [21/Nov/2021:03:29:52 +0100] "GET /leistungen.html HTTP/1.0" 200 3736 "-" "ZoominfoBot (zoominfobot at zoominfo dot com)"
35.237.163.164 - - [21/Nov/2021:03:29:54 +0100] "GET /partner.html HTTP/1.0" 200 4178 "-" "ZoominfoBot (zoominfobot at zoominfo dot com)"
35.237.163.164 - - [21/Nov/2021:03:29:55 +0100] "GET /kontakt.html HTTP/1.0" 200 5104 "-" "ZoominfoBot (zoominfobot at zoominfo dot com)"
35.237.163.164 - - [21/Nov/2021:03:29:56 +0100] "GET /referenzen.html HTTP/1.0" 200 3962 "-" "ZoominfoBot (zoominfobot at zoominfo dot com)"
35.237.163.164 - - [21/Nov/2021:03:29:57 +0100] "GET /impressum.html HTTP/1.0" 200 5433 "-" "ZoominfoBot (zoominfobot at zoominfo dot com)"
136.243.83.49 - - [21/Nov/2021:03:53:26 +0100] "GET / HTTP/1.1" 200 4286 "-" "Mozilla/5.0 (compatible; MetaJobBot; https://www.metajob.de/crawler)"
66.249.64.155 - - [21/Nov/2021:04:06:28 +0100] "GET /robots.txt HTTP/1.1" 404 - "-" "Mozilla/5.0 (compatible; Googlebot/2.1; +http://www.google.com/bot.html)"
66.249.64.131 - - [21/Nov/2021:04:06:28 +0100] "GET /index.html HTTP/1.1" 304 - "-" "Mozilla/5.0 (Linux; Android 6.0.1; Nexus 5X Build/MMB29P) AppleWebKit/537.36 (KHTML, like Gecko) Chrome/96.0.4664.45 Mobile Safari/537.36 (compatible; Googlebot/2.1; +http://www.google.com/bot.html)"
192.151.157.210 - - [21/Nov/2021:06:15:29 +0100] "GET /robots.txt HTTP/1.1" 404 - "-" "Mozilla/5.0 (compatible; MJ12bot/v1.4.8; http://mj12bot.com/)"
192.151.157.210 - - [21/Nov/2021:06:15:31 +0100] "GET / HTTP/1.1" 200 4286 "-" "Mozilla/5.0 (compatible; MJ12bot/v1.4.8; http://mj12bot.com/)"
54.36.149.85 - - [21/Nov/2021:07:50:24 +0100] "GET /robots.txt HTTP/1.1" 404 - "-" "Mozilla/5.0 (compatible; AhrefsBot/7.0; +http://ahrefs.com/robot/)"
54.36.148.202 - - [21/Nov/2021:07:50:25 +0100] "GET / HTTP/1.1" 200 4286 "-" "Mozilla/5.0 (compatible; AhrefsBot/7.0; +http://ahrefs.com/robot/)"
185.191.171.17 - - [21/Nov/2021:09:42:47 +0100] "GET /robots.txt HTTP/1.1" 404 - "-" "Mozilla/5.0 (compatible; SemrushBot/7~bl; +http://www.semrush.com/bot.html)"
185.191.171.8 - - [21/Nov/2021:09:42:48 +0100] "GET /index.html HTTP/1.1" 200 4286 "-" "Mozilla/5.0 (compatible; SemrushBot/7~bl; +http://www.semrush.com/bot.html)"
157.55.39.24 - - [21/Nov/2021:11:16:53 +0100] "GET /robots.txt HTTP/1.1" 404 - "-" "Mozilla/5.0 (compatible; bingbot/2.0; +http://www.bing.com/bingbot.htm)"
157.55.39.24 - - [21/Nov/2021:11:16:53 +0100] "GET /robots.txt HTTP/1.1" 404 - "-" "Mozilla/5.0 (compatible; bingbot/2.0; +http://www.bing.com/bingbot.htm)"
40.77.167.73 - - [21/Nov/2021:11:16:55 +0100] "GET /js/libs/modernizr-2.5.3.min.js HTTP/1.1" 200 15274 "-" "Mozilla/5.0 (compatible; bingbot/2.0; +http://www.bing.com/bingbot.htm)"
40.77.167.73 - - [21/Nov/2021:11:16:57 +0100] "GET /js/plugins.js HTTP/1.1" 200 898 "-" "Mozilla/5.0 (compatible; bingbot/2.0; +http://www.bing.com/bingbot.htm)"
40.77.167.27 - - [21/Nov/2021:11:17:01 +0100] "GET /css/style.css HTTP/1.1" 200 1702 "-" "Mozilla/5.0 (compatible; bingbot/2.0; +http://www.bing.com/bingbot.htm)"
207.46.13.29 - - [21/Nov/2021:11:17:00 +0100] "GET /js/libs/jquery-1.7.1.min.js HTTP/1.1" 200 93867 "-" "Mozilla/5.0 (compatible; bingbot/2.0; +http://www.bing.com/bingbot.htm)"
213.83.37.145 - - [21/Nov/2021:11:39:35 +0100] "HEAD / HTTP/1.1" 200 - "-" "Mozilla/5.0 (Windows NT 6.1; rv:39.0) Gecko/20180101 Firefox/39.0"
213.83.37.145 - - [21/Nov/2021:11:39:35 +0100] "HEAD / HTTP/1.1" 200 - "-" "Mozilla/5.0 (Windows NT 6.1; rv:39.0) Gecko/20180101 Firefox/39.0"
213.83.37.145 - - [21/Nov/2021:11:39:35 +0100] "HEAD / HTTP/1.1" 200 - "-" "Mozilla/5.0 (Windows NT 6.1; rv:39.0) Gecko/20180101 Firefox/39.0"
213.83.37.145 - - [21/Nov/2021:11:39:35 +0100] "HEAD / HTTP/1.1" 200 - "-" "Mozilla/5.0 (Windows NT 6.1; rv:39.0) Gecko/20180101 Firefox/39.0"
40.77.167.79 - - [21/Nov/2021:12:06:11 +0100] "GET /leistungen.html HTTP/1.1" 304 - "-" "Mozilla/5.0 (compatible; bingbot/2.0; +http://www.bing.com/bingbot.htm)"
54.36.148.77 - - [21/Nov/2021:13:56:52 +0100] "GET /leistungen.html HTTP/1.1" 200 3736 "-" "Mozilla/5.0 (compatible; AhrefsBot/7.0; +http://ahrefs.com/robot/)"
84.44.175.164 - - [21/Nov/2021:16:12:30 +0100] "GET / HTTP/1.1" 200 4286 "https://www.google.com/" "Mozilla/5.0 (Linux; Android 11; HD1903) AppleWebKit/537.36 (KHTML, like Gecko) Chrome/96.0.4664.45 Mobile Safari/537.36"
84.44.175.164 - - [21/Nov/2021:16:12:30 +0100] "GET /css/style.css HTTP/1.1" 200 1702 "http://www.witerra-bau.de/" "Mozilla/5.0 (Linux; Android 11; HD1903) AppleWebKit/537.36 (KHTML, like Gecko) Chrome/96.0.4664.45 Mobile Safari/537.36"
84.44.175.164 - - [21/Nov/2021:16:12:30 +0100] "GET /js/libs/modernizr-2.5.3.min.js HTTP/1.1" 200 15274 "http://www.witerra-bau.de/" "Mozilla/5.0 (Linux; Android 11; HD1903) AppleWebKit/537.36 (KHTML, like Gecko) Chrome/96.0.4664.45 Mobile Safari/537.36"
84.44.175.164 - - [21/Nov/2021:16:12:30 +0100] "GET /js/plugins.js HTTP/1.1" 200 898 "http://www.witerra-bau.de/" "Mozilla/5.0 (Linux; Android 11; HD1903) AppleWebKit/537.36 (KHTML, like Gecko) Chrome/96.0.4664.45 Mobile Safari/537.36"
84.44.175.164 - - [21/Nov/2021:16:12:31 +0100] "GET /images/header.png HTTP/1.1" 200 27758 "http://www.witerra-bau.de/css/style.css" "Mozilla/5.0 (Linux; Android 11; HD1903) AppleWebKit/537.36 (KHTML, like Gecko) Chrome/96.0.4664.45 Mobile Safari/537.36"
84.44.175.164 - - [21/Nov/2021:16:12:31 +0100] "GET /images/textfeld.png HTTP/1.1" 200 1758 "http://www.witerra-bau.de/css/style.css" "Mozilla/5.0 (Linux; Android 11; HD1903) AppleWebKit/537.36 (KHTML, like Gecko) Chrome/96.0.4664.45 Mobile Safari/537.36"
84.44.175.164 - - [21/Nov/2021:16:12:31 +0100] "GET /images/footer.png HTTP/1.1" 200 518 "http://www.witerra-bau.de/css/style.css" "Mozilla/5.0 (Linux; Android 11; HD1903) AppleWebKit/537.36 (KHTML, like Gecko) Chrome/96.0.4664.45 Mobile Safari/537.36"
84.44.175.164 - - [21/Nov/2021:16:12:31 +0100] "GET /images/bilder.png HTTP/1.1" 200 175856 "http://www.witerra-bau.de/" "Mozilla/5.0 (Linux; Android 11; HD1903) AppleWebKit/537.36 (KHTML, like Gecko) Chrome/96.0.4664.45 Mobile Safari/537.36"
84.44.175.164 - - [21/Nov/2021:16:12:32 +0100] "GET /favicon.ico HTTP/1.1" 200 539038 "http://www.witerra-bau.de/" "Mozilla/5.0 (Linux; Android 11; HD1903) AppleWebKit/537.36 (KHTML, like Gecko) Chrome/96.0.4664.45 Mobile Safari/537.36"
84.44.175.164 - - [21/Nov/2021:16:12:42 +0100] "GET /impressum.html HTTP/1.1" 200 5433 "http://www.witerra-bau.de/" "Mozilla/5.0 (Linux; Android 11; HD1903) AppleWebKit/537.36 (KHTML, like Gecko) Chrome/96.0.4664.45 Mobile Safari/537.36"
138.201.200.50 - - [21/Nov/2021:18:44:45 +0100] "GET / HTTP/1.1" 200 4286 "-" "Go-http-client/1.1"
66.249.64.131 - - [21/Nov/2021:18:51:03 +0100] "GET /robots.txt HTTP/1.1" 404 - "-" "Mozilla/5.0 (compatible; Googlebot/2.1; +http://www.google.com/bot.html)"
66.249.64.131 - - [21/Nov/2021:18:51:03 +0100] "GET /leistungen.html HTTP/1.1" 304 - "-" "Mozilla/5.0 (Linux; Android 6.0.1; Nexus 5X Build/MMB29P) AppleWebKit/537.36 (KHTML, like Gecko) Chrome/96.0.4664.45 Mobile Safari/537.36 (compatible; Googlebot/2.1; +http://www.google.com/bot.html)"
46.114.137.171 - - [21/Nov/2021:20:29:04 +0100] "GET / HTTP/1.1" 200 4286 "https://www.google.de/" "Mozilla/5.0 (Windows NT 10.0; Win64; x64) AppleWebKit/537.36 (KHTML, like Gecko) Chrome/95.0.4638.69 Safari/537.36 Edg/95.0.1020.53"
46.114.137.171 - - [21/Nov/2021:20:29:04 +0100] "GET /css/style.css HTTP/1.1" 200 1702 "http://www.witerra-bau.de/" "Mozilla/5.0 (Windows NT 10.0; Win64; x64) AppleWebKit/537.36 (KHTML, like Gecko) Chrome/95.0.4638.69 Safari/537.36 Edg/95.0.1020.53"
46.114.137.171 - - [21/Nov/2021:20:29:04 +0100] "GET /js/libs/modernizr-2.5.3.min.js HTTP/1.1" 200 15274 "http://www.witerra-bau.de/" "Mozilla/5.0 (Windows NT 10.0; Win64; x64) AppleWebKit/537.36 (KHTML, like Gecko) Chrome/95.0.4638.69 Safari/537.36 Edg/95.0.1020.53"
46.114.137.171 - - [21/Nov/2021:20:29:04 +0100] "GET /js/plugins.js HTTP/1.1" 200 898 "http://www.witerra-bau.de/" "Mozilla/5.0 (Windows NT 10.0; Win64; x64) AppleWebKit/537.36 (KHTML, like Gecko) Chrome/95.0.4638.69 Safari/537.36 Edg/95.0.1020.53"
46.114.137.171 - - [21/Nov/2021:20:29:04 +0100] "GET /images/bilder.png HTTP/1.1" 200 175856 "http://www.witerra-bau.de/" "Mozilla/5.0 (Windows NT 10.0; Win64; x64) AppleWebKit/537.36 (KHTML, like Gecko) Chrome/95.0.4638.69 Safari/537.36 Edg/95.0.1020.53"
46.114.137.171 - - [21/Nov/2021:20:29:10 +0100] "GET /images/header.png HTTP/1.1" 200 27758 "http://www.witerra-bau.de/css/style.css" "Mozilla/5.0 (Windows NT 10.0; Win64; x64) AppleWebKit/537.36 (KHTML, like Gecko) Chrome/95.0.4638.69 Safari/537.36 Edg/95.0.1020.53"
46.114.137.171 - - [21/Nov/2021:20:29:10 +0100] "GET /images/textfeld.png HTTP/1.1" 200 1758 "http://www.witerra-bau.de/css/style.css" "Mozilla/5.0 (Windows NT 10.0; Win64; x64) AppleWebKit/537.36 (KHTML, like Gecko) Chrome/95.0.4638.69 Safari/537.36 Edg/95.0.1020.53"
46.114.137.171 - - [21/Nov/2021:20:29:10 +0100] "GET /images/footer.png HTTP/1.1" 200 518 "http://www.witerra-bau.de/css/style.css" "Mozilla/5.0 (Windows NT 10.0; Win64; x64) AppleWebKit/537.36 (KHTML, like Gecko) Chrome/95.0.4638.69 Safari/537.36 Edg/95.0.1020.53"
46.114.137.171 - - [21/Nov/2021:20:29:10 +0100] "GET /favicon.ico HTTP/1.1" 200 539038 "http://www.witerra-bau.de/" "Mozilla/5.0 (Windows NT 10.0; Win64; x64) AppleWebKit/537.36 (KHTML, like Gecko) Chrome/95.0.4638.69 Safari/537.36 Edg/95.0.1020.53"
66.249.64.155 - - [21/Nov/2021:21:06:03 +0100] "GET /impressum.html HTTP/1.1" 304 - "-" "Mozilla/5.0 (Linux; Android 6.0.1; Nexus 5X Build/MMB29P) AppleWebKit/537.36 (KHTML, like Gecko) Chrome/96.0.4664.45 Mobile Safari/537.36 (compatible; Googlebot/2.1; +http://www.google.com/bot.html)"
51.222.253.9 - - [21/Nov/2021:23:13:23 +0100] "GET /robots.txt HTTP/1.1" 404 - "-" "Mozilla/5.0 (compatible; AhrefsBot/7.0; +http://ahrefs.com/robot/)"
54.36.148.113 - - [21/Nov/2021:23:13:23 +0100] "GET /partner.html HTTP/1.1" 200 4178 "-" "Mozilla/5.0 (compatible; AhrefsBot/7.0; +http://ahrefs.com/robot/)"
88.99.56.9 - - [22/Nov/2021:03:09:07 +0100] "GET / HTTP/1.1" 200 4286 "-" "Mozilla/5.0 (Windows NT 6.1; Win64; x64; rv:73.0) Gecko/20100101 Firefox/73.0"
66.249.64.138 - - [22/Nov/2021:03:28:33 +0100] "GET /leistungen.html HTTP/1.1" 200 3736 "-" "Mozilla/5.0 (compatible; Googlebot/2.1; +http://www.google.com/bot.html)"
40.77.167.27 - - [22/Nov/2021:07:02:23 +0100] "GET / HTTP/1.1" 200 4286 "-" "Mozilla/5.0 (compatible; bingbot/2.0; +http://www.bing.com/bingbot.htm)"
66.249.64.155 - - [22/Nov/2021:12:33:04 +0100] "GET /robots.txt HTTP/1.1" 404 - "-" "Mozilla/5.0 (compatible; Googlebot/2.1; +http://www.google.com/bot.html)"
66.249.64.155 - - [22/Nov/2021:12:33:04 +0100] "GET / HTTP/1.1" 200 4286 "-" "Mozilla/5.0 (Linux; Android 6.0.1; Nexus 5X Build/MMB29P) AppleWebKit/537.36 (KHTML, like Gecko) Chrome/96.0.4664.45 Mobile Safari/537.36 (compatible; Googlebot/2.1; +http://www.google.com/bot.html)"
195.110.210.107 - - [22/Nov/2021:15:43:19 +0100] "GET / HTTP/1.1" 200 4286 "-" "Mozilla/5.0 (Windows NT 10.0; Win64; x64; rv:74.0) Gecko/20100101 Firefox/74.0"
195.110.210.107 - - [22/Nov/2021:15:43:20 +0100] "GET /impressum/ HTTP/1.1" 404 - "-" "Mozilla/5.0 (Windows NT 10.0; Win64; x64; rv:74.0) Gecko/20100101 Firefox/74.0"
95.128.200.200 - - [22/Nov/2021:15:48:30 +0100] "GET / HTTP/1.1" 200 4286 "https://www.google.de" "Mozilla/5.0 (Windows NT 6.1) AppleWebKit/537.36 (KHTML, like Gecko) Chrome/41.0.2228.0 Safari/537.36"
34.243.64.167 - - [22/Nov/2021:16:22:48 +0100] "HEAD / HTTP/1.1" 200 - "-" "ReactorNetty/1.0.4"
207.46.13.29 - - [22/Nov/2021:17:35:25 +0100] "GET /impressum.html HTTP/1.1" 200 5433 "-" "Mozilla/5.0 (compatible; bingbot/2.0; +http://www.bing.com/bingbot.htm)"
94.130.172.84 - - [22/Nov/2021:21:02:17 +0100] "GET / HTTP/1.1" 200 4286 "-" "Mozilla/5.0 (Windows NT 10.0; Win64; x64) AppleWebKit/537.36 (KHTML, like Gecko) Chrome/93.0.4577.82 Safari/537.36"
94.130.172.84 - - [22/Nov/2021:21:02:17 +0100] "GET /impressum.html HTTP/1.1" 200 5433 "-" "Mozilla/5.0 (Windows NT 10.0; Win64; x64) AppleWebKit/537.36 (KHTML, like Gecko) Chrome/93.0.4577.82 Safari/537.36"
54.36.149.94 - - [22/Nov/2021:21:17:38 +0100] "GET /impressum.html HTTP/1.1" 200 5433 "-" "Mozilla/5.0 (compatible; AhrefsBot/7.0; +http://ahrefs.com/robot/)"
188.34.153.129 - - [22/Nov/2021:22:40:54 +0100] "GET / HTTP/1.1" 200 4286 "-" "page-preview-tool Mozilla/5.0 (Windows NT 10.0; Win64; x64) AppleWebKit/537.36 (KHTML, like Gecko) Chrome/80.0.3987.132 Safari/537.36"
66.249.64.131 - - [23/Nov/2021:05:06:26 +0100] "GET /robots.txt HTTP/1.1" 404 - "-" "Mozilla/5.0 (compatible; Googlebot/2.1; +http://www.google.com/bot.html)"
66.249.64.138 - - [23/Nov/2021:05:06:27 +0100] "GET /index.html HTTP/1.1" 304 - "-" "Mozilla/5.0 (Linux; Android 6.0.1; Nexus 5X Build/MMB29P) AppleWebKit/537.36 (KHTML, like Gecko) Chrome/96.0.4664.45 Mobile Safari/537.36 (compatible; Googlebot/2.1; +http://www.google.com/bot.html)"
157.55.39.9 - - [23/Nov/2021:09:38:17 +0100] "GET /css/style.css HTTP/1.1" 200 1702 "-" "Mozilla/5.0 (compatible; bingbot/2.0; +http://www.bing.com/bingbot.htm)"
40.77.167.73 - - [23/Nov/2021:09:38:20 +0100] "GET /js/libs/modernizr-2.5.3.min.js HTTP/1.1" 200 15274 "-" "Mozilla/5.0 (compatible; bingbot/2.0; +http://www.bing.com/bingbot.htm)"
40.77.167.73 - - [23/Nov/2021:09:38:21 +0100] "GET /js/plugins.js HTTP/1.1" 200 898 "-" "Mozilla/5.0 (compatible; bingbot/2.0; +http://www.bing.com/bingbot.htm)"
207.46.13.29 - - [23/Nov/2021:09:38:21 +0100] "GET /js/libs/jquery-1.7.1.min.js HTTP/1.1" 200 93867 "-" "Mozilla/5.0 (compatible; bingbot/2.0; +http://www.bing.com/bingbot.htm)"
208.100.26.249 - - [23/Nov/2021:10:04:12 +0100] "GET / HTTP/1.1" 200 4286 "-" "Mozilla/5.0 (Windows NT 10.0; Win64; x64) AppleWebKit/537.36 (KHTML, like Gecko) Chrome/85.0.4164.0 Safari/537.36"
95.216.96.245 - - [23/Nov/2021:10:27:19 +0100] "GET /robots.txt HTTP/1.1" 404 - "-" "Mozilla/5.0 (compatible; SEOkicks; +https://www.seokicks.de/robot.html)"
95.216.96.245 - - [23/Nov/2021:10:27:21 +0100] "GET / HTTP/1.1" 200 4286 "-" "Mozilla/5.0 (compatible; SEOkicks; +https://www.seokicks.de/robot.html)"
95.216.96.245 - - [23/Nov/2021:10:27:22 +0100] "GET /index.html HTTP/1.1" 200 4286 "http://www.witerra-bau.de/" "Mozilla/5.0 (compatible; SEOkicks; +https://www.seokicks.de/robot.html)"
95.216.96.245 - - [23/Nov/2021:10:27:23 +0100] "GET /uns.html HTTP/1.1" 200 3735 "http://www.witerra-bau.de/" "Mozilla/5.0 (compatible; SEOkicks; +https://www.seokicks.de/robot.html)"
95.216.96.245 - - [23/Nov/2021:10:27:24 +0100] "GET /leistungen.html HTTP/1.1" 200 3736 "http://www.witerra-bau.de/" "Mozilla/5.0 (compatible; SEOkicks; +https://www.seokicks.de/robot.html)"
95.216.96.245 - - [23/Nov/2021:10:27:26 +0100] "GET /referenzen.html HTTP/1.1" 200 3962 "http://www.witerra-bau.de/" "Mozilla/5.0 (compatible; SEOkicks; +https://www.seokicks.de/robot.html)"
95.216.96.245 - - [23/Nov/2021:10:27:28 +0100] "GET /partner.html HTTP/1.1" 200 4178 "http://www.witerra-bau.de/" "Mozilla/5.0 (compatible; SEOkicks; +https://www.seokicks.de/robot.html)"
95.216.96.245 - - [23/Nov/2021:10:27:29 +0100] "GET /kontakt.html HTTP/1.1" 200 5104 "http://www.witerra-bau.de/" "Mozilla/5.0 (compatible; SEOkicks; +https://www.seokicks.de/robot.html)"
95.216.96.245 - - [23/Nov/2021:10:27:30 +0100] "GET /captcha/captcha.php HTTP/1.1" 200 4387 "http://www.witerra-bau.de/kontakt.html" "Mozilla/5.0 (compatible; SEOkicks; +https://www.seokicks.de/robot.html)"
95.216.96.245 - - [23/Nov/2021:10:27:32 +0100] "GET /impressum.html HTTP/1.1" 200 5433 "http://www.witerra-bau.de/" "Mozilla/5.0 (compatible; SEOkicks; +https://www.seokicks.de/robot.html)"
195.110.210.107 - - [23/Nov/2021:16:47:51 +0100] "GET / HTTP/1.1" 200 4286 "-" "Mozilla/5.0 (Windows NT 10.0; Win64; x64; rv:74.0) Gecko/20100101 Firefox/74.0"
195.110.210.107 - - [23/Nov/2021:16:47:52 +0100] "GET /impressum/ HTTP/1.1" 404 - "-" "Mozilla/5.0 (Windows NT 10.0; Win64; x64; rv:74.0) Gecko/20100101 Firefox/74.0"
157.55.39.24 - - [23/Nov/2021:21:06:14 +0100] "GET /robots.txt HTTP/1.1" 404 - "-" "Mozilla/5.0 (compatible; bingbot/2.0; +http://www.bing.com/bingbot.htm)"
157.55.39.9 - - [23/Nov/2021:21:06:24 +0100] "GET / HTTP/1.1" 200 4286 "-" "Mozilla/5.0 (compatible; bingbot/2.0; +http://www.bing.com/bingbot.htm)"
54.36.148.202 - - [23/Nov/2021:21:20:27 +0100] "GET /robots.txt HTTP/1.1" 404 - "-" "Mozilla/5.0 (compatible; AhrefsBot/7.0; +http://ahrefs.com/robot/)"
54.36.148.233 - - [23/Nov/2021:21:20:28 +0100] "GET / HTTP/1.1" 200 4286 "-" "Mozilla/5.0 (compatible; AhrefsBot/7.0; +http://ahrefs.com/robot/)"
66.249.64.131 - - [23/Nov/2021:21:21:35 +0100] "GET /robots.txt HTTP/1.1" 404 - "-" "Mozilla/5.0 (compatible; Googlebot/2.1; +http://www.google.com/bot.html)"
66.249.64.155 - - [23/Nov/2021:21:21:35 +0100] "GET /impressum.html HTTP/1.1" 304 - "-" "Mozilla/5.0 (Linux; Android 6.0.1; Nexus 5X Build/MMB29P) AppleWebKit/537.36 (KHTML, like Gecko) Chrome/96.0.4664.45 Mobile Safari/537.36 (compatible; Googlebot/2.1; +http://www.google.com/bot.html)"
168.119.152.20 - - [23/Nov/2021:23:45:41 +0100] "GET / HTTP/1.1" 200 4286 "-" "page-preview-tool Mozilla/5.0 (Windows NT 10.0; Win64; x64) AppleWebKit/537.36 (KHTML, like Gecko) Chrome/80.0.3987.132 Safari/537.36"
168.119.152.20 - - [23/Nov/2021:23:45:41 +0100] "GET /js/libs/modernizr-2.5.3.min.js HTTP/1.1" 200 15274 "http://www.witerra-bau.de/" "page-preview-tool Mozilla/5.0 (Windows NT 10.0; Win64; x64) AppleWebKit/537.36 (KHTML, like Gecko) Chrome/80.0.3987.132 Safari/537.36"
168.119.152.20 - - [23/Nov/2021:23:45:41 +0100] "GET /js/plugins.js HTTP/1.1" 200 898 "http://www.witerra-bau.de/" "page-preview-tool Mozilla/5.0 (Windows NT 10.0; Win64; x64) AppleWebKit/537.36 (KHTML, like Gecko) Chrome/80.0.3987.132 Safari/537.36"
34.96.130.9 - - [24/Nov/2021:06:11:57 +0100] "GET / HTTP/1.1" 200 4286 "-" "Expanse indexes the network perimeters of our customers. If you have any questions or concerns, please reach out to: scaninfo@expanseinc.com"
108.174.5.114 - - [24/Nov/2021:06:57:56 +0100] "GET /robots.txt HTTP/1.1" 404 - "-" "LinkedInBot/1.0 (compatible; Mozilla/5.0; Apache-HttpClient +http://www.linkedin.com)"
108.174.5.114 - - [24/Nov/2021:06:57:57 +0100] "GET / HTTP/1.1" 200 4286 "-" "LinkedInBot/1.0 (compatible; Mozilla/5.0; Apache-HttpClient +http://www.linkedin.com)"
194.173.174.10 - - [24/Nov/2021:07:49:59 +0100] "HEAD / HTTP/1.1" 200 - "-" "Mozilla/5.0 (Windows NT 6.3; WOW64) AppleWebKit/537.36 (KHTML, like Gecko) Chrome/43.0.2357.134 Safari/537.36"
87.146.132.38 - - [24/Nov/2021:09:30:24 +0100] "GET / HTTP/1.1" 200 4286 "https://www.google.de/" "Mozilla/5.0 (iPhone; CPU iPhone OS 14_7_1 like Mac OS X) AppleWebKit/605.1.15 (KHTML, like Gecko) Version/14.1.2 Mobile/15E148 Safari/604.1"
87.146.132.38 - - [24/Nov/2021:09:30:25 +0100] "GET /css/style.css HTTP/1.1" 200 1702 "http://www.witerra-bau.de/" "Mozilla/5.0 (iPhone; CPU iPhone OS 14_7_1 like Mac OS X) AppleWebKit/605.1.15 (KHTML, like Gecko) Version/14.1.2 Mobile/15E148 Safari/604.1"
87.146.132.38 - - [24/Nov/2021:09:30:25 +0100] "GET /js/plugins.js HTTP/1.1" 200 898 "http://www.witerra-bau.de/" "Mozilla/5.0 (iPhone; CPU iPhone OS 14_7_1 like Mac OS X) AppleWebKit/605.1.15 (KHTML, like Gecko) Version/14.1.2 Mobile/15E148 Safari/604.1"
87.146.132.38 - - [24/Nov/2021:09:30:25 +0100] "GET /js/libs/modernizr-2.5.3.min.js HTTP/1.1" 200 15274 "http://www.witerra-bau.de/" "Mozilla/5.0 (iPhone; CPU iPhone OS 14_7_1 like Mac OS X) AppleWebKit/605.1.15 (KHTML, like Gecko) Version/14.1.2 Mobile/15E148 Safari/604.1"
87.146.132.38 - - [24/Nov/2021:09:30:25 +0100] "GET /images/textfeld.png HTTP/1.1" 200 1758 "http://www.witerra-bau.de/" "Mozilla/5.0 (iPhone; CPU iPhone OS 14_7_1 like Mac OS X) AppleWebKit/605.1.15 (KHTML, like Gecko) Version/14.1.2 Mobile/15E148 Safari/604.1"
87.146.132.38 - - [24/Nov/2021:09:30:25 +0100] "GET /images/footer.png HTTP/1.1" 200 518 "http://www.witerra-bau.de/" "Mozilla/5.0 (iPhone; CPU iPhone OS 14_7_1 like Mac OS X) AppleWebKit/605.1.15 (KHTML, like Gecko) Version/14.1.2 Mobile/15E148 Safari/604.1"
87.146.132.38 - - [24/Nov/2021:09:30:25 +0100] "GET /images/header.png HTTP/1.1" 200 27758 "http://www.witerra-bau.de/" "Mozilla/5.0 (iPhone; CPU iPhone OS 14_7_1 like Mac OS X) AppleWebKit/605.1.15 (KHTML, like Gecko) Version/14.1.2 Mobile/15E148 Safari/604.1"
87.146.132.38 - - [24/Nov/2021:09:30:25 +0100] "GET /images/bilder.png HTTP/1.1" 200 175856 "http://www.witerra-bau.de/" "Mozilla/5.0 (iPhone; CPU iPhone OS 14_7_1 like Mac OS X) AppleWebKit/605.1.15 (KHTML, like Gecko) Version/14.1.2 Mobile/15E148 Safari/604.1"
87.146.132.38 - - [24/Nov/2021:09:30:25 +0100] "GET /favicon.ico HTTP/1.1" 200 539038 "http://www.witerra-bau.de/" "Mozilla/5.0 (iPhone; CPU iPhone OS 14_7_1 like Mac OS X) AppleWebKit/605.1.15 (KHTML, like Gecko) Version/14.1.2 Mobile/15E148 Safari/604.1"
87.146.132.38 - - [24/Nov/2021:09:30:37 +0100] "GET /uns.html HTTP/1.1" 200 3735 "http://www.witerra-bau.de/" "Mozilla/5.0 (iPhone; CPU iPhone OS 14_7_1 like Mac OS X) AppleWebKit/605.1.15 (KHTML, like Gecko) Version/14.1.2 Mobile/15E148 Safari/604.1"
87.146.132.38 - - [24/Nov/2021:09:30:40 +0100] "GET /leistungen.html HTTP/1.1" 200 3736 "http://www.witerra-bau.de/uns.html" "Mozilla/5.0 (iPhone; CPU iPhone OS 14_7_1 like Mac OS X) AppleWebKit/605.1.15 (KHTML, like Gecko) Version/14.1.2 Mobile/15E148 Safari/604.1"
87.146.132.38 - - [24/Nov/2021:09:30:42 +0100] "GET /referenzen.html HTTP/1.1" 200 3962 "http://www.witerra-bau.de/leistungen.html" "Mozilla/5.0 (iPhone; CPU iPhone OS 14_7_1 like Mac OS X) AppleWebKit/605.1.15 (KHTML, like Gecko) Version/14.1.2 Mobile/15E148 Safari/604.1"
87.146.132.38 - - [24/Nov/2021:09:30:48 +0100] "GET /partner.html HTTP/1.1" 200 4178 "http://www.witerra-bau.de/referenzen.html" "Mozilla/5.0 (iPhone; CPU iPhone OS 14_7_1 like Mac OS X) AppleWebKit/605.1.15 (KHTML, like Gecko) Version/14.1.2 Mobile/15E148 Safari/604.1"
87.146.132.38 - - [24/Nov/2021:09:30:52 +0100] "GET /kontakt.html HTTP/1.1" 200 5104 "http://www.witerra-bau.de/partner.html" "Mozilla/5.0 (iPhone; CPU iPhone OS 14_7_1 like Mac OS X) AppleWebKit/605.1.15 (KHTML, like Gecko) Version/14.1.2 Mobile/15E148 Safari/604.1"
87.146.132.38 - - [24/Nov/2021:09:30:52 +0100] "GET /captcha/captcha.php HTTP/1.1" 200 4194 "http://www.witerra-bau.de/kontakt.html" "Mozilla/5.0 (iPhone; CPU iPhone OS 14_7_1 like Mac OS X) AppleWebKit/605.1.15 (KHTML, like Gecko) Version/14.1.2 Mobile/15E148 Safari/604.1"
87.146.132.38 - - [24/Nov/2021:09:30:54 +0100] "GET /impressum.html HTTP/1.1" 200 5433 "http://www.witerra-bau.de/kontakt.html" "Mozilla/5.0 (iPhone; CPU iPhone OS 14_7_1 like Mac OS X) AppleWebKit/605.1.15 (KHTML, like Gecko) Version/14.1.2 Mobile/15E148 Safari/604.1"
91.249.144.10 - - [24/Nov/2021:10:22:21 +0100] "GET / HTTP/1.1" 200 4286 "https://www.google.com/" "Mozilla/5.0 (Macintosh; Intel Mac OS X 10_15_7) AppleWebKit/537.36 (KHTML, like Gecko) Chrome/96.0.4664.55 Safari/537.36"
91.249.144.10 - - [24/Nov/2021:10:22:21 +0100] "GET /css/style.css HTTP/1.1" 200 1702 "http://www.witerra-bau.de/" "Mozilla/5.0 (Macintosh; Intel Mac OS X 10_15_7) AppleWebKit/537.36 (KHTML, like Gecko) Chrome/96.0.4664.55 Safari/537.36"
91.249.144.10 - - [24/Nov/2021:10:22:21 +0100] "GET /js/libs/modernizr-2.5.3.min.js HTTP/1.1" 200 15274 "http://www.witerra-bau.de/" "Mozilla/5.0 (Macintosh; Intel Mac OS X 10_15_7) AppleWebKit/537.36 (KHTML, like Gecko) Chrome/96.0.4664.55 Safari/537.36"
91.249.144.10 - - [24/Nov/2021:10:22:21 +0100] "GET /js/plugins.js HTTP/1.1" 200 898 "http://www.witerra-bau.de/" "Mozilla/5.0 (Macintosh; Intel Mac OS X 10_15_7) AppleWebKit/537.36 (KHTML, like Gecko) Chrome/96.0.4664.55 Safari/537.36"
91.249.144.10 - - [24/Nov/2021:10:22:21 +0100] "GET /images/bilder.png HTTP/1.1" 200 175856 "http://www.witerra-bau.de/" "Mozilla/5.0 (Macintosh; Intel Mac OS X 10_15_7) AppleWebKit/537.36 (KHTML, like Gecko) Chrome/96.0.4664.55 Safari/537.36"
91.249.144.10 - - [24/Nov/2021:10:22:23 +0100] "GET /images/textfeld.png HTTP/1.1" 200 1758 "http://www.witerra-bau.de/css/style.css" "Mozilla/5.0 (Macintosh; Intel Mac OS X 10_15_7) AppleWebKit/537.36 (KHTML, like Gecko) Chrome/96.0.4664.55 Safari/537.36"
91.249.144.10 - - [24/Nov/2021:10:22:23 +0100] "GET /images/header.png HTTP/1.1" 200 27758 "http://www.witerra-bau.de/css/style.css" "Mozilla/5.0 (Macintosh; Intel Mac OS X 10_15_7) AppleWebKit/537.36 (KHTML, like Gecko) Chrome/96.0.4664.55 Safari/537.36"
91.249.144.10 - - [24/Nov/2021:10:22:23 +0100] "GET /images/footer.png HTTP/1.1" 200 518 "http://www.witerra-bau.de/css/style.css" "Mozilla/5.0 (Macintosh; Intel Mac OS X 10_15_7) AppleWebKit/537.36 (KHTML, like Gecko) Chrome/96.0.4664.55 Safari/537.36"
91.249.144.10 - - [24/Nov/2021:10:22:23 +0100] "GET /favicon.ico HTTP/1.1" 200 539038 "http://www.witerra-bau.de/" "Mozilla/5.0 (Macintosh; Intel Mac OS X 10_15_7) AppleWebKit/537.36 (KHTML, like Gecko) Chrome/96.0.4664.55 Safari/537.36"
195.110.210.107 - - [24/Nov/2021:12:57:30 +0100] "GET / HTTP/1.1" 200 4286 "-" "Mozilla/5.0 (Windows NT 10.0; Win64; x64; rv:74.0) Gecko/20100101 Firefox/74.0"
195.110.210.107 - - [24/Nov/2021:12:57:31 +0100] "GET /impressum/ HTTP/1.1" 404 - "-" "Mozilla/5.0 (Windows NT 10.0; Win64; x64; rv:74.0) Gecko/20100101 Firefox/74.0"
66.249.66.87 - - [24/Nov/2021:12:58:22 +0100] "GET /robots.txt HTTP/1.1" 404 - "-" "Mozilla/5.0 (compatible; Googlebot/2.1; +http://www.google.com/bot.html)"
66.249.66.196 - - [24/Nov/2021:12:58:22 +0100] "GET / HTTP/1.1" 200 4286 "-" "Mozilla/5.0 (Linux; Android 6.0.1; Nexus 5X Build/MMB29P) AppleWebKit/537.36 (KHTML, like Gecko) Chrome/96.0.4664.45 Mobile Safari/537.36 (compatible; Googlebot/2.1; +http://www.google.com/bot.html)"
157.55.39.9 - - [24/Nov/2021:15:26:49 +0100] "GET / HTTP/1.1" 200 4286 "-" "Mozilla/5.0 (compatible; bingbot/2.0; +http://www.bing.com/bingbot.htm)"
84.164.90.76 - - [24/Nov/2021:15:27:36 +0100] "GET / HTTP/1.1" 200 4286 "https://www.google.com/" "Mozilla/5.0 (Macintosh; Intel Mac OS X 10_15_7) AppleWebKit/537.36 (KHTML, like Gecko) Chrome/94.0.4606.81 Safari/537.36"
84.164.90.76 - - [24/Nov/2021:15:27:37 +0100] "GET /css/style.css HTTP/1.1" 200 1702 "http://www.witerra-bau.de/" "Mozilla/5.0 (Macintosh; Intel Mac OS X 10_15_7) AppleWebKit/537.36 (KHTML, like Gecko) Chrome/94.0.4606.81 Safari/537.36"
84.164.90.76 - - [24/Nov/2021:15:27:37 +0100] "GET /js/libs/modernizr-2.5.3.min.js HTTP/1.1" 200 15274 "http://www.witerra-bau.de/" "Mozilla/5.0 (Macintosh; Intel Mac OS X 10_15_7) AppleWebKit/537.36 (KHTML, like Gecko) Chrome/94.0.4606.81 Safari/537.36"
84.164.90.76 - - [24/Nov/2021:15:27:37 +0100] "GET /js/plugins.js HTTP/1.1" 200 898 "http://www.witerra-bau.de/" "Mozilla/5.0 (Macintosh; Intel Mac OS X 10_15_7) AppleWebKit/537.36 (KHTML, like Gecko) Chrome/94.0.4606.81 Safari/537.36"
84.164.90.76 - - [24/Nov/2021:15:27:37 +0100] "GET /images/header.png HTTP/1.1" 200 27758 "http://www.witerra-bau.de/css/style.css" "Mozilla/5.0 (Macintosh; Intel Mac OS X 10_15_7) AppleWebKit/537.36 (KHTML, like Gecko) Chrome/94.0.4606.81 Safari/537.36"
84.164.90.76 - - [24/Nov/2021:15:27:37 +0100] "GET /images/textfeld.png HTTP/1.1" 200 1758 "http://www.witerra-bau.de/css/style.css" "Mozilla/5.0 (Macintosh; Intel Mac OS X 10_15_7) AppleWebKit/537.36 (KHTML, like Gecko) Chrome/94.0.4606.81 Safari/537.36"
84.164.90.76 - - [24/Nov/2021:15:27:37 +0100] "GET /images/footer.png HTTP/1.1" 200 518 "http://www.witerra-bau.de/css/style.css" "Mozilla/5.0 (Macintosh; Intel Mac OS X 10_15_7) AppleWebKit/537.36 (KHTML, like Gecko) Chrome/94.0.4606.81 Safari/537.36"
84.164.90.76 - - [24/Nov/2021:15:27:37 +0100] "GET /images/bilder.png HTTP/1.1" 200 175856 "http://www.witerra-bau.de/" "Mozilla/5.0 (Macintosh; Intel Mac OS X 10_15_7) AppleWebKit/537.36 (KHTML, like Gecko) Chrome/94.0.4606.81 Safari/537.36"
84.164.90.76 - - [24/Nov/2021:15:27:38 +0100] "GET /favicon.ico HTTP/1.1" 200 539038 "http://www.witerra-bau.de/" "Mozilla/5.0 (Macintosh; Intel Mac OS X 10_15_7) AppleWebKit/537.36 (KHTML, like Gecko) Chrome/94.0.4606.81 Safari/537.36"
84.164.90.76 - - [24/Nov/2021:15:27:39 +0100] "GET /impressum.html HTTP/1.1" 200 5433 "http://www.witerra-bau.de/" "Mozilla/5.0 (Macintosh; Intel Mac OS X 10_15_7) AppleWebKit/537.36 (KHTML, like Gecko) Chrome/94.0.4606.81 Safari/537.36"
66.249.66.5 - - [24/Nov/2021:21:43:41 +0100] "GET / HTTP/1.1" 200 4286 "-" "Mozilla/5.0 (Linux; Android 6.0.1; Nexus 5X Build/MMB29P) AppleWebKit/537.36 (KHTML, like Gecko) Chrome/96.0.4664.45 Mobile Safari/537.36 (compatible; Googlebot/2.1; +http://www.google.com/bot.html)"
66.249.66.145 - - [24/Nov/2021:22:01:41 +0100] "GET / HTTP/1.1" 304 - "-" "Mozilla/5.0 (Linux; Android 6.0.1; Nexus 5X Build/MMB29P) AppleWebKit/537.36 (KHTML, like Gecko) Chrome/96.0.4664.45 Mobile Safari/537.36 (compatible; Googlebot/2.1; +http://www.google.com/bot.html)"
