66.249.66.42 - - [02/Sep/2013:01:16:16 +0200] "GET /robots.txt HTTP/1.1" 404 1256 "-" "Mozilla/5.0 (compatible; Googlebot/2.1; +http://www.google.com/bot.html)"
66.249.78.98 - - [02/Sep/2013:01:16:16 +0200] "GET / HTTP/1.1" 200 2889 "-" "Mozilla/5.0 (iPhone; U; CPU iPhone OS 4_1 like Mac OS X; en-us) AppleWebKit/532.9 (KHTML, like Gecko) Version/4.0.5 Mobile/8B117 Safari/6531.22.7 (compatible; Googlebot-Mobile/2.1; +http://www.google.com/bot.html)"
66.249.78.98 - - [02/Sep/2013:05:17:58 +0200] "GET / HTTP/1.1" 200 2889 "-" "Mozilla/5.0 (compatible; Googlebot/2.1; +http://www.google.com/bot.html)"
157.56.229.186 - - [02/Sep/2013:05:58:48 +0200] "GET /robots.txt HTTP/1.1" 404 1256 "-" "Mozilla/5.0 (compatible; bingbot/2.0; +http://www.bing.com/bingbot.htm)"
157.56.229.186 - - [02/Sep/2013:05:59:28 +0200] "GET / HTTP/1.1" 304 - "-" "Mozilla/5.0 (compatible; bingbot/2.0; +http://www.bing.com/bingbot.htm)"
157.56.229.186 - - [02/Sep/2013:06:02:48 +0200] "GET / HTTP/1.1" 200 2889 "-" "Mozilla/5.0 (compatible; bingbot/2.0; +http://www.bing.com/bingbot.htm)"
216.145.14.142 - - [02/Sep/2013:09:35:16 +0200] "GET /robots.txt HTTP/1.0" 404 1256 "-" "Mozilla/5.0 (Windows; U; Windows NT 5.1; en; rv:1.9.0.13) Gecko/2009073022 Firefox/3.5.2 (.NET CLR 3.5.30729) SurveyBot/2.3 (DomainTools)"
216.145.14.142 - - [02/Sep/2013:09:35:16 +0200] "GET / HTTP/1.1" 200 2889 "http://whois.domaintools.com/wertstoffservice.de" "Mozilla/5.0 (Windows; U; Windows NT 5.1; en; rv:1.9.0.13) Gecko/2009073022 Firefox/3.5.2 (.NET CLR 3.5.30729) SurveyBot/2.3 (DomainTools)"
93.220.224.214 - - [02/Sep/2013:11:49:01 +0200] "GET / HTTP/1.1" 200 2889 "-" "Mozilla/4.0 (compatible; MSIE 8.0; Windows NT 6.0; .NET CLR 1.1.4322)"
157.56.229.186 - - [02/Sep/2013:16:50:27 +0200] "GET /robots.txt HTTP/1.1" 404 1256 "-" "Mozilla/5.0 (compatible; bingbot/2.0; +http://www.bing.com/bingbot.htm)"
157.56.229.186 - - [02/Sep/2013:16:50:54 +0200] "GET / HTTP/1.1" 200 2889 "-" "Mozilla/5.0 (compatible; bingbot/2.0; +http://www.bing.com/bingbot.htm)"
92.224.43.235 - - [02/Sep/2013:18:10:52 +0200] "GET / HTTP/1.1" 200 2889 "-" "UserAgent: Apache-HttpClient/release (java 1.5)"
92.224.43.235 - - [02/Sep/2013:18:10:52 +0200] "GET /impressum.html HTTP/1.1" 404 1256 "-" "UserAgent: Apache-HttpClient/release (java 1.5)"
92.224.43.235 - - [02/Sep/2013:18:10:52 +0200] "GET /impressum.htm HTTP/1.1" 404 1256 "-" "UserAgent: Apache-HttpClient/release (java 1.5)"
92.224.43.235 - - [02/Sep/2013:18:10:52 +0200] "GET / HTTP/1.1" 200 2889 "-" "UserAgent: Apache-HttpClient/release (java 1.5)"
141.8.147.12 - - [02/Sep/2013:22:53:49 +0200] "GET /robots.txt HTTP/1.1" 404 1256 "-" "Mozilla/5.0 (compatible; YandexBot/3.0; +http://yandex.com/bots)"
141.8.147.12 - - [03/Sep/2013:04:36:25 +0200] "GET / HTTP/1.1" 200 2889 "-" "Mozilla/5.0 (compatible; YandexBot/3.0; +http://yandex.com/bots)"
157.55.35.82 - - [04/Sep/2013:06:37:38 +0200] "GET /robots.txt HTTP/1.1" 404 1256 "-" "Mozilla/5.0 (compatible; bingbot/2.0; +http://www.bing.com/bingbot.htm)"
157.55.35.82 - - [04/Sep/2013:06:38:09 +0200] "GET / HTTP/1.1" 304 - "-" "Mozilla/5.0 (compatible; bingbot/2.0; +http://www.bing.com/bingbot.htm)"
66.249.78.98 - - [04/Sep/2013:13:28:23 +0200] "GET /robots.txt HTTP/1.1" 404 1256 "-" "Mozilla/5.0 (compatible; Googlebot/2.1; +http://www.google.com/bot.html)"
66.249.78.98 - - [04/Sep/2013:13:28:24 +0200] "GET / HTTP/1.1" 200 2889 "-" "Mozilla/5.0 (iPhone; U; CPU iPhone OS 4_1 like Mac OS X; en-us) AppleWebKit/532.9 (KHTML, like Gecko) Version/4.0.5 Mobile/8B117 Safari/6531.22.7 (compatible; Googlebot-Mobile/2.1; +http://www.google.com/bot.html)"
46.4.100.231 - - [05/Sep/2013:04:12:14 +0200] "GET /robots.txt HTTP/1.1" 404 1256 "-" "BacklinkCrawler (http://www.backlinktest.com/crawler.html)"
46.4.100.231 - - [05/Sep/2013:04:12:14 +0200] "GET /sitemap.xml HTTP/1.1" 404 1256 "-" "BacklinkCrawler (http://www.backlinktest.com/crawler.html)"
46.4.100.231 - - [05/Sep/2013:04:12:16 +0200] "GET / HTTP/1.1" 200 2889 "-" "BacklinkCrawler (http://www.backlinktest.com/crawler.html)"
157.55.32.89 - - [05/Sep/2013:12:29:59 +0200] "GET /robots.txt HTTP/1.1" 404 1256 "-" "Mozilla/5.0 (compatible; bingbot/2.0; +http://www.bing.com/bingbot.htm)"
157.55.32.89 - - [05/Sep/2013:12:30:29 +0200] "GET / HTTP/1.1" 304 - "-" "Mozilla/5.0 (compatible; bingbot/2.0; +http://www.bing.com/bingbot.htm)"
194.127.138.16 - - [05/Sep/2013:13:49:06 +0200] "GET / HTTP/1.1" 200 2889 "-" "Mozilla/4.0 (compatible; MSIE 8.0; Windows NT 6.1; WOW64; Trident/4.0; SLCC2; .NET CLR 2.0.50727; .NET CLR 3.5.30729; .NET CLR 3.0.30729; InfoPath.3; .NET4.0C; .NET4.0E)"
194.127.138.16 - - [05/Sep/2013:13:49:06 +0200] "GET /images/hintgr.gif HTTP/1.1" 200 925 "http://www.wertstoffservice.de/" "Mozilla/4.0 (compatible; MSIE 8.0; Windows NT 6.1; WOW64; Trident/4.0; SLCC2; .NET CLR 2.0.50727; .NET CLR 3.5.30729; .NET CLR 3.0.30729; InfoPath.3; .NET4.0C; .NET4.0E)"
194.127.138.16 - - [05/Sep/2013:13:49:06 +0200] "GET /images/u-const.gif HTTP/1.1" 200 3797 "http://www.wertstoffservice.de/" "Mozilla/4.0 (compatible; MSIE 8.0; Windows NT 6.1; WOW64; Trident/4.0; SLCC2; .NET CLR 2.0.50727; .NET CLR 3.5.30729; .NET CLR 3.0.30729; InfoPath.3; .NET4.0C; .NET4.0E)"
194.127.138.16 - - [05/Sep/2013:13:49:06 +0200] "GET /images/logo.gif HTTP/1.1" 200 6252 "http://www.wertstoffservice.de/" "Mozilla/4.0 (compatible; MSIE 8.0; Windows NT 6.1; WOW64; Trident/4.0; SLCC2; .NET CLR 2.0.50727; .NET CLR 3.5.30729; .NET CLR 3.0.30729; InfoPath.3; .NET4.0C; .NET4.0E)"
194.127.138.16 - - [05/Sep/2013:13:49:07 +0200] "GET /favicon.ico HTTP/1.1" 404 1256 "-" "Mozilla/4.0 (compatible; MSIE 8.0; Windows NT 6.1; WOW64; Trident/4.0; SLCC2; .NET CLR 2.0.50727; .NET CLR 3.5.30729; .NET CLR 3.0.30729; InfoPath.3; .NET4.0C; .NET4.0E)"
194.173.174.20 - - [05/Sep/2013:18:46:58 +0200] "GET / HTTP/1.1" 200 2889 "-" "Mozilla/5.0 (X11; Ubuntu; Linux x86_64; rv:18.0) Gecko/20100101 Firefox/18.0"
66.249.78.98 - - [06/Sep/2013:14:27:41 +0200] "GET /robots.txt HTTP/1.1" 404 1256 "-" "Mozilla/5.0 (compatible; Googlebot/2.1; +http://www.google.com/bot.html)"
66.249.78.98 - - [06/Sep/2013:14:27:41 +0200] "GET / HTTP/1.1" 200 2889 "-" "Mozilla/5.0 (iPhone; U; CPU iPhone OS 4_1 like Mac OS X; en-us) AppleWebKit/532.9 (KHTML, like Gecko) Version/4.0.5 Mobile/8B117 Safari/6531.22.7 (compatible; Googlebot-Mobile/2.1; +http://www.google.com/bot.html)"
66.249.74.96 - - [06/Sep/2013:15:36:18 +0200] "GET / HTTP/1.1" 200 2889 "-" "DoCoMo/2.0 N905i(c100;TB;W24H16) (compatible; Googlebot-Mobile/2.1; +http://www.google.com/bot.html)"
157.55.33.251 - - [06/Sep/2013:23:55:50 +0200] "GET /robots.txt HTTP/1.1" 404 1256 "-" "Mozilla/5.0 (compatible; bingbot/2.0; +http://www.bing.com/bingbot.htm)"
157.55.33.251 - - [06/Sep/2013:23:56:40 +0200] "GET / HTTP/1.1" 200 2889 "-" "Mozilla/5.0 (compatible; bingbot/2.0; +http://www.bing.com/bingbot.htm)"
188.165.195.156 - - [07/Sep/2013:05:10:54 +0200] "HEAD / HTTP/1.1" 200 - "-" "Mozilla/4.0 (compatible; MSIE 5.01; Windows NT 5.0)"
141.8.147.12 - - [07/Sep/2013:06:17:15 +0200] "GET /robots.txt HTTP/1.1" 404 1256 "-" "Mozilla/5.0 (compatible; YandexBot/3.0; +http://yandex.com/bots)"
141.8.147.12 - - [07/Sep/2013:06:54:05 +0200] "GET / HTTP/1.1" 200 2889 "-" "Mozilla/5.0 (compatible; YandexBot/3.0; +http://yandex.com/bots)"
66.249.78.98 - - [07/Sep/2013:13:21:44 +0200] "GET /robots.txt HTTP/1.1" 404 1256 "-" "Mozilla/5.0 (compatible; Googlebot/2.1; +http://www.google.com/bot.html)"
66.249.78.98 - - [07/Sep/2013:13:21:44 +0200] "GET / HTTP/1.1" 200 2889 "-" "Mozilla/5.0 (compatible; Googlebot/2.1; +http://www.google.com/bot.html)"
66.249.78.98 - - [08/Sep/2013:01:21:53 +0200] "GET /robots.txt HTTP/1.1" 404 1256 "-" "Mozilla/5.0 (compatible; Googlebot/2.1; +http://www.google.com/bot.html)"
66.249.78.98 - - [08/Sep/2013:01:21:53 +0200] "GET / HTTP/1.1" 200 2889 "-" "Mozilla/5.0 (compatible; Googlebot/2.1; +http://www.google.com/bot.html)"
93.220.198.39 - - [08/Sep/2013:07:52:58 +0200] "GET / HTTP/1.1" 200 2889 "-" "Mozilla/4.0 (compatible; MSIE 8.0; Windows NT 6.0; .NET CLR 1.1.4322)"
157.55.33.251 - - [08/Sep/2013:09:11:25 +0200] "GET /robots.txt HTTP/1.1" 404 1256 "-" "Mozilla/5.0 (compatible; bingbot/2.0; +http://www.bing.com/bingbot.htm)"
157.55.33.251 - - [08/Sep/2013:09:11:48 +0200] "GET / HTTP/1.1" 304 - "-" "Mozilla/5.0 (compatible; bingbot/2.0; +http://www.bing.com/bingbot.htm)"
77.75.77.11 - - [08/Sep/2013:11:03:22 +0200] "GET /robots.txt HTTP/1.1" 404 1256 "-" "SeznamBot/3.0 (+http://fulltext.sblog.cz/)"
77.75.77.11 - - [08/Sep/2013:11:03:22 +0200] "GET / HTTP/1.1" 304 - "-" "SeznamBot/3.0 (+http://fulltext.sblog.cz/)"
199.30.20.93 - - [08/Sep/2013:15:05:57 +0200] "GET /robots.txt HTTP/1.1" 404 1256 "-" "msnbot-media/1.1 (+http://search.msn.com/msnbot.htm)"
199.30.20.93 - - [08/Sep/2013:15:06:01 +0200] "GET /images/logo.gif HTTP/1.1" 200 6252 "-" "msnbot-media/1.1 (+http://search.msn.com/msnbot.htm)"
5.255.253.79 - - [08/Sep/2013:19:26:47 +0200] "GET /robots.txt HTTP/1.1" 404 1256 "-" "Mozilla/5.0 (compatible; YandexImages/3.0; +http://yandex.com/bots)"
5.255.253.79 - - [08/Sep/2013:21:35:44 +0200] "GET /images/logo.gif HTTP/1.1" 200 6252 "-" "Mozilla/5.0 (compatible; YandexImages/3.0; +http://yandex.com/bots)"
66.249.78.98 - - [09/Sep/2013:00:15:38 +0200] "GET /robots.txt HTTP/1.1" 404 1256 "-" "Mozilla/5.0 (compatible; Googlebot/2.1; +http://www.google.com/bot.html)"
66.249.78.98 - - [09/Sep/2013:00:15:38 +0200] "GET / HTTP/1.1" 200 2889 "-" "Mozilla/5.0 (iPhone; U; CPU iPhone OS 4_1 like Mac OS X; en-us) AppleWebKit/532.9 (KHTML, like Gecko) Version/4.0.5 Mobile/8B117 Safari/6531.22.7 (compatible; Googlebot-Mobile/2.1; +http://www.google.com/bot.html)"
93.92.217.228 - - [09/Sep/2013:00:52:28 +0200] "GET / HTTP/1.1" 200 2889 "-" "Java/1.7.0_21"
141.8.147.12 - - [09/Sep/2013:01:37:44 +0200] "GET /robots.txt HTTP/1.1" 404 1256 "-" "Mozilla/5.0 (compatible; YandexBot/3.0; +http://yandex.com/bots)"
141.8.147.12 - - [09/Sep/2013:02:23:54 +0200] "GET / HTTP/1.1" 200 2889 "-" "Mozilla/5.0 (compatible; YandexBot/3.0; +http://yandex.com/bots)"
5.255.253.79 - - [09/Sep/2013:04:10:34 +0200] "GET /images/logo.gif HTTP/1.1" 200 6252 "-" "Mozilla/5.0 (compatible; YandexImages/3.0; +http://yandex.com/bots)"
81.169.188.167 - - [09/Sep/2013:04:18:51 +0200] "GET / HTTP/1.1" 200 2889 "-" "Mozilla/5.0 (compatible; MSIE 9.0; Windows NT 6.1; de) Opera 11.51"
199.30.20.93 - - [09/Sep/2013:06:23:02 +0200] "GET /robots.txt HTTP/1.1" 404 1256 "-" "msnbot-media/1.1 (+http://search.msn.com/msnbot.htm)"
199.30.20.93 - - [09/Sep/2013:06:23:02 +0200] "GET /images/logo.gif HTTP/1.1" 200 6252 "-" "msnbot-media/1.1 (+http://search.msn.com/msnbot.htm)"
54.227.12.87 - - [09/Sep/2013:18:28:43 +0200] "GET / HTTP/1.0" 200 2889 "-" "Mozilla/5.0 (compatible; NetcraftSurveyAgent/1.0; +info@netcraft.com)"
95.88.133.195 - - [09/Sep/2013:19:44:47 +0200] "GET / HTTP/1.1" 200 2889 "http://www.google.de/url?sa=t&rct=j&q=&esrc=s&source=web&cd=1&ved=0CDEQFjAA&url=http%3A%2F%2Fwww.wertstoffservice.de%2F&ei=lgguUs7qMY2HhQeOjYHgBw&usg=AFQjCNH7Uqeobv66I8n6zUkeuVynRnaJ-w&bvm=bv.51773540,d.ZG4" "Mozilla/5.0 (Windows NT 5.1; rv:23.0) Gecko/20100101 Firefox/23.0"
95.88.133.195 - - [09/Sep/2013:19:44:47 +0200] "GET /images/logo.gif HTTP/1.1" 200 6252 "http://www.wertstoffservice.de/" "Mozilla/5.0 (Windows NT 5.1; rv:23.0) Gecko/20100101 Firefox/23.0"
95.88.133.195 - - [09/Sep/2013:19:44:47 +0200] "GET /images/u-const.gif HTTP/1.1" 200 3797 "http://www.wertstoffservice.de/" "Mozilla/5.0 (Windows NT 5.1; rv:23.0) Gecko/20100101 Firefox/23.0"
95.88.133.195 - - [09/Sep/2013:19:44:47 +0200] "GET /images/hintgr.gif HTTP/1.1" 200 925 "http://www.wertstoffservice.de/" "Mozilla/5.0 (Windows NT 5.1; rv:23.0) Gecko/20100101 Firefox/23.0"
95.88.133.195 - - [09/Sep/2013:19:44:47 +0200] "GET /favicon.ico HTTP/1.1" 404 1256 "-" "Mozilla/5.0 (Windows NT 5.1; rv:23.0) Gecko/20100101 Firefox/23.0"
50.31.96.13 - - [10/Sep/2013:01:16:13 +0200] "GET / HTTP/1.1" 200 2889 "-" "Mozilla/5.0 (X11; U; Linux x86_64; en-US) AppleWebKit/534.3 (KHTML, like Gecko) Qt/4.7.4 Safari/534.3"
50.31.96.13 - - [10/Sep/2013:01:16:13 +0200] "GET /images/logo.gif HTTP/1.1" 200 6252 "http://www.wertstoffservice.de/" "Mozilla/5.0 (X11; U; Linux x86_64; en-US) AppleWebKit/534.3 (KHTML, like Gecko) Qt/4.7.4 Safari/534.3"
50.31.96.13 - - [10/Sep/2013:01:16:13 +0200] "GET /images/u-const.gif HTTP/1.1" 200 3797 "http://www.wertstoffservice.de/" "Mozilla/5.0 (X11; U; Linux x86_64; en-US) AppleWebKit/534.3 (KHTML, like Gecko) Qt/4.7.4 Safari/534.3"
50.31.96.13 - - [10/Sep/2013:01:16:13 +0200] "GET /images/hintgr.gif HTTP/1.1" 200 925 "http://www.wertstoffservice.de/" "Mozilla/5.0 (X11; U; Linux x86_64; en-US) AppleWebKit/534.3 (KHTML, like Gecko) Qt/4.7.4 Safari/534.3"
85.25.71.120 - - [10/Sep/2013:03:48:53 +0200] "GET /robots.txt HTTP/1.1" 404 1256 "-" "Mozilla/5.0 (X11; U; Linux i686; de; rv:1.9.0.1; compatible; iCjobs Stellenangebote Jobs; http://www.icjobs.de) Gecko/20100401 iCjobs/3.2.3"
85.25.71.120 - - [10/Sep/2013:03:48:53 +0200] "GET / HTTP/1.1" 200 2889 "-" "Mozilla/5.0 (X11; U; Linux i686; de; rv:1.9.0.1; compatible; iCjobs Stellenangebote Jobs; http://www.icjobs.de) Gecko/20100401 iCjobs/3.2.3"
85.25.71.120 - - [10/Sep/2013:03:48:53 +0200] "GET / HTTP/1.1" 200 2889 "-" "Mozilla/5.0 (X11; U; Linux i686; de; rv:1.9.0.1; compatible; iCjobs Stellenangebote Jobs; http://www.icjobs.de) Gecko/20100401 iCjobs/3.2.3"
145.228.143.223 - - [10/Sep/2013:09:45:55 +0200] "GET / HTTP/1.1" 200 2889 "-" "Mozilla/4.0 (compatible; MSIE 7.0; Windows NT 5.1; GTB7.0; .NET CLR 1.1.4322; .NET CLR 2.0.50727; .NET CLR 3.0.04506.30; .NET CLR 3.0.04506.648; InfoPath.2)"
157.55.33.251 - - [10/Sep/2013:10:58:33 +0200] "GET /robots.txt HTTP/1.1" 404 1256 "-" "Mozilla/5.0 (compatible; bingbot/2.0; +http://www.bing.com/bingbot.htm)"
157.55.33.251 - - [10/Sep/2013:10:59:32 +0200] "GET / HTTP/1.1" 304 - "-" "Mozilla/5.0 (compatible; bingbot/2.0; +http://www.bing.com/bingbot.htm)"
85.25.71.106 - - [10/Sep/2013:12:12:35 +0200] "GET /robots.txt HTTP/1.1" 404 1256 "-" "Mozilla/5.0 (X11; U; Linux i686; de; rv:1.9.0.1; compatible; iCjobs Stellenangebote Jobs; http://www.icjobs.de) Gecko/20100401 iCjobs/3.2.3"
85.25.71.106 - - [10/Sep/2013:12:12:36 +0200] "GET / HTTP/1.1" 200 2889 "-" "Mozilla/5.0 (X11; U; Linux i686; de; rv:1.9.0.1; compatible; iCjobs Stellenangebote Jobs; http://www.icjobs.de) Gecko/20100401 iCjobs/3.2.3"
123.125.71.14 - - [10/Sep/2013:22:42:04 +0200] "GET /robots.txt HTTP/1.1" 404 1256 "-" "Mozilla/5.0 (compatible; Baiduspider/2.0; +http://www.baidu.com/search/spider.html)"
123.125.71.80 - - [10/Sep/2013:22:44:38 +0200] "GET / HTTP/1.1" 200 2889 "-" "Mozilla/5.0 (compatible; Baiduspider/2.0; +http://www.baidu.com/search/spider.html)"
66.249.78.98 - - [11/Sep/2013:01:48:56 +0200] "GET /robots.txt HTTP/1.1" 404 1256 "-" "Mozilla/5.0 (compatible; Googlebot/2.1; +http://www.google.com/bot.html)"
66.249.78.98 - - [11/Sep/2013:01:48:56 +0200] "GET / HTTP/1.1" 200 2889 "-" "Mozilla/5.0 (iPhone; U; CPU iPhone OS 4_1 like Mac OS X; en-us) AppleWebKit/532.9 (KHTML, like Gecko) Version/4.0.5 Mobile/8B117 Safari/6531.22.7 (compatible; Googlebot-Mobile/2.1; +http://www.google.com/bot.html)"
220.181.108.90 - - [11/Sep/2013:23:32:40 +0200] "GET / HTTP/1.1" 200 2889 "-" "Mozilla/5.0 (compatible; Baiduspider/2.0; +http://www.baidu.com/search/spider.html)"
65.55.24.233 - - [12/Sep/2013:09:03:37 +0200] "GET /robots.txt HTTP/1.1" 404 1256 "-" "Mozilla/5.0 (compatible; bingbot/2.0; +http://www.bing.com/bingbot.htm)"
65.55.24.233 - - [12/Sep/2013:09:04:15 +0200] "GET / HTTP/1.1" 200 2889 "-" "Mozilla/5.0 (compatible; bingbot/2.0; +http://www.bing.com/bingbot.htm)"
59.177.131.180 - - [12/Sep/2013:16:26:39 +0200] "GET / HTTP/1.1" 200 2889 "https://www.google.co.in/" "Mozilla/5.0 (Windows NT 6.1) AppleWebKit/537.36 (KHTML, like Gecko) Chrome/29.0.1547.66 Safari/537.36"
59.177.131.180 - - [12/Sep/2013:16:26:40 +0200] "GET /images/logo.gif HTTP/1.1" 200 6252 "http://www.wertstoffservice.de/" "Mozilla/5.0 (Windows NT 6.1) AppleWebKit/537.36 (KHTML, like Gecko) Chrome/29.0.1547.66 Safari/537.36"
59.177.131.180 - - [12/Sep/2013:16:26:40 +0200] "GET /images/hintgr.gif HTTP/1.1" 200 925 "http://www.wertstoffservice.de/" "Mozilla/5.0 (Windows NT 6.1) AppleWebKit/537.36 (KHTML, like Gecko) Chrome/29.0.1547.66 Safari/537.36"
59.177.131.180 - - [12/Sep/2013:16:26:40 +0200] "GET /images/u-const.gif HTTP/1.1" 200 3797 "http://www.wertstoffservice.de/" "Mozilla/5.0 (Windows NT 6.1) AppleWebKit/537.36 (KHTML, like Gecko) Chrome/29.0.1547.66 Safari/537.36"
59.177.131.180 - - [12/Sep/2013:16:26:40 +0200] "GET /favicon.ico HTTP/1.1" 404 1256 "-" "Mozilla/5.0 (Windows NT 6.1) AppleWebKit/537.36 (KHTML, like Gecko) Chrome/29.0.1547.66 Safari/537.36"
79.236.24.101 - - [12/Sep/2013:17:22:00 +0200] "GET / HTTP/1.1" 200 2889 "http://www.google.de/url?sa=t&rct=j&q=wsi%20schneeberg&source=web&cd=1&ved=0CC8QFjAA&url=http%3A%2F%2Fwww.wertstoffservice.de%2F&ei=5tsxUs3xHo7xhQeLroA4&usg=AFQjCNH7Uqeobv66I8n6zUkeuVynRnaJ-w&bvm=bv.52109249,d.bGE" "Mozilla/5.0 (compatible; MSIE 10.0; Windows NT 6.1; WOW64; Trident/6.0)"
79.236.24.101 - - [12/Sep/2013:17:22:00 +0200] "GET /images/hintgr.gif HTTP/1.1" 200 925 "http://www.wertstoffservice.de/" "Mozilla/5.0 (compatible; MSIE 10.0; Windows NT 6.1; WOW64; Trident/6.0)"
79.236.24.101 - - [12/Sep/2013:17:22:00 +0200] "GET /images/logo.gif HTTP/1.1" 200 6252 "http://www.wertstoffservice.de/" "Mozilla/5.0 (compatible; MSIE 10.0; Windows NT 6.1; WOW64; Trident/6.0)"
79.236.24.101 - - [12/Sep/2013:17:22:01 +0200] "GET /images/hintgr.gif HTTP/1.1" 200 925 "http://www.wertstoffservice.de/" "Mozilla/5.0 (compatible; MSIE 10.0; Windows NT 6.1; WOW64; Trident/6.0)"
79.236.24.101 - - [12/Sep/2013:17:22:02 +0200] "GET /images/u-const.gif HTTP/1.1" 200 3797 "http://www.wertstoffservice.de/" "Mozilla/5.0 (compatible; MSIE 10.0; Windows NT 6.1; WOW64; Trident/6.0)"
79.236.24.101 - - [12/Sep/2013:17:22:03 +0200] "GET /favicon.ico HTTP/1.1" 404 1256 "-" "Mozilla/5.0 (compatible; MSIE 10.0; Windows NT 6.1; Win64; x64; Trident/6.0)"
123.125.71.34 - - [12/Sep/2013:21:12:42 +0200] "GET / HTTP/1.1" 200 2889 "-" "Mozilla/5.0 (compatible; Baiduspider/2.0; +http://www.baidu.com/search/spider.html)"
66.249.78.98 - - [12/Sep/2013:21:33:35 +0200] "GET /robots.txt HTTP/1.1" 404 1256 "-" "Mozilla/5.0 (compatible; Googlebot/2.1; +http://www.google.com/bot.html)"
66.249.78.98 - - [12/Sep/2013:21:33:35 +0200] "GET / HTTP/1.1" 200 2889 "-" "Mozilla/5.0 (iPhone; U; CPU iPhone OS 4_1 like Mac OS X; en-us) AppleWebKit/532.9 (KHTML, like Gecko) Version/4.0.5 Mobile/8B117 Safari/6531.22.7 (compatible; Googlebot-Mobile/2.1; +http://www.google.com/bot.html)"
144.76.42.76 - - [12/Sep/2013:23:57:47 +0200] "GET / HTTP/1.1" 200 2889 "-" "Mozilla/5.0 (Macintosh; Intel Mac OS X 10_8_2) AppleWebKit/537.17 (KHTML, like Gecko) Chrome/24.0.1312.52 Safari/537.17"
66.249.78.98 - - [13/Sep/2013:01:53:44 +0200] "GET / HTTP/1.1" 200 2889 "-" "Mozilla/5.0 (compatible; Googlebot/2.1; +http://www.google.com/bot.html)"
93.220.201.42 - - [13/Sep/2013:09:15:51 +0200] "GET / HTTP/1.1" 200 2889 "-" "Mozilla/4.0 (compatible; MSIE 8.0; Windows NT 6.0; .NET CLR 1.1.4322; .NET CLR 2.0.50727)"
93.92.217.228 - - [13/Sep/2013:12:47:44 +0200] "GET / HTTP/1.1" 200 2889 "-" "Java/1.7.0_21"
77.75.77.17 - - [13/Sep/2013:15:50:00 +0200] "GET /robots.txt HTTP/1.1" 404 1256 "-" "SeznamBot/3.0 (+http://fulltext.sblog.cz/)"
77.75.77.17 - - [13/Sep/2013:15:50:02 +0200] "GET / HTTP/1.1" 200 2889 "-" "SeznamBot/3.0 (+http://fulltext.sblog.cz/)"
157.55.32.109 - - [13/Sep/2013:20:42:04 +0200] "GET /robots.txt HTTP/1.1" 404 1256 "-" "Mozilla/5.0 (compatible; bingbot/2.0; +http://www.bing.com/bingbot.htm)"
157.55.32.109 - - [13/Sep/2013:20:43:13 +0200] "GET / HTTP/1.1" 200 2889 "-" "Mozilla/5.0 (compatible; bingbot/2.0; +http://www.bing.com/bingbot.htm)"
64.246.165.190 - - [14/Sep/2013:04:24:35 +0200] "GET /robots.txt HTTP/1.0" 404 1256 "-" "Mozilla/5.0 (Windows; U; Windows NT 5.1; en; rv:1.9.0.13) Gecko/2009073022 Firefox/3.5.2 (.NET CLR 3.5.30729) SurveyBot/2.3 (DomainTools)"
64.246.165.190 - - [14/Sep/2013:04:24:36 +0200] "GET / HTTP/1.1" 200 2889 "http://whois.domaintools.com/wertstoffservice.de" "Mozilla/5.0 (Windows; U; Windows NT 5.1; en; rv:1.9.0.13) Gecko/2009073022 Firefox/3.5.2 (.NET CLR 3.5.30729) SurveyBot/2.3 (DomainTools)"
220.181.108.140 - - [14/Sep/2013:09:52:52 +0200] "GET / HTTP/1.1" 200 2889 "-" "Mozilla/5.0 (compatible; Baiduspider/2.0; +http://www.baidu.com/search/spider.html)"
213.144.5.151 - - [14/Sep/2013:13:12:33 +0200] "GET / HTTP/1.1" 200 2889 "-" "Mozilla/5.0 (Windows NT 6.1; WOW64) AppleWebKit/537.11 (KHTML, like Gecko) Chrome/23.0.1271.91 Safari/537.11"
213.144.5.151 - - [14/Sep/2013:13:12:33 +0200] "GET / HTTP/1.1" 200 2889 "-" "Mozilla/5.0 (Windows NT 6.1; WOW64) AppleWebKit/537.11 (KHTML, like Gecko) Chrome/23.0.1271.91 Safari/537.11"
213.144.5.151 - - [14/Sep/2013:13:12:33 +0200] "GET / HTTP/1.1" 200 2889 "-" "Mozilla/5.0 (Windows NT 6.1; WOW64) AppleWebKit/537.11 (KHTML, like Gecko) Chrome/23.0.1271.91 Safari/537.11"
213.144.5.151 - - [14/Sep/2013:13:12:33 +0200] "GET / HTTP/1.1" 200 2889 "-" "Mozilla/5.0 (Windows NT 6.1; WOW64) AppleWebKit/537.11 (KHTML, like Gecko) Chrome/23.0.1271.91 Safari/537.11"
213.144.5.152 - - [14/Sep/2013:13:12:49 +0200] "GET / HTTP/1.1" 200 2889 "-" "Mozilla/5.0 (Windows NT 6.1; WOW64) AppleWebKit/534.34 (KHTML, like Gecko) PhantomJS/1.9.2 Safari/534.34"
213.144.5.152 - - [14/Sep/2013:13:12:49 +0200] "GET /images/u-const.gif HTTP/1.1" 200 3797 "http://www.wertstoffservice.de/" "Mozilla/5.0 (Windows NT 6.1; WOW64) AppleWebKit/534.34 (KHTML, like Gecko) PhantomJS/1.9.2 Safari/534.34"
213.144.5.152 - - [14/Sep/2013:13:12:49 +0200] "GET /images/logo.gif HTTP/1.1" 200 6252 "http://www.wertstoffservice.de/" "Mozilla/5.0 (Windows NT 6.1; WOW64) AppleWebKit/534.34 (KHTML, like Gecko) PhantomJS/1.9.2 Safari/534.34"
213.144.5.152 - - [14/Sep/2013:13:12:49 +0200] "GET /images/hintgr.gif HTTP/1.1" 200 925 "http://www.wertstoffservice.de/" "Mozilla/5.0 (Windows NT 6.1; WOW64) AppleWebKit/534.34 (KHTML, like Gecko) PhantomJS/1.9.2 Safari/534.34"
213.144.5.151 - - [14/Sep/2013:13:12:54 +0200] "GET / HTTP/1.1" 200 2889 "-" "Mozilla/5.0 (Windows; U; Windows NT 6.1; de-DE) AppleWebKit/533.3 (KHTML, like Gecko) Qt/4.7.1 Safari/533.3"
213.144.5.151 - - [14/Sep/2013:13:12:54 +0200] "GET /images/hintgr.gif HTTP/1.1" 200 925 "http://www.wertstoffservice.de/" "Mozilla/5.0 (Windows; U; Windows NT 6.1; de-DE) AppleWebKit/533.3 (KHTML, like Gecko) Qt/4.7.1 Safari/533.3"
213.144.5.151 - - [14/Sep/2013:13:12:54 +0200] "GET /images/u-const.gif HTTP/1.1" 200 3797 "http://www.wertstoffservice.de/" "Mozilla/5.0 (Windows; U; Windows NT 6.1; de-DE) AppleWebKit/533.3 (KHTML, like Gecko) Qt/4.7.1 Safari/533.3"
213.144.5.151 - - [14/Sep/2013:13:12:54 +0200] "GET /images/logo.gif HTTP/1.1" 200 6252 "http://www.wertstoffservice.de/" "Mozilla/5.0 (Windows; U; Windows NT 6.1; de-DE) AppleWebKit/533.3 (KHTML, like Gecko) Qt/4.7.1 Safari/533.3"
157.55.32.109 - - [14/Sep/2013:18:57:55 +0200] "GET /robots.txt HTTP/1.1" 404 1256 "-" "Mozilla/5.0 (compatible; bingbot/2.0; +http://www.bing.com/bingbot.htm)"
157.55.32.109 - - [14/Sep/2013:18:58:58 +0200] "GET / HTTP/1.1" 304 - "-" "Mozilla/5.0 (compatible; bingbot/2.0; +http://www.bing.com/bingbot.htm)"
141.8.147.12 - - [14/Sep/2013:19:17:42 +0200] "GET /robots.txt HTTP/1.1" 404 1256 "-" "Mozilla/5.0 (compatible; YandexBot/3.0; +http://yandex.com/bots)"
141.8.147.12 - - [15/Sep/2013:01:51:56 +0200] "GET / HTTP/1.1" 200 2889 "-" "Mozilla/5.0 (compatible; YandexBot/3.0; +http://yandex.com/bots)"
84.155.192.201 - - [15/Sep/2013:14:13:06 +0200] "GET / HTTP/1.1" 200 2889 "http://maps.google.de/local_url?dq=Betriebe+in+Schneeberg&q=http://www.wertstoffservice.de/&ved=0CFIQ5AQ&sa=X&ei=66M1Uo75KofOsQaIiYGQBA&s=ANYYN7mLS4a3kZ80RJJaHGDgm0SsT9BCOA" "Mozilla/5.0 (Windows NT 5.1; rv:23.0) Gecko/20100101 Firefox/23.0"
84.155.192.201 - - [15/Sep/2013:14:13:07 +0200] "GET /images/logo.gif HTTP/1.1" 200 6252 "http://www.wertstoffservice.de/" "Mozilla/5.0 (Windows NT 5.1; rv:23.0) Gecko/20100101 Firefox/23.0"
84.155.192.201 - - [15/Sep/2013:14:13:07 +0200] "GET /images/u-const.gif HTTP/1.1" 200 3797 "http://www.wertstoffservice.de/" "Mozilla/5.0 (Windows NT 5.1; rv:23.0) Gecko/20100101 Firefox/23.0"
84.155.192.201 - - [15/Sep/2013:14:13:07 +0200] "GET /images/hintgr.gif HTTP/1.1" 200 925 "http://www.wertstoffservice.de/" "Mozilla/5.0 (Windows NT 5.1; rv:23.0) Gecko/20100101 Firefox/23.0"
84.155.192.201 - - [15/Sep/2013:14:13:07 +0200] "GET /favicon.ico HTTP/1.1" 404 1256 "-" "Mozilla/5.0 (Windows NT 5.1; rv:23.0) Gecko/20100101 Firefox/23.0"
84.155.192.201 - - [15/Sep/2013:14:13:07 +0200] "GET /favicon.ico HTTP/1.1" 404 1256 "-" "Mozilla/5.0 (Windows NT 5.1; rv:23.0) Gecko/20100101 Firefox/23.0"
120.56.200.47 - - [15/Sep/2013:19:49:54 +0200] "GET /favicon.ico HTTP/1.1" 404 1256 "-" "Mozilla/5.0 (Windows NT 6.1) AppleWebKit/537.36 (KHTML, like Gecko) Chrome/29.0.1547.66 Safari/537.36"
144.76.42.76 - - [16/Sep/2013:10:10:11 +0200] "GET /robots.txt HTTP/1.1" 404 1256 "-" "Java/1.7.0_25"
66.249.78.98 - - [16/Sep/2013:10:38:36 +0200] "GET /robots.txt HTTP/1.1" 404 1256 "-" "Mozilla/5.0 (compatible; Googlebot/2.1; +http://www.google.com/bot.html)"
66.249.78.98 - - [16/Sep/2013:10:38:36 +0200] "GET / HTTP/1.1" 200 2889 "-" "Mozilla/5.0 (iPhone; U; CPU iPhone OS 4_1 like Mac OS X; en-us) AppleWebKit/532.9 (KHTML, like Gecko) Version/4.0.5 Mobile/8B117 Safari/6531.22.7 (compatible; Googlebot-Mobile/2.1; +http://www.google.com/bot.html)"
85.25.120.73 - - [16/Sep/2013:13:37:37 +0200] "GET / HTTP/1.1" 200 2889 "-" "Mozilla/5.0 (X11; U; Linux i686; en-US; rv:1.9.0.1) Gecko/2008070206 Firefox/3.0.1"
85.25.120.73 - - [16/Sep/2013:13:37:37 +0200] "GET / HTTP/1.1" 200 2889 "-" "Mozilla/5.0 (X11; U; Linux i686; en-US; rv:1.9.0.1) Gecko/2008070206 Firefox/3.0.1"
157.56.93.61 - - [16/Sep/2013:13:48:16 +0200] "GET /robots.txt HTTP/1.1" 404 1256 "-" "Mozilla/5.0 (compatible; bingbot/2.0; +http://www.bing.com/bingbot.htm)"
157.56.93.61 - - [16/Sep/2013:13:49:27 +0200] "GET / HTTP/1.1" 304 - "-" "Mozilla/5.0 (compatible; bingbot/2.0; +http://www.bing.com/bingbot.htm)"
66.249.78.98 - - [16/Sep/2013:16:45:12 +0200] "GET /robots.txt HTTP/1.1" 404 1256 "-" "Mozilla/5.0 (compatible; Googlebot/2.1; +http://www.google.com/bot.html)"
66.249.75.42 - - [16/Sep/2013:16:45:12 +0200] "GET / HTTP/1.1" 200 2889 "-" "DoCoMo/2.0 N905i(c100;TB;W24H16) (compatible; Googlebot-Mobile/2.1; +http://www.google.com/bot.html)"
141.8.147.12 - - [16/Sep/2013:19:15:12 +0200] "GET /robots.txt HTTP/1.1" 404 1256 "-" "Mozilla/5.0 (compatible; YandexBot/3.0; +http://yandex.com/bots)"
141.8.147.12 - - [17/Sep/2013:02:33:49 +0200] "GET / HTTP/1.1" 200 2889 "-" "Mozilla/5.0 (compatible; YandexBot/3.0; +http://yandex.com/bots)"
92.224.41.251 - - [17/Sep/2013:18:44:07 +0200] "GET / HTTP/1.1" 200 2889 "-" "UserAgent: Apache-HttpClient/release (java 1.5)"
92.224.41.251 - - [17/Sep/2013:18:44:07 +0200] "GET /impressum.html HTTP/1.1" 404 1256 "-" "UserAgent: Apache-HttpClient/release (java 1.5)"
92.224.41.251 - - [17/Sep/2013:18:44:07 +0200] "GET /impressum.htm HTTP/1.1" 404 1256 "-" "UserAgent: Apache-HttpClient/release (java 1.5)"
92.224.41.251 - - [17/Sep/2013:18:44:07 +0200] "GET / HTTP/1.1" 200 2889 "-" "UserAgent: Apache-HttpClient/release (java 1.5)"
66.249.78.98 - - [17/Sep/2013:23:08:30 +0200] "GET /robots.txt HTTP/1.1" 404 1256 "-" "Mozilla/5.0 (compatible; Googlebot/2.1; +http://www.google.com/bot.html)"
66.249.78.98 - - [17/Sep/2013:23:08:30 +0200] "GET / HTTP/1.1" 200 2889 "-" "Mozilla/5.0 (compatible; Googlebot/2.1; +http://www.google.com/bot.html)"
178.238.235.79 - - [18/Sep/2013:03:53:02 +0200] "GET / HTTP/1.1" 200 2889 "-" "Mozilla/5.0 (X11; U; Linux i686; en-US; rv:1.9.0.1) Gecko/2008071615 Fedora/3.0.1-1.fc9 Firefox/3.0.1"
178.238.235.79 - - [18/Sep/2013:03:53:02 +0200] "GET / HTTP/1.1" 200 2889 "-" "Mozilla/5.0 (X11; U; Linux i686; en-US; rv:1.9.0.1) Gecko/2008071615 Fedora/3.0.1-1.fc9 Firefox/3.0.1"
178.238.235.79 - - [18/Sep/2013:03:53:03 +0200] "GET / HTTP/1.1" 200 2889 "-" "Mozilla/5.0 (X11; U; Linux i686; en-US; rv:1.9.0.1) Gecko/2008071615 Fedora/3.0.1-1.fc9 Firefox/3.0.1"
178.238.235.79 - - [18/Sep/2013:03:53:03 +0200] "GET / HTTP/1.1" 200 2889 "-" "Mozilla/5.0 (X11; U; Linux i686; en-US; rv:1.9.0.1) Gecko/2008071615 Fedora/3.0.1-1.fc9 Firefox/3.0.1"
66.249.78.98 - - [18/Sep/2013:09:44:11 +0200] "GET / HTTP/1.1" 200 2889 "-" "Mozilla/5.0 (iPhone; U; CPU iPhone OS 4_1 like Mac OS X; en-us) AppleWebKit/532.9 (KHTML, like Gecko) Version/4.0.5 Mobile/8B117 Safari/6531.22.7 (compatible; Googlebot-Mobile/2.1; +http://www.google.com/bot.html)"
79.236.8.185 - - [18/Sep/2013:13:03:33 +0200] "GET / HTTP/1.1" 200 2889 "http://www.yellowmap.de/Details/HUw9e1sQkoJlh1SCLnTNiA==.aspx" "Mozilla/5.0 (Windows NT 5.1; rv:23.0) Gecko/20100101 Firefox/23.0"
79.236.8.185 - - [18/Sep/2013:13:03:34 +0200] "GET /images/logo.gif HTTP/1.1" 200 6252 "http://www.wertstoffservice.de/" "Mozilla/5.0 (Windows NT 5.1; rv:23.0) Gecko/20100101 Firefox/23.0"
79.236.8.185 - - [18/Sep/2013:13:03:34 +0200] "GET /images/u-const.gif HTTP/1.1" 200 3797 "http://www.wertstoffservice.de/" "Mozilla/5.0 (Windows NT 5.1; rv:23.0) Gecko/20100101 Firefox/23.0"
79.236.8.185 - - [18/Sep/2013:13:03:34 +0200] "GET /images/hintgr.gif HTTP/1.1" 200 925 "http://www.wertstoffservice.de/" "Mozilla/5.0 (Windows NT 5.1; rv:23.0) Gecko/20100101 Firefox/23.0"
79.236.8.185 - - [18/Sep/2013:13:03:40 +0200] "GET /favicon.ico HTTP/1.1" 404 1256 "-" "Mozilla/5.0 (Windows NT 5.1; rv:23.0) Gecko/20100101 Firefox/23.0"
79.236.8.185 - - [18/Sep/2013:13:03:40 +0200] "GET /favicon.ico HTTP/1.1" 404 1256 "-" "Mozilla/5.0 (Windows NT 5.1; rv:23.0) Gecko/20100101 Firefox/23.0"
93.220.221.224 - - [18/Sep/2013:17:48:38 +0200] "GET / HTTP/1.1" 200 2889 "-" "Mozilla/4.0 (compatible; MSIE 7.0; Windows NT 6.0; WOW64; SLCC1; .NET CLR 2.0.50727; .NET CLR 1.1.4322; .NET CLR 3.5.21022; .NET CLR 3.0.04506)"
62.219.8.228 - - [18/Sep/2013:18:16:46 +0200] "GET / HTTP/1.1" 200 2889 "-" "Mozilla/5.0 (Windows NT 6.0; WOW64) AppleWebKit/534.30 (KHTML, like Gecko) Chrome/12.0.742.91 Safari/534.30"
82.80.234.141 - - [18/Sep/2013:18:16:55 +0200] "GET /images/u-const.gif HTTP/1.1" 200 3797 "-" "-"
82.80.234.142 - - [18/Sep/2013:18:16:55 +0200] "GET /images/logo.gif HTTP/1.1" 200 6252 "-" "-"
82.80.244.53 - - [18/Sep/2013:18:16:55 +0200] "GET /images/hintgr.gif HTTP/1.1" 200 925 "-" "-"
77.75.77.36 - - [19/Sep/2013:18:18:04 +0200] "GET /robots.txt HTTP/1.1" 404 1256 "-" "SeznamBot/3.0 (+http://fulltext.sblog.cz/)"
77.75.77.36 - - [19/Sep/2013:18:18:04 +0200] "GET / HTTP/1.1" 200 2889 "-" "SeznamBot/3.0 (+http://fulltext.sblog.cz/)"
157.55.32.100 - - [20/Sep/2013:08:05:03 +0200] "GET /robots.txt HTTP/1.1" 404 1256 "-" "Mozilla/5.0 (compatible; bingbot/2.0; +http://www.bing.com/bingbot.htm)"
157.55.32.100 - - [20/Sep/2013:08:10:01 +0200] "GET / HTTP/1.1" 304 - "-" "Mozilla/5.0 (compatible; bingbot/2.0; +http://www.bing.com/bingbot.htm)"
141.8.147.12 - - [20/Sep/2013:14:51:14 +0200] "GET /robots.txt HTTP/1.1" 404 1256 "-" "Mozilla/5.0 (compatible; YandexBot/3.0; +http://yandex.com/bots)"
141.8.147.12 - - [20/Sep/2013:19:03:10 +0200] "GET / HTTP/1.1" 200 2889 "-" "Mozilla/5.0 (compatible; YandexBot/3.0; +http://yandex.com/bots)"
66.249.78.98 - - [20/Sep/2013:22:47:28 +0200] "GET /robots.txt HTTP/1.1" 404 1256 "-" "Mozilla/5.0 (compatible; Googlebot/2.1; +http://www.google.com/bot.html)"
66.249.78.98 - - [20/Sep/2013:22:47:28 +0200] "GET / HTTP/1.1" 200 2889 "-" "Mozilla/5.0 (iPhone; U; CPU iPhone OS 4_1 like Mac OS X; en-us) AppleWebKit/532.9 (KHTML, like Gecko) Version/4.0.5 Mobile/8B117 Safari/6531.22.7 (compatible; Googlebot-Mobile/2.1; +http://www.google.com/bot.html)"
176.9.143.40 - - [21/Sep/2013:12:37:49 +0200] "GET /robots.txt HTTP/1.1" 404 1256 "-" "Mozilla/5.0 (X11; Ubuntu; Linux x86_64; rv:15.0) Gecko/20100101 Firefox/15.0.1"
176.9.143.40 - - [21/Sep/2013:12:37:49 +0200] "GET / HTTP/1.1" 200 2889 "-" "Mozilla/5.0 (X11; Ubuntu; Linux x86_64; rv:15.0) Gecko/20100101 Firefox/15.0.1"
82.94.179.38 - - [21/Sep/2013:18:26:32 +0200] "GET /robots.txt HTTP/1.0" 404 1256 "-" "Mozilla/4.0 (compatible; Vagabondo/4.0/EU; http://webagent.wise-guys.nl/)"
82.94.179.38 - - [21/Sep/2013:18:26:33 +0200] "GET / HTTP/1.1" 200 2889 "-" "Mozilla/4.0 (compatible; Vagabondo/4.0/EU; http://www.wise-guys.nl/)"
141.8.147.12 - - [21/Sep/2013:20:32:48 +0200] "GET /robots.txt HTTP/1.1" 404 1256 "-" "Mozilla/5.0 (compatible; YandexBot/3.0; +http://yandex.com/bots)"
141.8.147.12 - - [22/Sep/2013:00:24:10 +0200] "GET / HTTP/1.1" 200 2889 "-" "Mozilla/5.0 (compatible; YandexBot/3.0; +http://yandex.com/bots)"
82.94.179.38 - - [22/Sep/2013:03:41:07 +0200] "GET /robots.txt HTTP/1.0" 404 1256 "-" "Mozilla/4.0 (compatible; Vagabondo/4.0/EU; http://webagent.wise-guys.nl/)"
82.94.179.38 - - [22/Sep/2013:03:41:07 +0200] "GET / HTTP/1.1" 200 2889 "-" "Mozilla/4.0 (compatible; Vagabondo/4.0/EU; http://www.wise-guys.nl/)"
144.76.42.76 - - [22/Sep/2013:06:26:38 +0200] "GET / HTTP/1.1" 200 2889 "-" "Mozilla/5.0 (Macintosh; Intel Mac OS X 10_8_2) AppleWebKit/537.17 (KHTML, like Gecko) Chrome/24.0.1312.52 Safari/537.17"
66.249.78.98 - - [22/Sep/2013:10:34:02 +0200] "GET /robots.txt HTTP/1.1" 404 1256 "-" "Mozilla/5.0 (compatible; Googlebot/2.1; +http://www.google.com/bot.html)"
66.249.66.42 - - [22/Sep/2013:10:34:02 +0200] "GET / HTTP/1.1" 200 2889 "-" "Mozilla/5.0 (compatible; Googlebot/2.1; +http://www.google.com/bot.html)"
217.69.133.216 - - [22/Sep/2013:11:12:53 +0200] "GET / HTTP/1.0" 200 2889 "-" "Mozilla/5.0 (compatible; Linux x86_64; Mail.RU_Bot/2.0; +http://go.mail.ru/help/robots)"
217.86.196.40 - - [22/Sep/2013:13:06:42 +0200] "GET / HTTP/1.1" 200 2889 "http://www.google.de/" "finbot"
217.86.196.40 - - [22/Sep/2013:13:06:42 +0200] "GET /robots.txt HTTP/1.1" 404 1256 "http://www.google.de/" "finbot"
66.249.78.98 - - [22/Sep/2013:21:57:41 +0200] "GET /robots.txt HTTP/1.1" 404 1256 "-" "Mozilla/5.0 (compatible; Googlebot/2.1; +http://www.google.com/bot.html)"
66.249.78.98 - - [22/Sep/2013:21:57:41 +0200] "GET / HTTP/1.1" 200 2889 "-" "Mozilla/5.0 (iPhone; U; CPU iPhone OS 4_1 like Mac OS X; en-us) AppleWebKit/532.9 (KHTML, like Gecko) Version/4.0.5 Mobile/8B117 Safari/6531.22.7 (compatible; Googlebot-Mobile/2.1; +http://www.google.com/bot.html)"
123.125.71.32 - - [23/Sep/2013:19:45:56 +0200] "GET /robots.txt HTTP/1.1" 404 1256 "-" "Mozilla/5.0 (compatible; Baiduspider/2.0; +http://www.baidu.com/search/spider.html)"
65.55.52.87 - - [24/Sep/2013:00:46:05 +0200] "GET /robots.txt HTTP/1.1" 404 1256 "-" "Mozilla/5.0 (compatible; bingbot/2.0; +http://www.bing.com/bingbot.htm)"
65.55.52.87 - - [24/Sep/2013:00:46:39 +0200] "GET / HTTP/1.1" 304 - "-" "Mozilla/5.0 (compatible; bingbot/2.0; +http://www.bing.com/bingbot.htm)"
93.228.64.182 - - [24/Sep/2013:07:37:37 +0200] "GET / HTTP/1.1" 200 2889 "-" "Mozilla/4.0 (compatible; MSIE 8.0; Windows NT 6.0; .NET CLR 1.1.4322; .NET CLR 2.0.50727)"
65.55.52.87 - - [24/Sep/2013:10:08:29 +0200] "GET /robots.txt HTTP/1.1" 404 1256 "-" "Mozilla/5.0 (compatible; bingbot/2.0; +http://www.bing.com/bingbot.htm)"
65.55.52.87 - - [24/Sep/2013:10:10:50 +0200] "GET / HTTP/1.1" 200 2889 "-" "Mozilla/5.0 (compatible; bingbot/2.0; +http://www.bing.com/bingbot.htm)"
65.55.52.87 - - [24/Sep/2013:10:11:07 +0200] "GET /images/hintgr.gif HTTP/1.1" 200 925 "-" "Mozilla/5.0 (compatible; bingbot/2.0; +http://www.bing.com/bingbot.htm)"
65.55.24.243 - - [24/Sep/2013:10:22:30 +0200] "GET /images/logo.gif HTTP/1.1" 200 6252 "-" "Mozilla/5.0 (compatible; bingbot/2.0; +http://www.bing.com/bingbot.htm)"
199.30.25.65 - - [24/Sep/2013:11:12:14 +0200] "GET /images/u-const.gif HTTP/1.1" 200 3797 "http://www.wertstoffservice.de/" "Mozilla/5.0 (Windows NT 6.1; WOW64) AppleWebKit/534+ (KHTML, like Gecko) BingPreview/1.0b"
220.181.108.174 - - [25/Sep/2013:01:05:57 +0200] "GET / HTTP/1.1" 200 2889 "-" "Mozilla/5.0 (compatible; Baiduspider/2.0; +http://www.baidu.com/search/spider.html)"
94.23.221.174 - - [25/Sep/2013:02:26:11 +0200] "GET //wp-login.php HTTP/1.1" 404 1256 "-" "Mozilla/5.0 (X11; U; Linux i686; pt-BR; rv:1.9.0.15) Gecko/2009102815 Ubuntu/9.04 (jaunty) Firefox/3.0.15"
94.23.221.174 - - [25/Sep/2013:02:26:11 +0200] "GET /blog//wp-login.php HTTP/1.1" 404 1256 "-" "Mozilla/5.0 (X11; U; Linux i686; pt-BR; rv:1.9.0.15) Gecko/2009102815 Ubuntu/9.04 (jaunty) Firefox/3.0.15"
94.23.221.174 - - [25/Sep/2013:02:26:14 +0200] "GET /wordpress//wp-login.php HTTP/1.1" 404 1256 "-" "Mozilla/5.0 (X11; U; Linux i686; pt-BR; rv:1.9.0.15) Gecko/2009102815 Ubuntu/9.04 (jaunty) Firefox/3.0.15"
94.23.221.174 - - [25/Sep/2013:02:26:14 +0200] "GET /wp//wp-login.php HTTP/1.1" 404 1256 "-" "Mozilla/5.0 (X11; U; Linux i686; pt-BR; rv:1.9.0.15) Gecko/2009102815 Ubuntu/9.04 (jaunty) Firefox/3.0.15"
157.55.36.49 - - [25/Sep/2013:09:09:42 +0200] "GET /robots.txt HTTP/1.1" 404 1256 "-" "Mozilla/5.0 (compatible; bingbot/2.0; +http://www.bing.com/bingbot.htm)"
157.55.36.49 - - [25/Sep/2013:09:10:36 +0200] "GET / HTTP/1.1" 200 2889 "-" "Mozilla/5.0 (compatible; bingbot/2.0; +http://www.bing.com/bingbot.htm)"
66.249.78.98 - - [25/Sep/2013:10:27:41 +0200] "GET /robots.txt HTTP/1.1" 404 1256 "-" "Mozilla/5.0 (compatible; Googlebot/2.1; +http://www.google.com/bot.html)"
66.249.78.98 - - [25/Sep/2013:10:27:41 +0200] "GET / HTTP/1.1" 200 2889 "-" "Mozilla/5.0 (iPhone; U; CPU iPhone OS 4_1 like Mac OS X; en-us) AppleWebKit/532.9 (KHTML, like Gecko) Version/4.0.5 Mobile/8B117 Safari/6531.22.7 (compatible; Googlebot-Mobile/2.1; +http://www.google.com/bot.html)"
77.75.77.32 - - [25/Sep/2013:14:07:15 +0200] "GET /robots.txt HTTP/1.1" 404 1256 "-" "SeznamBot/3.0 (+http://fulltext.sblog.cz/)"
77.75.77.32 - - [25/Sep/2013:14:07:15 +0200] "GET / HTTP/1.1" 304 - "-" "SeznamBot/3.0 (+http://fulltext.sblog.cz/)"
62.217.63.249 - - [25/Sep/2013:16:09:12 +0200] "GET / HTTP/1.1" 200 2889 "-" "libwww-perl/6.05"
87.106.227.210 - - [25/Sep/2013:17:22:34 +0200] "GET / HTTP/1.1" 200 2889 "-" "-"
64.246.161.42 - - [26/Sep/2013:03:05:45 +0200] "GET /robots.txt HTTP/1.0" 404 1256 "-" "Mozilla/5.0 (Windows; U; Windows NT 5.1; en; rv:1.9.0.13) Gecko/2009073022 Firefox/3.5.2 (.NET CLR 3.5.30729) SurveyBot/2.3 (DomainTools)"
64.246.161.42 - - [26/Sep/2013:03:05:46 +0200] "GET / HTTP/1.1" 200 2889 "http://whois.domaintools.com/wertstoffservice.de" "Mozilla/5.0 (Windows; U; Windows NT 5.1; en; rv:1.9.0.13) Gecko/2009073022 Firefox/3.5.2 (.NET CLR 3.5.30729) SurveyBot/2.3 (DomainTools)"
157.55.32.102 - - [26/Sep/2013:03:30:52 +0200] "GET /robots.txt HTTP/1.1" 404 1256 "-" "Mozilla/5.0 (compatible; bingbot/2.0; +http://www.bing.com/bingbot.htm)"
157.55.32.102 - - [26/Sep/2013:03:33:12 +0200] "GET / HTTP/1.1" 304 - "-" "Mozilla/5.0 (compatible; bingbot/2.0; +http://www.bing.com/bingbot.htm)"
66.249.73.178 - - [26/Sep/2013:05:50:13 +0200] "GET /robots.txt HTTP/1.1" 404 1256 "-" "Mozilla/5.0 (compatible; Googlebot/2.1; +http://www.google.com/bot.html)"
66.249.73.178 - - [26/Sep/2013:05:50:14 +0200] "GET / HTTP/1.1" 200 2889 "-" "Mozilla/5.0 (compatible; Googlebot/2.1; +http://www.google.com/bot.html)"
141.8.147.12 - - [26/Sep/2013:12:03:06 +0200] "GET /robots.txt HTTP/1.1" 404 1256 "-" "Mozilla/5.0 (compatible; YandexBot/3.0; +http://yandex.com/bots)"
141.8.147.12 - - [26/Sep/2013:12:03:27 +0200] "GET / HTTP/1.1" 200 2889 "-" "Mozilla/5.0 (compatible; YandexBot/3.0; +http://yandex.com/bots)"
66.249.73.178 - - [26/Sep/2013:12:30:39 +0200] "GET /robots.txt HTTP/1.1" 404 1256 "-" "Mozilla/5.0 (compatible; Googlebot/2.1; +http://www.google.com/bot.html)"
66.249.73.178 - - [26/Sep/2013:12:30:39 +0200] "GET / HTTP/1.1" 200 2889 "-" "DoCoMo/2.0 N905i(c100;TB;W24H16) (compatible; Googlebot-Mobile/2.1; +http://www.google.com/bot.html)"
66.249.78.98 - - [26/Sep/2013:16:37:35 +0200] "GET /robots.txt HTTP/1.1" 404 1256 "-" "Mozilla/5.0 (compatible; Googlebot/2.1; +http://www.google.com/bot.html)"
66.249.78.98 - - [26/Sep/2013:16:37:35 +0200] "GET / HTTP/1.1" 200 2889 "-" "Mozilla/5.0 (compatible; Googlebot/2.1; +http://www.google.com/bot.html)"
81.169.211.231 - - [26/Sep/2013:19:41:17 +0200] "GET / HTTP/1.1" 200 2889 "-" "Mozilla/5.0 (Windows NT 6.1; de;rv:12.0) Gecko/20120403211507 Firefox/12.0"
207.241.226.238 - - [26/Sep/2013:22:46:18 +0200] "GET /robots.txt HTTP/1.1" 404 1256 "-" "ia_archiver(OS-Wayback)"
66.249.78.98 - - [27/Sep/2013:06:50:26 +0200] "GET /robots.txt HTTP/1.1" 404 1256 "-" "Mozilla/5.0 (compatible; Googlebot/2.1; +http://www.google.com/bot.html)"
66.249.78.98 - - [27/Sep/2013:06:50:26 +0200] "GET / HTTP/1.1" 200 2889 "-" "Mozilla/5.0 (iPhone; U; CPU iPhone OS 4_1 like Mac OS X; en-us) AppleWebKit/532.9 (KHTML, like Gecko) Version/4.0.5 Mobile/8B117 Safari/6531.22.7 (compatible; Googlebot-Mobile/2.1; +http://www.google.com/bot.html)"
89.247.136.61 - - [27/Sep/2013:15:56:17 +0200] "GET / HTTP/1.1" 200 2889 "-" "Mozilla/5.0 (Windows NT 6.1) AppleWebKit/537.36 (KHTML, like Gecko) Chrome/29.0.1547.76 Safari/537.36"
89.247.136.61 - - [27/Sep/2013:15:56:17 +0200] "GET /images/hintgr.gif HTTP/1.1" 200 925 "http://www.wertstoffservice.de/" "Mozilla/5.0 (Windows NT 6.1) AppleWebKit/537.36 (KHTML, like Gecko) Chrome/29.0.1547.76 Safari/537.36"
89.247.136.61 - - [27/Sep/2013:15:56:17 +0200] "GET /images/logo.gif HTTP/1.1" 200 6252 "http://www.wertstoffservice.de/" "Mozilla/5.0 (Windows NT 6.1) AppleWebKit/537.36 (KHTML, like Gecko) Chrome/29.0.1547.76 Safari/537.36"
89.247.136.61 - - [27/Sep/2013:15:56:17 +0200] "GET /images/u-const.gif HTTP/1.1" 200 3797 "http://www.wertstoffservice.de/" "Mozilla/5.0 (Windows NT 6.1) AppleWebKit/537.36 (KHTML, like Gecko) Chrome/29.0.1547.76 Safari/537.36"
89.247.136.61 - - [27/Sep/2013:15:56:17 +0200] "GET /favicon.ico HTTP/1.1" 404 1256 "-" "Mozilla/5.0 (Windows NT 6.1) AppleWebKit/537.36 (KHTML, like Gecko) Chrome/29.0.1547.76 Safari/537.36"
178.63.49.74 - - [27/Sep/2013:17:17:01 +0200] "GET /robots.txt HTTP/1.1" 404 1256 "-" "Mozilla/4.0 (compatible; MSIE 6.0; Windows NT 5.1; SV1; .NET CLR 1.1.4322)"
178.63.49.74 - - [27/Sep/2013:17:17:01 +0200] "GET / HTTP/1.1" 200 2889 "-" "Mozilla/4.0 (compatible; MSIE 6.0; Windows NT 5.1; SV1; .NET CLR 1.1.4322)"
62.212.73.211 - - [28/Sep/2013:19:56:24 +0200] "GET /robots.txt HTTP/1.0" 404 1256 "-" "Mozilla/5.0 (compatible; MJ12bot/v1.4.4; http://www.majestic12.co.uk/bot.php?+)"
62.212.73.211 - - [28/Sep/2013:19:56:26 +0200] "GET / HTTP/1.0" 200 2889 "-" "Mozilla/5.0 (compatible; MJ12bot/v1.4.4; http://www.majestic12.co.uk/bot.php?+)"
87.158.104.137 - - [28/Sep/2013:21:53:32 +0200] "GET / HTTP/1.1" 200 2889 "http://adresse.gelbeseiten.de/1120020446356/wsi-wertstoffservice-international-gmbh/schneeberg" "Mozilla/5.0 (Windows NT 6.1; WOW64; rv:24.0) Gecko/20100101 Firefox/24.0"
87.158.104.137 - - [28/Sep/2013:21:53:32 +0200] "GET /images/logo.gif HTTP/1.1" 200 6252 "http://www.wertstoffservice.de/" "Mozilla/5.0 (Windows NT 6.1; WOW64; rv:24.0) Gecko/20100101 Firefox/24.0"
87.158.104.137 - - [28/Sep/2013:21:53:32 +0200] "GET /images/u-const.gif HTTP/1.1" 200 3797 "http://www.wertstoffservice.de/" "Mozilla/5.0 (Windows NT 6.1; WOW64; rv:24.0) Gecko/20100101 Firefox/24.0"
87.158.104.137 - - [28/Sep/2013:21:53:32 +0200] "GET /images/hintgr.gif HTTP/1.1" 200 925 "http://www.wertstoffservice.de/" "Mozilla/5.0 (Windows NT 6.1; WOW64; rv:24.0) Gecko/20100101 Firefox/24.0"
87.158.104.137 - - [28/Sep/2013:21:53:32 +0200] "GET /favicon.ico HTTP/1.1" 404 1256 "-" "Mozilla/5.0 (Windows NT 6.1; WOW64; rv:24.0) Gecko/20100101 Firefox/24.0"
87.158.104.137 - - [28/Sep/2013:21:53:32 +0200] "GET /favicon.ico HTTP/1.1" 404 1256 "-" "Mozilla/5.0 (Windows NT 6.1; WOW64; rv:24.0) Gecko/20100101 Firefox/24.0"
66.249.78.98 - - [29/Sep/2013:18:49:42 +0200] "GET /robots.txt HTTP/1.1" 404 1256 "-" "Mozilla/5.0 (compatible; Googlebot/2.1; +http://www.google.com/bot.html)"
66.249.78.98 - - [29/Sep/2013:18:49:43 +0200] "GET / HTTP/1.1" 200 2889 "-" "Mozilla/5.0 (iPhone; U; CPU iPhone OS 4_1 like Mac OS X; en-us) AppleWebKit/532.9 (KHTML, like Gecko) Version/4.0.5 Mobile/8B117 Safari/6531.22.7 (compatible; Googlebot-Mobile/2.1; +http://www.google.com/bot.html)"
157.56.93.187 - - [30/Sep/2013:05:26:13 +0200] "GET /robots.txt HTTP/1.1" 404 1256 "-" "Mozilla/5.0 (compatible; bingbot/2.0; +http://www.bing.com/bingbot.htm)"
157.56.93.187 - - [30/Sep/2013:05:26:37 +0200] "GET / HTTP/1.1" 304 - "-" "Mozilla/5.0 (compatible; bingbot/2.0; +http://www.bing.com/bingbot.htm)"
220.181.108.151 - - [30/Sep/2013:06:43:36 +0200] "GET / HTTP/1.1" 200 2889 "-" "Mozilla/5.0 (compatible; Baiduspider/2.0; +http://www.baidu.com/search/spider.html)"
85.186.103.66 - - [30/Sep/2013:07:12:06 +0200] "GET / HTTP/1.1" 200 2889 "-" "-"
85.186.103.66 - - [30/Sep/2013:07:12:06 +0200] "GET / HTTP/1.1" 200 2889 "-" "-"
89.247.136.61 - - [30/Sep/2013:13:37:02 +0200] "GET / HTTP/1.1" 200 2889 "-" "Mozilla/5.0 (Windows NT 6.1; rv:24.0) Gecko/20100101 Firefox/24.0"
89.247.136.61 - - [30/Sep/2013:13:37:02 +0200] "GET /images/logo.gif HTTP/1.1" 200 6252 "http://www.wertstoffservice.de/" "Mozilla/5.0 (Windows NT 6.1; rv:24.0) Gecko/20100101 Firefox/24.0"
89.247.136.61 - - [30/Sep/2013:13:37:02 +0200] "GET /images/hintgr.gif HTTP/1.1" 200 925 "http://www.wertstoffservice.de/" "Mozilla/5.0 (Windows NT 6.1; rv:24.0) Gecko/20100101 Firefox/24.0"
89.247.136.61 - - [30/Sep/2013:13:37:02 +0200] "GET /images/u-const.gif HTTP/1.1" 200 3797 "http://www.wertstoffservice.de/" "Mozilla/5.0 (Windows NT 6.1; rv:24.0) Gecko/20100101 Firefox/24.0"
89.247.136.61 - - [30/Sep/2013:13:37:03 +0200] "GET /favicon.ico HTTP/1.1" 404 1256 "-" "Mozilla/5.0 (Windows NT 6.1; rv:24.0) Gecko/20100101 Firefox/24.0"
89.247.136.61 - - [30/Sep/2013:13:37:03 +0200] "GET /favicon.ico HTTP/1.1" 404 1256 "-" "Mozilla/5.0 (Windows NT 6.1; rv:24.0) Gecko/20100101 Firefox/24.0"
77.5.253.85 - - [30/Sep/2013:13:56:11 +0200] "GET / HTTP/1.1" 200 2889 "https://www.google.de/" "Mozilla/5.0 (Windows NT 6.0; WOW64) AppleWebKit/537.36 (KHTML, like Gecko) Chrome/29.0.1547.76 Safari/537.36"
77.5.253.85 - - [30/Sep/2013:13:56:11 +0200] "GET /images/hintgr.gif HTTP/1.1" 200 925 "http://www.wertstoffservice.de/" "Mozilla/5.0 (Windows NT 6.0; WOW64) AppleWebKit/537.36 (KHTML, like Gecko) Chrome/29.0.1547.76 Safari/537.36"
77.5.253.85 - - [30/Sep/2013:13:56:11 +0200] "GET /images/logo.gif HTTP/1.1" 200 6252 "http://www.wertstoffservice.de/" "Mozilla/5.0 (Windows NT 6.0; WOW64) AppleWebKit/537.36 (KHTML, like Gecko) Chrome/29.0.1547.76 Safari/537.36"
77.5.253.85 - - [30/Sep/2013:13:56:11 +0200] "GET /images/u-const.gif HTTP/1.1" 200 3797 "http://www.wertstoffservice.de/" "Mozilla/5.0 (Windows NT 6.0; WOW64) AppleWebKit/537.36 (KHTML, like Gecko) Chrome/29.0.1547.76 Safari/537.36"
77.5.253.85 - - [30/Sep/2013:13:56:11 +0200] "GET /favicon.ico HTTP/1.1" 404 1256 "-" "Mozilla/5.0 (Windows NT 6.0; WOW64) AppleWebKit/537.36 (KHTML, like Gecko) Chrome/29.0.1547.76 Safari/537.36"
66.249.78.98 - - [30/Sep/2013:23:19:49 +0200] "GET /robots.txt HTTP/1.1" 404 1256 "-" "Mozilla/5.0 (compatible; Googlebot/2.1; +http://www.google.com/bot.html)"
66.249.78.98 - - [30/Sep/2013:23:19:50 +0200] "GET / HTTP/1.1" 200 2889 "-" "Mozilla/5.0 (compatible; Googlebot/2.1; +http://www.google.com/bot.html)"