37.140.141.34 - - [01/Apr/2013:12:09:41 +0200] "GET /images/logo.gif HTTP/1.1" 200 6252 "-" "Mozilla/5.0 (compatible; YandexImages/3.0; +http://yandex.com/bots)"
93.220.248.63 - - [01/Apr/2013:19:52:35 +0200] "GET / HTTP/1.1" 200 2889 "-" "Mozilla/4.0 (compatible; MSIE 8.0; Windows NT 6.0; .NET CLR 1.0.3705; .NET CLR 1.1.4322; Media Center PC 4.0; .NET CLR 2.0.50727)"
66.249.78.91 - - [01/Apr/2013:21:00:47 +0200] "GET /robots.txt HTTP/1.1" 404 1256 "-" "Mozilla/5.0 (compatible; Googlebot/2.1; +http://www.google.com/bot.html)"
66.249.78.91 - - [01/Apr/2013:21:00:47 +0200] "GET / HTTP/1.1" 200 2889 "-" "Mozilla/5.0 (iPhone; U; CPU iPhone OS 4_1 like Mac OS X; en-us) AppleWebKit/532.9 (KHTML, like Gecko) Version/4.0.5 Mobile/8B117 Safari/6531.22.7 (compatible; Googlebot-Mobile/2.1; +http://www.google.com/bot.html)"
79.236.5.110 - - [02/Apr/2013:14:05:24 +0200] "GET / HTTP/1.1" 200 2889 "http://suche.web.de/web?origin=serp_sf_atf&q=WSI+Wertstoffservice+Schneeberg+" "Mozilla/4.0 (compatible; MSIE 8.0; Windows NT 5.1; Trident/4.0; .NET CLR 1.1.4322; .NET CLR 2.0.50727; .NET CLR 3.0.4506.2152; .NET CLR 3.5.30729)"
79.236.5.110 - - [02/Apr/2013:14:05:24 +0200] "GET /images/hintgr.gif HTTP/1.1" 200 925 "http://www.wertstoffservice.de/" "Mozilla/4.0 (compatible; MSIE 8.0; Windows NT 5.1; Trident/4.0; .NET CLR 1.1.4322; .NET CLR 2.0.50727; .NET CLR 3.0.4506.2152; .NET CLR 3.5.30729)"
79.236.5.110 - - [02/Apr/2013:14:05:24 +0200] "GET /images/logo.gif HTTP/1.1" 200 6252 "http://www.wertstoffservice.de/" "Mozilla/4.0 (compatible; MSIE 8.0; Windows NT 5.1; Trident/4.0; .NET CLR 1.1.4322; .NET CLR 2.0.50727; .NET CLR 3.0.4506.2152; .NET CLR 3.5.30729)"
79.236.5.110 - - [02/Apr/2013:14:05:24 +0200] "GET /images/u-const.gif HTTP/1.1" 200 3797 "http://www.wertstoffservice.de/" "Mozilla/4.0 (compatible; MSIE 8.0; Windows NT 5.1; Trident/4.0; .NET CLR 1.1.4322; .NET CLR 2.0.50727; .NET CLR 3.0.4506.2152; .NET CLR 3.5.30729)"
79.236.5.110 - - [02/Apr/2013:14:05:24 +0200] "GET /favicon.ico HTTP/1.1" 404 1256 "-" "Mozilla/4.0 (compatible; MSIE 8.0; Windows NT 5.1; Trident/4.0; .NET CLR 1.1.4322; .NET CLR 2.0.50727; .NET CLR 3.0.4506.2152; .NET CLR 3.5.30729)"
93.220.230.32 - - [02/Apr/2013:20:13:13 +0200] "GET / HTTP/1.1" 200 2889 "-" "Mozilla/4.0 (compatible; MSIE 7.0; Windows NT 6.0; WOW64; SLCC1; .NET CLR 2.0.50727; .NET CLR 1.1.4322; .NET CLR 3.5.21022; .NET CLR 3.0.04506)"
141.8.147.12 - - [02/Apr/2013:20:49:36 +0200] "GET /robots.txt HTTP/1.1" 404 1256 "-" "Mozilla/5.0 (compatible; YandexBot/3.0; +http://yandex.com/bots)"
66.249.76.42 - - [03/Apr/2013:00:21:56 +0200] "GET /robots.txt HTTP/1.1" 404 1256 "-" "Mozilla/5.0 (compatible; Googlebot/2.1; +http://www.google.com/bot.html)"
66.249.76.42 - - [03/Apr/2013:00:21:56 +0200] "GET / HTTP/1.1" 200 2889 "-" "Mozilla/5.0 (compatible; Googlebot/2.1; +http://www.google.com/bot.html)"
141.8.147.12 - - [03/Apr/2013:04:43:09 +0200] "GET / HTTP/1.1" 200 2889 "-" "Mozilla/5.0 (compatible; YandexBot/3.0; +http://yandex.com/bots)"
78.46.174.202 - - [03/Apr/2013:10:41:02 +0200] "GET / HTTP/1.1" 200 2889 "-" "Mozilla/5.0 (Windows NT 6.1; WOW64; rv:18.0) Gecko/20100101 Firefox/18.0"
88.68.20.189 - - [03/Apr/2013:20:47:39 +0200] "GET / HTTP/1.1" 200 2889 "-" "Mozilla/4.0+(compatible;+MSIE+7.0;+Windows+NT+5.1)"
141.8.147.12 - - [03/Apr/2013:22:27:14 +0200] "GET /robots.txt HTTP/1.1" 404 1256 "-" "Mozilla/5.0 (compatible; YandexBot/3.0; +http://yandex.com/bots)"
141.8.147.12 - - [03/Apr/2013:22:27:16 +0200] "GET / HTTP/1.1" 200 2889 "-" "Mozilla/5.0 (compatible; YandexBot/3.0; MirrorDetector; +http://yandex.com/bots)"
141.8.147.12 - - [03/Apr/2013:22:27:47 +0200] "GET / HTTP/1.1" 200 2889 "-" "Mozilla/5.0 (compatible; YandexBot/3.0; MirrorDetector; +http://yandex.com/bots)"
66.249.76.42 - - [04/Apr/2013:11:00:28 +0200] "GET /robots.txt HTTP/1.1" 404 1256 "-" "Mozilla/5.0 (compatible; Googlebot/2.1; +http://www.google.com/bot.html)"
66.249.76.42 - - [04/Apr/2013:11:00:28 +0200] "GET / HTTP/1.1" 200 2889 "-" "Mozilla/5.0 (iPhone; U; CPU iPhone OS 4_1 like Mac OS X; en-us) AppleWebKit/532.9 (KHTML, like Gecko) Version/4.0.5 Mobile/8B117 Safari/6531.22.7 (compatible; Googlebot-Mobile/2.1; +http://www.google.com/bot.html)"
85.214.134.94 - - [04/Apr/2013:15:57:32 +0200] "GET /robots.txt HTTP/1.1" 404 1256 "-" "Mozilla/5.0 (compatible; emefgebot/beta; +http://emefge.de/bot.html)"
85.214.134.94 - - [04/Apr/2013:15:57:32 +0200] "GET / HTTP/1.1" 200 2889 "-" "Mozilla/5.0 (compatible; emefgebot/beta; +http://emefge.de/bot.html)"
66.249.76.42 - - [04/Apr/2013:19:06:13 +0200] "GET / HTTP/1.1" 200 2889 "-" "Mozilla/5.0 (compatible; Googlebot/2.1; +http://www.google.com/bot.html)"
93.220.255.210 - - [04/Apr/2013:21:25:26 +0200] "GET / HTTP/1.1" 200 2889 "-" "Mozilla/4.0 (compatible; MSIE 8.0; Windows NT 6.0; .NET CLR 1.1.4322; .NET CLR 2.0.50727; .NET CLR 3.0.04506.30)"
141.8.147.12 - - [05/Apr/2013:09:35:53 +0200] "GET /robots.txt HTTP/1.1" 404 1256 "-" "Mozilla/5.0 (compatible; YandexBot/3.0; +http://yandex.com/bots)"
141.8.147.12 - - [05/Apr/2013:17:15:54 +0200] "GET / HTTP/1.1" 200 2889 "-" "Mozilla/5.0 (compatible; YandexBot/3.0; +http://yandex.com/bots)"
24.230.50.166 - - [07/Apr/2013:00:15:32 +0200] "GET /robots.txt HTTP/1.0" 404 1256 "-" "Mozilla/5.0 (compatible; MJ12bot/v1.4.3; http://www.majestic12.co.uk/bot.php?+)"
24.230.50.166 - - [07/Apr/2013:00:15:34 +0200] "GET / HTTP/1.1" 200 2889 "-" "Mozilla/5.0 (compatible; MJ12bot/v1.4.3; http://www.majestic12.co.uk/bot.php?+)"
66.249.78.91 - - [07/Apr/2013:04:13:22 +0200] "GET /robots.txt HTTP/1.1" 404 1256 "-" "Mozilla/5.0 (compatible; Googlebot/2.1; +http://www.google.com/bot.html)"
66.249.78.91 - - [07/Apr/2013:04:13:22 +0200] "GET / HTTP/1.1" 200 2889 "-" "Mozilla/5.0 (iPhone; U; CPU iPhone OS 4_1 like Mac OS X; en-us) AppleWebKit/532.9 (KHTML, like Gecko) Version/4.0.5 Mobile/8B117 Safari/6531.22.7 (compatible; Googlebot-Mobile/2.1; +http://www.google.com/bot.html)"
123.125.71.74 - - [07/Apr/2013:12:38:26 +0200] "GET /robots.txt HTTP/1.1" 404 1256 "-" "Mozilla/5.0 (Windows NT 5.1; rv:6.0.2) Gecko/20100101 Firefox/6.0.2"
192.76.246.117 - - [07/Apr/2013:12:56:13 +0200] "GET / HTTP/1.1" 200 2889 "-" "Java/1.6.0_27"
89.122.230.250 - - [07/Apr/2013:16:47:18 +0200] "GET /administrator/index.php HTTP/1.1" 404 1256 "-" "Mozilla/4.0 (compatible; Win32; WinHttp.WinHttpRequest.5)"
66.249.78.91 - - [08/Apr/2013:03:07:27 +0200] "GET /robots.txt HTTP/1.1" 404 1256 "-" "Mozilla/5.0 (compatible; Googlebot/2.1; +http://www.google.com/bot.html)"
66.249.75.42 - - [08/Apr/2013:03:07:27 +0200] "GET / HTTP/1.1" 200 2889 "-" "DoCoMo/2.0 N905i(c100;TB;W24H16) (compatible; Googlebot-Mobile/2.1; +http://www.google.com/bot.html)"
119.122.72.113 - - [08/Apr/2013:08:55:51 +0200] "GET / HTTP/1.1" 200 2889 "http://www.wlw.de/de/firmen/1013057-1810545600970?heading_id=71268" "Mozilla/4.0 (compatible; MSIE 7.0; Windows NT 5.1; Trident/4.0; TencentTraveler 4.0; .NET CLR 2.0.50727)"
119.122.72.113 - - [08/Apr/2013:08:55:51 +0200] "GET /favicon.ico HTTP/1.1" 404 1256 "-" "TencentTraveler 4.0"
119.122.72.113 - - [08/Apr/2013:08:55:52 +0200] "GET /images/logo.gif HTTP/1.1" 200 6252 "http://www.wertstoffservice.de/" "Mozilla/4.0 (compatible; MSIE 7.0; Windows NT 5.1; Trident/4.0; TencentTraveler 4.0; .NET CLR 2.0.50727)"
119.122.72.113 - - [08/Apr/2013:08:55:52 +0200] "GET /images/hintgr.gif HTTP/1.1" 200 925 "http://www.wertstoffservice.de/" "Mozilla/4.0 (compatible; MSIE 7.0; Windows NT 5.1; Trident/4.0; TencentTraveler 4.0; .NET CLR 2.0.50727)"
119.122.72.113 - - [08/Apr/2013:08:55:52 +0200] "GET /images/u-const.gif HTTP/1.1" 200 3797 "http://www.wertstoffservice.de/" "Mozilla/4.0 (compatible; MSIE 7.0; Windows NT 5.1; Trident/4.0; TencentTraveler 4.0; .NET CLR 2.0.50727)"
93.220.222.233 - - [08/Apr/2013:09:05:58 +0200] "GET / HTTP/1.1" 200 2889 "-" "Mozilla/4.0 (compatible; MSIE 8.0; Windows NT 6.0; .NET CLR 1.1.4322; .NET CLR 2.0.50110; InfoPath.1)"
141.8.147.12 - - [09/Apr/2013:00:25:16 +0200] "GET /robots.txt HTTP/1.1" 404 1256 "-" "Mozilla/5.0 (compatible; YandexBot/3.0; +http://yandex.com/bots)"
141.8.147.12 - - [09/Apr/2013:02:02:58 +0200] "GET / HTTP/1.1" 200 2889 "-" "Mozilla/5.0 (compatible; YandexBot/3.0; +http://yandex.com/bots)"
66.249.75.42 - - [09/Apr/2013:08:48:25 +0200] "GET /robots.txt HTTP/1.1" 404 1256 "-" "Mozilla/5.0 (compatible; Googlebot/2.1; +http://www.google.com/bot.html)"
66.249.78.91 - - [09/Apr/2013:08:48:25 +0200] "GET / HTTP/1.1" 200 2889 "-" "Mozilla/5.0 (iPhone; U; CPU iPhone OS 4_1 like Mac OS X; en-us) AppleWebKit/532.9 (KHTML, like Gecko) Version/4.0.5 Mobile/8B117 Safari/6531.22.7 (compatible; Googlebot-Mobile/2.1; +http://www.google.com/bot.html)"
93.220.240.198 - - [09/Apr/2013:09:04:03 +0200] "GET / HTTP/1.1" 200 2889 "-" "Mozilla/4.0+(compatible;+MSIE+7.0;+Windows+NT+5.1)"
141.8.147.12 - - [09/Apr/2013:12:29:38 +0200] "GET /robots.txt HTTP/1.1" 404 1256 "-" "Mozilla/5.0 (compatible; YandexBot/3.0; +http://yandex.com/bots)"
123.125.71.83 - - [09/Apr/2013:22:39:50 +0200] "GET /robots.txt HTTP/1.1" 404 1256 "-" "Mozilla/5.0 (Windows NT 5.1; rv:6.0.2) Gecko/20100101 Firefox/6.0.2"
93.220.217.7 - - [10/Apr/2013:09:06:28 +0200] "GET / HTTP/1.1" 200 2889 "-" "Mozilla/4.0 (compatible; MSIE 8.0; Windows NT 6.0; .NET CLR 1.1.4322; .NET CLR 2.0.50727)"
54.224.72.125 - - [10/Apr/2013:13:06:15 +0200] "GET / HTTP/1.0" 200 2889 "-" "Mozilla/5.0 (compatible; NetcraftSurveyAgent/1.0; +info@netcraft.com)"
66.249.78.91 - - [10/Apr/2013:15:49:18 +0200] "GET /robots.txt HTTP/1.1" 404 1256 "-" "Mozilla/5.0 (compatible; Googlebot/2.1; +http://www.google.com/bot.html)"
66.249.78.91 - - [10/Apr/2013:15:49:18 +0200] "GET / HTTP/1.1" 200 2889 "-" "Mozilla/5.0 (compatible; Googlebot/2.1; +http://www.google.com/bot.html)"
64.246.161.42 - - [10/Apr/2013:18:45:01 +0200] "GET /robots.txt HTTP/1.0" 404 1256 "-" "Mozilla/5.0 (Windows; U; Windows NT 5.1; en; rv:1.9.0.13) Gecko/2009073022 Firefox/3.5.2 (.NET CLR 3.5.30729) SurveyBot/2.3 (DomainTools)"
64.246.161.42 - - [10/Apr/2013:18:45:01 +0200] "GET / HTTP/1.1" 200 2889 "http://whois.domaintools.com/wertstoffservice.de" "Mozilla/5.0 (Windows; U; Windows NT 5.1; en; rv:1.9.0.13) Gecko/2009073022 Firefox/3.5.2 (.NET CLR 3.5.30729) SurveyBot/2.3 (DomainTools)"
78.54.30.157 - - [10/Apr/2013:20:35:34 +0200] "GET / HTTP/1.1" 200 2889 "-" "UserAgent: Apache-HttpClient/release (java 1.5)"
78.54.30.157 - - [10/Apr/2013:20:35:34 +0200] "GET /impressum.html HTTP/1.1" 404 1256 "-" "UserAgent: Apache-HttpClient/release (java 1.5)"
78.54.30.157 - - [10/Apr/2013:20:35:34 +0200] "GET /impressum.htm HTTP/1.1" 404 1256 "-" "UserAgent: Apache-HttpClient/release (java 1.5)"
78.54.30.157 - - [10/Apr/2013:20:35:35 +0200] "GET / HTTP/1.1" 200 2889 "-" "UserAgent: Apache-HttpClient/release (java 1.5)"
217.95.207.216 - - [11/Apr/2013:00:56:33 +0200] "GET / HTTP/1.1" 200 2889 "-" "Mozilla/4.0 (compatible; MSIE 7.0; Windows NT 6.1; WOW64; Trident/5.0; SLCC2; .NET CLR 2.0.50727; .NET CLR 3.5.30729; .NET CLR 3.0.30729; Media Center PC 6.0; .NET4.0C)"
217.95.207.216 - - [11/Apr/2013:00:56:34 +0200] "GET /images/hintgr.gif HTTP/1.1" 200 925 "http://www.wertstoffservice.de/" "Mozilla/4.0 (compatible; MSIE 7.0; Windows NT 6.1; WOW64; Trident/5.0; SLCC2; .NET CLR 2.0.50727; .NET CLR 3.5.30729; .NET CLR 3.0.30729; Media Center PC 6.0; .NET4.0C)"
217.95.207.216 - - [11/Apr/2013:00:56:34 +0200] "GET /images/logo.gif HTTP/1.1" 200 6252 "http://www.wertstoffservice.de/" "Mozilla/4.0 (compatible; MSIE 7.0; Windows NT 6.1; WOW64; Trident/5.0; SLCC2; .NET CLR 2.0.50727; .NET CLR 3.5.30729; .NET CLR 3.0.30729; Media Center PC 6.0; .NET4.0C)"
217.95.207.216 - - [11/Apr/2013:00:56:34 +0200] "GET /images/u-const.gif HTTP/1.1" 200 3797 "http://www.wertstoffservice.de/" "Mozilla/4.0 (compatible; MSIE 7.0; Windows NT 6.1; WOW64; Trident/5.0; SLCC2; .NET CLR 2.0.50727; .NET CLR 3.5.30729; .NET CLR 3.0.30729; Media Center PC 6.0; .NET4.0C)"
217.95.207.216 - - [11/Apr/2013:00:56:34 +0200] "GET /images/hintgr.gif HTTP/1.1" 200 925 "http://www.wertstoffservice.de/" "Mozilla/4.0 (compatible; MSIE 7.0; Windows NT 6.1; WOW64; Trident/5.0; SLCC2; .NET CLR 2.0.50727; .NET CLR 3.5.30729; .NET CLR 3.0.30729; Media Center PC 6.0; .NET4.0C)"
66.249.78.91 - - [11/Apr/2013:08:47:05 +0200] "GET /robots.txt HTTP/1.1" 404 1256 "-" "Mozilla/5.0 (compatible; Googlebot/2.1; +http://www.google.com/bot.html)"
66.249.78.91 - - [11/Apr/2013:08:47:05 +0200] "GET / HTTP/1.1" 200 2889 "-" "Mozilla/5.0 (iPhone; U; CPU iPhone OS 4_1 like Mac OS X; en-us) AppleWebKit/532.9 (KHTML, like Gecko) Version/4.0.5 Mobile/8B117 Safari/6531.22.7 (compatible; Googlebot-Mobile/2.1; +http://www.google.com/bot.html)"
93.220.219.6 - - [11/Apr/2013:09:07:18 +0200] "GET / HTTP/1.1" 200 2889 "-" "Mozilla/5.0 (Windows; U; Windows NT 5.1; de; rv:1.9.0.10) Gecko/2009042316 Firefox/3.0.10 (.NET CLR 3.5.30729)"
84.180.24.41 - - [11/Apr/2013:14:25:50 +0200] "GET / HTTP/1.1" 200 2889 "http://www.google.de/url?sa=t&rct=j&q=wsi%20schneeberg&source=web&cd=1&ved=0CDMQFjAA&url=http%3A%2F%2Fwww.wertstoffservice.de%2F&ei=pKtmUfL9JcnL4ATniIC4Cw&usg=AFQjCNH7Uqeobv66I8n6zUkeuVynRnaJ-w&bvm=bv.45107431,d.bGE" "Mozilla/5.0 (Windows NT 5.1; rv:5.0) Gecko/20100101 Firefox/5.0"
84.180.24.41 - - [11/Apr/2013:14:25:51 +0200] "GET /images/logo.gif HTTP/1.1" 200 6252 "http://www.wertstoffservice.de/" "Mozilla/5.0 (Windows NT 5.1; rv:5.0) Gecko/20100101 Firefox/5.0"
84.180.24.41 - - [11/Apr/2013:14:25:51 +0200] "GET /images/hintgr.gif HTTP/1.1" 200 925 "http://www.wertstoffservice.de/" "Mozilla/5.0 (Windows NT 5.1; rv:5.0) Gecko/20100101 Firefox/5.0"
84.180.24.41 - - [11/Apr/2013:14:25:51 +0200] "GET /images/u-const.gif HTTP/1.1" 200 3797 "http://www.wertstoffservice.de/" "Mozilla/5.0 (Windows NT 5.1; rv:5.0) Gecko/20100101 Firefox/5.0"
84.180.24.41 - - [11/Apr/2013:14:25:51 +0200] "GET /favicon.ico HTTP/1.1" 404 1256 "-" "Mozilla/5.0 (Windows NT 5.1; rv:5.0) Gecko/20100101 Firefox/5.0"
84.180.24.41 - - [11/Apr/2013:14:25:51 +0200] "GET /favicon.ico HTTP/1.1" 404 1256 "-" "Mozilla/5.0 (Windows NT 5.1; rv:5.0) Gecko/20100101 Firefox/5.0"
80.152.170.203 - - [11/Apr/2013:15:00:48 +0200] "GET / HTTP/1.1" 200 2889 "-" "Mozilla/5.0 (Windows NT 6.1; WOW64; rv:19.0) Gecko/20100101 Firefox/19.0"
80.152.170.203 - - [11/Apr/2013:15:00:48 +0200] "GET /images/logo.gif HTTP/1.1" 200 6252 "http://www.wertstoffservice.de/" "Mozilla/5.0 (Windows NT 6.1; WOW64; rv:19.0) Gecko/20100101 Firefox/19.0"
80.152.170.203 - - [11/Apr/2013:15:00:48 +0200] "GET /images/u-const.gif HTTP/1.1" 200 3797 "http://www.wertstoffservice.de/" "Mozilla/5.0 (Windows NT 6.1; WOW64; rv:19.0) Gecko/20100101 Firefox/19.0"
80.152.170.203 - - [11/Apr/2013:15:00:48 +0200] "GET /images/hintgr.gif HTTP/1.1" 200 925 "http://www.wertstoffservice.de/" "Mozilla/5.0 (Windows NT 6.1; WOW64; rv:19.0) Gecko/20100101 Firefox/19.0"
80.152.170.203 - - [11/Apr/2013:15:00:48 +0200] "GET /favicon.ico HTTP/1.1" 404 1256 "-" "Mozilla/5.0 (Windows NT 6.1; WOW64; rv:19.0) Gecko/20100101 Firefox/19.0"
80.152.170.203 - - [11/Apr/2013:15:00:48 +0200] "GET /favicon.ico HTTP/1.1" 404 1256 "-" "Mozilla/5.0 (Windows NT 6.1; WOW64; rv:19.0) Gecko/20100101 Firefox/19.0"
78.54.24.156 - - [11/Apr/2013:18:55:57 +0200] "GET / HTTP/1.1" 200 2889 "-" "UserAgent: Apache-HttpClient/release (java 1.5)"
78.54.24.156 - - [11/Apr/2013:18:55:57 +0200] "GET /impressum.html HTTP/1.1" 404 1256 "-" "UserAgent: Apache-HttpClient/release (java 1.5)"
78.54.24.156 - - [11/Apr/2013:18:55:57 +0200] "GET /impressum.htm HTTP/1.1" 404 1256 "-" "UserAgent: Apache-HttpClient/release (java 1.5)"
78.54.24.156 - - [11/Apr/2013:18:55:57 +0200] "GET / HTTP/1.1" 200 2889 "-" "UserAgent: Apache-HttpClient/release (java 1.5)"
188.165.195.156 - - [11/Apr/2013:21:05:48 +0200] "HEAD / HTTP/1.1" 200 - "-" "Mozilla/4.0 (compatible; MSIE 5.01; Windows NT 5.0)"
141.8.147.12 - - [12/Apr/2013:04:27:27 +0200] "GET /robots.txt HTTP/1.1" 404 1256 "-" "Mozilla/5.0 (compatible; YandexBot/3.0; +http://yandex.com/bots)"
208.77.221.210 - - [12/Apr/2013:07:37:46 +0200] "GET / HTTP/1.0" 200 2889 "-" "CatchBot/5.0; +http://www.catchbot.com"
141.8.147.12 - - [12/Apr/2013:08:31:34 +0200] "GET / HTTP/1.1" 200 2889 "-" "Mozilla/5.0 (compatible; YandexBot/3.0; +http://yandex.com/bots)"
141.8.147.12 - - [12/Apr/2013:15:56:22 +0200] "GET /robots.txt HTTP/1.1" 404 1256 "-" "Mozilla/5.0 (compatible; YandexBot/3.0; +http://yandex.com/bots)"
65.55.55.231 - - [13/Apr/2013:02:19:14 +0200] "GET /robots.txt HTTP/1.1" 404 1256 "-" "Mozilla/5.0 (compatible; bingbot/2.0; +http://www.bing.com/bingbot.htm)"
65.55.55.231 - - [13/Apr/2013:02:21:17 +0200] "GET / HTTP/1.1" 304 - "-" "Mozilla/5.0 (compatible; bingbot/2.0; +http://www.bing.com/bingbot.htm)"
5.9.6.231 - - [13/Apr/2013:04:25:26 +0200] "GET / HTTP/1.1" 200 2889 "-" "Mozilla/5.0 (X11; Ubuntu; Linux x86_64; rv:19.0) Gecko/20100101 Firefox/19.0"
5.9.6.231 - - [13/Apr/2013:04:25:31 +0200] "GET / HTTP/1.1" 200 2889 "-" "Mozilla/5.0 (iPhone; U; CPU iPhone OS 3_0 like Mac OS X; en-us) AppleWebKit/528.18 (KHTML, like Gecko) Version/4.0 Mobile/7A341 Safari/528.16"
80.82.215.163 - - [13/Apr/2013:04:25:33 +0200] "GET / HTTP/1.0" 200 2889 "-" "Mozilla/5.0 (Windows NT 6.1; rv:8.0) Gecko/20100101 Firefox/8.0"
141.8.147.12 - - [13/Apr/2013:06:51:57 +0200] "GET /robots.txt HTTP/1.1" 404 1256 "-" "Mozilla/5.0 (compatible; YandexBot/3.0; +http://yandex.com/bots)"
66.249.75.42 - - [13/Apr/2013:08:45:39 +0200] "GET /robots.txt HTTP/1.1" 404 1256 "-" "Mozilla/5.0 (compatible; Googlebot/2.1; +http://www.google.com/bot.html)"
66.249.75.42 - - [13/Apr/2013:08:45:39 +0200] "GET / HTTP/1.1" 200 2889 "-" "Mozilla/5.0 (iPhone; U; CPU iPhone OS 4_1 like Mac OS X; en-us) AppleWebKit/532.9 (KHTML, like Gecko) Version/4.0.5 Mobile/8B117 Safari/6531.22.7 (compatible; Googlebot-Mobile/2.1; +http://www.google.com/bot.html)"
141.8.147.12 - - [13/Apr/2013:12:44:04 +0200] "GET / HTTP/1.1" 200 2889 "-" "Mozilla/5.0 (compatible; YandexBot/3.0; +http://yandex.com/bots)"
141.8.147.12 - - [13/Apr/2013:18:44:17 +0200] "GET /robots.txt HTTP/1.1" 404 1256 "-" "Mozilla/5.0 (compatible; YandexBot/3.0; +http://yandex.com/bots)"
204.12.226.2 - - [14/Apr/2013:00:38:22 +0200] "GET /robots.txt HTTP/1.0" 404 1256 "-" "Mozilla/5.0 (compatible; MJ12bot/v1.4.3; http://www.majestic12.co.uk/bot.php?+)"
204.12.226.2 - - [14/Apr/2013:00:38:25 +0200] "GET / HTTP/1.0" 200 2889 "-" "Mozilla/5.0 (compatible; MJ12bot/v1.4.3; http://www.majestic12.co.uk/bot.php?+)"
141.8.147.12 - - [14/Apr/2013:07:18:16 +0200] "GET /robots.txt HTTP/1.1" 404 1256 "-" "Mozilla/5.0 (compatible; YandexBot/3.0; +http://yandex.com/bots)"
141.8.147.12 - - [14/Apr/2013:12:22:49 +0200] "GET / HTTP/1.1" 200 2889 "-" "Mozilla/5.0 (compatible; YandexBot/3.0; +http://yandex.com/bots)"
93.220.253.223 - - [15/Apr/2013:05:20:53 +0200] "GET / HTTP/1.1" 200 2889 "-" "Mozilla/4.0 (compatible; MSIE 8.0; Windows NT 6.0; .NET CLR 1.1.4322; .NET CLR 2.0.50110; InfoPath.1)"
66.249.75.42 - - [15/Apr/2013:07:09:43 +0200] "GET /robots.txt HTTP/1.1" 404 1256 "-" "Mozilla/5.0 (compatible; Googlebot/2.1; +http://www.google.com/bot.html)"
66.249.75.42 - - [15/Apr/2013:07:09:43 +0200] "GET / HTTP/1.1" 200 2889 "-" "Mozilla/5.0 (iPhone; U; CPU iPhone OS 4_1 like Mac OS X; en-us) AppleWebKit/532.9 (KHTML, like Gecko) Version/4.0.5 Mobile/8B117 Safari/6531.22.7 (compatible; Googlebot-Mobile/2.1; +http://www.google.com/bot.html)"
141.8.147.12 - - [15/Apr/2013:08:07:52 +0200] "GET /robots.txt HTTP/1.1" 404 1256 "-" "Mozilla/5.0 (compatible; YandexBot/3.0; +http://yandex.com/bots)"
141.8.147.12 - - [15/Apr/2013:16:58:39 +0200] "GET / HTTP/1.1" 200 2889 "-" "Mozilla/5.0 (compatible; YandexBot/3.0; +http://yandex.com/bots)"
65.55.55.231 - - [15/Apr/2013:16:59:01 +0200] "GET /robots.txt HTTP/1.1" 404 1256 "-" "Mozilla/5.0 (compatible; bingbot/2.0; +http://www.bing.com/bingbot.htm)"
65.55.55.231 - - [15/Apr/2013:17:00:25 +0200] "GET / HTTP/1.1" 200 2889 "-" "Mozilla/5.0 (compatible; bingbot/2.0; +http://www.bing.com/bingbot.htm)"
87.169.184.200 - - [15/Apr/2013:21:13:04 +0200] "GET / HTTP/1.1" 200 2889 "http://www.wlw.de/de/firmen/1013057-1810545600970?heading_id=71268" "Mozilla/5.0 (compatible; MSIE 10.0; Windows NT 6.1; WOW64; Trident/6.0)"
87.169.184.200 - - [15/Apr/2013:21:13:04 +0200] "GET /images/hintgr.gif HTTP/1.1" 200 925 "http://www.wertstoffservice.de/" "Mozilla/5.0 (compatible; MSIE 10.0; Windows NT 6.1; WOW64; Trident/6.0)"
87.169.184.200 - - [15/Apr/2013:21:13:04 +0200] "GET /images/logo.gif HTTP/1.1" 200 6252 "http://www.wertstoffservice.de/" "Mozilla/5.0 (compatible; MSIE 10.0; Windows NT 6.1; WOW64; Trident/6.0)"
87.169.184.200 - - [15/Apr/2013:21:13:04 +0200] "GET /images/u-const.gif HTTP/1.1" 200 3797 "http://www.wertstoffservice.de/" "Mozilla/5.0 (compatible; MSIE 10.0; Windows NT 6.1; WOW64; Trident/6.0)"
87.169.184.200 - - [15/Apr/2013:21:13:04 +0200] "GET /favicon.ico HTTP/1.1" 404 1256 "-" "Mozilla/5.0 (compatible; MSIE 10.0; Windows NT 6.1; WOW64; Trident/6.0)"
66.249.73.177 - - [16/Apr/2013:00:34:45 +0200] "GET /robots.txt HTTP/1.1" 404 1256 "-" "Mozilla/5.0 (compatible; Googlebot/2.1; +http://www.google.com/bot.html)"
66.249.73.177 - - [16/Apr/2013:00:34:46 +0200] "GET / HTTP/1.1" 200 2889 "-" "Mozilla/5.0 (compatible; Googlebot/2.1; +http://www.google.com/bot.html)"
93.220.218.144 - - [16/Apr/2013:05:20:00 +0200] "GET / HTTP/1.1" 200 2889 "-" "Mozilla/4.0 (compatible; MSIE 7.0; Windows NT 6.0; WOW64; SLCC1; .NET CLR 2.0.50727; .NET CLR 1.1.4322)"
157.55.32.184 - - [16/Apr/2013:10:47:10 +0200] "GET /robots.txt HTTP/1.1" 404 1256 "-" "Mozilla/5.0 (compatible; bingbot/2.0; +http://www.bing.com/bingbot.htm)"
157.55.32.184 - - [16/Apr/2013:10:53:43 +0200] "GET / HTTP/1.1" 304 - "-" "Mozilla/5.0 (compatible; bingbot/2.0; +http://www.bing.com/bingbot.htm)"
82.119.164.228 - - [16/Apr/2013:15:34:11 +0200] "GET / HTTP/1.0" 200 2889 "http://www.google.de/url?sa=t&rct=j&q=wsi+schneeberg&source=web&cd=1&ved=0CDAQFjAA&url=http%3A%2F%2Fwww.wertstoffservice.de%2F&ei=QlNtUe7GIMeGtAa4woCgDg&usg=AFQjCNH7Uqeobv66I8n6zUkeuVynRnaJ-w&bvm=bv.45175338,d.Yms" "Mozilla/4.0 (compatible; MSIE 8.0; Windows NT 6.1; Trident/4.0; SLCC2; .NET CLR 2.0.50727; .NET CLR 3.5.30729; .NET CLR 3.0.30729; Media Center PC 6.0; Tablet PC 2.0; .NET4.0C)"
82.119.164.228 - - [16/Apr/2013:15:34:11 +0200] "GET /images/hintgr.gif HTTP/1.0" 200 925 "http://www.wertstoffservice.de/" "Mozilla/4.0 (compatible; MSIE 8.0; Windows NT 6.1; Trident/4.0; SLCC2; .NET CLR 2.0.50727; .NET CLR 3.5.30729; .NET CLR 3.0.30729; Media Center PC 6.0; Tablet PC 2.0; .NET4.0C)"
82.119.164.228 - - [16/Apr/2013:15:34:11 +0200] "GET /images/logo.gif HTTP/1.0" 200 6252 "http://www.wertstoffservice.de/" "Mozilla/4.0 (compatible; MSIE 8.0; Windows NT 6.1; Trident/4.0; SLCC2; .NET CLR 2.0.50727; .NET CLR 3.5.30729; .NET CLR 3.0.30729; Media Center PC 6.0; Tablet PC 2.0; .NET4.0C)"
82.119.164.228 - - [16/Apr/2013:15:34:11 +0200] "GET /images/u-const.gif HTTP/1.0" 200 3797 "http://www.wertstoffservice.de/" "Mozilla/4.0 (compatible; MSIE 8.0; Windows NT 6.1; Trident/4.0; SLCC2; .NET CLR 2.0.50727; .NET CLR 3.5.30729; .NET CLR 3.0.30729; Media Center PC 6.0; Tablet PC 2.0; .NET4.0C)"
82.119.164.228 - - [16/Apr/2013:15:34:11 +0200] "GET /favicon.ico HTTP/1.0" 404 1256 "-" "Mozilla/4.0 (compatible; MSIE 8.0; Windows NT 6.1; Trident/4.0; SLCC2; .NET CLR 2.0.50727; .NET CLR 3.5.30729; .NET CLR 3.0.30729; Media Center PC 6.0; Tablet PC 2.0; .NET4.0C)"
123.125.71.19 - - [16/Apr/2013:20:34:27 +0200] "GET /robots.txt HTTP/1.1" 404 1256 "-" "Mozilla/5.0 (Windows NT 5.1; rv:6.0.2) Gecko/20100101 Firefox/6.0.2"
66.249.75.42 - - [16/Apr/2013:21:19:51 +0200] "GET /robots.txt HTTP/1.1" 404 1256 "-" "Mozilla/5.0 (compatible; Googlebot/2.1; +http://www.google.com/bot.html)"
66.249.75.42 - - [16/Apr/2013:21:19:51 +0200] "GET / HTTP/1.1" 200 2889 "-" "Mozilla/5.0 (compatible; Googlebot/2.1; +http://www.google.com/bot.html)"
93.220.223.86 - - [17/Apr/2013:05:34:39 +0200] "GET / HTTP/1.1" 200 2889 "-" "Mozilla/4.0 (compatible; MSIE 8.0; Windows NT 6.0; .NET CLR 1.0.3705; .NET CLR 1.1.4322; Media Center PC 4.0; .NET CLR 2.0.50727)"
66.249.75.42 - - [17/Apr/2013:07:56:00 +0200] "GET /robots.txt HTTP/1.1" 404 1256 "-" "Mozilla/5.0 (compatible; Googlebot/2.1; +http://www.google.com/bot.html)"
66.249.75.42 - - [17/Apr/2013:07:56:00 +0200] "GET / HTTP/1.1" 200 2889 "-" "Mozilla/5.0 (iPhone; U; CPU iPhone OS 4_1 like Mac OS X; en-us) AppleWebKit/532.9 (KHTML, like Gecko) Version/4.0.5 Mobile/8B117 Safari/6531.22.7 (compatible; Googlebot-Mobile/2.1; +http://www.google.com/bot.html)"
123.125.71.83 - - [17/Apr/2013:14:07:05 +0200] "GET /robots.txt HTTP/1.1" 404 1256 "-" "Mozilla/5.0 (Windows NT 5.1; rv:6.0.2) Gecko/20100101 Firefox/6.0.2"
157.55.32.184 - - [17/Apr/2013:18:32:13 +0200] "GET /robots.txt HTTP/1.1" 404 1256 "-" "Mozilla/5.0 (compatible; bingbot/2.0; +http://www.bing.com/bingbot.htm)"
157.55.32.184 - - [17/Apr/2013:18:34:02 +0200] "GET / HTTP/1.1" 200 2889 "-" "Mozilla/5.0 (compatible; bingbot/2.0; +http://www.bing.com/bingbot.htm)"
66.249.75.42 - - [17/Apr/2013:22:23:02 +0200] "GET /robots.txt HTTP/1.1" 404 1256 "-" "Mozilla/5.0 (compatible; Googlebot/2.1; +http://www.google.com/bot.html)"
66.249.75.42 - - [17/Apr/2013:22:23:02 +0200] "GET /images/logo.gif HTTP/1.1" 200 6252 "-" "Googlebot-Image/1.0"
195.14.176.33 - - [18/Apr/2013:00:31:52 +0200] "GET / HTTP/1.1" 200 2889 "-" "Mozilla/4.0 (compatible; MSIE 8.0; Windows NT 5.1; Trident/4.0)"
195.14.176.33 - - [18/Apr/2013:00:31:58 +0200] "GET /favicon.ico HTTP/1.1" 404 1256 "http://www.wertstoffservice.de/" "Mozilla/4.0 (compatible; MSIE 8.0; Windows NT 5.1; Trident/4.0)"
66.249.75.42 - - [18/Apr/2013:05:42:15 +0200] "GET / HTTP/1.1" 200 2889 "-" "DoCoMo/2.0 N905i(c100;TB;W24H16) (compatible; Googlebot-Mobile/2.1; +http://www.google.com/bot.html)"
84.169.199.34 - - [18/Apr/2013:12:08:17 +0200] "GET / HTTP/1.1" 200 2889 "http://www.google.de/url?sa=t&rct=j&q=wertstoffservice.de&source=web&cd=1&ved=0CDYQFjAA&url=http%3A%2F%2Fwww.wertstoffservice.de%2F&ei=7MVvUf3BAsGPtAapsYCwDg&usg=AFQjCNH7Uqeobv66I8n6zUkeuVynRnaJ-w&bvm=bv.45368065,d.Yms" "Mozilla/5.0 (compatible; MSIE 9.0; Windows NT 6.1; WOW64; Trident/5.0; MATM)"
84.169.199.34 - - [18/Apr/2013:12:08:17 +0200] "GET /images/hintgr.gif HTTP/1.1" 200 925 "http://www.wertstoffservice.de/" "Mozilla/5.0 (compatible; MSIE 9.0; Windows NT 6.1; WOW64; Trident/5.0; MATM)"
84.169.199.34 - - [18/Apr/2013:12:08:17 +0200] "GET /images/u-const.gif HTTP/1.1" 200 3797 "http://www.wertstoffservice.de/" "Mozilla/5.0 (compatible; MSIE 9.0; Windows NT 6.1; WOW64; Trident/5.0; MATM)"
84.169.199.34 - - [18/Apr/2013:12:08:17 +0200] "GET /images/hintgr.gif HTTP/1.1" 200 925 "http://www.wertstoffservice.de/" "Mozilla/5.0 (compatible; MSIE 9.0; Windows NT 6.1; WOW64; Trident/5.0; MATM)"
84.169.199.34 - - [18/Apr/2013:12:08:17 +0200] "GET /images/logo.gif HTTP/1.1" 200 6252 "http://www.wertstoffservice.de/" "Mozilla/5.0 (compatible; MSIE 9.0; Windows NT 6.1; WOW64; Trident/5.0; MATM)"
84.169.199.34 - - [18/Apr/2013:12:08:17 +0200] "GET /favicon.ico HTTP/1.1" 404 1256 "-" "Mozilla/5.0 (compatible; MSIE 9.0; Windows NT 6.1; WOW64; Trident/5.0; MATM)"
141.8.147.12 - - [18/Apr/2013:12:46:47 +0200] "GET /robots.txt HTTP/1.1" 404 1256 "-" "Mozilla/5.0 (compatible; YandexBot/3.0; +http://yandex.com/bots)"
141.8.147.12 - - [18/Apr/2013:13:41:36 +0200] "GET / HTTP/1.1" 200 2889 "-" "Mozilla/5.0 (compatible; YandexBot/3.0; +http://yandex.com/bots)"
208.77.221.210 - - [18/Apr/2013:21:50:35 +0200] "GET / HTTP/1.0" 200 2889 "-" "CatchBot/5.0; +http://www.catchbot.com"
157.55.32.184 - - [18/Apr/2013:22:16:39 +0200] "GET /robots.txt HTTP/1.1" 404 1256 "-" "Mozilla/5.0 (compatible; bingbot/2.0; +http://www.bing.com/bingbot.htm)"
157.55.32.184 - - [18/Apr/2013:22:21:05 +0200] "GET / HTTP/1.1" 304 - "-" "Mozilla/5.0 (compatible; bingbot/2.0; +http://www.bing.com/bingbot.htm)"
66.249.76.42 - - [19/Apr/2013:05:27:41 +0200] "GET /robots.txt HTTP/1.1" 404 1256 "-" "Mozilla/5.0 (compatible; Googlebot/2.1; +http://www.google.com/bot.html)"
66.249.76.42 - - [19/Apr/2013:05:27:41 +0200] "GET / HTTP/1.1" 200 2889 "-" "Mozilla/5.0 (iPhone; U; CPU iPhone OS 4_1 like Mac OS X; en-us) AppleWebKit/532.9 (KHTML, like Gecko) Version/4.0.5 Mobile/8B117 Safari/6531.22.7 (compatible; Googlebot-Mobile/2.1; +http://www.google.com/bot.html)"
92.78.146.228 - - [19/Apr/2013:11:52:02 +0200] "GET / HTTP/1.1" 200 2889 "http://www.google.de/url?sa=t&rct=j&q=wsi%20gmbh%20schneeberg&source=web&cd=1&ved=0CDEQFjAA&url=http%3A%2F%2Fwww.wertstoffservice.de%2F&ei=mhNxUfzNM4aQtQb11YCIAw&usg=AFQjCNH7Uqeobv66I8n6zUkeuVynRnaJ-w&bvm=bv.45373924,d.Yms" "Mozilla/5.0 (Windows NT 5.1; rv:20.0) Gecko/20100101 Firefox/20.0"
92.78.146.228 - - [19/Apr/2013:11:52:02 +0200] "GET /images/logo.gif HTTP/1.1" 200 6252 "http://www.wertstoffservice.de/" "Mozilla/5.0 (Windows NT 5.1; rv:20.0) Gecko/20100101 Firefox/20.0"
92.78.146.228 - - [19/Apr/2013:11:52:02 +0200] "GET /images/u-const.gif HTTP/1.1" 200 3797 "http://www.wertstoffservice.de/" "Mozilla/5.0 (Windows NT 5.1; rv:20.0) Gecko/20100101 Firefox/20.0"
92.78.146.228 - - [19/Apr/2013:11:52:02 +0200] "GET /images/hintgr.gif HTTP/1.1" 200 925 "http://www.wertstoffservice.de/" "Mozilla/5.0 (Windows NT 5.1; rv:20.0) Gecko/20100101 Firefox/20.0"
92.78.146.228 - - [19/Apr/2013:11:52:02 +0200] "GET /favicon.ico HTTP/1.1" 404 1256 "-" "Mozilla/5.0 (Windows NT 5.1; rv:20.0) Gecko/20100101 Firefox/20.0"
157.55.32.184 - - [19/Apr/2013:16:16:47 +0200] "GET /robots.txt HTTP/1.1" 404 1256 "-" "Mozilla/5.0 (compatible; bingbot/2.0; +http://www.bing.com/bingbot.htm)"
157.55.32.184 - - [19/Apr/2013:16:20:50 +0200] "GET / HTTP/1.1" 200 2889 "-" "Mozilla/5.0 (compatible; bingbot/2.0; +http://www.bing.com/bingbot.htm)"
157.55.32.184 - - [20/Apr/2013:04:48:44 +0200] "GET /robots.txt HTTP/1.1" 404 1256 "-" "Mozilla/5.0 (compatible; bingbot/2.0; +http://www.bing.com/bingbot.htm)"
157.55.32.184 - - [20/Apr/2013:04:51:43 +0200] "GET / HTTP/1.1" 200 2889 "-" "Mozilla/5.0 (compatible; bingbot/2.0; +http://www.bing.com/bingbot.htm)"
65.55.52.114 - - [20/Apr/2013:16:47:15 +0200] "GET /robots.txt HTTP/1.1" 404 1256 "-" "Mozilla/5.0 (compatible; bingbot/2.0; +http://www.bing.com/bingbot.htm)"
65.55.52.114 - - [20/Apr/2013:16:49:54 +0200] "GET / HTTP/1.1" 200 2889 "-" "Mozilla/5.0 (compatible; bingbot/2.0; +http://www.bing.com/bingbot.htm)"
92.224.40.229 - - [20/Apr/2013:18:04:18 +0200] "GET / HTTP/1.1" 200 2889 "-" "UserAgent: Apache-HttpClient/release (java 1.5)"
92.224.40.229 - - [20/Apr/2013:18:04:18 +0200] "GET /impressum.html HTTP/1.1" 404 1256 "-" "UserAgent: Apache-HttpClient/release (java 1.5)"
92.224.40.229 - - [20/Apr/2013:18:04:18 +0200] "GET /impressum.htm HTTP/1.1" 404 1256 "-" "UserAgent: Apache-HttpClient/release (java 1.5)"
92.224.40.229 - - [20/Apr/2013:18:04:18 +0200] "GET / HTTP/1.1" 200 2889 "-" "UserAgent: Apache-HttpClient/release (java 1.5)"
204.12.208.234 - - [21/Apr/2013:00:54:47 +0200] "GET /robots.txt HTTP/1.0" 404 1256 "-" "Mozilla/5.0 (compatible; MJ12bot/v1.4.3; http://www.majestic12.co.uk/bot.php?+)"
204.12.208.234 - - [21/Apr/2013:00:54:49 +0200] "GET / HTTP/1.0" 200 2889 "-" "Mozilla/5.0 (compatible; MJ12bot/v1.4.3; http://www.majestic12.co.uk/bot.php?+)"
65.55.52.114 - - [21/Apr/2013:04:11:43 +0200] "GET /robots.txt HTTP/1.1" 404 1256 "-" "Mozilla/5.0 (compatible; bingbot/2.0; +http://www.bing.com/bingbot.htm)"
65.55.52.114 - - [21/Apr/2013:04:14:29 +0200] "GET / HTTP/1.1" 200 2889 "-" "Mozilla/5.0 (compatible; bingbot/2.0; +http://www.bing.com/bingbot.htm)"
66.249.75.42 - - [21/Apr/2013:08:18:51 +0200] "GET /robots.txt HTTP/1.1" 404 1256 "-" "Mozilla/5.0 (compatible; Googlebot/2.1; +http://www.google.com/bot.html)"
66.249.78.91 - - [21/Apr/2013:08:18:51 +0200] "GET / HTTP/1.1" 200 2889 "-" "Mozilla/5.0 (iPhone; U; CPU iPhone OS 4_1 like Mac OS X; en-us) AppleWebKit/532.9 (KHTML, like Gecko) Version/4.0.5 Mobile/8B117 Safari/6531.22.7 (compatible; Googlebot-Mobile/2.1; +http://www.google.com/bot.html)"
65.55.52.114 - - [21/Apr/2013:15:59:34 +0200] "GET /robots.txt HTTP/1.1" 404 1256 "-" "Mozilla/5.0 (compatible; bingbot/2.0; +http://www.bing.com/bingbot.htm)"
65.55.52.114 - - [21/Apr/2013:16:01:22 +0200] "GET / HTTP/1.1" 200 2889 "-" "Mozilla/5.0 (compatible; bingbot/2.0; +http://www.bing.com/bingbot.htm)"
83.133.106.84 - - [22/Apr/2013:00:41:22 +0200] "GET / HTTP/1.1" 200 2889 "-" "Mozilla/5.0 (iPhone; CPU iPhone OS 5_0 like Mac OS X) AppleWebKit/534.46 (KHTML, like Gecko) Version/5.1 Mobile/9A334 Safari/7534.48.3"
83.133.106.84 - - [22/Apr/2013:00:41:22 +0200] "GET /images/hintgr.gif HTTP/1.1" 200 925 "http://www.wertstoffservice.de/" "Mozilla/5.0 (iPhone; CPU iPhone OS 5_0 like Mac OS X) AppleWebKit/534.46 (KHTML, like Gecko) Version/5.1 Mobile/9A334 Safari/7534.48.3"
83.133.106.84 - - [22/Apr/2013:00:41:22 +0200] "GET /images/u-const.gif HTTP/1.1" 200 3797 "http://www.wertstoffservice.de/" "Mozilla/5.0 (iPhone; CPU iPhone OS 5_0 like Mac OS X) AppleWebKit/534.46 (KHTML, like Gecko) Version/5.1 Mobile/9A334 Safari/7534.48.3"
83.133.106.84 - - [22/Apr/2013:00:41:22 +0200] "GET /images/logo.gif HTTP/1.1" 200 6252 "http://www.wertstoffservice.de/" "Mozilla/5.0 (iPhone; CPU iPhone OS 5_0 like Mac OS X) AppleWebKit/534.46 (KHTML, like Gecko) Version/5.1 Mobile/9A334 Safari/7534.48.3"
65.55.52.114 - - [22/Apr/2013:03:31:04 +0200] "GET /robots.txt HTTP/1.1" 404 1256 "-" "Mozilla/5.0 (compatible; bingbot/2.0; +http://www.bing.com/bingbot.htm)"
65.55.52.114 - - [22/Apr/2013:03:32:58 +0200] "GET / HTTP/1.1" 200 2889 "-" "Mozilla/5.0 (compatible; bingbot/2.0; +http://www.bing.com/bingbot.htm)"
65.55.52.114 - - [22/Apr/2013:06:33:04 +0200] "GET /robots.txt HTTP/1.1" 404 1256 "-" "Mozilla/5.0 (compatible; bingbot/2.0; +http://www.bing.com/bingbot.htm)"
65.55.52.114 - - [22/Apr/2013:06:36:53 +0200] "GET / HTTP/1.1" 200 2889 "-" "Mozilla/5.0 (compatible; bingbot/2.0; +http://www.bing.com/bingbot.htm)"
64.246.165.200 - - [22/Apr/2013:07:05:49 +0200] "GET /robots.txt HTTP/1.0" 404 1256 "-" "Mozilla/5.0 (Windows; U; Windows NT 5.1; en; rv:1.9.0.13) Gecko/2009073022 Firefox/3.5.2 (.NET CLR 3.5.30729) SurveyBot/2.3 (DomainTools)"
64.246.165.200 - - [22/Apr/2013:07:05:49 +0200] "GET / HTTP/1.1" 200 2889 "http://whois.domaintools.com/wertstoffservice.de" "Mozilla/5.0 (Windows; U; Windows NT 5.1; en; rv:1.9.0.13) Gecko/2009073022 Firefox/3.5.2 (.NET CLR 3.5.30729) SurveyBot/2.3 (DomainTools)"
65.55.52.114 - - [22/Apr/2013:08:13:49 +0200] "GET /robots.txt HTTP/1.1" 404 1256 "-" "Mozilla/5.0 (compatible; bingbot/2.0; +http://www.bing.com/bingbot.htm)"
65.55.52.114 - - [22/Apr/2013:08:16:00 +0200] "GET / HTTP/1.1" 200 2889 "-" "Mozilla/5.0 (compatible; bingbot/2.0; +http://www.bing.com/bingbot.htm)"
66.249.78.91 - - [22/Apr/2013:17:48:56 +0200] "GET /robots.txt HTTP/1.1" 404 1256 "-" "Mozilla/5.0 (compatible; Googlebot/2.1; +http://www.google.com/bot.html)"
66.249.78.91 - - [22/Apr/2013:17:48:56 +0200] "GET / HTTP/1.1" 200 2889 "-" "Mozilla/5.0 (compatible; Googlebot/2.1; +http://www.google.com/bot.html)"
65.55.52.114 - - [22/Apr/2013:19:09:24 +0200] "GET /robots.txt HTTP/1.1" 404 1256 "-" "Mozilla/5.0 (compatible; bingbot/2.0; +http://www.bing.com/bingbot.htm)"
65.55.52.114 - - [22/Apr/2013:19:11:16 +0200] "GET / HTTP/1.1" 200 2889 "-" "Mozilla/5.0 (compatible; bingbot/2.0; +http://www.bing.com/bingbot.htm)"
93.220.242.13 - - [22/Apr/2013:20:16:28 +0200] "GET / HTTP/1.1" 200 2889 "-" "Mozilla/4.0 (compatible; MSIE 8.0; Windows NT 6.0; .NET CLR 1.0.3705; .NET CLR 1.1.4322; Media Center PC 4.0; .NET CLR 2.0.50727)"
66.249.78.91 - - [23/Apr/2013:12:01:36 +0200] "GET /robots.txt HTTP/1.1" 404 1256 "-" "Mozilla/5.0 (compatible; Googlebot/2.1; +http://www.google.com/bot.html)"
66.249.78.91 - - [23/Apr/2013:12:01:36 +0200] "GET / HTTP/1.1" 200 2889 "-" "Mozilla/5.0 (iPhone; U; CPU iPhone OS 4_1 like Mac OS X; en-us) AppleWebKit/532.9 (KHTML, like Gecko) Version/4.0.5 Mobile/8B117 Safari/6531.22.7 (compatible; Googlebot-Mobile/2.1; +http://www.google.com/bot.html)"
65.55.52.96 - - [23/Apr/2013:17:49:31 +0200] "GET /robots.txt HTTP/1.1" 404 1256 "-" "Mozilla/5.0 (compatible; bingbot/2.0; +http://www.bing.com/bingbot.htm)"
65.55.52.96 - - [23/Apr/2013:17:51:17 +0200] "GET / HTTP/1.1" 200 2889 "-" "Mozilla/5.0 (compatible; bingbot/2.0; +http://www.bing.com/bingbot.htm)"
93.220.242.205 - - [23/Apr/2013:20:15:16 +0200] "GET / HTTP/1.1" 200 2889 "-" "Mozilla/4.0+(compatible;+MSIE+7.0;+Windows+NT+5.1)"
65.55.52.96 - - [24/Apr/2013:04:52:09 +0200] "GET /robots.txt HTTP/1.1" 404 1256 "-" "Mozilla/5.0 (compatible; bingbot/2.0; +http://www.bing.com/bingbot.htm)"
65.55.52.96 - - [24/Apr/2013:04:53:55 +0200] "GET / HTTP/1.1" 200 2889 "-" "Mozilla/5.0 (compatible; bingbot/2.0; +http://www.bing.com/bingbot.htm)"
65.55.52.96 - - [24/Apr/2013:17:00:09 +0200] "GET /robots.txt HTTP/1.1" 404 1256 "-" "Mozilla/5.0 (compatible; bingbot/2.0; +http://www.bing.com/bingbot.htm)"
65.55.52.96 - - [24/Apr/2013:17:02:06 +0200] "GET / HTTP/1.1" 200 2889 "-" "Mozilla/5.0 (compatible; bingbot/2.0; +http://www.bing.com/bingbot.htm)"
141.8.147.12 - - [25/Apr/2013:02:38:09 +0200] "GET /robots.txt HTTP/1.1" 404 1256 "-" "Mozilla/5.0 (compatible; YandexBot/3.0; +http://yandex.com/bots)"
65.55.52.96 - - [25/Apr/2013:04:49:15 +0200] "GET /robots.txt HTTP/1.1" 404 1256 "-" "Mozilla/5.0 (compatible; bingbot/2.0; +http://www.bing.com/bingbot.htm)"
65.55.52.96 - - [25/Apr/2013:04:51:09 +0200] "GET / HTTP/1.1" 200 2889 "-" "Mozilla/5.0 (compatible; bingbot/2.0; +http://www.bing.com/bingbot.htm)"
141.8.147.12 - - [25/Apr/2013:11:23:22 +0200] "GET / HTTP/1.1" 200 2889 "-" "Mozilla/5.0 (compatible; YandexBot/3.0; +http://yandex.com/bots)"
180.76.5.182 - - [25/Apr/2013:15:31:03 +0200] "GET /robots.txt HTTP/1.1" 404 1256 "-" "Mozilla/5.0 (Windows NT 5.1; rv:6.0.2) Gecko/20100101 Firefox/6.0.2"
65.55.52.96 - - [25/Apr/2013:16:37:29 +0200] "GET /robots.txt HTTP/1.1" 404 1256 "-" "Mozilla/5.0 (compatible; bingbot/2.0; +http://www.bing.com/bingbot.htm)"
65.55.52.96 - - [25/Apr/2013:16:39:03 +0200] "GET / HTTP/1.1" 200 2889 "-" "Mozilla/5.0 (compatible; bingbot/2.0; +http://www.bing.com/bingbot.htm)"
141.8.147.12 - - [26/Apr/2013:02:33:46 +0200] "GET /robots.txt HTTP/1.1" 404 1256 "-" "Mozilla/5.0 (compatible; YandexBot/3.0; +http://yandex.com/bots)"
65.55.52.96 - - [26/Apr/2013:04:03:28 +0200] "GET /robots.txt HTTP/1.1" 404 1256 "-" "Mozilla/5.0 (compatible; bingbot/2.0; +http://www.bing.com/bingbot.htm)"
65.55.52.96 - - [26/Apr/2013:04:05:43 +0200] "GET / HTTP/1.1" 200 2889 "-" "Mozilla/5.0 (compatible; bingbot/2.0; +http://www.bing.com/bingbot.htm)"
66.249.78.91 - - [26/Apr/2013:06:01:34 +0200] "GET /robots.txt HTTP/1.1" 404 1256 "-" "Mozilla/5.0 (compatible; Googlebot/2.1; +http://www.google.com/bot.html)"
66.249.78.91 - - [26/Apr/2013:06:01:34 +0200] "GET / HTTP/1.1" 200 2889 "-" "Mozilla/5.0 (iPhone; U; CPU iPhone OS 4_1 like Mac OS X; en-us) AppleWebKit/532.9 (KHTML, like Gecko) Version/4.0.5 Mobile/8B117 Safari/6531.22.7 (compatible; Googlebot-Mobile/2.1; +http://www.google.com/bot.html)"
141.8.147.12 - - [26/Apr/2013:11:18:49 +0200] "GET / HTTP/1.1" 200 2889 "-" "Mozilla/5.0 (compatible; YandexBot/3.0; +http://yandex.com/bots)"
5.9.6.231 - - [27/Apr/2013:06:02:17 +0200] "GET / HTTP/1.1" 200 2889 "-" "Mozilla/5.0 (X11; Ubuntu; Linux x86_64; rv:19.0) Gecko/20100101 Firefox/19.0"
5.9.6.231 - - [27/Apr/2013:06:02:22 +0200] "GET / HTTP/1.1" 200 2889 "-" "Mozilla/5.0 (iPhone; U; CPU iPhone OS 3_0 like Mac OS X; en-us) AppleWebKit/528.18 (KHTML, like Gecko) Version/4.0 Mobile/7A341 Safari/528.16"
83.169.40.246 - - [27/Apr/2013:06:02:27 +0200] "GET / HTTP/1.0" 200 2889 "-" "Mozilla/5.0 (Windows NT 6.1; rv:8.0) Gecko/20100101 Firefox/8.0"
65.55.52.96 - - [27/Apr/2013:19:57:44 +0200] "GET /robots.txt HTTP/1.1" 404 1256 "-" "Mozilla/5.0 (compatible; bingbot/2.0; +http://www.bing.com/bingbot.htm)"
65.55.52.96 - - [27/Apr/2013:19:59:42 +0200] "GET / HTTP/1.1" 200 2889 "-" "Mozilla/5.0 (compatible; bingbot/2.0; +http://www.bing.com/bingbot.htm)"
173.208.165.194 - - [28/Apr/2013:01:51:10 +0200] "GET /robots.txt HTTP/1.0" 404 1256 "-" "Mozilla/5.0 (compatible; MJ12bot/v1.4.3; http://www.majestic12.co.uk/bot.php?+)"
173.208.165.194 - - [28/Apr/2013:01:51:12 +0200] "GET / HTTP/1.0" 200 2889 "-" "Mozilla/5.0 (compatible; MJ12bot/v1.4.3; http://www.majestic12.co.uk/bot.php?+)"
66.249.78.91 - - [28/Apr/2013:04:24:35 +0200] "GET /robots.txt HTTP/1.1" 404 1256 "-" "Mozilla/5.0 (compatible; Googlebot/2.1; +http://www.google.com/bot.html)"
66.249.75.42 - - [28/Apr/2013:04:24:36 +0200] "GET / HTTP/1.1" 200 2889 "-" "DoCoMo/2.0 N905i(c100;TB;W24H16) (compatible; Googlebot-Mobile/2.1; +http://www.google.com/bot.html)"
66.249.78.91 - - [28/Apr/2013:08:12:20 +0200] "GET / HTTP/1.1" 200 2889 "-" "Mozilla/5.0 (iPhone; U; CPU iPhone OS 4_1 like Mac OS X; en-us) AppleWebKit/532.9 (KHTML, like Gecko) Version/4.0.5 Mobile/8B117 Safari/6531.22.7 (compatible; Googlebot-Mobile/2.1; +http://www.google.com/bot.html)"
85.186.103.66 - - [28/Apr/2013:11:49:32 +0200] "GET / HTTP/1.1" 200 2889 "-" "Mozilla/5.0 (Windows; U; Windows NT 5.1; en-US; rv:1.8.1.1) Gecko/20061204 Firefox/2.0.0.1"
80.133.72.159 - - [28/Apr/2013:18:45:45 +0200] "GET / HTTP/1.1" 200 2889 "http://maps.google.de/maps?hl=de&gs_rn=11&gs_ri=psy-ab&pq=abfallwirtschaft+westsachsen&cp=24&gs_id=dl&xhr=t&bav=on.2,or.r_qf.&biw=1600&bih=772&um=1&ie=UTF-8&q=abfallwirtschaft&fb=1&gl=de&hq=abfallwirtschaft&hnear=0x47a7465f01fd9de9:0x51ddf8280975d11c,Chemnitz&sa=X&ei=CFB9UYz-DYintAaxqICoBg&sqi=2&ved=0CLEBELYD" "Mozilla/5.0 (Windows NT 6.1; WOW64; rv:17.0) Gecko/20100101 Firefox/17.0"
80.133.72.159 - - [28/Apr/2013:18:45:46 +0200] "GET /images/logo.gif HTTP/1.1" 200 6252 "http://www.wertstoffservice.de/" "Mozilla/5.0 (Windows NT 6.1; WOW64; rv:17.0) Gecko/20100101 Firefox/17.0"
80.133.72.159 - - [28/Apr/2013:18:45:46 +0200] "GET /images/u-const.gif HTTP/1.1" 200 3797 "http://www.wertstoffservice.de/" "Mozilla/5.0 (Windows NT 6.1; WOW64; rv:17.0) Gecko/20100101 Firefox/17.0"
80.133.72.159 - - [28/Apr/2013:18:45:46 +0200] "GET /images/hintgr.gif HTTP/1.1" 200 925 "http://www.wertstoffservice.de/images/hintgr.gif" "Mozilla/5.0 (Windows NT 6.1; WOW64; rv:17.0) Gecko/20100101 Firefox/17.0"
80.133.72.159 - - [28/Apr/2013:18:45:46 +0200] "GET /favicon.ico HTTP/1.1" 404 1256 "-" "Mozilla/5.0 (Windows NT 6.1; WOW64; rv:17.0) Gecko/20100101 Firefox/17.0"
80.133.72.159 - - [28/Apr/2013:18:45:46 +0200] "GET /favicon.ico HTTP/1.1" 404 1256 "-" "Mozilla/5.0 (Windows NT 6.1; WOW64; rv:17.0) Gecko/20100101 Firefox/17.0"
66.249.78.91 - - [28/Apr/2013:18:52:44 +0200] "GET /robots.txt HTTP/1.1" 404 1256 "-" "Mozilla/5.0 (compatible; Googlebot/2.1; +http://www.google.com/bot.html)"
66.249.78.91 - - [28/Apr/2013:18:52:44 +0200] "GET / HTTP/1.1" 200 2889 "-" "Mozilla/5.0 (compatible; Googlebot/2.1; +http://www.google.com/bot.html)"
93.228.67.41 - - [29/Apr/2013:06:21:45 +0200] "GET / HTTP/1.1" 200 2889 "-" "Mozilla/5.0 Gecko/2009042316 Firefox/2.0.0.x"
85.114.132.65 - - [29/Apr/2013:18:04:20 +0200] "GET / HTTP/1.1" 200 2889 "-" "Mozilla/4.0 (compatible; MSIE 6.0; Windows NT 5.1; SV1; .NET CLR 1.1.4322; .NET CLR 2.0.50727)"
65.55.52.96 - - [29/Apr/2013:21:30:57 +0200] "GET /robots.txt HTTP/1.1" 404 1256 "-" "Mozilla/5.0 (compatible; bingbot/2.0; +http://www.bing.com/bingbot.htm)"
65.55.52.96 - - [29/Apr/2013:21:32:39 +0200] "GET / HTTP/1.1" 200 2889 "-" "Mozilla/5.0 (compatible; bingbot/2.0; +http://www.bing.com/bingbot.htm)"
93.220.204.59 - - [30/Apr/2013:06:20:25 +0200] "GET / HTTP/1.1" 200 2889 "-" "Mozilla/4.0 (compatible; MSIE 7.0; Windows NT 6.0; WOW64; SLCC1; .NET CLR 2.0.50727; .NET CLR 1.1.4322)"
180.76.6.16 - - [30/Apr/2013:13:49:34 +0200] "GET /robots.txt HTTP/1.1" 404 1256 "-" "Mozilla/5.0 (Windows NT 5.1; rv:6.0.2) Gecko/20100101 Firefox/6.0.2"
65.55.215.33 - - [30/Apr/2013:15:10:40 +0200] "GET /robots.txt HTTP/1.1" 404 1256 "-" "msnbot-media/1.1 (+http://search.msn.com/msnbot.htm)"
65.55.215.33 - - [30/Apr/2013:15:10:40 +0200] "GET /images/logo.gif HTTP/1.1" 200 6252 "-" "msnbot-media/1.1 (+http://search.msn.com/msnbot.htm)"
92.224.39.180 - - [30/Apr/2013:18:18:15 +0200] "GET / HTTP/1.1" 200 2889 "-" "UserAgent: Apache-HttpClient/release (java 1.5)"
92.224.39.180 - - [30/Apr/2013:18:18:15 +0200] "GET /impressum.html HTTP/1.1" 404 1256 "-" "UserAgent: Apache-HttpClient/release (java 1.5)"
92.224.39.180 - - [30/Apr/2013:18:18:15 +0200] "GET /impressum.htm HTTP/1.1" 404 1256 "-" "UserAgent: Apache-HttpClient/release (java 1.5)"
92.224.39.180 - - [30/Apr/2013:18:18:15 +0200] "GET / HTTP/1.1" 200 2889 "-" "UserAgent: Apache-HttpClient/release (java 1.5)"