141.8.147.12 - - [09/Aug/2013:03:21:15 +0200] "GET /images/15x15.jpg HTTP/1.1" 304 - "-" "Mozilla/5.0 (compatible; YandexImages/3.0; +http://yandex.com/bots)"
199.30.20.68 - - [09/Aug/2013:04:42:52 +0200] "GET /robots.txt HTTP/1.1" 200 298 "-" "msnbot-media/1.1 (+http://search.msn.com/msnbot.htm)"
199.30.20.68 - - [09/Aug/2013:04:42:52 +0200] "GET /impressum/images/logo_big.jpg HTTP/1.1" 200 12681 "-" "msnbot-media/1.1 (+http://search.msn.com/msnbot.htm)"
141.8.147.12 - - [09/Aug/2013:05:49:11 +0200] "GET /images/span.jpg HTTP/1.1" 304 - "-" "Mozilla/5.0 (compatible; YandexImages/3.0; +http://yandex.com/bots)"
5.10.83.73 - - [09/Aug/2013:06:31:01 +0200] "GET /env/roland/sc880.html HTTP/1.1" 200 17092 "-" "Mozilla/5.0 (compatible; AhrefsBot/5.0; +http://ahrefs.com/robot/)"
141.8.147.12 - - [09/Aug/2013:07:36:31 +0200] "GET /images/10x10_CCCCCC.jpg HTTP/1.1" 304 - "-" "Mozilla/5.0 (compatible; YandexImages/3.0; +http://yandex.com/bots)"
141.8.147.12 - - [09/Aug/2013:09:03:53 +0200] "GET /images/pixel.gif HTTP/1.1" 304 - "-" "Mozilla/5.0 (compatible; YandexImages/3.0; +http://yandex.com/bots)"
5.10.83.40 - - [09/Aug/2013:09:18:19 +0200] "GET /env/jomox/download/airbase99.LSO HTTP/1.1" 200 387896 "-" "Mozilla/5.0 (compatible; AhrefsBot/5.0; +http://ahrefs.com/robot/)"
5.10.83.40 - - [09/Aug/2013:10:17:42 +0200] "GET /env/roland/pics/pic_sc880.html HTTP/1.1" 200 755 "-" "Mozilla/5.0 (compatible; AhrefsBot/5.0; +http://ahrefs.com/robot/)"
141.8.147.12 - - [09/Aug/2013:13:15:07 +0200] "GET /robots.txt HTTP/1.1" 200 298 "-" "Mozilla/5.0 (compatible; YandexBot/3.0; +http://yandex.com/bots)"
141.8.147.12 - - [09/Aug/2013:13:22:10 +0200] "GET /images/15x15.jpg HTTP/1.1" 304 - "-" "Mozilla/5.0 (compatible; YandexImages/3.0; +http://yandex.com/bots)"
5.10.83.80 - - [09/Aug/2013:14:16:45 +0200] "GET /env/roland/sc880.html HTTP/1.1" 200 17092 "-" "Mozilla/5.0 (compatible; AhrefsBot/5.0; +http://ahrefs.com/robot/)"
66.249.73.91 - - [09/Aug/2013:16:57:50 +0200] "GET /robots.txt HTTP/1.1" 200 298 "-" "Mozilla/5.0 (compatible; Googlebot/2.1; +http://www.google.com/bot.html)"
66.249.73.91 - - [09/Aug/2013:16:57:50 +0200] "GET / HTTP/1.1" 200 15853 "-" "Mozilla/5.0 (iPhone; U; CPU iPhone OS 4_1 like Mac OS X; en-us) AppleWebKit/532.9 (KHTML, like Gecko) Version/4.0.5 Mobile/8B117 Safari/6531.22.7 (compatible; Googlebot-Mobile/2.1; +http://www.google.com/bot.html)"
141.8.147.12 - - [09/Aug/2013:17:08:36 +0200] "GET / HTTP/1.1" 200 15853 "-" "Mozilla/5.0 (compatible; YandexBot/3.0; +http://yandex.com/bots)"
141.8.147.12 - - [09/Aug/2013:17:08:59 +0200] "GET /images/pixel.gif HTTP/1.1" 304 - "-" "Mozilla/5.0 (compatible; YandexImages/3.0; +http://yandex.com/bots)"
141.8.147.12 - - [09/Aug/2013:18:03:23 +0200] "GET /images/span.jpg HTTP/1.1" 304 - "-" "Mozilla/5.0 (compatible; YandexImages/3.0; +http://yandex.com/bots)"
199.30.20.68 - - [09/Aug/2013:18:41:50 +0200] "GET /robots.txt HTTP/1.1" 200 298 "-" "msnbot-media/1.1 (+http://search.msn.com/msnbot.htm)"
199.30.20.68 - - [09/Aug/2013:18:41:50 +0200] "GET /impressum/images/logo_big.jpg HTTP/1.1" 200 12681 "-" "msnbot-media/1.1 (+http://search.msn.com/msnbot.htm)"
141.8.147.12 - - [09/Aug/2013:18:48:03 +0200] "GET /images/10x10_CCCCCC.jpg HTTP/1.1" 304 - "-" "Mozilla/5.0 (compatible; YandexImages/3.0; +http://yandex.com/bots)"
173.199.118.171 - - [09/Aug/2013:19:29:12 +0200] "GET /robots.txt HTTP/1.1" 200 298 "-" "Mozilla/5.0 (compatible; AhrefsBot/4.0; +http://ahrefs.com/robot/)"
54.221.39.212 - - [09/Aug/2013:20:00:10 +0200] "GET / HTTP/1.0" 200 15853 "-" "Mozilla/5.0 (compatible; NetcraftSurveyAgent/1.0; +info@netcraft.com)"
66.249.73.91 - - [09/Aug/2013:21:00:44 +0200] "GET /env/jomox/jomox.html HTTP/1.1" 304 - "-" "Mozilla/5.0 (iPhone; U; CPU iPhone OS 4_1 like Mac OS X; en-us) AppleWebKit/532.9 (KHTML, like Gecko) Version/4.0.5 Mobile/8B117 Safari/6531.22.7 (compatible; Googlebot-Mobile/2.1; +http://www.google.com/bot.html)"
141.8.147.12 - - [09/Aug/2013:22:30:31 +0200] "GET /images/10x10_CCCCCC.jpg HTTP/1.1" 304 - "-" "Mozilla/5.0 (compatible; YandexImages/3.0; +http://yandex.com/bots)"
141.8.147.12 - - [10/Aug/2013:01:03:12 +0200] "GET /images/pixel.gif HTTP/1.1" 304 - "-" "Mozilla/5.0 (compatible; YandexImages/3.0; +http://yandex.com/bots)"
141.8.147.12 - - [10/Aug/2013:01:19:48 +0200] "GET /robots.txt HTTP/1.1" 200 298 "-" "Mozilla/5.0 (compatible; YandexBot/3.0; +http://yandex.com/bots)"
141.8.147.12 - - [10/Aug/2013:01:19:50 +0200] "GET /images/15x15.jpg HTTP/1.1" 304 - "-" "Mozilla/5.0 (compatible; YandexImages/3.0; +http://yandex.com/bots)"
157.55.32.94 - - [10/Aug/2013:03:05:55 +0200] "GET /robots.txt HTTP/1.1" 200 298 "-" "Mozilla/5.0 (compatible; bingbot/2.0; +http://www.bing.com/bingbot.htm)"
157.55.32.94 - - [10/Aug/2013:03:06:39 +0200] "GET /friends/friends.html HTTP/1.1" 401 1226 "-" "Mozilla/5.0 (compatible; bingbot/2.0; +http://www.bing.com/bingbot.htm)"
199.30.20.102 - - [10/Aug/2013:03:55:26 +0200] "GET /robots.txt HTTP/1.1" 200 298 "-" "msnbot-media/1.1 (+http://search.msn.com/msnbot.htm)"
199.30.20.102 - - [10/Aug/2013:03:55:26 +0200] "GET /env/jomox/images/logo_big.jpg HTTP/1.1" 200 12681 "-" "msnbot-media/1.1 (+http://search.msn.com/msnbot.htm)"
141.8.147.12 - - [10/Aug/2013:04:43:04 +0200] "GET /images/span.jpg HTTP/1.1" 304 - "-" "Mozilla/5.0 (compatible; YandexImages/3.0; +http://yandex.com/bots)"
199.30.20.68 - - [10/Aug/2013:05:29:36 +0200] "GET /robots.txt HTTP/1.1" 200 298 "-" "msnbot-media/1.1 (+http://search.msn.com/msnbot.htm)"
199.30.20.68 - - [10/Aug/2013:05:29:36 +0200] "GET /impressum/images/logo_big.jpg HTTP/1.1" 200 12681 "-" "msnbot-media/1.1 (+http://search.msn.com/msnbot.htm)"
66.249.73.91 - - [10/Aug/2013:10:40:06 +0200] "GET /env/env.html HTTP/1.1" 304 - "-" "Mozilla/5.0 (iPhone; U; CPU iPhone OS 4_1 like Mac OS X; en-us) AppleWebKit/532.9 (KHTML, like Gecko) Version/4.0.5 Mobile/8B117 Safari/6531.22.7 (compatible; Googlebot-Mobile/2.1; +http://www.google.com/bot.html)"
85.25.120.73 - - [10/Aug/2013:12:41:20 +0200] "GET / HTTP/1.1" 200 15853 "-" "Mozilla/5.0 (X11; U; Linux i686; en-US; rv:1.9.0.1) Gecko/2008070206 Firefox/3.0.1"
85.25.120.73 - - [10/Aug/2013:12:41:20 +0200] "GET /impressum/impressum.html HTTP/1.1" 200 7872 "-" "Mozilla/5.0 (X11; U; Linux i686; en-US; rv:1.9.0.1) Gecko/2008070206 Firefox/3.0.1"
66.249.72.237 - - [11/Aug/2013:08:07:43 +0200] "GET /robots.txt HTTP/1.1" 200 298 "-" "Mozilla/5.0 (compatible; Googlebot/2.1; +http://www.google.com/bot.html)"
66.249.72.237 - - [11/Aug/2013:08:07:43 +0200] "GET / HTTP/1.1" 200 15853 "-" "Mozilla/5.0 (iPhone; U; CPU iPhone OS 4_1 like Mac OS X; en-us) AppleWebKit/532.9 (KHTML, like Gecko) Version/4.0.5 Mobile/8B117 Safari/6531.22.7 (compatible; Googlebot-Mobile/2.1; +http://www.google.com/bot.html)"
157.55.32.94 - - [11/Aug/2013:11:27:53 +0200] "GET /robots.txt HTTP/1.1" 200 298 "-" "Mozilla/5.0 (compatible; bingbot/2.0; +http://www.bing.com/bingbot.htm)"
157.55.32.94 - - [11/Aug/2013:11:31:36 +0200] "GET /env/roland/sc880.html HTTP/1.1" 304 - "-" "Mozilla/5.0 (compatible; bingbot/2.0; +http://www.bing.com/bingbot.htm)"
65.55.52.111 - - [11/Aug/2013:14:27:35 +0200] "GET /robots.txt HTTP/1.1" 200 298 "-" "Mozilla/5.0 (compatible; bingbot/2.0; +http://www.bing.com/bingbot.htm)"
65.55.52.111 - - [11/Aug/2013:14:28:19 +0200] "GET / HTTP/1.1" 304 - "-" "Mozilla/5.0 (compatible; bingbot/2.0; +http://www.bing.com/bingbot.htm)"
141.8.147.12 - - [11/Aug/2013:16:11:58 +0200] "GET /robots.txt HTTP/1.1" 200 298 "-" "Mozilla/5.0 (compatible; YandexBot/3.0; +http://yandex.com/bots)"
144.76.95.39 - - [11/Aug/2013:23:26:13 +0200] "GET /robots.txt HTTP/1.0" 200 298 "-" "Mozilla/5.0 (compatible; MJ12bot/v1.4.3; http://www.majestic12.co.uk/bot.php?+)"
144.76.95.39 - - [11/Aug/2013:23:26:15 +0200] "GET / HTTP/1.0" 200 15853 "-" "Mozilla/5.0 (compatible; MJ12bot/v1.4.3; http://www.majestic12.co.uk/bot.php?+)"
141.8.147.12 - - [11/Aug/2013:23:50:47 +0200] "GET /env/roland/pics/pic_sc880.html HTTP/1.1" 200 755 "-" "Mozilla/5.0 (compatible; YandexBot/3.0; +http://yandex.com/bots)"
65.55.52.111 - - [12/Aug/2013:02:33:13 +0200] "GET /robots.txt HTTP/1.1" 200 298 "-" "Mozilla/5.0 (compatible; bingbot/2.0; +http://www.bing.com/bingbot.htm)"
65.55.52.111 - - [12/Aug/2013:02:33:45 +0200] "GET / HTTP/1.1" 304 - "-" "Mozilla/5.0 (compatible; bingbot/2.0; +http://www.bing.com/bingbot.htm)"
141.8.147.12 - - [12/Aug/2013:02:48:45 +0200] "GET /env/env.html HTTP/1.1" 200 12438 "-" "Mozilla/5.0 (compatible; YandexBot/3.0; +http://yandex.com/bots)"
141.8.147.12 - - [12/Aug/2013:05:30:45 +0200] "GET /robots.txt HTTP/1.1" 200 298 "-" "Mozilla/5.0 (compatible; YandexBot/3.0; +http://yandex.com/bots)"
141.8.147.12 - - [12/Aug/2013:07:02:51 +0200] "GET /env/jomox/jomox.html HTTP/1.1" 200 14935 "-" "Mozilla/5.0 (compatible; YandexBot/3.0; +http://yandex.com/bots)"
66.249.72.237 - - [12/Aug/2013:08:45:23 +0200] "GET /robots.txt HTTP/1.1" 200 298 "-" "Mozilla/5.0 (compatible; Googlebot/2.1; +http://www.google.com/bot.html)"
66.249.72.237 - - [12/Aug/2013:08:45:23 +0200] "GET /env/jomox/pics/pic_airbase99.html HTTP/1.1" 304 - "-" "Mozilla/5.0 (compatible; Googlebot/2.1; +http://www.google.com/bot.html)"
141.8.147.12 - - [12/Aug/2013:09:05:28 +0200] "GET /impressum/impressum.html HTTP/1.1" 200 7872 "-" "Mozilla/5.0 (compatible; YandexBot/3.0; +http://yandex.com/bots)"
141.8.147.12 - - [12/Aug/2013:11:17:19 +0200] "GET /links/links.html HTTP/1.1" 200 278 "-" "Mozilla/5.0 (compatible; YandexBot/3.0; +http://yandex.com/bots)"
199.30.16.18 - - [12/Aug/2013:12:45:04 +0200] "GET /robots.txt HTTP/1.1" 200 298 "-" "msnbot-media/1.1 (+http://search.msn.com/msnbot.htm)"
199.30.16.18 - - [12/Aug/2013:12:45:05 +0200] "GET /impressum/images/logo_big.jpg HTTP/1.1" 200 12681 "-" "msnbot-media/1.1 (+http://search.msn.com/msnbot.htm)"
141.8.147.12 - - [12/Aug/2013:13:06:03 +0200] "GET /env/roland/sc880.html HTTP/1.1" 200 17092 "-" "Mozilla/5.0 (compatible; YandexBot/3.0; +http://yandex.com/bots)"
65.55.52.111 - - [12/Aug/2013:17:59:21 +0200] "GET /robots.txt HTTP/1.1" 200 298 "-" "Mozilla/5.0 (compatible; bingbot/2.0; +http://www.bing.com/bingbot.htm)"
65.55.52.111 - - [12/Aug/2013:18:00:39 +0200] "GET /impressum/impressum.html HTTP/1.1" 200 7872 "-" "Mozilla/5.0 (compatible; bingbot/2.0; +http://www.bing.com/bingbot.htm)"
65.55.52.111 - - [12/Aug/2013:18:00:51 +0200] "GET /impressum/images/span.jpg HTTP/1.1" 200 811 "-" "Mozilla/5.0 (compatible; bingbot/2.0; +http://www.bing.com/bingbot.htm)"
157.55.33.88 - - [12/Aug/2013:18:07:39 +0200] "GET /impressum/images/logo_big.jpg HTTP/1.1" 200 12681 "-" "Mozilla/5.0 (compatible; bingbot/2.0; +http://www.bing.com/bingbot.htm)"
157.55.33.88 - - [12/Aug/2013:18:19:39 +0200] "GET /impressum/images/10x10_CCCCCC.jpg HTTP/1.1" 200 631 "-" "Mozilla/5.0 (compatible; bingbot/2.0; +http://www.bing.com/bingbot.htm)"
66.249.75.237 - - [12/Aug/2013:18:29:29 +0200] "GET /robots.txt HTTP/1.1" 200 298 "-" "Mozilla/5.0 (compatible; Googlebot/2.1; +http://www.google.com/bot.html)"
66.249.75.237 - - [12/Aug/2013:18:29:29 +0200] "GET /env/jomox/pics/airbase99_small.jpg HTTP/1.1" 304 - "-" "Googlebot-Image/1.0"
66.249.75.237 - - [12/Aug/2013:18:47:50 +0200] "GET / HTTP/1.1" 200 15853 "-" "Mozilla/5.0 (iPhone; U; CPU iPhone OS 4_1 like Mac OS X; en-us) AppleWebKit/532.9 (KHTML, like Gecko) Version/4.0.5 Mobile/8B117 Safari/6531.22.7 (compatible; Googlebot-Mobile/2.1; +http://www.google.com/bot.html)"
66.249.75.237 - - [12/Aug/2013:20:19:52 +0200] "GET /env/jomox/jomox.html HTTP/1.1" 304 - "-" "Mozilla/5.0 (iPhone; U; CPU iPhone OS 4_1 like Mac OS X; en-us) AppleWebKit/532.9 (KHTML, like Gecko) Version/4.0.5 Mobile/8B117 Safari/6531.22.7 (compatible; Googlebot-Mobile/2.1; +http://www.google.com/bot.html)"
141.8.147.12 - - [12/Aug/2013:21:50:52 +0200] "GET /robots.txt HTTP/1.1" 200 298 "-" "Mozilla/5.0 (compatible; YandexBot/3.0; +http://yandex.com/bots)"
141.8.147.12 - - [13/Aug/2013:03:11:01 +0200] "GET / HTTP/1.1" 200 15853 "-" "Mozilla/5.0 (compatible; YandexBot/3.0; +http://yandex.com/bots)"
157.55.33.88 - - [13/Aug/2013:03:27:12 +0200] "GET /robots.txt HTTP/1.1" 200 298 "-" "Mozilla/5.0 (compatible; bingbot/2.0; +http://www.bing.com/bingbot.htm)"
157.55.33.88 - - [13/Aug/2013:03:27:49 +0200] "GET /links/links.html HTTP/1.1" 200 278 "-" "Mozilla/5.0 (compatible; bingbot/2.0; +http://www.bing.com/bingbot.htm)"
141.8.147.12 - - [13/Aug/2013:04:47:52 +0200] "GET /images/pixel.gif HTTP/1.1" 304 - "-" "Mozilla/5.0 (compatible; YandexImages/3.0; +http://yandex.com/bots)"
141.8.147.12 - - [13/Aug/2013:05:13:21 +0200] "GET /images/span.jpg HTTP/1.1" 304 - "-" "Mozilla/5.0 (compatible; YandexImages/3.0; +http://yandex.com/bots)"
141.8.147.12 - - [13/Aug/2013:07:12:40 +0200] "GET /images/10x10_CCCCCC.jpg HTTP/1.1" 304 - "-" "Mozilla/5.0 (compatible; YandexImages/3.0; +http://yandex.com/bots)"
66.249.75.237 - - [13/Aug/2013:08:00:40 +0200] "GET /env/env.html HTTP/1.1" 304 - "-" "Mozilla/5.0 (iPhone; U; CPU iPhone OS 4_1 like Mac OS X; en-us) AppleWebKit/532.9 (KHTML, like Gecko) Version/4.0.5 Mobile/8B117 Safari/6531.22.7 (compatible; Googlebot-Mobile/2.1; +http://www.google.com/bot.html)"
141.8.147.12 - - [13/Aug/2013:10:49:25 +0200] "GET /robots.txt HTTP/1.1" 200 298 "-" "Mozilla/5.0 (compatible; YandexBot/3.0; +http://yandex.com/bots)"
141.8.147.12 - - [13/Aug/2013:10:49:27 +0200] "GET /images/15x15.jpg HTTP/1.1" 304 - "-" "Mozilla/5.0 (compatible; YandexImages/3.0; +http://yandex.com/bots)"
66.249.75.237 - - [13/Aug/2013:13:50:09 +0200] "GET /links/links.html HTTP/1.1" 304 - "-" "Mozilla/5.0 (iPhone; U; CPU iPhone OS 4_1 like Mac OS X; en-us) AppleWebKit/532.9 (KHTML, like Gecko) Version/4.0.5 Mobile/8B117 Safari/6531.22.7 (compatible; Googlebot-Mobile/2.1; +http://www.google.com/bot.html)"
66.249.75.237 - - [13/Aug/2013:15:30:07 +0200] "GET /impressum/impressum.html HTTP/1.1" 200 7872 "-" "Mozilla/5.0 (iPhone; U; CPU iPhone OS 4_1 like Mac OS X; en-us) AppleWebKit/532.9 (KHTML, like Gecko) Version/4.0.5 Mobile/8B117 Safari/6531.22.7 (compatible; Googlebot-Mobile/2.1; +http://www.google.com/bot.html)"
66.249.72.237 - - [14/Aug/2013:04:03:39 +0200] "GET /robots.txt HTTP/1.1" 200 298 "-" "Mozilla/5.0 (compatible; Googlebot/2.1; +http://www.google.com/bot.html)"
66.249.72.237 - - [14/Aug/2013:04:03:39 +0200] "GET / HTTP/1.1" 200 15853 "-" "Mozilla/5.0 (iPhone; U; CPU iPhone OS 4_1 like Mac OS X; en-us) AppleWebKit/532.9 (KHTML, like Gecko) Version/4.0.5 Mobile/8B117 Safari/6531.22.7 (compatible; Googlebot-Mobile/2.1; +http://www.google.com/bot.html)"
141.8.147.12 - - [14/Aug/2013:04:30:56 +0200] "GET /robots.txt HTTP/1.1" 200 298 "-" "Mozilla/5.0 (compatible; YandexBot/3.0; +http://yandex.com/bots)"
141.8.147.12 - - [14/Aug/2013:04:43:13 +0200] "GET /images/pixel.gif HTTP/1.1" 304 - "-" "Mozilla/5.0 (compatible; YandexImages/3.0; +http://yandex.com/bots)"
141.8.147.12 - - [14/Aug/2013:07:11:55 +0200] "GET /images/15x15.jpg HTTP/1.1" 304 - "-" "Mozilla/5.0 (compatible; YandexImages/3.0; +http://yandex.com/bots)"
173.199.119.51 - - [14/Aug/2013:10:16:46 +0200] "GET /env/jomox/download/airbase99.LSO HTTP/1.1" 200 387896 "-" "Mozilla/5.0 (compatible; AhrefsBot/4.0; +http://ahrefs.com/robot/)"
141.8.147.12 - - [14/Aug/2013:10:31:40 +0200] "GET /images/span.jpg HTTP/1.1" 304 - "-" "Mozilla/5.0 (compatible; YandexImages/3.0; +http://yandex.com/bots)"
173.199.119.51 - - [14/Aug/2013:10:53:55 +0200] "GET /privat/privat.html HTTP/1.1" 401 1226 "-" "Mozilla/5.0 (compatible; AhrefsBot/4.0; +http://ahrefs.com/robot/)"
141.8.147.12 - - [14/Aug/2013:11:57:34 +0200] "GET /images/10x10_CCCCCC.jpg HTTP/1.1" 304 - "-" "Mozilla/5.0 (compatible; YandexImages/3.0; +http://yandex.com/bots)"
212.86.219.134 - - [14/Aug/2013:12:38:35 +0200] "GET /robots.txt HTTP/1.1" 200 298 "-" "Mozilla/5.0 (Macintosh; U; Intel Mac OS X 10_5_6; en-us) AppleWebKit/528.16 (KHTML, like Gecko) Version/4.0 Safari/528.16"
141.8.147.12 - - [14/Aug/2013:15:00:27 +0200] "GET /images/pixel.gif HTTP/1.1" 304 - "-" "Mozilla/5.0 (compatible; YandexImages/3.0; +http://yandex.com/bots)"
5.10.83.7 - - [14/Aug/2013:16:14:46 +0200] "GET /env/env.html HTTP/1.1" 200 12438 "-" "Mozilla/5.0 (compatible; AhrefsBot/5.0; +http://ahrefs.com/robot/)"
173.199.119.51 - - [14/Aug/2013:16:37:44 +0200] "GET /impressum/impressum.html HTTP/1.1" 200 7872 "-" "Mozilla/5.0 (compatible; AhrefsBot/4.0; +http://ahrefs.com/robot/)"
141.8.147.12 - - [14/Aug/2013:17:14:20 +0200] "GET /robots.txt HTTP/1.1" 200 298 "-" "Mozilla/5.0 (compatible; YandexBot/3.0; +http://yandex.com/bots)"
141.8.147.12 - - [14/Aug/2013:17:14:22 +0200] "GET /images/15x15.jpg HTTP/1.1" 304 - "-" "Mozilla/5.0 (compatible; YandexImages/3.0; +http://yandex.com/bots)"
141.8.147.12 - - [14/Aug/2013:19:08:07 +0200] "GET / HTTP/1.1" 304 - "-" "Mozilla/5.0 (compatible; YandexBot/3.0; +http://yandex.com/bots)"
141.8.147.12 - - [14/Aug/2013:19:12:18 +0200] "GET /phpBB2/index.php HTTP/1.1" 401 1226 "-" "Mozilla/5.0 (compatible; YandexBot/3.0; +http://yandex.com/bots)"
173.199.119.51 - - [14/Aug/2013:19:18:30 +0200] "GET /friends/friends.html HTTP/1.1" 401 1226 "-" "Mozilla/5.0 (compatible; AhrefsBot/4.0; +http://ahrefs.com/robot/)"
141.8.147.12 - - [14/Aug/2013:19:30:39 +0200] "GET /env/jomox/jomox.html HTTP/1.1" 200 14935 "-" "Mozilla/5.0 (compatible; YandexBot/3.0; +http://yandex.com/bots)"
141.8.147.12 - - [14/Aug/2013:19:44:27 +0200] "GET /env/env.html HTTP/1.1" 200 12438 "-" "Mozilla/5.0 (compatible; YandexBot/3.0; +http://yandex.com/bots)"
141.8.147.12 - - [14/Aug/2013:20:12:51 +0200] "GET /friends/friends.html HTTP/1.1" 401 1226 "-" "Mozilla/5.0 (compatible; YandexBot/3.0; +http://yandex.com/bots)"
141.8.147.12 - - [14/Aug/2013:20:24:49 +0200] "GET /impressum/impressum.html HTTP/1.1" 200 7872 "-" "Mozilla/5.0 (compatible; YandexBot/3.0; +http://yandex.com/bots)"
141.8.147.12 - - [14/Aug/2013:21:12:16 +0200] "GET /images/span.jpg HTTP/1.1" 304 - "-" "Mozilla/5.0 (compatible; YandexImages/3.0; +http://yandex.com/bots)"
141.8.147.12 - - [14/Aug/2013:22:27:41 +0200] "GET /images/10x10_CCCCCC.jpg HTTP/1.1" 304 - "-" "Mozilla/5.0 (compatible; YandexImages/3.0; +http://yandex.com/bots)"
128.74.62.30 - - [14/Aug/2013:23:37:03 +0200] "GET /phpBB2 HTTP/1.1" 401 1226 "-" "Mozilla/3.6 (compatible; MSIE 7.0; Windows NT 6.1; en-US; rv:1.9.2.16) Gecko/20110319 MRA 5.6 (build 03278) Firefox/3.6.16"
128.74.62.30 - - [14/Aug/2013:23:37:03 +0200] "GET /phpBB2/profile.php HTTP/1.1" 401 1226 "-" "Mozilla/3.6 (compatible; MSIE 7.0; Windows NT 6.1; en-US; rv:1.9.2.16) Gecko/20110319 MRA 5.6 (build 03278) Firefox/3.6.16"
141.8.147.12 - - [15/Aug/2013:02:00:45 +0200] "GET /env/roland/pics/pic_sc880.html HTTP/1.1" 200 755 "-" "Mozilla/5.0 (compatible; YandexBot/3.0; +http://yandex.com/bots)"
199.30.20.83 - - [15/Aug/2013:02:46:44 +0200] "GET /robots.txt HTTP/1.1" 200 298 "-" "msnbot-media/1.1 (+http://search.msn.com/msnbot.htm)"
199.30.20.83 - - [15/Aug/2013:02:46:44 +0200] "GET /env/images/logo_big.jpg HTTP/1.1" 200 12681 "-" "msnbot-media/1.1 (+http://search.msn.com/msnbot.htm)"
173.199.119.51 - - [15/Aug/2013:08:06:52 +0200] "GET /env/roland/pics/pic_sc880.html HTTP/1.1" 200 755 "-" "Mozilla/5.0 (compatible; AhrefsBot/4.0; +http://ahrefs.com/robot/)"
141.8.147.12 - - [15/Aug/2013:08:47:06 +0200] "GET /robots.txt HTTP/1.1" 200 298 "-" "Mozilla/5.0 (compatible; YandexBot/3.0; +http://yandex.com/bots)"
5.10.83.21 - - [15/Aug/2013:09:07:05 +0200] "GET /env/roland/sc880.html HTTP/1.1" 200 17092 "-" "Mozilla/5.0 (compatible; AhrefsBot/5.0; +http://ahrefs.com/robot/)"
173.199.119.51 - - [15/Aug/2013:09:36:33 +0200] "GET /links/links.html HTTP/1.1" 200 278 "-" "Mozilla/5.0 (compatible; AhrefsBot/4.0; +http://ahrefs.com/robot/)"
173.199.119.51 - - [15/Aug/2013:09:51:55 +0200] "GET /env/jomox/pics/pic_airbase99.html HTTP/1.1" 200 759 "-" "Mozilla/5.0 (compatible; AhrefsBot/4.0; +http://ahrefs.com/robot/)"
141.8.147.12 - - [15/Aug/2013:11:46:19 +0200] "GET /env/roland/sc880.html HTTP/1.1" 200 17092 "-" "Mozilla/5.0 (compatible; YandexBot/3.0; +http://yandex.com/bots)"
173.199.119.51 - - [15/Aug/2013:13:33:22 +0200] "GET /env/env.html HTTP/1.1" 200 12438 "-" "Mozilla/5.0 (compatible; AhrefsBot/4.0; +http://ahrefs.com/robot/)"
173.199.119.51 - - [15/Aug/2013:13:42:04 +0200] "GET /env/roland/sc880.html HTTP/1.1" 200 17092 "-" "Mozilla/5.0 (compatible; AhrefsBot/4.0; +http://ahrefs.com/robot/)"
65.55.215.103 - - [15/Aug/2013:15:01:39 +0200] "GET /robots.txt HTTP/1.1" 200 298 "-" "msnbot-media/1.1 (+http://search.msn.com/msnbot.htm)"
65.55.215.103 - - [15/Aug/2013:15:01:39 +0200] "GET /images/15x15.jpg HTTP/1.1" 200 631 "-" "msnbot-media/1.1 (+http://search.msn.com/msnbot.htm)"
66.249.72.237 - - [15/Aug/2013:15:38:52 +0200] "GET /robots.txt HTTP/1.1" 200 298 "-" "Mozilla/5.0 (compatible; Googlebot/2.1; +http://www.google.com/bot.html)"
66.249.72.237 - - [15/Aug/2013:15:38:52 +0200] "GET / HTTP/1.1" 200 15853 "-" "Mozilla/5.0 (iPhone; U; CPU iPhone OS 4_1 like Mac OS X; en-us) AppleWebKit/532.9 (KHTML, like Gecko) Version/4.0.5 Mobile/8B117 Safari/6531.22.7 (compatible; Googlebot-Mobile/2.1; +http://www.google.com/bot.html)"
173.199.119.51 - - [15/Aug/2013:18:04:37 +0200] "GET / HTTP/1.1" 200 15853 "-" "Mozilla/5.0 (compatible; AhrefsBot/4.0; +http://ahrefs.com/robot/)"
141.8.147.12 - - [15/Aug/2013:19:45:26 +0200] "GET /links/links.html HTTP/1.1" 200 278 "-" "Mozilla/5.0 (compatible; YandexBot/3.0; +http://yandex.com/bots)"
5.10.83.35 - - [15/Aug/2013:19:50:18 +0200] "GET /robots.txt HTTP/1.1" 200 298 "-" "Mozilla/5.0 (compatible; AhrefsBot/5.0; +http://ahrefs.com/robot/)"
66.249.72.237 - - [15/Aug/2013:20:32:47 +0200] "GET /env/jomox/jomox.html HTTP/1.1" 304 - "-" "Mozilla/5.0 (iPhone; U; CPU iPhone OS 4_1 like Mac OS X; en-us) AppleWebKit/532.9 (KHTML, like Gecko) Version/4.0.5 Mobile/8B117 Safari/6531.22.7 (compatible; Googlebot-Mobile/2.1; +http://www.google.com/bot.html)"
157.55.32.187 - - [15/Aug/2013:22:05:28 +0200] "GET /robots.txt HTTP/1.1" 200 298 "-" "Mozilla/5.0 (compatible; bingbot/2.0; +http://www.bing.com/bingbot.htm)"
157.55.32.187 - - [15/Aug/2013:22:06:13 +0200] "GET /env/env.html HTTP/1.1" 200 12438 "-" "Mozilla/5.0 (compatible; bingbot/2.0; +http://www.bing.com/bingbot.htm)"
157.55.33.146 - - [15/Aug/2013:22:07:39 +0200] "GET /env/images/span.jpg HTTP/1.1" 200 811 "-" "Mozilla/5.0 (compatible; bingbot/2.0; +http://www.bing.com/bingbot.htm)"
157.55.33.88 - - [15/Aug/2013:22:14:13 +0200] "GET /env/images/logo_big.jpg HTTP/1.1" 200 12681 "-" "Mozilla/5.0 (compatible; bingbot/2.0; +http://www.bing.com/bingbot.htm)"
157.55.33.146 - - [15/Aug/2013:22:16:42 +0200] "GET /env/images/10x10_CCCCCC.jpg HTTP/1.1" 200 631 "-" "Mozilla/5.0 (compatible; bingbot/2.0; +http://www.bing.com/bingbot.htm)"
157.55.33.146 - - [15/Aug/2013:22:16:44 +0200] "GET /env/roland/pics/sc880_small.jpg HTTP/1.1" 200 6144 "-" "Mozilla/5.0 (compatible; bingbot/2.0; +http://www.bing.com/bingbot.htm)"
157.55.32.94 - - [15/Aug/2013:22:34:13 +0200] "GET /env/jomox/pics/airbase99_small.jpg HTTP/1.1" 200 5206 "-" "Mozilla/5.0 (compatible; bingbot/2.0; +http://www.bing.com/bingbot.htm)"
199.30.25.91 - - [15/Aug/2013:23:07:36 +0200] "GET /env/roland/pics/sc880_small.jpg HTTP/1.1" 200 6144 "http://www.soundpatcher.de/env/env.html" "Mozilla/5.0 (Windows NT 6.1; WOW64) AppleWebKit/534+ (KHTML, like Gecko) BingPreview/1.0b"
199.30.25.91 - - [15/Aug/2013:23:07:36 +0200] "GET /env/images/10x10_CCCCCC.jpg HTTP/1.1" 200 631 "http://www.soundpatcher.de/env/env.html" "Mozilla/5.0 (Windows NT 6.1; WOW64) AppleWebKit/534+ (KHTML, like Gecko) BingPreview/1.0b"
173.199.119.51 - - [16/Aug/2013:04:20:51 +0200] "GET /phpBB2/index.php HTTP/1.1" 401 1226 "-" "Mozilla/5.0 (compatible; AhrefsBot/4.0; +http://ahrefs.com/robot/)"
173.199.119.51 - - [16/Aug/2013:05:02:57 +0200] "GET /env/jomox/jomox.html HTTP/1.1" 200 14935 "-" "Mozilla/5.0 (compatible; AhrefsBot/4.0; +http://ahrefs.com/robot/)"
173.199.119.51 - - [16/Aug/2013:06:51:46 +0200] "GET /index.html HTTP/1.1" 200 15853 "-" "Mozilla/5.0 (compatible; AhrefsBot/4.0; +http://ahrefs.com/robot/)"
66.249.72.237 - - [16/Aug/2013:07:29:50 +0200] "GET /impressum/impressum.html HTTP/1.1" 304 - "-" "Mozilla/5.0 (iPhone; U; CPU iPhone OS 4_1 like Mac OS X; en-us) AppleWebKit/532.9 (KHTML, like Gecko) Version/4.0.5 Mobile/8B117 Safari/6531.22.7 (compatible; Googlebot-Mobile/2.1; +http://www.google.com/bot.html)"
141.8.147.12 - - [16/Aug/2013:11:51:43 +0200] "GET /robots.txt HTTP/1.1" 200 298 "-" "Mozilla/5.0 (compatible; YandexBot/3.0; +http://yandex.com/bots)"
141.8.147.12 - - [16/Aug/2013:11:51:45 +0200] "GET /env/images/logo_big.jpg HTTP/1.1" 304 - "-" "Mozilla/5.0 (compatible; YandexImages/3.0; +http://yandex.com/bots)"
141.8.147.12 - - [16/Aug/2013:14:42:58 +0200] "GET /env/roland/pics/sc880_small.jpg HTTP/1.1" 304 - "-" "Mozilla/5.0 (compatible; YandexImages/3.0; +http://yandex.com/bots)"
66.249.72.237 - - [16/Aug/2013:17:27:04 +0200] "GET /robots.txt HTTP/1.1" 200 298 "-" "Mozilla/5.0 (compatible; Googlebot/2.1; +http://www.google.com/bot.html)"
66.249.72.237 - - [16/Aug/2013:17:27:04 +0200] "GET /env/env.html HTTP/1.1" 304 - "-" "Mozilla/5.0 (iPhone; U; CPU iPhone OS 4_1 like Mac OS X; en-us) AppleWebKit/532.9 (KHTML, like Gecko) Version/4.0.5 Mobile/8B117 Safari/6531.22.7 (compatible; Googlebot-Mobile/2.1; +http://www.google.com/bot.html)"
84.38.65.176 - - [16/Aug/2013:18:07:39 +0200] "GET / HTTP/1.0" 200 15853 "http://www.domain-reputation.de/www.soundpatcher.de" "T-Online Browser"
66.249.72.237 - - [16/Aug/2013:20:20:33 +0200] "GET /links/links.html HTTP/1.1" 304 - "-" "Mozilla/5.0 (iPhone; U; CPU iPhone OS 4_1 like Mac OS X; en-us) AppleWebKit/532.9 (KHTML, like Gecko) Version/4.0.5 Mobile/8B117 Safari/6531.22.7 (compatible; Googlebot-Mobile/2.1; +http://www.google.com/bot.html)"
66.249.72.237 - - [16/Aug/2013:22:00:57 +0200] "GET /phpBB2/index.php HTTP/1.1" 401 1226 "-" "Mozilla/5.0 (iPhone; U; CPU iPhone OS 4_1 like Mac OS X; en-us) AppleWebKit/532.9 (KHTML, like Gecko) Version/4.0.5 Mobile/8B117 Safari/6531.22.7 (compatible; Googlebot-Mobile/2.1; +http://www.google.com/bot.html)"
141.8.147.12 - - [16/Aug/2013:23:59:40 +0200] "GET /robots.txt HTTP/1.1" 200 298 "-" "Mozilla/5.0 (compatible; YandexBot/3.0; +http://yandex.com/bots)"
141.8.147.12 - - [16/Aug/2013:23:59:42 +0200] "GET /env/roland/pics/sc880_small.jpg HTTP/1.1" 304 - "-" "Mozilla/5.0 (compatible; YandexImages/3.0; +http://yandex.com/bots)"
66.249.72.237 - - [17/Aug/2013:06:51:04 +0200] "GET / HTTP/1.1" 200 15853 "-" "Mozilla/5.0 (iPhone; U; CPU iPhone OS 4_1 like Mac OS X; en-us) AppleWebKit/532.9 (KHTML, like Gecko) Version/4.0.5 Mobile/8B117 Safari/6531.22.7 (compatible; Googlebot-Mobile/2.1; +http://www.google.com/bot.html)"
66.249.72.237 - - [17/Aug/2013:08:35:08 +0200] "GET /env/jomox/jomox.html HTTP/1.1" 304 - "-" "Mozilla/5.0 (iPhone; U; CPU iPhone OS 4_1 like Mac OS X; en-us) AppleWebKit/532.9 (KHTML, like Gecko) Version/4.0.5 Mobile/8B117 Safari/6531.22.7 (compatible; Googlebot-Mobile/2.1; +http://www.google.com/bot.html)"
66.249.72.237 - - [17/Aug/2013:15:59:20 +0200] "GET /impressum/impressum.html HTTP/1.1" 304 - "-" "Mozilla/5.0 (iPhone; U; CPU iPhone OS 4_1 like Mac OS X; en-us) AppleWebKit/532.9 (KHTML, like Gecko) Version/4.0.5 Mobile/8B117 Safari/6531.22.7 (compatible; Googlebot-Mobile/2.1; +http://www.google.com/bot.html)"
141.8.147.12 - - [17/Aug/2013:18:33:44 +0200] "GET /robots.txt HTTP/1.1" 200 298 "-" "Mozilla/5.0 (compatible; YandexBot/3.0; +http://yandex.com/bots)"
141.8.147.12 - - [17/Aug/2013:19:26:26 +0200] "GET / HTTP/1.1" 200 15853 "-" "Mozilla/5.0 (compatible; YandexBot/3.0; +http://yandex.com/bots)"
5.10.83.11 - - [18/Aug/2013:01:46:34 +0200] "GET /env/roland/pics/pic_sc880.html HTTP/1.1" 200 755 "-" "Mozilla/5.0 (compatible; AhrefsBot/5.0; +http://ahrefs.com/robot/)"
141.8.147.12 - - [18/Aug/2013:06:21:08 +0200] "GET /robots.txt HTTP/1.1" 200 298 "-" "Mozilla/5.0 (compatible; YandexBot/3.0; +http://yandex.com/bots)"
157.55.33.81 - - [18/Aug/2013:14:10:10 +0200] "GET /robots.txt HTTP/1.1" 200 298 "-" "Mozilla/5.0 (compatible; bingbot/2.0; +http://www.bing.com/bingbot.htm)"
157.55.33.81 - - [18/Aug/2013:14:11:03 +0200] "GET /phpBB2/index.php HTTP/1.1" 401 1226 "-" "Mozilla/5.0 (compatible; bingbot/2.0; +http://www.bing.com/bingbot.htm)"
66.249.78.189 - - [18/Aug/2013:14:38:09 +0200] "GET /robots.txt HTTP/1.1" 200 298 "-" "Mozilla/5.0 (compatible; Googlebot/2.1; +http://www.google.com/bot.html)"
66.249.78.189 - - [18/Aug/2013:14:38:10 +0200] "GET / HTTP/1.1" 200 15853 "-" "Mozilla/5.0 (iPhone; U; CPU iPhone OS 4_1 like Mac OS X; en-us) AppleWebKit/532.9 (KHTML, like Gecko) Version/4.0.5 Mobile/8B117 Safari/6531.22.7 (compatible; Googlebot-Mobile/2.1; +http://www.google.com/bot.html)"
66.249.78.189 - - [18/Aug/2013:15:05:30 +0200] "GET / HTTP/1.1" 200 15853 "-" "Mozilla/5.0 (compatible; Googlebot/2.1; +http://www.google.com/bot.html)"
199.30.16.14 - - [18/Aug/2013:15:07:19 +0200] "GET /robots.txt HTTP/1.1" 200 298 "-" "msnbot-media/1.1 (+http://search.msn.com/msnbot.htm)"
199.30.16.14 - - [18/Aug/2013:15:07:20 +0200] "GET /env/roland/images/logo_big.jpg HTTP/1.1" 200 12681 "-" "msnbot-media/1.1 (+http://search.msn.com/msnbot.htm)"
207.241.226.239 - - [18/Aug/2013:21:44:53 +0200] "GET /robots.txt HTTP/1.1" 200 298 "-" "ia_archiver(OS-Wayback)"
83.133.125.202 - - [18/Aug/2013:22:05:17 +0200] "GET / HTTP/1.1" 200 15853 "http://www.sumaja.de/?such_wert=roland" "Mozilla/5.0 (Windows; U; Windows NT 6.1; de; rv:1.9.2.8) Gecko/20100722 Firefox/3.6.8 GTB7.1"
208.115.111.75 - - [18/Aug/2013:23:10:33 +0200] "GET /robots.txt HTTP/1.1" 200 298 "-" "Mozilla/5.0 (compatible; Ezooms/1.0; ezooms.bot@gmail.com)"
141.8.147.12 - - [19/Aug/2013:01:16:52 +0200] "GET /robots.txt HTTP/1.1" 200 298 "-" "Mozilla/5.0 (compatible; YandexBot/3.0; +http://yandex.com/bots)"
208.115.111.75 - - [19/Aug/2013:02:02:40 +0200] "GET /index.html HTTP/1.1" 200 15853 "-" "Mozilla/5.0 (compatible; Ezooms/1.0; ezooms.bot@gmail.com)"
66.249.78.189 - - [19/Aug/2013:05:17:40 +0200] "GET /robots.txt HTTP/1.1" 200 298 "-" "Mozilla/5.0 (compatible; Googlebot/2.1; +http://www.google.com/bot.html)"
66.249.78.189 - - [19/Aug/2013:05:17:40 +0200] "GET /env/jomox/jomox.html HTTP/1.1" 304 - "-" "Mozilla/5.0 (iPhone; U; CPU iPhone OS 4_1 like Mac OS X; en-us) AppleWebKit/532.9 (KHTML, like Gecko) Version/4.0.5 Mobile/8B117 Safari/6531.22.7 (compatible; Googlebot-Mobile/2.1; +http://www.google.com/bot.html)"
141.8.147.12 - - [19/Aug/2013:05:24:01 +0200] "GET /env/env.html HTTP/1.1" 200 12438 "-" "Mozilla/5.0 (compatible; YandexBot/3.0; +http://yandex.com/bots)"
141.8.147.12 - - [19/Aug/2013:08:19:23 +0200] "GET /env/roland/pics/pic_sc880.html HTTP/1.1" 200 755 "-" "Mozilla/5.0 (compatible; YandexBot/3.0; +http://yandex.com/bots)"
217.230.161.25 - - [19/Aug/2013:10:10:06 +0200] "GET / HTTP/1.1" 200 15853 "http://www.bigfinder.de/online-11.html" "Mozilla/5.0 (Windows; U; Windows NT 6.0; en-US) AppleWebKit/533.4 (KHTML, like Gecko) Chrome/5.0.375.126 Safari/533.4"
141.8.147.12 - - [19/Aug/2013:11:35:30 +0200] "GET /impressum/impressum.html HTTP/1.1" 200 7872 "-" "Mozilla/5.0 (compatible; YandexBot/3.0; +http://yandex.com/bots)"
198.143.189.226 - - [19/Aug/2013:11:49:29 +0200] "GET / HTTP/1.1" 200 15853 "-" "Mozilla/5.0 (compatible; BLEXBot/1.0; +http://webmeup.com/crawler.html)"
198.143.189.226 - - [19/Aug/2013:11:49:33 +0200] "GET /privat/privat.html HTTP/1.1" 401 1226 "-" "Mozilla/5.0 (compatible; BLEXBot/1.0; +http://webmeup.com/crawler.html)"
198.143.189.226 - - [19/Aug/2013:11:49:36 +0200] "GET /friends/friends.html HTTP/1.1" 401 1226 "-" "Mozilla/5.0 (compatible; BLEXBot/1.0; +http://webmeup.com/crawler.html)"
198.143.189.226 - - [19/Aug/2013:11:49:40 +0200] "GET /phpBB2/index.php HTTP/1.1" 401 1226 "-" "Mozilla/5.0 (compatible; BLEXBot/1.0; +http://webmeup.com/crawler.html)"
198.143.189.226 - - [19/Aug/2013:11:49:44 +0200] "GET /env/env.html HTTP/1.1" 200 12438 "-" "Mozilla/5.0 (compatible; BLEXBot/1.0; +http://webmeup.com/crawler.html)"
198.143.189.226 - - [19/Aug/2013:11:49:48 +0200] "GET /index.html HTTP/1.1" 200 15853 "-" "Mozilla/5.0 (compatible; BLEXBot/1.0; +http://webmeup.com/crawler.html)"
198.143.189.226 - - [19/Aug/2013:11:49:52 +0200] "GET /env/jomox/jomox.html HTTP/1.1" 200 14935 "-" "Mozilla/5.0 (compatible; BLEXBot/1.0; +http://webmeup.com/crawler.html)"
198.143.189.226 - - [19/Aug/2013:11:49:56 +0200] "GET /impressum/impressum.html HTTP/1.1" 200 7872 "-" "Mozilla/5.0 (compatible; BLEXBot/1.0; +http://webmeup.com/crawler.html)"
198.143.189.226 - - [19/Aug/2013:11:50:00 +0200] "GET /links/links.html HTTP/1.1" 200 278 "-" "Mozilla/5.0 (compatible; BLEXBot/1.0; +http://webmeup.com/crawler.html)"
198.143.189.226 - - [19/Aug/2013:11:50:03 +0200] "GET /env/roland/sc880.html HTTP/1.1" 200 17092 "-" "Mozilla/5.0 (compatible; BLEXBot/1.0; +http://webmeup.com/crawler.html)"
198.143.189.226 - - [19/Aug/2013:11:50:07 +0200] "GET /env/jomox/pics/pic_airbase99.html HTTP/1.1" 200 759 "-" "Mozilla/5.0 (compatible; BLEXBot/1.0; +http://webmeup.com/crawler.html)"
198.143.189.226 - - [19/Aug/2013:11:50:11 +0200] "GET /env/roland/pics/pic_sc880.html HTTP/1.1" 200 755 "-" "Mozilla/5.0 (compatible; BLEXBot/1.0; +http://webmeup.com/crawler.html)"
64.246.165.210 - - [19/Aug/2013:11:52:54 +0200] "GET /robots.txt HTTP/1.0" 200 298 "-" "Mozilla/5.0 (Windows; U; Windows NT 5.1; en; rv:1.9.0.13) Gecko/2009073022 Firefox/3.5.2 (.NET CLR 3.5.30729) SurveyBot/2.3 (DomainTools)"
64.246.165.210 - - [19/Aug/2013:11:52:55 +0200] "GET / HTTP/1.1" 200 15853 "http://whois.domaintools.com/soundpatcher.de" "Mozilla/5.0 (Windows; U; Windows NT 5.1; en; rv:1.9.0.13) Gecko/2009073022 Firefox/3.5.2 (.NET CLR 3.5.30729) SurveyBot/2.3 (DomainTools)"
141.8.147.12 - - [19/Aug/2013:12:01:10 +0200] "GET /env/jomox/jomox.html HTTP/1.1" 200 14935 "-" "Mozilla/5.0 (compatible; YandexBot/3.0; +http://yandex.com/bots)"
141.8.147.12 - - [19/Aug/2013:13:01:49 +0200] "GET /robots.txt HTTP/1.1" 200 298 "-" "Mozilla/5.0 (compatible; YandexBot/3.0; +http://yandex.com/bots)"
207.241.226.238 - - [19/Aug/2013:16:09:57 +0200] "GET /robots.txt HTTP/1.1" 200 298 "-" "ia_archiver(OS-Wayback)"
141.8.147.12 - - [19/Aug/2013:17:08:40 +0200] "GET /links/links.html HTTP/1.1" 200 278 "-" "Mozilla/5.0 (compatible; YandexBot/3.0; +http://yandex.com/bots)"
141.8.147.12 - - [19/Aug/2013:18:40:29 +0200] "GET /env/roland/sc880.html HTTP/1.1" 200 17092 "-" "Mozilla/5.0 (compatible; YandexBot/3.0; +http://yandex.com/bots)"
208.115.111.75 - - [19/Aug/2013:23:45:52 +0200] "GET /robots.txt HTTP/1.1" 200 298 "-" "Mozilla/5.0 (compatible; Ezooms/1.0; ezooms.bot@gmail.com)"
208.115.111.75 - - [20/Aug/2013:02:05:52 +0200] "GET /privat/privat.html HTTP/1.1" 401 1226 "-" "Mozilla/5.0 (compatible; Ezooms/1.0; ezooms.bot@gmail.com)"
85.214.127.10 - - [20/Aug/2013:08:06:48 +0200] "GET / HTTP/1.0" 200 15853 "-" "Mozilla"
85.214.127.10 - - [20/Aug/2013:08:06:48 +0200] "GET /index.html HTTP/1.0" 200 15853 "-" "Mozilla"
85.214.127.10 - - [20/Aug/2013:08:06:48 +0200] "GET /env/env.html HTTP/1.0" 200 12438 "-" "Mozilla"
85.214.127.10 - - [20/Aug/2013:08:06:48 +0200] "GET /friends/friends.html HTTP/1.0" 401 1226 "-" "Mozilla"
85.214.127.10 - - [20/Aug/2013:08:06:48 +0200] "GET /phpBB2/index.php HTTP/1.0" 401 1226 "-" "Mozilla"
85.214.127.10 - - [20/Aug/2013:08:06:48 +0200] "GET /privat/privat.html HTTP/1.0" 401 1226 "-" "Mozilla"
85.214.127.10 - - [20/Aug/2013:08:06:48 +0200] "GET /impressum/impressum.html HTTP/1.0" 200 7872 "-" "Mozilla"
85.214.127.10 - - [20/Aug/2013:08:06:48 +0200] "GET /index.html HTTP/1.0" 200 15853 "-" "Mozilla"
85.214.127.10 - - [20/Aug/2013:08:06:48 +0200] "GET /env/env.html HTTP/1.0" 200 12438 "-" "Mozilla"
85.214.127.10 - - [20/Aug/2013:08:06:48 +0200] "GET /friends/friends.html HTTP/1.0" 401 1226 "-" "Mozilla"
85.214.127.10 - - [20/Aug/2013:08:06:48 +0200] "GET /phpBB2/index.php HTTP/1.0" 401 1226 "-" "Mozilla"
85.214.127.10 - - [20/Aug/2013:08:06:49 +0200] "GET /impressum/impressum.html HTTP/1.0" 200 7872 "-" "Mozilla"
85.214.127.10 - - [20/Aug/2013:08:06:49 +0200] "GET /env/jomox/jomox.html HTTP/1.0" 200 14935 "-" "Mozilla"
85.214.127.10 - - [20/Aug/2013:08:06:49 +0200] "GET /env/jomox/jomox.html HTTP/1.0" 200 14935 "-" "Mozilla"
66.249.78.189 - - [20/Aug/2013:09:25:24 +0200] "GET /robots.txt HTTP/1.1" 200 298 "-" "Mozilla/5.0 (compatible; Googlebot/2.1; +http://www.google.com/bot.html)"
66.249.78.189 - - [20/Aug/2013:09:25:24 +0200] "GET /env/jomox/pics/airbase99_mid.jpg HTTP/1.1" 200 155990 "-" "Googlebot-Image/1.0"
64.125.222.50 - - [20/Aug/2013:18:34:58 +0200] "GET /robots.txt HTTP/1.1" 200 298 "-" "Mozilla/5.0 (compatible; 008/0.83; http://www.80legs.com/webcrawler.html;) Gecko/2008032620"
37.53.130.83 - - [20/Aug/2013:18:35:08 +0200] "GET / HTTP/1.1" 200 15853 "-" "Mozilla/5.0 (compatible; 008/0.85; http://www.80legs.com/webcrawler.html) Gecko/2008032620"
37.53.130.83 - - [20/Aug/2013:18:35:10 +0200] "GET / HTTP/1.1" 200 15853 "-" "Mozilla/5.0 (compatible; 008/0.85; http://www.80legs.com/webcrawler.html) Gecko/2008032620"
109.188.126.10 - - [20/Aug/2013:18:35:10 +0200] "GET / HTTP/1.1" 200 15853 "-" "Mozilla/5.0 (compatible; 008/0.85; http://www.80legs.com/webcrawler.html) Gecko/2008032620"
109.188.126.10 - - [20/Aug/2013:18:35:11 +0200] "GET / HTTP/1.1" 200 15853 "-" "Mozilla/5.0 (compatible; 008/0.85; http://www.80legs.com/webcrawler.html) Gecko/2008032620"
178.129.91.118 - - [20/Aug/2013:18:35:11 +0200] "GET / HTTP/1.1" 200 15853 "-" "Mozilla/5.0 (compatible; 008/0.85; http://www.80legs.com/webcrawler.html) Gecko/2008032620"
178.129.91.118 - - [20/Aug/2013:18:35:13 +0200] "GET / HTTP/1.1" 200 15853 "-" "Mozilla/5.0 (compatible; 008/0.85; http://www.80legs.com/webcrawler.html) Gecko/2008032620"
5.164.116.187 - - [20/Aug/2013:18:35:13 +0200] "GET / HTTP/1.1" 200 15853 "-" "Mozilla/5.0 (compatible; 008/0.85; http://www.80legs.com/webcrawler.html) Gecko/2008032620"
91.77.74.230 - - [20/Aug/2013:18:35:14 +0200] "GET / HTTP/1.1" 200 15853 "-" "Mozilla/5.0 (compatible; 008/0.85; http://www.80legs.com/webcrawler.html) Gecko/2008032620"
5.164.116.187 - - [20/Aug/2013:18:35:14 +0200] "GET / HTTP/1.1" 200 15853 "-" "Mozilla/5.0 (compatible; 008/0.85; http://www.80legs.com/webcrawler.html) Gecko/2008032620"
91.77.74.230 - - [20/Aug/2013:18:35:15 +0200] "GET / HTTP/1.1" 200 15853 "-" "Mozilla/5.0 (compatible; 008/0.85; http://www.80legs.com/webcrawler.html) Gecko/2008032620"
37.53.130.83 - - [20/Aug/2013:18:35:17 +0200] "GET / HTTP/1.1" 200 15853 "-" "Mozilla/5.0 (compatible; 008/0.85; http://www.80legs.com/webcrawler.html) Gecko/2008032620"
109.188.126.10 - - [20/Aug/2013:18:35:17 +0200] "GET / HTTP/1.1" 200 15853 "-" "Mozilla/5.0 (compatible; 008/0.85; http://www.80legs.com/webcrawler.html) Gecko/2008032620"
37.53.130.83 - - [20/Aug/2013:18:35:18 +0200] "GET / HTTP/1.1" 200 15853 "-" "Mozilla/5.0 (compatible; 008/0.85; http://www.80legs.com/webcrawler.html) Gecko/2008032620"
109.188.126.10 - - [20/Aug/2013:18:35:19 +0200] "GET / HTTP/1.1" 200 15853 "-" "Mozilla/5.0 (compatible; 008/0.85; http://www.80legs.com/webcrawler.html) Gecko/2008032620"
64.125.222.16 - - [20/Aug/2013:18:43:10 +0200] "GET /robots.txt HTTP/1.1" 200 298 "-" "Mozilla/5.0 (compatible; 008/0.83; http://www.80legs.com/webcrawler.html;) Gecko/2008032620"
77.66.146.107 - - [20/Aug/2013:18:43:19 +0200] "GET / HTTP/1.1" 200 15853 "-" "Mozilla/5.0 (compatible; 008/0.85; http://www.80legs.com/webcrawler.html) Gecko/2008032620"
178.129.91.118 - - [20/Aug/2013:18:43:21 +0200] "GET / HTTP/1.1" 200 15853 "-" "Mozilla/5.0 (compatible; 008/0.85; http://www.80legs.com/webcrawler.html) Gecko/2008032620"
77.66.146.107 - - [20/Aug/2013:18:43:21 +0200] "GET / HTTP/1.1" 200 15853 "-" "Mozilla/5.0 (compatible; 008/0.85; http://www.80legs.com/webcrawler.html) Gecko/2008032620"
178.129.91.118 - - [20/Aug/2013:18:43:22 +0200] "GET / HTTP/1.1" 200 15853 "-" "Mozilla/5.0 (compatible; 008/0.85; http://www.80legs.com/webcrawler.html) Gecko/2008032620"
213.87.240.151 - - [20/Aug/2013:18:43:22 +0200] "GET / HTTP/1.1" 200 15853 "-" "Mozilla/5.0 (compatible; 008/0.85; http://www.80legs.com/webcrawler.html) Gecko/2008032620"
95.53.92.201 - - [20/Aug/2013:18:43:23 +0200] "GET / HTTP/1.1" 200 15853 "-" "Mozilla/5.0 (compatible; 008/0.85; http://www.80legs.com/webcrawler.html) Gecko/2008032620"
213.87.240.151 - - [20/Aug/2013:18:43:24 +0200] "GET / HTTP/1.1" 200 15853 "-" "Mozilla/5.0 (compatible; 008/0.85; http://www.80legs.com/webcrawler.html) Gecko/2008032620"
95.53.92.201 - - [20/Aug/2013:18:43:24 +0200] "GET / HTTP/1.1" 200 15853 "-" "Mozilla/5.0 (compatible; 008/0.85; http://www.80legs.com/webcrawler.html) Gecko/2008032620"
46.233.249.165 - - [20/Aug/2013:18:43:25 +0200] "GET / HTTP/1.1" 200 15853 "-" "Mozilla/5.0 (compatible; 008/0.85; http://www.80legs.com/webcrawler.html) Gecko/2008032620"
46.201.119.220 - - [20/Aug/2013:18:43:25 +0200] "GET / HTTP/1.1" 200 15853 "-" "Mozilla/5.0 (compatible; 008/0.85; http://www.80legs.com/webcrawler.html) Gecko/2008032620"
46.233.249.165 - - [20/Aug/2013:18:43:26 +0200] "GET / HTTP/1.1" 200 15853 "-" "Mozilla/5.0 (compatible; 008/0.85; http://www.80legs.com/webcrawler.html) Gecko/2008032620"
46.201.119.220 - - [20/Aug/2013:18:43:26 +0200] "GET / HTTP/1.1" 200 15853 "-" "Mozilla/5.0 (compatible; 008/0.85; http://www.80legs.com/webcrawler.html) Gecko/2008032620"
77.66.146.107 - - [20/Aug/2013:18:43:33 +0200] "GET / HTTP/1.1" 200 15853 "-" "Mozilla/5.0 (compatible; 008/0.85; http://www.80legs.com/webcrawler.html) Gecko/2008032620"
77.66.146.107 - - [20/Aug/2013:18:43:35 +0200] "GET / HTTP/1.1" 200 15853 "-" "Mozilla/5.0 (compatible; 008/0.85; http://www.80legs.com/webcrawler.html) Gecko/2008032620"
208.115.111.75 - - [20/Aug/2013:19:49:53 +0200] "GET /robots.txt HTTP/1.1" 200 298 "-" "Mozilla/5.0 (compatible; Ezooms/1.0; ezooms.bot@gmail.com)"
64.125.222.16 - - [20/Aug/2013:21:54:54 +0200] "GET /robots.txt HTTP/1.1" 200 298 "-" "Mozilla/5.0 (compatible; 008/0.83; http://www.80legs.com/webcrawler.html;) Gecko/2008032620"
91.240.112.26 - - [20/Aug/2013:21:55:20 +0200] "GET /friends/friends.html HTTP/1.1" 401 1226 "-" "Mozilla/5.0 (compatible; 008/0.85; http://www.80legs.com/webcrawler.html) Gecko/2008032620"
213.227.231.226 - - [20/Aug/2013:21:57:55 +0200] "GET /impressum/impressum.html HTTP/1.1" 200 7872 "-" "Mozilla/5.0 (compatible; 008/0.85; http://www.80legs.com/webcrawler.html) Gecko/2008032620"
93.100.23.202 - - [20/Aug/2013:21:57:58 +0200] "GET /impressum/impressum.html HTTP/1.1" 200 7872 "-" "Mozilla/5.0 (compatible; 008/0.85; http://www.80legs.com/webcrawler.html) Gecko/2008032620"
178.19.251.3 - - [20/Aug/2013:21:58:02 +0200] "GET /impressum/impressum.html HTTP/1.1" 200 7872 "-" "Mozilla/5.0 (compatible; 008/0.85; http://www.80legs.com/webcrawler.html) Gecko/2008032620"
37.190.56.44 - - [20/Aug/2013:21:58:03 +0200] "GET /impressum/impressum.html HTTP/1.1" 200 7872 "-" "Mozilla/5.0 (compatible; 008/0.85; http://www.80legs.com/webcrawler.html) Gecko/2008032620"
83.133.125.202 - - [20/Aug/2013:21:58:19 +0200] "GET / HTTP/1.1" 200 15853 "http://www.sumaja.de/?such_wert=midi" "Mozilla/4.0 (compatible; MSIE 8.0; Windows NT 6.0; Trident/4.0; GTB0.0; SLCC1; .NET CLR 2.0.50727; Media Center PC 5.0; .NET CLR 3.5.30729; .NET CLR 3.0.30729; .NET4.0C)"
178.121.217.108 - - [20/Aug/2013:21:58:20 +0200] "GET /impressum/impressum.html HTTP/1.1" 200 7872 "-" "Mozilla/5.0 (compatible; 008/0.85; http://www.80legs.com/webcrawler.html) Gecko/2008032620"
213.184.254.9 - - [20/Aug/2013:21:58:28 +0200] "GET /impressum/impressum.html HTTP/1.1" 200 7872 "-" "Mozilla/5.0 (compatible; 008/0.85; http://www.80legs.com/webcrawler.html) Gecko/2008032620"
64.125.222.50 - - [20/Aug/2013:22:00:31 +0200] "GET /robots.txt HTTP/1.1" 200 298 "-" "Mozilla/5.0 (compatible; 008/0.83; http://www.80legs.com/webcrawler.html;) Gecko/2008032620"
178.172.216.126 - - [20/Aug/2013:22:03:08 +0200] "GET /friends/friends.html HTTP/1.1" 401 1226 "-" "Mozilla/5.0 (compatible; 008/0.85; http://www.80legs.com/webcrawler.html) Gecko/2008032620"
91.240.112.26 - - [20/Aug/2013:22:04:58 +0200] "GET /env/jomox/jomox.html HTTP/1.1" 200 14935 "-" "Mozilla/5.0 (compatible; 008/0.85; http://www.80legs.com/webcrawler.html) Gecko/2008032620"
213.227.231.226 - - [20/Aug/2013:22:04:59 +0200] "GET /env/jomox/jomox.html HTTP/1.1" 200 14935 "-" "Mozilla/5.0 (compatible; 008/0.85; http://www.80legs.com/webcrawler.html) Gecko/2008032620"
178.172.216.126 - - [20/Aug/2013:22:09:00 +0200] "GET /phpBB2/index.php HTTP/1.1" 401 1226 "-" "Mozilla/5.0 (compatible; 008/0.85; http://www.80legs.com/webcrawler.html) Gecko/2008032620"
46.118.50.114 - - [20/Aug/2013:22:09:01 +0200] "GET /phpBB2/index.php HTTP/1.1" 401 1226 "-" "Mozilla/5.0 (compatible; 008/0.85; http://www.80legs.com/webcrawler.html) Gecko/2008032620"
93.73.38.226 - - [20/Aug/2013:22:09:02 +0200] "GET /phpBB2/index.php HTTP/1.1" 401 1226 "-" "Mozilla/5.0 (compatible; 008/0.85; http://www.80legs.com/webcrawler.html) Gecko/2008032620"
77.52.133.103 - - [20/Aug/2013:22:09:11 +0200] "GET /phpBB2/index.php HTTP/1.1" 401 1226 "-" "Mozilla/5.0 (compatible; 008/0.85; http://www.80legs.com/webcrawler.html) Gecko/2008032620"
208.115.111.75 - - [20/Aug/2013:22:09:28 +0200] "GET /env/jomox/pics/pic_airbase99.html HTTP/1.1" 200 759 "-" "Mozilla/5.0 (compatible; Ezooms/1.0; ezooms.bot@gmail.com)"
93.100.23.202 - - [20/Aug/2013:22:26:16 +0200] "GET /impressum/impressum.html HTTP/1.1" 200 7872 "-" "Mozilla/5.0 (compatible; 008/0.85; http://www.80legs.com/webcrawler.html) Gecko/2008032620"
46.53.23.249 - - [20/Aug/2013:22:30:10 +0200] "GET /phpBB2/index.php HTTP/1.1" 401 1226 "-" "Mozilla/5.0 (compatible; 008/0.85; http://www.80legs.com/webcrawler.html) Gecko/2008032620"
85.174.246.183 - - [20/Aug/2013:22:33:08 +0200] "GET /index.html HTTP/1.1" 200 15853 "-" "Mozilla/5.0 (compatible; 008/0.85; http://www.80legs.com/webcrawler.html) Gecko/2008032620"
109.161.116.252 - - [20/Aug/2013:22:33:37 +0200] "GET /index.html HTTP/1.1" 200 15853 "-" "Mozilla/5.0 (compatible; 008/0.85; http://www.80legs.com/webcrawler.html) Gecko/2008032620"
77.105.186.48 - - [20/Aug/2013:22:37:51 +0200] "GET /friends/friends.html HTTP/1.1" 401 1226 "-" "Mozilla/5.0 (compatible; 008/0.85; http://www.80legs.com/webcrawler.html) Gecko/2008032620"
46.175.140.122 - - [20/Aug/2013:22:38:48 +0200] "GET /index.html HTTP/1.1" 200 15853 "-" "Mozilla/5.0 (compatible; 008/0.85; http://www.80legs.com/webcrawler.html) Gecko/2008032620"
77.105.186.48 - - [20/Aug/2013:22:48:52 +0200] "GET /friends/friends.html HTTP/1.1" 401 1226 "-" "Mozilla/5.0 (compatible; 008/0.85; http://www.80legs.com/webcrawler.html) Gecko/2008032620"
77.105.186.48 - - [20/Aug/2013:22:48:53 +0200] "GET /index.html HTTP/1.1" 200 15853 "-" "Mozilla/5.0 (compatible; 008/0.85; http://www.80legs.com/webcrawler.html) Gecko/2008032620"
89.110.27.171 - - [20/Aug/2013:22:53:31 +0200] "GET /privat/privat.html HTTP/1.1" 401 1226 "-" "Mozilla/5.0 (compatible; 008/0.85; http://www.80legs.com/webcrawler.html) Gecko/2008032620"
178.162.98.128 - - [20/Aug/2013:22:53:46 +0200] "GET /privat/privat.html HTTP/1.1" 401 1226 "-" "Mozilla/5.0 (compatible; 008/0.85; http://www.80legs.com/webcrawler.html) Gecko/2008032620"
192.166.135.8 - - [20/Aug/2013:23:01:44 +0200] "GET /env/env.html HTTP/1.1" 200 12438 "-" "Mozilla/5.0 (compatible; 008/0.85; http://www.80legs.com/webcrawler.html) Gecko/2008032620"
89.110.27.171 - - [20/Aug/2013:23:05:58 +0200] "GET /env/env.html HTTP/1.1" 200 12438 "-" "Mozilla/5.0 (compatible; 008/0.85; http://www.80legs.com/webcrawler.html) Gecko/2008032620"
89.110.27.171 - - [20/Aug/2013:23:06:01 +0200] "GET /friends/friends.html HTTP/1.1" 401 1226 "-" "Mozilla/5.0 (compatible; 008/0.85; http://www.80legs.com/webcrawler.html) Gecko/2008032620"
89.110.27.171 - - [20/Aug/2013:23:06:02 +0200] "GET /index.html HTTP/1.1" 200 15853 "-" "Mozilla/5.0 (compatible; 008/0.85; http://www.80legs.com/webcrawler.html) Gecko/2008032620"
95.221.156.212 - - [20/Aug/2013:23:11:45 +0200] "GET /index.html HTTP/1.1" 200 15853 "-" "Mozilla/5.0 (compatible; 008/0.85; http://www.80legs.com/webcrawler.html) Gecko/2008032620"
178.76.217.74 - - [20/Aug/2013:23:15:09 +0200] "GET /env/env.html HTTP/1.1" 200 12438 "-" "Mozilla/5.0 (compatible; 008/0.85; http://www.80legs.com/webcrawler.html) Gecko/2008032620"
212.164.131.232 - - [20/Aug/2013:23:15:57 +0200] "GET /env/env.html HTTP/1.1" 200 12438 "-" "Mozilla/5.0 (compatible; 008/0.85; http://www.80legs.com/webcrawler.html) Gecko/2008032620"
91.200.203.6 - - [20/Aug/2013:23:17:56 +0200] "GET /friends/friends.html HTTP/1.1" 401 1226 "-" "Mozilla/5.0 (compatible; 008/0.85; http://www.80legs.com/webcrawler.html) Gecko/2008032620"
91.200.203.6 - - [20/Aug/2013:23:17:57 +0200] "GET /index.html HTTP/1.1" 200 15853 "-" "Mozilla/5.0 (compatible; 008/0.85; http://www.80legs.com/webcrawler.html) Gecko/2008032620"
188.17.31.11 - - [20/Aug/2013:23:23:51 +0200] "GET /friends/friends.html HTTP/1.1" 401 1226 "-" "Mozilla/5.0 (compatible; 008/0.85; http://www.80legs.com/webcrawler.html) Gecko/2008032620"
37.122.78.236 - - [20/Aug/2013:23:23:59 +0200] "GET /friends/friends.html HTTP/1.1" 401 1226 "-" "Mozilla/5.0 (compatible; 008/0.85; http://www.80legs.com/webcrawler.html) Gecko/2008032620"
95.158.150.160 - - [20/Aug/2013:23:24:11 +0200] "GET /friends/friends.html HTTP/1.1" 401 1226 "-" "Mozilla/5.0 (compatible; 008/0.85; http://www.80legs.com/webcrawler.html) Gecko/2008032620"
188.134.61.101 - - [20/Aug/2013:23:28:26 +0200] "GET /friends/friends.html HTTP/1.1" 401 1226 "-" "Mozilla/5.0 (compatible; 008/0.85; http://www.80legs.com/webcrawler.html) Gecko/2008032620"
199.30.16.43 - - [20/Aug/2013:23:34:12 +0200] "GET /robots.txt HTTP/1.1" 200 298 "-" "msnbot-media/1.1 (+http://search.msn.com/msnbot.htm)"
199.30.16.43 - - [20/Aug/2013:23:34:12 +0200] "GET /impressum/images/span.jpg HTTP/1.1" 200 811 "-" "msnbot-media/1.1 (+http://search.msn.com/msnbot.htm)"
66.249.72.237 - - [21/Aug/2013:00:06:31 +0200] "GET /env/jomox/jomox.html HTTP/1.1" 304 - "-" "Mozilla/5.0 (compatible; Googlebot/2.1; +http://www.google.com/bot.html)"
