62.116.172.130 - - [07/Mar/2010:23:23:00 +0100] "GET /Shop_Np1.gif HTTP/1.0" 200 1699 "http://www.sirius-berlin.de/" "tc-components"
62.116.172.130 - - [07/Mar/2010:23:23:00 +0100] "GET /BuiltWithNOF.gif HTTP/1.0" 200 2587 "http://www.sirius-berlin.de/" "tc-components"
62.116.172.130 - - [07/Mar/2010:23:23:00 +0100] "GET /Home_NnBanner.gif HTTP/1.0" 200 5803 "http://www.sirius-berlin.de/" "tc-components"
62.116.172.130 - - [07/Mar/2010:23:23:00 +0100] "GET /Sirius-LOGO1.JPG HTTP/1.0" 200 4357 "http://www.sirius-berlin.de/" "tc-components"
62.116.172.130 - - [07/Mar/2010:23:23:00 +0100] "GET /DSC0019902.JPG HTTP/1.0" 200 7772 "http://www.sirius-berlin.de/" "tc-components"
85.181.103.214 - - [08/Mar/2010:00:09:37 +0100] "HEAD /index.html HTTP/1.1" 200 - "-" "Xenu Link Sleuth 1.3c"
66.249.65.105 - - [08/Mar/2010:01:00:10 +0100] "GET /robots.txt HTTP/1.1" 404 1256 "-" "Mozilla/5.0 (compatible; Googlebot/2.1; +http://www.google.com/bot.html)"
66.249.65.105 - - [08/Mar/2010:01:00:11 +0100] "GET /Service_Kontakt/service_kontakt.html HTTP/1.1" 200 11157 "-" "Mozilla/5.0 (compatible; Googlebot/2.1; +http://www.google.com/bot.html)"
67.195.111.39 - - [08/Mar/2010:02:31:48 +0100] "GET /robots.txt HTTP/1.0" 404 1256 "-" "Mozilla/5.0 (compatible; Yahoo! Slurp; http://help.yahoo.com/help/us/ysearch/slurp)"
67.195.111.39 - - [08/Mar/2010:02:31:49 +0100] "GET /Produkte/produkte.html HTTP/1.0" 200 17755 "-" "Mozilla/5.0 (compatible; Yahoo! Slurp/3.0; http://help.yahoo.com/help/us/ysearch/slurp)"
67.195.111.39 - - [08/Mar/2010:04:51:26 +0100] "GET /robots.txt HTTP/1.0" 404 1256 "-" "Mozilla/5.0 (compatible; Yahoo! Slurp; http://help.yahoo.com/help/us/ysearch/slurp)"
67.195.111.39 - - [08/Mar/2010:04:51:26 +0100] "GET /Produkte/weitere_Produkte/weitere_produkte.html HTTP/1.0" 200 12524 "-" "Mozilla/5.0 (compatible; Yahoo! Slurp/3.0; http://help.yahoo.com/help/us/ysearch/slurp)"
67.195.111.39 - - [08/Mar/2010:11:10:38 +0100] "GET /Impressum/impressum.html HTTP/1.0" 200 11991 "-" "Mozilla/5.0 (compatible; Yahoo! Slurp/3.0; http://help.yahoo.com/help/us/ysearch/slurp)"
67.195.111.39 - - [08/Mar/2010:11:15:41 +0100] "GET /Feinstaubfilter/micronair/micronair.html HTTP/1.0" 200 19812 "-" "Mozilla/5.0 (compatible; Yahoo! Slurp/3.0; http://help.yahoo.com/help/us/ysearch/slurp)"
193.175.73.206 - - [08/Mar/2010:13:49:20 +0100] "GET / HTTP/1.0" 200 12828 "http://www.berlin.city-map.de/01110000/sirius-technischer-buerobedarf" "Mozilla/5.0 (Windows; U; Windows NT 5.1; de; rv:1.9.0.10) Gecko/2009042316 YFF3 Firefox/3.0.10 (.NET CLR 3.5.30729)"
193.175.73.206 - - [08/Mar/2010:13:49:21 +0100] "GET /rollover.js HTTP/1.0" 200 32709 "http://www.sirius-berlin.de/" "Mozilla/5.0 (Windows; U; Windows NT 5.1; de; rv:1.9.0.10) Gecko/2009042316 YFF3 Firefox/3.0.10 (.NET CLR 3.5.30729)"
193.175.73.206 - - [08/Mar/2010:13:49:21 +0100] "GET /background.gif HTTP/1.0" 200 5457 "http://www.sirius-berlin.de/" "Mozilla/5.0 (Windows; U; Windows NT 5.1; de; rv:1.9.0.10) Gecko/2009042316 YFF3 Firefox/3.0.10 (.NET CLR 3.5.30729)"
193.175.73.206 - - [08/Mar/2010:13:49:21 +0100] "GET /Sirius-LOGO21.JPG HTTP/1.0" 200 2563 "http://www.sirius-berlin.de/" "Mozilla/5.0 (Windows; U; Windows NT 5.1; de; rv:1.9.0.10) Gecko/2009042316 YFF3 Firefox/3.0.10 (.NET CLR 3.5.30729)"
193.175.73.206 - - [08/Mar/2010:13:49:21 +0100] "GET /clearpixel.gif HTTP/1.0" 200 43 "http://www.sirius-berlin.de/" "Mozilla/5.0 (Windows; U; Windows NT 5.1; de; rv:1.9.0.10) Gecko/2009042316 YFF3 Firefox/3.0.10 (.NET CLR 3.5.30729)"
193.175.73.206 - - [08/Mar/2010:13:49:21 +0100] "GET /Impressum_Np1.gif HTTP/1.0" 200 1750 "http://www.sirius-berlin.de/" "Mozilla/5.0 (Windows; U; Windows NT 5.1; de; rv:1.9.0.10) Gecko/2009042316 YFF3 Firefox/3.0.10 (.NET CLR 3.5.30729)"
193.175.73.206 - - [08/Mar/2010:13:49:21 +0100] "GET /Produkte_Np1.gif HTTP/1.0" 200 1744 "http://www.sirius-berlin.de/" "Mozilla/5.0 (Windows; U; Windows NT 5.1; de; rv:1.9.0.10) Gecko/2009042316 YFF3 Firefox/3.0.10 (.NET CLR 3.5.30729)"
193.175.73.206 - - [08/Mar/2010:13:49:21 +0100] "GET /Feinstaubfilter_Np1.gif HTTP/1.0" 200 1780 "http://www.sirius-berlin.de/" "Mozilla/5.0 (Windows; U; Windows NT 5.1; de; rv:1.9.0.10) Gecko/2009042316 YFF3 Firefox/3.0.10 (.NET CLR 3.5.30729)"
193.175.73.206 - - [08/Mar/2010:13:49:21 +0100] "GET /Home_Hp3.gif HTTP/1.0" 200 1773 "http://www.sirius-berlin.de/" "Mozilla/5.0 (Windows; U; Windows NT 5.1; de; rv:1.9.0.10) Gecko/2009042316 YFF3 Firefox/3.0.10 (.NET CLR 3.5.30729)"
193.175.73.206 - - [08/Mar/2010:13:49:21 +0100] "GET /Shop_Np1.gif HTTP/1.0" 200 1699 "http://www.sirius-berlin.de/" "Mozilla/5.0 (Windows; U; Windows NT 5.1; de; rv:1.9.0.10) Gecko/2009042316 YFF3 Firefox/3.0.10 (.NET CLR 3.5.30729)"
193.175.73.206 - - [08/Mar/2010:13:49:21 +0100] "GET /Produkte_NRp2.gif HTTP/1.0" 200 2001 "http://www.sirius-berlin.de/" "Mozilla/5.0 (Windows; U; Windows NT 5.1; de; rv:1.9.0.10) Gecko/2009042316 YFF3 Firefox/3.0.10 (.NET CLR 3.5.30729)"
193.175.73.206 - - [08/Mar/2010:13:49:21 +0100] "GET /Impressum_NRp2.gif HTTP/1.0" 200 2011 "http://www.sirius-berlin.de/" "Mozilla/5.0 (Windows; U; Windows NT 5.1; de; rv:1.9.0.10) Gecko/2009042316 YFF3 Firefox/3.0.10 (.NET CLR 3.5.30729)"
193.175.73.206 - - [08/Mar/2010:13:49:21 +0100] "GET /Feinstaubfilter_NRp2.gif HTTP/1.0" 200 2034 "http://www.sirius-berlin.de/" "Mozilla/5.0 (Windows; U; Windows NT 5.1; de; rv:1.9.0.10) Gecko/2009042316 YFF3 Firefox/3.0.10 (.NET CLR 3.5.30729)"
193.175.73.206 - - [08/Mar/2010:13:49:21 +0100] "GET /Home_HRp4.gif HTTP/1.0" 200 2027 "http://www.sirius-berlin.de/" "Mozilla/5.0 (Windows; U; Windows NT 5.1; de; rv:1.9.0.10) Gecko/2009042316 YFF3 Firefox/3.0.10 (.NET CLR 3.5.30729)"
193.175.73.206 - - [08/Mar/2010:13:49:21 +0100] "GET /Shop_NRp2.gif HTTP/1.0" 200 1954 "http://www.sirius-berlin.de/" "Mozilla/5.0 (Windows; U; Windows NT 5.1; de; rv:1.9.0.10) Gecko/2009042316 YFF3 Firefox/3.0.10 (.NET CLR 3.5.30729)"
193.175.73.206 - - [08/Mar/2010:13:49:21 +0100] "GET /Service_Kontakt_Np1.gif HTTP/1.0" 200 1794 "http://www.sirius-berlin.de/" "Mozilla/5.0 (Windows; U; Windows NT 5.1; de; rv:1.9.0.10) Gecko/2009042316 YFF3 Firefox/3.0.10 (.NET CLR 3.5.30729)"
193.175.73.206 - - [08/Mar/2010:13:49:21 +0100] "GET /Service_Kontakt_NRp2.gif HTTP/1.0" 200 2044 "http://www.sirius-berlin.de/" "Mozilla/5.0 (Windows; U; Windows NT 5.1; de; rv:1.9.0.10) Gecko/2009042316 YFF3 Firefox/3.0.10 (.NET CLR 3.5.30729)"
193.175.73.206 - - [08/Mar/2010:13:49:22 +0100] "GET /BuiltWithNOF.gif HTTP/1.0" 200 2587 "http://www.sirius-berlin.de/" "Mozilla/5.0 (Windows; U; Windows NT 5.1; de; rv:1.9.0.10) Gecko/2009042316 YFF3 Firefox/3.0.10 (.NET CLR 3.5.30729)"
193.175.73.206 - - [08/Mar/2010:13:49:22 +0100] "GET /Home_NnBanner.gif HTTP/1.0" 200 5803 "http://www.sirius-berlin.de/" "Mozilla/5.0 (Windows; U; Windows NT 5.1; de; rv:1.9.0.10) Gecko/2009042316 YFF3 Firefox/3.0.10 (.NET CLR 3.5.30729)"
193.175.73.206 - - [08/Mar/2010:13:49:22 +0100] "GET /Sirius-LOGO1.JPG HTTP/1.0" 200 4357 "http://www.sirius-berlin.de/" "Mozilla/5.0 (Windows; U; Windows NT 5.1; de; rv:1.9.0.10) Gecko/2009042316 YFF3 Firefox/3.0.10 (.NET CLR 3.5.30729)"
193.175.73.206 - - [08/Mar/2010:13:49:22 +0100] "GET /DSC0019902.JPG HTTP/1.0" 200 7772 "http://www.sirius-berlin.de/" "Mozilla/5.0 (Windows; U; Windows NT 5.1; de; rv:1.9.0.10) Gecko/2009042316 YFF3 Firefox/3.0.10 (.NET CLR 3.5.30729)"
193.175.73.206 - - [08/Mar/2010:13:49:22 +0100] "GET /favicon.ico HTTP/1.0" 404 1256 "-" "Mozilla/5.0 (Windows; U; Windows NT 5.1; de; rv:1.9.0.10) Gecko/2009042316 YFF3 Firefox/3.0.10 (.NET CLR 3.5.30729)"
84.183.76.189 - - [08/Mar/2010:15:55:08 +0100] "HEAD /index.html HTTP/1.1" 200 - "-" "Xenu Link Sleuth 1.3"
66.249.65.105 - - [08/Mar/2010:17:10:26 +0100] "GET /robots.txt HTTP/1.1" 404 1256 "-" "Googlebot-Image/1.0"
66.249.65.105 - - [08/Mar/2010:17:10:26 +0100] "GET /Sirius-LOGO1.JPG HTTP/1.1" 304 - "-" "Googlebot-Image/1.0"
67.218.116.134 - - [08/Mar/2010:17:40:42 +0100] "GET /robots.txt HTTP/1.1" 404 1256 "-" "Mozilla/5.0 (Twiceler-0.9 http://www.cuil.com/twiceler/robot.html)"
67.195.111.39 - - [08/Mar/2010:17:56:11 +0100] "GET /robots.txt HTTP/1.0" 404 1256 "-" "Mozilla/5.0 (compatible; Yahoo! Slurp; http://help.yahoo.com/help/us/ysearch/slurp)"
67.195.111.39 - - [08/Mar/2010:17:56:12 +0100] "GET /Feinstaubfilter/Dexwet/dexwet.html HTTP/1.0" 200 16100 "-" "Mozilla/5.0 (compatible; Yahoo! Slurp/3.0; http://help.yahoo.com/help/us/ysearch/slurp)"
66.249.65.105 - - [08/Mar/2010:18:28:06 +0100] "GET /Beide_Filter1.jpg HTTP/1.1" 304 - "-" "Googlebot-Image/1.0"
91.63.133.20 - - [08/Mar/2010:19:06:59 +0100] "GET / HTTP/1.1" 200 12828 "-" "Mozilla/5.0 (Windows; U; Windows NT 5.1; de; rv:1.9.0.10) Gecko/2009042316 Firefox/3.0.10"
91.63.133.20 - - [08/Mar/2010:19:07:07 +0100] "GET /index.html HTTP/1.1" 200 12828 "-" "Mozilla/5.0 (Windows; U; Windows NT 5.1; de; rv:1.9.0.10) Gecko/2009042316 Firefox/3.0.10"
91.63.133.20 - - [08/Mar/2010:19:07:16 +0100] "GET /Produkte/produkte.html HTTP/1.1" 200 17755 "-" "Mozilla/5.0 (Windows; U; Windows NT 5.1; de; rv:1.9.0.10) Gecko/2009042316 Firefox/3.0.10"
91.63.133.20 - - [08/Mar/2010:19:07:25 +0100] "GET /Produkte/produkte.html HTTP/1.1" 200 17755 "-" "Java/1.6.0_12"
91.63.133.20 - - [08/Mar/2010:19:07:41 +0100] "GET /Feinstaubfilter/feinstaubfilter.html HTTP/1.1" 200 13065 "-" "Mozilla/5.0 (Windows; U; Windows NT 5.1; de; rv:1.9.0.10) Gecko/2009042316 Firefox/3.0.10"
91.63.133.20 - - [08/Mar/2010:19:07:46 +0100] "GET /Feinstaubfilter/feinstaubfilter.html HTTP/1.1" 200 13065 "-" "Java/1.6.0_12"
91.63.133.20 - - [08/Mar/2010:19:07:50 +0100] "GET /Service_Kontakt/service_kontakt.html HTTP/1.1" 200 11157 "-" "Mozilla/5.0 (Windows; U; Windows NT 5.1; de; rv:1.9.0.10) Gecko/2009042316 Firefox/3.0.10"
91.63.133.20 - - [08/Mar/2010:19:08:00 +0100] "GET /Impressum/impressum.html HTTP/1.1" 200 11991 "-" "Mozilla/5.0 (Windows; U; Windows NT 5.1; de; rv:1.9.0.10) Gecko/2009042316 Firefox/3.0.10"
91.63.133.20 - - [08/Mar/2010:19:08:11 +0100] "GET /Shop/shop.html HTTP/1.1" 200 59578 "-" "Mozilla/5.0 (Windows; U; Windows NT 5.1; de; rv:1.9.0.10) Gecko/2009042316 Firefox/3.0.10"
91.63.133.20 - - [08/Mar/2010:19:08:19 +0100] "GET /Shop/shop.html HTTP/1.1" 200 59578 "-" "Java/1.6.0_12"
91.63.133.20 - - [08/Mar/2010:19:08:25 +0100] "GET /Shop/unternehmen03.html HTTP/1.1" 404 1256 "-" "Mozilla/5.0 (Windows; U; Windows NT 5.1; de; rv:1.9.0.10) Gecko/2009042316 Firefox/3.0.10"
91.63.133.20 - - [08/Mar/2010:19:08:29 +0100] "GET /Shop/unternehmen03.html HTTP/1.1" 404 1256 "-" "Java/1.6.0_12"
91.63.133.20 - - [08/Mar/2010:19:08:32 +0100] "GET /Impressum/impressum.html HTTP/1.1" 200 11991 "-" "Java/1.6.0_12"
91.63.133.20 - - [08/Mar/2010:19:08:38 +0100] "GET /Impressum/Service/Kontakt HTTP/1.1" 404 1256 "-" "Mozilla/5.0 (Windows; U; Windows NT 5.1; de; rv:1.9.0.10) Gecko/2009042316 Firefox/3.0.10"
91.63.133.20 - - [08/Mar/2010:19:08:45 +0100] "GET /Impressum/Service/Kontakt HTTP/1.1" 404 1256 "-" "Java/1.6.0_12"
91.63.133.20 - - [08/Mar/2010:19:08:49 +0100] "GET /Service_Kontakt/service_kontakt.html HTTP/1.1" 200 11157 "-" "Java/1.6.0_12"
91.63.133.20 - - [08/Mar/2010:19:08:55 +0100] "GET /Service_Kontakt/Service/Kontakt HTTP/1.1" 404 1256 "-" "Mozilla/5.0 (Windows; U; Windows NT 5.1; de; rv:1.9.0.10) Gecko/2009042316 Firefox/3.0.10"
91.63.133.20 - - [08/Mar/2010:19:08:59 +0100] "GET /Service_Kontakt/Service/Kontakt HTTP/1.1" 404 1256 "-" "Java/1.6.0_12"
91.63.133.20 - - [08/Mar/2010:19:09:06 +0100] "GET /index.html HTTP/1.1" 200 12828 "-" "Java/1.6.0_12"
91.63.133.20 - - [08/Mar/2010:19:09:16 +0100] "GET /Service/Kontakt HTTP/1.1" 404 1256 "-" "Mozilla/5.0 (Windows; U; Windows NT 5.1; de; rv:1.9.0.10) Gecko/2009042316 Firefox/3.0.10"
91.63.133.20 - - [08/Mar/2010:19:09:20 +0100] "GET /Service/Kontakt HTTP/1.1" 404 1256 "-" "Java/1.6.0_12"
91.63.133.20 - - [08/Mar/2010:19:09:29 +0100] "GET / HTTP/1.1" 200 12828 "-" "Java/1.6.0_12"
66.249.65.239 - - [08/Mar/2010:23:39:35 +0100] "GET /weitere_Produkte_Ns1.gif HTTP/1.1" 304 - "-" "Googlebot-Image/1.0"
91.63.133.20 - - [09/Mar/2010:00:02:31 +0100] "GET / HTTP/1.1" 200 12828 "-" "Mozilla/5.0 (Windows; U; Windows NT 5.1; de; rv:1.9.0.10) Gecko/2009042316 Firefox/3.0.10"
91.63.133.20 - - [09/Mar/2010:00:02:34 +0100] "GET /index.html HTTP/1.1" 200 12828 "-" "Mozilla/5.0 (Windows; U; Windows NT 5.1; de; rv:1.9.0.10) Gecko/2009042316 Firefox/3.0.10"
91.63.133.20 - - [09/Mar/2010:00:02:38 +0100] "GET /Produkte/produkte.html HTTP/1.1" 200 17755 "-" "Mozilla/5.0 (Windows; U; Windows NT 5.1; de; rv:1.9.0.10) Gecko/2009042316 Firefox/3.0.10"
91.63.133.20 - - [09/Mar/2010:00:02:42 +0100] "GET /Produkte/produkte.html HTTP/1.1" 200 17755 "-" "Java/1.6.0_12"
91.63.133.20 - - [09/Mar/2010:00:02:46 +0100] "GET /Feinstaubfilter/feinstaubfilter.html HTTP/1.1" 200 13065 "-" "Mozilla/5.0 (Windows; U; Windows NT 5.1; de; rv:1.9.0.10) Gecko/2009042316 Firefox/3.0.10"
91.63.133.20 - - [09/Mar/2010:00:02:50 +0100] "GET /Feinstaubfilter/feinstaubfilter.html HTTP/1.1" 200 13065 "-" "Java/1.6.0_12"
91.63.133.20 - - [09/Mar/2010:00:02:55 +0100] "GET /Service_Kontakt/service_kontakt.html HTTP/1.1" 200 11157 "-" "Mozilla/5.0 (Windows; U; Windows NT 5.1; de; rv:1.9.0.10) Gecko/2009042316 Firefox/3.0.10"
91.63.133.20 - - [09/Mar/2010:00:03:01 +0100] "GET /Impressum/impressum.html HTTP/1.1" 200 11991 "-" "Mozilla/5.0 (Windows; U; Windows NT 5.1; de; rv:1.9.0.10) Gecko/2009042316 Firefox/3.0.10"
91.63.133.20 - - [09/Mar/2010:00:03:05 +0100] "GET /Shop/shop.html HTTP/1.1" 200 59578 "-" "Mozilla/5.0 (Windows; U; Windows NT 5.1; de; rv:1.9.0.10) Gecko/2009042316 Firefox/3.0.10"
91.63.133.20 - - [09/Mar/2010:00:03:10 +0100] "GET /Shop/shop.html HTTP/1.1" 200 59578 "-" "Java/1.6.0_12"
91.63.133.20 - - [09/Mar/2010:00:03:15 +0100] "GET /Impressum/impressum.html HTTP/1.1" 200 11991 "-" "Java/1.6.0_12"
91.63.133.20 - - [09/Mar/2010:00:03:18 +0100] "GET /Impressum/Service/Kontakt HTTP/1.1" 404 1256 "-" "Mozilla/5.0 (Windows; U; Windows NT 5.1; de; rv:1.9.0.10) Gecko/2009042316 Firefox/3.0.10"
91.63.133.20 - - [09/Mar/2010:00:03:21 +0100] "GET /Impressum/Service/Kontakt HTTP/1.1" 404 1256 "-" "Java/1.6.0_12"
91.63.133.20 - - [09/Mar/2010:00:03:24 +0100] "GET /Service_Kontakt/service_kontakt.html HTTP/1.1" 200 11157 "-" "Java/1.6.0_12"
91.63.133.20 - - [09/Mar/2010:00:03:27 +0100] "GET /Service_Kontakt/Service/Kontakt HTTP/1.1" 404 1256 "-" "Mozilla/5.0 (Windows; U; Windows NT 5.1; de; rv:1.9.0.10) Gecko/2009042316 Firefox/3.0.10"
91.63.133.20 - - [09/Mar/2010:00:03:31 +0100] "GET /Service_Kontakt/Service/Kontakt HTTP/1.1" 404 1256 "-" "Java/1.6.0_12"
91.63.133.20 - - [09/Mar/2010:00:03:34 +0100] "GET /index.html HTTP/1.1" 200 12828 "-" "Java/1.6.0_12"
91.63.133.20 - - [09/Mar/2010:00:03:38 +0100] "GET / HTTP/1.1" 200 12828 "-" "Java/1.6.0_12"
91.63.133.20 - - [09/Mar/2010:00:03:46 +0100] "GET /Service/Kontakt HTTP/1.1" 404 1256 "-" "Mozilla/5.0 (Windows; U; Windows NT 5.1; de; rv:1.9.0.10) Gecko/2009042316 Firefox/3.0.10"
91.63.133.20 - - [09/Mar/2010:00:03:49 +0100] "GET /Service/Kontakt HTTP/1.1" 404 1256 "-" "Java/1.6.0_12"
208.80.193.42 - - [09/Mar/2010:08:30:20 +0100] "GET / HTTP/1.0" 200 12828 "-" "Mozilla/4.0 (compatible; MSIE 7.0; Windows NT 5.1; FunWebProducts; MRA 4.10 (build 01952); MRSPUTNIK 1, 8, 0, 17 SW; .NET CLR 1.1.4322)"
94.68.70.40 - - [09/Mar/2010:12:24:18 +0100] "GET / HTTP/1.0" 200 12828 "-" "Mozilla/4.0 (compatible; MSIE 5.0; Windows NT 4.0)"
94.68.70.40 - - [09/Mar/2010:12:24:19 +0100] "GET /rollover.js HTTP/1.0" 200 32709 "http://www.sirius-berlin.de/" "Mozilla/4.0 (compatible; MSIE 5.0; Windows NT 4.0)"
94.68.70.40 - - [09/Mar/2010:12:24:20 +0100] "GET /Impressum/impressum.html HTTP/1.0" 200 11991 "http://www.sirius-berlin.de/" "Mozilla/4.0 (compatible; MSIE 5.0; Windows NT 4.0)"
94.68.70.40 - - [09/Mar/2010:12:24:22 +0100] "GET /Produkte/produkte.html HTTP/1.0" 200 17755 "http://www.sirius-berlin.de/" "Mozilla/4.0 (compatible; MSIE 5.0; Windows NT 4.0)"
94.68.70.40 - - [09/Mar/2010:12:24:22 +0100] "GET /index.html HTTP/1.0" 200 12828 "http://www.sirius-berlin.de/" "Mozilla/4.0 (compatible; MSIE 5.0; Windows NT 4.0)"
94.68.70.40 - - [09/Mar/2010:12:24:23 +0100] "GET /Produkte/Tonerkartuschen/tonerkartuschen.html HTTP/1.0" 200 13203 "http://www.sirius-berlin.de/Produkte/produkte.html" "Mozilla/4.0 (compatible; MSIE 5.0; Windows NT 4.0)"
94.68.70.40 - - [09/Mar/2010:12:24:23 +0100] "GET /Shop/shop.html HTTP/1.0" 200 59578 "http://www.sirius-berlin.de/" "Mozilla/4.0 (compatible; MSIE 5.0; Windows NT 4.0)"
94.68.70.40 - - [09/Mar/2010:12:24:24 +0100] "GET /Shop/Filter/filter_2.html HTTP/1.0" 200 26547 "http://www.sirius-berlin.de/Shop/shop.html" "Mozilla/4.0 (compatible; MSIE 5.0; Windows NT 4.0)"
94.68.70.40 - - [09/Mar/2010:12:24:27 +0100] "GET /Shop/Filter/filter_0.html HTTP/1.0" 200 26544 "http://www.sirius-berlin.de/Shop/shop.html" "Mozilla/4.0 (compatible; MSIE 5.0; Windows NT 4.0)"
94.68.70.40 - - [09/Mar/2010:12:24:27 +0100] "GET /store.js HTTP/1.0" 200 4275 "http://www.sirius-berlin.de/Shop/shop.html" "Mozilla/4.0 (compatible; MSIE 5.0; Windows NT 4.0)"
94.68.70.40 - - [09/Mar/2010:12:24:28 +0100] "GET /Service_Kontakt/service_kontakt.html HTTP/1.0" 200 11157 "http://www.sirius-berlin.de/" "Mozilla/4.0 (compatible; MSIE 5.0; Windows NT 4.0)"
94.68.70.40 - - [09/Mar/2010:12:24:28 +0100] "GET /Feinstaubfilter/feinstaubfilter.html HTTP/1.0" 200 13065 "http://www.sirius-berlin.de/" "Mozilla/4.0 (compatible; MSIE 5.0; Windows NT 4.0)"
94.68.70.40 - - [09/Mar/2010:12:24:32 +0100] "GET /Produkte/weitere_Produkte/weitere_produkte.html HTTP/1.0" 200 12524 "http://www.sirius-berlin.de/Produkte/produkte.html" "Mozilla/4.0 (compatible; MSIE 5.0; Windows NT 4.0)"
94.68.70.40 - - [09/Mar/2010:12:24:32 +0100] "GET /Feinstaubfilter/Dexwet/dexwet.html HTTP/1.0" 200 16100 "http://www.sirius-berlin.de/Feinstaubfilter/feinstaubfilter.html" "Mozilla/4.0 (compatible; MSIE 5.0; Windows NT 4.0)"
94.68.70.40 - - [09/Mar/2010:12:24:38 +0100] "GET /Feinstaubfilter/micronair/micronair.html HTTP/1.0" 200 19812 "http://www.sirius-berlin.de/Feinstaubfilter/feinstaubfilter.html" "Mozilla/4.0 (compatible; MSIE 5.0; Windows NT 4.0)"
94.68.70.40 - - [09/Mar/2010:12:24:44 +0100] "GET /Produkte/Tintenpatronen/tintenpatronen.html HTTP/1.0" 200 15225 "http://www.sirius-berlin.de/Produkte/produkte.html" "Mozilla/4.0 (compatible; MSIE 5.0; Windows NT 4.0)"
94.68.70.40 - - [09/Mar/2010:12:24:45 +0100] "GET /Shop/Filter/filter_1.html HTTP/1.0" 200 26543 "http://www.sirius-berlin.de/Shop/shop.html" "Mozilla/4.0 (compatible; MSIE 5.0; Windows NT 4.0)"
66.249.71.171 - - [09/Mar/2010:17:48:59 +0100] "GET /robots.txt HTTP/1.1" 404 1256 "-" "Googlebot-Image/1.0"
66.249.71.171 - - [09/Mar/2010:17:48:59 +0100] "GET /micronair_Ns1.gif HTTP/1.1" 304 - "-" "Googlebot-Image/1.0"
67.218.116.134 - - [09/Mar/2010:18:52:58 +0100] "GET /robots.txt HTTP/1.1" 404 1256 "-" "Mozilla/5.0 (Twiceler-0.9 http://www.cuil.com/twiceler/robot.html)"
87.250.255.242 - - [09/Mar/2010:21:04:07 +0100] "GET /robots.txt HTTP/1.1" 404 1256 "-" "Yandex/1.01.001 (compatible; Win16; I)"
66.249.71.171 - - [09/Mar/2010:21:32:42 +0100] "GET /Dexwet_logo1.jpg HTTP/1.1" 304 - "-" "Googlebot-Image/1.0"
67.195.111.39 - - [09/Mar/2010:22:15:16 +0100] "GET /robots.txt HTTP/1.0" 404 1256 "-" "Mozilla/5.0 (compatible; Yahoo! Slurp; http://help.yahoo.com/help/us/ysearch/slurp)"
67.195.111.39 - - [09/Mar/2010:22:15:16 +0100] "GET / HTTP/1.0" 200 12828 "-" "Mozilla/5.0 (compatible; Yahoo! Slurp/3.0; http://help.yahoo.com/help/us/ysearch/slurp)"
184.73.16.212 - - [09/Mar/2010:23:49:19 +0100] "GET / HTTP/1.0" 200 12828 "-" "Mozilla/5.0 (compatible; NetcraftSurveyAgent/1.0; +info@netcraft.com)"
65.55.2.104 - - [10/Mar/2010:04:22:46 +0100] "GET /robots.txt HTTP/1.1" 404 1256 "-" "msnbot/2.0b (+http://search.msn.com/msnbot.htm)._"
65.55.2.104 - - [10/Mar/2010:04:22:47 +0100] "GET /index.html HTTP/1.1" 200 12828 "-" "msnbot/2.0b (+http://search.msn.com/msnbot.htm)._"
65.55.2.104 - - [10/Mar/2010:04:22:49 +0100] "GET /./index.html HTTP/1.1" 200 12828 "-" "msnbot/2.0b (+http://search.msn.com/msnbot.htm)._"
65.55.2.104 - - [10/Mar/2010:04:22:50 +0100] "GET /./Produkte/produkte.html HTTP/1.1" 200 17755 "-" "msnbot/2.0b (+http://search.msn.com/msnbot.htm)._"
65.55.2.104 - - [10/Mar/2010:04:22:52 +0100] "GET /./Feinstaubfilter/feinstaubfilter.html HTTP/1.1" 200 13065 "-" "msnbot/2.0b (+http://search.msn.com/msnbot.htm)._"
65.55.2.104 - - [10/Mar/2010:04:22:54 +0100] "GET /./Service_Kontakt/service_kontakt.html HTTP/1.1" 200 11157 "-" "msnbot/2.0b (+http://search.msn.com/msnbot.htm)._"
65.55.2.104 - - [10/Mar/2010:04:22:56 +0100] "GET /./Impressum/impressum.html HTTP/1.1" 200 11991 "-" "msnbot/2.0b (+http://search.msn.com/msnbot.htm)._"
65.55.2.104 - - [10/Mar/2010:04:22:57 +0100] "GET /./Shop/shop.html HTTP/1.1" 200 59578 "-" "msnbot/2.0b (+http://search.msn.com/msnbot.htm)._"
91.63.146.12 - - [10/Mar/2010:05:09:16 +0100] "GET / HTTP/1.1" 200 12828 "-" "Mozilla/5.0 (Windows; U; Windows NT 5.1; de; rv:1.9.0.10) Gecko/2009042316 Firefox/3.0.10"
91.63.146.12 - - [10/Mar/2010:05:09:20 +0100] "GET /index.html HTTP/1.1" 200 12828 "-" "Mozilla/5.0 (Windows; U; Windows NT 5.1; de; rv:1.9.0.10) Gecko/2009042316 Firefox/3.0.10"
91.63.146.12 - - [10/Mar/2010:05:09:23 +0100] "GET /Produkte/produkte.html HTTP/1.1" 200 17755 "-" "Mozilla/5.0 (Windows; U; Windows NT 5.1; de; rv:1.9.0.10) Gecko/2009042316 Firefox/3.0.10"
91.63.146.12 - - [10/Mar/2010:05:09:27 +0100] "GET /Produkte/produkte.html HTTP/1.1" 200 17755 "-" "Java/1.6.0_12"
91.63.146.12 - - [10/Mar/2010:05:09:32 +0100] "GET /Feinstaubfilter/feinstaubfilter.html HTTP/1.1" 200 13065 "-" "Mozilla/5.0 (Windows; U; Windows NT 5.1; de; rv:1.9.0.10) Gecko/2009042316 Firefox/3.0.10"
91.63.146.12 - - [10/Mar/2010:05:09:35 +0100] "GET /Feinstaubfilter/feinstaubfilter.html HTTP/1.1" 200 13065 "-" "Java/1.6.0_12"
91.63.146.12 - - [10/Mar/2010:05:09:39 +0100] "GET /Service_Kontakt/service_kontakt.html HTTP/1.1" 200 11157 "-" "Mozilla/5.0 (Windows; U; Windows NT 5.1; de; rv:1.9.0.10) Gecko/2009042316 Firefox/3.0.10"
91.63.146.12 - - [10/Mar/2010:05:09:42 +0100] "GET /Impressum/impressum.html HTTP/1.1" 200 11991 "-" "Mozilla/5.0 (Windows; U; Windows NT 5.1; de; rv:1.9.0.10) Gecko/2009042316 Firefox/3.0.10"
91.63.146.12 - - [10/Mar/2010:05:09:46 +0100] "GET /Shop/shop.html HTTP/1.1" 200 59578 "-" "Mozilla/5.0 (Windows; U; Windows NT 5.1; de; rv:1.9.0.10) Gecko/2009042316 Firefox/3.0.10"
91.63.146.12 - - [10/Mar/2010:05:09:50 +0100] "GET /Shop/shop.html HTTP/1.1" 200 59578 "-" "Java/1.6.0_12"
91.63.146.12 - - [10/Mar/2010:05:09:55 +0100] "GET /Shop/Filter/filter_2.html HTTP/1.1" 200 26547 "-" "Mozilla/5.0 (Windows; U; Windows NT 5.1; de; rv:1.9.0.10) Gecko/2009042316 Firefox/3.0.10"
91.63.146.12 - - [10/Mar/2010:05:09:58 +0100] "GET /Shop/Filter/filter_2.html HTTP/1.1" 200 26547 "-" "Java/1.6.0_12"
91.63.146.12 - - [10/Mar/2010:05:10:01 +0100] "GET /Impressum/impressum.html HTTP/1.1" 200 11991 "-" "Java/1.6.0_12"
91.63.146.12 - - [10/Mar/2010:05:10:04 +0100] "GET /Impressum/Service/Kontakt HTTP/1.1" 404 1256 "-" "Mozilla/5.0 (Windows; U; Windows NT 5.1; de; rv:1.9.0.10) Gecko/2009042316 Firefox/3.0.10"
91.63.146.12 - - [10/Mar/2010:05:10:07 +0100] "GET /Impressum/Service/Kontakt HTTP/1.1" 404 1256 "-" "Java/1.6.0_12"
91.63.146.12 - - [10/Mar/2010:05:10:10 +0100] "GET /Service_Kontakt/service_kontakt.html HTTP/1.1" 200 11157 "-" "Java/1.6.0_12"
91.63.146.12 - - [10/Mar/2010:05:10:13 +0100] "GET /Service_Kontakt/Service/Kontakt HTTP/1.1" 404 1256 "-" "Mozilla/5.0 (Windows; U; Windows NT 5.1; de; rv:1.9.0.10) Gecko/2009042316 Firefox/3.0.10"
91.63.146.12 - - [10/Mar/2010:05:10:15 +0100] "GET /Service_Kontakt/Service/Kontakt HTTP/1.1" 404 1256 "-" "Java/1.6.0_12"
91.63.146.12 - - [10/Mar/2010:05:10:21 +0100] "GET /index.html HTTP/1.1" 200 12828 "-" "Java/1.6.0_12"
91.63.146.12 - - [10/Mar/2010:05:10:23 +0100] "GET /Service/Kontakt HTTP/1.1" 404 1256 "-" "Mozilla/5.0 (Windows; U; Windows NT 5.1; de; rv:1.9.0.10) Gecko/2009042316 Firefox/3.0.10"
91.63.146.12 - - [10/Mar/2010:05:10:27 +0100] "GET /Service/Kontakt HTTP/1.1" 404 1256 "-" "Java/1.6.0_12"
91.63.146.12 - - [10/Mar/2010:05:10:30 +0100] "GET / HTTP/1.1" 200 12828 "-" "Java/1.6.0_12"
120.28.186.194 - - [10/Mar/2010:09:11:19 +0100] "GET / HTTP/1.1" 200 12828 "http://www.gelbeseiten.de/yp/subscriberlist_pageAction.yp?sessionDataString=H4sIAAAAAAAAAJWQzUvDQBDF/5qcJJDJJlnDMod-pECmKFVNQT7If0za6TXR3A-ppf77ZVqQcPzmnmwWN-p7-pmWvO-pGfjHHKtM142WWmtIUaaHqKlWgWVorVhDPdK7BpMRMrhWthb6l12iqhW6DdOFGbgiTvCG3IdV33nY-pULwv2sdfktCTFb6/RNeonkgHnCbNzA2KjHTrs6ZzO-pqFvhq0DJEKFTnbRaEZrV05aeha7mhFb3/45vGF7DVhCntAP9p/gF12vVmuW5JObzHsn/nDLmQb6MVjkfCZsAuDjLFK2D0JTo989nLjESD7HmGX/fMHZixu9wg1L6EQ9gGBs6Liwt6SlYEMwk8P7ai3hOo01PoYyh8SMOGXzpBDP7jweKATfjY6F3kgK6scGOdwlA5FYV7B173oDb1hUQp/2o-p/G5xZDVPpCY-pvEjbZLzHmKUdUf52xBI1QAJxnwLNz8QnM6ZUVQgIAAA-e-e&page=4&filterTrade=-&filterFunction=-&sortBy=sort_trade&availableLetters=ABCDEFGHIJKLMNOPRSTUVWZ" "Mozilla/5.0 (Windows; U; Windows NT 5.1; en-US; rv:1.9.1.8) Gecko/20100202 Firefox/3.5.8"
120.28.186.194 - - [10/Mar/2010:09:11:19 +0100] "GET /rollover.js HTTP/1.1" 200 32709 "http://www.sirius-berlin.de/" "Mozilla/5.0 (Windows; U; Windows NT 5.1; en-US; rv:1.9.1.8) Gecko/20100202 Firefox/3.5.8"
120.28.186.194 - - [10/Mar/2010:09:12:09 +0100] "GET /clearpixel.gif HTTP/1.1" 200 43 "http://www.sirius-berlin.de/" "Mozilla/5.0 (Windows; U; Windows NT 5.1; en-US; rv:1.9.1.8) Gecko/20100202 Firefox/3.5.8"
120.28.186.194 - - [10/Mar/2010:09:12:09 +0100] "GET /Produkte_Np1.gif HTTP/1.1" 200 1744 "http://www.sirius-berlin.de/" "Mozilla/5.0 (Windows; U; Windows NT 5.1; en-US; rv:1.9.1.8) Gecko/20100202 Firefox/3.5.8"
120.28.186.194 - - [10/Mar/2010:09:12:09 +0100] "GET /Sirius-LOGO21.JPG HTTP/1.1" 200 2563 "http://www.sirius-berlin.de/" "Mozilla/5.0 (Windows; U; Windows NT 5.1; en-US; rv:1.9.1.8) Gecko/20100202 Firefox/3.5.8"
120.28.186.194 - - [10/Mar/2010:09:12:09 +0100] "GET /background.gif HTTP/1.1" 200 5457 "http://www.sirius-berlin.de/" "Mozilla/5.0 (Windows; U; Windows NT 5.1; en-US; rv:1.9.1.8) Gecko/20100202 Firefox/3.5.8"
120.28.186.194 - - [10/Mar/2010:09:12:09 +0100] "GET /Feinstaubfilter_Np1.gif HTTP/1.1" 200 1780 "http://www.sirius-berlin.de/" "Mozilla/5.0 (Windows; U; Windows NT 5.1; en-US; rv:1.9.1.8) Gecko/20100202 Firefox/3.5.8"
120.28.186.194 - - [10/Mar/2010:09:12:09 +0100] "GET /Home_Hp3.gif HTTP/1.1" 200 1773 "http://www.sirius-berlin.de/" "Mozilla/5.0 (Windows; U; Windows NT 5.1; en-US; rv:1.9.1.8) Gecko/20100202 Firefox/3.5.8"
120.28.186.194 - - [10/Mar/2010:09:12:09 +0100] "GET /Service_Kontakt_Np1.gif HTTP/1.1" 200 1794 "http://www.sirius-berlin.de/" "Mozilla/5.0 (Windows; U; Windows NT 5.1; en-US; rv:1.9.1.8) Gecko/20100202 Firefox/3.5.8"
120.28.186.194 - - [10/Mar/2010:09:12:09 +0100] "GET /Impressum_Np1.gif HTTP/1.1" 200 1750 "http://www.sirius-berlin.de/" "Mozilla/5.0 (Windows; U; Windows NT 5.1; en-US; rv:1.9.1.8) Gecko/20100202 Firefox/3.5.8"
120.28.186.194 - - [10/Mar/2010:09:12:09 +0100] "GET /Shop_Np1.gif HTTP/1.1" 200 1699 "http://www.sirius-berlin.de/" "Mozilla/5.0 (Windows; U; Windows NT 5.1; en-US; rv:1.9.1.8) Gecko/20100202 Firefox/3.5.8"
120.28.186.194 - - [10/Mar/2010:09:12:09 +0100] "GET /Produkte_NRp2.gif HTTP/1.1" 200 2001 "http://www.sirius-berlin.de/" "Mozilla/5.0 (Windows; U; Windows NT 5.1; en-US; rv:1.9.1.8) Gecko/20100202 Firefox/3.5.8"
120.28.186.194 - - [10/Mar/2010:09:12:10 +0100] "GET /Feinstaubfilter_NRp2.gif HTTP/1.1" 200 2034 "http://www.sirius-berlin.de/" "Mozilla/5.0 (Windows; U; Windows NT 5.1; en-US; rv:1.9.1.8) Gecko/20100202 Firefox/3.5.8"
120.28.186.194 - - [10/Mar/2010:09:12:10 +0100] "GET /Home_HRp4.gif HTTP/1.1" 200 2027 "http://www.sirius-berlin.de/" "Mozilla/5.0 (Windows; U; Windows NT 5.1; en-US; rv:1.9.1.8) Gecko/20100202 Firefox/3.5.8"
120.28.186.194 - - [10/Mar/2010:09:12:10 +0100] "GET /Service_Kontakt_NRp2.gif HTTP/1.1" 200 2044 "http://www.sirius-berlin.de/" "Mozilla/5.0 (Windows; U; Windows NT 5.1; en-US; rv:1.9.1.8) Gecko/20100202 Firefox/3.5.8"
120.28.186.194 - - [10/Mar/2010:09:12:10 +0100] "GET /Impressum_NRp2.gif HTTP/1.1" 200 2011 "http://www.sirius-berlin.de/" "Mozilla/5.0 (Windows; U; Windows NT 5.1; en-US; rv:1.9.1.8) Gecko/20100202 Firefox/3.5.8"
120.28.186.194 - - [10/Mar/2010:09:12:10 +0100] "GET /Shop_NRp2.gif HTTP/1.1" 200 1954 "http://www.sirius-berlin.de/" "Mozilla/5.0 (Windows; U; Windows NT 5.1; en-US; rv:1.9.1.8) Gecko/20100202 Firefox/3.5.8"
120.28.186.194 - - [10/Mar/2010:09:12:10 +0100] "GET /BuiltWithNOF.gif HTTP/1.1" 200 2587 "http://www.sirius-berlin.de/" "Mozilla/5.0 (Windows; U; Windows NT 5.1; en-US; rv:1.9.1.8) Gecko/20100202 Firefox/3.5.8"
120.28.186.194 - - [10/Mar/2010:09:12:10 +0100] "GET /Home_NnBanner.gif HTTP/1.1" 200 5803 "http://www.sirius-berlin.de/" "Mozilla/5.0 (Windows; U; Windows NT 5.1; en-US; rv:1.9.1.8) Gecko/20100202 Firefox/3.5.8"
120.28.186.194 - - [10/Mar/2010:09:12:10 +0100] "GET /DSC0019902.JPG HTTP/1.1" 200 7772 "http://www.sirius-berlin.de/" "Mozilla/5.0 (Windows; U; Windows NT 5.1; en-US; rv:1.9.1.8) Gecko/20100202 Firefox/3.5.8"
120.28.186.194 - - [10/Mar/2010:09:12:10 +0100] "GET /Sirius-LOGO1.JPG HTTP/1.1" 200 4357 "http://www.sirius-berlin.de/" "Mozilla/5.0 (Windows; U; Windows NT 5.1; en-US; rv:1.9.1.8) Gecko/20100202 Firefox/3.5.8"
120.28.186.194 - - [10/Mar/2010:09:12:11 +0100] "GET /favicon.ico HTTP/1.1" 404 1256 "-" "Mozilla/5.0 (Windows; U; Windows NT 5.1; en-US; rv:1.9.1.8) Gecko/20100202 Firefox/3.5.8"
120.28.186.194 - - [10/Mar/2010:09:12:14 +0100] "GET /favicon.ico HTTP/1.1" 404 1256 "-" "Mozilla/5.0 (Windows; U; Windows NT 5.1; en-US; rv:1.9.1.8) Gecko/20100202 Firefox/3.5.8"
120.28.186.194 - - [10/Mar/2010:09:12:27 +0100] "GET /Impressum/impressum.html HTTP/1.1" 200 11991 "http://www.sirius-berlin.de/" "Mozilla/5.0 (Windows; U; Windows NT 5.1; en-US; rv:1.9.1.8) Gecko/20100202 Firefox/3.5.8"
120.28.186.194 - - [10/Mar/2010:09:12:28 +0100] "GET /Home_Np1.gif HTTP/1.1" 200 1706 "http://www.sirius-berlin.de/Impressum/impressum.html" "Mozilla/5.0 (Windows; U; Windows NT 5.1; en-US; rv:1.9.1.8) Gecko/20100202 Firefox/3.5.8"
120.28.186.194 - - [10/Mar/2010:09:12:29 +0100] "GET /Home_NRp2.gif HTTP/1.1" 200 1965 "http://www.sirius-berlin.de/Impressum/impressum.html" "Mozilla/5.0 (Windows; U; Windows NT 5.1; en-US; rv:1.9.1.8) Gecko/20100202 Firefox/3.5.8"
120.28.186.194 - - [10/Mar/2010:09:12:29 +0100] "GET /Impressum_Hp3.gif HTTP/1.1" 200 1876 "http://www.sirius-berlin.de/Impressum/impressum.html" "Mozilla/5.0 (Windows; U; Windows NT 5.1; en-US; rv:1.9.1.8) Gecko/20100202 Firefox/3.5.8"
120.28.186.194 - - [10/Mar/2010:09:12:29 +0100] "GET /Impressum_NnBanner.gif HTTP/1.1" 200 5996 "http://www.sirius-berlin.de/Impressum/impressum.html" "Mozilla/5.0 (Windows; U; Windows NT 5.1; en-US; rv:1.9.1.8) Gecko/20100202 Firefox/3.5.8"
120.28.186.194 - - [10/Mar/2010:09:12:29 +0100] "GET /Impressum_HRp4.gif HTTP/1.1" 200 2143 "http://www.sirius-berlin.de/Impressum/impressum.html" "Mozilla/5.0 (Windows; U; Windows NT 5.1; en-US; rv:1.9.1.8) Gecko/20100202 Firefox/3.5.8"
120.28.186.194 - - [10/Mar/2010:09:12:29 +0100] "GET /Sirius-LOGO102.JPG HTTP/1.1" 200 4357 "http://www.sirius-berlin.de/Impressum/impressum.html" "Mozilla/5.0 (Windows; U; Windows NT 5.1; en-US; rv:1.9.1.8) Gecko/20100202 Firefox/3.5.8"
120.28.186.194 - - [10/Mar/2010:09:12:29 +0100] "GET /Karte02.JPG HTTP/1.1" 200 14958 "http://www.sirius-berlin.de/Impressum/impressum.html" "Mozilla/5.0 (Windows; U; Windows NT 5.1; en-US; rv:1.9.1.8) Gecko/20100202 Firefox/3.5.8"
67.195.111.39 - - [10/Mar/2010:12:32:21 +0100] "GET /robots.txt HTTP/1.0" 404 1256 "-" "Mozilla/5.0 (compatible; Yahoo! Slurp; http://help.yahoo.com/help/us/ysearch/slurp)"
67.195.111.39 - - [10/Mar/2010:12:32:21 +0100] "GET /index.html HTTP/1.0" 200 12828 "-" "Mozilla/5.0 (compatible; Yahoo! Slurp/3.0; http://help.yahoo.com/help/us/ysearch/slurp)"
66.249.71.171 - - [10/Mar/2010:14:36:31 +0100] "GET /robots.txt HTTP/1.1" 404 1256 "-" "Googlebot-Image/1.0"
66.249.71.171 - - [10/Mar/2010:14:36:31 +0100] "GET /Filter_Hs1.gif HTTP/1.1" 304 - "-" "Googlebot-Image/1.0"
87.250.255.242 - - [10/Mar/2010:15:45:06 +0100] "GET / HTTP/1.1" 200 12828 "-" "Yandex/1.01.001 (compatible; Win16; I)"
67.218.116.134 - - [10/Mar/2010:18:02:49 +0100] "GET /robots.txt HTTP/1.1" 404 1256 "-" "Mozilla/5.0 (Twiceler-0.9 http://www.cuil.com/twiceler/robot.html)"
66.249.71.171 - - [10/Mar/2010:18:23:23 +0100] "GET /Produkte/produkte.html HTTP/1.1" 200 17755 "-" "Mozilla/5.0 (compatible; Googlebot/2.1; +http://www.google.com/bot.html)"
208.80.193.27 - - [10/Mar/2010:21:28:25 +0100] "GET / HTTP/1.0" 200 12828 "-" "Mozilla/4.0 (compatible; MSIE 6.0; Windows NT 5.1; SV1; iebar; acc=none; acc=)"
65.55.2.104 - - [11/Mar/2010:03:07:48 +0100] "GET /robots.txt HTTP/1.1" 404 1256 "-" "msnbot/2.0b (+http://search.msn.com/msnbot.htm)._"
65.55.2.104 - - [11/Mar/2010:03:07:48 +0100] "GET /index.html HTTP/1.1" 200 12828 "-" "msnbot/2.0b (+http://search.msn.com/msnbot.htm)._"
65.55.2.104 - - [11/Mar/2010:03:07:50 +0100] "GET /./index.html HTTP/1.1" 200 12828 "-" "msnbot/2.0b (+http://search.msn.com/msnbot.htm)._"
65.55.4.174 - - [11/Mar/2010:04:44:35 +0100] "GET /robots.txt HTTP/1.1" 404 1256 "-" "msnbot/2.0b (+http://search.msn.com/msnbot.htm)._"
65.55.4.174 - - [11/Mar/2010:04:44:36 +0100] "GET /index.html HTTP/1.1" 200 12828 "-" "msnbot/2.0b (+http://search.msn.com/msnbot.htm)._"
65.55.4.174 - - [11/Mar/2010:04:44:37 +0100] "GET /./index.html HTTP/1.1" 200 12828 "-" "msnbot/2.0b (+http://search.msn.com/msnbot.htm)._"
66.235.124.82 - - [11/Mar/2010:04:45:17 +0100] "GET /robots.txt HTTP/1.1" 404 1256 "-" "Mozilla/5.0 (compatible; Ask Jeeves/Teoma; +http://about.ask.com/en/docs/about/webmasters.shtml)"
66.235.124.82 - - [11/Mar/2010:04:45:17 +0100] "GET / HTTP/1.1" 200 12828 "-" "Mozilla/5.0 (compatible; Ask Jeeves/Teoma; +http://about.ask.com/en/docs/about/webmasters.shtml)"
91.63.141.32 - - [11/Mar/2010:05:15:23 +0100] "GET / HTTP/1.1" 200 12828 "-" "Mozilla/5.0 (Windows; U; Windows NT 5.1; de; rv:1.9.0.10) Gecko/2009042316 Firefox/3.0.10"
91.63.141.32 - - [11/Mar/2010:05:15:26 +0100] "GET /index.html HTTP/1.1" 200 12828 "-" "Mozilla/5.0 (Windows; U; Windows NT 5.1; de; rv:1.9.0.10) Gecko/2009042316 Firefox/3.0.10"
91.63.141.32 - - [11/Mar/2010:05:15:31 +0100] "GET /Produkte/produkte.html HTTP/1.1" 200 17755 "-" "Mozilla/5.0 (Windows; U; Windows NT 5.1; de; rv:1.9.0.10) Gecko/2009042316 Firefox/3.0.10"
91.63.141.32 - - [11/Mar/2010:05:15:34 +0100] "GET /Produkte/produkte.html HTTP/1.1" 200 17755 "-" "Java/1.6.0_12"
91.63.141.32 - - [11/Mar/2010:05:15:38 +0100] "GET /Feinstaubfilter/feinstaubfilter.html HTTP/1.1" 200 13065 "-" "Mozilla/5.0 (Windows; U; Windows NT 5.1; de; rv:1.9.0.10) Gecko/2009042316 Firefox/3.0.10"
91.63.141.32 - - [11/Mar/2010:05:15:42 +0100] "GET /Feinstaubfilter/feinstaubfilter.html HTTP/1.1" 200 13065 "-" "Java/1.6.0_12"
91.63.141.32 - - [11/Mar/2010:05:15:45 +0100] "GET /Service_Kontakt/service_kontakt.html HTTP/1.1" 200 11157 "-" "Mozilla/5.0 (Windows; U; Windows NT 5.1; de; rv:1.9.0.10) Gecko/2009042316 Firefox/3.0.10"
91.63.141.32 - - [11/Mar/2010:05:15:51 +0100] "GET /Impressum/impressum.html HTTP/1.1" 200 11991 "-" "Mozilla/5.0 (Windows; U; Windows NT 5.1; de; rv:1.9.0.10) Gecko/2009042316 Firefox/3.0.10"
91.63.141.32 - - [11/Mar/2010:05:15:55 +0100] "GET /Shop/shop.html HTTP/1.1" 200 59578 "-" "Mozilla/5.0 (Windows; U; Windows NT 5.1; de; rv:1.9.0.10) Gecko/2009042316 Firefox/3.0.10"
91.63.141.32 - - [11/Mar/2010:05:16:01 +0100] "GET /Shop/shop.html HTTP/1.1" 200 59578 "-" "Java/1.6.0_12"
91.63.141.32 - - [11/Mar/2010:05:16:20 +0100] "GET /Shop/Filter/filter_0.html HTTP/1.1" 200 26544 "-" "Mozilla/5.0 (Windows; U; Windows NT 5.1; de; rv:1.9.0.10) Gecko/2009042316 Firefox/3.0.10"
91.63.141.32 - - [11/Mar/2010:05:16:23 +0100] "GET /Shop/Filter/filter_0.html HTTP/1.1" 200 26544 "-" "Java/1.6.0_12"
91.63.141.32 - - [11/Mar/2010:05:16:27 +0100] "GET /Impressum/impressum.html HTTP/1.1" 200 11991 "-" "Java/1.6.0_12"
91.63.141.32 - - [11/Mar/2010:05:16:30 +0100] "GET /Impressum/Service/Kontakt HTTP/1.1" 404 1256 "-" "Mozilla/5.0 (Windows; U; Windows NT 5.1; de; rv:1.9.0.10) Gecko/2009042316 Firefox/3.0.10"
91.63.141.32 - - [11/Mar/2010:05:16:33 +0100] "GET /Impressum/Service/Kontakt HTTP/1.1" 404 1256 "-" "Java/1.6.0_12"
91.63.141.32 - - [11/Mar/2010:05:16:36 +0100] "GET /Service_Kontakt/service_kontakt.html HTTP/1.1" 200 11157 "-" "Java/1.6.0_12"
91.63.141.32 - - [11/Mar/2010:05:16:39 +0100] "GET /Service_Kontakt/Service/Kontakt HTTP/1.1" 404 1256 "-" "Mozilla/5.0 (Windows; U; Windows NT 5.1; de; rv:1.9.0.10) Gecko/2009042316 Firefox/3.0.10"
91.63.141.32 - - [11/Mar/2010:05:16:44 +0100] "GET /Service_Kontakt/Service/Kontakt HTTP/1.1" 404 1256 "-" "Java/1.6.0_12"
91.63.141.32 - - [11/Mar/2010:05:16:50 +0100] "GET /index.html HTTP/1.1" 200 12828 "-" "Java/1.6.0_12"
91.63.141.32 - - [11/Mar/2010:05:17:01 +0100] "GET /Service/Kontakt HTTP/1.1" 404 1256 "-" "Mozilla/5.0 (Windows; U; Windows NT 5.1; de; rv:1.9.0.10) Gecko/2009042316 Firefox/3.0.10"
91.63.141.32 - - [11/Mar/2010:05:17:04 +0100] "GET /Service/Kontakt HTTP/1.1" 404 1256 "-" "Java/1.6.0_12"
91.63.141.32 - - [11/Mar/2010:05:17:07 +0100] "GET / HTTP/1.1" 200 12828 "-" "Java/1.6.0_12"
87.250.255.242 - - [11/Mar/2010:05:30:20 +0100] "GET /robots.txt HTTP/1.1" 404 1256 "-" "Yandex/1.01.001 (compatible; Win16; I)"
65.55.4.175 - - [11/Mar/2010:05:42:21 +0100] "GET /robots.txt HTTP/1.1" 404 1256 "-" "msnbot/2.0b (+http://search.msn.com/msnbot.htm)._"
65.55.4.175 - - [11/Mar/2010:05:42:21 +0100] "GET /index.html HTTP/1.1" 200 12828 "-" "msnbot/2.0b (+http://search.msn.com/msnbot.htm)._"
65.55.4.175 - - [11/Mar/2010:05:42:23 +0100] "GET /./index.html HTTP/1.1" 200 12828 "-" "msnbot/2.0b (+http://search.msn.com/msnbot.htm)._"
87.163.214.183 - - [11/Mar/2010:07:47:07 +0100] "GET / HTTP/1.1" 200 12828 "http://www.folgstdumir.de/?c=alle" "Mozilla/3.01 (compatible;)"
87.250.255.242 - - [11/Mar/2010:08:09:19 +0100] "GET /index.html HTTP/1.1" 200 12828 "-" "Yandex/1.01.001 (compatible; Win16; I)"
87.250.255.242 - - [11/Mar/2010:11:45:06 +0100] "GET /Shop/shop.html HTTP/1.1" 304 - "-" "Yandex/1.01.001 (compatible; Win16; I)"
203.6.203.69 - - [11/Mar/2010:13:35:57 +0100] "GET / HTTP/1.0" 200 12828 "-" "-"
203.6.203.69 - - [11/Mar/2010:13:35:59 +0100] "GET /Produkte/produkte.html HTTP/1.0" 200 17755 "-" "-"
203.6.203.69 - - [11/Mar/2010:13:36:00 +0100] "GET /Service_Kontakt/service_kontakt.html HTTP/1.0" 200 11157 "-" "-"
203.6.203.69 - - [11/Mar/2010:13:36:01 +0100] "GET /Impressum/impressum.html HTTP/1.0" 200 11991 "-" "-"
208.115.111.248 - - [11/Mar/2010:15:48:33 +0100] "GET /robots.txt HTTP/1.1" 404 1256 "-" "Mozilla/5.0 (compatible; DotBot/1.1; http://www.dotnetdotcom.org/, crawler@dotnetdotcom.org)"
66.249.71.171 - - [11/Mar/2010:16:51:52 +0100] "GET /robots.txt HTTP/1.1" 404 1256 "-" "Googlebot-Image/1.0"
66.249.71.171 - - [11/Mar/2010:16:51:52 +0100] "GET /Produkte_Np1.gif HTTP/1.1" 304 - "-" "Googlebot-Image/1.0"
67.218.116.134 - - [11/Mar/2010:18:00:17 +0100] "GET /robots.txt HTTP/1.1" 404 1256 "-" "Mozilla/5.0 (Twiceler-0.9 http://www.cuil.com/twiceler/robot.html)"
66.249.71.171 - - [11/Mar/2010:18:40:40 +0100] "GET /Shop_Hp3.gif HTTP/1.1" 304 - "-" "Googlebot-Image/1.0"
65.98.224.7 - - [11/Mar/2010:18:47:49 +0100] "GET /robots.txt HTTP/1.0" 404 1256 "-" "TurnitinBot/2.1 (http://www.turnitin.com/robot/crawlerinfo.html)"
65.98.224.7 - - [11/Mar/2010:18:52:19 +0100] "GET /index.html HTTP/1.0" 200 12828 "-" "TurnitinBot/2.1 (http://www.turnitin.com/robot/crawlerinfo.html)"
65.98.224.7 - - [11/Mar/2010:18:53:14 +0100] "GET / HTTP/1.0" 200 12828 "-" "TurnitinBot/2.1 (http://www.turnitin.com/robot/crawlerinfo.html)"
66.249.71.171 - - [11/Mar/2010:19:12:23 +0100] "GET /Gruppe02.jpg HTTP/1.1" 304 - "-" "Googlebot-Image/1.0"
174.129.128.52 - - [11/Mar/2010:19:41:54 +0100] "GET / HTTP/1.0" 200 12828 "-" "Mozilla/5.0 (compatible; NetcraftSurveyAgent/1.0; +info@netcraft.com)"
208.115.111.248 - - [11/Mar/2010:19:44:37 +0100] "GET /robots.txt HTTP/1.1" 404 1256 "-" "Mozilla/5.0 (compatible; DotBot/1.1; http://www.dotnetdotcom.org/, crawler@dotnetdotcom.org)"
66.249.71.171 - - [11/Mar/2010:20:05:03 +0100] "GET /Shop_Hp3.gif HTTP/1.1" 304 - "-" "Googlebot-Image/1.0"
208.115.111.248 - - [11/Mar/2010:20:41:44 +0100] "GET / HTTP/1.1" 200 12828 "-" "Mozilla/5.0 (compatible; DotBot/1.1; http://www.dotnetdotcom.org/, crawler@dotnetdotcom.org)"
208.115.111.248 - - [11/Mar/2010:20:41:48 +0100] "GET /Feinstaubfilter/Dexwet/dexwet.html HTTP/1.1" 200 16100 "-" "Mozilla/5.0 (compatible; DotBot/1.1; http://www.dotnetdotcom.org/, crawler@dotnetdotcom.org)"
208.115.111.248 - - [11/Mar/2010:20:41:53 +0100] "GET /Feinstaubfilter/micronair/micronair.html HTTP/1.1" 200 19812 "-" "Mozilla/5.0 (compatible; DotBot/1.1; http://www.dotnetdotcom.org/, crawler@dotnetdotcom.org)"
208.115.111.248 - - [11/Mar/2010:20:41:59 +0100] "GET /Shop/Filter/filter_0.html HTTP/1.1" 200 26544 "-" "Mozilla/5.0 (compatible; DotBot/1.1; http://www.dotnetdotcom.org/, crawler@dotnetdotcom.org)"
209.160.65.104 - - [11/Mar/2010:21:09:48 +0100] "GET / HTTP/1.0" 206 12828 "-" "Mozilla/4.0 (compatible; MSIE 6.0; Windows NT 5.1; SV1)"
208.115.111.248 - - [11/Mar/2010:23:27:01 +0100] "GET /robots.txt HTTP/1.1" 404 1256 "-" "Mozilla/5.0 (compatible; DotBot/1.1; http://www.dotnetdotcom.org/, crawler@dotnetdotcom.org)"
208.115.111.248 - - [12/Mar/2010:00:25:11 +0100] "GET /Feinstaubfilter/feinstaubfilter.html HTTP/1.1" 200 13065 "-" "Mozilla/5.0 (compatible; DotBot/1.1; http://www.dotnetdotcom.org/, crawler@dotnetdotcom.org)"
208.115.111.248 - - [12/Mar/2010:00:25:15 +0100] "GET /Impressum/impressum.html HTTP/1.1" 200 11991 "-" "Mozilla/5.0 (compatible; DotBot/1.1; http://www.dotnetdotcom.org/, crawler@dotnetdotcom.org)"
208.115.111.248 - - [12/Mar/2010:00:25:19 +0100] "GET /Produkte/Tintenpatronen/tintenpatronen.html HTTP/1.1" 200 15225 "-" "Mozilla/5.0 (compatible; DotBot/1.1; http://www.dotnetdotcom.org/, crawler@dotnetdotcom.org)"
208.115.111.248 - - [12/Mar/2010:00:25:24 +0100] "GET /Produkte/Tonerkartuschen/tonerkartuschen.html HTTP/1.1" 200 13203 "-" "Mozilla/5.0 (compatible; DotBot/1.1; http://www.dotnetdotcom.org/, crawler@dotnetdotcom.org)"
208.115.111.248 - - [12/Mar/2010:00:25:29 +0100] "GET /Produkte/produkte.html HTTP/1.1" 200 17755 "-" "Mozilla/5.0 (compatible; DotBot/1.1; http://www.dotnetdotcom.org/, crawler@dotnetdotcom.org)"
208.115.111.248 - - [12/Mar/2010:00:25:34 +0100] "GET /Produkte/weitere_Produkte/weitere_produkte.html HTTP/1.1" 200 12524 "-" "Mozilla/5.0 (compatible; DotBot/1.1; http://www.dotnetdotcom.org/, crawler@dotnetdotcom.org)"
208.115.111.248 - - [12/Mar/2010:00:25:39 +0100] "GET /Service_Kontakt/service_kontakt.html HTTP/1.1" 200 11157 "-" "Mozilla/5.0 (compatible; DotBot/1.1; http://www.dotnetdotcom.org/, crawler@dotnetdotcom.org)"
208.115.111.248 - - [12/Mar/2010:00:25:44 +0100] "GET /Shop/Filter/filter_1.html HTTP/1.1" 200 26543 "-" "Mozilla/5.0 (compatible; DotBot/1.1; http://www.dotnetdotcom.org/, crawler@dotnetdotcom.org)"
208.115.111.248 - - [12/Mar/2010:00:25:49 +0100] "GET /Shop/Filter/filter_2.html HTTP/1.1" 200 26547 "-" "Mozilla/5.0 (compatible; DotBot/1.1; http://www.dotnetdotcom.org/, crawler@dotnetdotcom.org)"
208.115.111.248 - - [12/Mar/2010:00:25:54 +0100] "GET /index.html HTTP/1.1" 200 12828 "-" "Mozilla/5.0 (compatible; DotBot/1.1; http://www.dotnetdotcom.org/, crawler@dotnetdotcom.org)"
38.100.41.112 - - [12/Mar/2010:01:22:11 +0100] "GET / HTTP/1.1" 200 12828 "-" "Mozilla/4.0 (compatible; MSIE 7.0; Windows NT 5.2)"
38.100.41.112 - - [12/Mar/2010:01:22:20 +0100] "GET /Impressum/impressum.html HTTP/1.1" 200 11991 "http://www.sirius-berlin.de/" "Mozilla/4.0 (compatible; MSIE 7.0; Windows NT 5.2)"
38.100.41.112 - - [12/Mar/2010:01:22:20 +0100] "GET /index.html HTTP/1.1" 200 12828 "http://www.sirius-berlin.de/" "Mozilla/4.0 (compatible; MSIE 7.0; Windows NT 5.2)"
38.100.41.112 - - [12/Mar/2010:01:22:20 +0100] "GET /Shop/shop.html HTTP/1.1" 200 59578 "http://www.sirius-berlin.de/" "Mozilla/4.0 (compatible; MSIE 7.0; Windows NT 5.2)"
38.100.41.112 - - [12/Mar/2010:01:22:21 +0100] "GET /Produkte/produkte.html HTTP/1.1" 200 17755 "http://www.sirius-berlin.de/" "Mozilla/4.0 (compatible; MSIE 7.0; Windows NT 5.2)"
38.100.41.112 - - [12/Mar/2010:01:22:21 +0100] "GET /Feinstaubfilter/feinstaubfilter.html HTTP/1.1" 200 13065 "http://www.sirius-berlin.de/" "Mozilla/4.0 (compatible; MSIE 7.0; Windows NT 5.2)"
38.100.41.112 - - [12/Mar/2010:01:22:21 +0100] "GET /Service_Kontakt/service_kontakt.html HTTP/1.1" 200 11157 "http://www.sirius-berlin.de/" "Mozilla/4.0 (compatible; MSIE 7.0; Windows NT 5.2)"
38.100.41.112 - - [12/Mar/2010:01:22:45 +0100] "GET /Shop/Filter/filter_2.html HTTP/1.1" 200 26547 "http://www.sirius-berlin.de/Shop/shop.html" "Mozilla/4.0 (compatible; MSIE 7.0; Windows NT 5.2)"
38.100.41.112 - - [12/Mar/2010:01:22:46 +0100] "GET /Shop/Filter/filter_1.html HTTP/1.1" 200 26543 "http://www.sirius-berlin.de/Shop/shop.html" "Mozilla/4.0 (compatible; MSIE 7.0; Windows NT 5.2)"
38.100.41.112 - - [12/Mar/2010:01:22:46 +0100] "GET /Produkte/Tonerkartuschen/tonerkartuschen.html HTTP/1.1" 200 13203 "http://www.sirius-berlin.de/Produkte/produkte.html" "Mozilla/4.0 (compatible; MSIE 7.0; Windows NT 5.2)"
38.100.41.112 - - [12/Mar/2010:01:22:46 +0100] "GET /Produkte/weitere_Produkte/weitere_produkte.html HTTP/1.1" 200 12524 "http://www.sirius-berlin.de/Produkte/produkte.html" "Mozilla/4.0 (compatible; MSIE 7.0; Windows NT 5.2)"
38.100.41.112 - - [12/Mar/2010:01:22:46 +0100] "GET /Produkte/Tintenpatronen/tintenpatronen.html HTTP/1.1" 200 15225 "http://www.sirius-berlin.de/Produkte/produkte.html" "Mozilla/4.0 (compatible; MSIE 7.0; Windows NT 5.2)"
38.100.41.112 - - [12/Mar/2010:01:22:46 +0100] "GET /Feinstaubfilter/Dexwet/dexwet.html HTTP/1.1" 200 16100 "http://www.sirius-berlin.de/Feinstaubfilter/feinstaubfilter.html" "Mozilla/4.0 (compatible; MSIE 7.0; Windows NT 5.2)"
38.100.41.112 - - [12/Mar/2010:01:22:46 +0100] "GET /Feinstaubfilter/micronair/micronair.html HTTP/1.1" 200 19812 "http://www.sirius-berlin.de/Feinstaubfilter/feinstaubfilter.html" "Mozilla/4.0 (compatible; MSIE 7.0; Windows NT 5.2)"
38.100.41.112 - - [12/Mar/2010:01:22:47 +0100] "GET /Shop/Filter/filter_0.html HTTP/1.1" 200 26544 "http://www.sirius-berlin.de/Shop/shop.html" "Mozilla/4.0 (compatible; MSIE 7.0; Windows NT 5.2)"
66.249.71.171 - - [12/Mar/2010:04:00:41 +0100] "GET /Alle_auf_blau102.jpg HTTP/1.1" 304 - "-" "Googlebot-Image/1.0"
208.115.111.248 - - [12/Mar/2010:04:08:28 +0100] "GET /Shop/shop.html HTTP/1.1" 200 59578 "-" "Mozilla/5.0 (compatible; DotBot/1.1; http://www.dotnetdotcom.org/, crawler@dotnetdotcom.org)"
87.230.47.8 - - [12/Mar/2010:05:54:36 +0100] "HEAD / HTTP/1.1" 200 - "-" "-"
87.250.255.242 - - [12/Mar/2010:06:46:18 +0100] "GET /robots.txt HTTP/1.1" 404 1256 "-" "Yandex/1.01.001 (compatible; Win16; I)"
66.249.71.171 - - [12/Mar/2010:07:32:10 +0100] "GET /robots.txt HTTP/1.1" 404 1256 "-" "Googlebot-Image/1.0"
66.249.71.171 - - [12/Mar/2010:07:32:10 +0100] "GET /Dexwet_Ns1.gif HTTP/1.1" 304 - "-" "Googlebot-Image/1.0"
67.195.111.39 - - [12/Mar/2010:08:53:27 +0100] "GET /robots.txt HTTP/1.0" 404 1256 "-" "Mozilla/5.0 (compatible; Yahoo! Slurp; http://help.yahoo.com/help/us/ysearch/slurp)"
67.195.111.39 - - [12/Mar/2010:08:53:28 +0100] "GET /Shop/shop.html HTTP/1.0" 200 59578 "-" "Mozilla/5.0 (compatible; Yahoo! Slurp/3.0; http://help.yahoo.com/help/us/ysearch/slurp)"
208.80.193.33 - - [12/Mar/2010:10:58:00 +0100] "GET / HTTP/1.0" 200 12828 "-" "Mozilla/4.0 (compatible; MSIE 7.0; Windows NT 5.1; .NET CLR 1.0.3705; .NET CLR 1.1.4322; Media Center PC 3.1; Media Center PC 3.0; .NET CLR 2.0.50727)"
174.129.228.67 - - [12/Mar/2010:11:01:25 +0100] "GET /robots.txt HTTP/1.0" 404 1256 "-" "ia_archiver (+http://www.alexa.com/site/help/webmasters; crawler@alexa.com)"
174.129.228.67 - - [12/Mar/2010:11:01:25 +0100] "GET / HTTP/1.0" 200 12828 "-" "ia_archiver (+http://www.alexa.com/site/help/webmasters; crawler@alexa.com)"
87.250.255.242 - - [12/Mar/2010:12:37:14 +0100] "GET /Shop/Filter/filter_0.html HTTP/1.1" 200 26544 "-" "Yandex/1.01.001 (compatible; Win16; I)"
87.250.255.242 - - [12/Mar/2010:17:37:09 +0100] "GET /Produkte/weitere_Produkte/weitere_produkte.html HTTP/1.1" 304 - "-" "Yandex/1.01.001 (compatible; Win16; I)"
67.218.116.134 - - [12/Mar/2010:17:53:43 +0100] "GET /robots.txt HTTP/1.1" 404 1256 "-" "Mozilla/5.0 (Twiceler-0.9 http://www.cuil.com/twiceler/robot.html)"
66.249.71.171 - - [12/Mar/2010:18:46:01 +0100] "GET /micronair_Logo102.jpg HTTP/1.1" 304 - "-" "Googlebot-Image/1.0"
87.250.255.242 - - [13/Mar/2010:03:24:16 +0100] "GET /Produkte/produkte.html HTTP/1.1" 304 - "-" "Yandex/1.01.001 (compatible; Win16; I)"
207.46.204.241 - - [13/Mar/2010:05:11:49 +0100] "GET /robots.txt HTTP/1.1" 404 1256 "-" "msnbot/2.0b (+http://search.msn.com/msnbot.htm)"
207.46.204.241 - - [13/Mar/2010:05:12:36 +0100] "GET / HTTP/1.1" 200 12828 "-" "msnbot/2.0b (+http://search.msn.com/msnbot.htm)"
87.230.47.8 - - [13/Mar/2010:05:54:42 +0100] "HEAD / HTTP/1.1" 200 - "-" "-"
66.249.71.171 - - [13/Mar/2010:08:02:28 +0100] "GET /robots.txt HTTP/1.1" 404 1256 "-" "Mozilla/5.0 (compatible; Googlebot/2.1; +http://www.google.com/bot.html)"
66.249.71.171 - - [13/Mar/2010:08:02:28 +0100] "GET / HTTP/1.1" 200 12828 "-" "Mozilla/5.0 (compatible; Googlebot/2.1; +http://www.google.com/bot.html)"
88.131.106.4 - - [13/Mar/2010:11:43:00 +0100] "GET /robots.txt HTTP/1.0" 404 1256 "-" "Speedy Spider (http://www.entireweb.com/about/search_tech/speedy_spider/)"
88.131.106.4 - - [13/Mar/2010:11:43:00 +0100] "GET / HTTP/1.0" 200 12828 "-" "Speedy Spider (http://www.entireweb.com/about/search_tech/speedy_spider/)"
67.195.111.39 - - [13/Mar/2010:13:14:30 +0100] "GET /robots.txt HTTP/1.0" 404 1256 "-" "Mozilla/5.0 (compatible; Yahoo! Slurp; http://help.yahoo.com/help/us/ysearch/slurp)"
