87.183.38.235 - - [23/Mar/2010:10:49:54 +0100] "GET /./Impressum/impressum.html HTTP/1.1" 206 11991 "-" "Mozilla/5.0 (X11; U; Linux x86_64; de; rv:1.9.0.16) Gecko/2009121601 Ubuntu/8.10 (intrepid) Firefox/3.0.18"
192.168.157.26 - - [23/Mar/2010:11:24:51 +0100] "GET / HTTP/1.1" 200 12828 "-" "Mozilla/5.0 (Windows; U; Windows NT 5.1; de; rv:1.9.2) Gecko/20100115 Firefox/3.6 (.NET CLR 3.5.30729)"
192.168.157.26 - - [23/Mar/2010:11:24:51 +0100] "GET /rollover.js HTTP/1.1" 200 32709 "http://www.sirius-berlin.de/" "Mozilla/5.0 (Windows; U; Windows NT 5.1; de; rv:1.9.2) Gecko/20100115 Firefox/3.6 (.NET CLR 3.5.30729)"
192.168.157.26 - - [23/Mar/2010:11:24:51 +0100] "GET /background.gif HTTP/1.1" 200 5457 "http://www.sirius-berlin.de/" "Mozilla/5.0 (Windows; U; Windows NT 5.1; de; rv:1.9.2) Gecko/20100115 Firefox/3.6 (.NET CLR 3.5.30729)"
192.168.157.26 - - [23/Mar/2010:11:24:51 +0100] "GET /clearpixel.gif HTTP/1.1" 200 43 "http://www.sirius-berlin.de/" "Mozilla/5.0 (Windows; U; Windows NT 5.1; de; rv:1.9.2) Gecko/20100115 Firefox/3.6 (.NET CLR 3.5.30729)"
192.168.157.26 - - [23/Mar/2010:11:24:51 +0100] "GET /Produkte_Np1.gif HTTP/1.1" 200 1744 "http://www.sirius-berlin.de/" "Mozilla/5.0 (Windows; U; Windows NT 5.1; de; rv:1.9.2) Gecko/20100115 Firefox/3.6 (.NET CLR 3.5.30729)"
192.168.157.26 - - [23/Mar/2010:11:24:51 +0100] "GET /Sirius-LOGO21.JPG HTTP/1.1" 200 2563 "http://www.sirius-berlin.de/" "Mozilla/5.0 (Windows; U; Windows NT 5.1; de; rv:1.9.2) Gecko/20100115 Firefox/3.6 (.NET CLR 3.5.30729)"
192.168.157.26 - - [23/Mar/2010:11:24:51 +0100] "GET /Feinstaubfilter_Np1.gif HTTP/1.1" 200 1780 "http://www.sirius-berlin.de/" "Mozilla/5.0 (Windows; U; Windows NT 5.1; de; rv:1.9.2) Gecko/20100115 Firefox/3.6 (.NET CLR 3.5.30729)"
192.168.157.26 - - [23/Mar/2010:11:24:51 +0100] "GET /Home_Hp3.gif HTTP/1.1" 200 1773 "http://www.sirius-berlin.de/" "Mozilla/5.0 (Windows; U; Windows NT 5.1; de; rv:1.9.2) Gecko/20100115 Firefox/3.6 (.NET CLR 3.5.30729)"
192.168.157.26 - - [23/Mar/2010:11:24:51 +0100] "GET /Service_Kontakt_Np1.gif HTTP/1.1" 200 1794 "http://www.sirius-berlin.de/" "Mozilla/5.0 (Windows; U; Windows NT 5.1; de; rv:1.9.2) Gecko/20100115 Firefox/3.6 (.NET CLR 3.5.30729)"
192.168.157.26 - - [23/Mar/2010:11:24:51 +0100] "GET /Home_HRp4.gif HTTP/1.1" 200 2027 "http://www.sirius-berlin.de/" "Mozilla/5.0 (Windows; U; Windows NT 5.1; de; rv:1.9.2) Gecko/20100115 Firefox/3.6 (.NET CLR 3.5.30729)"
192.168.157.26 - - [23/Mar/2010:11:24:51 +0100] "GET /Impressum_Np1.gif HTTP/1.1" 200 1750 "http://www.sirius-berlin.de/" "Mozilla/5.0 (Windows; U; Windows NT 5.1; de; rv:1.9.2) Gecko/20100115 Firefox/3.6 (.NET CLR 3.5.30729)"
192.168.157.26 - - [23/Mar/2010:11:24:51 +0100] "GET /Produkte_NRp2.gif HTTP/1.1" 200 2001 "http://www.sirius-berlin.de/" "Mozilla/5.0 (Windows; U; Windows NT 5.1; de; rv:1.9.2) Gecko/20100115 Firefox/3.6 (.NET CLR 3.5.30729)"
192.168.157.26 - - [23/Mar/2010:11:24:51 +0100] "GET /Feinstaubfilter_NRp2.gif HTTP/1.1" 200 2034 "http://www.sirius-berlin.de/" "Mozilla/5.0 (Windows; U; Windows NT 5.1; de; rv:1.9.2) Gecko/20100115 Firefox/3.6 (.NET CLR 3.5.30729)"
192.168.157.26 - - [23/Mar/2010:11:24:51 +0100] "GET /Shop_Np1.gif HTTP/1.1" 200 1699 "http://www.sirius-berlin.de/" "Mozilla/5.0 (Windows; U; Windows NT 5.1; de; rv:1.9.2) Gecko/20100115 Firefox/3.6 (.NET CLR 3.5.30729)"
192.168.157.26 - - [23/Mar/2010:11:24:51 +0100] "GET /Service_Kontakt_NRp2.gif HTTP/1.1" 200 2044 "http://www.sirius-berlin.de/" "Mozilla/5.0 (Windows; U; Windows NT 5.1; de; rv:1.9.2) Gecko/20100115 Firefox/3.6 (.NET CLR 3.5.30729)"
192.168.157.26 - - [23/Mar/2010:11:24:51 +0100] "GET /Impressum_NRp2.gif HTTP/1.1" 200 2011 "http://www.sirius-berlin.de/" "Mozilla/5.0 (Windows; U; Windows NT 5.1; de; rv:1.9.2) Gecko/20100115 Firefox/3.6 (.NET CLR 3.5.30729)"
192.168.157.26 - - [23/Mar/2010:11:24:51 +0100] "GET /Shop_NRp2.gif HTTP/1.1" 200 1954 "http://www.sirius-berlin.de/" "Mozilla/5.0 (Windows; U; Windows NT 5.1; de; rv:1.9.2) Gecko/20100115 Firefox/3.6 (.NET CLR 3.5.30729)"
192.168.157.26 - - [23/Mar/2010:11:24:52 +0100] "GET /DSC0019902.JPG HTTP/1.1" 200 7772 "http://www.sirius-berlin.de/" "Mozilla/5.0 (Windows; U; Windows NT 5.1; de; rv:1.9.2) Gecko/20100115 Firefox/3.6 (.NET CLR 3.5.30729)"
192.168.157.26 - - [23/Mar/2010:11:24:52 +0100] "GET /BuiltWithNOF.gif HTTP/1.1" 200 2587 "http://www.sirius-berlin.de/" "Mozilla/5.0 (Windows; U; Windows NT 5.1; de; rv:1.9.2) Gecko/20100115 Firefox/3.6 (.NET CLR 3.5.30729)"
192.168.157.26 - - [23/Mar/2010:11:24:52 +0100] "GET /Home_NnBanner.gif HTTP/1.1" 200 5803 "http://www.sirius-berlin.de/" "Mozilla/5.0 (Windows; U; Windows NT 5.1; de; rv:1.9.2) Gecko/20100115 Firefox/3.6 (.NET CLR 3.5.30729)"
192.168.157.26 - - [23/Mar/2010:11:24:52 +0100] "GET /Sirius-LOGO1.JPG HTTP/1.1" 200 4357 "http://www.sirius-berlin.de/" "Mozilla/5.0 (Windows; U; Windows NT 5.1; de; rv:1.9.2) Gecko/20100115 Firefox/3.6 (.NET CLR 3.5.30729)"
192.168.157.26 - - [23/Mar/2010:11:24:53 +0100] "GET /favicon.ico HTTP/1.1" 404 1256 "-" "Mozilla/5.0 (Windows; U; Windows NT 5.1; de; rv:1.9.2) Gecko/20100115 Firefox/3.6 (.NET CLR 3.5.30729)"
192.168.157.26 - - [23/Mar/2010:11:24:53 +0100] "GET /Produkte/produkte.html HTTP/1.1" 200 17755 "http://www.sirius-berlin.de/" "Mozilla/5.0 (Windows; U; Windows NT 5.1; de; rv:1.9.2) Gecko/20100115 Firefox/3.6 (.NET CLR 3.5.30729)"
192.168.157.26 - - [23/Mar/2010:11:24:53 +0100] "GET /Home_Np1.gif HTTP/1.1" 200 1706 "http://www.sirius-berlin.de/Produkte/produkte.html" "Mozilla/5.0 (Windows; U; Windows NT 5.1; de; rv:1.9.2) Gecko/20100115 Firefox/3.6 (.NET CLR 3.5.30729)"
192.168.157.26 - - [23/Mar/2010:11:24:53 +0100] "GET /Produkte_Hp3.gif HTTP/1.1" 200 1878 "http://www.sirius-berlin.de/Produkte/produkte.html" "Mozilla/5.0 (Windows; U; Windows NT 5.1; de; rv:1.9.2) Gecko/20100115 Firefox/3.6 (.NET CLR 3.5.30729)"
192.168.157.26 - - [23/Mar/2010:11:24:53 +0100] "GET /Tonerkartuschen_Ns1.gif HTTP/1.1" 200 1960 "http://www.sirius-berlin.de/Produkte/produkte.html" "Mozilla/5.0 (Windows; U; Windows NT 5.1; de; rv:1.9.2) Gecko/20100115 Firefox/3.6 (.NET CLR 3.5.30729)"
192.168.157.26 - - [23/Mar/2010:11:24:53 +0100] "GET /Tintenpatronen_Ns1.gif HTTP/1.1" 200 1954 "http://www.sirius-berlin.de/Produkte/produkte.html" "Mozilla/5.0 (Windows; U; Windows NT 5.1; de; rv:1.9.2) Gecko/20100115 Firefox/3.6 (.NET CLR 3.5.30729)"
192.168.157.26 - - [23/Mar/2010:11:24:53 +0100] "GET /weitere_Produkte_Ns1.gif HTTP/1.1" 200 1960 "http://www.sirius-berlin.de/Produkte/produkte.html" "Mozilla/5.0 (Windows; U; Windows NT 5.1; de; rv:1.9.2) Gecko/20100115 Firefox/3.6 (.NET CLR 3.5.30729)"
192.168.157.26 - - [23/Mar/2010:11:24:53 +0100] "GET /Tonerkartuschen_NRs2.gif HTTP/1.1" 200 1935 "http://www.sirius-berlin.de/Produkte/produkte.html" "Mozilla/5.0 (Windows; U; Windows NT 5.1; de; rv:1.9.2) Gecko/20100115 Firefox/3.6 (.NET CLR 3.5.30729)"
192.168.157.26 - - [23/Mar/2010:11:24:53 +0100] "GET /Home_NRp2.gif HTTP/1.1" 200 1965 "http://www.sirius-berlin.de/Produkte/produkte.html" "Mozilla/5.0 (Windows; U; Windows NT 5.1; de; rv:1.9.2) Gecko/20100115 Firefox/3.6 (.NET CLR 3.5.30729)"
192.168.157.26 - - [23/Mar/2010:11:24:53 +0100] "GET /weitere_Produkte_NRs2.gif HTTP/1.1" 200 1935 "http://www.sirius-berlin.de/Produkte/produkte.html" "Mozilla/5.0 (Windows; U; Windows NT 5.1; de; rv:1.9.2) Gecko/20100115 Firefox/3.6 (.NET CLR 3.5.30729)"
192.168.157.26 - - [23/Mar/2010:11:24:53 +0100] "GET /Produkte_HRp4.gif HTTP/1.1" 200 2518 "http://www.sirius-berlin.de/Produkte/produkte.html" "Mozilla/5.0 (Windows; U; Windows NT 5.1; de; rv:1.9.2) Gecko/20100115 Firefox/3.6 (.NET CLR 3.5.30729)"
192.168.157.26 - - [23/Mar/2010:11:24:53 +0100] "GET /Tintenpatronen_NRs2.gif HTTP/1.1" 200 1930 "http://www.sirius-berlin.de/Produkte/produkte.html" "Mozilla/5.0 (Windows; U; Windows NT 5.1; de; rv:1.9.2) Gecko/20100115 Firefox/3.6 (.NET CLR 3.5.30729)"
192.168.157.26 - - [23/Mar/2010:11:24:53 +0100] "GET /Produkte_NnBanner.gif HTTP/1.1" 200 5997 "http://www.sirius-berlin.de/Produkte/produkte.html" "Mozilla/5.0 (Windows; U; Windows NT 5.1; de; rv:1.9.2) Gecko/20100115 Firefox/3.6 (.NET CLR 3.5.30729)"
192.168.157.26 - - [23/Mar/2010:11:24:53 +0100] "GET /Produkte/a_thumb_Multipack02.jpg HTTP/1.1" 200 19266 "http://www.sirius-berlin.de/Produkte/produkte.html" "Mozilla/5.0 (Windows; U; Windows NT 5.1; de; rv:1.9.2) Gecko/20100115 Firefox/3.6 (.NET CLR 3.5.30729)"
192.168.157.26 - - [23/Mar/2010:11:24:53 +0100] "GET /DSC00199.JPG HTTP/1.1" 200 7772 "http://www.sirius-berlin.de/Produkte/produkte.html" "Mozilla/5.0 (Windows; U; Windows NT 5.1; de; rv:1.9.2) Gecko/20100115 Firefox/3.6 (.NET CLR 3.5.30729)"
192.168.157.26 - - [23/Mar/2010:11:24:53 +0100] "GET /zertifikat04.gif HTTP/1.1" 200 18090 "http://www.sirius-berlin.de/Produkte/produkte.html" "Mozilla/5.0 (Windows; U; Windows NT 5.1; de; rv:1.9.2) Gecko/20100115 Firefox/3.6 (.NET CLR 3.5.30729)"
192.168.157.26 - - [23/Mar/2010:11:24:53 +0100] "GET /RAL-UZ-55-FEB-2004_16003.jpg HTTP/1.1" 200 52762 "http://www.sirius-berlin.de/Produkte/produkte.html" "Mozilla/5.0 (Windows; U; Windows NT 5.1; de; rv:1.9.2) Gecko/20100115 Firefox/3.6 (.NET CLR 3.5.30729)"
192.168.157.26 - - [23/Mar/2010:11:24:56 +0100] "GET /favicon.ico HTTP/1.1" 404 1256 "-" "Mozilla/5.0 (Windows; U; Windows NT 5.1; de; rv:1.9.2) Gecko/20100115 Firefox/3.6 (.NET CLR 3.5.30729)"
192.168.157.26 - - [23/Mar/2010:11:24:56 +0100] "GET /favicon.ico HTTP/1.1" 404 1256 "-" "Mozilla/5.0 (Windows; U; Windows NT 5.1; de; rv:1.9.2) Gecko/20100115 Firefox/3.6 (.NET CLR 3.5.30729)"
192.168.157.26 - - [23/Mar/2010:11:24:57 +0100] "GET /Produkte/Tonerkartuschen/tonerkartuschen.html HTTP/1.1" 200 13203 "http://www.sirius-berlin.de/Produkte/produkte.html" "Mozilla/5.0 (Windows; U; Windows NT 5.1; de; rv:1.9.2) Gecko/20100115 Firefox/3.6 (.NET CLR 3.5.30729)"
192.168.157.26 - - [23/Mar/2010:11:24:57 +0100] "GET /Tonerkartuschen_Hs1.gif HTTP/1.1" 200 1956 "http://www.sirius-berlin.de/Produkte/Tonerkartuschen/tonerkartuschen.html" "Mozilla/5.0 (Windows; U; Windows NT 5.1; de; rv:1.9.2) Gecko/20100115 Firefox/3.6 (.NET CLR 3.5.30729)"
192.168.157.26 - - [23/Mar/2010:11:24:58 +0100] "GET /Tonerkartuschen_HRs4.gif HTTP/1.1" 200 1931 "http://www.sirius-berlin.de/Produkte/Tonerkartuschen/tonerkartuschen.html" "Mozilla/5.0 (Windows; U; Windows NT 5.1; de; rv:1.9.2) Gecko/20100115 Firefox/3.6 (.NET CLR 3.5.30729)"
192.168.157.26 - - [23/Mar/2010:11:24:58 +0100] "GET /Tonerkartuschen_NnBanner.gif HTTP/1.1" 200 6237 "http://www.sirius-berlin.de/Produkte/Tonerkartuschen/tonerkartuschen.html" "Mozilla/5.0 (Windows; U; Windows NT 5.1; de; rv:1.9.2) Gecko/20100115 Firefox/3.6 (.NET CLR 3.5.30729)"
192.168.157.26 - - [23/Mar/2010:11:24:58 +0100] "GET /thumb_Grafik_Toner.jpg HTTP/1.1" 200 13262 "http://www.sirius-berlin.de/Produkte/Tonerkartuschen/tonerkartuschen.html" "Mozilla/5.0 (Windows; U; Windows NT 5.1; de; rv:1.9.2) Gecko/20100115 Firefox/3.6 (.NET CLR 3.5.30729)"
192.168.157.26 - - [23/Mar/2010:11:25:02 +0100] "GET /Produkte/Tintenpatronen/tintenpatronen.html HTTP/1.1" 200 15225 "http://www.sirius-berlin.de/Produkte/Tonerkartuschen/tonerkartuschen.html" "Mozilla/5.0 (Windows; U; Windows NT 5.1; de; rv:1.9.2) Gecko/20100115 Firefox/3.6 (.NET CLR 3.5.30729)"
192.168.157.26 - - [23/Mar/2010:11:25:02 +0100] "GET /Tintenpatronen_Hs1.gif HTTP/1.1" 200 1945 "http://www.sirius-berlin.de/Produkte/Tintenpatronen/tintenpatronen.html" "Mozilla/5.0 (Windows; U; Windows NT 5.1; de; rv:1.9.2) Gecko/20100115 Firefox/3.6 (.NET CLR 3.5.30729)"
192.168.157.26 - - [23/Mar/2010:11:25:02 +0100] "GET /Tintenpatronen_HRs4.gif HTTP/1.1" 200 1922 "http://www.sirius-berlin.de/Produkte/Tintenpatronen/tintenpatronen.html" "Mozilla/5.0 (Windows; U; Windows NT 5.1; de; rv:1.9.2) Gecko/20100115 Firefox/3.6 (.NET CLR 3.5.30729)"
192.168.157.26 - - [23/Mar/2010:11:25:02 +0100] "GET /Tintenpatronen_NnBanner.gif HTTP/1.1" 200 6155 "http://www.sirius-berlin.de/Produkte/Tintenpatronen/tintenpatronen.html" "Mozilla/5.0 (Windows; U; Windows NT 5.1; de; rv:1.9.2) Gecko/20100115 Firefox/3.6 (.NET CLR 3.5.30729)"
192.168.157.26 - - [23/Mar/2010:11:25:02 +0100] "GET /thumb_Multipack.jpg HTTP/1.1" 200 22923 "http://www.sirius-berlin.de/Produkte/Tintenpatronen/tintenpatronen.html" "Mozilla/5.0 (Windows; U; Windows NT 5.1; de; rv:1.9.2) Gecko/20100115 Firefox/3.6 (.NET CLR 3.5.30729)"
192.168.157.26 - - [23/Mar/2010:11:25:02 +0100] "GET /thumb_C35.jpg HTTP/1.1" 200 17851 "http://www.sirius-berlin.de/Produkte/Tintenpatronen/tintenpatronen.html" "Mozilla/5.0 (Windows; U; Windows NT 5.1; de; rv:1.9.2) Gecko/20100115 Firefox/3.6 (.NET CLR 3.5.30729)"
192.168.157.26 - - [23/Mar/2010:11:25:02 +0100] "GET /thumb_H11.jpg HTTP/1.1" 200 18558 "http://www.sirius-berlin.de/Produkte/Tintenpatronen/tintenpatronen.html" "Mozilla/5.0 (Windows; U; Windows NT 5.1; de; rv:1.9.2) Gecko/20100115 Firefox/3.6 (.NET CLR 3.5.30729)"
192.168.157.26 - - [23/Mar/2010:11:25:02 +0100] "GET /thumb_Carrier.jpg HTTP/1.1" 200 12791 "http://www.sirius-berlin.de/Produkte/Tintenpatronen/tintenpatronen.html" "Mozilla/5.0 (Windows; U; Windows NT 5.1; de; rv:1.9.2) Gecko/20100115 Firefox/3.6 (.NET CLR 3.5.30729)"
192.168.157.26 - - [23/Mar/2010:11:25:02 +0100] "GET /thumb_Tintentank.jpg HTTP/1.1" 200 12149 "http://www.sirius-berlin.de/Produkte/Tintenpatronen/tintenpatronen.html" "Mozilla/5.0 (Windows; U; Windows NT 5.1; de; rv:1.9.2) Gecko/20100115 Firefox/3.6 (.NET CLR 3.5.30729)"
87.250.255.242 - - [23/Mar/2010:12:08:54 +0100] "GET /Impressum/impressum.html HTTP/1.1" 304 - "-" "Yandex/1.01.001 (compatible; Win16; I)"
217.110.199.118 - - [23/Mar/2010:13:45:16 +0100] "GET / HTTP/1.0" 200 12828 "http://www.google.com/search?hl=en&ei=xLeoS5n2JpaX_QaKivX2Aw&sa=X&oi=spell&resnum=0&ct=result&cd=1&ved=0CBkQBSgA&q=sirius+berlin+ziegelstr&spell=1" "Mozilla/5.0 (X11; U; Linux i686; en-US) AppleWebKit/532.9 (KHTML, like Gecko) Chrome/5.0.307.11 Safari/532.9"
217.110.199.118 - - [23/Mar/2010:13:45:16 +0100] "GET /rollover.js HTTP/1.0" 200 32709 "http://www.sirius-berlin.de/" "Mozilla/5.0 (X11; U; Linux i686; en-US) AppleWebKit/532.9 (KHTML, like Gecko) Chrome/5.0.307.11 Safari/532.9"
217.110.199.118 - - [23/Mar/2010:13:45:16 +0100] "GET /clearpixel.gif HTTP/1.0" 200 43 "http://www.sirius-berlin.de/" "Mozilla/5.0 (X11; U; Linux i686; en-US) AppleWebKit/532.9 (KHTML, like Gecko) Chrome/5.0.307.11 Safari/532.9"
217.110.199.118 - - [23/Mar/2010:13:45:16 +0100] "GET /Home_Hp3.gif HTTP/1.0" 200 1773 "http://www.sirius-berlin.de/" "Mozilla/5.0 (X11; U; Linux i686; en-US) AppleWebKit/532.9 (KHTML, like Gecko) Chrome/5.0.307.11 Safari/532.9"
217.110.199.118 - - [23/Mar/2010:13:45:16 +0100] "GET /Impressum_Np1.gif HTTP/1.0" 200 1750 "http://www.sirius-berlin.de/" "Mozilla/5.0 (X11; U; Linux i686; en-US) AppleWebKit/532.9 (KHTML, like Gecko) Chrome/5.0.307.11 Safari/532.9"
217.110.199.118 - - [23/Mar/2010:13:45:16 +0100] "GET /Produkte_Np1.gif HTTP/1.0" 200 1744 "http://www.sirius-berlin.de/" "Mozilla/5.0 (X11; U; Linux i686; en-US) AppleWebKit/532.9 (KHTML, like Gecko) Chrome/5.0.307.11 Safari/532.9"
217.110.199.118 - - [23/Mar/2010:13:45:16 +0100] "GET /Sirius-LOGO21.JPG HTTP/1.0" 200 2563 "http://www.sirius-berlin.de/" "Mozilla/5.0 (X11; U; Linux i686; en-US) AppleWebKit/532.9 (KHTML, like Gecko) Chrome/5.0.307.11 Safari/532.9"
217.110.199.118 - - [23/Mar/2010:13:45:16 +0100] "GET /Feinstaubfilter_Np1.gif HTTP/1.0" 200 1780 "http://www.sirius-berlin.de/" "Mozilla/5.0 (X11; U; Linux i686; en-US) AppleWebKit/532.9 (KHTML, like Gecko) Chrome/5.0.307.11 Safari/532.9"
217.110.199.118 - - [23/Mar/2010:13:45:16 +0100] "GET /Service_Kontakt_Np1.gif HTTP/1.0" 200 1794 "http://www.sirius-berlin.de/" "Mozilla/5.0 (X11; U; Linux i686; en-US) AppleWebKit/532.9 (KHTML, like Gecko) Chrome/5.0.307.11 Safari/532.9"
217.110.199.118 - - [23/Mar/2010:13:45:16 +0100] "GET /Shop_Np1.gif HTTP/1.0" 200 1699 "http://www.sirius-berlin.de/" "Mozilla/5.0 (X11; U; Linux i686; en-US) AppleWebKit/532.9 (KHTML, like Gecko) Chrome/5.0.307.11 Safari/532.9"
217.110.199.118 - - [23/Mar/2010:13:45:16 +0100] "GET /BuiltWithNOF.gif HTTP/1.0" 200 2587 "http://www.sirius-berlin.de/" "Mozilla/5.0 (X11; U; Linux i686; en-US) AppleWebKit/532.9 (KHTML, like Gecko) Chrome/5.0.307.11 Safari/532.9"
217.110.199.118 - - [23/Mar/2010:13:45:16 +0100] "GET /Sirius-LOGO1.JPG HTTP/1.0" 200 4357 "http://www.sirius-berlin.de/" "Mozilla/5.0 (X11; U; Linux i686; en-US) AppleWebKit/532.9 (KHTML, like Gecko) Chrome/5.0.307.11 Safari/532.9"
217.110.199.118 - - [23/Mar/2010:13:45:16 +0100] "GET /background.gif HTTP/1.0" 200 5457 "http://www.sirius-berlin.de/" "Mozilla/5.0 (X11; U; Linux i686; en-US) AppleWebKit/532.9 (KHTML, like Gecko) Chrome/5.0.307.11 Safari/532.9"
217.110.199.118 - - [23/Mar/2010:13:45:16 +0100] "GET /DSC0019902.JPG HTTP/1.0" 200 7772 "http://www.sirius-berlin.de/" "Mozilla/5.0 (X11; U; Linux i686; en-US) AppleWebKit/532.9 (KHTML, like Gecko) Chrome/5.0.307.11 Safari/532.9"
217.110.199.118 - - [23/Mar/2010:13:45:16 +0100] "GET /Home_HRp4.gif HTTP/1.0" 200 2027 "http://www.sirius-berlin.de/" "Mozilla/5.0 (X11; U; Linux i686; en-US) AppleWebKit/532.9 (KHTML, like Gecko) Chrome/5.0.307.11 Safari/532.9"
217.110.199.118 - - [23/Mar/2010:13:45:16 +0100] "GET /Impressum_NRp2.gif HTTP/1.0" 200 2011 "http://www.sirius-berlin.de/" "Mozilla/5.0 (X11; U; Linux i686; en-US) AppleWebKit/532.9 (KHTML, like Gecko) Chrome/5.0.307.11 Safari/532.9"
217.110.199.118 - - [23/Mar/2010:13:45:16 +0100] "GET /Produkte_NRp2.gif HTTP/1.0" 200 2001 "http://www.sirius-berlin.de/" "Mozilla/5.0 (X11; U; Linux i686; en-US) AppleWebKit/532.9 (KHTML, like Gecko) Chrome/5.0.307.11 Safari/532.9"
217.110.199.118 - - [23/Mar/2010:13:45:16 +0100] "GET /Feinstaubfilter_NRp2.gif HTTP/1.0" 200 2034 "http://www.sirius-berlin.de/" "Mozilla/5.0 (X11; U; Linux i686; en-US) AppleWebKit/532.9 (KHTML, like Gecko) Chrome/5.0.307.11 Safari/532.9"
217.110.199.118 - - [23/Mar/2010:13:45:16 +0100] "GET /Shop_NRp2.gif HTTP/1.0" 200 1954 "http://www.sirius-berlin.de/" "Mozilla/5.0 (X11; U; Linux i686; en-US) AppleWebKit/532.9 (KHTML, like Gecko) Chrome/5.0.307.11 Safari/532.9"
217.110.199.118 - - [23/Mar/2010:13:45:16 +0100] "GET /Service_Kontakt_NRp2.gif HTTP/1.0" 200 2044 "http://www.sirius-berlin.de/" "Mozilla/5.0 (X11; U; Linux i686; en-US) AppleWebKit/532.9 (KHTML, like Gecko) Chrome/5.0.307.11 Safari/532.9"
208.80.193.37 - - [23/Mar/2010:14:35:03 +0100] "GET / HTTP/1.0" 200 12828 "-" "Mozilla/4.0 (compatible; MSIE 5.5; Windows NT 4.0)"
87.118.116.23 - - [23/Mar/2010:14:36:23 +0100] "GET / HTTP/1.0" 200 12828 "http://www.referertrick.de" "Mozilla/4.0 (compatible; MSIE 8.0; Windows NT 6.1; Trident/4.0; SLCC2; .NET CLR 2.0.50727; .NET CLR 3.5.30729; .NET CLR 3.0.30729; Media Center PC 6.0; FDM; Alexa Toolbar; Tablet PC 2.0)"
66.249.71.171 - - [23/Mar/2010:14:44:25 +0100] "GET /robots.txt HTTP/1.1" 404 1256 "-" "Googlebot-Image/1.0"
66.249.71.171 - - [23/Mar/2010:14:44:25 +0100] "GET /weitere_Produkte_Ns1.gif HTTP/1.1" 304 - "-" "Googlebot-Image/1.0"
87.250.255.242 - - [23/Mar/2010:14:50:20 +0100] "GET /Shop/shop.html HTTP/1.1" 304 - "-" "Yandex/1.01.001 (compatible; Win16; I)"
67.218.116.134 - - [23/Mar/2010:14:58:50 +0100] "GET /robots.txt HTTP/1.1" 404 1256 "-" "Mozilla/5.0 (Twiceler-0.9 http://www.cuil.com/twiceler/robot.html)"
212.34.175.73 - - [23/Mar/2010:15:28:27 +0100] "GET /robots.txt HTTP/1.1" 404 1256 "-" "gonzo/1[P] (+http://www.suchen.de/faq.html)"
212.34.175.73 - - [23/Mar/2010:15:29:01 +0100] "GET / HTTP/1.1" 200 12828 "-" "gonzo/1[P] (+http://www.suchen.de/faq.html)"
212.34.175.73 - - [23/Mar/2010:15:30:13 +0100] "GET /index.html HTTP/1.1" 200 12828 "http://www.sirius-berlin.de/" "gonzo/1[P] (+http://www.suchen.de/faq.html)"
212.34.175.73 - - [23/Mar/2010:15:31:07 +0100] "GET /Produkte/produkte.html HTTP/1.1" 200 17755 "http://www.sirius-berlin.de/" "gonzo/1[P] (+http://www.suchen.de/faq.html)"
212.34.175.73 - - [23/Mar/2010:15:32:10 +0100] "GET /Feinstaubfilter/feinstaubfilter.html HTTP/1.1" 200 13065 "http://www.sirius-berlin.de/" "gonzo/1[P] (+http://www.suchen.de/faq.html)"
212.34.175.73 - - [23/Mar/2010:15:33:14 +0100] "GET /Service_Kontakt/service_kontakt.html HTTP/1.1" 200 11157 "http://www.sirius-berlin.de/" "gonzo/1[P] (+http://www.suchen.de/faq.html)"
212.34.175.73 - - [23/Mar/2010:15:34:32 +0100] "GET /Impressum/impressum.html HTTP/1.1" 200 11991 "http://www.sirius-berlin.de/" "gonzo/1[P] (+http://www.suchen.de/faq.html)"
212.34.175.73 - - [23/Mar/2010:15:35:42 +0100] "GET /Shop/shop.html HTTP/1.1" 200 59578 "http://www.sirius-berlin.de/" "gonzo/1[P] (+http://www.suchen.de/faq.html)"
212.34.175.73 - - [23/Mar/2010:15:36:41 +0100] "GET /Produkte/Tonerkartuschen/tonerkartuschen.html HTTP/1.1" 200 13203 "http://www.sirius-berlin.de/Produkte/produkte.html" "gonzo/1[P] (+http://www.suchen.de/faq.html)"
212.34.175.73 - - [23/Mar/2010:15:37:40 +0100] "GET /Produkte/Tintenpatronen/tintenpatronen.html HTTP/1.1" 200 15225 "http://www.sirius-berlin.de/Produkte/produkte.html" "gonzo/1[P] (+http://www.suchen.de/faq.html)"
66.249.71.171 - - [23/Mar/2010:15:38:08 +0100] "GET /Aufbau1.jpg HTTP/1.1" 304 - "-" "Googlebot-Image/1.0"
212.34.175.73 - - [23/Mar/2010:15:38:57 +0100] "GET /Produkte/weitere_Produkte/weitere_produkte.html HTTP/1.1" 200 12524 "http://www.sirius-berlin.de/Produkte/produkte.html" "gonzo/1[P] (+http://www.suchen.de/faq.html)"
212.34.175.73 - - [23/Mar/2010:15:39:57 +0100] "GET /Feinstaubfilter/Dexwet/dexwet.html HTTP/1.1" 200 16100 "http://www.sirius-berlin.de/Feinstaubfilter/feinstaubfilter.html" "gonzo/1[P] (+http://www.suchen.de/faq.html)"
212.34.175.73 - - [23/Mar/2010:15:41:19 +0100] "GET /Feinstaubfilter/micronair/micronair.html HTTP/1.1" 200 19812 "http://www.sirius-berlin.de/Feinstaubfilter/feinstaubfilter.html" "gonzo/1[P] (+http://www.suchen.de/faq.html)"
212.34.175.73 - - [23/Mar/2010:15:42:19 +0100] "GET /Shop/Filter/filter_0.html HTTP/1.1" 200 26544 "http://www.sirius-berlin.de/Shop/shop.html" "gonzo/1[P] (+http://www.suchen.de/faq.html)"
212.34.175.73 - - [23/Mar/2010:15:43:25 +0100] "GET /Shop/Filter/filter_1.html HTTP/1.1" 200 26543 "http://www.sirius-berlin.de/Shop/shop.html" "gonzo/1[P] (+http://www.suchen.de/faq.html)"
212.34.175.73 - - [23/Mar/2010:15:44:29 +0100] "GET /Shop/Filter/filter_2.html HTTP/1.1" 200 26547 "http://www.sirius-berlin.de/Shop/shop.html" "gonzo/1[P] (+http://www.suchen.de/faq.html)"
195.37.64.253 - - [23/Mar/2010:15:57:23 +0100] "GET / HTTP/1.1" 200 12828 "http://www.google.de/search?q=sirius+berlin&ie=utf-8&oe=utf-8&aq=t&rls=org.mozilla:de:official&client=firefox-a" "Mozilla/5.0 (Macintosh; U; Intel Mac OS X 10.6; de; rv:1.9.1.8) Gecko/20100202 Firefox/3.5.8"
195.37.64.253 - - [23/Mar/2010:15:57:23 +0100] "GET /rollover.js HTTP/1.1" 200 32709 "http://www.sirius-berlin.de/" "Mozilla/5.0 (Macintosh; U; Intel Mac OS X 10.6; de; rv:1.9.1.8) Gecko/20100202 Firefox/3.5.8"
195.37.64.253 - - [23/Mar/2010:15:57:23 +0100] "GET /background.gif HTTP/1.1" 200 5457 "http://www.sirius-berlin.de/" "Mozilla/5.0 (Macintosh; U; Intel Mac OS X 10.6; de; rv:1.9.1.8) Gecko/20100202 Firefox/3.5.8"
195.37.64.253 - - [23/Mar/2010:15:57:23 +0100] "GET /Sirius-LOGO21.JPG HTTP/1.1" 200 2563 "http://www.sirius-berlin.de/" "Mozilla/5.0 (Macintosh; U; Intel Mac OS X 10.6; de; rv:1.9.1.8) Gecko/20100202 Firefox/3.5.8"
195.37.64.253 - - [23/Mar/2010:15:57:23 +0100] "GET /Home_Hp3.gif HTTP/1.1" 200 1773 "http://www.sirius-berlin.de/" "Mozilla/5.0 (Macintosh; U; Intel Mac OS X 10.6; de; rv:1.9.1.8) Gecko/20100202 Firefox/3.5.8"
195.37.64.253 - - [23/Mar/2010:15:57:23 +0100] "GET /Produkte_Np1.gif HTTP/1.1" 200 1744 "http://www.sirius-berlin.de/" "Mozilla/5.0 (Macintosh; U; Intel Mac OS X 10.6; de; rv:1.9.1.8) Gecko/20100202 Firefox/3.5.8"
195.37.64.253 - - [23/Mar/2010:15:57:23 +0100] "GET /Feinstaubfilter_Np1.gif HTTP/1.1" 200 1780 "http://www.sirius-berlin.de/" "Mozilla/5.0 (Macintosh; U; Intel Mac OS X 10.6; de; rv:1.9.1.8) Gecko/20100202 Firefox/3.5.8"
195.37.64.253 - - [23/Mar/2010:15:57:23 +0100] "GET /Service_Kontakt_Np1.gif HTTP/1.1" 200 1794 "http://www.sirius-berlin.de/" "Mozilla/5.0 (Macintosh; U; Intel Mac OS X 10.6; de; rv:1.9.1.8) Gecko/20100202 Firefox/3.5.8"
195.37.64.253 - - [23/Mar/2010:15:57:23 +0100] "GET /clearpixel.gif HTTP/1.1" 200 43 "http://www.sirius-berlin.de/" "Mozilla/5.0 (Macintosh; U; Intel Mac OS X 10.6; de; rv:1.9.1.8) Gecko/20100202 Firefox/3.5.8"
195.37.64.253 - - [23/Mar/2010:15:57:23 +0100] "GET /Impressum_Np1.gif HTTP/1.1" 200 1750 "http://www.sirius-berlin.de/" "Mozilla/5.0 (Macintosh; U; Intel Mac OS X 10.6; de; rv:1.9.1.8) Gecko/20100202 Firefox/3.5.8"
195.37.64.253 - - [23/Mar/2010:15:57:23 +0100] "GET /Shop_Np1.gif HTTP/1.1" 200 1699 "http://www.sirius-berlin.de/" "Mozilla/5.0 (Macintosh; U; Intel Mac OS X 10.6; de; rv:1.9.1.8) Gecko/20100202 Firefox/3.5.8"
195.37.64.253 - - [23/Mar/2010:15:57:23 +0100] "GET /Home_HRp4.gif HTTP/1.1" 200 2027 "http://www.sirius-berlin.de/" "Mozilla/5.0 (Macintosh; U; Intel Mac OS X 10.6; de; rv:1.9.1.8) Gecko/20100202 Firefox/3.5.8"
195.37.64.253 - - [23/Mar/2010:15:57:23 +0100] "GET /Produkte_NRp2.gif HTTP/1.1" 200 2001 "http://www.sirius-berlin.de/" "Mozilla/5.0 (Macintosh; U; Intel Mac OS X 10.6; de; rv:1.9.1.8) Gecko/20100202 Firefox/3.5.8"
195.37.64.253 - - [23/Mar/2010:15:57:23 +0100] "GET /Service_Kontakt_NRp2.gif HTTP/1.1" 200 2044 "http://www.sirius-berlin.de/" "Mozilla/5.0 (Macintosh; U; Intel Mac OS X 10.6; de; rv:1.9.1.8) Gecko/20100202 Firefox/3.5.8"
195.37.64.253 - - [23/Mar/2010:15:57:23 +0100] "GET /Impressum_NRp2.gif HTTP/1.1" 200 2011 "http://www.sirius-berlin.de/" "Mozilla/5.0 (Macintosh; U; Intel Mac OS X 10.6; de; rv:1.9.1.8) Gecko/20100202 Firefox/3.5.8"
195.37.64.253 - - [23/Mar/2010:15:57:23 +0100] "GET /Feinstaubfilter_NRp2.gif HTTP/1.1" 200 2034 "http://www.sirius-berlin.de/" "Mozilla/5.0 (Macintosh; U; Intel Mac OS X 10.6; de; rv:1.9.1.8) Gecko/20100202 Firefox/3.5.8"
195.37.64.253 - - [23/Mar/2010:15:57:23 +0100] "GET /Shop_NRp2.gif HTTP/1.1" 200 1954 "http://www.sirius-berlin.de/" "Mozilla/5.0 (Macintosh; U; Intel Mac OS X 10.6; de; rv:1.9.1.8) Gecko/20100202 Firefox/3.5.8"
195.37.64.253 - - [23/Mar/2010:15:57:25 +0100] "GET /BuiltWithNOF.gif HTTP/1.1" 200 2587 "http://www.sirius-berlin.de/" "Mozilla/5.0 (Macintosh; U; Intel Mac OS X 10.6; de; rv:1.9.1.8) Gecko/20100202 Firefox/3.5.8"
195.37.64.253 - - [23/Mar/2010:15:57:25 +0100] "GET /Home_NnBanner.gif HTTP/1.1" 200 5803 "http://www.sirius-berlin.de/" "Mozilla/5.0 (Macintosh; U; Intel Mac OS X 10.6; de; rv:1.9.1.8) Gecko/20100202 Firefox/3.5.8"
195.37.64.253 - - [23/Mar/2010:15:57:25 +0100] "GET /Sirius-LOGO1.JPG HTTP/1.1" 200 4357 "http://www.sirius-berlin.de/" "Mozilla/5.0 (Macintosh; U; Intel Mac OS X 10.6; de; rv:1.9.1.8) Gecko/20100202 Firefox/3.5.8"
195.37.64.253 - - [23/Mar/2010:15:57:25 +0100] "GET /DSC0019902.JPG HTTP/1.1" 200 7772 "http://www.sirius-berlin.de/" "Mozilla/5.0 (Macintosh; U; Intel Mac OS X 10.6; de; rv:1.9.1.8) Gecko/20100202 Firefox/3.5.8"
195.37.64.253 - - [23/Mar/2010:15:57:26 +0100] "GET /favicon.ico HTTP/1.1" 404 1256 "-" "Mozilla/5.0 (Macintosh; U; Intel Mac OS X 10.6; de; rv:1.9.1.8) Gecko/20100202 Firefox/3.5.8"
195.37.64.253 - - [23/Mar/2010:15:57:29 +0100] "GET /favicon.ico HTTP/1.1" 404 1256 "-" "Mozilla/5.0 (Macintosh; U; Intel Mac OS X 10.6; de; rv:1.9.1.8) Gecko/20100202 Firefox/3.5.8"
66.249.71.171 - - [23/Mar/2010:16:31:56 +0100] "GET /Gruppe02.jpg HTTP/1.1" 304 - "-" "Googlebot-Image/1.0"
67.195.111.39 - - [23/Mar/2010:18:34:59 +0100] "GET /robots.txt HTTP/1.0" 404 1256 "-" "Mozilla/5.0 (compatible; Yahoo! Slurp; http://help.yahoo.com/help/us/ysearch/slurp)"
67.195.111.39 - - [23/Mar/2010:18:34:59 +0100] "GET / HTTP/1.0" 200 12828 "-" "Mozilla/5.0 (compatible; Yahoo! Slurp/3.0; http://help.yahoo.com/help/us/ysearch/slurp)"
87.118.82.66 - - [23/Mar/2010:18:39:19 +0100] "GET / HTTP/1.0" 200 12828 "http://www.referertrick.de" "Mozilla/4.0 (compatible; MSIE 8.0; Windows NT 6.1; Trident/4.0; SLCC2; .NET CLR 2.0.50727; .NET CLR 3.5.30729; .NET CLR 3.0.30729; Media Center PC 6.0; FDM; Alexa Toolbar; Tablet PC 2.0)"
66.249.71.171 - - [23/Mar/2010:19:32:42 +0100] "GET /Produkte/Tintenpatronen/tintenpatronen.html HTTP/1.1" 304 - "-" "Mozilla/5.0 (compatible; Googlebot/2.1; +http://www.google.com/bot.html)"
94.23.193.67 - - [23/Mar/2010:20:12:39 +0100] "GET / HTTP/1.0" 200 12828 "-" "Mozilla/5.0 (Windows; U; Windows NT 6.1; de; rv:1.9.2) Gecko/20100115 Firefox/3.6"
87.250.255.242 - - [23/Mar/2010:22:03:09 +0100] "GET /robots.txt HTTP/1.1" 404 1256 "-" "Yandex/1.01.001 (compatible; Win16; I)"
85.25.120.198 - - [23/Mar/2010:22:13:06 +0100] "GET /robots.txt HTTP/1.1" 404 1256 "-" "Mozilla/5.0 (compatible; iCcrawler - iCjobs Stellenangebote Jobs; http://www.icjobs.de)"
85.25.120.198 - - [23/Mar/2010:22:13:07 +0100] "GET / HTTP/1.1" 200 12828 "-" "Mozilla/5.0 (compatible; iCcrawler - iCjobs Stellenangebote Jobs; http://www.icjobs.de)"
85.25.120.198 - - [23/Mar/2010:22:13:20 +0100] "GET /rollover.js HTTP/1.1" 200 32709 "-" "Mozilla/5.0 (compatible; iCcrawler - iCjobs Stellenangebote Jobs; http://www.icjobs.de)"
85.25.120.198 - - [23/Mar/2010:22:13:32 +0100] "GET /Impressum/impressum.html HTTP/1.1" 200 11991 "-" "Mozilla/5.0 (compatible; iCcrawler - iCjobs Stellenangebote Jobs; http://www.icjobs.de)"
67.195.111.39 - - [24/Mar/2010:01:42:17 +0100] "GET /Shop/Filter/filter_0.html HTTP/1.0" 200 26544 "-" "Mozilla/5.0 (compatible; Yahoo! Slurp/3.0; http://help.yahoo.com/help/us/ysearch/slurp)"
87.250.255.242 - - [24/Mar/2010:08:36:32 +0100] "GET /index.html HTTP/1.1" 200 12828 "-" "Yandex/1.01.001 (compatible; Win16; I)"
66.249.71.171 - - [24/Mar/2010:10:49:39 +0100] "GET /robots.txt HTTP/1.1" 404 1256 "-" "Mozilla/5.0 (compatible; Googlebot/2.1; +http://www.google.com/bot.html)"
66.249.71.171 - - [24/Mar/2010:10:49:39 +0100] "GET /Shop/Filter/filter_1.html HTTP/1.1" 200 26543 "-" "Mozilla/5.0 (compatible; Googlebot/2.1; +http://www.google.com/bot.html)"
66.249.71.171 - - [24/Mar/2010:12:15:08 +0100] "GET /Filter_Hs1.gif HTTP/1.1" 200 1891 "-" "Googlebot-Image/1.0"
87.118.82.66 - - [24/Mar/2010:13:10:19 +0100] "GET / HTTP/1.0" 200 12828 "http://www.referertrick.de" "Mozilla/4.0 (compatible; MSIE 8.0; Windows NT 6.1; Trident/4.0; SLCC2; .NET CLR 2.0.50727; .NET CLR 3.5.30729; .NET CLR 3.0.30729; Media Center PC 6.0; FDM; Alexa Toolbar; Tablet PC 2.0)"
66.249.71.171 - - [24/Mar/2010:14:04:21 +0100] "GET /Service_Kontakt_Np1.gif HTTP/1.1" 304 - "-" "Googlebot-Image/1.0"
66.249.71.171 - - [24/Mar/2010:14:40:15 +0100] "GET /Shop_Hp3.gif HTTP/1.1" 304 - "-" "Googlebot-Image/1.0"
67.218.116.134 - - [24/Mar/2010:14:49:16 +0100] "GET /robots.txt HTTP/1.1" 404 1256 "-" "Mozilla/5.0 (Twiceler-0.9 http://www.cuil.com/twiceler/robot.html)"
74.52.245.146 - - [24/Mar/2010:15:03:59 +0100] "GET / HTTP/1.0" 200 12828 "-" "Mozilla/5.0 (X11; U; Linux i686; en-US; rv:1.7.5) Gecko/20041107 Firefox/1.0"
91.121.148.107 - - [24/Mar/2010:15:07:20 +0100] "GET / HTTP/1.0" 200 12828 "-" "-"
91.121.148.107 - - [24/Mar/2010:15:07:20 +0100] "GET / HTTP/1.0" 200 12828 "-" "Mozilla/5.0 (Windows; U; Windows NT 6.1; de; rv:1.9.2) Gecko/20100115 Firefox/3.6"
66.249.71.171 - - [24/Mar/2010:15:52:31 +0100] "GET /Dexwet_Hs1.gif HTTP/1.1" 304 - "-" "Googlebot-Image/1.0"
66.249.71.171 - - [24/Mar/2010:16:28:32 +0100] "GET /thumb_Grafik_Toner.jpg HTTP/1.1" 304 - "-" "Googlebot-Image/1.0"
87.250.255.242 - - [24/Mar/2010:16:59:23 +0100] "GET /Shop/Filter/filter_0.html HTTP/1.1" 304 - "-" "Yandex/1.01.001 (compatible; Win16; I)"
87.118.82.66 - - [24/Mar/2010:19:22:01 +0100] "GET / HTTP/1.0" 200 12828 "http://www.referertrick.de" "Mozilla/4.0 (compatible; MSIE 8.0; Windows NT 6.1; Trident/4.0; SLCC2; .NET CLR 2.0.50727; .NET CLR 3.5.30729; .NET CLR 3.0.30729; Media Center PC 6.0; FDM; Alexa Toolbar; Tablet PC 2.0)"
87.250.255.242 - - [25/Mar/2010:00:38:31 +0100] "GET /robots.txt HTTP/1.1" 404 1256 "-" "Yandex/1.01.001 (compatible; Win16; I)"
87.118.82.66 - - [25/Mar/2010:01:26:22 +0100] "GET / HTTP/1.0" 200 12828 "http://www.referertrick.de" "Mozilla/4.0 (compatible; MSIE 8.0; Windows NT 6.1; Trident/4.0; SLCC2; .NET CLR 2.0.50727; .NET CLR 3.5.30729; .NET CLR 3.0.30729; Media Center PC 6.0; FDM; Alexa Toolbar; Tablet PC 2.0)"
64.246.187.42 - - [25/Mar/2010:01:43:48 +0100] "GET /robots.txt HTTP/1.0" 404 1256 "-" "Mozilla/5.0 (Windows; U; Windows NT 5.1; en; rv:1.9.0.13) Gecko/2009073022 Firefox/3.5.2 (.NET CLR 3.5.30729) SurveyBot/2.3 (DomainTools)"
64.246.187.42 - - [25/Mar/2010:01:43:48 +0100] "GET / HTTP/1.1" 200 12828 "http://whois.domaintools.com/sirius-berlin.de" "Mozilla/5.0 (Windows; U; Windows NT 5.1; en; rv:1.9.0.13) Gecko/2009073022 Firefox/3.5.2 (.NET CLR 3.5.30729) SurveyBot/2.3 (DomainTools)"
67.195.111.39 - - [25/Mar/2010:04:23:31 +0100] "GET /robots.txt HTTP/1.0" 404 1256 "-" "Mozilla/5.0 (compatible; Yahoo! Slurp; http://help.yahoo.com/help/us/ysearch/slurp)"
67.195.111.39 - - [25/Mar/2010:04:23:32 +0100] "GET / HTTP/1.0" 304 - "-" "Mozilla/5.0 (compatible; Yahoo! Slurp/3.0; http://help.yahoo.com/help/us/ysearch/slurp)"
87.118.116.23 - - [25/Mar/2010:04:35:44 +0100] "GET / HTTP/1.0" 200 12828 "http://www.referertrick.de" "Mozilla/4.0 (compatible; MSIE 8.0; Windows NT 6.1; Trident/4.0; SLCC2; .NET CLR 2.0.50727; .NET CLR 3.5.30729; .NET CLR 3.0.30729; Media Center PC 6.0; FDM; Alexa Toolbar; Tablet PC 2.0)"
208.80.193.39 - - [25/Mar/2010:05:04:21 +0100] "GET / HTTP/1.0" 200 12828 "-" "Mozilla/4.0 (compatible; MSIE 7.0; Windows NT 5.1; Roadrunner; (R1 1.3); .NET CLR 1.1.4322)"
87.250.255.242 - - [25/Mar/2010:08:09:46 +0100] "GET /Feinstaubfilter/feinstaubfilter.html HTTP/1.1" 304 - "-" "Yandex/1.01.001 (compatible; Win16; I)"
91.5.215.90 - - [25/Mar/2010:12:26:03 +0100] "GET / HTTP/1.1" 200 12828 "http://www.google.de/search?q=sirius+technischer+b%C3%BCrobedarf&ie=utf-8&oe=utf-8&aq=t&rls=com.yahoo:de:official&client=firefox" "Mozilla/5.0 (Windows; U; Windows NT 5.0; de; rv:1.9.2) Gecko/20100115 YFF35 Firefox/3.6"
91.5.215.90 - - [25/Mar/2010:12:26:22 +0100] "GET /rollover.js HTTP/1.1" 200 32709 "http://www.sirius-berlin.de/" "Mozilla/5.0 (Windows; U; Windows NT 5.0; de; rv:1.9.2) Gecko/20100115 YFF35 Firefox/3.6"
91.5.215.90 - - [25/Mar/2010:12:26:23 +0100] "GET /background.gif HTTP/1.1" 200 5457 "http://www.sirius-berlin.de/" "Mozilla/5.0 (Windows; U; Windows NT 5.0; de; rv:1.9.2) Gecko/20100115 YFF35 Firefox/3.6"
91.5.215.90 - - [25/Mar/2010:12:26:23 +0100] "GET /clearpixel.gif HTTP/1.1" 200 43 "http://www.sirius-berlin.de/" "Mozilla/5.0 (Windows; U; Windows NT 5.0; de; rv:1.9.2) Gecko/20100115 YFF35 Firefox/3.6"
91.5.215.90 - - [25/Mar/2010:12:26:23 +0100] "GET /Sirius-LOGO21.JPG HTTP/1.1" 200 2563 "http://www.sirius-berlin.de/" "Mozilla/5.0 (Windows; U; Windows NT 5.0; de; rv:1.9.2) Gecko/20100115 YFF35 Firefox/3.6"
91.5.215.90 - - [25/Mar/2010:12:26:23 +0100] "GET /Home_Hp3.gif HTTP/1.1" 200 1773 "http://www.sirius-berlin.de/" "Mozilla/5.0 (Windows; U; Windows NT 5.0; de; rv:1.9.2) Gecko/20100115 YFF35 Firefox/3.6"
91.5.215.90 - - [25/Mar/2010:12:26:23 +0100] "GET /Service_Kontakt_Np1.gif HTTP/1.1" 200 1794 "http://www.sirius-berlin.de/" "Mozilla/5.0 (Windows; U; Windows NT 5.0; de; rv:1.9.2) Gecko/20100115 YFF35 Firefox/3.6"
91.5.215.90 - - [25/Mar/2010:12:26:23 +0100] "GET /Produkte_Np1.gif HTTP/1.1" 200 1744 "http://www.sirius-berlin.de/" "Mozilla/5.0 (Windows; U; Windows NT 5.0; de; rv:1.9.2) Gecko/20100115 YFF35 Firefox/3.6"
91.5.215.90 - - [25/Mar/2010:12:26:23 +0100] "GET /Feinstaubfilter_Np1.gif HTTP/1.1" 200 1780 "http://www.sirius-berlin.de/" "Mozilla/5.0 (Windows; U; Windows NT 5.0; de; rv:1.9.2) Gecko/20100115 YFF35 Firefox/3.6"
91.5.215.90 - - [25/Mar/2010:12:26:23 +0100] "GET /Impressum_Np1.gif HTTP/1.1" 200 1750 "http://www.sirius-berlin.de/" "Mozilla/5.0 (Windows; U; Windows NT 5.0; de; rv:1.9.2) Gecko/20100115 YFF35 Firefox/3.6"
91.5.215.90 - - [25/Mar/2010:12:26:23 +0100] "GET /Shop_Np1.gif HTTP/1.1" 200 1699 "http://www.sirius-berlin.de/" "Mozilla/5.0 (Windows; U; Windows NT 5.0; de; rv:1.9.2) Gecko/20100115 YFF35 Firefox/3.6"
91.5.215.90 - - [25/Mar/2010:12:26:23 +0100] "GET /Home_HRp4.gif HTTP/1.1" 200 2027 "http://www.sirius-berlin.de/" "Mozilla/5.0 (Windows; U; Windows NT 5.0; de; rv:1.9.2) Gecko/20100115 YFF35 Firefox/3.6"
91.5.215.90 - - [25/Mar/2010:12:26:23 +0100] "GET /Service_Kontakt_NRp2.gif HTTP/1.1" 200 2044 "http://www.sirius-berlin.de/" "Mozilla/5.0 (Windows; U; Windows NT 5.0; de; rv:1.9.2) Gecko/20100115 YFF35 Firefox/3.6"
91.5.215.90 - - [25/Mar/2010:12:26:23 +0100] "GET /Produkte_NRp2.gif HTTP/1.1" 200 2001 "http://www.sirius-berlin.de/" "Mozilla/5.0 (Windows; U; Windows NT 5.0; de; rv:1.9.2) Gecko/20100115 YFF35 Firefox/3.6"
91.5.215.90 - - [25/Mar/2010:12:26:23 +0100] "GET /Feinstaubfilter_NRp2.gif HTTP/1.1" 200 2034 "http://www.sirius-berlin.de/" "Mozilla/5.0 (Windows; U; Windows NT 5.0; de; rv:1.9.2) Gecko/20100115 YFF35 Firefox/3.6"
91.5.215.90 - - [25/Mar/2010:12:26:23 +0100] "GET /Impressum_NRp2.gif HTTP/1.1" 200 2011 "http://www.sirius-berlin.de/" "Mozilla/5.0 (Windows; U; Windows NT 5.0; de; rv:1.9.2) Gecko/20100115 YFF35 Firefox/3.6"
91.5.215.90 - - [25/Mar/2010:12:26:23 +0100] "GET /Shop_NRp2.gif HTTP/1.1" 200 1954 "http://www.sirius-berlin.de/" "Mozilla/5.0 (Windows; U; Windows NT 5.0; de; rv:1.9.2) Gecko/20100115 YFF35 Firefox/3.6"
91.5.215.90 - - [25/Mar/2010:12:26:23 +0100] "GET /BuiltWithNOF.gif HTTP/1.1" 200 2587 "http://www.sirius-berlin.de/" "Mozilla/5.0 (Windows; U; Windows NT 5.0; de; rv:1.9.2) Gecko/20100115 YFF35 Firefox/3.6"
91.5.215.90 - - [25/Mar/2010:12:26:23 +0100] "GET /Home_NnBanner.gif HTTP/1.1" 200 5803 "http://www.sirius-berlin.de/" "Mozilla/5.0 (Windows; U; Windows NT 5.0; de; rv:1.9.2) Gecko/20100115 YFF35 Firefox/3.6"
91.5.215.90 - - [25/Mar/2010:12:26:23 +0100] "GET /Sirius-LOGO1.JPG HTTP/1.1" 200 4357 "http://www.sirius-berlin.de/" "Mozilla/5.0 (Windows; U; Windows NT 5.0; de; rv:1.9.2) Gecko/20100115 YFF35 Firefox/3.6"
91.5.215.90 - - [25/Mar/2010:12:26:23 +0100] "GET /DSC0019902.JPG HTTP/1.1" 200 7772 "http://www.sirius-berlin.de/" "Mozilla/5.0 (Windows; U; Windows NT 5.0; de; rv:1.9.2) Gecko/20100115 YFF35 Firefox/3.6"
91.5.215.90 - - [25/Mar/2010:12:26:24 +0100] "GET /favicon.ico HTTP/1.1" 404 1256 "-" "Mozilla/5.0 (Windows; U; Windows NT 5.0; de; rv:1.9.2) Gecko/20100115 YFF35 Firefox/3.6"
91.5.215.90 - - [25/Mar/2010:12:26:25 +0100] "GET /favicon.ico HTTP/1.1" 404 1256 "-" "Mozilla/5.0 (Windows; U; Windows NT 5.0; de; rv:1.9.2) Gecko/20100115 YFF35 Firefox/3.6"
91.5.215.90 - - [25/Mar/2010:12:26:33 +0100] "GET /Impressum/impressum.html HTTP/1.1" 200 11991 "http://www.sirius-berlin.de/" "Mozilla/5.0 (Windows; U; Windows NT 5.0; de; rv:1.9.2) Gecko/20100115 YFF35 Firefox/3.6"
91.5.215.90 - - [25/Mar/2010:12:26:33 +0100] "GET /Home_Np1.gif HTTP/1.1" 200 1706 "http://www.sirius-berlin.de/Impressum/impressum.html" "Mozilla/5.0 (Windows; U; Windows NT 5.0; de; rv:1.9.2) Gecko/20100115 YFF35 Firefox/3.6"
91.5.215.90 - - [25/Mar/2010:12:26:33 +0100] "GET /Impressum_Hp3.gif HTTP/1.1" 200 1876 "http://www.sirius-berlin.de/Impressum/impressum.html" "Mozilla/5.0 (Windows; U; Windows NT 5.0; de; rv:1.9.2) Gecko/20100115 YFF35 Firefox/3.6"
91.5.215.90 - - [25/Mar/2010:12:26:34 +0100] "GET /Home_NRp2.gif HTTP/1.1" 200 1965 "http://www.sirius-berlin.de/Impressum/impressum.html" "Mozilla/5.0 (Windows; U; Windows NT 5.0; de; rv:1.9.2) Gecko/20100115 YFF35 Firefox/3.6"
91.5.215.90 - - [25/Mar/2010:12:26:34 +0100] "GET /Impressum_HRp4.gif HTTP/1.1" 200 2143 "http://www.sirius-berlin.de/Impressum/impressum.html" "Mozilla/5.0 (Windows; U; Windows NT 5.0; de; rv:1.9.2) Gecko/20100115 YFF35 Firefox/3.6"
91.5.215.90 - - [25/Mar/2010:12:26:34 +0100] "GET /Impressum_NnBanner.gif HTTP/1.1" 200 5996 "http://www.sirius-berlin.de/Impressum/impressum.html" "Mozilla/5.0 (Windows; U; Windows NT 5.0; de; rv:1.9.2) Gecko/20100115 YFF35 Firefox/3.6"
91.5.215.90 - - [25/Mar/2010:12:26:34 +0100] "GET /Sirius-LOGO102.JPG HTTP/1.1" 200 4357 "http://www.sirius-berlin.de/Impressum/impressum.html" "Mozilla/5.0 (Windows; U; Windows NT 5.0; de; rv:1.9.2) Gecko/20100115 YFF35 Firefox/3.6"
91.5.215.90 - - [25/Mar/2010:12:26:34 +0100] "GET /Karte02.JPG HTTP/1.1" 200 14958 "http://www.sirius-berlin.de/Impressum/impressum.html" "Mozilla/5.0 (Windows; U; Windows NT 5.0; de; rv:1.9.2) Gecko/20100115 YFF35 Firefox/3.6"
91.5.215.90 - - [25/Mar/2010:12:26:54 +0100] "GET /Produkte/produkte.html HTTP/1.1" 200 17755 "http://www.sirius-berlin.de/Impressum/impressum.html" "Mozilla/5.0 (Windows; U; Windows NT 5.0; de; rv:1.9.2) Gecko/20100115 YFF35 Firefox/3.6"
91.5.215.90 - - [25/Mar/2010:12:26:55 +0100] "GET /Produkte_Hp3.gif HTTP/1.1" 200 1878 "http://www.sirius-berlin.de/Produkte/produkte.html" "Mozilla/5.0 (Windows; U; Windows NT 5.0; de; rv:1.9.2) Gecko/20100115 YFF35 Firefox/3.6"
91.5.215.90 - - [25/Mar/2010:12:26:55 +0100] "GET /Tonerkartuschen_Ns1.gif HTTP/1.1" 200 1960 "http://www.sirius-berlin.de/Produkte/produkte.html" "Mozilla/5.0 (Windows; U; Windows NT 5.0; de; rv:1.9.2) Gecko/20100115 YFF35 Firefox/3.6"
91.5.215.90 - - [25/Mar/2010:12:26:55 +0100] "GET /Tintenpatronen_Ns1.gif HTTP/1.1" 200 1954 "http://www.sirius-berlin.de/Produkte/produkte.html" "Mozilla/5.0 (Windows; U; Windows NT 5.0; de; rv:1.9.2) Gecko/20100115 YFF35 Firefox/3.6"
91.5.215.90 - - [25/Mar/2010:12:26:55 +0100] "GET /weitere_Produkte_Ns1.gif HTTP/1.1" 200 1960 "http://www.sirius-berlin.de/Produkte/produkte.html" "Mozilla/5.0 (Windows; U; Windows NT 5.0; de; rv:1.9.2) Gecko/20100115 YFF35 Firefox/3.6"
91.5.215.90 - - [25/Mar/2010:12:26:55 +0100] "GET /Produkte_HRp4.gif HTTP/1.1" 200 2518 "http://www.sirius-berlin.de/Produkte/produkte.html" "Mozilla/5.0 (Windows; U; Windows NT 5.0; de; rv:1.9.2) Gecko/20100115 YFF35 Firefox/3.6"
91.5.215.90 - - [25/Mar/2010:12:26:55 +0100] "GET /Tonerkartuschen_NRs2.gif HTTP/1.1" 200 1935 "http://www.sirius-berlin.de/Produkte/produkte.html" "Mozilla/5.0 (Windows; U; Windows NT 5.0; de; rv:1.9.2) Gecko/20100115 YFF35 Firefox/3.6"
91.5.215.90 - - [25/Mar/2010:12:26:55 +0100] "GET /Tintenpatronen_NRs2.gif HTTP/1.1" 200 1930 "http://www.sirius-berlin.de/Produkte/produkte.html" "Mozilla/5.0 (Windows; U; Windows NT 5.0; de; rv:1.9.2) Gecko/20100115 YFF35 Firefox/3.6"
91.5.215.90 - - [25/Mar/2010:12:26:55 +0100] "GET /weitere_Produkte_NRs2.gif HTTP/1.1" 200 1935 "http://www.sirius-berlin.de/Produkte/produkte.html" "Mozilla/5.0 (Windows; U; Windows NT 5.0; de; rv:1.9.2) Gecko/20100115 YFF35 Firefox/3.6"
91.5.215.90 - - [25/Mar/2010:12:26:55 +0100] "GET /Produkte_NnBanner.gif HTTP/1.1" 200 5997 "http://www.sirius-berlin.de/Produkte/produkte.html" "Mozilla/5.0 (Windows; U; Windows NT 5.0; de; rv:1.9.2) Gecko/20100115 YFF35 Firefox/3.6"
91.5.215.90 - - [25/Mar/2010:12:26:55 +0100] "GET /Produkte/a_thumb_Multipack02.jpg HTTP/1.1" 200 19266 "http://www.sirius-berlin.de/Produkte/produkte.html" "Mozilla/5.0 (Windows; U; Windows NT 5.0; de; rv:1.9.2) Gecko/20100115 YFF35 Firefox/3.6"
91.5.215.90 - - [25/Mar/2010:12:26:55 +0100] "GET /DSC00199.JPG HTTP/1.1" 200 7772 "http://www.sirius-berlin.de/Produkte/produkte.html" "Mozilla/5.0 (Windows; U; Windows NT 5.0; de; rv:1.9.2) Gecko/20100115 YFF35 Firefox/3.6"
91.5.215.90 - - [25/Mar/2010:12:26:55 +0100] "GET /zertifikat04.gif HTTP/1.1" 200 18090 "http://www.sirius-berlin.de/Produkte/produkte.html" "Mozilla/5.0 (Windows; U; Windows NT 5.0; de; rv:1.9.2) Gecko/20100115 YFF35 Firefox/3.6"
91.5.215.90 - - [25/Mar/2010:12:26:55 +0100] "GET /RAL-UZ-55-FEB-2004_16003.jpg HTTP/1.1" 200 52762 "http://www.sirius-berlin.de/Produkte/produkte.html" "Mozilla/5.0 (Windows; U; Windows NT 5.0; de; rv:1.9.2) Gecko/20100115 YFF35 Firefox/3.6"
66.249.71.171 - - [25/Mar/2010:15:09:36 +0100] "GET /robots.txt HTTP/1.1" 404 1256 "-" "Mozilla/5.0 (compatible; Googlebot/2.1; +http://www.google.com/bot.html)"
66.249.71.171 - - [25/Mar/2010:15:09:37 +0100] "GET /Produkte/produkte.html HTTP/1.1" 200 17755 "-" "Mozilla/5.0 (compatible; Googlebot/2.1; +http://www.google.com/bot.html)"
67.218.116.134 - - [25/Mar/2010:15:26:13 +0100] "GET /robots.txt HTTP/1.1" 404 1256 "-" "Mozilla/5.0 (Twiceler-0.9 http://www.cuil.com/twiceler/robot.html)"
87.118.82.66 - - [25/Mar/2010:15:50:21 +0100] "GET / HTTP/1.0" 200 12828 "http://www.referertrick.de" "Mozilla/4.0 (compatible; MSIE 8.0; Windows NT 6.1; Trident/4.0; SLCC2; .NET CLR 2.0.50727; .NET CLR 3.5.30729; .NET CLR 3.0.30729; Media Center PC 6.0; FDM; Alexa Toolbar; Tablet PC 2.0)"
87.250.255.242 - - [25/Mar/2010:17:24:18 +0100] "GET /Impressum/impressum.html HTTP/1.1" 304 - "-" "Yandex/1.01.001 (compatible; Win16; I)"
87.118.82.66 - - [25/Mar/2010:17:48:02 +0100] "GET / HTTP/1.0" 200 12828 "http://www.referertrick.de" "Mozilla/4.0 (compatible; MSIE 8.0; Windows NT 6.1; Trident/4.0; SLCC2; .NET CLR 2.0.50727; .NET CLR 3.5.30729; .NET CLR 3.0.30729; Media Center PC 6.0; FDM; Alexa Toolbar; Tablet PC 2.0)"
174.129.111.79 - - [25/Mar/2010:19:22:33 +0100] "GET /robots.txt HTTP/1.1" 404 1256 "-" "Mozilla/5.0 (compatible; spbot/2.0.2; +http://www.seoprofiler.com/bot/ )"
174.129.111.79 - - [25/Mar/2010:19:22:33 +0100] "GET /index.html HTTP/1.1" 200 12828 "-" "Mozilla/5.0 (compatible; spbot/2.0.2; +http://www.seoprofiler.com/bot/ )"
95.91.90.179 - - [25/Mar/2010:23:52:58 +0100] "GET / HTTP/1.0" 200 12828 "-" "-"
67.195.111.39 - - [26/Mar/2010:07:22:12 +0100] "GET /robots.txt HTTP/1.0" 404 1256 "-" "Mozilla/5.0 (compatible; Yahoo! Slurp; http://help.yahoo.com/help/us/ysearch/slurp)"
67.195.111.39 - - [26/Mar/2010:07:22:13 +0100] "GET /Shop/shop.html HTTP/1.0" 200 59578 "-" "Mozilla/5.0 (compatible; Yahoo! Slurp/3.0; http://help.yahoo.com/help/us/ysearch/slurp)"
92.79.136.26 - - [26/Mar/2010:08:12:54 +0100] "GET / HTTP/1.1" 200 12828 "-" "Mozilla/4.0 (compatible; MSIE 8.0; Windows NT 6.1; WOW64; Trident/4.0; GTB6.4; SLCC2; .NET CLR 2.0.50727; .NET CLR 3.5.30729; .NET CLR 3.0.30729; Media Center PC 6.0; MDDC)"
92.79.136.26 - - [26/Mar/2010:08:12:54 +0100] "GET /rollover.js HTTP/1.1" 200 32709 "http://www.sirius-berlin.de/" "Mozilla/4.0 (compatible; MSIE 8.0; Windows NT 6.1; WOW64; Trident/4.0; GTB6.4; SLCC2; .NET CLR 2.0.50727; .NET CLR 3.5.30729; .NET CLR 3.0.30729; Media Center PC 6.0; MDDC)"
92.79.136.26 - - [26/Mar/2010:08:12:54 +0100] "GET /background.gif HTTP/1.1" 200 5457 "http://www.sirius-berlin.de/" "Mozilla/4.0 (compatible; MSIE 8.0; Windows NT 6.1; WOW64; Trident/4.0; GTB6.4; SLCC2; .NET CLR 2.0.50727; .NET CLR 3.5.30729; .NET CLR 3.0.30729; Media Center PC 6.0; MDDC)"
92.79.136.26 - - [26/Mar/2010:08:12:54 +0100] "GET /clearpixel.gif HTTP/1.1" 200 43 "http://www.sirius-berlin.de/" "Mozilla/4.0 (compatible; MSIE 8.0; Windows NT 6.1; WOW64; Trident/4.0; GTB6.4; SLCC2; .NET CLR 2.0.50727; .NET CLR 3.5.30729; .NET CLR 3.0.30729; Media Center PC 6.0; MDDC)"
92.79.136.26 - - [26/Mar/2010:08:12:54 +0100] "GET /Home_Hp3.gif HTTP/1.1" 200 1773 "http://www.sirius-berlin.de/" "Mozilla/4.0 (compatible; MSIE 8.0; Windows NT 6.1; WOW64; Trident/4.0; GTB6.4; SLCC2; .NET CLR 2.0.50727; .NET CLR 3.5.30729; .NET CLR 3.0.30729; Media Center PC 6.0; MDDC)"
92.79.136.26 - - [26/Mar/2010:08:12:54 +0100] "GET /Impressum_Np1.gif HTTP/1.1" 200 1750 "http://www.sirius-berlin.de/" "Mozilla/4.0 (compatible; MSIE 8.0; Windows NT 6.1; WOW64; Trident/4.0; GTB6.4; SLCC2; .NET CLR 2.0.50727; .NET CLR 3.5.30729; .NET CLR 3.0.30729; Media Center PC 6.0; MDDC)"
92.79.136.26 - - [26/Mar/2010:08:12:54 +0100] "GET /Sirius-LOGO21.JPG HTTP/1.1" 200 2563 "http://www.sirius-berlin.de/" "Mozilla/4.0 (compatible; MSIE 8.0; Windows NT 6.1; WOW64; Trident/4.0; GTB6.4; SLCC2; .NET CLR 2.0.50727; .NET CLR 3.5.30729; .NET CLR 3.0.30729; Media Center PC 6.0; MDDC)"
92.79.136.26 - - [26/Mar/2010:08:12:54 +0100] "GET /Feinstaubfilter_Np1.gif HTTP/1.1" 200 1780 "http://www.sirius-berlin.de/" "Mozilla/4.0 (compatible; MSIE 8.0; Windows NT 6.1; WOW64; Trident/4.0; GTB6.4; SLCC2; .NET CLR 2.0.50727; .NET CLR 3.5.30729; .NET CLR 3.0.30729; Media Center PC 6.0; MDDC)"
92.79.136.26 - - [26/Mar/2010:08:12:55 +0100] "GET /Produkte_Np1.gif HTTP/1.1" 200 1744 "http://www.sirius-berlin.de/" "Mozilla/4.0 (compatible; MSIE 8.0; Windows NT 6.1; WOW64; Trident/4.0; GTB6.4; SLCC2; .NET CLR 2.0.50727; .NET CLR 3.5.30729; .NET CLR 3.0.30729; Media Center PC 6.0; MDDC)"
92.79.136.26 - - [26/Mar/2010:08:12:55 +0100] "GET /Service_Kontakt_Np1.gif HTTP/1.1" 200 1794 "http://www.sirius-berlin.de/" "Mozilla/4.0 (compatible; MSIE 8.0; Windows NT 6.1; WOW64; Trident/4.0; GTB6.4; SLCC2; .NET CLR 2.0.50727; .NET CLR 3.5.30729; .NET CLR 3.0.30729; Media Center PC 6.0; MDDC)"
92.79.136.26 - - [26/Mar/2010:08:12:55 +0100] "GET /Shop_Np1.gif HTTP/1.1" 200 1699 "http://www.sirius-berlin.de/" "Mozilla/4.0 (compatible; MSIE 8.0; Windows NT 6.1; WOW64; Trident/4.0; GTB6.4; SLCC2; .NET CLR 2.0.50727; .NET CLR 3.5.30729; .NET CLR 3.0.30729; Media Center PC 6.0; MDDC)"
92.79.136.26 - - [26/Mar/2010:08:12:55 +0100] "GET /Home_HRp4.gif HTTP/1.1" 200 2027 "http://www.sirius-berlin.de/" "Mozilla/4.0 (compatible; MSIE 8.0; Windows NT 6.1; WOW64; Trident/4.0; GTB6.4; SLCC2; .NET CLR 2.0.50727; .NET CLR 3.5.30729; .NET CLR 3.0.30729; Media Center PC 6.0; MDDC)"
92.79.136.26 - - [26/Mar/2010:08:12:55 +0100] "GET /Impressum_NRp2.gif HTTP/1.1" 200 2011 "http://www.sirius-berlin.de/" "Mozilla/4.0 (compatible; MSIE 8.0; Windows NT 6.1; WOW64; Trident/4.0; GTB6.4; SLCC2; .NET CLR 2.0.50727; .NET CLR 3.5.30729; .NET CLR 3.0.30729; Media Center PC 6.0; MDDC)"
92.79.136.26 - - [26/Mar/2010:08:12:55 +0100] "GET /Feinstaubfilter_NRp2.gif HTTP/1.1" 200 2034 "http://www.sirius-berlin.de/" "Mozilla/4.0 (compatible; MSIE 8.0; Windows NT 6.1; WOW64; Trident/4.0; GTB6.4; SLCC2; .NET CLR 2.0.50727; .NET CLR 3.5.30729; .NET CLR 3.0.30729; Media Center PC 6.0; MDDC)"
92.79.136.26 - - [26/Mar/2010:08:12:55 +0100] "GET /Produkte_NRp2.gif HTTP/1.1" 200 2001 "http://www.sirius-berlin.de/" "Mozilla/4.0 (compatible; MSIE 8.0; Windows NT 6.1; WOW64; Trident/4.0; GTB6.4; SLCC2; .NET CLR 2.0.50727; .NET CLR 3.5.30729; .NET CLR 3.0.30729; Media Center PC 6.0; MDDC)"
