141.8.147.12 - - [01/Dec/2013:00:45:44 +0100] "GET /robots.txt HTTP/1.1" 301 394 "-" "Mozilla/5.0 (compatible; YandexBot/3.0; +http://yandex.com/bots)"
81.144.138.34 - - [01/Dec/2013:01:26:51 +0100] "GET /robots.txt HTTP/1.1" 301 386 "-" "Wotbox/2.01 (+http://www.wotbox.com/bot/)"
81.144.138.34 - - [01/Dec/2013:01:27:02 +0100] "GET / HTTP/1.1" 301 376 "-" "Wotbox/2.01 (+http://www.wotbox.com/bot/)"
141.8.147.12 - - [01/Dec/2013:03:25:37 +0100] "GET / HTTP/1.1" 301 376 "-" "Mozilla/5.0 (compatible; YandexBot/3.0; +http://yandex.com/bots)"
178.77.126.55 - - [01/Dec/2013:05:20:56 +0100] "GET /robots.txt HTTP/1.1" 301 375 "-" "Mozilla/5.0 (compatible; CareerBot/1.1; +http://www.career-x.de/bot.html)"
178.77.126.55 - - [01/Dec/2013:05:20:56 +0100] "GET / HTTP/1.1" 301 365 "-" "Mozilla/5.0 (compatible; CareerBot/1.1; +http://www.career-x.de/bot.html)"
141.8.147.12 - - [01/Dec/2013:06:14:45 +0100] "GET / HTTP/1.1" 301 384 "-" "Mozilla/5.0 (compatible; YandexBot/3.0; +http://yandex.com/bots)"
178.77.126.55 - - [01/Dec/2013:06:24:34 +0100] "GET /robots.txt HTTP/1.1" 301 386 "-" "Mozilla/5.0 (compatible; CareerBot/1.1; +http://www.career-x.de/bot.html)"
178.77.126.55 - - [01/Dec/2013:06:24:34 +0100] "GET / HTTP/1.1" 301 376 "-" "Mozilla/5.0 (compatible; CareerBot/1.1; +http://www.career-x.de/bot.html)"
217.225.160.56 - - [01/Dec/2013:10:49:34 +0100] "GET / HTTP/1.1" 301 367 "http://m.bigfinder.de/?c=ws&q=web&v=1" "T-Online Browser (Windows NT 6.1; de)"
5.10.83.35 - - [01/Dec/2013:12:27:31 +0100] "GET /robots.txt HTTP/1.1" 301 375 "-" "Mozilla/5.0 (compatible; AhrefsBot/5.0; +http://ahrefs.com/robot/)"
5.10.83.35 - - [01/Dec/2013:12:31:00 +0100] "GET /robots.txt HTTP/1.1" 301 394 "-" "Mozilla/5.0 (compatible; AhrefsBot/5.0; +http://ahrefs.com/robot/)"
109.169.29.30 - - [01/Dec/2013:12:40:00 +0100] "GET /robots.txt HTTP/1.1" 301 386 "-" "Mozilla/5.0 (compatible; aiHitBot/2.8; +http://endb-consolidated.aihit.com/)"
109.169.29.30 - - [01/Dec/2013:12:40:02 +0100] "GET / HTTP/1.1" 301 376 "-" "Mozilla/5.0 (compatible; aiHitBot/2.8; +http://endb-consolidated.aihit.com/)"
5.10.83.56 - - [01/Dec/2013:12:50:48 +0100] "GET /robots.txt HTTP/1.1" 301 386 "-" "Mozilla/5.0 (compatible; AhrefsBot/5.0; +http://ahrefs.com/robot/)"
141.8.147.12 - - [01/Dec/2013:12:57:59 +0100] "GET /robots.txt HTTP/1.1" 301 392 "-" "Mozilla/5.0 (compatible; YandexBot/3.0; +http://yandex.com/bots)"
5.10.83.8 - - [01/Dec/2013:14:02:36 +0100] "GET /text/11020402_0000.htm HTTP/1.1" 301 387 "-" "Mozilla/5.0 (compatible; AhrefsBot/5.0; +http://ahrefs.com/robot/)"
66.249.78.188 - - [01/Dec/2013:15:29:37 +0100] "GET /robots.txt HTTP/1.1" 301 384 "-" "Mozilla/5.0 (compatible; Googlebot/2.1; +http://www.google.com/bot.html)"
66.249.78.188 - - [01/Dec/2013:15:29:37 +0100] "GET / HTTP/1.1" 301 374 "-" "Mozilla/5.0 (compatible; Googlebot/2.1; +http://www.google.com/bot.html)"
5.10.83.56 - - [01/Dec/2013:16:33:05 +0100] "GET / HTTP/1.1" 301 376 "-" "Mozilla/5.0 (compatible; AhrefsBot/5.0; +http://ahrefs.com/robot/)"
208.115.111.73 - - [01/Dec/2013:18:19:38 +0100] "GET /robots.txt HTTP/1.1" 301 375 "-" "Mozilla/5.0 (compatible; Ezooms/1.0; ezooms.bot@gmail.com)"
141.8.147.12 - - [01/Dec/2013:19:38:16 +0100] "GET / HTTP/1.1" 301 382 "-" "Mozilla/5.0 (compatible; YandexBot/3.0; +http://yandex.com/bots)"
208.115.111.73 - - [01/Dec/2013:20:00:49 +0100] "GET /security/forw_sibt_security/index.html HTTP/1.1" 301 403 "-" "Mozilla/5.0 (compatible; Ezooms/1.0; ezooms.bot@gmail.com)"
141.8.147.12 - - [01/Dec/2013:22:39:10 +0100] "GET /robots.txt HTTP/1.1" 301 384 "-" "Mozilla/5.0 (compatible; YandexBot/3.0; +http://yandex.com/bots)"
5.10.83.9 - - [01/Dec/2013:22:51:52 +0100] "GET /text/11030600_0000.htm HTTP/1.1" 301 387 "-" "Mozilla/5.0 (compatible; AhrefsBot/5.0; +http://ahrefs.com/robot/)"
217.225.160.56 - - [01/Dec/2013:23:23:41 +0100] "GET / HTTP/1.1" 301 367 "http://m.bigfinder.de/?c=ws&q=startseite&v=1" "Mozilla/5.0 (Macintosh; U; Intel Mac OS X 10.6; de-DE; rv:1.9.2.8) Gecko/20100722 Firefox/3.6.8"
5.10.83.28 - - [01/Dec/2013:23:43:57 +0100] "GET /fire HTTP/1.1" 301 369 "-" "Mozilla/5.0 (compatible; AhrefsBot/5.0; +http://ahrefs.com/robot/)"
141.8.147.12 - - [02/Dec/2013:01:05:55 +0100] "GET /robots.txt HTTP/1.1" 301 392 "-" "Mozilla/5.0 (compatible; YandexBot/3.0; +http://yandex.com/bots)"
141.8.147.12 - - [02/Dec/2013:02:04:15 +0100] "GET / HTTP/1.1" 301 374 "-" "Mozilla/5.0 (compatible; YandexBot/3.0; +http://yandex.com/bots)"
162.243.84.137 - - [02/Dec/2013:04:43:03 +0100] "GET /robots.txt HTTP/1.1" 301 386 "-" "Mozilla/5.0 (compatible; spbot/4.0.3; +http://www.seoprofiler.com/bot )"
162.243.84.137 - - [02/Dec/2013:04:43:08 +0100] "GET / HTTP/1.1" 301 376 "-" "Mozilla/5.0 (compatible; spbot/4.0.3; +http://www.seoprofiler.com/bot )"
188.165.195.156 - - [02/Dec/2013:05:15:50 +0100] "HEAD / HTTP/1.1" 301 - "-" "Mozilla/4.0 (compatible; MSIE 5.01; Windows NT 5.0)"
217.230.141.16 - - [02/Dec/2013:08:53:50 +0100] "GET / HTTP/1.1" 301 365 "http://www.bigfinder.de/?c=ws&q=online&v=1" "T-Online Browser"
208.43.255.28 - - [02/Dec/2013:09:42:18 +0100] "GET /robots.txt HTTP/1.1" 301 386 "-" "Mozilla/5.0 (compatible; MSIE 9.0; Windows NT 6.1; WOW64; Trident/5.0; chromeframe/19.0.1084.52)"
208.43.255.28 - - [02/Dec/2013:09:42:23 +0100] "GET / HTTP/1.1" 301 376 "-" "Mozilla/5.0 (compatible; MSIE 9.0; Windows NT 6.1; WOW64; Trident/5.0; chromeframe/19.0.1084.52)"
208.43.255.31 - - [02/Dec/2013:09:47:21 +0100] "GET /robots.txt HTTP/1.1" 301 386 "-" "Mozilla/5.0 (compatible; MSIE 9.0; Windows NT 6.1; WOW64; Trident/5.0; chromeframe/19.0.1084.52)"
208.43.255.31 - - [02/Dec/2013:09:47:25 +0100] "GET / HTTP/1.1" 301 376 "-" "Mozilla/5.0 (compatible; MSIE 9.0; Windows NT 6.1; WOW64; Trident/5.0; chromeframe/19.0.1084.52)"
64.246.178.34 - - [02/Dec/2013:10:59:29 +0100] "GET /robots.txt HTTP/1.0" 301 386 "-" "Mozilla/5.0 (Windows; U; Windows NT 5.1; en; rv:1.9.0.13) Gecko/2009073022 Firefox/3.5.2 (.NET CLR 3.5.30729) SurveyBot/2.3 (DomainTools)"
64.246.178.34 - - [02/Dec/2013:10:59:29 +0100] "GET / HTTP/1.1" 301 376 "http://whois.domaintools.com/algorex-partner.de" "Mozilla/5.0 (Windows; U; Windows NT 5.1; en; rv:1.9.0.13) Gecko/2009073022 Firefox/3.5.2 (.NET CLR 3.5.30729) SurveyBot/2.3 (DomainTools)"
31.3.233.120 - - [02/Dec/2013:14:17:41 +0100] "GET / HTTP/1.1" 301 382 "-" "-"
212.227.52.170 - - [02/Dec/2013:16:40:34 +0100] "GET / HTTP/1.0" 301 376 "-" "Mozilla/4.0 (compatible; MSIE 5.0; Windows NT 4.0)"
141.8.147.12 - - [02/Dec/2013:23:39:56 +0100] "GET /robots.txt HTTP/1.1" 301 386 "-" "Mozilla/5.0 (compatible; YandexBot/3.0; +http://yandex.com/bots)"
5.9.112.67 - - [03/Dec/2013:00:30:13 +0100] "GET /robots.txt HTTP/1.1" 301 377 "-" "Mozilla/5.0 (compatible; SISTRIX Crawler; http://crawler.sistrix.net/)"
5.9.112.67 - - [03/Dec/2013:00:30:13 +0100] "GET / HTTP/1.1" 301 367 "-" "Mozilla/5.0 (compatible; SISTRIX Crawler; http://crawler.sistrix.net/)"
208.88.226.73 - - [03/Dec/2013:00:41:04 +0100] "HEAD / HTTP/1.1" 301 - "-" "Mozilla/5.0 (Windows NT 6.1; WOW64; rv:7.0.1) Gecko/20100101 Firefox/7.0.1"
208.115.111.73 - - [03/Dec/2013:02:26:27 +0100] "GET /robots.txt HTTP/1.1" 301 375 "-" "Mozilla/5.0 (compatible; Ezooms/1.0; ezooms.bot@gmail.com)"
66.249.78.81 - - [03/Dec/2013:02:31:17 +0100] "GET /robots.txt HTTP/1.1" 301 386 "-" "Mozilla/5.0 (compatible; Googlebot/2.1; +http://www.google.com/bot.html)"
66.249.66.178 - - [03/Dec/2013:02:31:18 +0100] "GET / HTTP/1.1" 301 376 "-" "DoCoMo/2.0 N905i(c100;TB;W24H16) (compatible; Googlebot-Mobile/2.1; +http://www.google.com/bot.html)"
208.115.111.73 - - [03/Dec/2013:02:48:53 +0100] "GET /text/11030600_0000.htm HTTP/1.1" 301 387 "-" "Mozilla/5.0 (compatible; Ezooms/1.0; ezooms.bot@gmail.com)"
66.249.78.65 - - [03/Dec/2013:03:37:28 +0100] "GET /robots.txt HTTP/1.1" 301 375 "-" "Mozilla/5.0 (compatible; Googlebot/2.1; +http://www.google.com/bot.html)"
66.249.66.76 - - [03/Dec/2013:03:37:29 +0100] "GET / HTTP/1.1" 301 365 "-" "DoCoMo/2.0 N905i(c100;TB;W24H16) (compatible; Googlebot-Mobile/2.1; +http://www.google.com/bot.html)"
141.8.147.12 - - [03/Dec/2013:06:00:50 +0100] "GET /robots.txt HTTP/1.1" 301 377 "-" "Mozilla/5.0 (compatible; YandexBot/3.0; +http://yandex.com/bots)"
141.8.147.12 - - [03/Dec/2013:06:31:06 +0100] "GET / HTTP/1.1" 301 376 "-" "Mozilla/5.0 (compatible; YandexBot/3.0; +http://yandex.com/bots)"
141.8.147.12 - - [03/Dec/2013:13:21:32 +0100] "GET /robots.txt HTTP/1.1" 301 375 "-" "Mozilla/5.0 (compatible; YandexBot/3.0; +http://yandex.com/bots)"
66.249.78.240 - - [03/Dec/2013:13:33:21 +0100] "GET /robots.txt HTTP/1.1" 301 377 "-" "Mozilla/5.0 (compatible; Googlebot/2.1; +http://www.google.com/bot.html)"
66.249.74.140 - - [03/Dec/2013:13:33:23 +0100] "GET / HTTP/1.1" 301 367 "-" "DoCoMo/2.0 N905i(c100;TB;W24H16) (compatible; Googlebot-Mobile/2.1; +http://www.google.com/bot.html)"
141.8.147.12 - - [03/Dec/2013:13:39:59 +0100] "GET / HTTP/1.1" 301 365 "-" "Mozilla/5.0 (compatible; YandexBot/3.0; +http://yandex.com/bots)"
141.8.147.12 - - [03/Dec/2013:14:06:53 +0100] "GET / HTTP/1.1" 301 367 "-" "Mozilla/5.0 (compatible; YandexBot/3.0; +http://yandex.com/bots)"
176.9.21.194 - - [03/Dec/2013:17:33:08 +0100] "GET /robots.txt HTTP/1.0" 301 394 "-" "Mozilla/5.0 (compatible; SEOkicks-Robot; +http://www.seokicks.de/robot.html)"
176.9.21.194 - - [03/Dec/2013:17:33:11 +0100] "GET / HTTP/1.0" 301 384 "-" "Mozilla/5.0 (compatible; SEOkicks-Robot; +http://www.seokicks.de/robot.html)"
141.8.147.12 - - [03/Dec/2013:17:57:57 +0100] "GET /robots.txt HTTP/1.1" 301 384 "-" "Mozilla/5.0 (compatible; YandexBot/3.0; +http://yandex.com/bots)"
141.8.147.12 - - [03/Dec/2013:18:18:32 +0100] "GET / HTTP/1.1" 301 374 "-" "Mozilla/5.0 (compatible; YandexBot/3.0; +http://yandex.com/bots)"
157.55.35.48 - - [03/Dec/2013:18:26:20 +0100] "GET /robots.txt HTTP/1.1" 301 375 "-" "Mozilla/5.0 (compatible; bingbot/2.0; +http://www.bing.com/bingbot.htm)"
157.55.35.48 - - [03/Dec/2013:18:28:29 +0100] "GET /fire/ HTTP/1.1" 301 370 "-" "Mozilla/5.0 (compatible; bingbot/2.0; +http://www.bing.com/bingbot.htm)"
157.55.35.33 - - [03/Dec/2013:19:12:04 +0100] "GET /robots.txt HTTP/1.1" 301 392 "-" "Mozilla/5.0 (compatible; bingbot/2.0; +http://www.bing.com/bingbot.htm)"
157.55.35.33 - - [03/Dec/2013:19:57:06 +0100] "GET /news/index.php?action=shownews&mode=archiv&news_month=200106 HTTP/1.1" 301 450 "-" "Mozilla/5.0 (compatible; bingbot/2.0; +http://www.bing.com/bingbot.htm)"
5.10.83.3 - - [03/Dec/2013:21:20:28 +0100] "GET / HTTP/1.1" 301 384 "-" "Mozilla/5.0 (compatible; AhrefsBot/5.0; +http://ahrefs.com/robot/)"
178.77.126.55 - - [03/Dec/2013:23:34:15 +0100] "GET /robots.txt HTTP/1.1" 301 375 "-" "Mozilla/5.0 (compatible; CareerBot/1.1; +http://www.career-x.de/bot.html)"
178.77.126.55 - - [03/Dec/2013:23:34:15 +0100] "GET / HTTP/1.1" 301 365 "-" "Mozilla/5.0 (compatible; CareerBot/1.1; +http://www.career-x.de/bot.html)"
54.212.223.190 - - [04/Dec/2013:00:04:37 +0100] "GET / HTTP/1.1" 301 365 "http://www.forexunion.net" "Mozilla/5.0 (Windows NT 6.1; Win64; x64; rv:25.0) Gecko/20100101 Firefox/25.0"
125.209.208.4 - - [04/Dec/2013:00:12:07 +0100] "GET /robots.txt HTTP/1.1" 301 375 "-" "Yeti/1.0 (NHN Corp.; http://help.naver.com/robots/)"
125.209.208.9 - - [04/Dec/2013:00:12:08 +0100] "GET / HTTP/1.1" 301 365 "-" "Yeti/1.0 (NHN Corp.; http://help.naver.com/robots/)"
141.8.147.12 - - [04/Dec/2013:00:30:07 +0100] "GET /robots.txt HTTP/1.1" 301 394 "-" "Mozilla/5.0 (compatible; YandexBot/3.0; +http://yandex.com/bots)"
178.77.126.55 - - [04/Dec/2013:00:39:13 +0100] "GET /robots.txt HTTP/1.1" 301 386 "-" "Mozilla/5.0 (compatible; CareerBot/1.1; +http://www.career-x.de/bot.html)"
178.77.126.55 - - [04/Dec/2013:00:39:13 +0100] "GET / HTTP/1.1" 301 376 "-" "Mozilla/5.0 (compatible; CareerBot/1.1; +http://www.career-x.de/bot.html)"
157.55.33.39 - - [04/Dec/2013:01:07:32 +0100] "GET /robots.txt HTTP/1.1" 301 375 "-" "Mozilla/5.0 (compatible; bingbot/2.0; +http://www.bing.com/bingbot.htm)"
157.55.33.39 - - [04/Dec/2013:01:09:41 +0100] "GET /text/11030600_0000.htm HTTP/1.1" 301 387 "-" "Mozilla/5.0 (compatible; bingbot/2.0; +http://www.bing.com/bingbot.htm)"
157.55.32.187 - - [04/Dec/2013:02:27:21 +0100] "GET /robots.txt HTTP/1.1" 301 392 "-" "Mozilla/5.0 (compatible; bingbot/2.0; +http://www.bing.com/bingbot.htm)"
157.55.32.187 - - [04/Dec/2013:02:51:01 +0100] "GET /webinfo/info.html HTTP/1.1" 301 399 "-" "Mozilla/5.0 (compatible; bingbot/2.0; +http://www.bing.com/bingbot.htm)"
79.116.28.188 - - [04/Dec/2013:04:34:17 +0100] "GET / HTTP/1.1" 301 365 "-" "Java/1.6.0_04"
79.116.28.188 - - [04/Dec/2013:04:34:20 +0100] "GET /home.aspx?ismobile=true HTTP/1.1" 301 388 "-" "Java/1.6.0_04"
79.116.28.188 - - [04/Dec/2013:04:34:20 +0100] "GET /_layouts/blank.js?rev=QGOYAJlouiWgFRlhHVlMKA%3D%3D HTTP/1.1" 301 415 "-" "Java/1.6.0_04"
79.116.28.188 - - [04/Dec/2013:04:34:21 +0100] "GET /buildingtechnologies/de HTTP/1.1" 301 388 "-" "Java/1.6.0_04"
79.116.28.188 - - [04/Dec/2013:04:34:21 +0100] "GET //w3.siemens.com/ote/ote_config.js HTTP/1.1" 301 397 "-" "Java/1.6.0_04"
79.116.28.188 - - [04/Dec/2013:04:34:21 +0100] "GET /buildingtechnologies/de/de/Pages/home.aspx HTTP/1.1" 301 407 "-" "Java/1.6.0_04"
79.116.28.188 - - [04/Dec/2013:04:34:21 +0100] "GET /_layouts/Querplex/Siemens/WCMS3/scripts/social-media-accordion.js?rev=52461635181878427009297 HTTP/1.1" 301 458 "-" "Java/1.6.0_04"
79.116.28.188 - - [04/Dec/2013:04:34:21 +0100] "GET /buildingtechnologies/de/de/brandschutz/Seiten/brandschutz.aspx HTTP/1.1" 301 427 "-" "Java/1.6.0_04"
79.116.28.188 - - [04/Dec/2013:04:34:22 +0100] "GET /buildingtechnologies/de/de/energieeffizienz/Seiten/energieeffizienz.aspx HTTP/1.1" 301 437 "-" "Java/1.6.0_04"
79.116.28.188 - - [04/Dec/2013:04:34:22 +0100] "GET /buildingtechnologies/de/de/extranet/Seiten/extranet.aspx HTTP/1.1" 301 421 "-" "Java/1.6.0_04"
79.116.28.188 - - [04/Dec/2013:04:34:22 +0100] "GET /buildingtechnologies/de/de/gebaeudeautomation-hlk/Seiten/gebaeudeautomation.aspx HTTP/1.1" 301 445 "-" "Java/1.6.0_04"
79.116.28.188 - - [04/Dec/2013:04:34:22 +0100] "GET /buildingtechnologies/de/de/kundenzeitschriften/Pages/kundenzeitschriften.aspx HTTP/1.1" 301 442 "-" "Java/1.6.0_04"
79.116.28.188 - - [04/Dec/2013:04:34:22 +0100] "GET /buildingtechnologies/de/de/marktspezifische-loesungen/Seiten/marktspezifische-loesungen.aspx HTTP/1.1" 301 457 "-" "Java/1.6.0_04"
79.116.28.188 - - [04/Dec/2013:04:34:26 +0100] "GET /buildingtechnologies/de/de/messen-events/Seiten/messen-events.aspx HTTP/1.1" 301 431 "-" "Java/1.6.0_04"
79.116.28.188 - - [04/Dec/2013:04:34:26 +0100] "GET /buildingtechnologies/de/de/news/Seiten/news.aspx HTTP/1.1" 301 413 "-" "Java/1.6.0_04"
79.116.28.188 - - [04/Dec/2013:04:34:26 +0100] "GET /buildingtechnologies/de/de/partners/Seiten/partners.aspx HTTP/1.1" 301 421 "-" "Java/1.6.0_04"
79.116.28.188 - - [04/Dec/2013:04:34:26 +0100] "GET /buildingtechnologies/de/de/presse/Seiten/presse.aspx HTTP/1.1" 301 417 "-" "Java/1.6.0_04"
79.116.28.188 - - [04/Dec/2013:04:34:26 +0100] "GET /buildingtechnologies/de/de/referenzen/Seiten/referenzen.aspx HTTP/1.1" 301 425 "-" "Java/1.6.0_04"
79.116.28.188 - - [04/Dec/2013:04:34:27 +0100] "GET /buildingtechnologies/de/de/sicherheit/Seiten/sicherheitstechnik.aspx HTTP/1.1" 301 433 "-" "Java/1.6.0_04"
79.116.28.188 - - [04/Dec/2013:04:34:27 +0100] "GET /buildingtechnologies/de/de/support/Seiten/kostenlose-apps.aspx HTTP/1.1" 301 427 "-" "Java/1.6.0_04"
79.116.28.188 - - [04/Dec/2013:04:34:27 +0100] "GET /buildingtechnologies/de/de/support/Seiten/support.aspx HTTP/1.1" 301 419 "-" "Java/1.6.0_04"
79.116.28.188 - - [04/Dec/2013:04:34:27 +0100] "GET /buildingtechnologies/de/de/total-building-solutions/Seiten/total-building-solutions.aspx HTTP/1.1" 301 453 "-" "Java/1.6.0_04"
79.116.28.188 - - [04/Dec/2013:04:34:27 +0100] "GET /buildingtechnologies/de/de/ueber-uns/Seiten/ueber-uns.aspx HTTP/1.1" 301 423 "-" "Java/1.6.0_04"
79.116.28.188 - - [04/Dec/2013:04:34:28 +0100] "GET /wcms3/custom/OSSPAD3/ote/regions/ote.js HTTP/1.1" 301 404 "-" "Java/1.6.0_04"
79.116.28.188 - - [04/Dec/2013:04:34:28 +0100] "GET /_layouts/Querplex/Siemens/WCMS3/images/mobile/apple-touch-icon-114x114-Default.png HTTP/1.1" 301 447 "-" "Java/1.6.0_04"
79.116.28.188 - - [04/Dec/2013:04:34:28 +0100] "GET /_layouts/Querplex/Siemens/WCMS3/images/mobile/apple-touch-icon-57x57-Default.png HTTP/1.1" 301 445 "-" "Java/1.6.0_04"
79.116.28.188 - - [04/Dec/2013:04:34:28 +0100] "GET /_layouts/Querplex/Siemens/WCMS3/images/mobile/apple-touch-icon-72x72-Default.png HTTP/1.1" 301 445 "-" "Java/1.6.0_04"
79.116.28.188 - - [04/Dec/2013:04:34:28 +0100] "GET /_layouts/Querplex/Siemens/WCMS3/scripts/libs/jquery-1.4.4.min.js HTTP/1.1" 301 429 "-" "Java/1.6.0_04"
79.116.28.188 - - [04/Dec/2013:04:34:29 +0100] "GET /_layouts/Querplex/Siemens/WCMS3/scripts/libs/jquery-ui-1.8.13.custom.min.js HTTP/1.1" 301 440 "-" "Java/1.6.0_04"
79.116.28.188 - - [04/Dec/2013:04:34:29 +0100] "GET /_layouts/Querplex/Siemens/WCMS3/scripts/libs/lazyload-2.0.1.min.js HTTP/1.1" 301 431 "-" "Java/1.6.0_04"
141.8.147.12 - - [04/Dec/2013:05:58:29 +0100] "GET /robots.txt HTTP/1.1" 301 384 "-" "Mozilla/5.0 (compatible; YandexBot/3.0; +http://yandex.com/bots)"
141.8.147.12 - - [04/Dec/2013:06:29:42 +0100] "GET / HTTP/1.1" 301 384 "-" "Mozilla/5.0 (compatible; YandexBot/3.0; +http://yandex.com/bots)"
89.99.51.59 - - [04/Dec/2013:06:31:11 +0100] "GET / HTTP/1.1" 301 376 "-" "Java/1.6.0_15"
89.99.51.59 - - [04/Dec/2013:06:31:14 +0100] "GET /home.aspx?ismobile=true HTTP/1.1" 301 399 "-" "Java/1.6.0_15"
89.99.51.59 - - [04/Dec/2013:06:31:14 +0100] "GET /_layouts/blank.js?rev=QGOYAJlouiWgFRlhHVlMKA%3D%3D HTTP/1.1" 301 426 "-" "Java/1.6.0_15"
89.99.51.59 - - [04/Dec/2013:06:31:14 +0100] "GET /buildingtechnologies/de HTTP/1.1" 301 399 "-" "Java/1.6.0_15"
141.8.147.12 - - [04/Dec/2013:06:57:35 +0100] "GET /robots.txt HTTP/1.1" 301 392 "-" "Mozilla/5.0 (compatible; YandexBot/3.0; +http://yandex.com/bots)"
217.6.189.21 - - [04/Dec/2013:08:47:46 +0100] "GET / HTTP/1.0" 301 376 "-" "Mozilla/4.0 (compatible; MSIE 8.0; Windows NT 5.1; Trident/4.0; .NET CLR 1.1.4322; .NET CLR 2.0.50727; .NET CLR 3.0.04506.30; .NET CLR 3.0.4506.2152; .NET CLR 3.5.30729; MDDR)"
141.8.147.12 - - [04/Dec/2013:10:14:45 +0100] "GET / HTTP/1.1" 301 382 "-" "Mozilla/5.0 (compatible; YandexBot/3.0; +http://yandex.com/bots)"
162.243.76.204 - - [04/Dec/2013:13:08:16 +0100] "GET /robots.txt HTTP/1.1" 301 375 "-" "Mozilla/5.0 (compatible; spbot/4.0.4; +http://www.seoprofiler.com/bot )"
162.243.76.204 - - [04/Dec/2013:13:08:21 +0100] "GET / HTTP/1.1" 301 365 "-" "Mozilla/5.0 (compatible; spbot/4.0.4; +http://www.seoprofiler.com/bot )"
157.56.229.87 - - [04/Dec/2013:14:55:55 +0100] "GET /robots.txt HTTP/1.1" 301 375 "-" "Mozilla/5.0 (compatible; bingbot/2.0; +http://www.bing.com/bingbot.htm)"
157.56.229.87 - - [04/Dec/2013:14:59:52 +0100] "GET /text/11030600_0000.htm HTTP/1.1" 301 387 "-" "Mozilla/5.0 (compatible; bingbot/2.0; +http://www.bing.com/bingbot.htm)"
157.56.229.87 - - [04/Dec/2013:15:05:09 +0100] "GET /text/11030600_0000.htm HTTP/1.1" 301 387 "-" "Mozilla/5.0 (compatible; bingbot/2.0; +http://www.bing.com/bingbot.htm)"
141.8.147.12 - - [04/Dec/2013:17:15:52 +0100] "GET /robots.txt HTTP/1.1" 301 377 "-" "Mozilla/5.0 (compatible; YandexBot/3.0; +http://yandex.com/bots)"
141.8.147.12 - - [04/Dec/2013:19:02:30 +0100] "GET / HTTP/1.1" 301 367 "-" "Mozilla/5.0 (compatible; YandexBot/3.0; +http://yandex.com/bots)"
85.1.217.45 - - [04/Dec/2013:20:54:17 +0100] "GET / HTTP/1.1" 301 365 "-" "Mozilla/4.0 (compatible; MSIE 8.0; Windows NT 5.1; Trident/4.0; .NET4.0C; .NET CLR 2.0.50727; .NET CLR 3.0.4506.2152; .NET CLR 3.5.30729)"
85.1.217.45 - - [04/Dec/2013:20:57:51 +0100] "GET / HTTP/1.1" 301 365 "-" "Mozilla/4.0 (compatible; MSIE 8.0; Windows NT 5.1; Trident/4.0; .NET4.0C; .NET CLR 2.0.50727; .NET CLR 3.0.4506.2152; .NET CLR 3.5.30729)"
208.115.113.88 - - [05/Dec/2013:00:11:54 +0100] "GET /robots.txt HTTP/1.1" 301 386 "-" "Mozilla/5.0 (compatible; Ezooms/1.0; ezooms.bot@gmail.com)"
208.115.113.88 - - [05/Dec/2013:00:35:45 +0100] "GET / HTTP/1.1" 301 376 "-" "Mozilla/5.0 (compatible; Ezooms/1.0; ezooms.bot@gmail.com)"
87.122.20.123 - - [05/Dec/2013:05:24:05 +0100] "HEAD / HTTP/1.1" 301 - "-" "Mozilla/4.0 (compatible; MSIE 6.0; Windows NT 5.1)"
87.122.20.123 - - [05/Dec/2013:05:24:08 +0100] "GET / HTTP/1.1" 301 365 "-" "curl/7.19.0 (x86_64-suse-linux-gnu) libcurl/7.19.0 OpenSSL/0.9.8h zlib/1.2.3 libidn/1.10"
87.122.20.123 - - [05/Dec/2013:05:24:10 +0100] "GET / HTTP/1.1" 301 365 "-" "Mozilla/4.0 (compatible; MSIE 6.0; Windows NT 5.1)"
87.139.61.94 - - [05/Dec/2013:08:27:51 +0100] "GET / HTTP/1.1" 301 376 "-" "Mozilla/5.0 (compatible; MSIE 10.0; Windows NT 6.1; WOW64; Trident/6.0)"
150.70.173.51 - - [05/Dec/2013:08:29:05 +0100] "GET / HTTP/1.1" 301 376 "-" "Mozilla/4.0 (compatible; MSIE 8.0; Windows NT 5.1; Trident/4.0)"
150.70.172.209 - - [05/Dec/2013:08:32:23 +0100] "GET / HTTP/1.0" 301 376 "-" "Mozilla/4.0 (compatible; MSIE 6.0; Windows NT 5.1)"
91.228.53.101 - - [05/Dec/2013:16:38:41 +0100] "GET / HTTP/1.1" 301 376 "www.algorex-partner.de" "Mozilla/5.0 (Windows NT 6.2; WOW64; rv:15.0) Gecko/20100101 Firefox/15.0.1"
66.249.74.30 - - [05/Dec/2013:18:41:33 +0100] "GET /robots.txt HTTP/1.1" 301 375 "-" "Mozilla/5.0 (compatible; Googlebot/2.1; +http://www.google.com/bot.html)"
66.249.74.30 - - [05/Dec/2013:18:41:34 +0100] "GET /fire HTTP/1.1" 301 369 "-" "Mozilla/5.0 (compatible; Googlebot/2.1; +http://www.google.com/bot.html)"
91.228.53.101 - - [05/Dec/2013:19:36:48 +0100] "GET / HTTP/1.1" 301 365 "www.sibt.de" "Mozilla/5.0 (Windows NT 6.2; WOW64; rv:15.0) Gecko/20100101 Firefox/15.0.1"
212.227.52.170 - - [05/Dec/2013:21:47:46 +0100] "GET / HTTP/1.0" 301 382 "-" "Mozilla/4.0 (compatible; MSIE 5.0; Windows NT 4.0)"
5.9.112.180 - - [06/Dec/2013:01:57:18 +0100] "GET /robots.txt HTTP/1.1" 301 392 "-" "Mozilla/5.0 (compatible; SISTRIX Crawler; http://crawler.sistrix.net/)"
5.9.112.180 - - [06/Dec/2013:01:57:18 +0100] "GET / HTTP/1.1" 301 382 "-" "Mozilla/5.0 (compatible; SISTRIX Crawler; http://crawler.sistrix.net/)"
5.10.83.95 - - [06/Dec/2013:03:30:52 +0100] "GET /text/11020402_0000.htm HTTP/1.1" 301 387 "-" "Mozilla/5.0 (compatible; AhrefsBot/5.0; +http://ahrefs.com/robot/)"
141.8.147.12 - - [06/Dec/2013:07:44:54 +0100] "GET /robots.txt HTTP/1.1" 301 386 "-" "Mozilla/5.0 (compatible; YandexBot/3.0; +http://yandex.com/bots)"
157.55.32.143 - - [06/Dec/2013:11:04:00 +0100] "GET /robots.txt HTTP/1.1" 301 392 "-" "Mozilla/5.0 (compatible; bingbot/2.0; +http://www.bing.com/bingbot.htm)"
157.55.32.143 - - [06/Dec/2013:11:35:21 +0100] "GET /news/index.php?action=shownews&mode=archiv&showtopic= HTTP/1.1" 301 443 "-" "Mozilla/5.0 (compatible; bingbot/2.0; +http://www.bing.com/bingbot.htm)"
141.8.147.12 - - [06/Dec/2013:12:58:17 +0100] "GET /robots.txt HTTP/1.1" 301 384 "-" "Mozilla/5.0 (compatible; YandexBot/3.0; +http://yandex.com/bots)"
141.8.147.12 - - [06/Dec/2013:13:38:50 +0100] "GET /robots.txt HTTP/1.1" 301 394 "-" "Mozilla/5.0 (compatible; YandexBot/3.0; +http://yandex.com/bots)"
141.8.147.12 - - [06/Dec/2013:14:19:52 +0100] "GET / HTTP/1.1" 301 384 "-" "Mozilla/5.0 (compatible; YandexBot/3.0; +http://yandex.com/bots)"
141.8.147.12 - - [06/Dec/2013:14:19:53 +0100] "GET / HTTP/1.1" 301 376 "-" "Mozilla/5.0 (compatible; YandexBot/3.0; +http://yandex.com/bots)"
141.8.147.12 - - [06/Dec/2013:14:44:03 +0100] "GET / HTTP/1.1" 301 374 "-" "Mozilla/5.0 (compatible; YandexBot/3.0; +http://yandex.com/bots)"
157.55.32.222 - - [06/Dec/2013:16:07:19 +0100] "GET /robots.txt HTTP/1.1" 301 377 "-" "Mozilla/5.0 (compatible; bingbot/2.0; +http://www.bing.com/bingbot.htm)"
157.55.32.222 - - [06/Dec/2013:16:10:47 +0100] "GET / HTTP/1.1" 301 367 "-" "Mozilla/5.0 (compatible; bingbot/2.0; +http://www.bing.com/bingbot.htm)"
5.10.83.71 - - [06/Dec/2013:19:10:54 +0100] "GET / HTTP/1.1" 301 376 "-" "Mozilla/5.0 (compatible; AhrefsBot/5.0; +http://ahrefs.com/robot/)"
5.10.83.54 - - [06/Dec/2013:19:34:29 +0100] "GET /fire HTTP/1.1" 301 369 "-" "Mozilla/5.0 (compatible; AhrefsBot/5.0; +http://ahrefs.com/robot/)"
117.78.13.18 - - [06/Dec/2013:20:46:29 +0100] "GET /robots.txt HTTP/1.0" 301 375 "-" "nutch-1.4/Nutch-1.4"
117.78.13.18 - - [06/Dec/2013:20:46:35 +0100] "GET / HTTP/1.0" 301 365 "-" "nutch-1.4/Nutch-1.4"
5.10.83.85 - - [06/Dec/2013:21:51:11 +0100] "GET /text/11030600_0000.htm HTTP/1.1" 301 387 "-" "Mozilla/5.0 (compatible; AhrefsBot/5.0; +http://ahrefs.com/robot/)"
66.249.74.30 - - [06/Dec/2013:22:08:29 +0100] "GET /robots.txt HTTP/1.1" 301 375 "-" "Mozilla/5.0 (compatible; Googlebot/2.1; +http://www.google.com/bot.html)"
66.249.74.30 - - [06/Dec/2013:22:08:30 +0100] "GET /text/10000000_0000.htm HTTP/1.1" 301 387 "-" "Mozilla/5.0 (compatible; Googlebot/2.1; +http://www.google.com/bot.html)"
157.56.92.155 - - [06/Dec/2013:22:23:13 +0100] "GET /robots.txt HTTP/1.1" 301 386 "-" "Mozilla/5.0 (compatible; bingbot/2.0; +http://www.bing.com/bingbot.htm)"
157.56.92.155 - - [06/Dec/2013:22:23:45 +0100] "GET / HTTP/1.1" 301 376 "-" "Mozilla/5.0 (compatible; bingbot/2.0; +http://www.bing.com/bingbot.htm)"
178.77.126.55 - - [06/Dec/2013:23:58:43 +0100] "GET /robots.txt HTTP/1.1" 301 375 "-" "Mozilla/5.0 (compatible; CareerBot/1.1; +http://www.career-x.de/bot.html)"
178.77.126.55 - - [06/Dec/2013:23:58:43 +0100] "GET / HTTP/1.1" 301 365 "-" "Mozilla/5.0 (compatible; CareerBot/1.1; +http://www.career-x.de/bot.html)"
178.77.126.55 - - [07/Dec/2013:01:00:29 +0100] "GET /robots.txt HTTP/1.1" 301 386 "-" "Mozilla/5.0 (compatible; CareerBot/1.1; +http://www.career-x.de/bot.html)"
178.77.126.55 - - [07/Dec/2013:01:00:29 +0100] "GET / HTTP/1.1" 301 376 "-" "Mozilla/5.0 (compatible; CareerBot/1.1; +http://www.career-x.de/bot.html)"
141.8.147.12 - - [07/Dec/2013:02:39:13 +0100] "GET /robots.txt HTTP/1.1" 301 392 "-" "Mozilla/5.0 (compatible; YandexBot/3.0; +http://yandex.com/bots)"
157.55.34.181 - - [07/Dec/2013:04:20:50 +0100] "GET /robots.txt HTTP/1.1" 301 392 "-" "Mozilla/5.0 (compatible; bingbot/2.0; +http://www.bing.com/bingbot.htm)"
157.55.34.181 - - [07/Dec/2013:04:23:57 +0100] "GET / HTTP/1.1" 301 382 "-" "Mozilla/5.0 (compatible; bingbot/2.0; +http://www.bing.com/bingbot.htm)"
141.8.147.12 - - [07/Dec/2013:06:34:05 +0100] "GET / HTTP/1.1" 301 382 "-" "Mozilla/5.0 (compatible; YandexBot/3.0; +http://yandex.com/bots)"
182.118.35.22 - - [07/Dec/2013:06:46:31 +0100] "GET /robots.txt HTTP/1.1" 301 375 "http://www.sibt.de/robots.txt" "Mozilla/4.0 (compatible; MSIE 8.0; Windows NT 6.1; Trident/4.0; SLCC2; .NET CLR 2.0.50727; .NET CLR 3.5.30729; .NET CLR 3.0.30729; Media Center PC 6.0; MDDR; .NET4.0C; .NET4.0E; .NET CLR 1.1.4322; Tablet PC 2.0)"
217.225.165.194 - - [07/Dec/2013:08:05:03 +0100] "GET / HTTP/1.1" 301 382 "http://m.bigfinder.de/?c=ws&q=web&v=1" "T-Online Browser (Windows NT 6.1; de)"
77.75.77.36 - - [07/Dec/2013:08:07:59 +0100] "GET /robots.txt HTTP/1.1" 301 386 "-" "SeznamBot/3.0 (+http://fulltext.sblog.cz/)"
77.75.77.36 - - [07/Dec/2013:08:07:59 +0100] "GET / HTTP/1.1" 301 376 "-" "SeznamBot/3.0 (+http://fulltext.sblog.cz/)"
217.225.165.194 - - [07/Dec/2013:14:05:59 +0100] "GET / HTTP/1.1" 301 382 "http://www.bigfinder.de/?c=ws&q=online&v=1" "Mozilla/4.0 (compatible; MSIE 8.0; Windows NT 5.1; Trident/4.0; FBSMTWB; ATC/1.0; .NET CLR 1.1.4322; ATC/1.0; .NET CLR 2.0.50727; .NET CLR 3.0.4506.2152; .NET CLR 3.5.30729)"
162.243.78.166 - - [07/Dec/2013:14:28:23 +0100] "HEAD / HTTP/1.1" 301 - "http://www.netcraft.com/survey/" "Mozilla/4.0 (compatible; Netcraft Web Server Survey)"
141.8.147.12 - - [07/Dec/2013:15:04:34 +0100] "GET /robots.txt HTTP/1.1" 301 392 "-" "Mozilla/5.0 (compatible; YandexBot/3.0; +http://yandex.com/bots)"
141.8.147.12 - - [07/Dec/2013:18:06:22 +0100] "GET /robots.txt HTTP/1.1" 301 377 "-" "Mozilla/5.0 (compatible; YandexBot/3.0; +http://yandex.com/bots)"
208.115.113.89 - - [07/Dec/2013:20:26:51 +0100] "GET /robots.txt HTTP/1.1" 301 375 "-" "Mozilla/5.0 (compatible; Ezooms/1.0; help@moz.com)"
66.249.66.178 - - [07/Dec/2013:21:56:18 +0100] "GET /robots.txt HTTP/1.1" 301 386 "-" "Mozilla/5.0 (compatible; Googlebot/2.1; +http://www.google.com/bot.html)"
66.249.66.178 - - [07/Dec/2013:21:56:18 +0100] "GET / HTTP/1.1" 301 376 "-" "SAMSUNG-SGH-E250/1.0 Profile/MIDP-2.0 Configuration/CLDC-1.1 UP.Browser/6.2.3.3.c.1.101 (GUI) MMP/2.0 (compatible; Googlebot-Mobile/2.1; +http://www.google.com/bot.html)"
208.115.113.89 - - [07/Dec/2013:22:23:09 +0100] "GET /fire/ HTTP/1.1" 301 370 "-" "Mozilla/5.0 (compatible; Ezooms/1.0; help@moz.com)"
208.88.226.73 - - [08/Dec/2013:00:15:18 +0100] "HEAD / HTTP/1.1" 301 - "-" "Mozilla/5.0 (Windows NT 6.1; WOW64; rv:7.0.1) Gecko/20100101 Firefox/7.0.1"
141.8.147.12 - - [08/Dec/2013:01:16:01 +0100] "GET / HTTP/1.1" 301 367 "-" "Mozilla/5.0 (compatible; YandexBot/3.0; +http://yandex.com/bots)"
66.249.66.76 - - [08/Dec/2013:01:17:38 +0100] "GET /robots.txt HTTP/1.1" 301 375 "-" "Mozilla/5.0 (compatible; Googlebot/2.1; +http://www.google.com/bot.html)"
66.249.66.76 - - [08/Dec/2013:01:17:38 +0100] "GET / HTTP/1.1" 301 365 "-" "SAMSUNG-SGH-E250/1.0 Profile/MIDP-2.0 Configuration/CLDC-1.1 UP.Browser/6.2.3.3.c.1.101 (GUI) MMP/2.0 (compatible; Googlebot-Mobile/2.1; +http://www.google.com/bot.html)"
141.8.147.12 - - [08/Dec/2013:03:23:42 +0100] "GET /robots.txt HTTP/1.1" 301 375 "-" "Mozilla/5.0 (compatible; YandexBot/3.0; +http://yandex.com/bots)"
141.8.147.12 - - [08/Dec/2013:03:23:44 +0100] "GET /security/ HTTP/1.1" 301 374 "-" "Mozilla/5.0 (compatible; YandexBot/3.0; +http://yandex.com/bots)"
66.249.66.215 - - [08/Dec/2013:03:48:47 +0100] "GET /robots.txt HTTP/1.1" 301 377 "-" "Mozilla/5.0 (compatible; Googlebot/2.1; +http://www.google.com/bot.html)"
66.249.66.215 - - [08/Dec/2013:03:48:48 +0100] "GET / HTTP/1.1" 301 367 "-" "SAMSUNG-SGH-E250/1.0 Profile/MIDP-2.0 Configuration/CLDC-1.1 UP.Browser/6.2.3.3.c.1.101 (GUI) MMP/2.0 (compatible; Googlebot-Mobile/2.1; +http://www.google.com/bot.html)"
64.246.165.150 - - [08/Dec/2013:04:15:26 +0100] "GET /robots.txt HTTP/1.0" 301 384 "-" "Mozilla/5.0 (Windows; U; Windows NT 5.1; en; rv:1.9.0.13) Gecko/2009073022 Firefox/3.5.2 (.NET CLR 3.5.30729) SurveyBot/2.3 (DomainTools)"
64.246.165.150 - - [08/Dec/2013:04:15:26 +0100] "GET / HTTP/1.1" 301 374 "http://whois.domaintools.com/sgtbayernnord.de" "Mozilla/5.0 (Windows; U; Windows NT 5.1; en; rv:1.9.0.13) Gecko/2009073022 Firefox/3.5.2 (.NET CLR 3.5.30729) SurveyBot/2.3 (DomainTools)"
64.246.165.160 - - [08/Dec/2013:05:51:57 +0100] "GET /robots.txt HTTP/1.0" 301 389 "-" "Mozilla/5.0 (Windows; U; Windows NT 5.1; en; rv:1.9.0.13) Gecko/2009073022 Firefox/3.5.2 (.NET CLR 3.5.30729) SurveyBot/2.3 (DomainTools)"
64.246.165.160 - - [08/Dec/2013:05:51:58 +0100] "GET / HTTP/1.1" 301 379 "http://whois.domaintools.com/sicherungs-service.de" "Mozilla/5.0 (Windows; U; Windows NT 5.1; en; rv:1.9.0.13) Gecko/2009073022 Firefox/3.5.2 (.NET CLR 3.5.30729) SurveyBot/2.3 (DomainTools)"
64.246.165.140 - - [08/Dec/2013:06:16:35 +0100] "GET /robots.txt HTTP/1.0" 301 377 "-" "Mozilla/5.0 (Windows; U; Windows NT 5.1; en; rv:1.9.0.13) Gecko/2009073022 Firefox/3.5.2 (.NET CLR 3.5.30729) SurveyBot/2.3 (DomainTools)"
64.246.165.140 - - [08/Dec/2013:06:16:35 +0100] "GET / HTTP/1.1" 301 367 "http://whois.domaintools.com/sgtost.de" "Mozilla/5.0 (Windows; U; Windows NT 5.1; en; rv:1.9.0.13) Gecko/2009073022 Firefox/3.5.2 (.NET CLR 3.5.30729) SurveyBot/2.3 (DomainTools)"
216.145.5.42 - - [08/Dec/2013:07:14:45 +0100] "GET /robots.txt HTTP/1.0" 301 394 "-" "Mozilla/5.0 (Windows; U; Windows NT 5.1; en; rv:1.9.0.13) Gecko/2009073022 Firefox/3.5.2 (.NET CLR 3.5.30729) SurveyBot/2.3 (DomainTools)"
216.145.5.42 - - [08/Dec/2013:07:14:45 +0100] "GET / HTTP/1.1" 301 384 "http://whois.domaintools.com/siemens-gebaeudetechnik.de" "Mozilla/5.0 (Windows; U; Windows NT 5.1; en; rv:1.9.0.13) Gecko/2009073022 Firefox/3.5.2 (.NET CLR 3.5.30729) SurveyBot/2.3 (DomainTools)"
216.145.14.142 - - [08/Dec/2013:07:37:34 +0100] "GET /robots.txt HTTP/1.0" 301 392 "-" "Mozilla/5.0 (Windows; U; Windows NT 5.1; en; rv:1.9.0.13) Gecko/2009073022 Firefox/3.5.2 (.NET CLR 3.5.30729) SurveyBot/2.3 (DomainTools)"
216.145.14.142 - - [08/Dec/2013:07:37:34 +0100] "GET / HTTP/1.1" 301 382 "http://whois.domaintools.com/siemens-medientechnik.de" "Mozilla/5.0 (Windows; U; Windows NT 5.1; en; rv:1.9.0.13) Gecko/2009073022 Firefox/3.5.2 (.NET CLR 3.5.30729) SurveyBot/2.3 (DomainTools)"
216.145.14.142 - - [08/Dec/2013:08:05:57 +0100] "GET /robots.txt HTTP/1.0" 301 375 "-" "Mozilla/5.0 (Windows; U; Windows NT 5.1; en; rv:1.9.0.13) Gecko/2009073022 Firefox/3.5.2 (.NET CLR 3.5.30729) SurveyBot/2.3 (DomainTools)"
216.145.14.142 - - [08/Dec/2013:08:05:58 +0100] "GET / HTTP/1.1" 301 365 "http://whois.domaintools.com/sibt.de" "Mozilla/5.0 (Windows; U; Windows NT 5.1; en; rv:1.9.0.13) Gecko/2009073022 Firefox/3.5.2 (.NET CLR 3.5.30729) SurveyBot/2.3 (DomainTools)"
183.60.244.44 - - [08/Dec/2013:17:58:01 +0100] "GET / HTTP/1.1" 301 365 "http://www.baidu.com" "Mozilla/5.0 (Windows NT 6.1; WOW64; rv:18.0) Gecko/20100101 Firefox/18.0"
183.60.244.44 - - [08/Dec/2013:17:58:02 +0100] "GET / HTTP/1.1" 301 365 "http://www.baidu.com" "Mozilla/5.0 (Windows NT 6.1; WOW64; rv:18.0) Gecko/20100101 Firefox/18.0"
183.60.244.44 - - [08/Dec/2013:17:58:08 +0100] "HEAD / HTTP/1.1" 301 - "-" "Mozilla/5.0 (X11;U; Linux i686; en-GB; rv:1.9.1) Gecko/20090624 Ubuntu/9.04 (jaunty) Firefox/3.5"
183.60.244.44 - - [08/Dec/2013:17:58:09 +0100] "GET /lionsky_client/WebHtmlEditor/1_7_2006_1020/Theme/Office_Tinge/WebHtmlEditor.css HTTP/1.1" 301 444 "http://www.baidu.com" "Mozilla/5.0 (Windows NT 6.1; WOW64; rv:18.0) Gecko/20100101 Firefox/18.0"
183.60.244.44 - - [08/Dec/2013:17:58:09 +0100] "GET /admin/help/online_help_1.htm HTTP/1.1" 301 393 "http://www.baidu.com" "Mozilla/5.0 (Windows NT 6.1; WOW64; rv:18.0) Gecko/20100101 Firefox/18.0"
183.60.244.44 - - [08/Dec/2013:17:58:09 +0100] "GET /ask HTTP/1.1" 301 368 "http://www.baidu.com" "Mozilla/5.0 (Windows NT 6.1; WOW64; rv:18.0) Gecko/20100101 Firefox/18.0"
183.60.244.44 - - [08/Dec/2013:17:58:09 +0100] "GET /static/js/common.js HTTP/1.1" 301 384 "http://www.baidu.com" "Mozilla/5.0 (Windows NT 6.1; WOW64; rv:18.0) Gecko/20100101 Firefox/18.0"
183.60.244.44 - - [08/Dec/2013:17:58:09 +0100] "GET /wp-content/themes/twentyten/style.css HTTP/1.1" 301 402 "http://www.baidu.com" "Mozilla/5.0 (Windows NT 6.1; WOW64; rv:18.0) Gecko/20100101 Firefox/18.0"
183.60.244.44 - - [08/Dec/2013:17:58:09 +0100] "GET /do/reg.php HTTP/1.1" 301 375 "http://www.baidu.com" "Mozilla/5.0 (Windows NT 6.1; WOW64; rv:18.0) Gecko/20100101 Firefox/18.0"
183.60.244.44 - - [08/Dec/2013:17:58:09 +0100] "GET /robots.txt HTTP/1.1" 301 375 "http://www.baidu.com" "Mozilla/5.0 (Windows NT 6.1; WOW64; rv:18.0) Gecko/20100101 Firefox/18.0"
183.60.244.44 - - [08/Dec/2013:17:58:09 +0100] "GET /statics/js/ckeditor/plugins/capture/plugin.js HTTP/1.1" 301 410 "http://www.baidu.com" "Mozilla/5.0 (Windows NT 6.1; WOW64; rv:18.0) Gecko/20100101 Firefox/18.0"
183.60.244.44 - - [08/Dec/2013:17:58:09 +0100] "GET /robots HTTP/1.1" 301 371 "http://www.baidu.com" "Mozilla/5.0 (Windows NT 6.1; WOW64; rv:18.0) Gecko/20100101 Firefox/18.0"
183.60.244.44 - - [08/Dec/2013:17:58:09 +0100] "GET /Providers/HtmlEditorProviders/Fck/fcklinkgallery.aspx HTTP/1.1" 301 418 "http://www.baidu.com" "Mozilla/5.0 (Windows NT 6.1; WOW64; rv:18.0) Gecko/20100101 Firefox/18.0"
183.60.244.44 - - [08/Dec/2013:17:58:10 +0100] "GET /jsp/cis4/js/common/CTRSHTMLElement.js HTTP/1.1" 301 402 "http://www.baidu.com" "Mozilla/5.0 (Windows NT 6.1; WOW64; rv:18.0) Gecko/20100101 Firefox/18.0"
183.60.244.44 - - [08/Dec/2013:17:58:10 +0100] "GET /templates/default/dnt.css HTTP/1.1" 301 390 "http://www.baidu.com" "Mozilla/5.0 (Windows NT 6.1; WOW64; rv:18.0) Gecko/20100101 Firefox/18.0"
183.60.244.44 - - [08/Dec/2013:17:58:10 +0100] "GET /_data/jcmsU1.js HTTP/1.1" 301 380 "http://www.baidu.com" "Mozilla/5.0 (Windows NT 6.1; WOW64; rv:18.0) Gecko/20100101 Firefox/18.0"
183.60.244.44 - - [08/Dec/2013:17:58:10 +0100] "GET /digg.php HTTP/1.1" 301 373 "http://www.baidu.com" "Mozilla/5.0 (Windows NT 6.1; WOW64; rv:18.0) Gecko/20100101 Firefox/18.0"
183.60.244.44 - - [08/Dec/2013:17:58:10 +0100] "GET /data/config.js HTTP/1.1" 301 379 "http://www.baidu.com" "Mozilla/5.0 (Windows NT 6.1; WOW64; rv:18.0) Gecko/20100101 Firefox/18.0"
183.60.244.44 - - [08/Dec/2013:17:58:10 +0100] "GET /license.txt HTTP/1.1" 301 376 "http://www.baidu.com" "Mozilla/5.0 (Windows NT 6.1; WOW64; rv:18.0) Gecko/20100101 Firefox/18.0"
183.60.244.44 - - [08/Dec/2013:17:58:10 +0100] "GET /robots.txt HTTP/1.1" 301 375 "http://www.baidu.com" "Mozilla/5.0 (Windows NT 6.1; WOW64; rv:18.0) Gecko/20100101 Firefox/18.0"
183.60.244.44 - - [08/Dec/2013:17:58:10 +0100] "GET /\xe5\xae\x89\xe8\xa3\x85\xe8\xaf\xb4\xe6\x98\x8e.txt HTTP/1.1" 301 405 "http://www.baidu.com" "Mozilla/5.0 (Windows NT 6.1; WOW64; rv:18.0) Gecko/20100101 Firefox/18.0"
183.60.244.44 - - [08/Dec/2013:17:58:10 +0100] "GET /index.php HTTP/1.1" 301 374 "http://www.baidu.com" "Mozilla/5.0 (Windows NT 6.1; WOW64; rv:18.0) Gecko/20100101 Firefox/18.0"
183.60.244.44 - - [08/Dec/2013:17:58:10 +0100] "GET /licence.txt HTTP/1.1" 301 376 "http://www.baidu.com" "Mozilla/5.0 (Windows NT 6.1; WOW64; rv:18.0) Gecko/20100101 Firefox/18.0"
183.60.244.44 - - [08/Dec/2013:17:58:12 +0100] "GET /siteserver/login.aspx HTTP/1.1" 301 386 "http://www.baidu.com" "Mozilla/5.0 (Windows NT 6.1; WOW64; rv:18.0) Gecko/20100101 Firefox/18.0"
183.60.244.44 - - [08/Dec/2013:17:58:12 +0100] "GET /special HTTP/1.1" 301 372 "http://www.baidu.com" "Mozilla/5.0 (Windows NT 6.1; WOW64; rv:18.0) Gecko/20100101 Firefox/18.0"
183.60.244.44 - - [08/Dec/2013:17:58:12 +0100] "GET /DevInfo.txt HTTP/1.1" 301 376 "http://www.baidu.com" "Mozilla/5.0 (Windows NT 6.1; WOW64; rv:18.0) Gecko/20100101 Firefox/18.0"
183.60.244.44 - - [08/Dec/2013:17:58:12 +0100] "GET /data/js/config.js HTTP/1.1" 301 382 "http://www.baidu.com" "Mozilla/5.0 (Windows NT 6.1; WOW64; rv:18.0) Gecko/20100101 Firefox/18.0"
183.60.244.44 - - [08/Dec/2013:17:58:12 +0100] "GET /history.txt HTTP/1.1" 301 376 "http://www.baidu.com" "Mozilla/5.0 (Windows NT 6.1; WOW64; rv:18.0) Gecko/20100101 Firefox/18.0"
183.60.244.44 - - [08/Dec/2013:17:58:12 +0100] "GET /admin/template/article_more/config.htm HTTP/1.1" 301 403 "http://www.baidu.com" "Mozilla/5.0 (Windows NT 6.1; WOW64; rv:18.0) Gecko/20100101 Firefox/18.0"
183.60.244.44 - - [08/Dec/2013:17:58:12 +0100] "GET /plugin/backupdb/plugin.xml HTTP/1.1" 301 391 "http://www.baidu.com" "Mozilla/5.0 (Windows NT 6.1; WOW64; rv:18.0) Gecko/20100101 Firefox/18.0"
183.60.244.44 - - [08/Dec/2013:17:58:12 +0100] "GET /admin/template/foot.htm HTTP/1.1" 301 388 "http://www.baidu.com" "Mozilla/5.0 (Windows NT 6.1; WOW64; rv:18.0) Gecko/20100101 Firefox/18.0"
183.60.244.44 - - [08/Dec/2013:17:58:12 +0100] "GET /App_Themes/AdminDefaultTheme/xtree.css HTTP/1.1" 301 403 "http://www.baidu.com" "Mozilla/5.0 (Windows NT 6.1; WOW64; rv:18.0) Gecko/20100101 Firefox/18.0"
183.60.244.44 - - [08/Dec/2013:17:58:12 +0100] "GET /archive/archive.css HTTP/1.1" 301 384 "http://www.baidu.com" "Mozilla/5.0 (Windows NT 6.1; WOW64; rv:18.0) Gecko/20100101 Firefox/18.0"
183.60.244.44 - - [08/Dec/2013:17:58:13 +0100] "GET /pic/head_01.gif HTTP/1.1" 301 380 "http://www.baidu.com" "Mozilla/5.0 (Windows NT 6.1; WOW64; rv:18.0) Gecko/20100101 Firefox/18.0"
183.60.244.44 - - [08/Dec/2013:17:58:13 +0100] "GET /License.txt HTTP/1.1" 301 376 "http://www.baidu.com" "Mozilla/5.0 (Windows NT 6.1; WOW64; rv:18.0) Gecko/20100101 Firefox/18.0"
183.60.244.44 - - [08/Dec/2013:17:58:13 +0100] "GET /data/admin/ver.txt HTTP/1.1" 301 383 "http://www.baidu.com" "Mozilla/5.0 (Windows NT 6.1; WOW64; rv:18.0) Gecko/20100101 Firefox/18.0"
183.60.244.44 - - [08/Dec/2013:17:58:13 +0100] "GET /FS_Inc/FS_CSS.css HTTP/1.1" 301 382 "http://www.baidu.com" "Mozilla/5.0 (Windows NT 6.1; WOW64; rv:18.0) Gecko/20100101 Firefox/18.0"
183.60.244.44 - - [08/Dec/2013:17:58:13 +0100] "GET /SCRIPT/common.js HTTP/1.1" 301 381 "http://www.baidu.com" "Mozilla/5.0 (Windows NT 6.1; WOW64; rv:18.0) Gecko/20100101 Firefox/18.0"
183.60.244.44 - - [08/Dec/2013:17:58:13 +0100] "GET /admin/inc/xml.xslt HTTP/1.1" 301 383 "http://www.baidu.com" "Mozilla/5.0 (Windows NT 6.1; WOW64; rv:18.0) Gecko/20100101 Firefox/18.0"
183.60.244.44 - - [08/Dec/2013:17:58:13 +0100] "GET /a_d/install/data.sql HTTP/1.1" 301 385 "http://www.baidu.com" "Mozilla/5.0 (Windows NT 6.1; WOW64; rv:18.0) Gecko/20100101 Firefox/18.0"
183.60.244.44 - - [08/Dec/2013:17:58:13 +0100] "GET /member/template/homepage.htm HTTP/1.1" 301 393 "http://www.baidu.com" "Mozilla/5.0 (Windows NT 6.1; WOW64; rv:18.0) Gecko/20100101 Firefox/18.0"
183.60.244.44 - - [08/Dec/2013:17:58:13 +0100] "GET /common/common.js HTTP/1.1" 301 381 "http://www.baidu.com" "Mozilla/5.0 (Windows NT 6.1; WOW64; rv:18.0) Gecko/20100101 Firefox/18.0"
183.60.244.44 - - [08/Dec/2013:17:58:13 +0100] "GET /clientscript/vbulletin_ajax_htmlloader.js HTTP/1.1" 301 406 "http://www.baidu.com" "Mozilla/5.0 (Windows NT 6.1; WOW64; rv:18.0) Gecko/20100101 Firefox/18.0"
183.60.244.44 - - [08/Dec/2013:17:58:14 +0100] "GET /language/gb2312.xml HTTP/1.1" 301 384 "http://www.baidu.com" "Mozilla/5.0 (Windows NT 6.1; WOW64; rv:18.0) Gecko/20100101 Firefox/18.0"
183.60.244.44 - - [08/Dec/2013:17:58:14 +0100] "GET /fckeditor/editor/js/fckeditorcode_ie.js HTTP/1.1" 301 404 "http://www.baidu.com" "Mozilla/5.0 (Windows NT 6.1; WOW64; rv:18.0) Gecko/20100101 Firefox/18.0"
183.60.244.44 - - [08/Dec/2013:17:58:14 +0100] "GET /data HTTP/1.1" 301 369 "http://www.baidu.com" "Mozilla/5.0 (Windows NT 6.1; WOW64; rv:18.0) Gecko/20100101 Firefox/18.0"
183.60.244.44 - - [08/Dec/2013:17:58:14 +0100] "GET /CSS/atom.css HTTP/1.1" 301 377 "http://www.baidu.com" "Mozilla/5.0 (Windows NT 6.1; WOW64; rv:18.0) Gecko/20100101 Firefox/18.0"
183.60.244.44 - - [08/Dec/2013:17:58:14 +0100] "GET /Admin/Include/version.xml HTTP/1.1" 301 390 "http://www.baidu.com" "Mozilla/5.0 (Windows NT 6.1; WOW64; rv:18.0) Gecko/20100101 Firefox/18.0"
183.60.244.44 - - [08/Dec/2013:17:58:14 +0100] "GET /template/default/refreshto.htm HTTP/1.1" 301 395 "http://www.baidu.com" "Mozilla/5.0 (Windows NT 6.1; WOW64; rv:18.0) Gecko/20100101 Firefox/18.0"
183.60.244.44 - - [08/Dec/2013:17:58:14 +0100] "GET /admin/tpls/tpls/main/default/index.tpl HTTP/1.1" 301 403 "http://www.baidu.com" "Mozilla/5.0 (Windows NT 6.1; WOW64; rv:18.0) Gecko/20100101 Firefox/18.0"
183.60.244.44 - - [08/Dec/2013:17:58:14 +0100] "GET /hack/gather/template/edit_title.htm HTTP/1.1" 301 400 "http://www.baidu.com" "Mozilla/5.0 (Windows NT 6.1; WOW64; rv:18.0) Gecko/20100101 Firefox/18.0"
183.60.244.44 - - [08/Dec/2013:17:58:14 +0100] "GET /ThinkPHP/README.txt HTTP/1.1" 301 384 "http://www.baidu.com" "Mozilla/5.0 (Windows NT 6.1; WOW64; rv:18.0) Gecko/20100101 Firefox/18.0"
183.60.244.44 - - [08/Dec/2013:17:58:14 +0100] "GET /skins/default.css HTTP/1.1" 301 382 "http://www.baidu.com" "Mozilla/5.0 (Windows NT 6.1; WOW64; rv:18.0) Gecko/20100101 Firefox/18.0"
183.60.244.44 - - [08/Dec/2013:17:58:16 +0100] "GET /fckeditor/fckeditor.js HTTP/1.1" 301 387 "http://www.baidu.com" "Mozilla/5.0 (Windows NT 6.1; WOW64; rv:18.0) Gecko/20100101 Firefox/18.0"
183.60.244.44 - - [08/Dec/2013:17:58:16 +0100] "GET /member/space/commpany/info.txt HTTP/1.1" 301 395 "http://www.baidu.com" "Mozilla/5.0 (Windows NT 6.1; WOW64; rv:18.0) Gecko/20100101 Firefox/18.0"
183.60.244.44 - - [08/Dec/2013:17:58:16 +0100] "GET /api/Request.xml HTTP/1.1" 301 380 "http://www.baidu.com" "Mozilla/5.0 (Windows NT 6.1; WOW64; rv:18.0) Gecko/20100101 Firefox/18.0"
183.60.244.44 - - [08/Dec/2013:17:58:16 +0100] "GET /api/api_user.xml HTTP/1.1" 301 381 "http://www.baidu.com" "Mozilla/5.0 (Windows NT 6.1; WOW64; rv:18.0) Gecko/20100101 Firefox/18.0"
183.60.244.44 - - [08/Dec/2013:17:58:16 +0100] "GET /template/default/styles.css HTTP/1.1" 301 392 "http://www.baidu.com" "Mozilla/5.0 (Windows NT 6.1; WOW64; rv:18.0) Gecko/20100101 Firefox/18.0"
183.60.244.44 - - [08/Dec/2013:17:58:16 +0100] "GET /templates/default/images/style_css_1.css HTTP/1.1" 301 405 "http://www.baidu.com" "Mozilla/5.0 (Windows NT 6.1; WOW64; rv:18.0) Gecko/20100101 Firefox/18.0"
183.60.244.44 - - [08/Dec/2013:17:58:16 +0100] "GET /\xe6\xb3\xa8\xe6\x84\x8f\xe4\xba\x8b\xe9\xa1\xb9-\xe5\xbf\x85\xe7\x9c\x8b.txt HTTP/1.1" 301 424 "http://www.baidu.com" "Mozilla/5.0 (Windows NT 6.1; WOW64; rv:18.0) Gecko/20100101 Firefox/18.0"
183.60.244.44 - - [08/Dec/2013:17:58:16 +0100] "GET /admin/javascript/typecho.js HTTP/1.1" 301 392 "http://www.baidu.com" "Mozilla/5.0 (Windows NT 6.1; WOW64; rv:18.0) Gecko/20100101 Firefox/18.0"
183.60.244.44 - - [08/Dec/2013:17:58:16 +0100] "GET /index.php/i HTTP/1.1" 301 376 "http://www.baidu.com" "Mozilla/5.0 (Windows NT 6.1; WOW64; rv:18.0) Gecko/20100101 Firefox/18.0"
183.60.244.44 - - [08/Dec/2013:17:58:16 +0100] "GET /admin/list.html HTTP/1.1" 301 380 "http://www.baidu.com" "Mozilla/5.0 (Windows NT 6.1; WOW64; rv:18.0) Gecko/20100101 Firefox/18.0"
183.60.244.44 - - [08/Dec/2013:17:58:17 +0100] "GET /FCK/editor/js/fckeditorcode_ie.js HTTP/1.1" 301 398 "http://www.baidu.com" "Mozilla/5.0 (Windows NT 6.1; WOW64; rv:18.0) Gecko/20100101 Firefox/18.0"
183.60.244.44 - - [08/Dec/2013:17:58:17 +0100] "GET /dede/login.php?gotopage=%2Fdede%2F HTTP/1.1" 301 399 "http://www.baidu.com" "Mozilla/5.0 (Windows NT 6.1; WOW64; rv:18.0) Gecko/20100101 Firefox/18.0"
183.60.244.44 - - [08/Dec/2013:17:58:17 +0100] "GET /api/Response.xml HTTP/1.1" 301 381 "http://www.baidu.com" "Mozilla/5.0 (Windows NT 6.1; WOW64; rv:18.0) Gecko/20100101 Firefox/18.0"
183.60.244.44 - - [08/Dec/2013:17:58:17 +0100] "GET /admin/licence HTTP/1.1" 301 378 "http://www.baidu.com" "Mozilla/5.0 (Windows NT 6.1; WOW64; rv:18.0) Gecko/20100101 Firefox/18.0"
183.60.244.44 - - [08/Dec/2013:17:58:17 +0100] "GET /themes/default/style.css HTTP/1.1" 301 389 "http://www.baidu.com" "Mozilla/5.0 (Windows NT 6.1; WOW64; rv:18.0) Gecko/20100101 Firefox/18.0"
183.60.244.44 - - [08/Dec/2013:17:58:17 +0100] "GET /templates/default/info.txt HTTP/1.1" 301 391 "http://www.baidu.com" "Mozilla/5.0 (Windows NT 6.1; WOW64; rv:18.0) Gecko/20100101 Firefox/18.0"
183.60.244.44 - - [08/Dec/2013:17:58:17 +0100] "GET /ThinkPHP/LICENSE.txt HTTP/1.1" 301 385 "http://www.baidu.com" "Mozilla/5.0 (Windows NT 6.1; WOW64; rv:18.0) Gecko/20100101 Firefox/18.0"
183.60.244.44 - - [08/Dec/2013:17:58:17 +0100] "GET /version.txt HTTP/1.1" 301 376 "http://www.baidu.com" "Mozilla/5.0 (Windows NT 6.1; WOW64; rv:18.0) Gecko/20100101 Firefox/18.0"
183.60.244.44 - - [08/Dec/2013:17:58:17 +0100] "GET /usr/themes/default/sytle.css HTTP/1.1" 301 393 "http://www.baidu.com" "Mozilla/5.0 (Windows NT 6.1; WOW64; rv:18.0) Gecko/20100101 Firefox/18.0"
183.60.244.44 - - [08/Dec/2013:17:58:17 +0100] "GET /admin/static/css/style.css HTTP/1.1" 301 391 "http://www.baidu.com" "Mozilla/5.0 (Windows NT 6.1; WOW64; rv:18.0) Gecko/20100101 Firefox/18.0"
183.60.244.44 - - [08/Dec/2013:17:58:18 +0100] "GET /FCK/fckeditor.js HTTP/1.1" 301 381 "http://www.baidu.com" "Mozilla/5.0 (Windows NT 6.1; WOW64; rv:18.0) Gecko/20100101 Firefox/18.0"
183.60.244.44 - - [08/Dec/2013:17:58:18 +0100] "GET /lang/install_wind.sql HTTP/1.1" 301 386 "http://www.baidu.com" "Mozilla/5.0 (Windows NT 6.1; WOW64; rv:18.0) Gecko/20100101 Firefox/18.0"
183.60.244.44 - - [08/Dec/2013:17:58:18 +0100] "GET /dede/js/album.js HTTP/1.1" 301 381 "http://www.baidu.com" "Mozilla/5.0 (Windows NT 6.1; WOW64; rv:18.0) Gecko/20100101 Firefox/18.0"
183.60.244.44 - - [08/Dec/2013:17:58:18 +0100] "GET /admin HTTP/1.1" 301 370 "http://www.baidu.com" "Mozilla/5.0 (Windows NT 6.1; WOW64; rv:18.0) Gecko/20100101 Firefox/18.0"
183.60.244.44 - - [08/Dec/2013:17:58:18 +0100] "GET /core/version.txt HTTP/1.1" 301 381 "http://www.baidu.com" "Mozilla/5.0 (Windows NT 6.1; WOW64; rv:18.0) Gecko/20100101 Firefox/18.0"
183.60.244.44 - - [08/Dec/2013:17:58:18 +0100] "GET /inc/playerKinds.xml HTTP/1.1" 301 384 "http://www.baidu.com" "Mozilla/5.0 (Windows NT 6.1; WOW64; rv:18.0) Gecko/20100101 Firefox/18.0"
183.60.244.44 - - [08/Dec/2013:17:58:18 +0100] "GET /ThinkPHP/Extend/README.txt HTTP/1.1" 301 391 "http://www.baidu.com" "Mozilla/5.0 (Windows NT 6.1; WOW64; rv:18.0) Gecko/20100101 Firefox/18.0"
183.60.244.44 - - [08/Dec/2013:17:58:18 +0100] "GET /\xe6\x98\x93\xe8\xb4\xb4\xe7\x94\x9f\xe6\xb4\xbb\xe4\xbf\xa1\xe6\x81\xaf\xe7\xbd\x91\xe4\xbb\x8b\xe7\xbb\x8d.txt HTTP/1.1" 301 450 "http://www.baidu.com" "Mozilla/5.0 (Windows NT 6.1; WOW64; rv:18.0) Gecko/20100101 Firefox/18.0"
183.60.244.44 - - [08/Dec/2013:17:58:18 +0100] "GET /install/oecms_v3.0.sql HTTP/1.1" 301 387 "http://www.baidu.com" "Mozilla/5.0 (Windows NT 6.1; WOW64; rv:18.0) Gecko/20100101 Firefox/18.0"
183.60.244.44 - - [08/Dec/2013:17:58:18 +0100] "GET /public/home/js/main.js HTTP/1.1" 301 387 "http://www.baidu.com" "Mozilla/5.0 (Windows NT 6.1; WOW64; rv:18.0) Gecko/20100101 Firefox/18.0"
183.60.244.44 - - [08/Dec/2013:17:58:20 +0100] "GET /fckeditor.js HTTP/1.1" 301 377 "http://www.baidu.com" "Mozilla/5.0 (Windows NT 6.1; WOW64; rv:18.0) Gecko/20100101 Firefox/18.0"
183.60.244.44 - - [08/Dec/2013:17:58:20 +0100] "GET /install/templates/step-1.html HTTP/1.1" 301 394 "http://www.baidu.com" "Mozilla/5.0 (Windows NT 6.1; WOW64; rv:18.0) Gecko/20100101 Firefox/18.0"
183.60.244.44 - - [08/Dec/2013:17:58:20 +0100] "GET /extensions/jcms/info.xml HTTP/1.1" 301 389 "http://www.baidu.com" "Mozilla/5.0 (Windows NT 6.1; WOW64; rv:18.0) Gecko/20100101 Firefox/18.0"
183.60.244.44 - - [08/Dec/2013:17:58:20 +0100] "GET /userapi_readme.txt HTTP/1.1" 301 383 "http://www.baidu.com" "Mozilla/5.0 (Windows NT 6.1; WOW64; rv:18.0) Gecko/20100101 Firefox/18.0"
183.60.244.44 - - [08/Dec/2013:17:58:20 +0100] "GET /install/en.sql HTTP/1.1" 301 379 "http://www.baidu.com" "Mozilla/5.0 (Windows NT 6.1; WOW64; rv:18.0) Gecko/20100101 Firefox/18.0"
183.60.244.44 - - [08/Dec/2013:17:58:20 +0100] "GET /template/home.htm HTTP/1.1" 301 382 "http://www.baidu.com" "Mozilla/5.0 (Windows NT 6.1; WOW64; rv:18.0) Gecko/20100101 Firefox/18.0"
