178.77.126.55 - - [28/Dec/2013:13:17:40 +0100] "GET / HTTP/1.1" 301 365 "-" "Mozilla/5.0 (compatible; CareerBot/1.1; +http://www.career-x.de/bot.html)"
178.77.126.55 - - [28/Dec/2013:14:07:18 +0100] "GET /robots.txt HTTP/1.1" 301 386 "-" "Mozilla/5.0 (compatible; CareerBot/1.1; +http://www.career-x.de/bot.html)"
178.77.126.55 - - [28/Dec/2013:14:07:19 +0100] "GET / HTTP/1.1" 301 376 "-" "Mozilla/5.0 (compatible; CareerBot/1.1; +http://www.career-x.de/bot.html)"
141.8.147.12 - - [28/Dec/2013:15:14:03 +0100] "GET /robots.txt HTTP/1.1" 301 392 "-" "Mozilla/5.0 (compatible; YandexBot/3.0; +http://yandex.com/bots)"
141.8.147.12 - - [28/Dec/2013:19:21:43 +0100] "GET /robots.txt HTTP/1.1" 301 377 "-" "Mozilla/5.0 (compatible; YandexBot/3.0; +http://yandex.com/bots)"
182.118.20.179 - - [28/Dec/2013:21:10:43 +0100] "GET /robots.txt HTTP/1.1" 301 375 "http://www.sibt.de/robots.txt" "Mozilla/5.0 (Windows; U; Windows NT 5.1; zh-CN; ) Firefox/1.5.0.11; 360Spider"
182.118.20.174 - - [29/Dec/2013:01:06:38 +0100] "GET /robots.txt HTTP/1.1" 301 375 "http://www.sibt.de/robots.txt" "Mozilla/5.0 (Windows; U; Windows NT 5.1; zh-CN; ) Firefox/1.5.0.11; 360Spider"
162.243.109.44 - - [29/Dec/2013:01:39:40 +0100] "GET /robots.txt HTTP/1.1" 301 386 "-" "Mozilla/5.0 (compatible; spbot/4.0.4; +http://www.seoprofiler.com/bot )"
162.243.109.44 - - [29/Dec/2013:01:39:46 +0100] "GET / HTTP/1.1" 301 376 "-" "Mozilla/5.0 (compatible; spbot/4.0.4; +http://www.seoprofiler.com/bot )"
145.129.82.43 - - [29/Dec/2013:02:56:58 +0100] "GET / HTTP/1.1" 301 376 "-" "Java/1.6.0_20"
145.129.82.43 - - [29/Dec/2013:02:57:00 +0100] "GET /home.aspx?ismobile=true HTTP/1.1" 301 399 "-" "Java/1.6.0_20"
145.129.82.43 - - [29/Dec/2013:02:57:00 +0100] "GET /_layouts/blank.js?rev=QGOYAJlouiWgFRlhHVlMKA%3D%3D HTTP/1.1" 301 426 "-" "Java/1.6.0_20"
145.129.82.43 - - [29/Dec/2013:02:57:01 +0100] "GET /buildingtechnologies/de HTTP/1.1" 301 399 "-" "Java/1.6.0_20"
145.129.82.43 - - [29/Dec/2013:02:57:01 +0100] "GET //w3.siemens.com/ote/ote_config.js HTTP/1.1" 301 408 "-" "Java/1.6.0_20"
145.129.82.43 - - [29/Dec/2013:02:57:01 +0100] "GET /BUILDINGTECHNOLOGIES/DE/DE/Pages/home.aspx HTTP/1.1" 301 418 "-" "Java/1.6.0_20"
145.129.82.43 - - [29/Dec/2013:02:57:01 +0100] "GET /_layouts/Querplex/Siemens/WCMS3/scripts/social-media-accordion.js?rev=52461635230301259344130 HTTP/1.1" 301 469 "-" "Java/1.6.0_20"
145.129.82.43 - - [29/Dec/2013:02:57:01 +0100] "GET /buildingtechnologies/de/de/brandschutz/Seiten/brandschutz.aspx HTTP/1.1" 301 438 "-" "Java/1.6.0_20"
145.129.82.43 - - [29/Dec/2013:02:57:02 +0100] "GET /buildingtechnologies/de/de/energieeffizienz/Seiten/energieeffizienz.aspx HTTP/1.1" 301 448 "-" "Java/1.6.0_20"
145.129.82.43 - - [29/Dec/2013:02:57:02 +0100] "GET /buildingtechnologies/de/de/extranet/Seiten/extranet.aspx HTTP/1.1" 301 432 "-" "Java/1.6.0_20"
145.129.82.43 - - [29/Dec/2013:02:57:02 +0100] "GET /buildingtechnologies/de/de/gebaeudeautomation-hlk/Seiten/gebaeudeautomation.aspx HTTP/1.1" 301 456 "-" "Java/1.6.0_20"
145.129.82.43 - - [29/Dec/2013:02:57:02 +0100] "GET /buildingtechnologies/de/de/kundenzeitschriften/Pages/kundenzeitschriften.aspx HTTP/1.1" 301 453 "-" "Java/1.6.0_20"
145.129.82.43 - - [29/Dec/2013:02:57:02 +0100] "GET /buildingtechnologies/de/de/marktspezifische-loesungen/Seiten/marktspezifische-loesungen.aspx HTTP/1.1" 301 468 "-" "Java/1.6.0_20"
145.129.82.43 - - [29/Dec/2013:02:57:03 +0100] "GET /buildingtechnologies/de/de/messen-events/Seiten/messen-events.aspx HTTP/1.1" 301 442 "-" "Java/1.6.0_20"
145.129.82.43 - - [29/Dec/2013:02:57:03 +0100] "GET /buildingtechnologies/de/de/news/Seiten/news.aspx HTTP/1.1" 301 424 "-" "Java/1.6.0_20"
145.129.82.43 - - [29/Dec/2013:02:57:03 +0100] "GET /buildingtechnologies/de/de/partners/Seiten/partners.aspx HTTP/1.1" 301 432 "-" "Java/1.6.0_20"
145.129.82.43 - - [29/Dec/2013:02:57:03 +0100] "GET /buildingtechnologies/de/de/presse/Seiten/presse.aspx HTTP/1.1" 301 428 "-" "Java/1.6.0_20"
145.129.82.43 - - [29/Dec/2013:02:57:04 +0100] "GET /buildingtechnologies/de/de/referenzen/Seiten/referenzen.aspx HTTP/1.1" 301 436 "-" "Java/1.6.0_20"
145.129.82.43 - - [29/Dec/2013:02:57:04 +0100] "GET /buildingtechnologies/de/de/sicherheit/Seiten/sicherheitstechnik.aspx HTTP/1.1" 301 444 "-" "Java/1.6.0_20"
145.129.82.43 - - [29/Dec/2013:02:57:04 +0100] "GET /buildingtechnologies/de/de/support/Seiten/kostenlose-apps.aspx HTTP/1.1" 301 438 "-" "Java/1.6.0_20"
145.129.82.43 - - [29/Dec/2013:02:57:04 +0100] "GET /buildingtechnologies/de/de/support/Seiten/support.aspx HTTP/1.1" 301 430 "-" "Java/1.6.0_20"
145.129.82.43 - - [29/Dec/2013:02:57:04 +0100] "GET /buildingtechnologies/de/de/total-building-solutions/Seiten/total-building-solutions.aspx HTTP/1.1" 301 464 "-" "Java/1.6.0_20"
145.129.82.43 - - [29/Dec/2013:02:57:04 +0100] "GET /buildingtechnologies/de/de/ueber-uns/Seiten/ueber-uns.aspx HTTP/1.1" 301 434 "-" "Java/1.6.0_20"
145.129.82.43 - - [29/Dec/2013:02:57:05 +0100] "GET /wcms3/custom/OSSPAD3/ote/regions/ote.js HTTP/1.1" 301 415 "-" "Java/1.6.0_20"
145.129.82.43 - - [29/Dec/2013:02:57:05 +0100] "GET /_layouts/Querplex/Siemens/WCMS3/images/mobile/apple-touch-icon-114x114-Default.png HTTP/1.1" 301 458 "-" "Java/1.6.0_20"
145.129.82.43 - - [29/Dec/2013:02:57:05 +0100] "GET /_layouts/Querplex/Siemens/WCMS3/images/mobile/apple-touch-icon-57x57-Default.png HTTP/1.1" 301 456 "-" "Java/1.6.0_20"
145.129.82.43 - - [29/Dec/2013:02:57:05 +0100] "GET /_layouts/Querplex/Siemens/WCMS3/images/mobile/apple-touch-icon-72x72-Default.png HTTP/1.1" 301 456 "-" "Java/1.6.0_20"
145.129.82.43 - - [29/Dec/2013:02:57:05 +0100] "GET /_layouts/Querplex/Siemens/WCMS3/scripts/libs/jquery-1.4.4.min.js HTTP/1.1" 301 440 "-" "Java/1.6.0_20"
145.129.82.43 - - [29/Dec/2013:02:57:06 +0100] "GET /_layouts/Querplex/Siemens/WCMS3/scripts/libs/jquery-ui-1.8.13.custom.min.js HTTP/1.1" 301 451 "-" "Java/1.6.0_20"
145.129.82.43 - - [29/Dec/2013:02:57:06 +0100] "GET /_layouts/Querplex/Siemens/WCMS3/scripts/libs/lazyload-2.0.1.min.js HTTP/1.1" 301 442 "-" "Java/1.6.0_20"
208.115.111.73 - - [29/Dec/2013:06:35:02 +0100] "GET /robots.txt HTTP/1.1" 301 375 "-" "Mozilla/5.0 (compatible; Ezooms/1.0; help@moz.com)"
141.8.147.12 - - [29/Dec/2013:06:57:12 +0100] "GET /robots.txt HTTP/1.1" 301 377 "-" "Mozilla/5.0 (compatible; YandexBot/3.0; +http://yandex.com/bots)"
208.115.111.73 - - [29/Dec/2013:07:08:48 +0100] "GET / HTTP/1.1" 301 365 "-" "Mozilla/5.0 (compatible; Ezooms/1.0; help@moz.com)"
46.165.197.142 - - [29/Dec/2013:07:26:47 +0100] "GET /robots.txt HTTP/1.0" 301 386 "-" "Mozilla/5.0 (compatible; MJ12bot/v1.4.4; http://www.majestic12.co.uk/bot.php?+)"
46.165.197.142 - - [29/Dec/2013:07:26:49 +0100] "GET / HTTP/1.0" 301 376 "-" "Mozilla/5.0 (compatible; MJ12bot/v1.4.4; http://www.majestic12.co.uk/bot.php?+)"
157.55.33.78 - - [29/Dec/2013:09:06:28 +0100] "GET /robots.txt HTTP/1.1" 301 375 "-" "Mozilla/5.0 (compatible; bingbot/2.0; +http://www.bing.com/bingbot.htm)"
157.55.33.78 - - [29/Dec/2013:09:17:47 +0100] "GET / HTTP/1.1" 301 365 "-" "Mozilla/5.0 (compatible; bingbot/2.0; +http://www.bing.com/bingbot.htm)"
141.8.147.12 - - [29/Dec/2013:11:41:09 +0100] "GET / HTTP/1.1" 301 367 "-" "Mozilla/5.0 (compatible; YandexBot/3.0; +http://yandex.com/bots)"
178.255.215.78 - - [29/Dec/2013:13:58:18 +0100] "GET /robots.txt HTTP/1.1" 301 375 "-" "Mozilla/5.0 (compatible; Exabot/3.0; +http://www.exabot.com/go/robot)"
178.255.215.78 - - [29/Dec/2013:13:58:18 +0100] "GET / HTTP/1.1" 301 365 "-" "Mozilla/5.0 (compatible; Exabot/3.0; +http://www.exabot.com/go/robot)"
182.118.20.233 - - [29/Dec/2013:19:58:25 +0100] "GET /robots.txt HTTP/1.1" 301 375 "http://www.sibt.de/robots.txt" "Mozilla/5.0 (Windows; U; Windows NT 5.1; zh-CN; ) Firefox/1.5.0.11; 360Spider"
81.169.211.231 - - [29/Dec/2013:21:04:32 +0100] "GET / HTTP/1.1" 301 376 "-" "Opera/9.80 (Macintosh; Intel Mac OS X 10.6.8; U; de) Presto/2.9.168 Version/11.52"
80.171.145.4 - - [29/Dec/2013:21:29:22 +0100] "GET / HTTP/1.1" 301 365 "-" "Mozilla/5.0 (iPad; CPU OS 7_0_4 like Mac OS X) AppleWebKit/537.51.1 (KHTML, like Gecko) Version/7.0 Mobile/11B554a Safari/9537.53"
141.8.147.12 - - [29/Dec/2013:22:22:23 +0100] "GET /robots.txt HTTP/1.1" 301 386 "-" "Mozilla/5.0 (compatible; YandexBot/3.0; +http://yandex.com/bots)"
66.249.78.240 - - [29/Dec/2013:23:50:36 +0100] "GET /robots.txt HTTP/1.1" 301 377 "-" "Mozilla/5.0 (compatible; Googlebot/2.1; +http://www.google.com/bot.html)"
66.249.78.240 - - [29/Dec/2013:23:50:36 +0100] "GET / HTTP/1.1" 301 367 "-" "SAMSUNG-SGH-E250/1.0 Profile/MIDP-2.0 Configuration/CLDC-1.1 UP.Browser/6.2.3.3.c.1.101 (GUI) MMP/2.0 (compatible; Googlebot-Mobile/2.1; +http://www.google.com/bot.html)"
141.8.147.12 - - [30/Dec/2013:00:36:19 +0100] "GET /robots.txt HTTP/1.1" 301 394 "-" "Mozilla/5.0 (compatible; YandexBot/3.0; +http://yandex.com/bots)"
141.8.147.12 - - [30/Dec/2013:00:36:23 +0100] "GET / HTTP/1.1" 301 384 "-" "Mozilla/5.0 (compatible; YandexBot/3.0; +http://yandex.com/bots)"
66.249.78.81 - - [30/Dec/2013:01:48:05 +0100] "GET /robots.txt HTTP/1.1" 301 386 "-" "Mozilla/5.0 (compatible; Googlebot/2.1; +http://www.google.com/bot.html)"
66.249.78.81 - - [30/Dec/2013:01:48:05 +0100] "GET / HTTP/1.1" 301 376 "-" "SAMSUNG-SGH-E250/1.0 Profile/MIDP-2.0 Configuration/CLDC-1.1 UP.Browser/6.2.3.3.c.1.101 (GUI) MMP/2.0 (compatible; Googlebot-Mobile/2.1; +http://www.google.com/bot.html)"
66.249.78.65 - - [30/Dec/2013:03:45:54 +0100] "GET /robots.txt HTTP/1.1" 301 375 "-" "Mozilla/5.0 (compatible; Googlebot/2.1; +http://www.google.com/bot.html)"
66.249.78.65 - - [30/Dec/2013:03:45:54 +0100] "GET / HTTP/1.1" 301 365 "-" "SAMSUNG-SGH-E250/1.0 Profile/MIDP-2.0 Configuration/CLDC-1.1 UP.Browser/6.2.3.3.c.1.101 (GUI) MMP/2.0 (compatible; Googlebot-Mobile/2.1; +http://www.google.com/bot.html)"
141.8.147.12 - - [30/Dec/2013:04:41:17 +0100] "GET / HTTP/1.1" 301 376 "-" "Mozilla/5.0 (compatible; YandexBot/3.0; +http://yandex.com/bots)"
66.249.78.88 - - [30/Dec/2013:04:56:37 +0100] "GET /robots.txt HTTP/1.1" 301 394 "-" "Mozilla/5.0 (compatible; Googlebot/2.1; +http://www.google.com/bot.html)"
66.249.78.88 - - [30/Dec/2013:04:56:37 +0100] "GET / HTTP/1.1" 301 384 "-" "Mozilla/5.0 (compatible; Googlebot/2.1; +http://www.google.com/bot.html)"
66.249.78.85 - - [30/Dec/2013:05:09:57 +0100] "GET /robots.txt HTTP/1.1" 301 392 "-" "Mozilla/5.0 (compatible; Googlebot/2.1; +http://www.google.com/bot.html)"
66.249.78.85 - - [30/Dec/2013:05:09:57 +0100] "GET / HTTP/1.1" 301 382 "-" "Mozilla/5.0 (compatible; Googlebot/2.1; +http://www.google.com/bot.html)"
66.249.78.81 - - [30/Dec/2013:05:23:17 +0100] "GET / HTTP/1.1" 301 376 "-" "Mozilla/5.0 (compatible; Googlebot/2.1; +http://www.google.com/bot.html)"
199.58.86.211 - - [30/Dec/2013:05:25:07 +0100] "GET /robots.txt HTTP/1.0" 301 386 "-" "Mozilla/5.0 (compatible; MJ12bot/v1.4.4; http://www.majestic12.co.uk/bot.php?+)"
199.58.86.211 - - [30/Dec/2013:05:25:09 +0100] "GET / HTTP/1.0" 301 376 "-" "Mozilla/5.0 (compatible; MJ12bot/v1.4.4; http://www.majestic12.co.uk/bot.php?+)"
66.249.78.45 - - [30/Dec/2013:05:49:58 +0100] "GET /robots.txt HTTP/1.1" 301 389 "-" "Mozilla/5.0 (compatible; Googlebot/2.1; +http://www.google.com/bot.html)"
66.249.78.45 - - [30/Dec/2013:05:49:58 +0100] "GET / HTTP/1.1" 301 379 "-" "Mozilla/5.0 (compatible; Googlebot/2.1; +http://www.google.com/bot.html)"
66.249.78.65 - - [30/Dec/2013:06:29:58 +0100] "GET / HTTP/1.1" 301 365 "-" "Mozilla/5.0 (compatible; Googlebot/2.1; +http://www.google.com/bot.html)"
66.249.78.240 - - [30/Dec/2013:06:43:18 +0100] "GET / HTTP/1.1" 301 367 "-" "Mozilla/5.0 (compatible; Googlebot/2.1; +http://www.google.com/bot.html)"
208.115.113.89 - - [30/Dec/2013:08:44:40 +0100] "GET /robots.txt HTTP/1.1" 301 375 "-" "Mozilla/5.0 (compatible; Ezooms/1.0; help@moz.com)"
141.8.147.12 - - [30/Dec/2013:09:34:01 +0100] "GET /robots.txt HTTP/1.1" 301 392 "-" "Mozilla/5.0 (compatible; YandexBot/3.0; +http://yandex.com/bots)"
208.115.113.89 - - [30/Dec/2013:11:01:19 +0100] "GET /fire/forw_sibt_fire/index.html HTTP/1.1" 301 395 "-" "Mozilla/5.0 (compatible; Ezooms/1.0; help@moz.com)"
192.99.9.164 - - [30/Dec/2013:11:13:07 +0100] "GET / HTTP/1.1" 301 367 "-" "Mozilla/5.0 (Macintosh; Intel Mac OS X 10_8_4) AppleWebKit/537.36 (KHTML, like Gecko) Chrome/27.0.1453.110 Safari/537.36"
65.55.52.118 - - [30/Dec/2013:13:04:01 +0100] "GET /robots.txt HTTP/1.1" 301 392 "-" "Mozilla/5.0 (compatible; bingbot/2.0; +http://www.bing.com/bingbot.htm)"
65.55.52.118 - - [30/Dec/2013:13:56:26 +0100] "GET /news/article/1011778061.php HTTP/1.1" 301 409 "-" "Mozilla/5.0 (compatible; bingbot/2.0; +http://www.bing.com/bingbot.htm)"
66.249.78.240 - - [30/Dec/2013:14:23:20 +0100] "GET /robots.txt HTTP/1.1" 301 377 "-" "Mozilla/5.0 (compatible; Googlebot/2.1; +http://www.google.com/bot.html)"
141.8.147.12 - - [30/Dec/2013:14:39:39 +0100] "GET / HTTP/1.1" 301 382 "-" "Mozilla/5.0 (compatible; YandexBot/3.0; +http://yandex.com/bots)"
46.4.53.21 - - [30/Dec/2013:17:12:58 +0100] "GET / HTTP/1.1" 301 367 "-" "Mozilla/5.0 (compatible; SearchmetricsBot; http://www.searchmetrics.com/en/searchmetrics-bot/)"
141.8.147.12 - - [30/Dec/2013:19:18:24 +0100] "GET /robots.txt HTTP/1.1" 301 377 "-" "Mozilla/5.0 (compatible; YandexBot/3.0; +http://yandex.com/bots)"
141.8.147.12 - - [30/Dec/2013:20:08:18 +0100] "GET /robots.txt HTTP/1.1" 301 375 "-" "Mozilla/5.0 (compatible; YandexBot/3.0; +http://yandex.com/bots)"
176.57.142.28 - - [30/Dec/2013:20:50:31 +0100] "GET /news/article/995445192.php HTTP/1.1" 301 408 "-" "Mozilla/5.0 (X11; Linux i686; rv:6.0) Gecko/20100101 Firefox/6.0"
46.37.84.148 - - [30/Dec/2013:21:21:47 +0100] "GET / HTTP/1.1" 301 376 "-" "Java/1.4.1_04"
141.8.147.12 - - [30/Dec/2013:21:33:45 +0100] "GET / HTTP/1.1" 301 365 "-" "Mozilla/5.0 (compatible; YandexBot/3.0; +http://yandex.com/bots)"
5.10.83.49 - - [30/Dec/2013:21:40:24 +0100] "GET / HTTP/1.1" 301 384 "-" "Mozilla/5.0 (compatible; AhrefsBot/5.0; +http://ahrefs.com/robot/)"
157.55.34.176 - - [30/Dec/2013:21:43:47 +0100] "GET /robots.txt HTTP/1.1" 301 375 "-" "Mozilla/5.0 (compatible; bingbot/2.0; +http://www.bing.com/bingbot.htm)"
157.55.34.176 - - [30/Dec/2013:22:41:31 +0100] "GET /security/forw_sibt_security/index.html HTTP/1.1" 301 403 "-" "Mozilla/5.0 (compatible; bingbot/2.0; +http://www.bing.com/bingbot.htm)"
24.132.86.156 - - [31/Dec/2013:00:33:15 +0100] "GET / HTTP/1.1" 301 376 "-" "Java/1.7.0_21"
24.132.86.156 - - [31/Dec/2013:00:33:32 +0100] "GET /WebResource.axd?d=Bv1-mjeyja02JJ6n2wFQ43vgZO8UaX85QiobgQo7CCZG-fnqlRFt6lLkR6htUda4792Vc2iS18Exe7hUAGV65k4aHrI1&t=635022714918232500 HTTP/1.1" 301 515 "-" "Java/1.7.0_21"
24.132.86.156 - - [31/Dec/2013:00:33:33 +0100] "GET /home.aspx?ismobile=true HTTP/1.1" 301 399 "-" "Java/1.7.0_21"
24.132.86.156 - - [31/Dec/2013:00:33:35 +0100] "GET /_layouts/blank.js?rev=QGOYAJlouiWgFRlhHVlMKA%3D%3D HTTP/1.1" 301 426 "-" "Java/1.7.0_21"
24.132.86.156 - - [31/Dec/2013:00:33:36 +0100] "GET /buildingtechnologies/de HTTP/1.1" 301 399 "-" "Java/1.7.0_21"
141.8.147.12 - - [31/Dec/2013:01:01:53 +0100] "GET /robots.txt HTTP/1.1" 301 384 "-" "Mozilla/5.0 (compatible; YandexBot/3.0; +http://yandex.com/bots)"
144.76.183.41 - - [31/Dec/2013:01:23:47 +0100] "GET /robots.txt HTTP/1.1" 301 377 "-" "Mozilla/5.0 (compatible; SISTRIX Crawler; http://crawler.sistrix.net/)"
144.76.183.41 - - [31/Dec/2013:01:23:47 +0100] "GET / HTTP/1.1" 301 367 "-" "Mozilla/5.0 (compatible; SISTRIX Crawler; http://crawler.sistrix.net/)"
141.8.147.12 - - [31/Dec/2013:01:36:43 +0100] "GET / HTTP/1.1" 301 374 "-" "Mozilla/5.0 (compatible; YandexBot/3.0; +http://yandex.com/bots)"
77.172.234.83 - - [31/Dec/2013:03:00:28 +0100] "GET / HTTP/1.1" 301 365 "-" "Java/1.6.0_04"
77.172.234.83 - - [31/Dec/2013:03:00:37 +0100] "GET /WebResource.axd?d=Bv1-mjeyja02JJ6n2wFQ43vgZO8UaX85QiobgQo7CCZG-fnqlRFt6lLkR6htUda4792Vc2iS18Exe7hUAGV65k4aHrI1&t=635022714918232500 HTTP/1.1" 301 504 "-" "Java/1.6.0_04"
77.172.234.83 - - [31/Dec/2013:03:00:37 +0100] "GET /home.aspx?ismobile=true HTTP/1.1" 301 388 "-" "Java/1.6.0_04"
77.172.234.83 - - [31/Dec/2013:03:00:37 +0100] "GET /_layouts/blank.js?rev=QGOYAJlouiWgFRlhHVlMKA%3D%3D HTTP/1.1" 301 415 "-" "Java/1.6.0_04"
77.172.234.83 - - [31/Dec/2013:03:00:37 +0100] "GET /buildingtechnologies/de HTTP/1.1" 301 388 "-" "Java/1.6.0_04"
77.172.234.83 - - [31/Dec/2013:03:00:37 +0100] "GET //w3.siemens.com/ote/ote_config.js HTTP/1.1" 301 397 "-" "Java/1.6.0_04"
77.172.234.83 - - [31/Dec/2013:03:00:47 +0100] "GET /buildingtechnologies/de/de/Pages/home.aspx HTTP/1.1" 301 407 "-" "Java/1.6.0_04"
77.172.234.83 - - [31/Dec/2013:03:00:47 +0100] "GET /_layouts/Querplex/Siemens/WCMS3/scripts/social-media-accordion.js?rev=52461635230301259344130 HTTP/1.1" 301 458 "-" "Java/1.6.0_04"
77.172.234.83 - - [31/Dec/2013:03:00:47 +0100] "GET /buildingtechnologies/de/de/brandschutz/Seiten/brandschutz.aspx HTTP/1.1" 301 427 "-" "Java/1.6.0_04"
77.172.234.83 - - [31/Dec/2013:03:00:59 +0100] "GET /buildingtechnologies/de/de/energieeffizienz/Seiten/energieeffizienz.aspx HTTP/1.1" 301 437 "-" "Java/1.6.0_04"
77.172.234.83 - - [31/Dec/2013:03:00:59 +0100] "GET /buildingtechnologies/de/de/extranet/Seiten/extranet.aspx HTTP/1.1" 301 421 "-" "Java/1.6.0_04"
77.172.234.83 - - [31/Dec/2013:03:00:59 +0100] "GET /buildingtechnologies/de/de/gebaeudeautomation-hlk/Seiten/gebaeudeautomation.aspx HTTP/1.1" 301 445 "-" "Java/1.6.0_04"
77.172.234.83 - - [31/Dec/2013:03:00:59 +0100] "GET /buildingtechnologies/de/de/kundenzeitschriften/Pages/kundenzeitschriften.aspx HTTP/1.1" 301 442 "-" "Java/1.6.0_04"
77.172.234.83 - - [31/Dec/2013:03:00:59 +0100] "GET /buildingtechnologies/de/de/marktspezifische-loesungen/Seiten/marktspezifische-loesungen.aspx HTTP/1.1" 301 457 "-" "Java/1.6.0_04"
77.172.234.83 - - [31/Dec/2013:03:01:00 +0100] "GET /buildingtechnologies/de/de/messen-events/Seiten/messen-events.aspx HTTP/1.1" 301 431 "-" "Java/1.6.0_04"
77.172.234.83 - - [31/Dec/2013:03:01:00 +0100] "GET /buildingtechnologies/de/de/news/Seiten/news.aspx HTTP/1.1" 301 413 "-" "Java/1.6.0_04"
77.172.234.83 - - [31/Dec/2013:03:01:00 +0100] "GET /buildingtechnologies/de/de/partners/Seiten/partners.aspx HTTP/1.1" 301 421 "-" "Java/1.6.0_04"
77.172.234.83 - - [31/Dec/2013:03:01:00 +0100] "GET /buildingtechnologies/de/de/presse/Seiten/presse.aspx HTTP/1.1" 301 417 "-" "Java/1.6.0_04"
77.172.234.83 - - [31/Dec/2013:03:01:00 +0100] "GET /buildingtechnologies/de/de/referenzen/Seiten/referenzen.aspx HTTP/1.1" 301 425 "-" "Java/1.6.0_04"
77.172.234.83 - - [31/Dec/2013:03:01:00 +0100] "GET /buildingtechnologies/de/de/sicherheit/Seiten/sicherheitstechnik.aspx HTTP/1.1" 301 433 "-" "Java/1.6.0_04"
77.172.234.83 - - [31/Dec/2013:03:01:10 +0100] "GET /buildingtechnologies/de/de/support/Seiten/kostenlose-apps.aspx HTTP/1.1" 301 427 "-" "Java/1.6.0_04"
77.172.234.83 - - [31/Dec/2013:03:01:10 +0100] "GET /buildingtechnologies/de/de/support/Seiten/support.aspx HTTP/1.1" 301 419 "-" "Java/1.6.0_04"
77.172.234.83 - - [31/Dec/2013:03:01:10 +0100] "GET /buildingtechnologies/de/de/total-building-solutions/Seiten/total-building-solutions.aspx HTTP/1.1" 301 453 "-" "Java/1.6.0_04"
77.172.234.83 - - [31/Dec/2013:03:01:10 +0100] "GET /buildingtechnologies/de/de/ueber-uns/Seiten/ueber-uns.aspx HTTP/1.1" 301 423 "-" "Java/1.6.0_04"
77.172.234.83 - - [31/Dec/2013:03:01:10 +0100] "GET /wcms3/custom/OSSPAD3/ote/regions/ote.js HTTP/1.1" 301 404 "-" "Java/1.6.0_04"
77.172.234.83 - - [31/Dec/2013:03:01:10 +0100] "GET /_layouts/Querplex/Siemens/WCMS3/images/mobile/apple-touch-icon-114x114-Default.png HTTP/1.1" 301 447 "-" "Java/1.6.0_04"
77.172.234.83 - - [31/Dec/2013:03:01:10 +0100] "GET /_layouts/Querplex/Siemens/WCMS3/images/mobile/apple-touch-icon-57x57-Default.png HTTP/1.1" 301 445 "-" "Java/1.6.0_04"
77.172.234.83 - - [31/Dec/2013:03:01:14 +0100] "GET /_layouts/Querplex/Siemens/WCMS3/images/mobile/apple-touch-icon-72x72-Default.png HTTP/1.1" 301 445 "-" "Java/1.6.0_04"
77.172.234.83 - - [31/Dec/2013:03:01:14 +0100] "GET /_layouts/Querplex/Siemens/WCMS3/scripts/libs/jquery-1.4.4.min.js HTTP/1.1" 301 429 "-" "Java/1.6.0_04"
77.172.234.83 - - [31/Dec/2013:03:01:17 +0100] "GET /_layouts/Querplex/Siemens/WCMS3/scripts/libs/jquery-ui-1.8.13.custom.min.js HTTP/1.1" 301 440 "-" "Java/1.6.0_04"
141.8.147.12 - - [31/Dec/2013:03:30:02 +0100] "GET / HTTP/1.1" 301 367 "-" "Mozilla/5.0 (compatible; YandexBot/3.0; +http://yandex.com/bots)"
178.77.126.55 - - [31/Dec/2013:03:49:09 +0100] "GET /robots.txt HTTP/1.1" 301 375 "-" "Mozilla/5.0 (compatible; CareerBot/1.1; +http://www.career-x.de/bot.html)"
178.77.126.55 - - [31/Dec/2013:03:49:09 +0100] "GET / HTTP/1.1" 301 365 "-" "Mozilla/5.0 (compatible; CareerBot/1.1; +http://www.career-x.de/bot.html)"
178.77.126.55 - - [31/Dec/2013:04:40:58 +0100] "GET /robots.txt HTTP/1.1" 301 386 "-" "Mozilla/5.0 (compatible; CareerBot/1.1; +http://www.career-x.de/bot.html)"
178.77.126.55 - - [31/Dec/2013:04:40:58 +0100] "GET / HTTP/1.1" 301 376 "-" "Mozilla/5.0 (compatible; CareerBot/1.1; +http://www.career-x.de/bot.html)"
208.115.111.73 - - [31/Dec/2013:06:42:39 +0100] "GET /robots.txt HTTP/1.1" 301 375 "-" "Mozilla/5.0 (compatible; Ezooms/1.0; help@moz.com)"
208.115.111.73 - - [31/Dec/2013:08:45:33 +0100] "GET /security/ HTTP/1.1" 301 374 "-" "Mozilla/5.0 (compatible; Ezooms/1.0; help@moz.com)"
117.78.13.18 - - [31/Dec/2013:09:21:07 +0100] "GET /robots.txt HTTP/1.0" 301 375 "-" "nutch-1.4/Nutch-1.4"
117.78.13.18 - - [31/Dec/2013:09:21:16 +0100] "GET / HTTP/1.0" 301 365 "-" "nutch-1.4/Nutch-1.4"
216.145.17.190 - - [31/Dec/2013:10:48:03 +0100] "GET /robots.txt HTTP/1.0" 301 386 "-" "Mozilla/5.0 (Windows; U; Windows NT 5.1; en; rv:1.9.0.13) Gecko/2009073022 Firefox/3.5.2 (.NET CLR 3.5.30729) SurveyBot/2.3 (DomainTools)"
216.145.17.190 - - [31/Dec/2013:10:48:03 +0100] "GET / HTTP/1.1" 301 376 "http://whois.domaintools.com/algorex-partner.de" "Mozilla/5.0 (Windows; U; Windows NT 5.1; en; rv:1.9.0.13) Gecko/2009073022 Firefox/3.5.2 (.NET CLR 3.5.30729) SurveyBot/2.3 (DomainTools)"
37.24.159.49 - - [31/Dec/2013:11:00:40 +0100] "GET / HTTP/1.1" 301 365 "-" "Java/1.7.0_21"
37.24.159.49 - - [31/Dec/2013:11:00:41 +0100] "GET /WebResource.axd?d=Bv1-mjeyja02JJ6n2wFQ43vgZO8UaX85QiobgQo7CCZG-fnqlRFt6lLkR6htUda4792Vc2iS18Exe7hUAGV65k4aHrI1&t=635022714918232500 HTTP/1.1" 301 504 "-" "Java/1.7.0_21"
37.24.159.49 - - [31/Dec/2013:11:00:41 +0100] "GET /home.aspx HTTP/1.1" 301 374 "-" "Java/1.7.0_21"
37.24.159.49 - - [31/Dec/2013:11:00:41 +0100] "GET /_layouts/blank.js?rev=QGOYAJlouiWgFRlhHVlMKA%3D%3D HTTP/1.1" 301 415 "-" "Java/1.7.0_21"
37.24.159.49 - - [31/Dec/2013:11:00:42 +0100] "GET /buildingtechnologies/de HTTP/1.1" 301 388 "-" "Java/1.7.0_21"
37.24.159.49 - - [31/Dec/2013:11:00:42 +0100] "GET //w3.siemens.com/ote/ote_config.js HTTP/1.1" 301 397 "-" "Java/1.7.0_21"
37.24.159.49 - - [31/Dec/2013:11:00:42 +0100] "GET /buildingtechnologies/de/de/Pages/home.aspx HTTP/1.1" 301 407 "-" "Java/1.7.0_21"
37.24.159.49 - - [31/Dec/2013:11:00:42 +0100] "GET /_layouts/Querplex/Siemens/WCMS3/scripts/jquery.jcarousel.js?rev=29967635230301258564120 HTTP/1.1" 301 452 "-" "Java/1.7.0_21"
37.24.159.49 - - [31/Dec/2013:11:00:42 +0100] "GET /_layouts/Querplex/Siemens/WCMS3/scripts/scripts.pack.js?rev=23019635230301259032126 HTTP/1.1" 301 448 "-" "Java/1.7.0_21"
37.24.159.49 - - [31/Dec/2013:11:00:42 +0100] "GET /_layouts/Querplex/Siemens/WCMS3/scripts/social-media-accordion.js?rev=52461635230301259344130 HTTP/1.1" 301 458 "-" "Java/1.7.0_21"
37.24.159.49 - - [31/Dec/2013:11:00:43 +0100] "GET /_layouts/Querplex/Siemens/WCMS3/scripts/swfobject-2.2.js HTTP/1.1" 301 421 "-" "Java/1.7.0_21"
37.24.159.49 - - [31/Dec/2013:11:00:43 +0100] "GET /_layouts/Querplex/Siemens/WCMS3/scripts/w2glayer.pack.js?rev=58207635230301259656134 HTTP/1.1" 301 449 "-" "Java/1.7.0_21"
37.24.159.49 - - [31/Dec/2013:11:00:43 +0100] "GET /buildingtechnologies/de/de/brandschutz/Seiten/brandschutz.aspx HTTP/1.1" 301 427 "-" "Java/1.7.0_21"
37.24.159.49 - - [31/Dec/2013:11:00:44 +0100] "GET /buildingtechnologies/de/de/energieeffizienz/Seiten/energieeffizienz.aspx HTTP/1.1" 301 437 "-" "Java/1.7.0_21"
37.24.159.49 - - [31/Dec/2013:11:00:44 +0100] "GET /buildingtechnologies/de/de/extranet/Seiten/extranet.aspx HTTP/1.1" 301 421 "-" "Java/1.7.0_21"
37.24.159.49 - - [31/Dec/2013:11:00:44 +0100] "GET /buildingtechnologies/de/de/gebaeudeautomation-hlk/Seiten/gebaeudeautomation.aspx HTTP/1.1" 301 445 "-" "Java/1.7.0_21"
37.24.159.49 - - [31/Dec/2013:11:00:44 +0100] "GET /buildingtechnologies/de/de/kundenzeitschriften/Pages/kundenzeitschriften.aspx HTTP/1.1" 301 442 "-" "Java/1.7.0_21"
37.24.159.49 - - [31/Dec/2013:11:00:44 +0100] "GET /buildingtechnologies/de/de/marktspezifische-loesungen/Seiten/marktspezifische-loesungen.aspx HTTP/1.1" 301 457 "-" "Java/1.7.0_21"
37.24.159.49 - - [31/Dec/2013:11:00:45 +0100] "GET /buildingtechnologies/de/de/messen-events/Seiten/messen-events.aspx HTTP/1.1" 301 431 "-" "Java/1.7.0_21"
37.24.159.49 - - [31/Dec/2013:11:00:45 +0100] "GET /buildingtechnologies/de/de/news/Seiten/news.aspx HTTP/1.1" 301 413 "-" "Java/1.7.0_21"
37.24.159.49 - - [31/Dec/2013:11:00:45 +0100] "GET /buildingtechnologies/de/de/partners/Seiten/partners.aspx HTTP/1.1" 301 421 "-" "Java/1.7.0_21"
37.24.159.49 - - [31/Dec/2013:11:00:45 +0100] "GET /buildingtechnologies/de/de/presse/Seiten/presse.aspx HTTP/1.1" 301 417 "-" "Java/1.7.0_21"
37.24.159.49 - - [31/Dec/2013:11:00:45 +0100] "GET /buildingtechnologies/de/de/referenzen/Seiten/referenzen.aspx HTTP/1.1" 301 425 "-" "Java/1.7.0_21"
37.24.159.49 - - [31/Dec/2013:11:00:45 +0100] "GET /buildingtechnologies/de/de/sicherheit/Seiten/sicherheitstechnik.aspx HTTP/1.1" 301 433 "-" "Java/1.7.0_21"
37.24.159.49 - - [31/Dec/2013:11:00:46 +0100] "GET /buildingtechnologies/de/de/support/Seiten/kostenlose-apps.aspx HTTP/1.1" 301 427 "-" "Java/1.7.0_21"
37.24.159.49 - - [31/Dec/2013:11:00:46 +0100] "GET /buildingtechnologies/de/de/support/Seiten/support.aspx HTTP/1.1" 301 419 "-" "Java/1.7.0_21"
37.24.159.49 - - [31/Dec/2013:11:00:46 +0100] "GET /buildingtechnologies/de/de/total-building-solutions/Seiten/total-building-solutions.aspx HTTP/1.1" 301 453 "-" "Java/1.7.0_21"
37.24.159.49 - - [31/Dec/2013:11:00:46 +0100] "GET /buildingtechnologies/de/de/ueber-uns/Seiten/ueber-uns.aspx HTTP/1.1" 301 423 "-" "Java/1.7.0_21"
37.24.159.49 - - [31/Dec/2013:11:00:47 +0100] "GET /wcms3/custom/OSSPAD3/ote/regions/ote.js HTTP/1.1" 301 404 "-" "Java/1.7.0_21"
37.24.159.49 - - [31/Dec/2013:11:00:47 +0100] "GET /_layouts/Querplex/Siemens/WCMS3/scripts/libs/jquery-1.4.4.min.js HTTP/1.1" 301 429 "-" "Java/1.7.0_21"
188.165.195.156 - - [31/Dec/2013:11:46:36 +0100] "HEAD / HTTP/1.1" 301 - "-" "Mozilla/4.0 (compatible; MSIE 5.01; Windows NT 5.0)"
81.169.142.142 - - [31/Dec/2013:12:04:58 +0100] "GET / HTTP/1.1" 301 367 "-" "Opera/9.80 (Macintosh; Intel Mac OS X 10.6.8; U; de) Presto/2.9.168 Version/11.52"
81.169.142.142 - - [31/Dec/2013:12:07:21 +0100] "GET / HTTP/1.1" 301 374 "-" "Opera/9.80 (Macintosh; Intel Mac OS X 10.6.8; U; de) Presto/2.9.168 Version/11.52"
216.107.155.114 - - [31/Dec/2013:12:14:10 +0100] "GET /robots.txt HTTP/1.0" 301 386 "-" "Mozilla/5.0 (compatible; MJ12bot/v1.4.4; http://www.majestic12.co.uk/bot.php?+)"
216.107.155.114 - - [31/Dec/2013:12:14:12 +0100] "GET / HTTP/1.0" 301 376 "-" "Mozilla/5.0 (compatible; MJ12bot/v1.4.4; http://www.majestic12.co.uk/bot.php?+)"
81.169.142.142 - - [31/Dec/2013:12:14:12 +0100] "GET / HTTP/1.1" 301 384 "-" "Opera/9.80 (Macintosh; Intel Mac OS X 10.6.8; U; de) Presto/2.9.168 Version/11.52"
81.169.142.142 - - [31/Dec/2013:12:14:46 +0100] "GET / HTTP/1.1" 301 379 "-" "Opera/9.80 (Macintosh; Intel Mac OS X 10.6.8; U; de) Presto/2.9.168 Version/11.52"
81.169.142.142 - - [31/Dec/2013:12:14:52 +0100] "GET / HTTP/1.1" 301 382 "-" "Opera/9.80 (Macintosh; Intel Mac OS X 10.6.8; U; de) Presto/2.9.168 Version/11.52"
81.169.142.142 - - [31/Dec/2013:12:19:46 +0100] "GET / HTTP/1.1" 301 365 "-" "Opera/9.80 (Macintosh; Intel Mac OS X 10.6.8; U; de) Presto/2.9.168 Version/11.52"
217.69.133.220 - - [31/Dec/2013:17:12:34 +0100] "GET /robots.txt HTTP/1.1" 301 386 "-" "Mozilla/5.0 (compatible; Linux x86_64; Mail.RU_Bot/2.0; +http://go.mail.ru/help/robots)"
217.69.133.220 - - [31/Dec/2013:17:12:35 +0100] "GET / HTTP/1.1" 301 376 "-" "Mozilla/5.0 (compatible; Linux x86_64; Mail.RU_Bot/2.0; +http://go.mail.ru/help/robots)"
208.115.111.73 - - [31/Dec/2013:22:38:29 +0100] "GET /robots.txt HTTP/1.1" 301 375 "-" "Mozilla/5.0 (compatible; Ezooms/1.0; help@moz.com)"
141.8.147.12 - - [31/Dec/2013:23:06:33 +0100] "GET /robots.txt HTTP/1.1" 301 386 "-" "Mozilla/5.0 (compatible; YandexBot/3.0; +http://yandex.com/bots)"
208.115.111.73 - - [31/Dec/2013:23:11:09 +0100] "GET /fire HTTP/1.1" 301 369 "-" "Mozilla/5.0 (compatible; Ezooms/1.0; help@moz.com)"