123.125.71.32 - - [01/May/2011:03:25:49 +0200] "GET / HTTP/1.1" 200 326 "-" "Baiduspider+(+http://www.baidu.com/search/spider.htm)"
220.181.108.97 - - [01/May/2011:03:26:05 +0200] "GET / HTTP/1.1" 200 326 "-" "Baiduspider+(+http://www.baidu.com/search/spider.htm)"
220.181.108.81 - - [01/May/2011:04:28:31 +0200] "GET / HTTP/1.1" 200 326 "-" "Baiduspider+(+http://www.baidu.com/search/spider.htm)"
123.125.71.26 - - [01/May/2011:04:28:38 +0200] "GET / HTTP/1.1" 200 326 "-" "Baiduspider+(+http://www.baidu.com/search/spider.htm)"
69.28.58.9 - - [01/May/2011:04:28:50 +0200] "GET / HTTP/1.1" 200 326 "-" "Wget/1.9+cvs-stable (Red Hat modified)"
123.125.71.23 - - [01/May/2011:08:33:02 +0200] "GET / HTTP/1.1" 200 326 "-" "Baiduspider+(+http://www.baidu.com/search/spider.htm)"
220.181.108.80 - - [01/May/2011:08:33:29 +0200] "GET / HTTP/1.1" 200 326 "-" "Baiduspider+(+http://www.baidu.com/search/spider.htm)"
123.125.71.23 - - [01/May/2011:12:29:54 +0200] "GET / HTTP/1.1" 200 326 "-" "Baiduspider+(+http://www.baidu.com/search/spider.htm)"
220.181.108.86 - - [01/May/2011:12:30:13 +0200] "GET / HTTP/1.1" 200 326 "-" "Baiduspider+(+http://www.baidu.com/search/spider.htm)"
123.125.71.110 - - [01/May/2011:12:39:45 +0200] "GET / HTTP/1.1" 200 326 "-" "Baiduspider+(+http://www.baidu.com/search/spider.htm)"
123.125.71.27 - - [01/May/2011:21:33:07 +0200] "GET / HTTP/1.1" 200 326 "-" "Baiduspider+(+http://www.baidu.com/search/spider.htm)"
220.181.108.95 - - [01/May/2011:21:33:33 +0200] "GET / HTTP/1.1" 200 326 "-" "Baiduspider+(+http://www.baidu.com/search/spider.htm)"
220.181.108.78 - - [02/May/2011:02:26:11 +0200] "GET / HTTP/1.1" 200 326 "-" "Baiduspider+(+http://www.baidu.com/search/spider.htm)"
123.125.71.34 - - [02/May/2011:02:31:44 +0200] "GET / HTTP/1.1" 200 326 "-" "Baiduspider+(+http://www.baidu.com/search/spider.htm)"
123.125.71.17 - - [02/May/2011:04:28:14 +0200] "GET / HTTP/1.1" 200 326 "-" "Baiduspider+(+http://www.baidu.com/search/spider.htm)"
220.181.108.91 - - [02/May/2011:04:28:29 +0200] "GET / HTTP/1.1" 200 326 "-" "Baiduspider+(+http://www.baidu.com/search/spider.htm)"
220.181.108.78 - - [02/May/2011:13:27:50 +0200] "GET / HTTP/1.1" 200 326 "-" "Baiduspider+(+http://www.baidu.com/search/spider.htm)"
123.125.71.20 - - [02/May/2011:13:34:27 +0200] "GET / HTTP/1.1" 200 326 "-" "Baiduspider+(+http://www.baidu.com/search/spider.htm)"
123.125.71.113 - - [02/May/2011:14:05:07 +0200] "GET / HTTP/1.1" 200 326 "-" "Baiduspider+(+http://www.baidu.com/search/spider.htm)"
123.125.71.12 - - [02/May/2011:23:31:36 +0200] "GET / HTTP/1.1" 200 326 "-" "Baiduspider+(+http://www.baidu.com/search/spider.htm)"
220.181.108.90 - - [02/May/2011:23:32:02 +0200] "GET / HTTP/1.1" 200 326 "-" "Baiduspider+(+http://www.baidu.com/search/spider.htm)"
123.125.71.30 - - [03/May/2011:08:33:22 +0200] "GET / HTTP/1.1" 200 326 "-" "Baiduspider+(+http://www.baidu.com/search/spider.htm)"
220.181.108.86 - - [03/May/2011:08:33:50 +0200] "GET / HTTP/1.1" 200 326 "-" "Baiduspider+(+http://www.baidu.com/search/spider.htm)"
123.125.71.24 - - [03/May/2011:09:32:12 +0200] "GET / HTTP/1.1" 200 326 "-" "Baiduspider+(+http://www.baidu.com/search/spider.htm)"
220.181.108.81 - - [03/May/2011:09:32:40 +0200] "GET / HTTP/1.1" 200 326 "-" "Baiduspider+(+http://www.baidu.com/search/spider.htm)"
123.125.71.33 - - [03/May/2011:14:28:18 +0200] "GET / HTTP/1.1" 200 326 "-" "Baiduspider+(+http://www.baidu.com/search/spider.htm)"
220.181.108.90 - - [03/May/2011:14:28:38 +0200] "GET / HTTP/1.1" 200 326 "-" "Baiduspider+(+http://www.baidu.com/search/spider.htm)"
123.125.71.23 - - [03/May/2011:23:31:55 +0200] "GET / HTTP/1.1" 200 326 "-" "Baiduspider+(+http://www.baidu.com/search/spider.htm)"
220.181.108.83 - - [03/May/2011:23:32:20 +0200] "GET / HTTP/1.1" 200 326 "-" "Baiduspider+(+http://www.baidu.com/search/spider.htm)"
123.125.71.14 - - [04/May/2011:04:27:05 +0200] "GET / HTTP/1.1" 200 326 "-" "Baiduspider+(+http://www.baidu.com/search/spider.htm)"
69.28.58.9 - - [04/May/2011:04:27:17 +0200] "GET / HTTP/1.1" 200 326 "-" "Wget/1.9+cvs-stable (Red Hat modified)"
220.181.108.95 - - [04/May/2011:04:27:19 +0200] "GET / HTTP/1.1" 200 326 "-" "Baiduspider+(+http://www.baidu.com/search/spider.htm)"
123.125.71.98 - - [04/May/2011:08:04:30 +0200] "GET / HTTP/1.1" 200 326 "-" "Baiduspider+(+http://www.baidu.com/search/spider.htm)"
123.125.71.30 - - [04/May/2011:13:27:33 +0200] "GET / HTTP/1.1" 200 326 "-" "Baiduspider+(+http://www.baidu.com/search/spider.htm)"
220.181.108.81 - - [04/May/2011:13:27:51 +0200] "GET / HTTP/1.1" 200 326 "-" "Baiduspider+(+http://www.baidu.com/search/spider.htm)"
123.125.71.13 - - [04/May/2011:14:28:14 +0200] "GET / HTTP/1.1" 200 326 "-" "Baiduspider+(+http://www.baidu.com/search/spider.htm)"
220.181.108.83 - - [04/May/2011:14:28:32 +0200] "GET / HTTP/1.1" 200 326 "-" "Baiduspider+(+http://www.baidu.com/search/spider.htm)"
123.125.71.31 - - [04/May/2011:16:30:14 +0200] "GET / HTTP/1.1" 200 326 "-" "Baiduspider+(+http://www.baidu.com/search/spider.htm)"
220.181.108.87 - - [04/May/2011:16:30:38 +0200] "GET / HTTP/1.1" 200 326 "-" "Baiduspider+(+http://www.baidu.com/search/spider.htm)"
123.125.71.13 - - [04/May/2011:18:41:27 +0200] "GET / HTTP/1.1" 200 326 "-" "Baiduspider+(+http://www.baidu.com/search/spider.htm)"
220.181.108.91 - - [04/May/2011:18:41:56 +0200] "GET / HTTP/1.1" 200 326 "-" "Baiduspider+(+http://www.baidu.com/search/spider.htm)"
123.125.71.29 - - [05/May/2011:03:25:42 +0200] "GET / HTTP/1.1" 200 326 "-" "Baiduspider+(+http://www.baidu.com/search/spider.htm)"
69.28.58.3 - - [05/May/2011:03:25:43 +0200] "GET /robots.txt HTTP/1.0" 404 1256 "http://www.ruehling.com/robots.txt" "HuaweiSymantecSpider/1.0+DSE-support@huaweisymantec.com+(compatible; MSIE 7.0; Windows NT 5.1; Trident/4.0; .NET CLR 2.0.50727; .NET CLR 3.0.4506.2152; .NET CLR ; http://www.huaweisymantec.com/en/IRL/spider)"
69.28.58.3 - - [05/May/2011:03:25:43 +0200] "GET / HTTP/1.0" 200 326 "http://www.ruehling.com/" "HuaweiSymantecSpider/1.0+DSE-support@huaweisymantec.com+(compatible; MSIE 7.0; Windows NT 5.1; Trident/4.0; .NET CLR 2.0.50727; .NET CLR 3.0.4506.2152; .NET CLR ; http://www.huaweisymantec.com/en/IRL/spider)"
220.181.108.77 - - [05/May/2011:03:25:54 +0200] "GET / HTTP/1.1" 200 326 "-" "Baiduspider+(+http://www.baidu.com/search/spider.htm)"
123.125.71.107 - - [05/May/2011:04:04:10 +0200] "GET / HTTP/1.1" 200 326 "-" "Baiduspider+(+http://www.baidu.com/search/spider.htm)"
123.125.71.32 - - [05/May/2011:04:27:32 +0200] "GET / HTTP/1.1" 200 326 "-" "Baiduspider+(+http://www.baidu.com/search/spider.htm)"
220.181.108.77 - - [05/May/2011:04:27:48 +0200] "GET / HTTP/1.1" 200 326 "-" "Baiduspider+(+http://www.baidu.com/search/spider.htm)"
123.125.71.24 - - [05/May/2011:14:27:38 +0200] "GET / HTTP/1.1" 200 326 "-" "Baiduspider+(+http://www.baidu.com/search/spider.htm)"
220.181.108.78 - - [05/May/2011:14:27:53 +0200] "GET / HTTP/1.1" 200 326 "-" "Baiduspider+(+http://www.baidu.com/search/spider.htm)"
123.125.71.24 - - [05/May/2011:23:32:34 +0200] "GET / HTTP/1.1" 200 326 "-" "Baiduspider+(+http://www.baidu.com/search/spider.htm)"
220.181.108.78 - - [05/May/2011:23:32:52 +0200] "GET / HTTP/1.1" 200 326 "-" "Baiduspider+(+http://www.baidu.com/search/spider.htm)"
123.125.71.14 - - [06/May/2011:02:26:18 +0200] "GET / HTTP/1.1" 200 326 "-" "Baiduspider+(+http://www.baidu.com/search/spider.htm)"
69.28.58.35 - - [06/May/2011:02:26:26 +0200] "GET / HTTP/1.1" 200 326 "-" "Wget/1.9+cvs-stable (Red Hat modified)"
220.181.108.80 - - [06/May/2011:02:26:30 +0200] "GET / HTTP/1.1" 200 326 "-" "Baiduspider+(+http://www.baidu.com/search/spider.htm)"
123.125.71.22 - - [06/May/2011:04:27:17 +0200] "GET / HTTP/1.1" 200 326 "-" "Baiduspider+(+http://www.baidu.com/search/spider.htm)"
220.181.108.90 - - [06/May/2011:04:27:27 +0200] "GET / HTTP/1.1" 200 326 "-" "Baiduspider+(+http://www.baidu.com/search/spider.htm)"
123.125.71.25 - - [06/May/2011:08:33:08 +0200] "GET / HTTP/1.1" 200 326 "-" "Baiduspider+(+http://www.baidu.com/search/spider.htm)"
220.181.108.97 - - [06/May/2011:08:33:34 +0200] "GET / HTTP/1.1" 200 326 "-" "Baiduspider+(+http://www.baidu.com/search/spider.htm)"
123.125.71.32 - - [06/May/2011:09:31:39 +0200] "GET / HTTP/1.1" 200 326 "-" "Baiduspider+(+http://www.baidu.com/search/spider.htm)"
220.181.108.96 - - [06/May/2011:09:32:07 +0200] "GET / HTTP/1.1" 200 326 "-" "Baiduspider+(+http://www.baidu.com/search/spider.htm)"
123.125.71.114 - - [06/May/2011:12:03:32 +0200] "GET / HTTP/1.1" 200 326 "-" "Baiduspider+(+http://www.baidu.com/search/spider.htm)"
50.19.62.112 - - [06/May/2011:20:10:09 +0200] "GET / HTTP/1.0" 200 326 "-" "Mozilla/5.0 (compatible; NetcraftSurveyAgent/1.0; +info@netcraft.com)"
123.125.71.16 - - [06/May/2011:23:32:22 +0200] "GET / HTTP/1.1" 200 326 "-" "Baiduspider+(+http://www.baidu.com/search/spider.htm)"
220.181.108.96 - - [06/May/2011:23:32:48 +0200] "GET / HTTP/1.1" 200 326 "-" "Baiduspider+(+http://www.baidu.com/search/spider.htm)"
123.125.71.26 - - [07/May/2011:09:31:37 +0200] "GET / HTTP/1.1" 200 326 "-" "Baiduspider+(+http://www.baidu.com/search/spider.htm)"
69.28.58.33 - - [07/May/2011:09:31:43 +0200] "GET / HTTP/1.1" 200 326 "-" "Wget/1.9+cvs-stable (Red Hat modified)"
220.181.108.93 - - [07/May/2011:09:32:03 +0200] "GET / HTTP/1.1" 200 326 "-" "Baiduspider+(+http://www.baidu.com/search/spider.htm)"
67.195.112.160 - - [07/May/2011:11:31:37 +0200] "GET /robots.txt HTTP/1.0" 404 1256 "-" "Mozilla/5.0 (compatible; Yahoo! Slurp; http://help.yahoo.com/help/us/ysearch/slurp)"
67.195.112.160 - - [07/May/2011:11:31:38 +0200] "GET / HTTP/1.0" 200 326 "-" "Mozilla/5.0 (compatible; Yahoo! Slurp; http://help.yahoo.com/help/us/ysearch/slurp)"
123.125.71.33 - - [07/May/2011:14:27:20 +0200] "GET / HTTP/1.1" 200 326 "-" "Baiduspider+(+http://www.baidu.com/search/spider.htm)"
220.181.108.95 - - [07/May/2011:14:27:37 +0200] "GET / HTTP/1.1" 200 326 "-" "Baiduspider+(+http://www.baidu.com/search/spider.htm)"
123.125.71.21 - - [07/May/2011:18:40:38 +0200] "GET / HTTP/1.1" 200 326 "-" "Baiduspider+(+http://www.baidu.com/search/spider.htm)"
220.181.108.82 - - [07/May/2011:18:41:10 +0200] "GET / HTTP/1.1" 200 326 "-" "Baiduspider+(+http://www.baidu.com/search/spider.htm)"
95.108.158.134 - - [08/May/2011:00:00:25 +0200] "GET /robots.txt HTTP/1.1" 404 1256 "-" "Mozilla/5.0 (compatible; YandexBot/3.0; +http://yandex.com/bots)"
123.125.71.15 - - [08/May/2011:04:27:15 +0200] "GET / HTTP/1.1" 200 326 "-" "Baiduspider+(+http://www.baidu.com/search/spider.htm)"
220.181.108.93 - - [08/May/2011:04:27:28 +0200] "GET / HTTP/1.1" 200 326 "-" "Baiduspider+(+http://www.baidu.com/search/spider.htm)"
123.125.71.109 - - [08/May/2011:06:56:24 +0200] "GET / HTTP/1.1" 200 326 "-" "Baiduspider+(+http://www.baidu.com/search/spider.htm)"
95.108.158.134 - - [08/May/2011:13:37:00 +0200] "GET / HTTP/1.1" 200 326 "-" "Mozilla/5.0 (compatible; YandexBot/3.0; +http://yandex.com/bots)"
123.125.71.31 - - [08/May/2011:14:27:15 +0200] "GET / HTTP/1.1" 200 326 "-" "Baiduspider+(+http://www.baidu.com/search/spider.htm)"
220.181.108.91 - - [08/May/2011:14:27:34 +0200] "GET / HTTP/1.1" 200 326 "-" "Baiduspider+(+http://www.baidu.com/search/spider.htm)"
123.125.71.22 - - [08/May/2011:18:42:03 +0200] "GET / HTTP/1.1" 200 326 "-" "Baiduspider+(+http://www.baidu.com/search/spider.htm)"
220.181.108.80 - - [08/May/2011:18:42:32 +0200] "GET / HTTP/1.1" 200 326 "-" "Baiduspider+(+http://www.baidu.com/search/spider.htm)"
123.125.71.28 - - [08/May/2011:19:35:17 +0200] "GET / HTTP/1.1" 200 326 "-" "Baiduspider+(+http://www.baidu.com/search/spider.htm)"
220.181.108.89 - - [08/May/2011:19:35:45 +0200] "GET / HTTP/1.1" 200 326 "-" "Baiduspider+(+http://www.baidu.com/search/spider.htm)"
123.125.71.26 - - [09/May/2011:03:27:11 +0200] "GET / HTTP/1.1" 200 326 "-" "Baiduspider+(+http://www.baidu.com/search/spider.htm)"
69.28.58.35 - - [09/May/2011:03:27:18 +0200] "GET / HTTP/1.1" 200 326 "-" "Wget/1.9+cvs-stable (Red Hat modified)"
220.181.108.75 - - [09/May/2011:03:27:24 +0200] "GET / HTTP/1.1" 200 326 "-" "Baiduspider+(+http://www.baidu.com/search/spider.htm)"
123.125.71.22 - - [09/May/2011:09:32:05 +0200] "GET / HTTP/1.1" 200 326 "-" "Baiduspider+(+http://www.baidu.com/search/spider.htm)"
220.181.108.94 - - [09/May/2011:09:32:32 +0200] "GET / HTTP/1.1" 200 326 "-" "Baiduspider+(+http://www.baidu.com/search/spider.htm)"
123.125.71.95 - - [09/May/2011:12:01:39 +0200] "GET / HTTP/1.1" 200 326 "-" "Baiduspider+(+http://www.baidu.com/search/spider.htm)"
123.125.71.17 - - [09/May/2011:12:29:17 +0200] "GET / HTTP/1.1" 200 326 "-" "Baiduspider+(+http://www.baidu.com/search/spider.htm)"
220.181.108.88 - - [09/May/2011:12:29:37 +0200] "GET / HTTP/1.1" 200 326 "-" "Baiduspider+(+http://www.baidu.com/search/spider.htm)"
69.58.178.56 - - [09/May/2011:14:34:23 +0200] "GET /robots.txt HTTP/1.1" 404 1256 "-" "BlackBerry9000/4.6.0.167 Profile/MIDP-2.0 Configuration/CLDC-1.1 VendorID/102 ips-agent"
69.58.178.56 - - [09/May/2011:14:34:40 +0200] "GET / HTTP/1.1" 200 326 "-" "BlackBerry9000/4.6.0.167 Profile/MIDP-2.0 Configuration/CLDC-1.1 VendorID/102 ips-agent"
69.58.178.56 - - [09/May/2011:14:34:58 +0200] "GET / HTTP/1.1" 200 326 "-" "Mozilla/5.0 (X11; U; Linux i686; en-US; rv:1.9.1.3; ips-agent) Gecko/20090824 Fedora/1.0.7-1.1.fc4 Firefox/3.5.3"
123.125.71.15 - - [09/May/2011:18:43:19 +0200] "GET / HTTP/1.1" 200 326 "-" "Baiduspider+(+http://www.baidu.com/search/spider.htm)"
220.181.108.91 - - [09/May/2011:18:43:50 +0200] "GET / HTTP/1.1" 200 326 "-" "Baiduspider+(+http://www.baidu.com/search/spider.htm)"
123.125.71.18 - - [09/May/2011:23:32:41 +0200] "GET / HTTP/1.1" 200 326 "-" "Baiduspider+(+http://www.baidu.com/search/spider.htm)"
220.181.108.96 - - [09/May/2011:23:33:09 +0200] "GET / HTTP/1.1" 200 326 "-" "Baiduspider+(+http://www.baidu.com/search/spider.htm)"
123.125.71.24 - - [10/May/2011:03:27:11 +0200] "GET / HTTP/1.1" 200 326 "-" "Baiduspider+(+http://www.baidu.com/search/spider.htm)"
220.181.108.97 - - [10/May/2011:03:27:23 +0200] "GET / HTTP/1.1" 200 326 "-" "Baiduspider+(+http://www.baidu.com/search/spider.htm)"
123.125.71.17 - - [10/May/2011:04:27:52 +0200] "GET / HTTP/1.1" 200 326 "-" "Baiduspider+(+http://www.baidu.com/search/spider.htm)"
220.181.108.77 - - [10/May/2011:04:28:06 +0200] "GET / HTTP/1.1" 200 326 "-" "Baiduspider+(+http://www.baidu.com/search/spider.htm)"
66.249.67.8 - - [10/May/2011:07:55:37 +0200] "GET /robots.txt HTTP/1.1" 404 1256 "-" "Mozilla/5.0 (compatible; Googlebot/2.1; +http://www.google.com/bot.html)"
66.249.67.8 - - [10/May/2011:07:55:37 +0200] "GET / HTTP/1.1" 304 - "-" "Mozilla/5.0 (compatible; Googlebot/2.1; +http://www.google.com/bot.html)"
123.125.71.20 - - [10/May/2011:14:27:51 +0200] "GET / HTTP/1.1" 200 326 "-" "Baiduspider+(+http://www.baidu.com/search/spider.htm)"
220.181.108.80 - - [10/May/2011:14:28:09 +0200] "GET / HTTP/1.1" 200 326 "-" "Baiduspider+(+http://www.baidu.com/search/spider.htm)"
64.246.165.150 - - [10/May/2011:17:21:05 +0200] "GET /robots.txt HTTP/1.0" 404 1256 "-" "Mozilla/5.0 (Windows; U; Windows NT 5.1; en; rv:1.9.0.13) Gecko/2009073022 Firefox/3.5.2 (.NET CLR 3.5.30729) SurveyBot/2.3 (DomainTools)"
64.246.165.150 - - [10/May/2011:17:21:06 +0200] "GET / HTTP/1.1" 200 326 "http://whois.domaintools.com/ruehling.com" "Mozilla/5.0 (Windows; U; Windows NT 5.1; en; rv:1.9.0.13) Gecko/2009073022 Firefox/3.5.2 (.NET CLR 3.5.30729) SurveyBot/2.3 (DomainTools)"
123.125.71.16 - - [10/May/2011:18:42:28 +0200] "GET / HTTP/1.1" 200 326 "-" "Baiduspider+(+http://www.baidu.com/search/spider.htm)"
220.181.108.76 - - [10/May/2011:18:42:56 +0200] "GET / HTTP/1.1" 200 326 "-" "Baiduspider+(+http://www.baidu.com/search/spider.htm)"
123.125.71.22 - - [11/May/2011:03:26:07 +0200] "GET / HTTP/1.1" 200 326 "-" "Baiduspider+(+http://www.baidu.com/search/spider.htm)"
220.181.108.82 - - [11/May/2011:03:26:19 +0200] "GET / HTTP/1.1" 200 326 "-" "Baiduspider+(+http://www.baidu.com/search/spider.htm)"
123.125.71.25 - - [11/May/2011:04:27:45 +0200] "GET / HTTP/1.1" 200 326 "-" "Baiduspider+(+http://www.baidu.com/search/spider.htm)"
220.181.108.88 - - [11/May/2011:04:27:59 +0200] "GET / HTTP/1.1" 200 326 "-" "Baiduspider+(+http://www.baidu.com/search/spider.htm)"
50.17.157.13 - - [11/May/2011:07:27:05 +0200] "GET / HTTP/1.0" 200 326 "http://www.designs-studio.com" "Mozilla/4.0 (compatible; MSIE 7.0; Windows NT 6.0; Trident/4.0)"
123.125.71.19 - - [11/May/2011:08:33:51 +0200] "GET / HTTP/1.1" 200 326 "-" "Baiduspider+(+http://www.baidu.com/search/spider.htm)"
220.181.108.78 - - [11/May/2011:08:34:17 +0200] "GET / HTTP/1.1" 200 326 "-" "Baiduspider+(+http://www.baidu.com/search/spider.htm)"
123.125.71.15 - - [11/May/2011:09:32:42 +0200] "GET / HTTP/1.1" 200 326 "-" "Baiduspider+(+http://www.baidu.com/search/spider.htm)"
220.181.108.95 - - [11/May/2011:09:33:09 +0200] "GET / HTTP/1.1" 200 326 "-" "Baiduspider+(+http://www.baidu.com/search/spider.htm)"
123.125.71.94 - - [11/May/2011:13:01:32 +0200] "GET / HTTP/1.1" 200 326 "-" "Mozilla/5.0 (compatible; Baiduspider/2.0; +http://www.baidu.com/search/spider.html)"
123.125.71.26 - - [11/May/2011:13:27:47 +0200] "GET / HTTP/1.1" 200 326 "-" "Baiduspider+(+http://www.baidu.com/search/spider.htm)"
69.28.58.9 - - [11/May/2011:13:27:55 +0200] "GET / HTTP/1.1" 200 326 "-" "Wget/1.9+cvs-stable (Red Hat modified)"
220.181.108.97 - - [11/May/2011:13:28:05 +0200] "GET / HTTP/1.1" 200 326 "-" "Baiduspider+(+http://www.baidu.com/search/spider.htm)"
123.125.71.17 - - [11/May/2011:18:42:44 +0200] "GET / HTTP/1.1" 200 326 "-" "Baiduspider+(+http://www.baidu.com/search/spider.htm)"
220.181.108.92 - - [11/May/2011:18:43:11 +0200] "GET / HTTP/1.1" 200 326 "-" "Baiduspider+(+http://www.baidu.com/search/spider.htm)"
123.125.71.33 - - [11/May/2011:23:32:18 +0200] "GET / HTTP/1.1" 200 326 "-" "Baiduspider+(+http://www.baidu.com/search/spider.htm)"
220.181.108.93 - - [11/May/2011:23:32:44 +0200] "GET / HTTP/1.1" 200 326 "-" "Baiduspider+(+http://www.baidu.com/search/spider.htm)"
123.125.71.33 - - [12/May/2011:09:32:31 +0200] "GET / HTTP/1.1" 200 326 "-" "Baiduspider+(+http://www.baidu.com/search/spider.htm)"
220.181.108.83 - - [12/May/2011:09:32:57 +0200] "GET / HTTP/1.1" 200 326 "-" "Baiduspider+(+http://www.baidu.com/search/spider.htm)"
123.125.71.36 - - [12/May/2011:14:27:46 +0200] "GET / HTTP/1.1" 200 326 "-" "Baiduspider+(+http://www.baidu.com/search/spider.htm)"
220.181.108.87 - - [12/May/2011:14:28:03 +0200] "GET / HTTP/1.1" 200 326 "-" "Baiduspider+(+http://www.baidu.com/search/spider.htm)"
123.125.71.25 - - [12/May/2011:22:32:18 +0200] "GET / HTTP/1.1" 200 326 "-" "Baiduspider+(+http://www.baidu.com/search/spider.htm)"
220.181.108.96 - - [12/May/2011:22:32:46 +0200] "GET / HTTP/1.1" 200 326 "-" "Baiduspider+(+http://www.baidu.com/search/spider.htm)"
123.125.71.34 - - [13/May/2011:03:26:27 +0200] "GET / HTTP/1.1" 200 326 "-" "Baiduspider+(+http://www.baidu.com/search/spider.htm)"
220.181.108.78 - - [13/May/2011:03:26:39 +0200] "GET / HTTP/1.1" 200 326 "-" "Baiduspider+(+http://www.baidu.com/search/spider.htm)"
123.125.71.23 - - [13/May/2011:04:27:34 +0200] "GET / HTTP/1.1" 200 326 "-" "Baiduspider+(+http://www.baidu.com/search/spider.htm)"
220.181.108.82 - - [13/May/2011:04:27:47 +0200] "GET / HTTP/1.1" 200 326 "-" "Baiduspider+(+http://www.baidu.com/search/spider.htm)"
123.125.71.14 - - [13/May/2011:09:32:13 +0200] "GET / HTTP/1.1" 200 326 "-" "Baiduspider+(+http://www.baidu.com/search/spider.htm)"
123.125.71.112 - - [13/May/2011:09:44:51 +0200] "GET / HTTP/1.1" 200 326 "-" "Mozilla/5.0 (compatible; Baiduspider/2.0; +http://www.baidu.com/search/spider.html)"
123.125.71.24 - - [13/May/2011:18:42:26 +0200] "GET / HTTP/1.1" 200 326 "-" "Baiduspider+(+http://www.baidu.com/search/spider.htm)"
220.181.108.91 - - [13/May/2011:18:42:54 +0200] "GET / HTTP/1.1" 200 326 "-" "Baiduspider+(+http://www.baidu.com/search/spider.htm)"
95.108.158.134 - - [13/May/2011:20:38:08 +0200] "GET /robots.txt HTTP/1.1" 404 1256 "-" "Mozilla/5.0 (compatible; YandexBot/3.0; +http://yandex.com/bots)"
123.125.71.26 - - [14/May/2011:04:27:50 +0200] "GET / HTTP/1.1" 200 326 "-" "Baiduspider+(+http://www.baidu.com/search/spider.htm)"
69.28.58.10 - - [14/May/2011:04:27:58 +0200] "GET / HTTP/1.1" 200 326 "-" "Wget/1.9+cvs-stable (Red Hat modified)"
220.181.108.90 - - [14/May/2011:04:28:03 +0200] "GET / HTTP/1.1" 200 326 "-" "Baiduspider+(+http://www.baidu.com/search/spider.htm)"
67.202.19.207 - - [14/May/2011:05:27:17 +0200] "GET / HTTP/1.1" 200 326 "-" "Opera/9.80 (Windows NT 6.0; U; en) Presto/2.8.99 Version/11.10"
95.108.158.134 - - [14/May/2011:07:30:44 +0200] "GET / HTTP/1.1" 200 326 "-" "Mozilla/5.0 (compatible; YandexBot/3.0; +http://yandex.com/bots)"
123.125.71.24 - - [14/May/2011:08:32:45 +0200] "GET / HTTP/1.1" 200 326 "-" "Baiduspider+(+http://www.baidu.com/search/spider.htm)"
220.181.108.95 - - [14/May/2011:08:33:11 +0200] "GET / HTTP/1.1" 200 326 "-" "Baiduspider+(+http://www.baidu.com/search/spider.htm)"
123.125.71.28 - - [14/May/2011:09:30:59 +0200] "GET / HTTP/1.1" 200 326 "-" "Baiduspider+(+http://www.baidu.com/search/spider.htm)"
220.181.108.96 - - [14/May/2011:09:31:28 +0200] "GET / HTTP/1.1" 200 326 "-" "Baiduspider+(+http://www.baidu.com/search/spider.htm)"
80.94.164.141 - - [14/May/2011:13:19:29 +0200] "GET / HTTP/1.0" 200 326 "http://www.znatok.biz/priluki/@%27agor%27jvs_ka+vul" "Mozilla/5.0 (X11; U; Linux i686; en-US; rv:1.8.1.11) Firefox/2.0.0.11"
123.125.71.18 - - [14/May/2011:14:27:46 +0200] "GET / HTTP/1.1" 200 326 "-" "Baiduspider+(+http://www.baidu.com/search/spider.htm)"
220.181.108.81 - - [14/May/2011:14:28:04 +0200] "GET / HTTP/1.1" 200 326 "-" "Baiduspider+(+http://www.baidu.com/search/spider.htm)"
193.47.80.40 - - [14/May/2011:17:21:03 +0200] "GET /robots.txt HTTP/1.1" 404 1256 "-" "Mozilla/5.0 (compatible; Exabot/3.0; +http://www.exabot.com/go/robot)"
193.47.80.40 - - [14/May/2011:17:21:03 +0200] "GET / HTTP/1.1" 200 326 "-" "Mozilla/5.0 (compatible; Exabot/3.0; +http://www.exabot.com/go/robot)"
123.125.71.28 - - [14/May/2011:18:42:57 +0200] "GET / HTTP/1.1" 200 326 "-" "Baiduspider+(+http://www.baidu.com/search/spider.htm)"
220.181.108.90 - - [14/May/2011:18:43:26 +0200] "GET / HTTP/1.1" 200 326 "-" "Baiduspider+(+http://www.baidu.com/search/spider.htm)"
123.125.71.103 - - [15/May/2011:09:10:30 +0200] "GET / HTTP/1.1" 200 326 "-" "Mozilla/5.0 (compatible; Baiduspider/2.0; +http://www.baidu.com/search/spider.html)"
123.125.71.32 - - [15/May/2011:14:27:09 +0200] "GET / HTTP/1.1" 200 326 "-" "Baiduspider+(+http://www.baidu.com/search/spider.htm)"
220.181.108.96 - - [15/May/2011:14:27:27 +0200] "GET / HTTP/1.1" 200 326 "-" "Baiduspider+(+http://www.baidu.com/search/spider.htm)"
123.125.71.15 - - [15/May/2011:18:41:52 +0200] "GET / HTTP/1.1" 200 326 "-" "Baiduspider+(+http://www.baidu.com/search/spider.htm)"
220.181.108.95 - - [15/May/2011:18:42:22 +0200] "GET / HTTP/1.1" 200 326 "-" "Baiduspider+(+http://www.baidu.com/search/spider.htm)"
123.125.71.15 - - [15/May/2011:21:32:17 +0200] "GET / HTTP/1.1" 200 326 "-" "Baiduspider+(+http://www.baidu.com/search/spider.htm)"
220.181.108.96 - - [15/May/2011:21:32:43 +0200] "GET / HTTP/1.1" 200 326 "-" "Baiduspider+(+http://www.baidu.com/search/spider.htm)"
123.125.71.28 - - [16/May/2011:02:26:08 +0200] "GET / HTTP/1.1" 200 326 "-" "Baiduspider+(+http://www.baidu.com/search/spider.htm)"
220.181.108.94 - - [16/May/2011:02:26:18 +0200] "GET / HTTP/1.1" 200 326 "-" "Baiduspider+(+http://www.baidu.com/search/spider.htm)"
123.125.71.18 - - [16/May/2011:03:26:21 +0200] "GET / HTTP/1.1" 200 326 "-" "Baiduspider+(+http://www.baidu.com/search/spider.htm)"
220.181.108.86 - - [16/May/2011:03:26:31 +0200] "GET / HTTP/1.1" 200 326 "-" "Baiduspider+(+http://www.baidu.com/search/spider.htm)"
123.125.71.35 - - [16/May/2011:09:31:20 +0200] "GET / HTTP/1.1" 200 326 "-" "Baiduspider+(+http://www.baidu.com/search/spider.htm)"
220.181.108.91 - - [16/May/2011:09:31:46 +0200] "GET / HTTP/1.1" 200 326 "-" "Baiduspider+(+http://www.baidu.com/search/spider.htm)"
123.125.71.16 - - [16/May/2011:12:27:51 +0200] "GET / HTTP/1.1" 200 326 "-" "Baiduspider+(+http://www.baidu.com/search/spider.htm)"
69.28.58.9 - - [16/May/2011:12:28:00 +0200] "GET / HTTP/1.1" 200 326 "-" "Wget/1.9+cvs-stable (Red Hat modified)"
220.181.108.82 - - [16/May/2011:12:28:10 +0200] "GET / HTTP/1.1" 200 326 "-" "Baiduspider+(+http://www.baidu.com/search/spider.htm)"
123.125.71.32 - - [16/May/2011:13:27:11 +0200] "GET / HTTP/1.1" 200 326 "-" "Baiduspider+(+http://www.baidu.com/search/spider.htm)"
220.181.108.96 - - [16/May/2011:13:27:29 +0200] "GET / HTTP/1.1" 200 326 "-" "Baiduspider+(+http://www.baidu.com/search/spider.htm)"
123.125.71.32 - - [16/May/2011:18:39:00 +0200] "GET / HTTP/1.1" 200 326 "-" "Baiduspider+(+http://www.baidu.com/search/spider.htm)"
220.181.108.95 - - [16/May/2011:18:39:26 +0200] "GET / HTTP/1.1" 200 326 "-" "Baiduspider+(+http://www.baidu.com/search/spider.htm)"
123.125.71.24 - - [16/May/2011:22:31:47 +0200] "GET / HTTP/1.1" 200 326 "-" "Baiduspider+(+http://www.baidu.com/search/spider.htm)"
220.181.108.87 - - [16/May/2011:22:32:15 +0200] "GET / HTTP/1.1" 200 326 "-" "Baiduspider+(+http://www.baidu.com/search/spider.htm)"
205.178.190.236 - - [17/May/2011:03:04:57 +0200] "HEAD / HTTP/1.1" 200 - "-" "Mozilla/4.0 (compatible; MSIE 7.0; Windows NT 5.1; .NET CLR 1.1.4322; .NET CLR 2.0.50727)"
205.178.190.236 - - [17/May/2011:03:05:09 +0200] "GET / HTTP/1.1" 200 326 "-" "Mozilla/5.0 (Windows; U; Windows NT 5.1; en-US; rv:1.8.1.12) Gecko/20080201 Firefox/2.0.0.12"
205.178.190.236 - - [17/May/2011:03:09:16 +0200] "GET / HTTP/1.1" 200 326 "-" "Mozilla/4.0 (compatible; MSIE 7.0; Windows NT 5.1; .NET CLR 1.1.4322; .NET CLR 2.0.50727)"
205.178.190.236 - - [17/May/2011:03:09:16 +0200] "GET /robots.txt HTTP/1.1" 404 1256 "-" "Mozilla/4.0 (compatible; MSIE 6.0; Windows NT 5.2; SV1; .NET CLR 1.1.4322; .NET CLR 2.0.50727)"
123.125.71.29 - - [17/May/2011:04:29:59 +0200] "GET / HTTP/1.1" 200 326 "-" "Baiduspider+(+http://www.baidu.com/search/spider.htm)"
220.181.108.85 - - [17/May/2011:04:30:17 +0200] "GET / HTTP/1.1" 200 326 "-" "Baiduspider+(+http://www.baidu.com/search/spider.htm)"
123.125.71.16 - - [17/May/2011:07:31:46 +0200] "GET / HTTP/1.1" 200 326 "-" "Baiduspider+(+http://www.baidu.com/search/spider.htm)"
220.181.108.97 - - [17/May/2011:07:32:12 +0200] "GET / HTTP/1.1" 200 326 "-" "Baiduspider+(+http://www.baidu.com/search/spider.htm)"
123.125.71.28 - - [17/May/2011:09:31:14 +0200] "GET / HTTP/1.1" 200 326 "-" "Baiduspider+(+http://www.baidu.com/search/spider.htm)"
220.181.108.93 - - [17/May/2011:09:31:39 +0200] "GET / HTTP/1.1" 200 326 "-" "Baiduspider+(+http://www.baidu.com/search/spider.htm)"
123.125.71.94 - - [17/May/2011:10:18:55 +0200] "GET / HTTP/1.1" 200 326 "-" "Mozilla/5.0 (compatible; Baiduspider/2.0; +http://www.baidu.com/search/spider.html)"
123.125.71.19 - - [17/May/2011:13:27:17 +0200] "GET / HTTP/1.1" 200 326 "-" "Baiduspider+(+http://www.baidu.com/search/spider.htm)"
220.181.108.94 - - [17/May/2011:13:27:35 +0200] "GET / HTTP/1.1" 200 326 "-" "Baiduspider+(+http://www.baidu.com/search/spider.htm)"
123.125.71.24 - - [17/May/2011:18:39:25 +0200] "GET / HTTP/1.1" 200 326 "-" "Baiduspider+(+http://www.baidu.com/search/spider.htm)"
220.181.108.95 - - [17/May/2011:18:39:52 +0200] "GET / HTTP/1.1" 200 326 "-" "Baiduspider+(+http://www.baidu.com/search/spider.htm)"
193.47.80.40 - - [17/May/2011:19:48:41 +0200] "GET /robots.txt HTTP/1.1" 404 1256 "-" "Mozilla/5.0 (compatible; Exabot/3.0; +http://www.exabot.com/go/robot)"
193.47.80.40 - - [17/May/2011:19:48:42 +0200] "GET / HTTP/1.1" 304 - "-" "Mozilla/5.0 (compatible; Exabot/3.0; +http://www.exabot.com/go/robot)"
123.125.71.25 - - [18/May/2011:03:25:07 +0200] "GET / HTTP/1.1" 200 326 "-" "Baiduspider+(+http://www.baidu.com/search/spider.htm)"
220.181.108.96 - - [18/May/2011:03:25:19 +0200] "GET / HTTP/1.1" 200 326 "-" "Baiduspider+(+http://www.baidu.com/search/spider.htm)"
123.125.71.12 - - [18/May/2011:12:27:32 +0200] "GET / HTTP/1.1" 200 326 "-" "Baiduspider+(+http://www.baidu.com/search/spider.htm)"
220.181.108.90 - - [18/May/2011:12:27:49 +0200] "GET / HTTP/1.1" 200 326 "-" "Baiduspider+(+http://www.baidu.com/search/spider.htm)"
95.108.151.244 - - [18/May/2011:21:03:47 +0200] "GET /robots.txt HTTP/1.1" 404 1256 "-" "Mozilla/5.0 (compatible; YandexBot/3.0; MirrorDetector; +http://yandex.com/bots)"
95.108.151.244 - - [18/May/2011:21:03:48 +0200] "GET / HTTP/1.1" 200 326 "-" "Mozilla/5.0 (compatible; YandexBot/3.0; MirrorDetector; +http://yandex.com/bots)"
95.108.151.244 - - [18/May/2011:21:03:49 +0200] "GET / HTTP/1.1" 200 326 "-" "Mozilla/5.0 (compatible; YandexBot/3.0; MirrorDetector; +http://yandex.com/bots)"
123.125.71.13 - - [18/May/2011:21:31:13 +0200] "GET / HTTP/1.1" 200 326 "-" "Baiduspider+(+http://www.baidu.com/search/spider.htm)"
220.181.108.94 - - [18/May/2011:21:31:40 +0200] "GET / HTTP/1.1" 200 326 "-" "Baiduspider+(+http://www.baidu.com/search/spider.htm)"
157.55.17.103 - - [19/May/2011:06:22:38 +0200] "GET /robots.txt HTTP/1.1" 404 1256 "-" "Mozilla/5.0 (compatible; bingbot/2.0; +http://www.bing.com/bingbot.htm)"
157.55.17.103 - - [19/May/2011:06:23:38 +0200] "GET / HTTP/1.1" 304 - "-" "Mozilla/5.0 (compatible; bingbot/2.0; +http://www.bing.com/bingbot.htm)"
123.125.71.108 - - [19/May/2011:12:44:55 +0200] "GET / HTTP/1.1" 200 326 "-" "Mozilla/5.0 (compatible; Baiduspider/2.0; +http://www.baidu.com/search/spider.html)"
123.125.71.21 - - [19/May/2011:18:39:55 +0200] "GET / HTTP/1.1" 200 326 "-" "Baiduspider+(+http://www.baidu.com/search/spider.htm)"
220.181.108.77 - - [19/May/2011:18:40:24 +0200] "GET / HTTP/1.1" 200 326 "-" "Baiduspider+(+http://www.baidu.com/search/spider.htm)"
110.44.29.76 - - [19/May/2011:22:09:21 +0200] "GET /robots.txt HTTP/1.1" 404 1256 "-" "Mozilla/5.0 (compatible; Googlebot/2.1; +http://www.google.com/bot.html)"
123.125.71.12 - - [20/May/2011:04:28:00 +0200] "GET / HTTP/1.1" 200 326 "-" "Baiduspider+(+http://www.baidu.com/search/spider.htm)"
220.181.108.88 - - [20/May/2011:04:28:13 +0200] "GET / HTTP/1.1" 200 326 "-" "Baiduspider+(+http://www.baidu.com/search/spider.htm)"
123.125.71.29 - - [20/May/2011:14:27:07 +0200] "GET / HTTP/1.1" 200 326 "-" "Baiduspider+(+http://www.baidu.com/search/spider.htm)"
220.181.108.96 - - [20/May/2011:14:27:27 +0200] "GET / HTTP/1.1" 200 326 "-" "Baiduspider+(+http://www.baidu.com/search/spider.htm)"
69.28.58.12 - - [20/May/2011:14:28:38 +0200] "GET /robots.txt HTTP/1.0" 404 1256 "http://www.ruehling.com/robots.txt" "Huaweisymantecspider (compatible; MSIE 8.0; DSE-support@huaweisymantec.com)"
69.28.58.12 - - [20/May/2011:14:28:39 +0200] "GET / HTTP/1.0" 200 326 "http://www.ruehling.com/" "Huaweisymantecspider (compatible; MSIE 8.0; DSE-support@huaweisymantec.com)"
67.195.112.160 - - [20/May/2011:14:36:58 +0200] "GET /robots.txt HTTP/1.0" 404 1256 "-" "Mozilla/5.0 (compatible; Yahoo! Slurp; http://help.yahoo.com/help/us/ysearch/slurp)"
67.195.112.160 - - [20/May/2011:14:36:58 +0200] "GET / HTTP/1.0" 200 326 "-" "Mozilla/5.0 (compatible; Yahoo! Slurp; http://help.yahoo.com/help/us/ysearch/slurp)"
95.108.158.134 - - [20/May/2011:20:38:47 +0200] "GET /robots.txt HTTP/1.1" 404 1256 "-" "Mozilla/5.0 (compatible; YandexBot/3.0; +http://yandex.com/bots)"
123.125.71.36 - - [20/May/2011:23:31:55 +0200] "GET / HTTP/1.1" 200 326 "-" "Baiduspider+(+http://www.baidu.com/search/spider.htm)"
220.181.108.84 - - [20/May/2011:23:32:21 +0200] "GET / HTTP/1.1" 200 326 "-" "Baiduspider+(+http://www.baidu.com/search/spider.htm)"
123.125.71.97 - - [21/May/2011:10:34:15 +0200] "GET / HTTP/1.1" 200 326 "-" "Mozilla/5.0 (compatible; Baiduspider/2.0; +http://www.baidu.com/search/spider.html)"
207.46.204.157 - - [21/May/2011:10:46:53 +0200] "GET / HTTP/1.1" 200 326 "-" "Mozilla/4.0 (compatible; MSIE 6.0; Windows NT 5.1; SV1; .NET CLR 1.1.4325; .NET CLR 2.0.50727; .NET CLR 3.0.30729; .NET CLR 3.5.30707; MS-RTC LM 8)"
95.108.158.134 - - [21/May/2011:11:21:37 +0200] "GET / HTTP/1.1" 200 326 "-" "Mozilla/5.0 (compatible; YandexBot/3.0; +http://yandex.com/bots)"
123.125.71.23 - - [21/May/2011:22:32:17 +0200] "GET / HTTP/1.1" 200 326 "-" "Baiduspider+(+http://www.baidu.com/search/spider.htm)"
220.181.108.78 - - [21/May/2011:22:32:45 +0200] "GET / HTTP/1.1" 200 326 "-" "Baiduspider+(+http://www.baidu.com/search/spider.htm)"
95.108.158.134 - - [21/May/2011:22:59:16 +0200] "GET /robots.txt HTTP/1.1" 404 1256 "-" "Mozilla/5.0 (compatible; YandexBot/3.0; +http://yandex.com/bots)"
95.108.158.134 - - [22/May/2011:01:12:55 +0200] "GET / HTTP/1.1" 200 326 "-" "Mozilla/5.0 (compatible; YandexBot/3.0; +http://yandex.com/bots)"
123.125.71.31 - - [22/May/2011:04:26:15 +0200] "GET / HTTP/1.1" 200 326 "-" "Baiduspider+(+http://www.baidu.com/search/spider.htm)"
220.181.108.89 - - [22/May/2011:04:26:28 +0200] "GET / HTTP/1.1" 200 326 "-" "Baiduspider+(+http://www.baidu.com/search/spider.htm)"
193.47.80.40 - - [22/May/2011:08:21:06 +0200] "GET /robots.txt HTTP/1.1" 404 1256 "-" "Mozilla/5.0 (compatible; Exabot/3.0; +http://www.exabot.com/go/robot)"
193.47.80.40 - - [22/May/2011:08:21:06 +0200] "GET / HTTP/1.1" 304 - "-" "Mozilla/5.0 (compatible; Exabot/3.0; +http://www.exabot.com/go/robot)"
123.125.71.16 - - [22/May/2011:08:32:11 +0200] "GET / HTTP/1.1" 200 326 "-" "Baiduspider+(+http://www.baidu.com/search/spider.htm)"
69.28.58.35 - - [22/May/2011:08:32:21 +0200] "GET / HTTP/1.1" 200 326 "-" "Wget/1.9+cvs-stable (Red Hat modified)"
220.181.108.89 - - [22/May/2011:08:32:38 +0200] "GET / HTTP/1.1" 200 326 "-" "Baiduspider+(+http://www.baidu.com/search/spider.htm)"
123.125.71.27 - - [22/May/2011:18:40:49 +0200] "GET / HTTP/1.1" 200 326 "-" "Baiduspider+(+http://www.baidu.com/search/spider.htm)"
220.181.108.78 - - [22/May/2011:18:41:20 +0200] "GET / HTTP/1.1" 200 326 "-" "Baiduspider+(+http://www.baidu.com/search/spider.htm)"
64.246.165.210 - - [23/May/2011:02:03:42 +0200] "GET /robots.txt HTTP/1.0" 404 1256 "-" "Mozilla/5.0 (Windows; U; Windows NT 5.1; en; rv:1.9.0.13) Gecko/2009073022 Firefox/3.5.2 (.NET CLR 3.5.30729) SurveyBot/2.3 (DomainTools)"
64.246.165.210 - - [23/May/2011:02:03:42 +0200] "GET / HTTP/1.1" 200 326 "http://whois.domaintools.com/ruehling.com" "Mozilla/5.0 (Windows; U; Windows NT 5.1; en; rv:1.9.0.13) Gecko/2009073022 Firefox/3.5.2 (.NET CLR 3.5.30729) SurveyBot/2.3 (DomainTools)"
123.125.71.23 - - [23/May/2011:03:26:05 +0200] "GET / HTTP/1.1" 200 326 "-" "Baiduspider+(+http://www.baidu.com/search/spider.htm)"
220.181.108.87 - - [23/May/2011:03:26:16 +0200] "GET / HTTP/1.1" 200 326 "-" "Baiduspider+(+http://www.baidu.com/search/spider.htm)"
82.195.238.106 - - [23/May/2011:06:55:32 +0200] "GET //lists/admin/index.php?_SERVER[ConfigFile]=../../../../../../../../../../../../../../../../../../../../../../../etc/passwd HTTP/1.1" 404 1256 "-" "Mozilla/4.0 (compatible; MSIE 6.0; Windows 98)"
82.195.238.106 - - [23/May/2011:06:55:32 +0200] "GET //newsletter/admin/index.php?_SERVER[ConfigFile]=../../../../../../../../../../../../../../../../../../../../../../../etc/passwd HTTP/1.1" 404 1256 "-" "Mozilla/4.0 (compatible; MSIE 6.0; Windows 98)"
82.195.238.106 - - [23/May/2011:06:55:32 +0200] "GET //news/admin/index.php?_SERVER[ConfigFile]=../../../../../../../../../../../../../../../../../../../../../../../etc/passwd HTTP/1.1" 404 1256 "-" "Mozilla/4.0 (compatible; MSIE 6.0; Windows 98)"
82.195.238.106 - - [23/May/2011:06:55:32 +0200] "GET //phplist/admin/index.php?_SERVER[ConfigFile]=../../../../../../../../../../../../../../../../../../../../../../../etc/passwd HTTP/1.1" 404 1256 "-" "Mozilla/4.0 (compatible; MSIE 6.0; Windows 98)"
82.195.238.106 - - [23/May/2011:06:55:32 +0200] "GET //phpList/admin/index.php?_SERVER[ConfigFile]=../../../../../../../../../../../../../../../../../../../../../../../etc/passwd HTTP/1.1" 404 1256 "-" "Mozilla/4.0 (compatible; MSIE 6.0; Windows 98)"
82.195.238.106 - - [23/May/2011:06:55:32 +0200] "GET //admin/index.php?_SERVER[ConfigFile]=../../../../../../../../../../../../../../../../../../../../../../../etc/passwd HTTP/1.1" 404 1256 "-" "Mozilla/4.0 (compatible; MSIE 6.0; Windows 98)"
82.195.238.106 - - [23/May/2011:06:55:32 +0200] "GET //phplist/lsts/admin/index.php?_SERVER[ConfigFile]=../../../../../../../../../../../../../../../../../../../../../../../etc/passwd HTTP/1.1" 404 1256 "-" "Mozilla/4.0 (compatible; MSIE 6.0; Windows 98)"
82.195.238.106 - - [23/May/2011:06:55:32 +0200] "GET //phplists/admin/index.php?_SERVER[ConfigFile]=../../../../../../../../../../../../../../../../../../../../../../../etc/passwd HTTP/1.1" 404 1256 "-" "Mozilla/4.0 (compatible; MSIE 6.0; Windows 98)"
82.195.238.106 - - [23/May/2011:06:55:32 +0200] "GET //list/index.php?_SERVER[ConfigFile]=../../../../../../../../../../../../../../../../../../../../../../../etc/passwd HTTP/1.1" 404 1256 "-" "Mozilla/4.0 (compatible; MSIE 6.0; Windows 98)"
82.195.238.106 - - [23/May/2011:06:55:33 +0200] "GET //lista/admin/index.php?_SERVER[ConfigFile]=../../../../../../../../../../../../../../../../../../../../../etc/passwd HTTP/1.1" 404 1256 "-" "Mozilla/4.0 (compatible; MSIE 6.0; Windows 98)"
82.195.238.106 - - [23/May/2011:06:55:33 +0200] "GET //elists/admin/index.php?_SERVER[ConfigFile]=../../../../../../../../../../../../../../../../../../../../../etc/passwd HTTP/1.1" 404 1256 "-" "Mozilla/4.0 (compatible; MSIE 6.0; Windows 98)"
82.195.238.106 - - [23/May/2011:06:55:34 +0200] "GET //mailinglist/admin/index.php?_SERVER[ConfigFile]=../../../../../../../../../../../../../../../../../../../../../etc/passwd HTTP/1.1" 404 1256 "-" "Mozilla/4.0 (compatible; MSIE 6.0; Windows 98)"
123.125.71.95 - - [23/May/2011:14:12:26 +0200] "GET / HTTP/1.1" 200 326 "-" "Mozilla/5.0 (compatible; Baiduspider/2.0; +http://www.baidu.com/search/spider.html)"
123.125.71.26 - - [23/May/2011:14:28:21 +0200] "GET / HTTP/1.1" 200 326 "-" "Baiduspider+(+http://www.baidu.com/search/spider.htm)"
220.181.108.92 - - [23/May/2011:14:28:39 +0200] "GET / HTTP/1.1" 200 326 "-" "Baiduspider+(+http://www.baidu.com/search/spider.htm)"
123.125.71.15 - - [23/May/2011:18:40:57 +0200] "GET / HTTP/1.1" 200 326 "-" "Baiduspider+(+http://www.baidu.com/search/spider.htm)"
220.181.108.77 - - [23/May/2011:18:41:24 +0200] "GET / HTTP/1.1" 200 326 "-" "Baiduspider+(+http://www.baidu.com/search/spider.htm)"
123.125.71.18 - - [23/May/2011:23:32:15 +0200] "GET / HTTP/1.1" 200 326 "-" "Baiduspider+(+http://www.baidu.com/search/spider.htm)"
220.181.108.96 - - [23/May/2011:23:32:42 +0200] "GET / HTTP/1.1" 200 326 "-" "Baiduspider+(+http://www.baidu.com/search/spider.htm)"
123.125.71.32 - - [24/May/2011:14:27:57 +0200] "GET / HTTP/1.1" 200 326 "-" "Baiduspider+(+http://www.baidu.com/search/spider.htm)"
220.181.108.77 - - [24/May/2011:14:28:15 +0200] "GET / HTTP/1.1" 200 326 "-" "Baiduspider+(+http://www.baidu.com/search/spider.htm)"
123.125.71.16 - - [24/May/2011:18:41:45 +0200] "GET / HTTP/1.1" 200 326 "-" "Baiduspider+(+http://www.baidu.com/search/spider.htm)"
69.28.58.10 - - [24/May/2011:18:42:01 +0200] "GET / HTTP/1.1" 200 326 "-" "Wget/1.9+cvs-stable (Red Hat modified)"
220.181.108.82 - - [24/May/2011:18:42:13 +0200] "GET / HTTP/1.1" 200 326 "-" "Baiduspider+(+http://www.baidu.com/search/spider.htm)"
123.125.71.12 - - [24/May/2011:22:32:29 +0200] "GET / HTTP/1.1" 200 326 "-" "Baiduspider+(+http://www.baidu.com/search/spider.htm)"
220.181.108.84 - - [24/May/2011:22:32:58 +0200] "GET / HTTP/1.1" 200 326 "-" "Baiduspider+(+http://www.baidu.com/search/spider.htm)"
123.125.71.29 - - [25/May/2011:04:26:37 +0200] "GET / HTTP/1.1" 200 326 "-" "Baiduspider+(+http://www.baidu.com/search/spider.htm)"
220.181.108.90 - - [25/May/2011:04:26:49 +0200] "GET / HTTP/1.1" 200 326 "-" "Baiduspider+(+http://www.baidu.com/search/spider.htm)"
123.125.71.106 - - [25/May/2011:05:38:02 +0200] "GET / HTTP/1.1" 200 326 "-" "Mozilla/5.0 (compatible; Baiduspider/2.0; +http://www.baidu.com/search/spider.html)"
72.9.108.34 - - [25/May/2011:09:33:35 +0200] "GET //lists/admin/index.php?_SERVER[ConfigFile]=../../../../../../../../../../../../../../../../../../../../../../../etc/passwd HTTP/1.1" 404 1256 "-" "Mozilla/4.0 (compatible; MSIE 6.0; Windows 98)"
72.9.108.34 - - [25/May/2011:09:33:35 +0200] "GET //newsletter/admin/index.php?_SERVER[ConfigFile]=../../../../../../../../../../../../../../../../../../../../../../../etc/passwd HTTP/1.1" 404 1256 "-" "Mozilla/4.0 (compatible; MSIE 6.0; Windows 98)"
72.9.108.34 - - [25/May/2011:09:33:36 +0200] "GET //news/admin/index.php?_SERVER[ConfigFile]=../../../../../../../../../../../../../../../../../../../../../../../etc/passwd HTTP/1.1" 404 1256 "-" "Mozilla/4.0 (compatible; MSIE 6.0; Windows 98)"
72.9.108.34 - - [25/May/2011:09:33:36 +0200] "GET //phplist/admin/index.php?_SERVER[ConfigFile]=../../../../../../../../../../../../../../../../../../../../../../../etc/passwd HTTP/1.1" 404 1256 "-" "Mozilla/4.0 (compatible; MSIE 6.0; Windows 98)"
72.9.108.34 - - [25/May/2011:09:33:37 +0200] "GET //phpList/admin/index.php?_SERVER[ConfigFile]=../../../../../../../../../../../../../../../../../../../../../../../etc/passwd HTTP/1.1" 404 1256 "-" "Mozilla/4.0 (compatible; MSIE 6.0; Windows 98)"
72.9.108.34 - - [25/May/2011:09:33:37 +0200] "GET //admin/index.php?_SERVER[ConfigFile]=../../../../../../../../../../../../../../../../../../../../../../../etc/passwd HTTP/1.1" 404 1256 "-" "Mozilla/4.0 (compatible; MSIE 6.0; Windows 98)"
72.9.108.34 - - [25/May/2011:09:33:37 +0200] "GET //phplist/lsts/admin/index.php?_SERVER[ConfigFile]=../../../../../../../../../../../../../../../../../../../../../../../etc/passwd HTTP/1.1" 404 1256 "-" "Mozilla/4.0 (compatible; MSIE 6.0; Windows 98)"
72.9.108.34 - - [25/May/2011:09:33:38 +0200] "GET //phplists/admin/index.php?_SERVER[ConfigFile]=../../../../../../../../../../../../../../../../../../../../../../../etc/passwd HTTP/1.1" 404 1256 "-" "Mozilla/4.0 (compatible; MSIE 6.0; Windows 98)"
72.9.108.34 - - [25/May/2011:09:33:38 +0200] "GET //list/index.php?_SERVER[ConfigFile]=../../../../../../../../../../../../../../../../../../../../../../../etc/passwd HTTP/1.1" 404 1256 "-" "Mozilla/4.0 (compatible; MSIE 6.0; Windows 98)"
72.9.108.34 - - [25/May/2011:09:33:38 +0200] "GET //lista/admin/index.php?_SERVER[ConfigFile]=../../../../../../../../../../../../../../../../../../../../../etc/passwd HTTP/1.1" 404 1256 "-" "Mozilla/4.0 (compatible; MSIE 6.0; Windows 98)"
72.9.108.34 - - [25/May/2011:09:33:38 +0200] "GET //elists/admin/index.php?_SERVER[ConfigFile]=../../../../../../../../../../../../../../../../../../../../../etc/passwd HTTP/1.1" 404 1256 "-" "Mozilla/4.0 (compatible; MSIE 6.0; Windows 98)"
72.9.108.34 - - [25/May/2011:09:33:39 +0200] "GET //mailinglist/admin/index.php?_SERVER[ConfigFile]=../../../../../../../../../../../../../../../../../../../../../etc/passwd HTTP/1.1" 404 1256 "-" "Mozilla/4.0 (compatible; MSIE 6.0; Windows 98)"
123.125.71.24 - - [25/May/2011:14:27:54 +0200] "GET / HTTP/1.1" 200 326 "-" "Baiduspider+(+http://www.baidu.com/search/spider.htm)"
220.181.108.78 - - [25/May/2011:14:28:13 +0200] "GET / HTTP/1.1" 200 326 "-" "Baiduspider+(+http://www.baidu.com/search/spider.htm)"
123.125.71.34 - - [25/May/2011:18:41:30 +0200] "GET / HTTP/1.1" 200 326 "-" "Baiduspider+(+http://www.baidu.com/search/spider.htm)"
220.181.108.87 - - [25/May/2011:18:42:00 +0200] "GET / HTTP/1.1" 200 326 "-" "Baiduspider+(+http://www.baidu.com/search/spider.htm)"
123.125.71.18 - - [26/May/2011:03:25:07 +0200] "GET / HTTP/1.1" 200 326 "-" "Baiduspider+(+http://www.baidu.com/search/spider.htm)"
220.181.108.87 - - [26/May/2011:03:25:19 +0200] "GET / HTTP/1.1" 200 326 "-" "Baiduspider+(+http://www.baidu.com/search/spider.htm)"
123.125.71.22 - - [26/May/2011:04:25:54 +0200] "GET / HTTP/1.1" 200 326 "-" "Baiduspider+(+http://www.baidu.com/search/spider.htm)"
220.181.108.80 - - [26/May/2011:04:26:06 +0200] "GET / HTTP/1.1" 200 326 "-" "Baiduspider+(+http://www.baidu.com/search/spider.htm)"
123.125.71.19 - - [26/May/2011:09:31:46 +0200] "GET / HTTP/1.1" 200 326 "-" "Baiduspider+(+http://www.baidu.com/search/spider.htm)"
220.181.108.88 - - [26/May/2011:09:32:12 +0200] "GET / HTTP/1.1" 200 326 "-" "Baiduspider+(+http://www.baidu.com/search/spider.htm)"
123.125.71.100 - - [26/May/2011:12:15:15 +0200] "GET / HTTP/1.1" 200 326 "-" "Mozilla/5.0 (compatible; Baiduspider/2.0; +http://www.baidu.com/search/spider.html)"
123.125.71.16 - - [26/May/2011:14:27:04 +0200] "GET / HTTP/1.1" 200 326 "-" "Baiduspider+(+http://www.baidu.com/search/spider.htm)"
69.28.58.35 - - [26/May/2011:14:27:14 +0200] "GET / HTTP/1.1" 200 326 "-" "Wget/1.9+cvs-stable (Red Hat modified)"
220.181.108.82 - - [26/May/2011:14:27:22 +0200] "GET / HTTP/1.1" 200 326 "-" "Baiduspider+(+http://www.baidu.com/search/spider.htm)"
123.125.71.16 - - [26/May/2011:23:31:10 +0200] "GET / HTTP/1.1" 200 326 "-" "Baiduspider+(+http://www.baidu.com/search/spider.htm)"
220.181.108.80 - - [26/May/2011:23:31:35 +0200] "GET / HTTP/1.1" 200 326 "-" "Baiduspider+(+http://www.baidu.com/search/spider.htm)"
123.125.71.17 - - [27/May/2011:02:26:02 +0200] "GET / HTTP/1.1" 200 326 "-" "Baiduspider+(+http://www.baidu.com/search/spider.htm)"
220.181.108.90 - - [27/May/2011:02:26:15 +0200] "GET / HTTP/1.1" 200 326 "-" "Baiduspider+(+http://www.baidu.com/search/spider.htm)"
220.181.108.96 - - [27/May/2011:04:26:08 +0200] "GET / HTTP/1.1" 200 326 "-" "Baiduspider+(+http://www.baidu.com/search/spider.htm)"
123.125.71.26 - - [27/May/2011:08:32:07 +0200] "GET / HTTP/1.1" 200 326 "-" "Baiduspider+(+http://www.baidu.com/search/spider.htm)"
220.181.108.82 - - [27/May/2011:08:32:32 +0200] "GET / HTTP/1.1" 200 326 "-" "Baiduspider+(+http://www.baidu.com/search/spider.htm)"
123.125.71.12 - - [27/May/2011:13:27:57 +0200] "GET / HTTP/1.1" 200 326 "-" "Baiduspider+(+http://www.baidu.com/search/spider.htm)"
220.181.108.78 - - [27/May/2011:13:28:17 +0200] "GET / HTTP/1.1" 200 326 "-" "Baiduspider+(+http://www.baidu.com/search/spider.htm)"
123.125.71.12 - - [27/May/2011:14:27:14 +0200] "GET / HTTP/1.1" 200 326 "-" "Baiduspider+(+http://www.baidu.com/search/spider.htm)"
220.181.108.83 - - [27/May/2011:14:27:33 +0200] "GET / HTTP/1.1" 200 326 "-" "Baiduspider+(+http://www.baidu.com/search/spider.htm)"
95.108.158.134 - - [27/May/2011:21:38:00 +0200] "GET /robots.txt HTTP/1.1" 404 1256 "-" "Mozilla/5.0 (compatible; YandexBot/3.0; +http://yandex.com/bots)"
95.108.158.134 - - [27/May/2011:21:56:44 +0200] "GET / HTTP/1.1" 200 326 "-" "Mozilla/5.0 (compatible; YandexBot/3.0; +http://yandex.com/bots)"
123.125.71.23 - - [27/May/2011:23:31:47 +0200] "GET / HTTP/1.1" 200 326 "-" "Baiduspider+(+http://www.baidu.com/search/spider.htm)"
220.181.108.89 - - [27/May/2011:23:32:12 +0200] "GET / HTTP/1.1" 200 326 "-" "Baiduspider+(+http://www.baidu.com/search/spider.htm)"
123.125.71.27 - - [28/May/2011:04:26:26 +0200] "GET / HTTP/1.1" 200 326 "-" "Baiduspider+(+http://www.baidu.com/search/spider.htm)"
220.181.108.96 - - [28/May/2011:04:26:42 +0200] "GET / HTTP/1.1" 200 326 "-" "Baiduspider+(+http://www.baidu.com/search/spider.htm)"
123.125.71.35 - - [28/May/2011:08:31:54 +0200] "GET / HTTP/1.1" 200 326 "-" "Baiduspider+(+http://www.baidu.com/search/spider.htm)"
220.181.108.96 - - [28/May/2011:08:32:24 +0200] "GET / HTTP/1.1" 200 326 "-" "Baiduspider+(+http://www.baidu.com/search/spider.htm)"
123.125.71.107 - - [28/May/2011:10:33:47 +0200] "GET / HTTP/1.1" 200 326 "-" "Mozilla/5.0 (compatible; Baiduspider/2.0; +http://www.baidu.com/search/spider.html)"
123.125.71.18 - - [28/May/2011:13:27:12 +0200] "GET / HTTP/1.1" 200 326 "-" "Baiduspider+(+http://www.baidu.com/search/spider.htm)"
220.181.108.95 - - [28/May/2011:13:27:31 +0200] "GET / HTTP/1.1" 200 326 "-" "Baiduspider+(+http://www.baidu.com/search/spider.htm)"
72.94.249.37 - - [28/May/2011:15:49:57 +0200] "GET / HTTP/1.1" 200 326 "-" "Mozilla/4.0 (compatible; MSIE 6.0; Windows NT 5.1; SV1; .NET CLR 1.1.4322)"
123.125.71.14 - - [28/May/2011:18:42:08 +0200] "GET / HTTP/1.1" 200 326 "-" "Baiduspider+(+http://www.baidu.com/search/spider.htm)"
69.28.58.10 - - [28/May/2011:18:42:15 +0200] "GET / HTTP/1.1" 200 326 "-" "Wget/1.9+cvs-stable (Red Hat modified)"
220.181.108.80 - - [28/May/2011:18:42:37 +0200] "GET / HTTP/1.1" 200 326 "-" "Baiduspider+(+http://www.baidu.com/search/spider.htm)"
50.19.133.80 - - [28/May/2011:18:48:08 +0200] "GET / HTTP/1.0" 200 326 "-" "Mozilla/5.0 (compatible; NetcraftSurveyAgent/1.0; +info@netcraft.com)"
123.125.71.21 - - [28/May/2011:23:32:22 +0200] "GET / HTTP/1.1" 200 326 "-" "Baiduspider+(+http://www.baidu.com/search/spider.htm)"
220.181.108.92 - - [28/May/2011:23:32:48 +0200] "GET / HTTP/1.1" 200 326 "-" "Baiduspider+(+http://www.baidu.com/search/spider.htm)"
123.125.71.22 - - [29/May/2011:03:26:11 +0200] "GET / HTTP/1.1" 200 326 "-" "Baiduspider+(+http://www.baidu.com/search/spider.htm)"
220.181.108.83 - - [29/May/2011:03:26:23 +0200] "GET / HTTP/1.1" 200 326 "-" "Baiduspider+(+http://www.baidu.com/search/spider.htm)"
123.125.71.34 - - [29/May/2011:04:26:36 +0200] "GET / HTTP/1.1" 200 326 "-" "Baiduspider+(+http://www.baidu.com/search/spider.htm)"
220.181.108.88 - - [29/May/2011:04:26:49 +0200] "GET / HTTP/1.1" 200 326 "-" "Baiduspider+(+http://www.baidu.com/search/spider.htm)"
123.125.71.17 - - [29/May/2011:08:32:43 +0200] "GET / HTTP/1.1" 200 326 "-" "Baiduspider+(+http://www.baidu.com/search/spider.htm)"
220.181.108.94 - - [29/May/2011:08:33:12 +0200] "GET / HTTP/1.1" 200 326 "-" "Baiduspider+(+http://www.baidu.com/search/spider.htm)"
123.125.71.29 - - [29/May/2011:09:32:07 +0200] "GET / HTTP/1.1" 200 326 "-" "Baiduspider+(+http://www.baidu.com/search/spider.htm)"
220.181.108.93 - - [29/May/2011:09:32:33 +0200] "GET / HTTP/1.1" 200 326 "-" "Baiduspider+(+http://www.baidu.com/search/spider.htm)"
123.125.71.29 - - [29/May/2011:13:27:31 +0200] "GET / HTTP/1.1" 200 326 "-" "Baiduspider+(+http://www.baidu.com/search/spider.htm)"
220.181.108.97 - - [29/May/2011:13:27:53 +0200] "GET / HTTP/1.1" 200 326 "-" "Baiduspider+(+http://www.baidu.com/search/spider.htm)"
123.125.71.27 - - [29/May/2011:18:41:55 +0200] "GET / HTTP/1.1" 200 326 "-" "Baiduspider+(+http://www.baidu.com/search/spider.htm)"
