18.119.112.93 - - [19/Nov/2022:14:45:32 +0100] "GET /core/moo.fx.js HTTP/1.1" 200 3267 "http://www.quartier-bb.de/?kontakt,8" "Mozilla/5.0 (Macintosh; Intel Mac OS X 10_15_7) AppleWebKit/537.36 (KHTML, like Gecko) Chrome/91.0.4472.114 Safari/537.36"
18.119.112.93 - - [19/Nov/2022:14:45:32 +0100] "GET /?kontakt,8 HTTP/1.1" 200 40109 "-" "Mozilla/5.0 (Macintosh; Intel Mac OS X 10_15_7) AppleWebKit/537.36 (KHTML, like Gecko) Chrome/91.0.4472.114 Safari/537.36"
18.119.112.93 - - [19/Nov/2022:14:45:32 +0100] "GET /core/litebox-1.0.js HTTP/1.1" 200 15581 "http://www.quartier-bb.de/?kontakt,8" "Mozilla/5.0 (Macintosh; Intel Mac OS X 10_15_7) AppleWebKit/537.36 (KHTML, like Gecko) Chrome/91.0.4472.114 Safari/537.36"
18.119.112.93 - - [19/Nov/2022:14:45:33 +0100] "GET /templates/plugins.css HTTP/1.1" 200 1931 "http://www.quartier-bb.de/templates/default.css" "Mozilla/5.0 (Macintosh; Intel Mac OS X 10_15_7) AppleWebKit/537.36 (KHTML, like Gecko) Chrome/91.0.4472.114 Safari/537.36"
18.119.112.93 - - [19/Nov/2022:14:45:34 +0100] "GET /?home,1 HTTP/1.1" 200 6640 "-" "Mozilla/5.0 (Macintosh; Intel Mac OS X 10_15_7) AppleWebKit/537.36 (KHTML, like Gecko) Chrome/91.0.4472.114 Safari/537.36"
18.119.112.93 - - [19/Nov/2022:14:45:34 +0100] "GET /templates/default.css HTTP/1.1" 200 7156 "-" "Mozilla/5.0 (Macintosh; Intel Mac OS X 10_15_7) AppleWebKit/537.36 (KHTML, like Gecko) Chrome/91.0.4472.114 Safari/537.36"
18.119.112.93 - - [19/Nov/2022:14:45:34 +0100] "GET /core/common.js HTTP/1.1" 200 2364 "http://www.quartier-bb.de/?home,1" "Mozilla/5.0 (Macintosh; Intel Mac OS X 10_15_7) AppleWebKit/537.36 (KHTML, like Gecko) Chrome/91.0.4472.114 Safari/537.36"
18.119.112.93 - - [19/Nov/2022:14:45:34 +0100] "GET /core/plugins.js HTTP/1.1" 200 28 "http://www.quartier-bb.de/?home,1" "Mozilla/5.0 (Macintosh; Intel Mac OS X 10_15_7) AppleWebKit/537.36 (KHTML, like Gecko) Chrome/91.0.4472.114 Safari/537.36"
18.119.112.93 - - [19/Nov/2022:14:45:34 +0100] "GET /core/prototype.lite.js HTTP/1.1" 200 3335 "http://www.quartier-bb.de/?home,1" "Mozilla/5.0 (Macintosh; Intel Mac OS X 10_15_7) AppleWebKit/537.36 (KHTML, like Gecko) Chrome/91.0.4472.114 Safari/537.36"
18.119.112.93 - - [19/Nov/2022:14:45:34 +0100] "GET /core/litebox-1.0.js HTTP/1.1" 200 15581 "http://www.quartier-bb.de/?home,1" "Mozilla/5.0 (Macintosh; Intel Mac OS X 10_15_7) AppleWebKit/537.36 (KHTML, like Gecko) Chrome/91.0.4472.114 Safari/537.36"
18.119.112.93 - - [19/Nov/2022:14:45:34 +0100] "GET /core/moo.fx.js HTTP/1.1" 200 3267 "http://www.quartier-bb.de/?home,1" "Mozilla/5.0 (Macintosh; Intel Mac OS X 10_15_7) AppleWebKit/537.36 (KHTML, like Gecko) Chrome/91.0.4472.114 Safari/537.36"
18.119.112.93 - - [19/Nov/2022:14:45:35 +0100] "GET /templates/plugins.css HTTP/1.1" 200 1931 "http://www.quartier-bb.de/templates/default.css" "Mozilla/5.0 (Macintosh; Intel Mac OS X 10_15_7) AppleWebKit/537.36 (KHTML, like Gecko) Chrome/91.0.4472.114 Safari/537.36"
114.119.137.200 - - [19/Nov/2022:16:35:58 +0100] "GET /?disclaimer-datenschutz,14 HTTP/1.1" 200 76819 "http://www.quartier-bb.de?kontakt%2C8" "Mozilla/5.0 (Linux; Android 7.0;) AppleWebKit/537.36 (KHTML, like Gecko) Mobile Safari/537.36 (compatible; PetalBot;+https://webmaster.petalsearch.com/site/petalbot)"
114.119.137.195 - - [19/Nov/2022:16:51:50 +0100] "GET /?home,1 HTTP/1.1" 200 6640 "http://www.quartier-bb.de?kontakt%2C8" "Mozilla/5.0 (Linux; Android 7.0;) AppleWebKit/537.36 (KHTML, like Gecko) Mobile Safari/537.36 (compatible; PetalBot;+https://webmaster.petalsearch.com/site/petalbot)"
34.77.44.76 - - [19/Nov/2022:18:14:55 +0100] "HEAD / HTTP/1.1" 200 - "-" "Apache-HttpClient/4.5.5 (Java/11.0.9)"
89.246.241.14 - - [19/Nov/2022:19:05:36 +0100] "GET /?impressum,15 HTTP/1.1" 200 26121 "-" "Mozilla/5.0 (Windows NT 10.0; Win64; x64; rv:101.0) Gecko/20100101 Firefox/101.0"
89.246.241.14 - - [19/Nov/2022:19:49:31 +0100] "GET /?leistung,40 HTTP/1.1" 200 6895 "-" "Mozilla/5.0 (Windows NT 10.0; Win64; x64; rv:101.0) Gecko/20100101 Firefox/101.0"
114.119.137.145 - - [19/Nov/2022:20:50:51 +0100] "GET /robots.txt HTTP/1.1" 404 1256 "-" "Mozilla/5.0 (compatible;PetalBot;+https://webmaster.petalsearch.com/site/petalbot)"
89.246.241.14 - - [19/Nov/2022:22:14:50 +0100] "GET /?kontakt,8 HTTP/1.1" 200 40109 "-" "Mozilla/5.0 (Windows NT 10.0; Win64; x64; rv:101.0) Gecko/20100101 Firefox/101.0"
66.249.66.83 - - [19/Nov/2022:23:23:50 +0100] "GET /robots.txt HTTP/1.1" 404 1256 "-" "Mozilla/5.0 (compatible; Googlebot/2.1; +http://www.google.com/bot.html)"
66.249.66.84 - - [19/Nov/2022:23:23:50 +0100] "GET /?kontakt,8 HTTP/1.1" 200 40109 "-" "Mozilla/5.0 (Linux; Android 6.0.1; Nexus 5X Build/MMB29P) AppleWebKit/537.36 (KHTML, like Gecko) Chrome/107.0.5304.110 Mobile Safari/537.36 (compatible; Googlebot/2.1; +http://www.google.com/bot.html)"
66.249.66.83 - - [19/Nov/2022:23:23:56 +0100] "GET /templates/plugins.css HTTP/1.1" 200 1931 "http://www.quartier-bb.de/templates/default.css" "Mozilla/5.0 (Linux; Android 6.0.1; Nexus 5X Build/MMB29P) AppleWebKit/537.36 (KHTML, like Gecko) Chrome/106.0.5249.119 Mobile Safari/537.36 (compatible; Googlebot/2.1; +http://www.google.com/bot.html)"
40.77.167.6 - - [19/Nov/2022:23:32:42 +0100] "GET / HTTP/1.1" 200 6640 "-" "Mozilla/5.0 AppleWebKit/537.36 (KHTML, like Gecko; compatible; bingbot/2.0; +http://www.bing.com/bingbot.htm) Chrome/103.0.5060.134 Safari/537.36"
85.25.177.187 - - [20/Nov/2022:01:13:40 +0100] "GET /robots.txt HTTP/1.1" 404 1256 "-" "Mozilla/5.0 (Macintosh; Intel Mac OS X 10.15; rv:103.0) Gecko/20100101 Firefox/103.0"
85.25.177.187 - - [20/Nov/2022:01:13:40 +0100] "GET /sitemap.xml HTTP/1.1" 404 1256 "-" "Mozilla/5.0 (Macintosh; Intel Mac OS X 10.15; rv:103.0) Gecko/20100101 Firefox/103.0"
85.25.177.187 - - [20/Nov/2022:01:13:42 +0100] "GET / HTTP/1.1" 200 6640 "-" "Mozilla/5.0 (Macintosh; Intel Mac OS X 10.15; rv:103.0) Gecko/20100101 Firefox/103.0"
208.67.104.167 - - [20/Nov/2022:03:33:45 +0100] "GET / HTTP/1.1" 200 6640 "-" "python-requests/2.27.1"
208.67.104.167 - - [20/Nov/2022:03:33:47 +0100] "GET /.env HTTP/1.1" 404 1256 "-" "python-requests/2.27.1"
194.173.174.106 - - [20/Nov/2022:03:42:56 +0100] "HEAD / HTTP/1.1" 200 - "-" "Mozilla/5.0 (Windows NT 6.3; WOW64) AppleWebKit/537.36 (KHTML, like Gecko) Chrome/43.0.2357.134 Safari/537.36"
165.227.105.217 - - [20/Nov/2022:03:49:15 +0100] "POST /ALFA_DATA/alfacgiapi/perl.alfa HTTP/1.1" 404 1256 "www.google.com" "Mozlila/5.0 (Linux; Android 7.0; SM-G892A Bulid/NRD90M; wv) AppleWebKit/537.36 (KHTML, like Gecko) Version/4.0 Chrome/60.0.3112.107 Moblie Safari/537.36"
165.227.105.217 - - [20/Nov/2022:03:49:15 +0100] "POST /wp-plain.php HTTP/1.1" 404 1256 "www.google.com" "Mozilla/5.0 (Linux; Android 7.0; SM-G892A Bulid/NRD90M; wv) AppleWebKit/537.36 (KHTML, like Gecko) Version/4.0 Chrome/60.0.3112.107 Moblie Safari/537.36"
165.227.105.217 - - [20/Nov/2022:03:49:15 +0100] "GET / HTTP/1.1" 200 6640 "-" "Mozlila/5.0 (Linux; Android 7.0; SM-G892A Bulid/NRD90M; wv) AppleWebKit/537.36 (KHTML, like Gecko) Version/4.0 Chrome/60.0.3112.107 Moblie Safari/537.36"
165.227.105.217 - - [20/Nov/2022:03:49:15 +0100] "POST /alfacgiapi/perl.alfa HTTP/1.1" 404 1256 "www.google.com" "Mozlila/5.0 (Linux; Android 7.0; SM-G892A Bulid/NRD90M; wv) AppleWebKit/537.36 (KHTML, like Gecko) Version/4.0 Chrome/60.0.3112.107 Moblie Safari/537.36"
165.227.105.217 - - [20/Nov/2022:03:49:15 +0100] "GET /uxqlnuiy.php?Fox=d3wL7 HTTP/1.1" 404 1256 "www.google.com" "Mozilla/5.0 (Linux; Android 7.0; SM-G892A Bulid/NRD90M; wv) AppleWebKit/537.36 (KHTML, like Gecko) Version/4.0 Chrome/60.0.3112.107 Moblie Safari/537.36"
51.222.253.12 - - [20/Nov/2022:03:54:49 +0100] "GET /robots.txt HTTP/1.1" 404 1256 "-" "Mozilla/5.0 (compatible; AhrefsBot/7.0; +http://ahrefs.com/robot/)"
85.25.177.187 - - [20/Nov/2022:04:27:19 +0100] "GET /robots.txt HTTP/1.1" 404 1256 "-" "Mozilla/5.0 (Macintosh; Intel Mac OS X 10.15; rv:103.0) Gecko/20100101 Firefox/103.0"
85.25.177.187 - - [20/Nov/2022:04:27:19 +0100] "GET /?leistung,40 HTTP/1.1" 200 6895 "-" "Mozilla/5.0 (Macintosh; Intel Mac OS X 10.15; rv:103.0) Gecko/20100101 Firefox/103.0"
195.191.219.130 - - [20/Nov/2022:04:38:54 +0100] "GET /robots.txt HTTP/1.1" 404 1256 "-" "Mozilla/5.0 (compatible; MJ12bot/v1.4.8; http://mj12bot.com/)"
195.191.219.130 - - [20/Nov/2022:04:38:58 +0100] "GET / HTTP/1.1" 200 6640 "-" "Mozilla/5.0 (compatible; MJ12bot/v1.4.8; http://mj12bot.com/)"
85.25.177.187 - - [20/Nov/2022:04:52:04 +0100] "GET /robots.txt HTTP/1.1" 404 1256 "-" "Mozilla/5.0 (Macintosh; Intel Mac OS X 10.15; rv:103.0) Gecko/20100101 Firefox/103.0"
85.25.177.187 - - [20/Nov/2022:04:52:04 +0100] "GET /sitemap.xml HTTP/1.1" 404 1256 "-" "Mozilla/5.0 (Macintosh; Intel Mac OS X 10.15; rv:103.0) Gecko/20100101 Firefox/103.0"
89.246.241.14 - - [20/Nov/2022:04:52:38 +0100] "GET /?unternehmen,35 HTTP/1.1" 200 5544 "-" "Mozilla/5.0 (Windows NT 10.0; Win64; x64; rv:101.0) Gecko/20100101 Firefox/101.0"
85.25.177.187 - - [20/Nov/2022:05:19:55 +0100] "GET /robots.txt HTTP/1.1" 404 1256 "-" "Mozilla/5.0 (Macintosh; Intel Mac OS X 10.15; rv:103.0) Gecko/20100101 Firefox/103.0"
85.25.177.187 - - [20/Nov/2022:05:19:55 +0100] "GET /?impressum,15 HTTP/1.1" 200 26121 "-" "Mozilla/5.0 (Macintosh; Intel Mac OS X 10.15; rv:103.0) Gecko/20100101 Firefox/103.0"
85.25.177.187 - - [20/Nov/2022:05:22:07 +0100] "GET /?disclaimer-datenschutz,14 HTTP/1.1" 200 76819 "-" "Mozilla/5.0 (Macintosh; Intel Mac OS X 10.15; rv:103.0) Gecko/20100101 Firefox/103.0"
85.25.177.187 - - [20/Nov/2022:05:28:07 +0100] "GET /robots.txt HTTP/1.1" 404 1256 "-" "Mozilla/5.0 (Macintosh; Intel Mac OS X 10.15; rv:103.0) Gecko/20100101 Firefox/103.0"
85.25.177.187 - - [20/Nov/2022:05:28:07 +0100] "GET /?unternehmen,35 HTTP/1.1" 200 5544 "-" "Mozilla/5.0 (Macintosh; Intel Mac OS X 10.15; rv:103.0) Gecko/20100101 Firefox/103.0"
85.25.177.187 - - [20/Nov/2022:06:36:49 +0100] "GET /robots.txt HTTP/1.1" 404 1256 "-" "Mozilla/5.0 (Macintosh; Intel Mac OS X 10.15; rv:103.0) Gecko/20100101 Firefox/103.0"
85.25.177.187 - - [20/Nov/2022:06:36:49 +0100] "GET /?home,1 HTTP/1.1" 200 6640 "-" "Mozilla/5.0 (Macintosh; Intel Mac OS X 10.15; rv:103.0) Gecko/20100101 Firefox/103.0"
85.25.177.187 - - [20/Nov/2022:06:54:31 +0100] "GET /robots.txt HTTP/1.1" 404 1256 "-" "Mozilla/5.0 (Macintosh; Intel Mac OS X 10.15; rv:103.0) Gecko/20100101 Firefox/103.0"
85.25.177.187 - - [20/Nov/2022:06:54:31 +0100] "GET /? HTTP/1.1" 200 6640 "-" "Mozilla/5.0 (Macintosh; Intel Mac OS X 10.15; rv:103.0) Gecko/20100101 Firefox/103.0"
85.25.177.187 - - [20/Nov/2022:06:54:40 +0100] "GET /sitemap.xml HTTP/1.1" 404 1256 "-" "Mozilla/5.0 (Macintosh; Intel Mac OS X 10.15; rv:103.0) Gecko/20100101 Firefox/103.0"
89.246.241.14 - - [20/Nov/2022:07:06:57 +0100] "GET /?home,1 HTTP/1.1" 200 6640 "-" "Mozilla/5.0 (Windows NT 10.0; Win64; x64; rv:101.0) Gecko/20100101 Firefox/101.0"
92.117.251.164 - - [20/Nov/2022:07:16:36 +0100] "GET / HTTP/1.1" 200 6640 "https://www.google.de/" "Mozilla/5.0 (Linux; Android 12; SM-A515F) AppleWebKit/537.36 (KHTML, like Gecko) Chrome/107.0.0.0 Mobile Safari/537.36"
92.117.251.164 - - [20/Nov/2022:07:16:36 +0100] "GET /core/common.js HTTP/1.1" 200 2364 "http://www.quartier-bb.de/" "Mozilla/5.0 (Linux; Android 12; SM-A515F) AppleWebKit/537.36 (KHTML, like Gecko) Chrome/107.0.0.0 Mobile Safari/537.36"
92.117.251.164 - - [20/Nov/2022:07:16:36 +0100] "GET /templates/default.css HTTP/1.1" 200 7156 "http://www.quartier-bb.de/" "Mozilla/5.0 (Linux; Android 12; SM-A515F) AppleWebKit/537.36 (KHTML, like Gecko) Chrome/107.0.0.0 Mobile Safari/537.36"
92.117.251.164 - - [20/Nov/2022:07:16:36 +0100] "GET /core/plugins.js HTTP/1.1" 200 28 "http://www.quartier-bb.de/" "Mozilla/5.0 (Linux; Android 12; SM-A515F) AppleWebKit/537.36 (KHTML, like Gecko) Chrome/107.0.0.0 Mobile Safari/537.36"
92.117.251.164 - - [20/Nov/2022:07:16:36 +0100] "GET /core/prototype.lite.js HTTP/1.1" 200 3335 "http://www.quartier-bb.de/" "Mozilla/5.0 (Linux; Android 12; SM-A515F) AppleWebKit/537.36 (KHTML, like Gecko) Chrome/107.0.0.0 Mobile Safari/537.36"
92.117.251.164 - - [20/Nov/2022:07:16:36 +0100] "GET /core/moo.fx.js HTTP/1.1" 200 3267 "http://www.quartier-bb.de/" "Mozilla/5.0 (Linux; Android 12; SM-A515F) AppleWebKit/537.36 (KHTML, like Gecko) Chrome/107.0.0.0 Mobile Safari/537.36"
92.117.251.164 - - [20/Nov/2022:07:16:36 +0100] "GET /core/litebox-1.0.js HTTP/1.1" 200 15581 "http://www.quartier-bb.de/" "Mozilla/5.0 (Linux; Android 12; SM-A515F) AppleWebKit/537.36 (KHTML, like Gecko) Chrome/107.0.0.0 Mobile Safari/537.36"
92.117.251.164 - - [20/Nov/2022:07:34:39 +0100] "GET / HTTP/1.1" 200 6640 "https://www.google.de/" "Mozilla/5.0 (Linux; Android 12; SM-A515F) AppleWebKit/537.36 (KHTML, like Gecko) Chrome/107.0.0.0 Mobile Safari/537.36"
89.246.241.14 - - [20/Nov/2022:07:44:20 +0100] "GET /?disclaimer-datenschutz,14 HTTP/1.1" 200 76819 "-" "Mozilla/5.0 (Windows NT 10.0; Win64; x64; rv:101.0) Gecko/20100101 Firefox/101.0"
92.117.251.164 - - [20/Nov/2022:08:10:52 +0100] "GET / HTTP/1.1" 200 6640 "https://www.google.de/" "Mozilla/5.0 (Linux; Android 12; SM-A515F) AppleWebKit/537.36 (KHTML, like Gecko) Chrome/107.0.0.0 Mobile Safari/537.36"
213.83.37.145 - - [20/Nov/2022:08:17:53 +0100] "HEAD / HTTP/1.1" 200 - "-" "Mozilla/5.0 (Windows NT 6.1; rv:39.0) Gecko/20180101 Firefox/39.0"
213.83.37.145 - - [20/Nov/2022:08:17:54 +0100] "HEAD / HTTP/1.1" 200 - "-" "Mozilla/5.0 (Windows NT 6.1; rv:39.0) Gecko/20180101 Firefox/39.0"
213.83.37.145 - - [20/Nov/2022:08:17:54 +0100] "HEAD / HTTP/1.1" 200 - "-" "Mozilla/5.0 (Windows NT 6.1; rv:39.0) Gecko/20180101 Firefox/39.0"
213.83.37.145 - - [20/Nov/2022:08:17:54 +0100] "HEAD / HTTP/1.1" 200 - "-" "Mozilla/5.0 (Windows NT 6.1; rv:39.0) Gecko/20180101 Firefox/39.0"
85.25.177.187 - - [20/Nov/2022:08:23:11 +0100] "GET /robots.txt HTTP/1.1" 404 1256 "-" "Mozilla/5.0 (Macintosh; Intel Mac OS X 10.15; rv:103.0) Gecko/20100101 Firefox/103.0"
85.25.177.187 - - [20/Nov/2022:08:23:12 +0100] "GET /?kontakt,8 HTTP/1.1" 200 40109 "-" "Mozilla/5.0 (Macintosh; Intel Mac OS X 10.15; rv:103.0) Gecko/20100101 Firefox/103.0"
40.77.167.6 - - [20/Nov/2022:08:58:36 +0100] "GET / HTTP/1.1" 200 6640 "-" "Mozilla/5.0 (compatible; bingbot/2.0; +http://www.bing.com/bingbot.htm)"
66.249.66.83 - - [20/Nov/2022:09:10:37 +0100] "GET /?kontakt,8 HTTP/1.1" 200 40109 "-" "Mozilla/5.0 (compatible; Googlebot/2.1; +http://www.google.com/bot.html)"
66.249.66.82 - - [20/Nov/2022:09:10:48 +0100] "GET /favicon.ico HTTP/1.1" 200 2602 "-" "Googlebot-Image/1.0"
66.249.66.83 - - [20/Nov/2022:09:55:37 +0100] "GET /?kontakt,8 HTTP/1.1" 200 40109 "-" "Mozilla/5.0 (Linux; Android 6.0.1; Nexus 5X Build/MMB29P) AppleWebKit/537.36 (KHTML, like Gecko) Chrome/107.0.5304.110 Mobile Safari/537.36 (compatible; Googlebot/2.1; +http://www.google.com/bot.html)"
85.25.177.187 - - [20/Nov/2022:09:57:26 +0100] "GET /robots.txt HTTP/1.1" 404 1256 "-" "Mozilla/5.0 (Macintosh; Intel Mac OS X 10.15; rv:103.0) Gecko/20100101 Firefox/103.0"
85.25.177.187 - - [20/Nov/2022:09:57:26 +0100] "GET /sitemap.xml HTTP/1.1" 404 1256 "-" "Mozilla/5.0 (Macintosh; Intel Mac OS X 10.15; rv:103.0) Gecko/20100101 Firefox/103.0"
92.117.251.164 - - [20/Nov/2022:10:18:06 +0100] "GET / HTTP/1.1" 200 6640 "https://www.google.de/" "Mozilla/5.0 (Linux; Android 12; SM-A515F) AppleWebKit/537.36 (KHTML, like Gecko) Chrome/107.0.0.0 Mobile Safari/537.36"
85.25.177.187 - - [20/Nov/2022:10:36:31 +0100] "GET /robots.txt HTTP/1.1" 404 1256 "-" "Mozilla/5.0 (Macintosh; Intel Mac OS X 10.15; rv:103.0) Gecko/20100101 Firefox/103.0"
85.25.177.187 - - [20/Nov/2022:10:36:31 +0100] "GET / HTTP/1.1" 200 6640 "-" "Mozilla/5.0 (Macintosh; Intel Mac OS X 10.15; rv:103.0) Gecko/20100101 Firefox/103.0"
85.25.177.187 - - [20/Nov/2022:10:36:33 +0100] "GET /sitemap.xml HTTP/1.1" 404 1256 "-" "Mozilla/5.0 (Macintosh; Intel Mac OS X 10.15; rv:103.0) Gecko/20100101 Firefox/103.0"
85.25.177.187 - - [20/Nov/2022:12:43:14 +0100] "GET /robots.txt HTTP/1.1" 404 1256 "-" "Mozilla/5.0 (Macintosh; Intel Mac OS X 10.15; rv:103.0) Gecko/20100101 Firefox/103.0"
85.25.177.187 - - [20/Nov/2022:12:43:14 +0100] "GET /sitemap.xml HTTP/1.1" 404 1256 "-" "Mozilla/5.0 (Macintosh; Intel Mac OS X 10.15; rv:103.0) Gecko/20100101 Firefox/103.0"
95.217.211.108 - - [20/Nov/2022:12:51:00 +0100] "GET / HTTP/1.1" 200 6640 "-" "Mozilla/5.0 (Windows NT 10.0; Win64; x64) AppleWebKit/537.36 (KHTML, like Gecko) Chrome/102.0.5005.63 Safari/537.36"
85.25.177.187 - - [20/Nov/2022:14:48:35 +0100] "GET /robots.txt HTTP/1.1" 404 1256 "-" "Mozilla/5.0 (Macintosh; Intel Mac OS X 10.15; rv:103.0) Gecko/20100101 Firefox/103.0"
85.25.177.187 - - [20/Nov/2022:14:48:35 +0100] "GET /sitemap.xml HTTP/1.1" 404 1256 "-" "Mozilla/5.0 (Macintosh; Intel Mac OS X 10.15; rv:103.0) Gecko/20100101 Firefox/103.0"
40.77.167.6 - - [20/Nov/2022:15:15:42 +0100] "GET / HTTP/1.1" 200 6640 "-" "Mozilla/5.0 AppleWebKit/537.36 (KHTML, like Gecko; compatible; bingbot/2.0; +http://www.bing.com/bingbot.htm) Chrome/103.0.5060.134 Safari/537.36"
114.119.132.72 - - [20/Nov/2022:15:52:38 +0100] "GET /robots.txt HTTP/1.1" 404 1256 "-" "Mozilla/5.0 (compatible;PetalBot;+https://webmaster.petalsearch.com/site/petalbot)"
35.187.54.44 - - [20/Nov/2022:17:58:34 +0100] "HEAD / HTTP/1.1" 200 - "-" "Apache-HttpClient/4.5.5 (Java/11.0.9)"
20.191.45.212 - - [20/Nov/2022:19:45:45 +0100] "GET / HTTP/1.1" 200 6640 "http://www.quartier-bb.de/" "Mozilla/5.0 (compatible; DuckDuckGo-Favicons-Bot/1.0; +http://duckduckgo.com)"
20.191.45.212 - - [20/Nov/2022:19:45:45 +0100] "GET /favicon.ico HTTP/1.1" 200 2602 "http://www.quartier-bb.de/favicon.ico" "Mozilla/5.0 (compatible; DuckDuckGo-Favicons-Bot/1.0; +http://duckduckgo.com)"
114.119.137.193 - - [20/Nov/2022:20:59:57 +0100] "GET /?disclaimer-datenschutz,14 HTTP/1.1" 200 76819 "http://www.quartier-bb.de?kontakt%2C8" "Mozilla/5.0 (Linux; Android 7.0;) AppleWebKit/537.36 (KHTML, like Gecko) Mobile Safari/537.36 (compatible; PetalBot;+https://webmaster.petalsearch.com/site/petalbot)"
194.173.174.10 - - [21/Nov/2022:01:59:52 +0100] "HEAD / HTTP/1.1" 200 - "-" "Mozilla/5.0 (Windows NT 6.3; WOW64) AppleWebKit/537.36 (KHTML, like Gecko) Chrome/43.0.2357.134 Safari/537.36"
66.249.93.178 - - [21/Nov/2022:02:24:45 +0100] "GET / HTTP/1.1" 200 6640 "-" "Mozilla/5.0 (Macintosh; Intel Mac OS X 10_15_7) AppleWebKit/537.36 (KHTML, like Gecko) Chrome/94.0.4590.2 Safari/537.36 Chrome-Lighthouse"
66.249.93.180 - - [21/Nov/2022:02:24:45 +0100] "GET /core/plugins.js HTTP/1.1" 200 28 "http://www.quartier-bb.de/" "Mozilla/5.0 (Macintosh; Intel Mac OS X 10_15_7) AppleWebKit/537.36 (KHTML, like Gecko) Chrome/94.0.4590.2 Safari/537.36 Chrome-Lighthouse"
66.249.93.178 - - [21/Nov/2022:02:24:45 +0100] "GET /templates/default.css HTTP/1.1" 200 7156 "http://www.quartier-bb.de/" "Mozilla/5.0 (Macintosh; Intel Mac OS X 10_15_7) AppleWebKit/537.36 (KHTML, like Gecko) Chrome/94.0.4590.2 Safari/537.36 Chrome-Lighthouse"
66.249.93.180 - - [21/Nov/2022:02:24:45 +0100] "GET /core/common.js HTTP/1.1" 200 2364 "http://www.quartier-bb.de/" "Mozilla/5.0 (Macintosh; Intel Mac OS X 10_15_7) AppleWebKit/537.36 (KHTML, like Gecko) Chrome/94.0.4590.2 Safari/537.36 Chrome-Lighthouse"
66.249.93.178 - - [21/Nov/2022:02:24:45 +0100] "GET /core/litebox-1.0.js HTTP/1.1" 200 15581 "http://www.quartier-bb.de/" "Mozilla/5.0 (Macintosh; Intel Mac OS X 10_15_7) AppleWebKit/537.36 (KHTML, like Gecko) Chrome/94.0.4590.2 Safari/537.36 Chrome-Lighthouse"
66.249.93.180 - - [21/Nov/2022:02:24:45 +0100] "GET /core/moo.fx.js HTTP/1.1" 200 3267 "http://www.quartier-bb.de/" "Mozilla/5.0 (Macintosh; Intel Mac OS X 10_15_7) AppleWebKit/537.36 (KHTML, like Gecko) Chrome/94.0.4590.2 Safari/537.36 Chrome-Lighthouse"
66.249.93.178 - - [21/Nov/2022:02:24:45 +0100] "GET /core/prototype.lite.js HTTP/1.1" 200 3335 "http://www.quartier-bb.de/" "Mozilla/5.0 (Macintosh; Intel Mac OS X 10_15_7) AppleWebKit/537.36 (KHTML, like Gecko) Chrome/94.0.4590.2 Safari/537.36 Chrome-Lighthouse"
66.249.93.180 - - [21/Nov/2022:02:24:45 +0100] "GET /files/top_left_basic.gif HTTP/1.1" 200 261 "http://www.quartier-bb.de/" "Mozilla/5.0 (Macintosh; Intel Mac OS X 10_15_7) AppleWebKit/537.36 (KHTML, like Gecko) Chrome/94.0.4590.2 Safari/537.36 Chrome-Lighthouse"
66.249.93.180 - - [21/Nov/2022:02:24:45 +0100] "GET /templates/plugins.css HTTP/1.1" 200 1931 "http://www.quartier-bb.de/templates/default.css" "Mozilla/5.0 (Macintosh; Intel Mac OS X 10_15_7) AppleWebKit/537.36 (KHTML, like Gecko) Chrome/94.0.4590.2 Safari/537.36 Chrome-Lighthouse"
66.249.93.176 - - [21/Nov/2022:02:24:45 +0100] "GET /templates/img/logo.gif HTTP/1.1" 200 3859 "http://www.quartier-bb.de/" "Mozilla/5.0 (Macintosh; Intel Mac OS X 10_15_7) AppleWebKit/537.36 (KHTML, like Gecko) Chrome/94.0.4590.2 Safari/537.36 Chrome-Lighthouse"
66.249.93.176 - - [21/Nov/2022:02:24:45 +0100] "GET /templates/img/points.gif HTTP/1.1" 200 62 "http://www.quartier-bb.de/templates/default.css" "Mozilla/5.0 (Macintosh; Intel Mac OS X 10_15_7) AppleWebKit/537.36 (KHTML, like Gecko) Chrome/94.0.4590.2 Safari/537.36 Chrome-Lighthouse"
66.249.93.176 - - [21/Nov/2022:02:24:45 +0100] "GET /templates/img/nav.gif HTTP/1.1" 200 1501 "http://www.quartier-bb.de/templates/default.css" "Mozilla/5.0 (Macintosh; Intel Mac OS X 10_15_7) AppleWebKit/537.36 (KHTML, like Gecko) Chrome/94.0.4590.2 Safari/537.36 Chrome-Lighthouse"
66.249.93.176 - - [21/Nov/2022:02:24:45 +0100] "GET /templates/img/two-columns.gif HTTP/1.1" 200 65 "http://www.quartier-bb.de/templates/default.css" "Mozilla/5.0 (Macintosh; Intel Mac OS X 10_15_7) AppleWebKit/537.36 (KHTML, like Gecko) Chrome/94.0.4590.2 Safari/537.36 Chrome-Lighthouse"
66.249.93.180 - - [21/Nov/2022:02:24:45 +0100] "GET /templates/img/bg.jpg HTTP/1.1" 200 18814 "http://www.quartier-bb.de/templates/default.css" "Mozilla/5.0 (Macintosh; Intel Mac OS X 10_15_7) AppleWebKit/537.36 (KHTML, like Gecko) Chrome/94.0.4590.2 Safari/537.36 Chrome-Lighthouse"
66.249.93.178 - - [21/Nov/2022:02:24:45 +0100] "GET /templates/img/header.png HTTP/1.1" 200 134243 "http://www.quartier-bb.de/templates/default.css" "Mozilla/5.0 (Macintosh; Intel Mac OS X 10_15_7) AppleWebKit/537.36 (KHTML, like Gecko) Chrome/94.0.4590.2 Safari/537.36 Chrome-Lighthouse"
66.249.93.178 - - [21/Nov/2022:02:24:45 +0100] "GET /templates/img/closelabel.gif HTTP/1.1" 200 649 "http://www.quartier-bb.de/" "Mozilla/5.0 (Macintosh; Intel Mac OS X 10_15_7) AppleWebKit/537.36 (KHTML, like Gecko) Chrome/94.0.4590.2 Safari/537.36 Chrome-Lighthouse"
66.249.93.176 - - [21/Nov/2022:02:24:45 +0100] "GET /templates/img/loading.gif HTTP/1.1" 200 2767 "http://www.quartier-bb.de/" "Mozilla/5.0 (Macintosh; Intel Mac OS X 10_15_7) AppleWebKit/537.36 (KHTML, like Gecko) Chrome/94.0.4590.2 Safari/537.36 Chrome-Lighthouse"
66.249.93.176 - - [21/Nov/2022:02:24:47 +0100] "GET / HTTP/1.1" 200 6640 "-" "Mozilla/5.0 (Macintosh; Intel Mac OS X 10_15_7) AppleWebKit/537.36 (KHTML, like Gecko) Chrome/94.0.4590.2 Safari/537.36 Chrome-Lighthouse"
66.249.93.176 - - [21/Nov/2022:02:24:48 +0100] "GET /templates/img/blank.gif HTTP/1.1" 200 43 "http://www.quartier-bb.de/" "Mozilla/5.0 (Macintosh; Intel Mac OS X 10_15_7) AppleWebKit/537.36 (KHTML, like Gecko) Chrome/94.0.4590.2 Safari/537.36 Chrome-Lighthouse"
145.239.99.107 - - [21/Nov/2022:03:28:33 +0100] "GET /?leistung,40 HTTP/1.1" 200 6895 "-" "-"
157.55.39.169 - - [21/Nov/2022:04:10:05 +0100] "GET /robots.txt HTTP/1.1" 404 1256 "-" "Mozilla/5.0 (compatible; bingbot/2.0; +http://www.bing.com/bingbot.htm)"
40.77.167.6 - - [21/Nov/2022:04:11:13 +0100] "GET / HTTP/1.1" 200 6640 "-" "Mozilla/5.0 AppleWebKit/537.36 (KHTML, like Gecko; compatible; bingbot/2.0; +http://www.bing.com/bingbot.htm) Chrome/103.0.5060.134 Safari/537.36"
195.191.219.133 - - [21/Nov/2022:05:02:49 +0100] "GET /robots.txt HTTP/1.1" 404 1256 "-" "Mozilla/5.0 (compatible; MJ12bot/v1.4.8; http://mj12bot.com/)"
195.191.219.133 - - [21/Nov/2022:05:02:50 +0100] "GET / HTTP/1.1" 200 6640 "-" "Mozilla/5.0 (compatible; MJ12bot/v1.4.8; http://mj12bot.com/)"
176.94.161.24 - - [21/Nov/2022:07:19:10 +0100] "GET / HTTP/1.1" 200 6640 "-" "Mozilla/5.0 (Windows NT 10.0; Win64; x64) AppleWebKit/537.36 (KHTML, like Gecko) Chrome/55.0.2883.87 Safari/537.36 eM Client/9.2.1222.0"
109.239.58.107 - - [21/Nov/2022:08:54:51 +0100] "GET / HTTP/1.1" 200 6640 "-" "Mozilla/5.0 (Windows NT 10.0; Win64; x64) AppleWebKit/537.36 (KHTML, like Gecko) Chrome/91.0.4472.114 Safari/537.36 Edg/91.0.864.54"
54.36.148.132 - - [21/Nov/2022:10:10:06 +0100] "GET /robots.txt HTTP/1.1" 404 1256 "-" "Mozilla/5.0 (compatible; AhrefsBot/7.0; +http://ahrefs.com/robot/)"
80.154.8.130 - - [21/Nov/2022:10:28:19 +0100] "GET / HTTP/1.1" 200 6640 "-" "Mozilla/5.0 (Windows NT 10.0; Win64; x64) AppleWebKit/537.36 (KHTML, like Gecko) Chrome/107.0.0.0 Safari/537.36 Edg/107.0.1418.52"
80.154.8.130 - - [21/Nov/2022:10:28:19 +0100] "GET /core/common.js HTTP/1.1" 200 2364 "http://www.quartier-bb.de/" "Mozilla/5.0 (Windows NT 10.0; Win64; x64) AppleWebKit/537.36 (KHTML, like Gecko) Chrome/107.0.0.0 Safari/537.36 Edg/107.0.1418.52"
80.154.8.130 - - [21/Nov/2022:10:28:19 +0100] "GET /core/plugins.js HTTP/1.1" 200 28 "http://www.quartier-bb.de/" "Mozilla/5.0 (Windows NT 10.0; Win64; x64) AppleWebKit/537.36 (KHTML, like Gecko) Chrome/107.0.0.0 Safari/537.36 Edg/107.0.1418.52"
80.154.8.130 - - [21/Nov/2022:10:28:19 +0100] "GET /core/moo.fx.js HTTP/1.1" 200 3267 "http://www.quartier-bb.de/" "Mozilla/5.0 (Windows NT 10.0; Win64; x64) AppleWebKit/537.36 (KHTML, like Gecko) Chrome/107.0.0.0 Safari/537.36 Edg/107.0.1418.52"
80.154.8.130 - - [21/Nov/2022:10:28:19 +0100] "GET /templates/default.css HTTP/1.1" 200 7156 "http://www.quartier-bb.de/" "Mozilla/5.0 (Windows NT 10.0; Win64; x64) AppleWebKit/537.36 (KHTML, like Gecko) Chrome/107.0.0.0 Safari/537.36 Edg/107.0.1418.52"
80.154.8.130 - - [21/Nov/2022:10:28:19 +0100] "GET /core/litebox-1.0.js HTTP/1.1" 200 15581 "http://www.quartier-bb.de/" "Mozilla/5.0 (Windows NT 10.0; Win64; x64) AppleWebKit/537.36 (KHTML, like Gecko) Chrome/107.0.0.0 Safari/537.36 Edg/107.0.1418.52"
80.154.8.130 - - [21/Nov/2022:10:28:19 +0100] "GET /core/prototype.lite.js HTTP/1.1" 200 3335 "http://www.quartier-bb.de/" "Mozilla/5.0 (Windows NT 10.0; Win64; x64) AppleWebKit/537.36 (KHTML, like Gecko) Chrome/107.0.0.0 Safari/537.36 Edg/107.0.1418.52"
80.154.8.130 - - [21/Nov/2022:10:28:19 +0100] "GET /templates/img/logo.gif HTTP/1.1" 200 3859 "http://www.quartier-bb.de/" "Mozilla/5.0 (Windows NT 10.0; Win64; x64) AppleWebKit/537.36 (KHTML, like Gecko) Chrome/107.0.0.0 Safari/537.36 Edg/107.0.1418.52"
80.154.8.130 - - [21/Nov/2022:10:28:19 +0100] "GET /files/top_left_basic.gif HTTP/1.1" 200 261 "http://www.quartier-bb.de/" "Mozilla/5.0 (Windows NT 10.0; Win64; x64) AppleWebKit/537.36 (KHTML, like Gecko) Chrome/107.0.0.0 Safari/537.36 Edg/107.0.1418.52"
80.154.8.130 - - [21/Nov/2022:10:28:19 +0100] "GET /templates/plugins.css HTTP/1.1" 200 1931 "http://www.quartier-bb.de/templates/default.css" "Mozilla/5.0 (Windows NT 10.0; Win64; x64) AppleWebKit/537.36 (KHTML, like Gecko) Chrome/107.0.0.0 Safari/537.36 Edg/107.0.1418.52"
80.154.8.130 - - [21/Nov/2022:10:28:19 +0100] "GET /templates/img/bg.jpg HTTP/1.1" 200 18814 "http://www.quartier-bb.de/templates/default.css" "Mozilla/5.0 (Windows NT 10.0; Win64; x64) AppleWebKit/537.36 (KHTML, like Gecko) Chrome/107.0.0.0 Safari/537.36 Edg/107.0.1418.52"
80.154.8.130 - - [21/Nov/2022:10:28:19 +0100] "GET /templates/img/loading.gif HTTP/1.1" 200 2767 "http://www.quartier-bb.de/" "Mozilla/5.0 (Windows NT 10.0; Win64; x64) AppleWebKit/537.36 (KHTML, like Gecko) Chrome/107.0.0.0 Safari/537.36 Edg/107.0.1418.52"
80.154.8.130 - - [21/Nov/2022:10:28:19 +0100] "GET /templates/img/closelabel.gif HTTP/1.1" 200 649 "http://www.quartier-bb.de/" "Mozilla/5.0 (Windows NT 10.0; Win64; x64) AppleWebKit/537.36 (KHTML, like Gecko) Chrome/107.0.0.0 Safari/537.36 Edg/107.0.1418.52"
80.154.8.130 - - [21/Nov/2022:10:28:19 +0100] "GET /templates/img/points.gif HTTP/1.1" 200 62 "http://www.quartier-bb.de/templates/default.css" "Mozilla/5.0 (Windows NT 10.0; Win64; x64) AppleWebKit/537.36 (KHTML, like Gecko) Chrome/107.0.0.0 Safari/537.36 Edg/107.0.1418.52"
80.154.8.130 - - [21/Nov/2022:10:28:19 +0100] "GET /templates/img/nav.gif HTTP/1.1" 200 1501 "http://www.quartier-bb.de/templates/default.css" "Mozilla/5.0 (Windows NT 10.0; Win64; x64) AppleWebKit/537.36 (KHTML, like Gecko) Chrome/107.0.0.0 Safari/537.36 Edg/107.0.1418.52"
80.154.8.130 - - [21/Nov/2022:10:28:19 +0100] "GET /templates/img/two-columns.gif HTTP/1.1" 200 65 "http://www.quartier-bb.de/templates/default.css" "Mozilla/5.0 (Windows NT 10.0; Win64; x64) AppleWebKit/537.36 (KHTML, like Gecko) Chrome/107.0.0.0 Safari/537.36 Edg/107.0.1418.52"
80.154.8.130 - - [21/Nov/2022:10:28:19 +0100] "GET /templates/img/header.png HTTP/1.1" 200 134243 "http://www.quartier-bb.de/templates/default.css" "Mozilla/5.0 (Windows NT 10.0; Win64; x64) AppleWebKit/537.36 (KHTML, like Gecko) Chrome/107.0.0.0 Safari/537.36 Edg/107.0.1418.52"
80.154.8.130 - - [21/Nov/2022:10:28:19 +0100] "GET /favicon.ico HTTP/1.1" 200 2602 "http://www.quartier-bb.de/" "Mozilla/5.0 (Windows NT 10.0; Win64; x64) AppleWebKit/537.36 (KHTML, like Gecko) Chrome/107.0.0.0 Safari/537.36 Edg/107.0.1418.52"
80.154.8.130 - - [21/Nov/2022:10:28:32 +0100] "GET /?unternehmen,35 HTTP/1.1" 200 5544 "http://www.quartier-bb.de/" "Mozilla/5.0 (Windows NT 10.0; Win64; x64) AppleWebKit/537.36 (KHTML, like Gecko) Chrome/107.0.0.0 Safari/537.36 Edg/107.0.1418.52"
80.154.8.130 - - [21/Nov/2022:10:28:35 +0100] "GET /?impressum,15 HTTP/1.1" 200 26121 "http://www.quartier-bb.de/?unternehmen,35" "Mozilla/5.0 (Windows NT 10.0; Win64; x64) AppleWebKit/537.36 (KHTML, like Gecko) Chrome/107.0.0.0 Safari/537.36 Edg/107.0.1418.52"
54.162.103.42 - - [21/Nov/2022:10:33:37 +0100] "GET / HTTP/1.1" 200 6640 "-" "Mozilla/5.0 (Windows NT 10.0; Win64; x64) AppleWebKit/537.36 (KHTML, like Gecko) Chrome/105.0.0.0 Safari/537.36"
114.119.155.210 - - [21/Nov/2022:11:56:08 +0100] "GET /robots.txt HTTP/1.1" 404 1256 "-" "Mozilla/5.0 (compatible;PetalBot;+https://webmaster.petalsearch.com/site/petalbot)"
114.119.137.200 - - [21/Nov/2022:14:01:43 +0100] "GET /?impressum,15 HTTP/1.1" 200 26121 "http://www.quartier-bb.de?kontakt%2C8" "Mozilla/5.0 (Linux; Android 7.0;) AppleWebKit/537.36 (KHTML, like Gecko) Mobile Safari/537.36 (compatible; PetalBot;+https://webmaster.petalsearch.com/site/petalbot)"
40.77.167.6 - - [21/Nov/2022:15:54:32 +0100] "GET / HTTP/1.1" 200 6640 "-" "Mozilla/5.0 AppleWebKit/537.36 (KHTML, like Gecko; compatible; bingbot/2.0; +http://www.bing.com/bingbot.htm) Chrome/103.0.5060.134 Safari/537.36"
188.100.66.140 - - [21/Nov/2022:16:39:59 +0100] "GET /?impressum,15 HTTP/1.1" 200 26121 "https://www.google.com/" "Mozilla/5.0 (Linux; Android 10; SAMSUNG SM-G960F) AppleWebKit/537.36 (KHTML, like Gecko) SamsungBrowser/19.0 Chrome/102.0.5005.125 Mobile Safari/537.36"
188.100.66.140 - - [21/Nov/2022:16:39:59 +0100] "GET /core/common.js HTTP/1.1" 200 2364 "http://www.quartier-bb.de/?impressum,15" "Mozilla/5.0 (Linux; Android 10; SAMSUNG SM-G960F) AppleWebKit/537.36 (KHTML, like Gecko) SamsungBrowser/19.0 Chrome/102.0.5005.125 Mobile Safari/537.36"
188.100.66.140 - - [21/Nov/2022:16:39:59 +0100] "GET /templates/default.css HTTP/1.1" 200 7156 "http://www.quartier-bb.de/?impressum,15" "Mozilla/5.0 (Linux; Android 10; SAMSUNG SM-G960F) AppleWebKit/537.36 (KHTML, like Gecko) SamsungBrowser/19.0 Chrome/102.0.5005.125 Mobile Safari/537.36"
188.100.66.140 - - [21/Nov/2022:16:39:59 +0100] "GET /core/plugins.js HTTP/1.1" 200 28 "http://www.quartier-bb.de/?impressum,15" "Mozilla/5.0 (Linux; Android 10; SAMSUNG SM-G960F) AppleWebKit/537.36 (KHTML, like Gecko) SamsungBrowser/19.0 Chrome/102.0.5005.125 Mobile Safari/537.36"
188.100.66.140 - - [21/Nov/2022:16:39:59 +0100] "GET /core/prototype.lite.js HTTP/1.1" 200 3335 "http://www.quartier-bb.de/?impressum,15" "Mozilla/5.0 (Linux; Android 10; SAMSUNG SM-G960F) AppleWebKit/537.36 (KHTML, like Gecko) SamsungBrowser/19.0 Chrome/102.0.5005.125 Mobile Safari/537.36"
188.100.66.140 - - [21/Nov/2022:16:39:59 +0100] "GET /core/moo.fx.js HTTP/1.1" 200 3267 "http://www.quartier-bb.de/?impressum,15" "Mozilla/5.0 (Linux; Android 10; SAMSUNG SM-G960F) AppleWebKit/537.36 (KHTML, like Gecko) SamsungBrowser/19.0 Chrome/102.0.5005.125 Mobile Safari/537.36"
188.100.66.140 - - [21/Nov/2022:16:39:59 +0100] "GET /core/litebox-1.0.js HTTP/1.1" 200 15581 "http://www.quartier-bb.de/?impressum,15" "Mozilla/5.0 (Linux; Android 10; SAMSUNG SM-G960F) AppleWebKit/537.36 (KHTML, like Gecko) SamsungBrowser/19.0 Chrome/102.0.5005.125 Mobile Safari/537.36"
188.100.66.140 - - [21/Nov/2022:16:39:59 +0100] "GET /templates/img/logo.gif HTTP/1.1" 200 3859 "http://www.quartier-bb.de/?impressum,15" "Mozilla/5.0 (Linux; Android 10; SAMSUNG SM-G960F) AppleWebKit/537.36 (KHTML, like Gecko) SamsungBrowser/19.0 Chrome/102.0.5005.125 Mobile Safari/537.36"
188.100.66.140 - - [21/Nov/2022:16:39:59 +0100] "GET /templates/plugins.css HTTP/1.1" 200 1931 "http://www.quartier-bb.de/templates/default.css" "Mozilla/5.0 (Linux; Android 10; SAMSUNG SM-G960F) AppleWebKit/537.36 (KHTML, like Gecko) SamsungBrowser/19.0 Chrome/102.0.5005.125 Mobile Safari/537.36"
188.100.66.140 - - [21/Nov/2022:16:39:59 +0100] "GET /templates/img/loading.gif HTTP/1.1" 200 2767 "http://www.quartier-bb.de/?impressum,15" "Mozilla/5.0 (Linux; Android 10; SAMSUNG SM-G960F) AppleWebKit/537.36 (KHTML, like Gecko) SamsungBrowser/19.0 Chrome/102.0.5005.125 Mobile Safari/537.36"
188.100.66.140 - - [21/Nov/2022:16:39:59 +0100] "GET /templates/img/closelabel.gif HTTP/1.1" 200 649 "http://www.quartier-bb.de/?impressum,15" "Mozilla/5.0 (Linux; Android 10; SAMSUNG SM-G960F) AppleWebKit/537.36 (KHTML, like Gecko) SamsungBrowser/19.0 Chrome/102.0.5005.125 Mobile Safari/537.36"
188.100.66.140 - - [21/Nov/2022:16:39:59 +0100] "GET /templates/img/bg.jpg HTTP/1.1" 200 18814 "http://www.quartier-bb.de/templates/default.css" "Mozilla/5.0 (Linux; Android 10; SAMSUNG SM-G960F) AppleWebKit/537.36 (KHTML, like Gecko) SamsungBrowser/19.0 Chrome/102.0.5005.125 Mobile Safari/537.36"
188.100.66.140 - - [21/Nov/2022:16:39:59 +0100] "GET /templates/img/points.gif HTTP/1.1" 200 62 "http://www.quartier-bb.de/templates/default.css" "Mozilla/5.0 (Linux; Android 10; SAMSUNG SM-G960F) AppleWebKit/537.36 (KHTML, like Gecko) SamsungBrowser/19.0 Chrome/102.0.5005.125 Mobile Safari/537.36"
188.100.66.140 - - [21/Nov/2022:16:40:00 +0100] "GET /templates/img/nav.gif HTTP/1.1" 200 1501 "http://www.quartier-bb.de/templates/default.css" "Mozilla/5.0 (Linux; Android 10; SAMSUNG SM-G960F) AppleWebKit/537.36 (KHTML, like Gecko) SamsungBrowser/19.0 Chrome/102.0.5005.125 Mobile Safari/537.36"
188.100.66.140 - - [21/Nov/2022:16:40:00 +0100] "GET /templates/img/two-columns.gif HTTP/1.1" 200 65 "http://www.quartier-bb.de/templates/default.css" "Mozilla/5.0 (Linux; Android 10; SAMSUNG SM-G960F) AppleWebKit/537.36 (KHTML, like Gecko) SamsungBrowser/19.0 Chrome/102.0.5005.125 Mobile Safari/537.36"
188.100.66.140 - - [21/Nov/2022:16:40:00 +0100] "GET /favicon.ico HTTP/1.1" 200 2602 "http://www.quartier-bb.de/?impressum,15" "Mozilla/5.0 (Linux; Android 10; SAMSUNG SM-G960F) AppleWebKit/537.36 (KHTML, like Gecko) SamsungBrowser/19.0 Chrome/102.0.5005.125 Mobile Safari/537.36"
188.100.66.140 - - [21/Nov/2022:16:39:59 +0100] "GET /templates/img/header.png HTTP/1.1" 200 134243 "http://www.quartier-bb.de/templates/default.css" "Mozilla/5.0 (Linux; Android 10; SAMSUNG SM-G960F) AppleWebKit/537.36 (KHTML, like Gecko) SamsungBrowser/19.0 Chrome/102.0.5005.125 Mobile Safari/537.36"
144.76.162.206 - - [21/Nov/2022:16:46:19 +0100] "GET / HTTP/1.1" 200 6640 "-" "Mozilla/5.0 (Macintosh; Intel Mac OS X 10_15_6) AppleWebKit/605.1.15 (KHTML, like Gecko) Version/14.0.2 Safari/605.1.15"
144.76.162.206 - - [21/Nov/2022:16:46:43 +0100] "GET /?kontakt,8 HTTP/1.1" 200 40109 "-" "Mozilla/5.0 (Macintosh; Intel Mac OS X 10_15_4) AppleWebKit/605.1.15 (KHTML, like Gecko) Version/13.1 Safari/605.1.15"
144.76.162.206 - - [21/Nov/2022:16:46:43 +0100] "GET /?impressum,15 HTTP/1.1" 200 26121 "-" "Mozilla/5.0 (Windows NT 6.3; Win64; x64; rv:83.0) Gecko/20100101 Firefox/83.0"
144.76.162.206 - - [21/Nov/2022:16:46:59 +0100] "GET /?leistung,40 HTTP/1.1" 200 6895 "-" "Mozilla/5.0 (Windows NT 10.0; WOW64) AppleWebKit/537.36 (KHTML, like Gecko) Chrome/86.0.4240.198 Safari/537.36"
144.76.162.206 - - [21/Nov/2022:16:46:59 +0100] "GET /?unternehmen,35 HTTP/1.1" 200 5544 "-" "Mozilla/5.0 (X11; Linux x86_64; rv:84.0) Gecko/20100101 Firefox/84.0"
144.76.162.206 - - [21/Nov/2022:16:46:59 +0100] "GET /?home,1 HTTP/1.1" 200 6640 "-" "Mozilla/5.0 (Windows NT 10.0; Win64; x64) AppleWebKit/537.36 (KHTML, like Gecko) Chrome/86.0.4240.111 Safari/537.36"
144.76.162.206 - - [21/Nov/2022:16:46:59 +0100] "GET /? HTTP/1.1" 200 6640 "-" "Mozilla/5.0 (X11; Linux x86_64) AppleWebKit/537.36 (KHTML, like Gecko) Chrome/86.0.4240.198 Safari/537.36"
144.76.162.206 - - [21/Nov/2022:16:46:59 +0100] "GET /?disclaimer-datenschutz,14 HTTP/1.1" 200 76819 "-" "Mozilla/5.0 (Windows NT 10.0; Win64; x64) AppleWebKit/537.36 (KHTML, like Gecko) Chrome/87.0.4280.88 Safari/537.36 Edg/87.0.664.57"
144.76.162.206 - - [21/Nov/2022:16:47:12 +0100] "GET /%3Fimpressum,15 HTTP/1.1" 404 1256 "-" "Mozilla/5.0 (Windows NT 10.0; Win64; x64) AppleWebKit/537.36 (KHTML, like Gecko) Chrome/87.0.4280.101 Safari/537.36"
188.100.66.140 - - [21/Nov/2022:18:16:13 +0100] "GET /?impressum,15 HTTP/1.1" 200 26121 "https://www.google.com/" "Mozilla/5.0 (Linux; Android 10; SAMSUNG SM-G960F) AppleWebKit/537.36 (KHTML, like Gecko) SamsungBrowser/19.0 Chrome/102.0.5005.125 Mobile Safari/537.36"
34.79.35.211 - - [21/Nov/2022:18:17:56 +0100] "HEAD / HTTP/1.1" 200 - "-" "Apache-HttpClient/4.5.5 (Java/11.0.9)"
3.71.166.58 - - [21/Nov/2022:18:24:52 +0100] "GET / HTTP/1.1" 200 6640 "-" "Mozilla/5.0 (Windows NT 6.3; WOW64; rv:46.0) Gecko/20100101 Firefox/46.0"
3.71.166.58 - - [21/Nov/2022:18:24:52 +0100] "GET /?impressum,15 HTTP/1.1" 200 26121 "-" "Mozilla/5.0 (Windows NT 6.3; WOW64; rv:46.0) Gecko/20100101 Firefox/46.0"
17.121.115.232 - - [21/Nov/2022:23:08:17 +0100] "GET /robots.txt HTTP/1.1" 404 1256 "-" "Mozilla/5.0 (Macintosh; Intel Mac OS X 10_15_5) AppleWebKit/605.1.15 (KHTML, like Gecko) Version/13.1.1 Safari/605.1.15 (Applebot/0.1; +http://www.apple.com/go/applebot)"
17.121.115.232 - - [21/Nov/2022:23:08:17 +0100] "GET / HTTP/1.1" 200 6640 "-" "Mozilla/5.0 (Macintosh; Intel Mac OS X 10_15_5) AppleWebKit/605.1.15 (KHTML, like Gecko) Version/13.1.1 Safari/605.1.15 (Applebot/0.1; +http://www.apple.com/go/applebot)"
51.222.253.2 - - [22/Nov/2022:03:31:54 +0100] "GET /robots.txt HTTP/1.1" 404 1256 "-" "Mozilla/5.0 (compatible; AhrefsBot/7.0; +http://ahrefs.com/robot/)"
54.36.148.109 - - [22/Nov/2022:03:31:58 +0100] "GET / HTTP/1.1" 200 6640 "-" "Mozilla/5.0 (compatible; AhrefsBot/7.0; +http://ahrefs.com/robot/)"
195.191.219.130 - - [22/Nov/2022:04:44:13 +0100] "GET /robots.txt HTTP/1.1" 404 1256 "-" "Mozilla/5.0 (compatible; MJ12bot/v1.4.8; http://mj12bot.com/)"
195.191.219.130 - - [22/Nov/2022:04:44:16 +0100] "GET / HTTP/1.1" 200 6640 "-" "Mozilla/5.0 (compatible; MJ12bot/v1.4.8; http://mj12bot.com/)"
91.10.156.212 - - [22/Nov/2022:04:45:40 +0100] "GET / HTTP/1.1" 200 6640 "https://www.google.com/" "Mozilla/5.0 (Linux; Android 10; AQM-LX1) AppleWebKit/537.36 (KHTML, like Gecko) Chrome/86.0.4240.99 Mobile Safari/537.36"
91.10.156.212 - - [22/Nov/2022:04:45:40 +0100] "GET /core/common.js HTTP/1.1" 200 2364 "http://www.quartier-bb.de/" "Mozilla/5.0 (Linux; Android 10; AQM-LX1) AppleWebKit/537.36 (KHTML, like Gecko) Chrome/86.0.4240.99 Mobile Safari/537.36"
91.10.156.212 - - [22/Nov/2022:04:45:40 +0100] "GET /templates/default.css HTTP/1.1" 200 7156 "-" "Mozilla/5.0 (Linux; Android 10; AQM-LX1) AppleWebKit/537.36 (KHTML, like Gecko) Chrome/86.0.4240.99 Mobile Safari/537.36"
91.10.156.212 - - [22/Nov/2022:04:45:40 +0100] "GET /core/plugins.js HTTP/1.1" 200 28 "http://www.quartier-bb.de/" "Mozilla/5.0 (Linux; Android 10; AQM-LX1) AppleWebKit/537.36 (KHTML, like Gecko) Chrome/86.0.4240.99 Mobile Safari/537.36"
91.10.156.212 - - [22/Nov/2022:04:45:40 +0100] "GET /core/prototype.lite.js HTTP/1.1" 200 3335 "http://www.quartier-bb.de/" "Mozilla/5.0 (Linux; Android 10; AQM-LX1) AppleWebKit/537.36 (KHTML, like Gecko) Chrome/86.0.4240.99 Mobile Safari/537.36"
91.10.156.212 - - [22/Nov/2022:04:45:40 +0100] "GET /core/moo.fx.js HTTP/1.1" 200 3267 "http://www.quartier-bb.de/" "Mozilla/5.0 (Linux; Android 10; AQM-LX1) AppleWebKit/537.36 (KHTML, like Gecko) Chrome/86.0.4240.99 Mobile Safari/537.36"
91.10.156.212 - - [22/Nov/2022:04:45:40 +0100] "GET /core/litebox-1.0.js HTTP/1.1" 200 15581 "http://www.quartier-bb.de/" "Mozilla/5.0 (Linux; Android 10; AQM-LX1) AppleWebKit/537.36 (KHTML, like Gecko) Chrome/86.0.4240.99 Mobile Safari/537.36"
40.77.167.6 - - [22/Nov/2022:04:48:36 +0100] "GET / HTTP/1.1" 200 6640 "-" "Mozilla/5.0 (compatible; bingbot/2.0; +http://www.bing.com/bingbot.htm)"
18.170.31.156 - - [22/Nov/2022:05:40:40 +0100] "GET / HTTP/1.1" 200 6640 "-" "Mozilla/5.0 (Macintosh; Intel Mac OS X 10_10_1) AppleWebKit/537.36 (KHTML, like Gecko) Chrome/39.0.2171.95 Safari/537.36"
194.173.174.10 - - [22/Nov/2022:05:58:39 +0100] "HEAD / HTTP/1.1" 200 - "-" "Mozilla/5.0 (Windows NT 6.3; WOW64) AppleWebKit/537.36 (KHTML, like Gecko) Chrome/43.0.2357.134 Safari/537.36"
207.46.13.6 - - [22/Nov/2022:07:37:51 +0100] "GET /templates/img/logo.gif HTTP/1.1" 200 3859 "-" "Mozilla/5.0 AppleWebKit/537.36 (KHTML, like Gecko; compatible; bingbot/2.0; +http://www.bing.com/bingbot.htm) Chrome/103.0.5060.134 Safari/537.36"
54.36.148.183 - - [22/Nov/2022:09:33:10 +0100] "GET /?unternehmen,35 HTTP/1.1" 200 5544 "-" "Mozilla/5.0 (compatible; AhrefsBot/7.0; +http://ahrefs.com/robot/)"
54.36.148.155 - - [22/Nov/2022:09:33:18 +0100] "GET /core/litebox-1.0.js HTTP/1.1" 200 15581 "-" "Mozilla/5.0 (compatible; AhrefsBot/7.0; +http://ahrefs.com/robot/)"
54.36.149.99 - - [22/Nov/2022:09:33:22 +0100] "GET /core/moo.fx.js HTTP/1.1" 200 3267 "-" "Mozilla/5.0 (compatible; AhrefsBot/7.0; +http://ahrefs.com/robot/)"
54.36.148.236 - - [22/Nov/2022:09:33:25 +0100] "GET /core/plugins.js HTTP/1.1" 200 28 "-" "Mozilla/5.0 (compatible; AhrefsBot/7.0; +http://ahrefs.com/robot/)"
54.36.148.169 - - [22/Nov/2022:09:33:25 +0100] "GET /core/common.js HTTP/1.1" 200 2364 "-" "Mozilla/5.0 (compatible; AhrefsBot/7.0; +http://ahrefs.com/robot/)"
54.36.148.70 - - [22/Nov/2022:09:33:28 +0100] "GET /core/prototype.lite.js HTTP/1.1" 200 3335 "-" "Mozilla/5.0 (compatible; AhrefsBot/7.0; +http://ahrefs.com/robot/)"
116.202.128.228 - - [22/Nov/2022:12:13:34 +0100] "GET /robots.txt HTTP/1.1" 404 1256 "-" "Mozilla/5.0 (compatible; BLEXBot/1.0; +http://webmeup-crawler.com/)"
116.202.128.228 - - [22/Nov/2022:12:13:34 +0100] "GET / HTTP/1.1" 200 6640 "-" "Mozilla/5.0 (compatible; BLEXBot/1.0; +http://webmeup-crawler.com/)"
85.25.177.187 - - [22/Nov/2022:13:01:04 +0100] "GET /robots.txt HTTP/1.1" 404 1256 "-" "Mozilla/5.0 (Macintosh; Intel Mac OS X 10.15; rv:103.0) Gecko/20100101 Firefox/103.0"
85.25.177.187 - - [22/Nov/2022:13:01:04 +0100] "GET /sitemap.xml HTTP/1.1" 404 1256 "-" "Mozilla/5.0 (Macintosh; Intel Mac OS X 10.15; rv:103.0) Gecko/20100101 Firefox/103.0"
85.25.177.187 - - [22/Nov/2022:13:01:08 +0100] "GET / HTTP/1.1" 200 6640 "-" "Mozilla/5.0 (Macintosh; Intel Mac OS X 10.15; rv:103.0) Gecko/20100101 Firefox/103.0"
136.243.83.54 - - [22/Nov/2022:13:41:45 +0100] "GET /robots.txt HTTP/1.1" 404 1256 "-" "Mozilla/5.0 (compatible; MetaJobBot; https://www.metajob.de/crawler)"
136.243.83.54 - - [22/Nov/2022:13:41:45 +0100] "GET /?disclaimer-datenschutz,14 HTTP/1.1" 200 76819 "-" "Mozilla/5.0 (compatible; MetaJobBot; https://www.metajob.de/crawler)"
194.169.175.135 - - [22/Nov/2022:17:06:40 +0100] "POST /wp-content/plugins/about.php HTTP/1.1" 404 1256 "www.google.com" "Mozlila/5.0 (Linux; Android 7.0; SM-G892A Bulid/NRD90M; wv) AppleWebKit/537.36 (KHTML, like Gecko) Version/4.0 Chrome/60.0.3112.107 Moblie Safari/537.36"
85.25.177.187 - - [22/Nov/2022:17:19:44 +0100] "GET /robots.txt HTTP/1.1" 404 1256 "-" "Mozilla/5.0 (Macintosh; Intel Mac OS X 10.15; rv:103.0) Gecko/20100101 Firefox/103.0"
85.25.177.187 - - [22/Nov/2022:17:19:44 +0100] "GET /?leistung,40 HTTP/1.1" 200 6895 "-" "Mozilla/5.0 (Macintosh; Intel Mac OS X 10.15; rv:103.0) Gecko/20100101 Firefox/103.0"
34.79.168.114 - - [22/Nov/2022:17:42:08 +0100] "HEAD / HTTP/1.1" 200 - "-" "Apache-HttpClient/4.5.5 (Java/11.0.9)"
85.25.177.187 - - [22/Nov/2022:17:51:20 +0100] "GET /robots.txt HTTP/1.1" 404 1256 "-" "Mozilla/5.0 (Macintosh; Intel Mac OS X 10.15; rv:103.0) Gecko/20100101 Firefox/103.0"
85.25.177.187 - - [22/Nov/2022:17:51:20 +0100] "GET /?kontakt,8 HTTP/1.1" 200 40109 "-" "Mozilla/5.0 (Macintosh; Intel Mac OS X 10.15; rv:103.0) Gecko/20100101 Firefox/103.0"
85.25.177.187 - - [22/Nov/2022:18:04:44 +0100] "GET /robots.txt HTTP/1.1" 404 1256 "-" "Mozilla/5.0 (Macintosh; Intel Mac OS X 10.15; rv:103.0) Gecko/20100101 Firefox/103.0"
85.25.177.187 - - [22/Nov/2022:18:04:44 +0100] "GET /sitemap.xml HTTP/1.1" 404 1256 "-" "Mozilla/5.0 (Macintosh; Intel Mac OS X 10.15; rv:103.0) Gecko/20100101 Firefox/103.0"
85.25.177.187 - - [22/Nov/2022:18:24:16 +0100] "GET /robots.txt HTTP/1.1" 404 1256 "-" "Mozilla/5.0 (Macintosh; Intel Mac OS X 10.15; rv:103.0) Gecko/20100101 Firefox/103.0"
85.25.177.187 - - [22/Nov/2022:18:24:16 +0100] "GET /?unternehmen,35 HTTP/1.1" 200 5544 "-" "Mozilla/5.0 (Macintosh; Intel Mac OS X 10.15; rv:103.0) Gecko/20100101 Firefox/103.0"
85.25.177.187 - - [22/Nov/2022:19:28:16 +0100] "GET /robots.txt HTTP/1.1" 404 1256 "-" "Mozilla/5.0 (Macintosh; Intel Mac OS X 10.15; rv:103.0) Gecko/20100101 Firefox/103.0"
85.25.177.187 - - [22/Nov/2022:19:28:16 +0100] "GET /?home,1 HTTP/1.1" 200 6640 "-" "Mozilla/5.0 (Macintosh; Intel Mac OS X 10.15; rv:103.0) Gecko/20100101 Firefox/103.0"
65.21.226.48 - - [22/Nov/2022:20:44:13 +0100] "GET /robots.txt HTTP/1.1" 404 1256 "-" "Mozilla/5.0 (compatible; SEOkicks; +https://www.seokicks.de/robot.html)"
65.21.226.48 - - [22/Nov/2022:20:44:14 +0100] "GET / HTTP/1.1" 200 6640 "-" "Mozilla/5.0 (compatible; SEOkicks; +https://www.seokicks.de/robot.html)"
65.21.226.48 - - [22/Nov/2022:20:44:16 +0100] "GET /?impressum,15 HTTP/1.1" 200 26121 "http://www.quartier-bb.de/" "Mozilla/5.0 (compatible; SEOkicks; +https://www.seokicks.de/robot.html)"
65.21.226.48 - - [22/Nov/2022:20:44:17 +0100] "GET /?disclaimer-datenschutz,14 HTTP/1.1" 200 76819 "http://www.quartier-bb.de/" "Mozilla/5.0 (compatible; SEOkicks; +https://www.seokicks.de/robot.html)"
65.21.226.48 - - [22/Nov/2022:20:44:18 +0100] "GET /?home,1 HTTP/1.1" 200 6640 "http://www.quartier-bb.de/" "Mozilla/5.0 (compatible; SEOkicks; +https://www.seokicks.de/robot.html)"
65.21.226.48 - - [22/Nov/2022:20:44:20 +0100] "GET /?leistung,40 HTTP/1.1" 200 6895 "http://www.quartier-bb.de/" "Mozilla/5.0 (compatible; SEOkicks; +https://www.seokicks.de/robot.html)"
65.21.226.48 - - [22/Nov/2022:20:44:21 +0100] "GET /?unternehmen,35 HTTP/1.1" 200 5544 "http://www.quartier-bb.de/" "Mozilla/5.0 (compatible; SEOkicks; +https://www.seokicks.de/robot.html)"
65.21.226.48 - - [22/Nov/2022:20:44:22 +0100] "GET /?kontakt,8 HTTP/1.1" 200 40109 "http://www.quartier-bb.de/" "Mozilla/5.0 (compatible; SEOkicks; +https://www.seokicks.de/robot.html)"
85.25.177.187 - - [22/Nov/2022:20:58:11 +0100] "GET /robots.txt HTTP/1.1" 404 1256 "-" "Mozilla/5.0 (Macintosh; Intel Mac OS X 10.15; rv:103.0) Gecko/20100101 Firefox/103.0"
85.25.177.187 - - [22/Nov/2022:20:58:11 +0100] "GET /? HTTP/1.1" 200 6640 "-" "Mozilla/5.0 (Macintosh; Intel Mac OS X 10.15; rv:103.0) Gecko/20100101 Firefox/103.0"
85.25.177.187 - - [22/Nov/2022:20:58:15 +0100] "GET /sitemap.xml HTTP/1.1" 404 1256 "-" "Mozilla/5.0 (Macintosh; Intel Mac OS X 10.15; rv:103.0) Gecko/20100101 Firefox/103.0"
114.119.143.225 - - [22/Nov/2022:21:20:36 +0100] "GET /robots.txt HTTP/1.1" 404 1256 "-" "Mozilla/5.0 (compatible;PetalBot;+https://webmaster.petalsearch.com/site/petalbot)"
85.25.177.187 - - [22/Nov/2022:21:36:06 +0100] "GET /robots.txt HTTP/1.1" 404 1256 "-" "Mozilla/5.0 (Macintosh; Intel Mac OS X 10.15; rv:103.0) Gecko/20100101 Firefox/103.0"
85.25.177.187 - - [22/Nov/2022:21:36:06 +0100] "GET /?impressum,15 HTTP/1.1" 200 26121 "-" "Mozilla/5.0 (Macintosh; Intel Mac OS X 10.15; rv:103.0) Gecko/20100101 Firefox/103.0"
85.25.177.187 - - [22/Nov/2022:23:43:35 +0100] "GET /robots.txt HTTP/1.1" 404 1256 "-" "Mozilla/5.0 (Macintosh; Intel Mac OS X 10.15; rv:103.0) Gecko/20100101 Firefox/103.0"
85.25.177.187 - - [22/Nov/2022:23:43:35 +0100] "GET /sitemap.xml HTTP/1.1" 404 1256 "-" "Mozilla/5.0 (Macintosh; Intel Mac OS X 10.15; rv:103.0) Gecko/20100101 Firefox/103.0"
85.25.177.187 - - [23/Nov/2022:00:13:45 +0100] "GET /robots.txt HTTP/1.1" 404 1256 "-" "Mozilla/5.0 (Macintosh; Intel Mac OS X 10.15; rv:103.0) Gecko/20100101 Firefox/103.0"
85.25.177.187 - - [23/Nov/2022:00:13:46 +0100] "GET /?disclaimer-datenschutz,14 HTTP/1.1" 200 76819 "-" "Mozilla/5.0 (Macintosh; Intel Mac OS X 10.15; rv:103.0) Gecko/20100101 Firefox/103.0"
188.34.179.201 - - [23/Nov/2022:00:24:31 +0100] "GET / HTTP/1.1" 200 6640 "-" "page-preview-tool Mozilla/5.0 (Windows NT 10.0; Win64; x64) AppleWebKit/537.36 (KHTML, like Gecko) Chrome/80.0.3987.132 Safari/537.36"
188.34.179.201 - - [23/Nov/2022:00:24:31 +0100] "GET /core/common.js HTTP/1.1" 200 2364 "http://www.quartier-bb.de/" "page-preview-tool Mozilla/5.0 (Windows NT 10.0; Win64; x64) AppleWebKit/537.36 (KHTML, like Gecko) Chrome/80.0.3987.132 Safari/537.36"
188.34.179.201 - - [23/Nov/2022:00:24:31 +0100] "GET /templates/default.css HTTP/1.1" 200 7156 "http://www.quartier-bb.de/" "page-preview-tool Mozilla/5.0 (Windows NT 10.0; Win64; x64) AppleWebKit/537.36 (KHTML, like Gecko) Chrome/80.0.3987.132 Safari/537.36"
188.34.179.201 - - [23/Nov/2022:00:24:31 +0100] "GET /core/plugins.js HTTP/1.1" 200 28 "http://www.quartier-bb.de/" "page-preview-tool Mozilla/5.0 (Windows NT 10.0; Win64; x64) AppleWebKit/537.36 (KHTML, like Gecko) Chrome/80.0.3987.132 Safari/537.36"
