217.92.147.65 - - [17/Mar/2015:09:54:44 +0100] "GET /core/prototype.lite.js HTTP/1.1" 200 3335 "http://www.quartier-bb.de/" "Mozilla/5.0 (Windows NT 6.1; WOW64; Trident/7.0; rv:11.0) like Gecko"
217.92.147.65 - - [17/Mar/2015:09:54:44 +0100] "GET /core/moo.fx.js HTTP/1.1" 200 3267 "http://www.quartier-bb.de/" "Mozilla/5.0 (Windows NT 6.1; WOW64; Trident/7.0; rv:11.0) like Gecko"
217.92.147.65 - - [17/Mar/2015:09:54:44 +0100] "GET /core/litebox-1.0.js HTTP/1.1" 200 15581 "http://www.quartier-bb.de/" "Mozilla/5.0 (Windows NT 6.1; WOW64; Trident/7.0; rv:11.0) like Gecko"
217.92.147.65 - - [17/Mar/2015:09:54:44 +0100] "GET /templates/default.css HTTP/1.1" 200 7156 "http://www.quartier-bb.de/" "Mozilla/5.0 (Windows NT 6.1; WOW64; Trident/7.0; rv:11.0) like Gecko"
217.92.147.65 - - [17/Mar/2015:09:54:44 +0100] "GET /templates/img/logo.gif HTTP/1.1" 200 3859 "http://www.quartier-bb.de/" "Mozilla/5.0 (Windows NT 6.1; WOW64; Trident/7.0; rv:11.0) like Gecko"
217.92.147.65 - - [17/Mar/2015:09:54:44 +0100] "GET /files/top_left_basic.gif HTTP/1.1" 200 261 "http://www.quartier-bb.de/" "Mozilla/5.0 (Windows NT 6.1; WOW64; Trident/7.0; rv:11.0) like Gecko"
217.92.147.65 - - [17/Mar/2015:09:54:44 +0100] "GET /templates/plugins.css HTTP/1.1" 200 1931 "http://www.quartier-bb.de/" "Mozilla/5.0 (Windows NT 6.1; WOW64; Trident/7.0; rv:11.0) like Gecko"
217.92.147.65 - - [17/Mar/2015:09:54:44 +0100] "GET /templates/img/bg.jpg HTTP/1.1" 200 18814 "http://www.quartier-bb.de/" "Mozilla/5.0 (Windows NT 6.1; WOW64; Trident/7.0; rv:11.0) like Gecko"
217.92.147.65 - - [17/Mar/2015:09:54:44 +0100] "GET /templates/img/two-columns.gif HTTP/1.1" 200 65 "http://www.quartier-bb.de/" "Mozilla/5.0 (Windows NT 6.1; WOW64; Trident/7.0; rv:11.0) like Gecko"
217.92.147.65 - - [17/Mar/2015:09:54:44 +0100] "GET /templates/img/points.gif HTTP/1.1" 200 62 "http://www.quartier-bb.de/" "Mozilla/5.0 (Windows NT 6.1; WOW64; Trident/7.0; rv:11.0) like Gecko"
217.92.147.65 - - [17/Mar/2015:09:54:44 +0100] "GET /templates/img/nav.gif HTTP/1.1" 200 1501 "http://www.quartier-bb.de/" "Mozilla/5.0 (Windows NT 6.1; WOW64; Trident/7.0; rv:11.0) like Gecko"
217.92.147.65 - - [17/Mar/2015:09:54:44 +0100] "GET /templates/img/circle.png HTTP/1.1" 200 194 "http://www.quartier-bb.de/" "Mozilla/5.0 (Windows NT 6.1; WOW64; Trident/7.0; rv:11.0) like Gecko"
217.92.147.65 - - [17/Mar/2015:09:54:44 +0100] "GET /templates/img/header.png HTTP/1.1" 200 134243 "http://www.quartier-bb.de/" "Mozilla/5.0 (Windows NT 6.1; WOW64; Trident/7.0; rv:11.0) like Gecko"
217.92.147.65 - - [17/Mar/2015:09:54:45 +0100] "GET /templates/img/loading.gif HTTP/1.1" 200 2767 "http://www.quartier-bb.de/" "Mozilla/5.0 (Windows NT 6.1; WOW64; Trident/7.0; rv:11.0) like Gecko"
217.92.147.65 - - [17/Mar/2015:09:54:45 +0100] "GET /templates/img/closelabel.gif HTTP/1.1" 200 649 "http://www.quartier-bb.de/" "Mozilla/5.0 (Windows NT 6.1; WOW64; Trident/7.0; rv:11.0) like Gecko"
217.92.147.65 - - [17/Mar/2015:09:54:45 +0100] "GET /templates/img/blank.gif HTTP/1.1" 200 43 "http://www.quartier-bb.de/" "Mozilla/5.0 (Windows NT 6.1; WOW64; Trident/7.0; rv:11.0) like Gecko"
217.92.147.65 - - [17/Mar/2015:09:54:45 +0100] "GET /favicon.ico HTTP/1.1" 200 2602 "-" "Mozilla/5.0 (Windows NT 6.1; Win64; x64; Trident/7.0; rv:11.0) like Gecko"
217.92.147.65 - - [17/Mar/2015:09:54:57 +0100] "GET /?unternehmen,35 HTTP/1.1" 200 5693 "http://www.quartier-bb.de/" "Mozilla/5.0 (Windows NT 6.1; WOW64; Trident/7.0; rv:11.0) like Gecko"
217.92.147.65 - - [17/Mar/2015:09:55:05 +0100] "GET /?leistung,40 HTTP/1.1" 200 7044 "http://www.quartier-bb.de/?unternehmen,35" "Mozilla/5.0 (Windows NT 6.1; WOW64; Trident/7.0; rv:11.0) like Gecko"
217.92.147.65 - - [17/Mar/2015:09:55:08 +0100] "GET /?home,1 HTTP/1.1" 200 6789 "http://www.quartier-bb.de/?leistung,40" "Mozilla/5.0 (Windows NT 6.1; WOW64; Trident/7.0; rv:11.0) like Gecko"
217.92.147.65 - - [17/Mar/2015:09:55:10 +0100] "GET /?kontakt,8 HTTP/1.1" 200 4607 "http://www.quartier-bb.de/?home,1" "Mozilla/5.0 (Windows NT 6.1; WOW64; Trident/7.0; rv:11.0) like Gecko"
208.115.113.91 - - [17/Mar/2015:11:50:00 +0100] "GET /robots.txt HTTP/1.1" 404 1256 "-" "Mozilla/5.0 (compatible; DotBot/1.1; http://www.opensiteexplorer.org/dotbot, help@moz.com)"
109.45.0.22 - - [17/Mar/2015:12:06:52 +0100] "GET /?impressum,15 HTTP/1.1" 200 5152 "http://www.google.de/" "Mozilla/5.0 (Linux; Android 4.4.4; C6603 Build/10.5.1.A.0.292) AppleWebKit/537.36 (KHTML, like Gecko) Chrome/40.0.2214.109 Mobile Safari/537.36"
109.45.0.22 - - [17/Mar/2015:12:06:52 +0100] "GET /core/common.js HTTP/1.1" 200 2364 "http://www.google.de/" "Mozilla/5.0 (Linux; Android 4.4.4; C6603 Build/10.5.1.A.0.292) AppleWebKit/537.36 (KHTML, like Gecko) Chrome/40.0.2214.109 Mobile Safari/537.36"
109.45.0.22 - - [17/Mar/2015:12:06:52 +0100] "GET /templates/img/logo.gif HTTP/1.1" 200 3859 "http://www.google.de/" "Mozilla/5.0 (Linux; Android 4.4.4; C6603 Build/10.5.1.A.0.292) AppleWebKit/537.36 (KHTML, like Gecko) Chrome/40.0.2214.109 Mobile Safari/537.36"
109.45.0.22 - - [17/Mar/2015:12:06:52 +0100] "GET /templates/default.css HTTP/1.1" 200 7156 "http://www.google.de/" "Mozilla/5.0 (Linux; Android 4.4.4; C6603 Build/10.5.1.A.0.292) AppleWebKit/537.36 (KHTML, like Gecko) Chrome/40.0.2214.109 Mobile Safari/537.36"
109.45.0.22 - - [17/Mar/2015:12:06:52 +0100] "GET /core/prototype.lite.js HTTP/1.1" 200 3335 "http://www.google.de/" "Mozilla/5.0 (Linux; Android 4.4.4; C6603 Build/10.5.1.A.0.292) AppleWebKit/537.36 (KHTML, like Gecko) Chrome/40.0.2214.109 Mobile Safari/537.36"
109.45.0.22 - - [17/Mar/2015:12:06:52 +0100] "GET /core/plugins.js HTTP/1.1" 200 28 "http://www.google.de/" "Mozilla/5.0 (Linux; Android 4.4.4; C6603 Build/10.5.1.A.0.292) AppleWebKit/537.36 (KHTML, like Gecko) Chrome/40.0.2214.109 Mobile Safari/537.36"
109.45.0.22 - - [17/Mar/2015:12:06:52 +0100] "GET /core/moo.fx.js HTTP/1.1" 200 3267 "http://www.google.de/" "Mozilla/5.0 (Linux; Android 4.4.4; C6603 Build/10.5.1.A.0.292) AppleWebKit/537.36 (KHTML, like Gecko) Chrome/40.0.2214.109 Mobile Safari/537.36"
109.45.0.22 - - [17/Mar/2015:12:06:52 +0100] "GET /core/litebox-1.0.js HTTP/1.1" 200 15581 "http://www.google.de/" "Mozilla/5.0 (Linux; Android 4.4.4; C6603 Build/10.5.1.A.0.292) AppleWebKit/537.36 (KHTML, like Gecko) Chrome/40.0.2214.109 Mobile Safari/537.36"
109.45.0.22 - - [17/Mar/2015:12:06:53 +0100] "GET /templates/plugins.css HTTP/1.1" 200 1931 "http://www.google.de/" "Mozilla/5.0 (Linux; Android 4.4.4; C6603 Build/10.5.1.A.0.292) AppleWebKit/537.36 (KHTML, like Gecko) Chrome/40.0.2214.109 Mobile Safari/537.36"
109.45.0.22 - - [17/Mar/2015:12:06:53 +0100] "GET /templates/img/loading.gif HTTP/1.1" 200 2767 "http://www.google.de/" "Mozilla/5.0 (Linux; Android 4.4.4; C6603 Build/10.5.1.A.0.292) AppleWebKit/537.36 (KHTML, like Gecko) Chrome/40.0.2214.109 Mobile Safari/537.36"
109.45.0.22 - - [17/Mar/2015:12:06:53 +0100] "GET /templates/img/closelabel.gif HTTP/1.1" 200 649 "http://www.google.de/" "Mozilla/5.0 (Linux; Android 4.4.4; C6603 Build/10.5.1.A.0.292) AppleWebKit/537.36 (KHTML, like Gecko) Chrome/40.0.2214.109 Mobile Safari/537.36"
109.45.0.22 - - [17/Mar/2015:12:06:53 +0100] "GET /templates/img/points.gif HTTP/1.1" 200 62 "http://www.google.de/" "Mozilla/5.0 (Linux; Android 4.4.4; C6603 Build/10.5.1.A.0.292) AppleWebKit/537.36 (KHTML, like Gecko) Chrome/40.0.2214.109 Mobile Safari/537.36"
109.45.0.22 - - [17/Mar/2015:12:06:53 +0100] "GET /templates/img/nav.gif HTTP/1.1" 200 1501 "http://www.google.de/" "Mozilla/5.0 (Linux; Android 4.4.4; C6603 Build/10.5.1.A.0.292) AppleWebKit/537.36 (KHTML, like Gecko) Chrome/40.0.2214.109 Mobile Safari/537.36"
109.45.0.22 - - [17/Mar/2015:12:06:53 +0100] "GET /templates/img/bg.jpg HTTP/1.1" 200 18814 "http://www.google.de/" "Mozilla/5.0 (Linux; Android 4.4.4; C6603 Build/10.5.1.A.0.292) AppleWebKit/537.36 (KHTML, like Gecko) Chrome/40.0.2214.109 Mobile Safari/537.36"
109.45.0.22 - - [17/Mar/2015:12:06:53 +0100] "GET /templates/img/two-columns.gif HTTP/1.1" 200 65 "http://www.google.de/" "Mozilla/5.0 (Linux; Android 4.4.4; C6603 Build/10.5.1.A.0.292) AppleWebKit/537.36 (KHTML, like Gecko) Chrome/40.0.2214.109 Mobile Safari/537.36"
109.45.0.22 - - [17/Mar/2015:12:06:53 +0100] "GET /templates/img/circle.png HTTP/1.1" 200 194 "http://www.google.de/" "Mozilla/5.0 (Linux; Android 4.4.4; C6603 Build/10.5.1.A.0.292) AppleWebKit/537.36 (KHTML, like Gecko) Chrome/40.0.2214.109 Mobile Safari/537.36"
109.45.0.22 - - [17/Mar/2015:12:06:53 +0100] "GET /templates/img/header.png HTTP/1.1" 200 134243 "http://www.google.de/" "Mozilla/5.0 (Linux; Android 4.4.4; C6603 Build/10.5.1.A.0.292) AppleWebKit/537.36 (KHTML, like Gecko) Chrome/40.0.2214.109 Mobile Safari/537.36"
109.45.0.22 - - [17/Mar/2015:12:06:53 +0100] "GET /favicon.ico HTTP/1.1" 200 2602 "http://www.google.de/" "Mozilla/5.0 (Linux; Android 4.4.4; C6603 Build/10.5.1.A.0.292) AppleWebKit/537.36 (KHTML, like Gecko) Chrome/40.0.2214.109 Mobile Safari/537.36"
208.115.113.91 - - [17/Mar/2015:13:11:34 +0100] "GET /?disclaimer,14 HTTP/1.1" 200 7677 "-" "Mozilla/5.0 (compatible; DotBot/1.1; http://www.opensiteexplorer.org/dotbot, help@moz.com)"
66.249.67.150 - - [17/Mar/2015:15:41:17 +0100] "GET /robots.txt HTTP/1.1" 404 1256 "-" "Mozilla/5.0 (compatible; Googlebot/2.1; +http://www.google.com/bot.html)"
66.249.67.150 - - [17/Mar/2015:15:41:17 +0100] "GET /?impressum,15 HTTP/1.1" 200 5152 "-" "Mozilla/5.0 (iPhone; CPU iPhone OS 6_0 like Mac OS X) AppleWebKit/536.26 (KHTML, like Gecko) Version/6.0 Mobile/10A5376e Safari/8536.25 (compatible; Googlebot/2.1; +http://www.google.com/bot.html)"
94.135.138.142 - - [17/Mar/2015:15:42:17 +0100] "GET /?impressum,15 HTTP/1.1" 200 5152 "http://www.google.de/" "Mozilla/5.0 (Linux; Android 4.4.4; C6603 Build/10.5.1.A.0.292) AppleWebKit/537.36 (KHTML, like Gecko) Chrome/40.0.2214.109 Mobile Safari/537.36"
200.187.6.125 - - [17/Mar/2015:16:20:30 +0100] "GET / HTTP/1.1" 200 6789 "-" "Mozilla/5.0 (Windows NT 6.1; WOW64) AppleWebKit/537.36 (KHTML, like Gecko) Chrome/34.0.1847.131 Safari/537.36"
66.249.67.134 - - [17/Mar/2015:16:26:41 +0100] "GET /?kontakt,8 HTTP/1.1" 200 4607 "-" "Mozilla/5.0 (iPhone; CPU iPhone OS 6_0 like Mac OS X) AppleWebKit/536.26 (KHTML, like Gecko) Version/6.0 Mobile/10A5376e Safari/8536.25 (compatible; Googlebot/2.1; +http://www.google.com/bot.html)"
123.125.71.45 - - [17/Mar/2015:16:49:06 +0100] "GET /robots.txt HTTP/1.1" 404 1256 "-" "Mozilla/5.0 (Windows NT 5.1; rv:6.0.2) Gecko/20100101 Firefox/6.0.2"
123.125.71.31 - - [17/Mar/2015:16:52:03 +0100] "GET / HTTP/1.1" 200 6789 "-" "Mozilla/5.0 (compatible; Baiduspider/2.0; +http://www.baidu.com/search/spider.html)"
68.180.228.124 - - [17/Mar/2015:17:31:50 +0100] "GET /robots.txt HTTP/1.1" 404 1256 "-" "Mozilla/5.0 (compatible; Yahoo! Slurp; http://help.yahoo.com/help/us/ysearch/slurp)"
68.180.228.124 - - [17/Mar/2015:17:31:50 +0100] "GET /?home,1 HTTP/1.1" 200 6789 "-" "Mozilla/5.0 (compatible; Yahoo! Slurp; http://help.yahoo.com/help/us/ysearch/slurp)"
79.205.235.55 - - [17/Mar/2015:19:05:50 +0100] "GET / HTTP/1.1" 200 6789 "http://quadrat-facility.com/index.php?content=referenzen&sprache=de" "Mozilla/5.0 (Windows NT 6.3; WOW64) AppleWebKit/537.36 (KHTML, like Gecko) Chrome/41.0.2272.89 Safari/537.36"
79.205.235.55 - - [17/Mar/2015:19:05:55 +0100] "GET /core/common.js HTTP/1.1" 200 2364 "http://www.quartier-bb.de/" "Mozilla/5.0 (Windows NT 6.3; WOW64) AppleWebKit/537.36 (KHTML, like Gecko) Chrome/41.0.2272.89 Safari/537.36"
79.205.235.55 - - [17/Mar/2015:19:05:55 +0100] "GET /core/plugins.js HTTP/1.1" 200 28 "http://www.quartier-bb.de/" "Mozilla/5.0 (Windows NT 6.3; WOW64) AppleWebKit/537.36 (KHTML, like Gecko) Chrome/41.0.2272.89 Safari/537.36"
79.205.235.55 - - [17/Mar/2015:19:05:55 +0100] "GET /core/prototype.lite.js HTTP/1.1" 200 3335 "http://www.quartier-bb.de/" "Mozilla/5.0 (Windows NT 6.3; WOW64) AppleWebKit/537.36 (KHTML, like Gecko) Chrome/41.0.2272.89 Safari/537.36"
79.205.235.55 - - [17/Mar/2015:19:05:55 +0100] "GET /templates/default.css HTTP/1.1" 200 7156 "http://www.quartier-bb.de/" "Mozilla/5.0 (Windows NT 6.3; WOW64) AppleWebKit/537.36 (KHTML, like Gecko) Chrome/41.0.2272.89 Safari/537.36"
79.205.235.55 - - [17/Mar/2015:19:05:55 +0100] "GET /core/litebox-1.0.js HTTP/1.1" 200 15581 "http://www.quartier-bb.de/" "Mozilla/5.0 (Windows NT 6.3; WOW64) AppleWebKit/537.36 (KHTML, like Gecko) Chrome/41.0.2272.89 Safari/537.36"
79.205.235.55 - - [17/Mar/2015:19:05:55 +0100] "GET /core/moo.fx.js HTTP/1.1" 200 3267 "http://www.quartier-bb.de/" "Mozilla/5.0 (Windows NT 6.3; WOW64) AppleWebKit/537.36 (KHTML, like Gecko) Chrome/41.0.2272.89 Safari/537.36"
79.205.235.55 - - [17/Mar/2015:19:05:55 +0100] "GET /templates/img/logo.gif HTTP/1.1" 200 3859 "http://www.quartier-bb.de/" "Mozilla/5.0 (Windows NT 6.3; WOW64) AppleWebKit/537.36 (KHTML, like Gecko) Chrome/41.0.2272.89 Safari/537.36"
79.205.235.55 - - [17/Mar/2015:19:05:55 +0100] "GET /files/top_left_basic.gif HTTP/1.1" 200 261 "http://www.quartier-bb.de/" "Mozilla/5.0 (Windows NT 6.3; WOW64) AppleWebKit/537.36 (KHTML, like Gecko) Chrome/41.0.2272.89 Safari/537.36"
79.205.235.55 - - [17/Mar/2015:19:05:55 +0100] "GET /templates/plugins.css HTTP/1.1" 200 1931 "http://www.quartier-bb.de/" "Mozilla/5.0 (Windows NT 6.3; WOW64) AppleWebKit/537.36 (KHTML, like Gecko) Chrome/41.0.2272.89 Safari/537.36"
79.205.235.55 - - [17/Mar/2015:19:05:56 +0100] "GET /templates/img/loading.gif HTTP/1.1" 200 2767 "http://www.quartier-bb.de/" "Mozilla/5.0 (Windows NT 6.3; WOW64) AppleWebKit/537.36 (KHTML, like Gecko) Chrome/41.0.2272.89 Safari/537.36"
79.205.235.55 - - [17/Mar/2015:19:05:56 +0100] "GET /templates/img/closelabel.gif HTTP/1.1" 200 649 "http://www.quartier-bb.de/" "Mozilla/5.0 (Windows NT 6.3; WOW64) AppleWebKit/537.36 (KHTML, like Gecko) Chrome/41.0.2272.89 Safari/537.36"
79.205.235.55 - - [17/Mar/2015:19:05:56 +0100] "GET /templates/img/bg.jpg HTTP/1.1" 200 18814 "http://www.quartier-bb.de/templates/default.css" "Mozilla/5.0 (Windows NT 6.3; WOW64) AppleWebKit/537.36 (KHTML, like Gecko) Chrome/41.0.2272.89 Safari/537.36"
79.205.235.55 - - [17/Mar/2015:19:05:56 +0100] "GET /templates/img/points.gif HTTP/1.1" 200 62 "http://www.quartier-bb.de/templates/default.css" "Mozilla/5.0 (Windows NT 6.3; WOW64) AppleWebKit/537.36 (KHTML, like Gecko) Chrome/41.0.2272.89 Safari/537.36"
79.205.235.55 - - [17/Mar/2015:19:05:56 +0100] "GET /templates/img/nav.gif HTTP/1.1" 200 1501 "http://www.quartier-bb.de/templates/default.css" "Mozilla/5.0 (Windows NT 6.3; WOW64) AppleWebKit/537.36 (KHTML, like Gecko) Chrome/41.0.2272.89 Safari/537.36"
79.205.235.55 - - [17/Mar/2015:19:05:56 +0100] "GET /templates/img/header.png HTTP/1.1" 200 134243 "http://www.quartier-bb.de/templates/default.css" "Mozilla/5.0 (Windows NT 6.3; WOW64) AppleWebKit/537.36 (KHTML, like Gecko) Chrome/41.0.2272.89 Safari/537.36"
79.205.235.55 - - [17/Mar/2015:19:05:57 +0100] "GET /templates/img/two-columns.gif HTTP/1.1" 200 65 "http://www.quartier-bb.de/templates/default.css" "Mozilla/5.0 (Windows NT 6.3; WOW64) AppleWebKit/537.36 (KHTML, like Gecko) Chrome/41.0.2272.89 Safari/537.36"
79.205.235.55 - - [17/Mar/2015:19:05:57 +0100] "GET /templates/img/circle.png HTTP/1.1" 200 194 "http://www.quartier-bb.de/templates/default.css" "Mozilla/5.0 (Windows NT 6.3; WOW64) AppleWebKit/537.36 (KHTML, like Gecko) Chrome/41.0.2272.89 Safari/537.36"
79.205.235.55 - - [17/Mar/2015:19:05:57 +0100] "GET /favicon.ico HTTP/1.1" 200 2602 "-" "Mozilla/5.0 (Windows NT 6.3; WOW64) AppleWebKit/537.36 (KHTML, like Gecko) Chrome/41.0.2272.89 Safari/537.36"
94.135.138.135 - - [17/Mar/2015:20:47:45 +0100] "GET /?impressum,15 HTTP/1.1" 200 5152 "http://www.google.de/" "Mozilla/5.0 (Linux; Android 4.4.4; C6603 Build/10.5.1.A.0.292) AppleWebKit/537.36 (KHTML, like Gecko) Chrome/40.0.2214.109 Mobile Safari/537.36"
207.46.13.109 - - [17/Mar/2015:23:28:15 +0100] "GET /robots.txt HTTP/1.1" 404 1256 "-" "Mozilla/5.0 (compatible; bingbot/2.0; +http://www.bing.com/bingbot.htm)"
66.249.67.134 - - [17/Mar/2015:23:59:07 +0100] "GET / HTTP/1.1" 200 6789 "-" "SAMSUNG-SGH-E250/1.0 Profile/MIDP-2.0 Configuration/CLDC-1.1 UP.Browser/6.2.3.3.c.1.101 (GUI) MMP/2.0 (compatible; Googlebot-Mobile/2.1; +http://www.google.com/bot.html)"
77.75.73.17 - - [18/Mar/2015:00:12:07 +0100] "GET /robots.txt HTTP/1.1" 404 1256 "-" "Mozilla/5.0 (compatible; SeznamBot/3.2; +http://fulltext.sblog.cz/)"
77.75.73.17 - - [18/Mar/2015:00:12:08 +0100] "GET / HTTP/1.1" 200 6789 "-" "Mozilla/5.0 (compatible; SeznamBot/3.2; +http://fulltext.sblog.cz/)"
66.249.67.134 - - [18/Mar/2015:05:07:48 +0100] "GET /robots.txt HTTP/1.1" 404 1256 "-" "Mozilla/5.0 (compatible; Googlebot/2.1; +http://www.google.com/bot.html)"
66.249.67.142 - - [18/Mar/2015:05:07:48 +0100] "GET / HTTP/1.1" 200 6789 "-" "Mozilla/5.0 (iPhone; CPU iPhone OS 6_0 like Mac OS X) AppleWebKit/536.26 (KHTML, like Gecko) Version/6.0 Mobile/10A5376e Safari/8536.25 (compatible; Googlebot/2.1; +http://www.google.com/bot.html)"
68.180.228.124 - - [18/Mar/2015:06:45:45 +0100] "GET /?leistung,40 HTTP/1.1" 200 7044 "-" "Mozilla/5.0 (compatible; Yahoo! Slurp; http://help.yahoo.com/help/us/ysearch/slurp)"
68.180.228.124 - - [18/Mar/2015:06:49:47 +0100] "GET /?disclaimer,14 HTTP/1.1" 200 7677 "-" "Mozilla/5.0 (compatible; Yahoo! Slurp; http://help.yahoo.com/help/us/ysearch/slurp)"
157.55.39.194 - - [18/Mar/2015:08:21:07 +0100] "GET /?disclaimer,14 HTTP/1.1" 200 7677 "-" "Mozilla/5.0 (compatible; bingbot/2.0; +http://www.bing.com/bingbot.htm)"
188.165.15.15 - - [18/Mar/2015:08:41:19 +0100] "GET /robots.txt HTTP/1.1" 404 1256 "-" "Mozilla/5.0 (compatible; AhrefsBot/5.0; +http://ahrefs.com/robot/)"
92.85.160.71 - - [18/Mar/2015:09:38:52 +0100] "GET / HTTP/1.1" 200 6789 "-" "Java/1.6.0_04"
92.85.160.71 - - [18/Mar/2015:09:38:52 +0100] "GET /? HTTP/1.1" 200 6789 "-" "Java/1.6.0_04"
92.85.160.71 - - [18/Mar/2015:09:38:53 +0100] "GET /core/common.js HTTP/1.1" 200 2364 "-" "Java/1.6.0_04"
92.85.160.71 - - [18/Mar/2015:09:38:53 +0100] "GET /core/litebox-1.0.js HTTP/1.1" 200 15581 "-" "Java/1.6.0_04"
92.85.160.71 - - [18/Mar/2015:09:38:53 +0100] "GET /core/moo.fx.js HTTP/1.1" 200 3267 "-" "Java/1.6.0_04"
92.85.160.71 - - [18/Mar/2015:09:38:53 +0100] "GET /core/plugins.js HTTP/1.1" 200 28 "-" "Java/1.6.0_04"
92.85.160.71 - - [18/Mar/2015:09:38:53 +0100] "GET /core/prototype.lite.js HTTP/1.1" 200 3335 "-" "Java/1.6.0_04"
92.85.160.71 - - [18/Mar/2015:09:38:53 +0100] "GET //? HTTP/1.1" 200 6789 "-" "Java/1.6.0_04"
92.85.160.71 - - [18/Mar/2015:09:38:53 +0100] "GET //core/common.js HTTP/1.1" 200 2364 "-" "Java/1.6.0_04"
92.85.160.71 - - [18/Mar/2015:09:38:53 +0100] "GET //core/litebox-1.0.js HTTP/1.1" 200 15581 "-" "Java/1.6.0_04"
207.46.13.109 - - [18/Mar/2015:13:02:12 +0100] "GET / HTTP/1.1" 200 6789 "-" "Mozilla/5.0 (compatible; bingbot/2.0; +http://www.bing.com/bingbot.htm)"
207.46.13.109 - - [18/Mar/2015:20:02:45 +0100] "GET / HTTP/1.1" 200 6789 "-" "Mozilla/5.0 (compatible; bingbot/2.0; +http://www.bing.com/bingbot.htm)"
66.249.67.134 - - [18/Mar/2015:20:50:36 +0100] "GET /robots.txt HTTP/1.1" 404 1256 "-" "Mozilla/5.0 (compatible; Googlebot/2.1; +http://www.google.com/bot.html)"
66.249.67.142 - - [18/Mar/2015:20:50:36 +0100] "GET / HTTP/1.1" 200 6789 "-" "Mozilla/5.0 (compatible; Googlebot/2.1; +http://www.google.com/bot.html)"
66.249.67.142 - - [18/Mar/2015:23:31:52 +0100] "GET /?impressum,15 HTTP/1.1" 200 5152 "-" "Mozilla/5.0 (iPhone; CPU iPhone OS 6_0 like Mac OS X) AppleWebKit/536.26 (KHTML, like Gecko) Version/6.0 Mobile/10A5376e Safari/8536.25 (compatible; Googlebot/2.1; +http://www.google.com/bot.html)"
66.249.67.134 - - [18/Mar/2015:23:42:21 +0100] "GET / HTTP/1.1" 200 6789 "-" "Mozilla/5.0 (compatible; Googlebot/2.1; +http://www.google.com/bot.html)"
66.249.67.134 - - [19/Mar/2015:02:00:19 +0100] "GET /?kontakt,8 HTTP/1.1" 200 4607 "-" "Mozilla/5.0 (iPhone; CPU iPhone OS 6_0 like Mac OS X) AppleWebKit/536.26 (KHTML, like Gecko) Version/6.0 Mobile/10A5376e Safari/8536.25 (compatible; Googlebot/2.1; +http://www.google.com/bot.html)"
46.4.132.226 - - [19/Mar/2015:02:42:15 +0100] "GET /robots.txt HTTP/1.0" 404 1256 "-" "Mozilla/5.0 (compatible; SEOkicks-Robot; +http://www.seokicks.de/robot.html)"
46.4.132.226 - - [19/Mar/2015:02:42:18 +0100] "GET / HTTP/1.0" 200 6789 "-" "Mozilla/5.0 (compatible; SEOkicks-Robot; +http://www.seokicks.de/robot.html)"
46.4.132.226 - - [19/Mar/2015:02:42:21 +0100] "GET /favicon.ico HTTP/1.0" 200 2602 "http://www.quartier-bb.de/" "Mozilla/5.0 (compatible; SEOkicks-Robot; +http://www.seokicks.de/robot.html)"
46.4.132.226 - - [19/Mar/2015:02:42:23 +0100] "GET /core/common.js HTTP/1.0" 200 2364 "http://www.quartier-bb.de/" "Mozilla/5.0 (compatible; SEOkicks-Robot; +http://www.seokicks.de/robot.html)"
46.4.132.226 - - [19/Mar/2015:02:42:26 +0100] "GET /core/plugins.js HTTP/1.0" 200 28 "http://www.quartier-bb.de/" "Mozilla/5.0 (compatible; SEOkicks-Robot; +http://www.seokicks.de/robot.html)"
46.4.132.226 - - [19/Mar/2015:02:42:29 +0100] "GET /core/prototype.lite.js HTTP/1.0" 200 3335 "http://www.quartier-bb.de/" "Mozilla/5.0 (compatible; SEOkicks-Robot; +http://www.seokicks.de/robot.html)"
46.4.132.226 - - [19/Mar/2015:02:42:31 +0100] "GET /core/moo.fx.js HTTP/1.0" 200 3267 "http://www.quartier-bb.de/" "Mozilla/5.0 (compatible; SEOkicks-Robot; +http://www.seokicks.de/robot.html)"
46.4.132.226 - - [19/Mar/2015:02:42:34 +0100] "GET /core/litebox-1.0.js HTTP/1.0" 200 15581 "http://www.quartier-bb.de/" "Mozilla/5.0 (compatible; SEOkicks-Robot; +http://www.seokicks.de/robot.html)"
46.4.132.226 - - [19/Mar/2015:02:42:37 +0100] "GET /templates/default.css HTTP/1.0" 200 7156 "http://www.quartier-bb.de/" "Mozilla/5.0 (compatible; SEOkicks-Robot; +http://www.seokicks.de/robot.html)"
46.4.132.226 - - [19/Mar/2015:02:42:40 +0100] "GET /?impressum,15 HTTP/1.0" 200 5152 "http://www.quartier-bb.de/" "Mozilla/5.0 (compatible; SEOkicks-Robot; +http://www.seokicks.de/robot.html)"
46.4.132.226 - - [19/Mar/2015:02:42:42 +0100] "GET /?disclaimer,14 HTTP/1.0" 200 7677 "http://www.quartier-bb.de/" "Mozilla/5.0 (compatible; SEOkicks-Robot; +http://www.seokicks.de/robot.html)"
46.4.132.226 - - [19/Mar/2015:02:42:45 +0100] "GET /?home,1 HTTP/1.0" 200 6789 "http://www.quartier-bb.de/" "Mozilla/5.0 (compatible; SEOkicks-Robot; +http://www.seokicks.de/robot.html)"
46.4.132.226 - - [19/Mar/2015:02:42:48 +0100] "GET /?leistung,40 HTTP/1.0" 200 7044 "http://www.quartier-bb.de/" "Mozilla/5.0 (compatible; SEOkicks-Robot; +http://www.seokicks.de/robot.html)"
46.4.132.226 - - [19/Mar/2015:02:42:51 +0100] "GET /?unternehmen,35 HTTP/1.0" 200 5693 "http://www.quartier-bb.de/" "Mozilla/5.0 (compatible; SEOkicks-Robot; +http://www.seokicks.de/robot.html)"
46.4.132.226 - - [19/Mar/2015:02:42:55 +0100] "GET /?kontakt,8 HTTP/1.0" 200 4607 "http://www.quartier-bb.de/" "Mozilla/5.0 (compatible; SEOkicks-Robot; +http://www.seokicks.de/robot.html)"
46.4.132.226 - - [19/Mar/2015:02:42:59 +0100] "GET /?formular,41 HTTP/1.0" 302 - "http://www.quartier-bb.de/" "Mozilla/5.0 (compatible; SEOkicks-Robot; +http://www.seokicks.de/robot.html)"
81.169.176.246 - - [19/Mar/2015:02:44:51 +0100] "GET / HTTP/1.1" 200 6789 "-" "-"
66.249.67.134 - - [19/Mar/2015:03:07:57 +0100] "GET / HTTP/1.1" 200 6789 "-" "Mozilla/5.0 (iPhone; CPU iPhone OS 6_0 like Mac OS X) AppleWebKit/536.26 (KHTML, like Gecko) Version/6.0 Mobile/10A5376e Safari/8536.25 (compatible; Googlebot/2.1; +http://www.google.com/bot.html)"
207.46.13.109 - - [19/Mar/2015:06:12:58 +0100] "GET / HTTP/1.1" 200 6789 "-" "Mozilla/5.0 (compatible; bingbot/2.0; +http://www.bing.com/bingbot.htm)"
68.180.228.124 - - [19/Mar/2015:08:22:26 +0100] "GET /robots.txt HTTP/1.1" 404 1256 "-" "Mozilla/5.0 (compatible; Yahoo! Slurp; http://help.yahoo.com/help/us/ysearch/slurp)"
68.180.228.124 - - [19/Mar/2015:08:22:27 +0100] "GET /?formular,41 HTTP/1.1" 302 - "-" "Mozilla/5.0 (compatible; Yahoo! Slurp; http://help.yahoo.com/help/us/ysearch/slurp)"
207.46.13.50 - - [19/Mar/2015:13:16:04 +0100] "GET / HTTP/1.1" 200 6789 "-" "Mozilla/5.0 (compatible; bingbot/2.0; +http://www.bing.com/bingbot.htm)"
91.192.15.70 - - [19/Mar/2015:13:37:11 +0100] "GET / HTTP/1.1" 200 6789 "http://www.google.de/url?sa=t&rct=j&q=&esrc=s&frm=1&source=web&cd=1&sqi=2&ved=0CCEQFjAA&url=http%3A%2F%2Fwww.quartier-bb.de%2F&ei=y8IKVdzeG4bqyQOu6IGoCA&usg=AFQjCNEFLg6-MxlwLCq_OMSmI5Dx4hlaww&bvm=bv.88528373,d.bGQ" "Mozilla/5.0 (compatible; MSIE 9.0; Windows NT 6.1; WOW64; Trident/5.0)"
91.192.15.70 - - [19/Mar/2015:13:37:11 +0100] "GET /core/common.js HTTP/1.1" 304 - "http://www.quartier-bb.de/" "Mozilla/5.0 (compatible; MSIE 9.0; Windows NT 6.1; WOW64; Trident/5.0)"
91.192.15.70 - - [19/Mar/2015:13:37:11 +0100] "GET /core/litebox-1.0.js HTTP/1.1" 304 - "http://www.quartier-bb.de/" "Mozilla/5.0 (compatible; MSIE 9.0; Windows NT 6.1; WOW64; Trident/5.0)"
91.192.15.70 - - [19/Mar/2015:13:37:11 +0100] "GET /core/prototype.lite.js HTTP/1.1" 304 - "http://www.quartier-bb.de/" "Mozilla/5.0 (compatible; MSIE 9.0; Windows NT 6.1; WOW64; Trident/5.0)"
91.192.15.70 - - [19/Mar/2015:13:37:11 +0100] "GET /core/plugins.js HTTP/1.1" 304 - "http://www.quartier-bb.de/" "Mozilla/5.0 (compatible; MSIE 9.0; Windows NT 6.1; WOW64; Trident/5.0)"
91.192.15.70 - - [19/Mar/2015:13:37:11 +0100] "GET /files/top_left_basic.gif HTTP/1.1" 304 - "http://www.quartier-bb.de/" "Mozilla/5.0 (compatible; MSIE 9.0; Windows NT 6.1; WOW64; Trident/5.0)"
91.192.15.70 - - [19/Mar/2015:13:37:11 +0100] "GET /templates/img/logo.gif HTTP/1.1" 304 - "http://www.quartier-bb.de/" "Mozilla/5.0 (compatible; MSIE 9.0; Windows NT 6.1; WOW64; Trident/5.0)"
91.192.15.70 - - [19/Mar/2015:13:37:11 +0100] "GET /templates/default.css HTTP/1.1" 304 - "http://www.quartier-bb.de/" "Mozilla/5.0 (compatible; MSIE 9.0; Windows NT 6.1; WOW64; Trident/5.0)"
91.192.15.70 - - [19/Mar/2015:13:37:11 +0100] "GET /core/moo.fx.js HTTP/1.1" 304 - "http://www.quartier-bb.de/" "Mozilla/5.0 (compatible; MSIE 9.0; Windows NT 6.1; WOW64; Trident/5.0)"
91.192.15.70 - - [19/Mar/2015:13:37:12 +0100] "GET /templates/plugins.css HTTP/1.1" 304 - "http://www.quartier-bb.de/" "Mozilla/5.0 (compatible; MSIE 9.0; Windows NT 6.1; WOW64; Trident/5.0)"
91.192.15.70 - - [19/Mar/2015:13:37:12 +0100] "GET /templates/img/circle.png HTTP/1.1" 304 - "http://www.quartier-bb.de/" "Mozilla/5.0 (compatible; MSIE 9.0; Windows NT 6.1; WOW64; Trident/5.0)"
91.192.15.70 - - [19/Mar/2015:13:37:12 +0100] "GET /templates/img/bg.jpg HTTP/1.1" 304 - "http://www.quartier-bb.de/" "Mozilla/5.0 (compatible; MSIE 9.0; Windows NT 6.1; WOW64; Trident/5.0)"
91.192.15.70 - - [19/Mar/2015:13:37:12 +0100] "GET /templates/img/header.png HTTP/1.1" 304 - "http://www.quartier-bb.de/" "Mozilla/5.0 (compatible; MSIE 9.0; Windows NT 6.1; WOW64; Trident/5.0)"
91.192.15.70 - - [19/Mar/2015:13:37:12 +0100] "GET /templates/img/nav.gif HTTP/1.1" 304 - "http://www.quartier-bb.de/" "Mozilla/5.0 (compatible; MSIE 9.0; Windows NT 6.1; WOW64; Trident/5.0)"
91.192.15.70 - - [19/Mar/2015:13:37:12 +0100] "GET /templates/img/points.gif HTTP/1.1" 304 - "http://www.quartier-bb.de/" "Mozilla/5.0 (compatible; MSIE 9.0; Windows NT 6.1; WOW64; Trident/5.0)"
91.192.15.70 - - [19/Mar/2015:13:37:12 +0100] "GET /templates/img/two-columns.gif HTTP/1.1" 200 65 "http://www.quartier-bb.de/" "Mozilla/5.0 (compatible; MSIE 9.0; Windows NT 6.1; WOW64; Trident/5.0)"
91.192.15.70 - - [19/Mar/2015:13:37:12 +0100] "GET /templates/img/blank.gif HTTP/1.1" 304 - "http://www.quartier-bb.de/" "Mozilla/5.0 (compatible; MSIE 9.0; Windows NT 6.1; WOW64; Trident/5.0)"
91.192.15.70 - - [19/Mar/2015:13:37:12 +0100] "GET /favicon.ico HTTP/1.1" 304 - "-" "Mozilla/5.0 (compatible; MSIE 9.0; Windows NT 6.1; WOW64; Trident/5.0)"
91.192.15.70 - - [19/Mar/2015:13:37:12 +0100] "GET /templates/img/closelabel.gif HTTP/1.1" 304 - "http://www.quartier-bb.de/" "Mozilla/5.0 (compatible; MSIE 9.0; Windows NT 6.1; WOW64; Trident/5.0)"
91.192.15.70 - - [19/Mar/2015:13:37:12 +0100] "GET /templates/img/loading.gif HTTP/1.1" 304 - "http://www.quartier-bb.de/" "Mozilla/5.0 (compatible; MSIE 9.0; Windows NT 6.1; WOW64; Trident/5.0)"
91.192.15.70 - - [19/Mar/2015:13:37:18 +0100] "GET /?impressum,15 HTTP/1.1" 200 5152 "http://www.quartier-bb.de/" "Mozilla/5.0 (compatible; MSIE 9.0; Windows NT 6.1; WOW64; Trident/5.0)"
91.192.15.70 - - [19/Mar/2015:13:37:18 +0100] "GET /templates/img/logo.gif HTTP/1.1" 304 - "http://www.quartier-bb.de/?impressum,15" "Mozilla/5.0 (compatible; MSIE 9.0; Windows NT 6.1; WOW64; Trident/5.0)"
209.133.77.164 - - [19/Mar/2015:14:12:59 +0100] "GET / HTTP/1.1" 200 6789 "-" "Mozilla/5.0 (compatible; MSIE 9.0; Windows NT 6.1; WOW64; Trident/5.0)"
66.249.67.150 - - [19/Mar/2015:22:53:57 +0100] "GET /robots.txt HTTP/1.1" 404 1256 "-" "Mozilla/5.0 (compatible; Googlebot/2.1; +http://www.google.com/bot.html)"
66.249.67.150 - - [19/Mar/2015:22:53:57 +0100] "GET /?impressum,15 HTTP/1.1" 200 5152 "-" "Mozilla/5.0 (iPhone; CPU iPhone OS 6_0 like Mac OS X) AppleWebKit/536.26 (KHTML, like Gecko) Version/6.0 Mobile/10A5376e Safari/8536.25 (compatible; Googlebot/2.1; +http://www.google.com/bot.html)"
68.180.228.124 - - [20/Mar/2015:00:23:15 +0100] "GET /?kontakt,8 HTTP/1.1" 200 4607 "-" "Mozilla/5.0 (compatible; Yahoo! Slurp; http://help.yahoo.com/help/us/ysearch/slurp)"
66.249.67.134 - - [20/Mar/2015:03:20:48 +0100] "GET /templates/plugins.css HTTP/1.1" 200 1931 "-" "Mozilla/5.0 (compatible; Googlebot/2.1; +http://www.google.com/bot.html)"
66.249.67.142 - - [20/Mar/2015:04:45:04 +0100] "GET / HTTP/1.1" 200 6789 "-" "Mozilla/5.0 (iPhone; CPU iPhone OS 6_0 like Mac OS X) AppleWebKit/536.26 (KHTML, like Gecko) Version/6.0 Mobile/10A5376e Safari/8536.25 (compatible; Googlebot/2.1; +http://www.google.com/bot.html)"
66.249.67.134 - - [20/Mar/2015:04:49:59 +0100] "GET /templates/default.css HTTP/1.1" 200 7156 "-" "Mozilla/5.0 (compatible; Googlebot/2.1; +http://www.google.com/bot.html)"
207.46.13.50 - - [20/Mar/2015:06:16:53 +0100] "GET / HTTP/1.1" 200 6789 "-" "Mozilla/5.0 (compatible; bingbot/2.0; +http://www.bing.com/bingbot.htm)"
217.248.239.53 - - [20/Mar/2015:08:24:40 +0100] "GET / HTTP/1.1" 200 6789 "http://www.google.de/url?sa=t&rct=j&q=&esrc=s&source=web&cd=1&ved=0CCQQFjAA&url=http%3A%2F%2Fwww.quartier-bb.de%2F&ei=_MoLVZSSPIHPONLRgcAF&usg=AFQjCNEFLg6-MxlwLCq_OMSmI5Dx4hlaww&bvm=bv.88528373,d.ZWU" "Mozilla/5.0 (Windows NT 6.1; WOW64; Trident/7.0; MASBJS; rv:11.0) like Gecko"
217.248.239.53 - - [20/Mar/2015:08:24:41 +0100] "GET /core/common.js HTTP/1.1" 200 2364 "http://www.quartier-bb.de/" "Mozilla/5.0 (Windows NT 6.1; WOW64; Trident/7.0; MASBJS; rv:11.0) like Gecko"
217.248.239.53 - - [20/Mar/2015:08:24:41 +0100] "GET /core/plugins.js HTTP/1.1" 200 28 "http://www.quartier-bb.de/" "Mozilla/5.0 (Windows NT 6.1; WOW64; Trident/7.0; MASBJS; rv:11.0) like Gecko"
217.248.239.53 - - [20/Mar/2015:08:24:41 +0100] "GET /core/prototype.lite.js HTTP/1.1" 200 3335 "http://www.quartier-bb.de/" "Mozilla/5.0 (Windows NT 6.1; WOW64; Trident/7.0; MASBJS; rv:11.0) like Gecko"
217.248.239.53 - - [20/Mar/2015:08:24:41 +0100] "GET /core/litebox-1.0.js HTTP/1.1" 200 15581 "http://www.quartier-bb.de/" "Mozilla/5.0 (Windows NT 6.1; WOW64; Trident/7.0; MASBJS; rv:11.0) like Gecko"
217.248.239.53 - - [20/Mar/2015:08:24:41 +0100] "GET /templates/default.css HTTP/1.1" 200 7156 "http://www.quartier-bb.de/" "Mozilla/5.0 (Windows NT 6.1; WOW64; Trident/7.0; MASBJS; rv:11.0) like Gecko"
217.248.239.53 - - [20/Mar/2015:08:24:41 +0100] "GET /core/moo.fx.js HTTP/1.1" 200 3267 "http://www.quartier-bb.de/" "Mozilla/5.0 (Windows NT 6.1; WOW64; Trident/7.0; MASBJS; rv:11.0) like Gecko"
217.248.239.53 - - [20/Mar/2015:08:24:41 +0100] "GET /templates/img/logo.gif HTTP/1.1" 200 3859 "http://www.quartier-bb.de/" "Mozilla/5.0 (Windows NT 6.1; WOW64; Trident/7.0; MASBJS; rv:11.0) like Gecko"
217.248.239.53 - - [20/Mar/2015:08:24:41 +0100] "GET /files/top_left_basic.gif HTTP/1.1" 200 261 "http://www.quartier-bb.de/" "Mozilla/5.0 (Windows NT 6.1; WOW64; Trident/7.0; MASBJS; rv:11.0) like Gecko"
217.248.239.53 - - [20/Mar/2015:08:24:41 +0100] "GET /templates/plugins.css HTTP/1.1" 200 1931 "http://www.quartier-bb.de/" "Mozilla/5.0 (Windows NT 6.1; WOW64; Trident/7.0; MASBJS; rv:11.0) like Gecko"
217.248.239.53 - - [20/Mar/2015:08:24:41 +0100] "GET /templates/img/bg.jpg HTTP/1.1" 200 18814 "http://www.quartier-bb.de/" "Mozilla/5.0 (Windows NT 6.1; WOW64; Trident/7.0; MASBJS; rv:11.0) like Gecko"
217.248.239.53 - - [20/Mar/2015:08:24:41 +0100] "GET /templates/img/two-columns.gif HTTP/1.1" 200 65 "http://www.quartier-bb.de/" "Mozilla/5.0 (Windows NT 6.1; WOW64; Trident/7.0; MASBJS; rv:11.0) like Gecko"
217.248.239.53 - - [20/Mar/2015:08:24:41 +0100] "GET /templates/img/nav.gif HTTP/1.1" 200 1501 "http://www.quartier-bb.de/" "Mozilla/5.0 (Windows NT 6.1; WOW64; Trident/7.0; MASBJS; rv:11.0) like Gecko"
217.248.239.53 - - [20/Mar/2015:08:24:41 +0100] "GET /templates/img/points.gif HTTP/1.1" 200 62 "http://www.quartier-bb.de/" "Mozilla/5.0 (Windows NT 6.1; WOW64; Trident/7.0; MASBJS; rv:11.0) like Gecko"
217.248.239.53 - - [20/Mar/2015:08:24:41 +0100] "GET /templates/img/circle.png HTTP/1.1" 200 194 "http://www.quartier-bb.de/" "Mozilla/5.0 (Windows NT 6.1; WOW64; Trident/7.0; MASBJS; rv:11.0) like Gecko"
217.248.239.53 - - [20/Mar/2015:08:24:41 +0100] "GET /templates/img/header.png HTTP/1.1" 200 134243 "http://www.quartier-bb.de/" "Mozilla/5.0 (Windows NT 6.1; WOW64; Trident/7.0; MASBJS; rv:11.0) like Gecko"
217.248.239.53 - - [20/Mar/2015:08:24:42 +0100] "GET /templates/img/loading.gif HTTP/1.1" 200 2767 "http://www.quartier-bb.de/" "Mozilla/5.0 (Windows NT 6.1; WOW64; Trident/7.0; MASBJS; rv:11.0) like Gecko"
217.248.239.53 - - [20/Mar/2015:08:24:42 +0100] "GET /templates/img/closelabel.gif HTTP/1.1" 200 649 "http://www.quartier-bb.de/" "Mozilla/5.0 (Windows NT 6.1; WOW64; Trident/7.0; MASBJS; rv:11.0) like Gecko"
217.248.239.53 - - [20/Mar/2015:08:24:42 +0100] "GET /templates/img/blank.gif HTTP/1.1" 200 43 "http://www.quartier-bb.de/" "Mozilla/5.0 (Windows NT 6.1; WOW64; Trident/7.0; MASBJS; rv:11.0) like Gecko"
217.248.239.53 - - [20/Mar/2015:08:24:42 +0100] "GET /favicon.ico HTTP/1.1" 200 2602 "-" "Mozilla/5.0 (Windows NT 6.1; Win64; x64; Trident/7.0; MASBJS; rv:11.0) like Gecko"
217.248.239.53 - - [20/Mar/2015:08:24:50 +0100] "GET /?kontakt,8 HTTP/1.1" 200 4607 "http://www.quartier-bb.de/" "Mozilla/5.0 (Windows NT 6.1; WOW64; Trident/7.0; MASBJS; rv:11.0) like Gecko"
46.114.179.121 - - [20/Mar/2015:14:34:33 +0100] "GET / HTTP/1.1" 200 6789 "-" "Mozilla/5.0 (iPhone; CPU iPhone OS 8_1 like Mac OS X) AppleWebKit/600.1.4 (KHTML, like Gecko) Version/8.0 Mobile/12B411 Safari/600.1.4"
46.114.179.121 - - [20/Mar/2015:14:34:34 +0100] "GET /core/plugins.js HTTP/1.1" 200 28 "http://www.quartier-bb.de/" "Mozilla/5.0 (iPhone; CPU iPhone OS 8_1 like Mac OS X) AppleWebKit/600.1.4 (KHTML, like Gecko) Version/8.0 Mobile/12B411 Safari/600.1.4"
46.114.179.121 - - [20/Mar/2015:14:34:34 +0100] "GET /core/common.js HTTP/1.1" 200 2364 "http://www.quartier-bb.de/" "Mozilla/5.0 (iPhone; CPU iPhone OS 8_1 like Mac OS X) AppleWebKit/600.1.4 (KHTML, like Gecko) Version/8.0 Mobile/12B411 Safari/600.1.4"
46.114.179.121 - - [20/Mar/2015:14:34:34 +0100] "GET /core/litebox-1.0.js HTTP/1.1" 200 15581 "http://www.quartier-bb.de/" "Mozilla/5.0 (iPhone; CPU iPhone OS 8_1 like Mac OS X) AppleWebKit/600.1.4 (KHTML, like Gecko) Version/8.0 Mobile/12B411 Safari/600.1.4"
46.114.179.121 - - [20/Mar/2015:14:34:34 +0100] "GET /core/prototype.lite.js HTTP/1.1" 200 3335 "http://www.quartier-bb.de/" "Mozilla/5.0 (iPhone; CPU iPhone OS 8_1 like Mac OS X) AppleWebKit/600.1.4 (KHTML, like Gecko) Version/8.0 Mobile/12B411 Safari/600.1.4"
46.114.179.121 - - [20/Mar/2015:14:34:34 +0100] "GET /core/moo.fx.js HTTP/1.1" 200 3267 "http://www.quartier-bb.de/" "Mozilla/5.0 (iPhone; CPU iPhone OS 8_1 like Mac OS X) AppleWebKit/600.1.4 (KHTML, like Gecko) Version/8.0 Mobile/12B411 Safari/600.1.4"
46.114.179.121 - - [20/Mar/2015:14:34:34 +0100] "GET /templates/default.css HTTP/1.1" 200 7156 "http://www.quartier-bb.de/" "Mozilla/5.0 (iPhone; CPU iPhone OS 8_1 like Mac OS X) AppleWebKit/600.1.4 (KHTML, like Gecko) Version/8.0 Mobile/12B411 Safari/600.1.4"
46.114.179.121 - - [20/Mar/2015:14:34:34 +0100] "GET /templates/img/logo.gif HTTP/1.1" 200 3859 "http://www.quartier-bb.de/" "Mozilla/5.0 (iPhone; CPU iPhone OS 8_1 like Mac OS X) AppleWebKit/600.1.4 (KHTML, like Gecko) Version/8.0 Mobile/12B411 Safari/600.1.4"
46.114.179.121 - - [20/Mar/2015:14:34:34 +0100] "GET /files/top_left_basic.gif HTTP/1.1" 200 261 "http://www.quartier-bb.de/" "Mozilla/5.0 (iPhone; CPU iPhone OS 8_1 like Mac OS X) AppleWebKit/600.1.4 (KHTML, like Gecko) Version/8.0 Mobile/12B411 Safari/600.1.4"
46.114.179.121 - - [20/Mar/2015:14:34:34 +0100] "GET /templates/plugins.css HTTP/1.1" 200 1931 "http://www.quartier-bb.de/" "Mozilla/5.0 (iPhone; CPU iPhone OS 8_1 like Mac OS X) AppleWebKit/600.1.4 (KHTML, like Gecko) Version/8.0 Mobile/12B411 Safari/600.1.4"
46.114.179.121 - - [20/Mar/2015:14:34:34 +0100] "GET /templates/img/loading.gif HTTP/1.1" 200 2767 "http://www.quartier-bb.de/" "Mozilla/5.0 (iPhone; CPU iPhone OS 8_1 like Mac OS X) AppleWebKit/600.1.4 (KHTML, like Gecko) Version/8.0 Mobile/12B411 Safari/600.1.4"
46.114.179.121 - - [20/Mar/2015:14:34:34 +0100] "GET /templates/img/closelabel.gif HTTP/1.1" 200 649 "http://www.quartier-bb.de/" "Mozilla/5.0 (iPhone; CPU iPhone OS 8_1 like Mac OS X) AppleWebKit/600.1.4 (KHTML, like Gecko) Version/8.0 Mobile/12B411 Safari/600.1.4"
46.114.179.121 - - [20/Mar/2015:14:34:34 +0100] "GET /templates/img/bg.jpg HTTP/1.1" 200 18814 "http://www.quartier-bb.de/" "Mozilla/5.0 (iPhone; CPU iPhone OS 8_1 like Mac OS X) AppleWebKit/600.1.4 (KHTML, like Gecko) Version/8.0 Mobile/12B411 Safari/600.1.4"
46.114.179.121 - - [20/Mar/2015:14:34:34 +0100] "GET /templates/img/two-columns.gif HTTP/1.1" 200 65 "http://www.quartier-bb.de/" "Mozilla/5.0 (iPhone; CPU iPhone OS 8_1 like Mac OS X) AppleWebKit/600.1.4 (KHTML, like Gecko) Version/8.0 Mobile/12B411 Safari/600.1.4"
46.114.179.121 - - [20/Mar/2015:14:34:34 +0100] "GET /templates/img/points.gif HTTP/1.1" 200 62 "http://www.quartier-bb.de/" "Mozilla/5.0 (iPhone; CPU iPhone OS 8_1 like Mac OS X) AppleWebKit/600.1.4 (KHTML, like Gecko) Version/8.0 Mobile/12B411 Safari/600.1.4"
46.114.179.121 - - [20/Mar/2015:14:34:34 +0100] "GET /templates/img/nav.gif HTTP/1.1" 200 1501 "http://www.quartier-bb.de/" "Mozilla/5.0 (iPhone; CPU iPhone OS 8_1 like Mac OS X) AppleWebKit/600.1.4 (KHTML, like Gecko) Version/8.0 Mobile/12B411 Safari/600.1.4"
46.114.179.121 - - [20/Mar/2015:14:34:34 +0100] "GET /templates/img/circle.png HTTP/1.1" 200 194 "http://www.quartier-bb.de/" "Mozilla/5.0 (iPhone; CPU iPhone OS 8_1 like Mac OS X) AppleWebKit/600.1.4 (KHTML, like Gecko) Version/8.0 Mobile/12B411 Safari/600.1.4"
46.114.179.121 - - [20/Mar/2015:14:34:34 +0100] "GET /templates/img/header.png HTTP/1.1" 200 134243 "http://www.quartier-bb.de/" "Mozilla/5.0 (iPhone; CPU iPhone OS 8_1 like Mac OS X) AppleWebKit/600.1.4 (KHTML, like Gecko) Version/8.0 Mobile/12B411 Safari/600.1.4"
46.114.179.121 - - [20/Mar/2015:14:34:39 +0100] "GET /?kontakt,8 HTTP/1.1" 200 4607 "http://www.quartier-bb.de/" "Mozilla/5.0 (iPhone; CPU iPhone OS 8_1 like Mac OS X) AppleWebKit/600.1.4 (KHTML, like Gecko) Version/8.0 Mobile/12B411 Safari/600.1.4"
46.114.179.121 - - [20/Mar/2015:14:34:58 +0100] "GET /?home,1 HTTP/1.1" 200 6789 "http://www.quartier-bb.de/?kontakt,8" "Mozilla/5.0 (iPhone; CPU iPhone OS 8_1 like Mac OS X) AppleWebKit/600.1.4 (KHTML, like Gecko) Version/8.0 Mobile/12B411 Safari/600.1.4"
46.114.179.121 - - [20/Mar/2015:14:35:04 +0100] "GET /?unternehmen,35 HTTP/1.1" 200 5693 "http://www.quartier-bb.de/?home,1" "Mozilla/5.0 (iPhone; CPU iPhone OS 8_1 like Mac OS X) AppleWebKit/600.1.4 (KHTML, like Gecko) Version/8.0 Mobile/12B411 Safari/600.1.4"
46.114.179.121 - - [20/Mar/2015:14:35:13 +0100] "GET /?formular,41 HTTP/1.1" 302 - "http://www.quartier-bb.de/?unternehmen,35" "Mozilla/5.0 (iPhone; CPU iPhone OS 8_1 like Mac OS X) AppleWebKit/600.1.4 (KHTML, like Gecko) Version/8.0 Mobile/12B411 Safari/600.1.4"
46.114.179.121 - - [20/Mar/2015:14:35:28 +0100] "GET /?impressum,15 HTTP/1.1" 200 5152 "http://www.quartier-bb.de/?unternehmen,35" "Mozilla/5.0 (iPhone; CPU iPhone OS 8_1 like Mac OS X) AppleWebKit/600.1.4 (KHTML, like Gecko) Version/8.0 Mobile/12B411 Safari/600.1.4"
66.249.67.142 - - [20/Mar/2015:21:51:52 +0100] "GET /robots.txt HTTP/1.1" 404 1256 "-" "Mozilla/5.0 (compatible; Googlebot/2.1; +http://www.google.com/bot.html)"
66.249.67.134 - - [20/Mar/2015:21:51:52 +0100] "GET /?kontakt,8 HTTP/1.1" 200 4607 "-" "Mozilla/5.0 (iPhone; CPU iPhone OS 6_0 like Mac OS X) AppleWebKit/536.26 (KHTML, like Gecko) Version/6.0 Mobile/10A5376e Safari/8536.25 (compatible; Googlebot/2.1; +http://www.google.com/bot.html)"
66.249.79.134 - - [20/Mar/2015:22:31:20 +0100] "GET /robots.txt HTTP/1.1" 404 1256 "-" "Mozilla/5.0 (compatible; Googlebot/2.1; +http://www.google.com/bot.html)"
66.249.79.142 - - [20/Mar/2015:22:31:21 +0100] "GET /?impressum,15 HTTP/1.1" 200 5152 "-" "Mozilla/5.0 (iPhone; CPU iPhone OS 6_0 like Mac OS X) AppleWebKit/536.26 (KHTML, like Gecko) Version/6.0 Mobile/10A5376e Safari/8536.25 (compatible; Googlebot/2.1; +http://www.google.com/bot.html)"
66.249.79.150 - - [21/Mar/2015:00:00:46 +0100] "GET / HTTP/1.1" 200 6789 "-" "Mozilla/5.0 (iPhone; CPU iPhone OS 6_0 like Mac OS X) AppleWebKit/536.26 (KHTML, like Gecko) Version/6.0 Mobile/10A5376e Safari/8536.25 (compatible; Googlebot/2.1; +http://www.google.com/bot.html)"
46.4.68.142 - - [21/Mar/2015:03:22:09 +0100] "GET /robots.txt HTTP/1.0" 404 1256 "-" "Mozilla/5.0 (compatible; SEOkicks-Robot; +http://www.seokicks.de/robot.html)"
46.4.68.142 - - [21/Mar/2015:03:22:15 +0100] "GET / HTTP/1.0" 200 6789 "-" "Mozilla/5.0 (compatible; SEOkicks-Robot; +http://www.seokicks.de/robot.html)"
46.4.68.142 - - [21/Mar/2015:03:22:24 +0100] "GET /favicon.ico HTTP/1.0" 200 2602 "http://www.quartier-bb.de/" "Mozilla/5.0 (compatible; SEOkicks-Robot; +http://www.seokicks.de/robot.html)"
46.4.68.142 - - [21/Mar/2015:03:22:30 +0100] "GET /core/common.js HTTP/1.0" 200 2364 "http://www.quartier-bb.de/" "Mozilla/5.0 (compatible; SEOkicks-Robot; +http://www.seokicks.de/robot.html)"
46.4.68.142 - - [21/Mar/2015:03:22:37 +0100] "GET /core/plugins.js HTTP/1.0" 200 28 "http://www.quartier-bb.de/" "Mozilla/5.0 (compatible; SEOkicks-Robot; +http://www.seokicks.de/robot.html)"
46.4.68.142 - - [21/Mar/2015:03:22:43 +0100] "GET /core/prototype.lite.js HTTP/1.0" 200 3335 "http://www.quartier-bb.de/" "Mozilla/5.0 (compatible; SEOkicks-Robot; +http://www.seokicks.de/robot.html)"
46.4.68.142 - - [21/Mar/2015:03:22:49 +0100] "GET /core/moo.fx.js HTTP/1.0" 200 3267 "http://www.quartier-bb.de/" "Mozilla/5.0 (compatible; SEOkicks-Robot; +http://www.seokicks.de/robot.html)"
46.4.68.142 - - [21/Mar/2015:03:22:56 +0100] "GET /core/litebox-1.0.js HTTP/1.0" 200 15581 "http://www.quartier-bb.de/" "Mozilla/5.0 (compatible; SEOkicks-Robot; +http://www.seokicks.de/robot.html)"
46.4.68.142 - - [21/Mar/2015:03:23:02 +0100] "GET /templates/default.css HTTP/1.0" 200 7156 "http://www.quartier-bb.de/" "Mozilla/5.0 (compatible; SEOkicks-Robot; +http://www.seokicks.de/robot.html)"
46.4.68.142 - - [21/Mar/2015:03:23:08 +0100] "GET /?impressum,15 HTTP/1.0" 200 5152 "http://www.quartier-bb.de/" "Mozilla/5.0 (compatible; SEOkicks-Robot; +http://www.seokicks.de/robot.html)"
46.4.68.142 - - [21/Mar/2015:03:23:16 +0100] "GET /?disclaimer,14 HTTP/1.0" 200 7677 "http://www.quartier-bb.de/" "Mozilla/5.0 (compatible; SEOkicks-Robot; +http://www.seokicks.de/robot.html)"
46.4.68.142 - - [21/Mar/2015:03:23:25 +0100] "GET /?home,1 HTTP/1.0" 200 6789 "http://www.quartier-bb.de/" "Mozilla/5.0 (compatible; SEOkicks-Robot; +http://www.seokicks.de/robot.html)"
46.4.68.142 - - [21/Mar/2015:03:23:34 +0100] "GET /?leistung,40 HTTP/1.0" 200 7044 "http://www.quartier-bb.de/" "Mozilla/5.0 (compatible; SEOkicks-Robot; +http://www.seokicks.de/robot.html)"
46.4.68.142 - - [21/Mar/2015:03:23:42 +0100] "GET /?unternehmen,35 HTTP/1.0" 200 5693 "http://www.quartier-bb.de/" "Mozilla/5.0 (compatible; SEOkicks-Robot; +http://www.seokicks.de/robot.html)"
46.4.68.142 - - [21/Mar/2015:03:23:49 +0100] "GET /?kontakt,8 HTTP/1.0" 200 4607 "http://www.quartier-bb.de/" "Mozilla/5.0 (compatible; SEOkicks-Robot; +http://www.seokicks.de/robot.html)"
46.4.68.142 - - [21/Mar/2015:03:23:57 +0100] "GET /?formular,41 HTTP/1.0" 302 - "http://www.quartier-bb.de/" "Mozilla/5.0 (compatible; SEOkicks-Robot; +http://www.seokicks.de/robot.html)"
207.46.13.50 - - [21/Mar/2015:04:57:22 +0100] "GET /robots.txt HTTP/1.1" 404 1256 "-" "Mozilla/5.0 (compatible; bingbot/2.0; +http://www.bing.com/bingbot.htm)"
207.46.13.50 - - [21/Mar/2015:04:57:35 +0100] "GET / HTTP/1.1" 200 6789 "-" "Mozilla/5.0 (compatible; bingbot/2.0; +http://www.bing.com/bingbot.htm)"
66.249.79.142 - - [21/Mar/2015:05:12:56 +0100] "GET /?kontakt,8 HTTP/1.1" 200 4607 "-" "Mozilla/5.0 (compatible; Googlebot/2.1; +http://www.google.com/bot.html)"
188.165.15.202 - - [21/Mar/2015:07:06:23 +0100] "GET /?impressum,15 HTTP/1.1" 200 5152 "-" "Mozilla/5.0 (compatible; AhrefsBot/5.0; +http://ahrefs.com/robot/)"
207.46.13.50 - - [21/Mar/2015:08:49:29 +0100] "GET / HTTP/1.1" 200 6789 "-" "Mozilla/5.0 (compatible; bingbot/2.0; +http://www.bing.com/bingbot.htm)"
68.180.228.124 - - [21/Mar/2015:10:12:53 +0100] "GET /robots.txt HTTP/1.1" 404 1256 "-" "Mozilla/5.0 (compatible; Yahoo! Slurp; http://help.yahoo.com/help/us/ysearch/slurp)"
68.180.228.124 - - [21/Mar/2015:10:12:53 +0100] "GET /?unternehmen,35 HTTP/1.1" 200 5693 "-" "Mozilla/5.0 (compatible; Yahoo! Slurp; http://help.yahoo.com/help/us/ysearch/slurp)"
66.249.79.142 - - [21/Mar/2015:11:30:38 +0100] "GET /robots.txt HTTP/1.1" 404 1256 "-" "Mozilla/5.0 (compatible; Googlebot/2.1; +http://www.google.com/bot.html)"
66.249.79.134 - - [21/Mar/2015:11:30:38 +0100] "GET / HTTP/1.1" 200 6789 "-" "Mozilla/5.0 (compatible; Googlebot/2.1; +http://www.google.com/bot.html)"
68.180.228.124 - - [21/Mar/2015:11:34:15 +0100] "GET /?impressum,15 HTTP/1.1" 200 5152 "-" "Mozilla/5.0 (compatible; Yahoo! Slurp; http://help.yahoo.com/help/us/ysearch/slurp)"
66.249.78.167 - - [21/Mar/2015:13:18:21 +0100] "GET /robots.txt HTTP/1.1" 404 1256 "-" "Mozilla/5.0 (compatible; Googlebot/2.1; +http://www.google.com/bot.html)"
66.249.78.160 - - [21/Mar/2015:13:18:21 +0100] "GET /?impressum,15 HTTP/1.1" 200 5152 "-" "Mozilla/5.0 (iPhone; CPU iPhone OS 6_0 like Mac OS X) AppleWebKit/536.26 (KHTML, like Gecko) Version/6.0 Mobile/10A5376e Safari/8536.25 (compatible; Googlebot/2.1; +http://www.google.com/bot.html)"
144.76.176.150 - - [21/Mar/2015:13:43:33 +0100] "GET /wp-admin HTTP/1.1" 404 1256 "-" "Go 1.1 package http"
144.76.176.150 - - [21/Mar/2015:13:43:38 +0100] "GET /typo3/index.php HTTP/1.1" 404 1256 "-" "Go 1.1 package http"
144.76.176.150 - - [21/Mar/2015:13:43:38 +0100] "GET /administrator HTTP/1.1" 404 1256 "-" "Go 1.1 package http"
144.76.176.150 - - [21/Mar/2015:13:43:43 +0100] "GET /admin HTTP/1.1" 301 352 "-" "Go 1.1 package http"
66.249.78.174 - - [21/Mar/2015:15:35:28 +0100] "GET / HTTP/1.1" 200 6789 "-" "Mozilla/5.0 (compatible; Googlebot/2.1; +http://www.google.com/bot.html)"
66.249.78.174 - - [21/Mar/2015:16:32:49 +0100] "GET / HTTP/1.1" 200 6789 "-" "Mozilla/5.0 (iPhone; CPU iPhone OS 6_0 like Mac OS X) AppleWebKit/536.26 (KHTML, like Gecko) Version/6.0 Mobile/10A5376e Safari/8536.25 (compatible; Googlebot/2.1; +http://www.google.com/bot.html)"
207.46.13.50 - - [21/Mar/2015:18:00:18 +0100] "GET / HTTP/1.1" 200 6789 "-" "Mozilla/5.0 (compatible; bingbot/2.0; +http://www.bing.com/bingbot.htm)"
159.149.133.252 - - [21/Mar/2015:21:28:48 +0100] "GET /robots.txt HTTP/1.1" 404 1256 "-" "BUbiNG (+http://law.di.unimi.it/BUbiNG.html)"
159.149.133.252 - - [21/Mar/2015:21:28:48 +0100] "GET / HTTP/1.1" 200 6789 "-" "BUbiNG (+http://law.di.unimi.it/BUbiNG.html)"
123.125.71.76 - - [21/Mar/2015:22:52:39 +0100] "GET /robots.txt HTTP/1.1" 404 1256 "-" "Mozilla/5.0 (Windows NT 5.1; rv:6.0.2) Gecko/20100101 Firefox/6.0.2"
123.125.71.83 - - [21/Mar/2015:22:56:15 +0100] "GET / HTTP/1.1" 200 6789 "-" "Mozilla/5.0 (compatible; Baiduspider/2.0; +http://www.baidu.com/search/spider.html)"
123.125.71.29 - - [21/Mar/2015:23:00:53 +0100] "GET /core/common.js HTTP/1.1" 200 2364 "http://www.quartier-bb.de/" "Mozilla/5.0 (compatible; Baiduspider/2.0; +http://www.baidu.com/search/spider.html)"
123.125.71.22 - - [21/Mar/2015:23:00:56 +0100] "GET /core/plugins.js HTTP/1.1" 200 28 "http://www.quartier-bb.de/" "Mozilla/5.0 (compatible; Baiduspider/2.0; +http://www.baidu.com/search/spider.html)"
123.125.71.56 - - [21/Mar/2015:23:00:57 +0100] "GET /core/prototype.lite.js HTTP/1.1" 200 3335 "http://www.quartier-bb.de/" "Mozilla/5.0 (compatible; Baiduspider/2.0; +http://www.baidu.com/search/spider.html)"
123.125.71.19 - - [21/Mar/2015:23:00:59 +0100] "GET /core/moo.fx.js HTTP/1.1" 200 3267 "http://www.quartier-bb.de/" "Mozilla/5.0 (compatible; Baiduspider/2.0; +http://www.baidu.com/search/spider.html)"
123.125.71.58 - - [21/Mar/2015:23:01:00 +0100] "GET /core/litebox-1.0.js HTTP/1.1" 200 15581 "http://www.quartier-bb.de/" "Mozilla/5.0 (compatible; Baiduspider/2.0; +http://www.baidu.com/search/spider.html)"
123.125.71.12 - - [21/Mar/2015:23:01:01 +0100] "GET /templates/default.css HTTP/1.1" 200 7156 "http://www.quartier-bb.de/" "Mozilla/5.0 (compatible; Baiduspider/2.0; +http://www.baidu.com/search/spider.html)"
123.125.71.32 - - [21/Mar/2015:23:01:03 +0100] "GET /templates/plugins.css HTTP/1.1" 200 1931 "http://www.quartier-bb.de/" "Mozilla/5.0 (compatible; Baiduspider/2.0; +http://www.baidu.com/search/spider.html)"
207.46.13.50 - - [21/Mar/2015:23:12:36 +0100] "GET / HTTP/1.1" 200 6789 "-" "Mozilla/5.0 (compatible; bingbot/2.0; +http://www.bing.com/bingbot.htm)"
66.249.64.58 - - [21/Mar/2015:23:46:11 +0100] "GET / HTTP/1.1" 200 6789 "-" "DoCoMo/2.0 N905i(c100;TB;W24H16) (compatible; Googlebot-Mobile/2.1; +http://www.google.com/bot.html)"
