87.160.174.55 - - [22/Dec/2014:15:21:47 +0100] "GET /core/litebox-1.0.js HTTP/1.1" 200 15581 "http://www.quartier-bb.de/" "Mozilla/5.0 (compatible; MSIE 10.0; Windows NT 6.1; WOW64; Trident/6.0)"
87.160.174.55 - - [22/Dec/2014:15:21:47 +0100] "GET /templates/default.css HTTP/1.1" 200 7156 "http://www.quartier-bb.de/" "Mozilla/5.0 (compatible; MSIE 10.0; Windows NT 6.1; WOW64; Trident/6.0)"
87.160.174.55 - - [22/Dec/2014:15:21:47 +0100] "GET /templates/img/logo.gif HTTP/1.1" 200 3859 "http://www.quartier-bb.de/" "Mozilla/5.0 (compatible; MSIE 10.0; Windows NT 6.1; WOW64; Trident/6.0)"
87.160.174.55 - - [22/Dec/2014:15:21:47 +0100] "GET /files/top_left_basic.gif HTTP/1.1" 200 261 "http://www.quartier-bb.de/" "Mozilla/5.0 (compatible; MSIE 10.0; Windows NT 6.1; WOW64; Trident/6.0)"
87.160.174.55 - - [22/Dec/2014:15:21:47 +0100] "GET /templates/plugins.css HTTP/1.1" 200 1931 "http://www.quartier-bb.de/" "Mozilla/5.0 (compatible; MSIE 10.0; Windows NT 6.1; WOW64; Trident/6.0)"
87.160.174.55 - - [22/Dec/2014:15:21:47 +0100] "GET /templates/img/two-columns.gif HTTP/1.1" 200 65 "http://www.quartier-bb.de/" "Mozilla/5.0 (compatible; MSIE 10.0; Windows NT 6.1; WOW64; Trident/6.0)"
87.160.174.55 - - [22/Dec/2014:15:21:47 +0100] "GET /templates/img/nav.gif HTTP/1.1" 200 1501 "http://www.quartier-bb.de/" "Mozilla/5.0 (compatible; MSIE 10.0; Windows NT 6.1; WOW64; Trident/6.0)"
87.160.174.55 - - [22/Dec/2014:15:21:47 +0100] "GET /templates/img/bg.jpg HTTP/1.1" 200 18814 "http://www.quartier-bb.de/" "Mozilla/5.0 (compatible; MSIE 10.0; Windows NT 6.1; WOW64; Trident/6.0)"
87.160.174.55 - - [22/Dec/2014:15:21:47 +0100] "GET /templates/img/points.gif HTTP/1.1" 200 62 "http://www.quartier-bb.de/" "Mozilla/5.0 (compatible; MSIE 10.0; Windows NT 6.1; WOW64; Trident/6.0)"
87.160.174.55 - - [22/Dec/2014:15:21:47 +0100] "GET /templates/img/circle.png HTTP/1.1" 200 194 "http://www.quartier-bb.de/" "Mozilla/5.0 (compatible; MSIE 10.0; Windows NT 6.1; WOW64; Trident/6.0)"
87.160.174.55 - - [22/Dec/2014:15:21:47 +0100] "GET /templates/img/header.png HTTP/1.1" 200 134243 "http://www.quartier-bb.de/" "Mozilla/5.0 (compatible; MSIE 10.0; Windows NT 6.1; WOW64; Trident/6.0)"
87.160.174.55 - - [22/Dec/2014:15:21:47 +0100] "GET /templates/img/loading.gif HTTP/1.1" 200 2767 "http://www.quartier-bb.de/" "Mozilla/5.0 (compatible; MSIE 10.0; Windows NT 6.1; WOW64; Trident/6.0)"
87.160.174.55 - - [22/Dec/2014:15:21:47 +0100] "GET /templates/img/closelabel.gif HTTP/1.1" 200 649 "http://www.quartier-bb.de/" "Mozilla/5.0 (compatible; MSIE 10.0; Windows NT 6.1; WOW64; Trident/6.0)"
87.160.161.162 - - [22/Dec/2014:15:21:47 +0100] "GET /favicon.ico HTTP/1.1" 200 2602 "-" "Mozilla/5.0 (compatible; MSIE 10.0; Windows NT 6.1; Win64; x64; Trident/6.0)"
87.160.174.55 - - [22/Dec/2014:15:21:55 +0100] "GET /?leistung,40 HTTP/1.1" 200 7044 "http://www.quartier-bb.de/" "Mozilla/5.0 (compatible; MSIE 10.0; Windows NT 6.1; WOW64; Trident/6.0)"
87.160.174.55 - - [22/Dec/2014:15:22:01 +0100] "GET /?unternehmen,35 HTTP/1.1" 200 5693 "http://www.quartier-bb.de/?leistung,40" "Mozilla/5.0 (compatible; MSIE 10.0; Windows NT 6.1; WOW64; Trident/6.0)"
87.160.174.55 - - [22/Dec/2014:15:22:05 +0100] "GET /?impressum,15 HTTP/1.1" 200 5152 "http://www.quartier-bb.de/?unternehmen,35" "Mozilla/5.0 (compatible; MSIE 10.0; Windows NT 6.1; WOW64; Trident/6.0)"
87.160.174.55 - - [22/Dec/2014:15:22:10 +0100] "GET /?formular,41 HTTP/1.1" 302 - "http://www.quartier-bb.de/?impressum,15" "Mozilla/5.0 (compatible; MSIE 10.0; Windows NT 6.1; WOW64; Trident/6.0)"
66.249.78.160 - - [22/Dec/2014:16:25:36 +0100] "GET /?leistung,40 HTTP/1.1" 200 7044 "-" "Mozilla/5.0 (compatible; Googlebot/2.1; +http://www.google.com/bot.html)"
66.249.64.61 - - [22/Dec/2014:16:33:43 +0100] "GET /?kontakt,8 HTTP/1.1" 200 4607 "-" "Mozilla/5.0 (compatible; Googlebot/2.1; +http://www.google.com/bot.html)"
66.249.78.174 - - [22/Dec/2014:16:35:23 +0100] "GET / HTTP/1.1" 200 6789 "-" "Mozilla/5.0 (compatible; Googlebot/2.1; +http://www.google.com/bot.html)"
66.249.78.160 - - [22/Dec/2014:17:01:57 +0100] "GET /?impressum,15 HTTP/1.1" 200 5152 "-" "Mozilla/5.0 (compatible; Googlebot/2.1; +http://www.google.com/bot.html)"
213.23.84.206 - - [22/Dec/2014:17:55:46 +0100] "GET / HTTP/1.1" 200 6789 "http://www.google.de/url?sa=t&rct=j&q=&esrc=s&source=web&cd=1&ved=0CCEQFjAA&url=http%3A%2F%2Fwww.quartier-bb.de%2F&ei=lEyYVJ6kOKW_ywP8j4LICw&usg=AFQjCNEFLg6-MxlwLCq_OMSmI5Dx4hlaww&bvm=bv.82001339,d.bGQ" "Mozilla/5.0 (Windows NT 6.1; WOW64; Trident/7.0; rv:11.0) like Gecko"
213.23.84.206 - - [22/Dec/2014:17:55:46 +0100] "GET /core/common.js HTTP/1.1" 200 2364 "http://www.quartier-bb.de/" "Mozilla/5.0 (Windows NT 6.1; WOW64; Trident/7.0; rv:11.0) like Gecko"
213.23.84.206 - - [22/Dec/2014:17:55:46 +0100] "GET /core/moo.fx.js HTTP/1.1" 200 3267 "http://www.quartier-bb.de/" "Mozilla/5.0 (Windows NT 6.1; WOW64; Trident/7.0; rv:11.0) like Gecko"
213.23.84.206 - - [22/Dec/2014:17:55:46 +0100] "GET /core/plugins.js HTTP/1.1" 200 28 "http://www.quartier-bb.de/" "Mozilla/5.0 (Windows NT 6.1; WOW64; Trident/7.0; rv:11.0) like Gecko"
213.23.84.206 - - [22/Dec/2014:17:55:46 +0100] "GET /core/prototype.lite.js HTTP/1.1" 200 3335 "http://www.quartier-bb.de/" "Mozilla/5.0 (Windows NT 6.1; WOW64; Trident/7.0; rv:11.0) like Gecko"
213.23.84.206 - - [22/Dec/2014:17:55:46 +0100] "GET /core/litebox-1.0.js HTTP/1.1" 200 15581 "http://www.quartier-bb.de/" "Mozilla/5.0 (Windows NT 6.1; WOW64; Trident/7.0; rv:11.0) like Gecko"
213.23.84.206 - - [22/Dec/2014:17:55:46 +0100] "GET /templates/img/logo.gif HTTP/1.1" 200 3859 "http://www.quartier-bb.de/" "Mozilla/5.0 (Windows NT 6.1; WOW64; Trident/7.0; rv:11.0) like Gecko"
213.23.84.206 - - [22/Dec/2014:17:55:46 +0100] "GET /templates/default.css HTTP/1.1" 200 7156 "http://www.quartier-bb.de/" "Mozilla/5.0 (Windows NT 6.1; WOW64; Trident/7.0; rv:11.0) like Gecko"
213.23.84.206 - - [22/Dec/2014:17:55:46 +0100] "GET /files/top_left_basic.gif HTTP/1.1" 200 261 "http://www.quartier-bb.de/" "Mozilla/5.0 (Windows NT 6.1; WOW64; Trident/7.0; rv:11.0) like Gecko"
213.23.84.206 - - [22/Dec/2014:17:55:46 +0100] "GET /templates/plugins.css HTTP/1.1" 200 1931 "http://www.quartier-bb.de/" "Mozilla/5.0 (Windows NT 6.1; WOW64; Trident/7.0; rv:11.0) like Gecko"
213.23.84.206 - - [22/Dec/2014:17:55:46 +0100] "GET /templates/img/bg.jpg HTTP/1.1" 200 18814 "http://www.quartier-bb.de/" "Mozilla/5.0 (Windows NT 6.1; WOW64; Trident/7.0; rv:11.0) like Gecko"
213.23.84.206 - - [22/Dec/2014:17:55:46 +0100] "GET /templates/img/circle.png HTTP/1.1" 200 194 "http://www.quartier-bb.de/" "Mozilla/5.0 (Windows NT 6.1; WOW64; Trident/7.0; rv:11.0) like Gecko"
213.23.84.206 - - [22/Dec/2014:17:55:46 +0100] "GET /templates/img/nav.gif HTTP/1.1" 200 1501 "http://www.quartier-bb.de/" "Mozilla/5.0 (Windows NT 6.1; WOW64; Trident/7.0; rv:11.0) like Gecko"
213.23.84.206 - - [22/Dec/2014:17:55:46 +0100] "GET /templates/img/points.gif HTTP/1.1" 200 62 "http://www.quartier-bb.de/" "Mozilla/5.0 (Windows NT 6.1; WOW64; Trident/7.0; rv:11.0) like Gecko"
213.23.84.206 - - [22/Dec/2014:17:55:46 +0100] "GET /templates/img/two-columns.gif HTTP/1.1" 200 65 "http://www.quartier-bb.de/" "Mozilla/5.0 (Windows NT 6.1; WOW64; Trident/7.0; rv:11.0) like Gecko"
213.23.84.206 - - [22/Dec/2014:17:55:46 +0100] "GET /templates/img/header.png HTTP/1.1" 200 134243 "http://www.quartier-bb.de/" "Mozilla/5.0 (Windows NT 6.1; WOW64; Trident/7.0; rv:11.0) like Gecko"
213.23.84.206 - - [22/Dec/2014:17:55:46 +0100] "GET /templates/img/loading.gif HTTP/1.1" 200 2767 "http://www.quartier-bb.de/" "Mozilla/5.0 (Windows NT 6.1; WOW64; Trident/7.0; rv:11.0) like Gecko"
213.23.84.206 - - [22/Dec/2014:17:55:46 +0100] "GET /templates/img/closelabel.gif HTTP/1.1" 200 649 "http://www.quartier-bb.de/" "Mozilla/5.0 (Windows NT 6.1; WOW64; Trident/7.0; rv:11.0) like Gecko"
213.23.84.206 - - [22/Dec/2014:17:55:46 +0100] "GET /templates/img/blank.gif HTTP/1.1" 200 43 "http://www.quartier-bb.de/" "Mozilla/5.0 (Windows NT 6.1; WOW64; Trident/7.0; rv:11.0) like Gecko"
213.23.84.206 - - [22/Dec/2014:17:55:46 +0100] "GET /favicon.ico HTTP/1.1" 200 2602 "-" "Mozilla/5.0 (Windows NT 6.1; Win64; x64; Trident/7.0; rv:11.0) like Gecko"
213.23.84.206 - - [22/Dec/2014:17:55:57 +0100] "GET /?kontakt,8 HTTP/1.1" 200 4607 "http://www.quartier-bb.de/" "Mozilla/5.0 (Windows NT 6.1; WOW64; Trident/7.0; rv:11.0) like Gecko"
213.23.84.206 - - [22/Dec/2014:17:56:00 +0100] "GET /?home,1 HTTP/1.1" 200 6789 "http://www.quartier-bb.de/?kontakt,8" "Mozilla/5.0 (Windows NT 6.1; WOW64; Trident/7.0; rv:11.0) like Gecko"
213.23.84.206 - - [22/Dec/2014:17:56:03 +0100] "GET /?leistung,40 HTTP/1.1" 200 7044 "http://www.quartier-bb.de/?home,1" "Mozilla/5.0 (Windows NT 6.1; WOW64; Trident/7.0; rv:11.0) like Gecko"
213.23.84.206 - - [22/Dec/2014:17:56:05 +0100] "GET /?unternehmen,35 HTTP/1.1" 200 5693 "http://www.quartier-bb.de/?leistung,40" "Mozilla/5.0 (Windows NT 6.1; WOW64; Trident/7.0; rv:11.0) like Gecko"
213.23.84.206 - - [22/Dec/2014:17:56:09 +0100] "GET /?kontakt,8 HTTP/1.1" 200 4607 "http://www.quartier-bb.de/?unternehmen,35" "Mozilla/5.0 (Windows NT 6.1; WOW64; Trident/7.0; rv:11.0) like Gecko"
213.23.84.206 - - [22/Dec/2014:17:56:12 +0100] "GET /?formular,41 HTTP/1.1" 302 - "http://www.quartier-bb.de/?kontakt,8" "Mozilla/5.0 (Windows NT 6.1; WOW64; Trident/7.0; rv:11.0) like Gecko"
213.23.84.206 - - [22/Dec/2014:17:56:16 +0100] "GET /?kontakt,8 HTTP/1.1" 200 4607 "http://www.quartier-bb.de/?unternehmen,35" "Mozilla/5.0 (Windows NT 6.1; WOW64; Trident/7.0; rv:11.0) like Gecko"
213.23.84.206 - - [22/Dec/2014:17:56:17 +0100] "GET /?unternehmen,35 HTTP/1.1" 200 5693 "http://www.quartier-bb.de/?leistung,40" "Mozilla/5.0 (Windows NT 6.1; WOW64; Trident/7.0; rv:11.0) like Gecko"
213.23.84.206 - - [22/Dec/2014:17:56:18 +0100] "GET /?leistung,40 HTTP/1.1" 200 7044 "http://www.quartier-bb.de/?home,1" "Mozilla/5.0 (Windows NT 6.1; WOW64; Trident/7.0; rv:11.0) like Gecko"
213.23.84.206 - - [22/Dec/2014:17:56:19 +0100] "GET /?home,1 HTTP/1.1" 200 6789 "http://www.quartier-bb.de/?kontakt,8" "Mozilla/5.0 (Windows NT 6.1; WOW64; Trident/7.0; rv:11.0) like Gecko"
213.23.84.206 - - [22/Dec/2014:17:56:20 +0100] "GET /?kontakt,8 HTTP/1.1" 200 4607 "http://www.quartier-bb.de/" "Mozilla/5.0 (Windows NT 6.1; WOW64; Trident/7.0; rv:11.0) like Gecko"
213.23.84.206 - - [22/Dec/2014:17:56:21 +0100] "GET / HTTP/1.1" 200 6789 "http://www.google.de/url?sa=t&rct=j&q=&esrc=s&source=web&cd=1&ved=0CCEQFjAA&url=http%3A%2F%2Fwww.quartier-bb.de%2F&ei=lEyYVJ6kOKW_ywP8j4LICw&usg=AFQjCNEFLg6-MxlwLCq_OMSmI5Dx4hlaww&bvm=bv.82001339,d.bGQ" "Mozilla/5.0 (Windows NT 6.1; WOW64; Trident/7.0; rv:11.0) like Gecko"
66.249.78.174 - - [22/Dec/2014:18:00:38 +0100] "GET /?kontakt,8 HTTP/1.1" 200 4607 "-" "Mozilla/5.0 (compatible; Googlebot/2.1; +http://www.google.com/bot.html)"
66.249.78.174 - - [22/Dec/2014:19:53:31 +0100] "GET / HTTP/1.1" 200 6789 "-" "Mozilla/5.0 (compatible; Googlebot/2.1; +http://www.google.com/bot.html)"
198.50.202.33 - - [22/Dec/2014:20:04:20 +0100] "GET / HTTP/1.0" 200 6789 "-" "Mozilla/5.0 (Windows NT 6.1; WOW64; rv:12.0) Gecko/20100101 Firefox/12.0"
141.8.147.12 - - [22/Dec/2014:21:17:23 +0100] "GET /robots.txt HTTP/1.1" 404 1256 "-" "Mozilla/5.0 (compatible; YandexBot/3.0; +http://yandex.com/bots)"
141.8.147.12 - - [22/Dec/2014:22:44:23 +0100] "GET /?home,1 HTTP/1.1" 200 6789 "-" "Mozilla/5.0 (compatible; YandexBot/3.0; +http://yandex.com/bots)"
207.46.13.60 - - [22/Dec/2014:23:27:17 +0100] "GET /robots.txt HTTP/1.1" 404 1256 "-" "Mozilla/5.0 (compatible; bingbot/2.0; +http://www.bing.com/bingbot.htm)"
207.46.13.60 - - [22/Dec/2014:23:29:31 +0100] "GET / HTTP/1.1" 200 6789 "-" "Mozilla/5.0 (compatible; bingbot/2.0; +http://www.bing.com/bingbot.htm)"
188.165.15.105 - - [22/Dec/2014:23:53:18 +0100] "GET /?disclaimer,14 HTTP/1.1" 200 7677 "-" "Mozilla/5.0 (compatible; AhrefsBot/5.0; +http://ahrefs.com/robot/)"
66.249.78.167 - - [23/Dec/2014:00:27:27 +0100] "GET /robots.txt HTTP/1.1" 404 1256 "-" "Mozilla/5.0 (compatible; Googlebot/2.1; +http://www.google.com/bot.html)"
66.249.78.160 - - [23/Dec/2014:00:27:28 +0100] "GET /?leistung,40 HTTP/1.1" 200 7044 "-" "Mozilla/5.0 (compatible; Googlebot/2.1; +http://www.google.com/bot.html)"
141.8.147.12 - - [23/Dec/2014:00:58:18 +0100] "GET /robots.txt HTTP/1.1" 404 1256 "-" "Mozilla/5.0 (compatible; YandexBot/3.0; +http://yandex.com/bots)"
141.8.147.12 - - [23/Dec/2014:00:59:32 +0100] "GET / HTTP/1.1" 200 6789 "-" "Mozilla/5.0 (compatible; YandexBot/3.0; +http://yandex.com/bots)"
66.249.78.160 - - [23/Dec/2014:01:15:34 +0100] "GET /?impressum,15 HTTP/1.1" 200 5152 "-" "Mozilla/5.0 (compatible; Googlebot/2.1; +http://www.google.com/bot.html)"
66.249.78.167 - - [23/Dec/2014:01:16:18 +0100] "GET /?kontakt,8 HTTP/1.1" 200 4607 "-" "Mozilla/5.0 (compatible; Googlebot/2.1; +http://www.google.com/bot.html)"
66.249.78.160 - - [23/Dec/2014:01:17:01 +0100] "GET / HTTP/1.1" 200 6789 "-" "Mozilla/5.0 (compatible; Googlebot/2.1; +http://www.google.com/bot.html)"
66.249.78.174 - - [23/Dec/2014:01:21:24 +0100] "GET /templates/plugins.css HTTP/1.1" 200 1931 "-" "Mozilla/5.0 (compatible; Googlebot/2.1; +http://www.google.com/bot.html)"
66.249.64.57 - - [23/Dec/2014:01:51:57 +0100] "GET / HTTP/1.1" 200 6789 "-" "DoCoMo/2.0 N905i(c100;TB;W24H16) (compatible; Googlebot-Mobile/2.1; +http://www.google.com/bot.html)"
66.249.78.174 - - [23/Dec/2014:03:57:14 +0100] "GET / HTTP/1.1" 200 6789 "-" "Mozilla/5.0 (compatible; Googlebot/2.1; +http://www.google.com/bot.html)"
66.249.78.167 - - [23/Dec/2014:04:00:28 +0100] "GET /templates/default.css HTTP/1.1" 200 7156 "-" "Mozilla/5.0 (compatible; Googlebot/2.1; +http://www.google.com/bot.html)"
198.50.202.33 - - [23/Dec/2014:08:09:04 +0100] "GET /?kontakt,8 HTTP/1.0" 200 4607 "-" "Mozilla/5.0 (Windows NT 6.1; WOW64; rv:12.0) Gecko/20100101 Firefox/12.0"
66.249.78.174 - - [23/Dec/2014:08:33:49 +0100] "GET / HTTP/1.1" 200 6789 "-" "Mozilla/5.0 (compatible; Googlebot/2.1; +http://www.google.com/bot.html)"
198.50.202.33 - - [23/Dec/2014:14:19:24 +0100] "GET /?disclaimer,14 HTTP/1.0" 200 7677 "-" "Mozilla/5.0 (Windows NT 6.1; WOW64; rv:12.0) Gecko/20100101 Firefox/12.0"
66.249.75.205 - - [23/Dec/2014:15:23:40 +0100] "GET /robots.txt HTTP/1.1" 404 1256 "-" "Mozilla/5.0 (compatible; Googlebot/2.1; +http://www.google.com/bot.html)"
66.249.75.189 - - [23/Dec/2014:15:23:41 +0100] "GET / HTTP/1.1" 200 6789 "-" "Mozilla/5.0 (iPhone; CPU iPhone OS 6_0 like Mac OS X) AppleWebKit/536.26 (KHTML, like Gecko) Version/6.0 Mobile/10A5376e Safari/8536.25 (compatible; Googlebot/2.1; +http://www.google.com/bot.html)"
207.46.13.60 - - [23/Dec/2014:16:33:36 +0100] "GET / HTTP/1.1" 200 6789 "-" "Mozilla/5.0 (compatible; bingbot/2.0; +http://www.bing.com/bingbot.htm)"
93.219.219.76 - - [23/Dec/2014:20:38:55 +0100] "GET / HTTP/1.1" 200 6789 "-" "Mozilla/5.0 (Windows NT 6.0; rv:32.0) Gecko/20100101 Firefox/32.0"
93.219.219.76 - - [23/Dec/2014:20:38:55 +0100] "GET /core/common.js HTTP/1.1" 200 2364 "http://www.quartier-bb.de/" "Mozilla/5.0 (Windows NT 6.0; rv:32.0) Gecko/20100101 Firefox/32.0"
93.219.219.76 - - [23/Dec/2014:20:38:55 +0100] "GET /core/prototype.lite.js HTTP/1.1" 200 3335 "http://www.quartier-bb.de/" "Mozilla/5.0 (Windows NT 6.0; rv:32.0) Gecko/20100101 Firefox/32.0"
93.219.219.76 - - [23/Dec/2014:20:38:55 +0100] "GET /core/plugins.js HTTP/1.1" 200 28 "http://www.quartier-bb.de/" "Mozilla/5.0 (Windows NT 6.0; rv:32.0) Gecko/20100101 Firefox/32.0"
93.219.219.76 - - [23/Dec/2014:20:38:55 +0100] "GET /core/moo.fx.js HTTP/1.1" 200 3267 "http://www.quartier-bb.de/" "Mozilla/5.0 (Windows NT 6.0; rv:32.0) Gecko/20100101 Firefox/32.0"
93.219.219.76 - - [23/Dec/2014:20:38:55 +0100] "GET /core/litebox-1.0.js HTTP/1.1" 200 15581 "http://www.quartier-bb.de/" "Mozilla/5.0 (Windows NT 6.0; rv:32.0) Gecko/20100101 Firefox/32.0"
93.219.219.76 - - [23/Dec/2014:20:38:55 +0100] "GET /favicon.ico HTTP/1.1" 200 2602 "-" "Mozilla/5.0 (Windows NT 6.0; rv:32.0) Gecko/20100101 Firefox/32.0"
93.219.219.76 - - [23/Dec/2014:20:38:55 +0100] "GET /templates/img/logo.gif HTTP/1.1" 200 3859 "http://www.quartier-bb.de/" "Mozilla/5.0 (Windows NT 6.0; rv:32.0) Gecko/20100101 Firefox/32.0"
93.219.219.76 - - [23/Dec/2014:20:38:55 +0100] "GET /files/top_left_basic.gif HTTP/1.1" 200 261 "http://www.quartier-bb.de/" "Mozilla/5.0 (Windows NT 6.0; rv:32.0) Gecko/20100101 Firefox/32.0"
93.219.219.76 - - [23/Dec/2014:20:38:55 +0100] "GET /templates/default.css HTTP/1.1" 200 7156 "http://www.quartier-bb.de/" "Mozilla/5.0 (Windows NT 6.0; rv:32.0) Gecko/20100101 Firefox/32.0"
93.219.219.76 - - [23/Dec/2014:20:38:55 +0100] "GET /templates/plugins.css HTTP/1.1" 200 1931 "http://www.quartier-bb.de/templates/default.css" "Mozilla/5.0 (Windows NT 6.0; rv:32.0) Gecko/20100101 Firefox/32.0"
93.219.219.76 - - [23/Dec/2014:20:38:55 +0100] "GET /templates/img/bg.jpg HTTP/1.1" 200 18814 "http://www.quartier-bb.de/templates/default.css" "Mozilla/5.0 (Windows NT 6.0; rv:32.0) Gecko/20100101 Firefox/32.0"
93.219.219.76 - - [23/Dec/2014:20:38:55 +0100] "GET /templates/img/points.gif HTTP/1.1" 200 62 "http://www.quartier-bb.de/templates/default.css" "Mozilla/5.0 (Windows NT 6.0; rv:32.0) Gecko/20100101 Firefox/32.0"
93.219.219.76 - - [23/Dec/2014:20:38:55 +0100] "GET /templates/img/nav.gif HTTP/1.1" 200 1501 "http://www.quartier-bb.de/templates/default.css" "Mozilla/5.0 (Windows NT 6.0; rv:32.0) Gecko/20100101 Firefox/32.0"
93.219.219.76 - - [23/Dec/2014:20:38:56 +0100] "GET /templates/img/two-columns.gif HTTP/1.1" 200 65 "http://www.quartier-bb.de/templates/default.css" "Mozilla/5.0 (Windows NT 6.0; rv:32.0) Gecko/20100101 Firefox/32.0"
93.219.219.76 - - [23/Dec/2014:20:38:56 +0100] "GET /templates/img/circle.png HTTP/1.1" 200 194 "http://www.quartier-bb.de/templates/default.css" "Mozilla/5.0 (Windows NT 6.0; rv:32.0) Gecko/20100101 Firefox/32.0"
93.219.219.76 - - [23/Dec/2014:20:38:55 +0100] "GET /templates/img/header.png HTTP/1.1" 200 134243 "http://www.quartier-bb.de/templates/default.css" "Mozilla/5.0 (Windows NT 6.0; rv:32.0) Gecko/20100101 Firefox/32.0"
93.219.219.76 - - [23/Dec/2014:20:38:56 +0100] "GET /templates/img/loading.gif HTTP/1.1" 200 2767 "http://www.quartier-bb.de/" "Mozilla/5.0 (Windows NT 6.0; rv:32.0) Gecko/20100101 Firefox/32.0"
93.219.219.76 - - [23/Dec/2014:20:38:56 +0100] "GET /templates/img/closelabel.gif HTTP/1.1" 200 649 "http://www.quartier-bb.de/" "Mozilla/5.0 (Windows NT 6.0; rv:32.0) Gecko/20100101 Firefox/32.0"
93.219.219.76 - - [23/Dec/2014:20:39:08 +0100] "GET /?leistung,40 HTTP/1.1" 200 7044 "http://www.quartier-bb.de/" "Mozilla/5.0 (Windows NT 6.0; rv:32.0) Gecko/20100101 Firefox/32.0"
93.219.219.76 - - [23/Dec/2014:20:39:13 +0100] "GET /?unternehmen,35 HTTP/1.1" 200 5693 "http://www.quartier-bb.de/?leistung,40" "Mozilla/5.0 (Windows NT 6.0; rv:32.0) Gecko/20100101 Firefox/32.0"
194.187.168.1 - - [23/Dec/2014:23:10:17 +0100] "GET /robots.txt HTTP/1.1" 404 1256 "-" "Mozilla/5.0 (compatible; memoryBot/1.21.24 +http://internetmemory.org/en/)"
194.187.168.1 - - [23/Dec/2014:23:10:20 +0100] "GET / HTTP/1.1" 200 6789 "-" "Mozilla/5.0 (compatible; memoryBot/1.21.24 +http://internetmemory.org/en/)"
66.249.75.221 - - [24/Dec/2014:00:11:42 +0100] "GET /?impressum,15 HTTP/1.1" 200 5152 "-" "Mozilla/5.0 (compatible; Googlebot/2.1; +http://www.google.com/bot.html)"
66.249.75.221 - - [24/Dec/2014:01:07:29 +0100] "GET / HTTP/1.1" 200 6789 "-" "Mozilla/5.0 (compatible; Googlebot/2.1; +http://www.google.com/bot.html)"
66.249.75.205 - - [24/Dec/2014:01:25:05 +0100] "GET / HTTP/1.1" 200 6789 "-" "SAMSUNG-SGH-E250/1.0 Profile/MIDP-2.0 Configuration/CLDC-1.1 UP.Browser/6.2.3.3.c.1.101 (GUI) MMP/2.0 (compatible; Googlebot-Mobile/2.1; +http://www.google.com/bot.html)"
66.249.75.221 - - [24/Dec/2014:06:17:51 +0100] "GET /robots.txt HTTP/1.1" 404 1256 "-" "Mozilla/5.0 (compatible; Googlebot/2.1; +http://www.google.com/bot.html)"
66.249.75.189 - - [24/Dec/2014:06:17:51 +0100] "GET /?impressum,15 HTTP/1.1" 200 5152 "-" "Mozilla/5.0 (compatible; Googlebot/2.1; +http://www.google.com/bot.html)"
208.115.111.75 - - [24/Dec/2014:06:47:46 +0100] "GET /robots.txt HTTP/1.1" 404 1256 "-" "Mozilla/5.0 (compatible; DotBot/1.1; http://www.opensiteexplorer.org/dotbot, help@moz.com)"
207.46.13.60 - - [24/Dec/2014:07:09:51 +0100] "GET / HTTP/1.1" 200 6789 "-" "Mozilla/5.0 (compatible; bingbot/2.0; +http://www.bing.com/bingbot.htm)"
66.249.75.189 - - [24/Dec/2014:07:41:40 +0100] "GET / HTTP/1.1" 200 6789 "-" "Mozilla/5.0 (compatible; Googlebot/2.1; +http://www.google.com/bot.html)"
208.115.111.75 - - [24/Dec/2014:07:43:23 +0100] "GET /?impressum,15 HTTP/1.1" 200 5152 "-" "Mozilla/5.0 (compatible; DotBot/1.1; http://www.opensiteexplorer.org/dotbot, help@moz.com)"
66.249.75.189 - - [24/Dec/2014:11:14:01 +0100] "GET /?impressum,15 HTTP/1.1" 200 5152 "-" "Mozilla/5.0 (compatible; Googlebot/2.1; +http://www.google.com/bot.html)"
66.249.75.189 - - [24/Dec/2014:12:41:01 +0100] "GET /?kontakt,8 HTTP/1.1" 200 4607 "-" "Mozilla/5.0 (compatible; Googlebot/2.1; +http://www.google.com/bot.html)"
66.249.75.221 - - [24/Dec/2014:12:49:02 +0100] "GET / HTTP/1.1" 200 6789 "-" "Mozilla/5.0 (compatible; Googlebot/2.1; +http://www.google.com/bot.html)"
146.120.158.128 - - [24/Dec/2014:14:24:41 +0100] "GET /?kontakt,8 HTTP/1.1" 200 4607 "-" "Mozilla/4.0 (compatible; Intel Mac OS X 10.6; rv:2.0b8) Gecko/20100101 Firefox/4.0b8)"
66.249.79.133 - - [24/Dec/2014:14:43:45 +0100] "GET /robots.txt HTTP/1.1" 404 1256 "-" "Mozilla/5.0 (compatible; Googlebot/2.1; +http://www.google.com/bot.html)"
66.249.79.149 - - [24/Dec/2014:14:43:45 +0100] "GET /?unternehmen,35 HTTP/1.1" 200 5693 "-" "Mozilla/5.0 (compatible; Googlebot/2.1; +http://www.google.com/bot.html)"
66.249.79.141 - - [24/Dec/2014:14:55:06 +0100] "GET /?impressum,15 HTTP/1.1" 200 5152 "-" "Mozilla/5.0 (compatible; Googlebot/2.1; +http://www.google.com/bot.html)"
188.165.15.160 - - [24/Dec/2014:15:26:32 +0100] "GET /?kontakt,8 HTTP/1.1" 200 4607 "-" "Mozilla/5.0 (compatible; AhrefsBot/5.0; +http://ahrefs.com/robot/)"
194.187.168.1 - - [24/Dec/2014:21:12:37 +0100] "GET /robots.txt HTTP/1.1" 404 1256 "-" "Mozilla/5.0 (compatible; memoryBot/1.21.24 +http://internetmemory.org/en/)"
194.187.168.1 - - [24/Dec/2014:21:12:40 +0100] "GET /?disclaimer,14 HTTP/1.1" 200 7677 "-" "Mozilla/5.0 (compatible; memoryBot/1.21.24 +http://internetmemory.org/en/)"
194.187.168.1 - - [24/Dec/2014:21:12:44 +0100] "GET /?leistung,40 HTTP/1.1" 200 7044 "-" "Mozilla/5.0 (compatible; memoryBot/1.21.24 +http://internetmemory.org/en/)"
194.187.168.1 - - [24/Dec/2014:21:12:47 +0100] "GET /?home,1 HTTP/1.1" 200 6789 "-" "Mozilla/5.0 (compatible; memoryBot/1.21.24 +http://internetmemory.org/en/)"
194.187.168.1 - - [24/Dec/2014:21:12:50 +0100] "GET /?formular,41 HTTP/1.1" 302 - "-" "Mozilla/5.0 (compatible; memoryBot/1.21.24 +http://internetmemory.org/en/)"
194.187.168.1 - - [24/Dec/2014:21:12:53 +0100] "GET /?impressum,15 HTTP/1.1" 200 5152 "-" "Mozilla/5.0 (compatible; memoryBot/1.21.24 +http://internetmemory.org/en/)"
194.187.168.1 - - [24/Dec/2014:21:12:57 +0100] "GET /?kontakt,8 HTTP/1.1" 200 4607 "-" "Mozilla/5.0 (compatible; memoryBot/1.21.24 +http://internetmemory.org/en/)"
194.187.168.1 - - [24/Dec/2014:21:13:00 +0100] "GET /?unternehmen,35 HTTP/1.1" 200 5693 "-" "Mozilla/5.0 (compatible; memoryBot/1.21.24 +http://internetmemory.org/en/)"
141.8.147.12 - - [24/Dec/2014:22:35:21 +0100] "GET /robots.txt HTTP/1.1" 404 1256 "-" "Mozilla/5.0 (compatible; YandexBot/3.0; +http://yandex.com/bots)"
64.246.165.10 - - [24/Dec/2014:23:00:40 +0100] "GET /robots.txt HTTP/1.0" 404 1256 "-" "Mozilla/5.0 (Windows; U; Windows NT 5.1; en; rv:1.9.0.13) Gecko/2009073022 Firefox/3.5.2 (.NET CLR 3.5.30729) SurveyBot/2.3 (DomainTools)"
64.246.165.10 - - [24/Dec/2014:23:00:40 +0100] "GET / HTTP/1.1" 200 6789 "http://whois.domaintools.com/quartier-bb.de" "Mozilla/5.0 (Windows; U; Windows NT 5.1; en; rv:1.9.0.13) Gecko/2009073022 Firefox/3.5.2 (.NET CLR 3.5.30729) SurveyBot/2.3 (DomainTools)"
66.249.79.133 - - [25/Dec/2014:00:18:26 +0100] "GET /?leistung,40 HTTP/1.1" 200 7044 "-" "Mozilla/5.0 (compatible; Googlebot/2.1; +http://www.google.com/bot.html)"
66.249.79.133 - - [25/Dec/2014:00:58:03 +0100] "GET /?disclaimer,14 HTTP/1.1" 200 7677 "-" "Mozilla/5.0 (compatible; Googlebot/2.1; +http://www.google.com/bot.html)"
141.8.147.12 - - [25/Dec/2014:01:19:47 +0100] "GET / HTTP/1.1" 200 6789 "-" "Mozilla/5.0 (compatible; YandexBot/3.0; +http://yandex.com/bots)"
66.249.79.133 - - [25/Dec/2014:02:01:58 +0100] "GET / HTTP/1.1" 200 6789 "-" "Mozilla/5.0 (compatible; Googlebot/2.1; +http://www.google.com/bot.html)"
141.8.147.12 - - [25/Dec/2014:02:08:55 +0100] "GET /?home,1 HTTP/1.1" 200 6789 "-" "Mozilla/5.0 (compatible; YandexBot/3.0; +http://yandex.com/bots)"
141.8.147.12 - - [25/Dec/2014:02:08:59 +0100] "GET /?35&unternehmen HTTP/1.1" 200 6789 "-" "Mozilla/5.0 (compatible; YandexBot/3.0; +http://yandex.com/bots)"
208.115.111.75 - - [25/Dec/2014:02:46:13 +0100] "GET /robots.txt HTTP/1.1" 404 1256 "-" "Mozilla/5.0 (compatible; DotBot/1.1; http://www.opensiteexplorer.org/dotbot, help@moz.com)"
141.8.147.12 - - [25/Dec/2014:03:17:17 +0100] "GET /?14&disclaimer HTTP/1.1" 200 6789 "-" "Mozilla/5.0 (compatible; YandexBot/3.0; +http://yandex.com/bots)"
208.115.111.75 - - [25/Dec/2014:03:40:54 +0100] "GET /?kontakt,8 HTTP/1.1" 200 4607 "-" "Mozilla/5.0 (compatible; DotBot/1.1; http://www.opensiteexplorer.org/dotbot, help@moz.com)"
66.249.79.133 - - [25/Dec/2014:05:02:03 +0100] "GET /robots.txt HTTP/1.1" 404 1256 "-" "Mozilla/5.0 (compatible; Googlebot/2.1; +http://www.google.com/bot.html)"
66.249.79.149 - - [25/Dec/2014:05:02:04 +0100] "GET / HTTP/1.1" 200 6789 "-" "Mozilla/5.0 (compatible; Googlebot/2.1; +http://www.google.com/bot.html)"
66.249.79.141 - - [25/Dec/2014:09:31:15 +0100] "GET / HTTP/1.1" 200 6789 "-" "Mozilla/5.0 (compatible; Googlebot/2.1; +http://www.google.com/bot.html)"
66.249.78.160 - - [25/Dec/2014:14:47:43 +0100] "GET /robots.txt HTTP/1.1" 404 1256 "-" "Mozilla/5.0 (compatible; Googlebot/2.1; +http://www.google.com/bot.html)"
66.249.78.167 - - [25/Dec/2014:14:47:43 +0100] "GET /?impressum,15 HTTP/1.1" 200 5152 "-" "Mozilla/5.0 (compatible; Googlebot/2.1; +http://www.google.com/bot.html)"
66.249.78.174 - - [25/Dec/2014:18:12:08 +0100] "GET / HTTP/1.1" 200 6789 "-" "Mozilla/5.0 (compatible; Googlebot/2.1; +http://www.google.com/bot.html)"
157.55.39.8 - - [25/Dec/2014:22:15:33 +0100] "GET /robots.txt HTTP/1.1" 404 1256 "-" "Mozilla/5.0 (compatible; bingbot/2.0; +http://www.bing.com/bingbot.htm)"
157.55.39.8 - - [25/Dec/2014:22:15:37 +0100] "GET /?impressum,15 HTTP/1.1" 200 5152 "-" "Mozilla/5.0 (compatible; bingbot/2.0; +http://www.bing.com/bingbot.htm)"
207.46.13.98 - - [25/Dec/2014:22:25:55 +0100] "GET /?unternehmen,35 HTTP/1.1" 200 5693 "-" "Mozilla/5.0 (compatible; bingbot/2.0; +http://www.bing.com/bingbot.htm)"
157.55.39.83 - - [25/Dec/2014:22:26:09 +0100] "GET /core/litebox-1.0.js HTTP/1.1" 200 15581 "-" "Mozilla/5.0 (compatible; bingbot/2.0; +http://www.bing.com/bingbot.htm)"
157.55.39.83 - - [25/Dec/2014:22:26:10 +0100] "GET /core/prototype.lite.js HTTP/1.1" 200 3335 "-" "Mozilla/5.0 (compatible; bingbot/2.0; +http://www.bing.com/bingbot.htm)"
157.55.39.8 - - [25/Dec/2014:22:26:14 +0100] "GET /core/moo.fx.js HTTP/1.1" 200 3267 "-" "Mozilla/5.0 (compatible; bingbot/2.0; +http://www.bing.com/bingbot.htm)"
157.55.39.8 - - [25/Dec/2014:22:26:14 +0100] "GET /core/plugins.js HTTP/1.1" 200 28 "-" "Mozilla/5.0 (compatible; bingbot/2.0; +http://www.bing.com/bingbot.htm)"
157.55.39.8 - - [25/Dec/2014:22:26:14 +0100] "GET /templates/default.css HTTP/1.1" 200 7156 "-" "Mozilla/5.0 (compatible; bingbot/2.0; +http://www.bing.com/bingbot.htm)"
207.46.13.98 - - [25/Dec/2014:22:26:25 +0100] "GET /core/common.js HTTP/1.1" 200 2364 "-" "Mozilla/5.0 (compatible; bingbot/2.0; +http://www.bing.com/bingbot.htm)"
207.46.13.60 - - [25/Dec/2014:22:28:32 +0100] "GET /robots.txt HTTP/1.1" 404 1256 "-" "Mozilla/5.0 (compatible; bingbot/2.0; +http://www.bing.com/bingbot.htm)"
207.46.13.60 - - [25/Dec/2014:22:28:33 +0100] "GET /robots.txt HTTP/1.1" 404 1256 "-" "Mozilla/5.0 (compatible; bingbot/2.0; +http://www.bing.com/bingbot.htm)"
207.46.13.60 - - [25/Dec/2014:22:28:33 +0100] "GET /robots.txt HTTP/1.1" 404 1256 "-" "Mozilla/5.0 (compatible; bingbot/2.0; +http://www.bing.com/bingbot.htm)"
207.46.13.60 - - [25/Dec/2014:22:28:33 +0100] "GET /robots.txt HTTP/1.1" 404 1256 "-" "Mozilla/5.0 (compatible; bingbot/2.0; +http://www.bing.com/bingbot.htm)"
207.46.13.98 - - [25/Dec/2014:23:27:28 +0100] "GET /templates/plugins.css HTTP/1.1" 200 1931 "-" "Mozilla/5.0 (compatible; bingbot/2.0; +http://www.bing.com/bingbot.htm)"
207.46.13.60 - - [26/Dec/2014:01:11:38 +0100] "GET / HTTP/1.1" 200 6789 "-" "Mozilla/5.0 (compatible; bingbot/2.0; +http://www.bing.com/bingbot.htm)"
208.115.113.91 - - [26/Dec/2014:04:48:49 +0100] "GET /robots.txt HTTP/1.1" 404 1256 "-" "Mozilla/5.0 (compatible; DotBot/1.1; http://www.opensiteexplorer.org/dotbot, help@moz.com)"
141.8.147.12 - - [26/Dec/2014:05:01:16 +0100] "GET /robots.txt HTTP/1.1" 404 1256 "-" "Mozilla/5.0 (compatible; YandexBot/3.0; +http://yandex.com/bots)"
208.115.113.91 - - [26/Dec/2014:05:41:53 +0100] "GET / HTTP/1.1" 200 6789 "-" "Mozilla/5.0 (compatible; DotBot/1.1; http://www.opensiteexplorer.org/dotbot, help@moz.com)"
66.249.78.160 - - [26/Dec/2014:10:04:35 +0100] "GET /robots.txt HTTP/1.1" 404 1256 "-" "Mozilla/5.0 (compatible; Googlebot/2.1; +http://www.google.com/bot.html)"
66.249.78.174 - - [26/Dec/2014:10:04:35 +0100] "GET / HTTP/1.1" 200 6789 "-" "Mozilla/5.0 (compatible; Googlebot/2.1; +http://www.google.com/bot.html)"
66.249.78.167 - - [26/Dec/2014:11:13:03 +0100] "GET / HTTP/1.1" 200 6789 "-" "Mozilla/5.0 (iPhone; CPU iPhone OS 6_0 like Mac OS X) AppleWebKit/536.26 (KHTML, like Gecko) Version/6.0 Mobile/10A5376e Safari/8536.25 (compatible; Googlebot/2.1; +http://www.google.com/bot.html)"
141.8.147.12 - - [26/Dec/2014:11:42:53 +0100] "GET /?home,1 HTTP/1.1" 200 6789 "-" "Mozilla/5.0 (compatible; YandexBot/3.0; +http://yandex.com/bots)"
66.249.78.160 - - [26/Dec/2014:14:24:16 +0100] "GET /?impressum,15 HTTP/1.1" 200 5152 "-" "Mozilla/5.0 (compatible; Googlebot/2.1; +http://www.google.com/bot.html)"
66.249.78.174 - - [26/Dec/2014:14:38:07 +0100] "GET /?kontakt,8 HTTP/1.1" 200 4607 "-" "Mozilla/5.0 (compatible; Googlebot/2.1; +http://www.google.com/bot.html)"
66.249.78.160 - - [26/Dec/2014:14:41:49 +0100] "GET /templates/default.css HTTP/1.1" 200 7156 "-" "Mozilla/5.0 (compatible; Googlebot/2.1; +http://www.google.com/bot.html)"
66.249.78.174 - - [26/Dec/2014:14:42:10 +0100] "GET /templates/plugins.css HTTP/1.1" 200 1931 "-" "Mozilla/5.0 (compatible; Googlebot/2.1; +http://www.google.com/bot.html)"
66.249.78.160 - - [26/Dec/2014:14:46:51 +0100] "GET / HTTP/1.1" 200 6789 "-" "Mozilla/5.0 (compatible; Googlebot/2.1; +http://www.google.com/bot.html)"
66.249.78.174 - - [26/Dec/2014:14:48:27 +0100] "GET /?leistung,40 HTTP/1.1" 200 7044 "-" "Mozilla/5.0 (compatible; Googlebot/2.1; +http://www.google.com/bot.html)"
66.249.78.167 - - [26/Dec/2014:14:54:52 +0100] "GET /?unternehmen,35 HTTP/1.1" 200 5693 "-" "Mozilla/5.0 (compatible; Googlebot/2.1; +http://www.google.com/bot.html)"
66.249.78.167 - - [26/Dec/2014:14:57:20 +0100] "GET /?kontakt,8 HTTP/1.1" 200 4607 "-" "Mozilla/5.0 (compatible; Googlebot/2.1; +http://www.google.com/bot.html)"
66.249.78.174 - - [26/Dec/2014:15:08:20 +0100] "GET /?disclaimer,14 HTTP/1.1" 200 7677 "-" "Mozilla/5.0 (compatible; Googlebot/2.1; +http://www.google.com/bot.html)"
66.249.78.174 - - [26/Dec/2014:17:02:49 +0100] "GET / HTTP/1.1" 200 6789 "-" "Mozilla/5.0 (compatible; Googlebot/2.1; +http://www.google.com/bot.html)"
188.165.15.203 - - [26/Dec/2014:18:43:22 +0100] "GET /robots.txt HTTP/1.1" 404 1256 "-" "Mozilla/5.0 (compatible; AhrefsBot/5.0; +http://ahrefs.com/robot/)"
141.8.147.12 - - [26/Dec/2014:18:54:24 +0100] "GET /robots.txt HTTP/1.1" 404 1256 "-" "Mozilla/5.0 (compatible; YandexBot/3.0; +http://yandex.com/bots)"
141.8.147.12 - - [26/Dec/2014:21:16:55 +0100] "GET / HTTP/1.1" 200 6789 "-" "Mozilla/5.0 (compatible; YandexBot/3.0; +http://yandex.com/bots)"
66.249.64.57 - - [26/Dec/2014:23:08:37 +0100] "GET /robots.txt HTTP/1.1" 404 1256 "-" "Mozilla/5.0 (compatible; Googlebot/2.1; +http://www.google.com/bot.html)"
66.249.78.167 - - [26/Dec/2014:23:08:37 +0100] "GET / HTTP/1.1" 200 6789 "-" "Mozilla/5.0 (compatible; Googlebot/2.1; +http://www.google.com/bot.html)"
157.55.39.86 - - [26/Dec/2014:23:47:15 +0100] "GET / HTTP/1.1" 200 6789 "-" "Mozilla/5.0 (compatible; bingbot/2.0; +http://www.bing.com/bingbot.htm)"
66.249.78.167 - - [27/Dec/2014:00:02:30 +0100] "GET /?impressum,15 HTTP/1.1" 200 5152 "-" "Mozilla/5.0 (compatible; Googlebot/2.1; +http://www.google.com/bot.html)"
66.249.78.174 - - [27/Dec/2014:02:06:43 +0100] "GET /?leistung,40 HTTP/1.1" 200 7044 "-" "Mozilla/5.0 (compatible; Googlebot/2.1; +http://www.google.com/bot.html)"
176.9.40.107 - - [27/Dec/2014:13:42:10 +0100] "GET /robots.txt HTTP/1.1" 404 1256 "-" "Mozilla/5.0 (compatible; XoviBot/2.0; +http://www.xovibot.net/)"
208.115.113.91 - - [27/Dec/2014:16:50:23 +0100] "GET /robots.txt HTTP/1.1" 404 1256 "-" "Mozilla/5.0 (compatible; DotBot/1.1; http://www.opensiteexplorer.org/dotbot, help@moz.com)"
208.115.113.91 - - [27/Dec/2014:17:38:44 +0100] "GET /?disclaimer,14 HTTP/1.1" 200 7677 "-" "Mozilla/5.0 (compatible; DotBot/1.1; http://www.opensiteexplorer.org/dotbot, help@moz.com)"
157.55.39.86 - - [28/Dec/2014:00:29:18 +0100] "GET / HTTP/1.1" 200 6789 "-" "Mozilla/5.0 (compatible; bingbot/2.0; +http://www.bing.com/bingbot.htm)"
188.165.15.191 - - [28/Dec/2014:01:43:14 +0100] "GET /?unternehmen,35 HTTP/1.1" 200 5693 "-" "Mozilla/5.0 (compatible; AhrefsBot/5.0; +http://ahrefs.com/robot/)"
66.249.78.160 - - [28/Dec/2014:02:22:50 +0100] "GET /robots.txt HTTP/1.1" 404 1256 "-" "Mozilla/5.0 (compatible; Googlebot/2.1; +http://www.google.com/bot.html)"
66.249.78.167 - - [28/Dec/2014:02:22:50 +0100] "GET /?kontakt,8 HTTP/1.1" 200 4607 "-" "Mozilla/5.0 (compatible; Googlebot/2.1; +http://www.google.com/bot.html)"
66.249.78.167 - - [28/Dec/2014:03:59:00 +0100] "GET / HTTP/1.1" 200 6789 "-" "Mozilla/5.0 (iPhone; CPU iPhone OS 6_0 like Mac OS X) AppleWebKit/536.26 (KHTML, like Gecko) Version/6.0 Mobile/10A5376e Safari/8536.25 (compatible; Googlebot/2.1; +http://www.google.com/bot.html)"
66.249.78.174 - - [28/Dec/2014:15:12:14 +0100] "GET /robots.txt HTTP/1.1" 404 1256 "-" "Mozilla/5.0 (compatible; Googlebot/2.1; +http://www.google.com/bot.html)"
66.249.78.167 - - [28/Dec/2014:15:12:14 +0100] "GET /?impressum,15 HTTP/1.1" 200 5152 "-" "Mozilla/5.0 (iPhone; CPU iPhone OS 6_0 like Mac OS X) AppleWebKit/536.26 (KHTML, like Gecko) Version/6.0 Mobile/10A5376e Safari/8536.25 (compatible; Googlebot/2.1; +http://www.google.com/bot.html)"
217.69.143.62 - - [28/Dec/2014:17:20:56 +0100] "GET /robots.txt HTTP/1.1" 404 1256 "-" "Mozilla/5.0 (compatible; Linux x86_64; Mail.RU_Bot/Robots; +http://go.mail.ru/help/robots)"
217.69.143.66 - - [28/Dec/2014:17:20:57 +0100] "GET / HTTP/1.1" 200 6789 "-" "Mozilla/5.0 (compatible; Linux x86_64; Mail.RU_Bot/Robots; +http://go.mail.ru/help/robots)"
66.249.78.160 - - [28/Dec/2014:19:19:58 +0100] "GET / HTTP/1.1" 200 6789 "-" "Mozilla/5.0 (iPhone; CPU iPhone OS 6_0 like Mac OS X) AppleWebKit/536.26 (KHTML, like Gecko) Version/6.0 Mobile/10A5376e Safari/8536.25 (compatible; Googlebot/2.1; +http://www.google.com/bot.html)"
157.55.39.86 - - [28/Dec/2014:20:42:38 +0100] "GET /robots.txt HTTP/1.1" 404 1256 "-" "Mozilla/5.0 (compatible; bingbot/2.0; +http://www.bing.com/bingbot.htm)"
157.55.39.86 - - [28/Dec/2014:20:42:44 +0100] "GET / HTTP/1.1" 200 6789 "-" "Mozilla/5.0 (compatible; bingbot/2.0; +http://www.bing.com/bingbot.htm)"
144.76.92.113 - - [29/Dec/2014:02:12:16 +0100] "GET /robots.txt HTTP/1.1" 404 1256 "-" "BacklinkCrawler (http://www.backlinktest.com/crawler.html)"
144.76.92.113 - - [29/Dec/2014:02:12:16 +0100] "GET /sitemap.xml HTTP/1.1" 404 1256 "-" "BacklinkCrawler (http://www.backlinktest.com/crawler.html)"
144.76.92.113 - - [29/Dec/2014:02:12:18 +0100] "GET / HTTP/1.1" 200 6789 "-" "BacklinkCrawler (http://www.backlinktest.com/crawler.html)"
144.76.92.113 - - [29/Dec/2014:02:12:20 +0100] "GET /?formular,41 HTTP/1.1" 302 - "-" "BacklinkCrawler (http://www.backlinktest.com/crawler.html)"
144.76.92.113 - - [29/Dec/2014:02:12:22 +0100] "GET /? HTTP/1.1" 200 6789 "-" "BacklinkCrawler (http://www.backlinktest.com/crawler.html)"
144.76.92.113 - - [29/Dec/2014:02:12:24 +0100] "GET /?home,1 HTTP/1.1" 200 6789 "-" "BacklinkCrawler (http://www.backlinktest.com/crawler.html)"
144.76.92.113 - - [29/Dec/2014:02:12:27 +0100] "GET /?kontakt,8 HTTP/1.1" 200 4607 "-" "BacklinkCrawler (http://www.backlinktest.com/crawler.html)"
144.76.92.113 - - [29/Dec/2014:02:12:28 +0100] "GET /?leistung,40 HTTP/1.1" 200 7044 "-" "BacklinkCrawler (http://www.backlinktest.com/crawler.html)"
144.76.92.113 - - [29/Dec/2014:02:12:30 +0100] "GET /?impressum,15 HTTP/1.1" 200 5152 "-" "BacklinkCrawler (http://www.backlinktest.com/crawler.html)"
144.76.92.113 - - [29/Dec/2014:02:12:32 +0100] "GET /?disclaimer,14 HTTP/1.1" 200 7677 "-" "BacklinkCrawler (http://www.backlinktest.com/crawler.html)"
144.76.92.113 - - [29/Dec/2014:02:12:34 +0100] "GET /?unternehmen,35 HTTP/1.1" 200 5693 "-" "BacklinkCrawler (http://www.backlinktest.com/crawler.html)"
188.165.15.230 - - [29/Dec/2014:06:54:45 +0100] "GET /?formular,41 HTTP/1.1" 302 - "-" "Mozilla/5.0 (compatible; AhrefsBot/5.0; +http://ahrefs.com/robot/)"
91.46.200.206 - - [29/Dec/2014:11:08:19 +0100] "GET /?unternehmen,35 HTTP/1.1" 200 5693 "http://www.google.de/url?sa=t&rct=j&q=&esrc=s&source=web&cd=4&ved=0CCwQjBAwAw&url=http%3A%2F%2Fwww.quartier-bb.de%2F%3Funternehmen%2C35&ei=hCehVJ3zFcPyUvPigJgL&usg=AFQjCNE3_LT9PhXtiLoSLoKe2X5j5_Ueaw&sig2=rWlgogT_b0Wwex17IqKFQg&bvm=bv.82001339,d.d24" "Mozilla/5.0 (Windows NT 6.3; WOW64; rv:34.0) Gecko/20100101 Firefox/34.0"
91.46.200.206 - - [29/Dec/2014:11:08:19 +0100] "GET /core/common.js HTTP/1.1" 200 2364 "http://www.quartier-bb.de/?unternehmen,35" "Mozilla/5.0 (Windows NT 6.3; WOW64; rv:34.0) Gecko/20100101 Firefox/34.0"
91.46.200.206 - - [29/Dec/2014:11:08:19 +0100] "GET /core/plugins.js HTTP/1.1" 200 28 "http://www.quartier-bb.de/?unternehmen,35" "Mozilla/5.0 (Windows NT 6.3; WOW64; rv:34.0) Gecko/20100101 Firefox/34.0"
91.46.200.206 - - [29/Dec/2014:11:08:19 +0100] "GET /core/prototype.lite.js HTTP/1.1" 200 3335 "http://www.quartier-bb.de/?unternehmen,35" "Mozilla/5.0 (Windows NT 6.3; WOW64; rv:34.0) Gecko/20100101 Firefox/34.0"
91.46.200.206 - - [29/Dec/2014:11:08:19 +0100] "GET /core/moo.fx.js HTTP/1.1" 200 3267 "http://www.quartier-bb.de/?unternehmen,35" "Mozilla/5.0 (Windows NT 6.3; WOW64; rv:34.0) Gecko/20100101 Firefox/34.0"
91.46.200.206 - - [29/Dec/2014:11:08:19 +0100] "GET /core/litebox-1.0.js HTTP/1.1" 200 15581 "http://www.quartier-bb.de/?unternehmen,35" "Mozilla/5.0 (Windows NT 6.3; WOW64; rv:34.0) Gecko/20100101 Firefox/34.0"
91.46.200.206 - - [29/Dec/2014:11:08:20 +0100] "GET /favicon.ico HTTP/1.1" 200 2602 "-" "Mozilla/5.0 (Windows NT 6.3; WOW64; rv:34.0) Gecko/20100101 Firefox/34.0"
91.46.200.206 - - [29/Dec/2014:11:08:25 +0100] "GET /templates/img/logo.gif HTTP/1.1" 200 3859 "http://www.quartier-bb.de/?unternehmen,35" "Mozilla/5.0 (Windows NT 6.3; WOW64; rv:34.0) Gecko/20100101 Firefox/34.0"
209.249.5.250 - - [29/Dec/2014:12:14:45 +0100] "GET /robots.txt HTTP/1.1" 404 1256 "-" "rogerbot/1.0 (http://moz.com/help/pro/what-is-rogerbot-, rogerbot-wherecat@moz.com)"
209.249.5.250 - - [29/Dec/2014:12:14:45 +0100] "GET / HTTP/1.1" 200 6789 "-" "rogerbot/1.0 (http://moz.com/help/pro/what-is-rogerbot-, rogerbot-wherecat@moz.com)"
209.249.5.250 - - [29/Dec/2014:12:14:48 +0100] "GET /?formular,41 HTTP/1.1" 302 - "-" "rogerbot/1.0 (http://moz.com/help/pro/what-is-rogerbot-, rogerbot-wherecat@moz.com)"
209.249.5.250 - - [29/Dec/2014:12:14:51 +0100] "GET /?unternehmen,35 HTTP/1.1" 200 5693 "-" "rogerbot/1.0 (http://moz.com/help/pro/what-is-rogerbot-, rogerbot-wherecat@moz.com)"
209.249.5.250 - - [29/Dec/2014:12:14:54 +0100] "GET /?leistung,40 HTTP/1.1" 200 7044 "-" "rogerbot/1.0 (http://moz.com/help/pro/what-is-rogerbot-, rogerbot-wherecat@moz.com)"
209.249.5.250 - - [29/Dec/2014:12:14:56 +0100] "GET /?kontakt,8 HTTP/1.1" 200 4607 "-" "rogerbot/1.0 (http://moz.com/help/pro/what-is-rogerbot-, rogerbot-wherecat@moz.com)"
87.189.98.26 - - [29/Dec/2014:17:25:55 +0100] "GET /?impressum,15 HTTP/1.1" 200 5152 "http://www.google.de/url?sa=t&rct=j&q=&esrc=s&source=web&cd=2&ved=0CCYQFjAB&url=http%3A%2F%2Fwww.quartier-bb.de%2F%3Fimpressum%2C15&ei=D4ChVMmfBcrpUtjCgfAJ&usg=AFQjCNF7-oIEfhfNqJyTgASGff9SY4adgw&bvm=bv.82001339,d.d24" "Mozilla/5.0 (Windows NT 6.1; WOW64; rv:34.0) Gecko/20100101 Firefox/34.0"
87.189.98.26 - - [29/Dec/2014:17:25:55 +0100] "GET /core/common.js HTTP/1.1" 200 2364 "http://www.quartier-bb.de/?impressum,15" "Mozilla/5.0 (Windows NT 6.1; WOW64; rv:34.0) Gecko/20100101 Firefox/34.0"
87.189.98.26 - - [29/Dec/2014:17:25:55 +0100] "GET /core/plugins.js HTTP/1.1" 200 28 "http://www.quartier-bb.de/?impressum,15" "Mozilla/5.0 (Windows NT 6.1; WOW64; rv:34.0) Gecko/20100101 Firefox/34.0"
87.189.98.26 - - [29/Dec/2014:17:25:55 +0100] "GET /core/prototype.lite.js HTTP/1.1" 200 3335 "http://www.quartier-bb.de/?impressum,15" "Mozilla/5.0 (Windows NT 6.1; WOW64; rv:34.0) Gecko/20100101 Firefox/34.0"
87.189.98.26 - - [29/Dec/2014:17:25:55 +0100] "GET /core/moo.fx.js HTTP/1.1" 200 3267 "http://www.quartier-bb.de/?impressum,15" "Mozilla/5.0 (Windows NT 6.1; WOW64; rv:34.0) Gecko/20100101 Firefox/34.0"
87.189.98.26 - - [29/Dec/2014:17:25:55 +0100] "GET /core/litebox-1.0.js HTTP/1.1" 200 15581 "http://www.quartier-bb.de/?impressum,15" "Mozilla/5.0 (Windows NT 6.1; WOW64; rv:34.0) Gecko/20100101 Firefox/34.0"
87.189.98.26 - - [29/Dec/2014:17:25:55 +0100] "GET /favicon.ico HTTP/1.1" 200 2602 "-" "Mozilla/5.0 (Windows NT 6.1; WOW64; rv:34.0) Gecko/20100101 Firefox/34.0"
87.189.98.26 - - [29/Dec/2014:17:25:55 +0100] "GET /templates/default.css HTTP/1.1" 200 7156 "http://www.quartier-bb.de/?impressum,15" "Mozilla/5.0 (Windows NT 6.1; WOW64; rv:34.0) Gecko/20100101 Firefox/34.0"
87.189.98.26 - - [29/Dec/2014:17:25:55 +0100] "GET /templates/img/logo.gif HTTP/1.1" 200 3859 "http://www.quartier-bb.de/?impressum,15" "Mozilla/5.0 (Windows NT 6.1; WOW64; rv:34.0) Gecko/20100101 Firefox/34.0"
87.189.98.26 - - [29/Dec/2014:17:25:56 +0100] "GET /templates/plugins.css HTTP/1.1" 200 1931 "http://www.quartier-bb.de/templates/default.css" "Mozilla/5.0 (Windows NT 6.1; WOW64; rv:34.0) Gecko/20100101 Firefox/34.0"
87.189.98.26 - - [29/Dec/2014:17:25:56 +0100] "GET /templates/img/points.gif HTTP/1.1" 200 62 "http://www.quartier-bb.de/templates/default.css" "Mozilla/5.0 (Windows NT 6.1; WOW64; rv:34.0) Gecko/20100101 Firefox/34.0"
87.189.98.26 - - [29/Dec/2014:17:25:56 +0100] "GET /templates/img/bg.jpg HTTP/1.1" 200 18814 "http://www.quartier-bb.de/templates/default.css" "Mozilla/5.0 (Windows NT 6.1; WOW64; rv:34.0) Gecko/20100101 Firefox/34.0"
87.189.98.26 - - [29/Dec/2014:17:25:56 +0100] "GET /templates/img/nav.gif HTTP/1.1" 200 1501 "http://www.quartier-bb.de/templates/default.css" "Mozilla/5.0 (Windows NT 6.1; WOW64; rv:34.0) Gecko/20100101 Firefox/34.0"
87.189.98.26 - - [29/Dec/2014:17:25:56 +0100] "GET /templates/img/two-columns.gif HTTP/1.1" 200 65 "http://www.quartier-bb.de/templates/default.css" "Mozilla/5.0 (Windows NT 6.1; WOW64; rv:34.0) Gecko/20100101 Firefox/34.0"
87.189.98.26 - - [29/Dec/2014:17:25:56 +0100] "GET /templates/img/circle.png HTTP/1.1" 200 194 "http://www.quartier-bb.de/templates/default.css" "Mozilla/5.0 (Windows NT 6.1; WOW64; rv:34.0) Gecko/20100101 Firefox/34.0"
87.189.98.26 - - [29/Dec/2014:17:25:56 +0100] "GET /templates/img/header.png HTTP/1.1" 200 134243 "http://www.quartier-bb.de/templates/default.css" "Mozilla/5.0 (Windows NT 6.1; WOW64; rv:34.0) Gecko/20100101 Firefox/34.0"
87.189.98.26 - - [29/Dec/2014:17:25:56 +0100] "GET /templates/img/closelabel.gif HTTP/1.1" 200 649 "http://www.quartier-bb.de/?impressum,15" "Mozilla/5.0 (Windows NT 6.1; WOW64; rv:34.0) Gecko/20100101 Firefox/34.0"
87.189.98.26 - - [29/Dec/2014:17:25:56 +0100] "GET /templates/img/loading.gif HTTP/1.1" 200 2767 "http://www.quartier-bb.de/?impressum,15" "Mozilla/5.0 (Windows NT 6.1; WOW64; rv:34.0) Gecko/20100101 Firefox/34.0"
87.189.98.26 - - [29/Dec/2014:17:31:11 +0100] "GET /?impressum,15 HTTP/1.1" 200 5152 "http://www.google.de/url?sa=t&rct=j&q=&esrc=s&source=web&cd=2&ved=0CCYQFjAB&url=http%3A%2F%2Fwww.quartier-bb.de%2F%3Fimpressum%2C15&ei=D4ChVMmfBcrpUtjCgfAJ&usg=AFQjCNF7-oIEfhfNqJyTgASGff9SY4adgw&bvm=bv.82001339,d.d24" "Mozilla/5.0 (Windows NT 6.1; WOW64; rv:34.0) Gecko/20100101 Firefox/34.0"
87.189.98.26 - - [29/Dec/2014:17:31:11 +0100] "GET /?impressum,15 HTTP/1.1" 200 5152 "http://www.google.de/url?sa=t&rct=j&q=&esrc=s&source=web&cd=2&ved=0CCYQFjAB&url=http%3A%2F%2Fwww.quartier-bb.de%2F%3Fimpressum%2C15&ei=D4ChVMmfBcrpUtjCgfAJ&usg=AFQjCNF7-oIEfhfNqJyTgASGff9SY4adgw&bvm=bv.82001339,d.d24" "Mozilla/5.0 (Windows NT 6.1; WOW64; rv:34.0) Gecko/20100101 Firefox/34.0"
87.189.98.26 - - [29/Dec/2014:17:31:11 +0100] "GET /?impressum,15 HTTP/1.1" 200 5152 "http://www.google.de/url?sa=t&rct=j&q=&esrc=s&source=web&cd=2&ved=0CCYQFjAB&url=http%3A%2F%2Fwww.quartier-bb.de%2F%3Fimpressum%2C15&ei=D4ChVMmfBcrpUtjCgfAJ&usg=AFQjCNF7-oIEfhfNqJyTgASGff9SY4adgw&bvm=bv.82001339,d.d24" "Mozilla/5.0 (Windows NT 6.1; WOW64; rv:34.0) Gecko/20100101 Firefox/34.0"
87.189.98.26 - - [29/Dec/2014:17:31:16 +0100] "GET /?impressum,15 HTTP/1.1" 200 5152 "http://www.google.de/url?sa=t&rct=j&q=&esrc=s&source=web&cd=2&ved=0CCYQFjAB&url=http%3A%2F%2Fwww.quartier-bb.de%2F%3Fimpressum%2C15&ei=D4ChVMmfBcrpUtjCgfAJ&usg=AFQjCNF7-oIEfhfNqJyTgASGff9SY4adgw" "Mozilla/5.0 (Windows NT 6.1; WOW64; rv:34.0) Gecko/20100101 Firefox/34.0"
87.189.98.26 - - [29/Dec/2014:17:32:11 +0100] "GET / HTTP/1.1" 200 6789 "http://www.quartier-bb.de/?impressum,15" "Mozilla/5.0 (Windows NT 6.1; WOW64; rv:34.0) Gecko/20100101 Firefox/34.0"
87.189.98.26 - - [29/Dec/2014:17:32:12 +0100] "GET /files/top_left_basic.gif HTTP/1.1" 200 261 "http://www.quartier-bb.de/" "Mozilla/5.0 (Windows NT 6.1; WOW64; rv:34.0) Gecko/20100101 Firefox/34.0"
87.189.98.26 - - [29/Dec/2014:17:32:16 +0100] "GET /?unternehmen,35 HTTP/1.1" 200 5693 "http://www.quartier-bb.de/" "Mozilla/5.0 (Windows NT 6.1; WOW64; rv:34.0) Gecko/20100101 Firefox/34.0"
87.189.98.26 - - [29/Dec/2014:17:32:18 +0100] "GET /?leistung,40 HTTP/1.1" 200 7044 "http://www.quartier-bb.de/?unternehmen,35" "Mozilla/5.0 (Windows NT 6.1; WOW64; rv:34.0) Gecko/20100101 Firefox/34.0"
87.189.98.26 - - [29/Dec/2014:17:32:21 +0100] "GET /?home,1 HTTP/1.1" 200 6789 "http://www.quartier-bb.de/?leistung,40" "Mozilla/5.0 (Windows NT 6.1; WOW64; rv:34.0) Gecko/20100101 Firefox/34.0"
87.189.98.26 - - [29/Dec/2014:17:32:24 +0100] "GET /?impressum,15 HTTP/1.1" 200 5152 "http://www.quartier-bb.de/?home,1" "Mozilla/5.0 (Windows NT 6.1; WOW64; rv:34.0) Gecko/20100101 Firefox/34.0"
157.55.39.86 - - [29/Dec/2014:18:20:34 +0100] "GET /?formular,41 HTTP/1.1" 302 - "-" "Mozilla/5.0 (compatible; bingbot/2.0; +http://www.bing.com/bingbot.htm)"
157.55.39.86 - - [29/Dec/2014:19:41:39 +0100] "GET / HTTP/1.1" 200 6789 "-" "Mozilla/5.0 (compatible; bingbot/2.0; +http://www.bing.com/bingbot.htm)"
66.249.78.174 - - [29/Dec/2014:20:45:08 +0100] "GET /robots.txt HTTP/1.1" 404 1256 "-" "Mozilla/5.0 (compatible; Googlebot/2.1; +http://www.google.com/bot.html)"
66.249.78.167 - - [29/Dec/2014:20:45:08 +0100] "GET / HTTP/1.1" 200 6789 "-" "Mozilla/5.0 (compatible; Googlebot/2.1; +http://www.google.com/bot.html)"
66.249.78.160 - - [29/Dec/2014:22:12:09 +0100] "GET / HTTP/1.1" 200 6789 "-" "Mozilla/5.0 (compatible; Googlebot/2.1; +http://www.google.com/bot.html)"
66.249.78.160 - - [29/Dec/2014:22:15:35 +0100] "GET /templates/plugins.css HTTP/1.1" 200 1931 "-" "Mozilla/5.0 (compatible; Googlebot/2.1; +http://www.google.com/bot.html)"
93.103.163.144 - - [29/Dec/2014:23:46:50 +0100] "GET / HTTP/1.1" 200 6789 "https://www.google.si/" "Mozilla/5.0 (Windows NT 6.3; WOW64) AppleWebKit/537.36 (KHTML, like Gecko) Chrome/39.0.2171.95 Safari/537.36"
93.103.163.144 - - [29/Dec/2014:23:46:50 +0100] "GET /core/common.js HTTP/1.1" 200 2364 "http://www.quartier-bb.de/" "Mozilla/5.0 (Windows NT 6.3; WOW64) AppleWebKit/537.36 (KHTML, like Gecko) Chrome/39.0.2171.95 Safari/537.36"
93.103.163.144 - - [29/Dec/2014:23:46:51 +0100] "GET /templates/default.css HTTP/1.1" 200 7156 "http://www.quartier-bb.de/" "Mozilla/5.0 (Windows NT 6.3; WOW64) AppleWebKit/537.36 (KHTML, like Gecko) Chrome/39.0.2171.95 Safari/537.36"
93.103.163.144 - - [29/Dec/2014:23:46:51 +0100] "GET /core/plugins.js HTTP/1.1" 200 28 "http://www.quartier-bb.de/" "Mozilla/5.0 (Windows NT 6.3; WOW64) AppleWebKit/537.36 (KHTML, like Gecko) Chrome/39.0.2171.95 Safari/537.36"
93.103.163.144 - - [29/Dec/2014:23:46:51 +0100] "GET /core/moo.fx.js HTTP/1.1" 200 3267 "http://www.quartier-bb.de/" "Mozilla/5.0 (Windows NT 6.3; WOW64) AppleWebKit/537.36 (KHTML, like Gecko) Chrome/39.0.2171.95 Safari/537.36"
93.103.163.144 - - [29/Dec/2014:23:46:51 +0100] "GET /core/prototype.lite.js HTTP/1.1" 200 3335 "http://www.quartier-bb.de/" "Mozilla/5.0 (Windows NT 6.3; WOW64) AppleWebKit/537.36 (KHTML, like Gecko) Chrome/39.0.2171.95 Safari/537.36"
93.103.163.144 - - [29/Dec/2014:23:46:51 +0100] "GET /core/litebox-1.0.js HTTP/1.1" 200 15581 "http://www.quartier-bb.de/" "Mozilla/5.0 (Windows NT 6.3; WOW64) AppleWebKit/537.36 (KHTML, like Gecko) Chrome/39.0.2171.95 Safari/537.36"
93.103.163.144 - - [29/Dec/2014:23:46:51 +0100] "GET /templates/img/logo.gif HTTP/1.1" 200 3859 "http://www.quartier-bb.de/" "Mozilla/5.0 (Windows NT 6.3; WOW64) AppleWebKit/537.36 (KHTML, like Gecko) Chrome/39.0.2171.95 Safari/537.36"
