87.162.60.232 - - [04/Dec/2014:18:09:40 +0100] "GET /templates/img/header.png HTTP/1.1" 200 134243 "http://www.quartier-bb.de/" "Mozilla/5.0 (iPhone; CPU iPhone OS 8_1_1 like Mac OS X) AppleWebKit/600.1.4 (KHTML, like Gecko) Version/8.0 Mobile/12B435 Safari/600.1.4"
141.8.147.12 - - [04/Dec/2014:18:30:29 +0100] "GET /robots.txt HTTP/1.1" 404 1256 "-" "Mozilla/5.0 (compatible; YandexBot/3.0; +http://yandex.com/bots)"
141.8.147.12 - - [04/Dec/2014:18:30:35 +0100] "GET /?leistung,40 HTTP/1.1" 200 7044 "-" "Mozilla/5.0 (compatible; YandexBot/3.0; +http://yandex.com/bots)"
157.55.39.253 - - [04/Dec/2014:19:34:45 +0100] "GET / HTTP/1.1" 200 6789 "-" "Mozilla/5.0 (compatible; bingbot/2.0; +http://www.bing.com/bingbot.htm)"
178.63.49.82 - - [05/Dec/2014:03:28:57 +0100] "GET /robots.txt HTTP/1.0" 404 1256 "-" "Mozilla/5.0 (compatible; MJ12bot/v1.4.5; http://www.majestic12.co.uk/bot.php?+)"
178.63.49.82 - - [05/Dec/2014:03:28:59 +0100] "GET / HTTP/1.0" 200 6789 "-" "Mozilla/5.0 (compatible; MJ12bot/v1.4.5; http://www.majestic12.co.uk/bot.php?+)"
178.63.49.82 - - [05/Dec/2014:03:29:01 +0100] "GET /?disclaimer,14 HTTP/1.0" 200 7677 "-" "Mozilla/5.0 (compatible; MJ12bot/v1.4.5; http://www.majestic12.co.uk/bot.php?+)"
178.63.49.82 - - [05/Dec/2014:03:29:03 +0100] "GET /?formular,41 HTTP/1.0" 302 - "-" "Mozilla/5.0 (compatible; MJ12bot/v1.4.5; http://www.majestic12.co.uk/bot.php?+)"
178.63.49.82 - - [05/Dec/2014:03:29:08 +0100] "GET /?home,1 HTTP/1.0" 200 6789 "-" "Mozilla/5.0 (compatible; MJ12bot/v1.4.5; http://www.majestic12.co.uk/bot.php?+)"
178.63.49.82 - - [05/Dec/2014:03:29:10 +0100] "GET /?impressum,15 HTTP/1.0" 200 5152 "-" "Mozilla/5.0 (compatible; MJ12bot/v1.4.5; http://www.majestic12.co.uk/bot.php?+)"
178.63.49.82 - - [05/Dec/2014:03:29:12 +0100] "GET /?unternehmen,35 HTTP/1.0" 200 5693 "-" "Mozilla/5.0 (compatible; MJ12bot/v1.4.5; http://www.majestic12.co.uk/bot.php?+)"
66.249.78.167 - - [05/Dec/2014:04:14:34 +0100] "GET /robots.txt HTTP/1.1" 404 1256 "-" "Mozilla/5.0 (compatible; Googlebot/2.1; +http://www.google.com/bot.html)"
66.249.78.167 - - [05/Dec/2014:04:14:34 +0100] "GET /?disclaimer,14 HTTP/1.1" 200 7677 "-" "Mozilla/5.0 (iPhone; CPU iPhone OS 6_0 like Mac OS X) AppleWebKit/536.26 (KHTML, like Gecko) Version/6.0 Mobile/10A5376e Safari/8536.25 (compatible; Googlebot/2.1; +http://www.google.com/bot.html)"
141.8.147.12 - - [05/Dec/2014:06:55:02 +0100] "GET /robots.txt HTTP/1.1" 404 1256 "-" "Mozilla/5.0 (compatible; YandexBot/3.0; +http://yandex.com/bots)"
141.8.147.12 - - [05/Dec/2014:07:12:27 +0100] "GET /?home,1 HTTP/1.1" 200 6789 "-" "Mozilla/5.0 (compatible; YandexBot/3.0; +http://yandex.com/bots)"
66.249.78.160 - - [05/Dec/2014:10:20:13 +0100] "GET /?kontakt,8 HTTP/1.1" 200 4607 "-" "Mozilla/5.0 (iPhone; CPU iPhone OS 6_0 like Mac OS X) AppleWebKit/536.26 (KHTML, like Gecko) Version/6.0 Mobile/10A5376e Safari/8536.25 (compatible; Googlebot/2.1; +http://www.google.com/bot.html)"
83.169.152.176 - - [05/Dec/2014:10:47:25 +0100] "GET / HTTP/1.1" 200 6789 "http://www.google.de/url?url=http://www.quartier-bb.de/&rct=j&frm=1&q=&esrc=s&sa=U&ei=-X6BVIPPH8P8ywOam4KwBg&ved=0CBUQFjAA&usg=AFQjCNEsPpKWCr8LVsthhpQZXVbdW71ghg" "Mozilla/4.0 (compatible; MSIE 8.0; Windows NT 6.1; WOW64; Trident/4.0; SLCC2; .NET CLR 2.0.50727; .NET CLR 3.5.30729; .NET CLR 3.0.30729; .NET4.0C; .NET4.0E; InfoPath.2)"
83.169.152.176 - - [05/Dec/2014:10:47:25 +0100] "GET /core/common.js HTTP/1.1" 304 - "http://www.quartier-bb.de/" "Mozilla/4.0 (compatible; MSIE 8.0; Windows NT 6.1; WOW64; Trident/4.0; SLCC2; .NET CLR 2.0.50727; .NET CLR 3.5.30729; .NET CLR 3.0.30729; .NET4.0C; .NET4.0E; InfoPath.2)"
83.169.152.176 - - [05/Dec/2014:10:47:25 +0100] "GET /core/moo.fx.js HTTP/1.1" 304 - "http://www.quartier-bb.de/" "Mozilla/4.0 (compatible; MSIE 8.0; Windows NT 6.1; WOW64; Trident/4.0; SLCC2; .NET CLR 2.0.50727; .NET CLR 3.5.30729; .NET CLR 3.0.30729; .NET4.0C; .NET4.0E; InfoPath.2)"
83.169.152.176 - - [05/Dec/2014:10:47:25 +0100] "GET /core/litebox-1.0.js HTTP/1.1" 304 - "http://www.quartier-bb.de/" "Mozilla/4.0 (compatible; MSIE 8.0; Windows NT 6.1; WOW64; Trident/4.0; SLCC2; .NET CLR 2.0.50727; .NET CLR 3.5.30729; .NET CLR 3.0.30729; .NET4.0C; .NET4.0E; InfoPath.2)"
83.169.152.176 - - [05/Dec/2014:10:47:25 +0100] "GET /core/prototype.lite.js HTTP/1.1" 304 - "http://www.quartier-bb.de/" "Mozilla/4.0 (compatible; MSIE 8.0; Windows NT 6.1; WOW64; Trident/4.0; SLCC2; .NET CLR 2.0.50727; .NET CLR 3.5.30729; .NET CLR 3.0.30729; .NET4.0C; .NET4.0E; InfoPath.2)"
83.169.152.176 - - [05/Dec/2014:10:47:25 +0100] "GET /templates/default.css HTTP/1.1" 304 - "http://www.quartier-bb.de/" "Mozilla/4.0 (compatible; MSIE 8.0; Windows NT 6.1; WOW64; Trident/4.0; SLCC2; .NET CLR 2.0.50727; .NET CLR 3.5.30729; .NET CLR 3.0.30729; .NET4.0C; .NET4.0E; InfoPath.2)"
83.169.152.176 - - [05/Dec/2014:10:47:25 +0100] "GET /core/plugins.js HTTP/1.1" 304 - "http://www.quartier-bb.de/" "Mozilla/4.0 (compatible; MSIE 8.0; Windows NT 6.1; WOW64; Trident/4.0; SLCC2; .NET CLR 2.0.50727; .NET CLR 3.5.30729; .NET CLR 3.0.30729; .NET4.0C; .NET4.0E; InfoPath.2)"
83.169.152.176 - - [05/Dec/2014:10:47:25 +0100] "GET /files/top_left_basic.gif HTTP/1.1" 200 261 "http://www.quartier-bb.de/" "Mozilla/4.0 (compatible; MSIE 8.0; Windows NT 6.1; WOW64; Trident/4.0; SLCC2; .NET CLR 2.0.50727; .NET CLR 3.5.30729; .NET CLR 3.0.30729; .NET4.0C; .NET4.0E; InfoPath.2)"
83.169.152.176 - - [05/Dec/2014:10:47:25 +0100] "GET /templates/img/logo.gif HTTP/1.1" 304 - "http://www.quartier-bb.de/" "Mozilla/4.0 (compatible; MSIE 8.0; Windows NT 6.1; WOW64; Trident/4.0; SLCC2; .NET CLR 2.0.50727; .NET CLR 3.5.30729; .NET CLR 3.0.30729; .NET4.0C; .NET4.0E; InfoPath.2)"
83.169.152.176 - - [05/Dec/2014:10:47:25 +0100] "GET /templates/img/nav.gif HTTP/1.1" 304 - "http://www.quartier-bb.de/" "Mozilla/4.0 (compatible; MSIE 8.0; Windows NT 6.1; WOW64; Trident/4.0; SLCC2; .NET CLR 2.0.50727; .NET CLR 3.5.30729; .NET CLR 3.0.30729; .NET4.0C; .NET4.0E; InfoPath.2)"
83.169.152.176 - - [05/Dec/2014:10:47:25 +0100] "GET /templates/plugins.css HTTP/1.1" 304 - "http://www.quartier-bb.de/" "Mozilla/4.0 (compatible; MSIE 8.0; Windows NT 6.1; WOW64; Trident/4.0; SLCC2; .NET CLR 2.0.50727; .NET CLR 3.5.30729; .NET CLR 3.0.30729; .NET4.0C; .NET4.0E; InfoPath.2)"
83.169.152.176 - - [05/Dec/2014:10:47:25 +0100] "GET /templates/img/bg.jpg HTTP/1.1" 304 - "http://www.quartier-bb.de/" "Mozilla/4.0 (compatible; MSIE 8.0; Windows NT 6.1; WOW64; Trident/4.0; SLCC2; .NET CLR 2.0.50727; .NET CLR 3.5.30729; .NET CLR 3.0.30729; .NET4.0C; .NET4.0E; InfoPath.2)"
83.169.152.176 - - [05/Dec/2014:10:47:25 +0100] "GET /templates/img/two-columns.gif HTTP/1.1" 304 - "http://www.quartier-bb.de/" "Mozilla/4.0 (compatible; MSIE 8.0; Windows NT 6.1; WOW64; Trident/4.0; SLCC2; .NET CLR 2.0.50727; .NET CLR 3.5.30729; .NET CLR 3.0.30729; .NET4.0C; .NET4.0E; InfoPath.2)"
83.169.152.176 - - [05/Dec/2014:10:47:25 +0100] "GET /templates/img/header.png HTTP/1.1" 304 - "http://www.quartier-bb.de/" "Mozilla/4.0 (compatible; MSIE 8.0; Windows NT 6.1; WOW64; Trident/4.0; SLCC2; .NET CLR 2.0.50727; .NET CLR 3.5.30729; .NET CLR 3.0.30729; .NET4.0C; .NET4.0E; InfoPath.2)"
83.169.152.176 - - [05/Dec/2014:10:47:25 +0100] "GET /templates/img/points.gif HTTP/1.1" 304 - "http://www.quartier-bb.de/" "Mozilla/4.0 (compatible; MSIE 8.0; Windows NT 6.1; WOW64; Trident/4.0; SLCC2; .NET CLR 2.0.50727; .NET CLR 3.5.30729; .NET CLR 3.0.30729; .NET4.0C; .NET4.0E; InfoPath.2)"
83.169.152.176 - - [05/Dec/2014:10:47:25 +0100] "GET /templates/img/circle.png HTTP/1.1" 304 - "http://www.quartier-bb.de/" "Mozilla/4.0 (compatible; MSIE 8.0; Windows NT 6.1; WOW64; Trident/4.0; SLCC2; .NET CLR 2.0.50727; .NET CLR 3.5.30729; .NET CLR 3.0.30729; .NET4.0C; .NET4.0E; InfoPath.2)"
83.169.152.176 - - [05/Dec/2014:10:47:25 +0100] "GET /templates/img/loading.gif HTTP/1.1" 304 - "http://www.quartier-bb.de/" "Mozilla/4.0 (compatible; MSIE 8.0; Windows NT 6.1; WOW64; Trident/4.0; SLCC2; .NET CLR 2.0.50727; .NET CLR 3.5.30729; .NET CLR 3.0.30729; .NET4.0C; .NET4.0E; InfoPath.2)"
83.169.152.176 - - [05/Dec/2014:10:47:25 +0100] "GET /templates/img/closelabel.gif HTTP/1.1" 304 - "http://www.quartier-bb.de/" "Mozilla/4.0 (compatible; MSIE 8.0; Windows NT 6.1; WOW64; Trident/4.0; SLCC2; .NET CLR 2.0.50727; .NET CLR 3.5.30729; .NET CLR 3.0.30729; .NET4.0C; .NET4.0E; InfoPath.2)"
83.169.152.176 - - [05/Dec/2014:10:47:25 +0100] "GET /templates/img/blank.gif HTTP/1.1" 304 - "http://www.quartier-bb.de/" "Mozilla/4.0 (compatible; MSIE 8.0; Windows NT 6.1; WOW64; Trident/4.0; SLCC2; .NET CLR 2.0.50727; .NET CLR 3.5.30729; .NET CLR 3.0.30729; .NET4.0C; .NET4.0E; InfoPath.2)"
83.169.152.176 - - [05/Dec/2014:10:47:25 +0100] "GET /favicon.ico HTTP/1.1" 304 - "-" "Mozilla/4.0 (compatible; MSIE 8.0; Windows NT 6.1; WOW64; Trident/4.0; SLCC2; .NET CLR 2.0.50727; .NET CLR 3.5.30729; .NET CLR 3.0.30729; .NET4.0C; .NET4.0E; InfoPath.2)"
83.169.152.176 - - [05/Dec/2014:10:47:33 +0100] "GET /?impressum,15 HTTP/1.1" 200 5152 "http://www.quartier-bb.de/" "Mozilla/4.0 (compatible; MSIE 8.0; Windows NT 6.1; WOW64; Trident/4.0; SLCC2; .NET CLR 2.0.50727; .NET CLR 3.5.30729; .NET CLR 3.0.30729; .NET4.0C; .NET4.0E; InfoPath.2)"
79.197.180.102 - - [05/Dec/2014:12:00:29 +0100] "GET / HTTP/1.1" 200 6789 "-" "Mozilla/5.0 (Windows NT 6.1; WOW64; Trident/7.0; rv:11.0) like Gecko"
79.197.180.102 - - [05/Dec/2014:12:00:29 +0100] "GET /core/plugins.js HTTP/1.1" 200 28 "http://www.quartier-bb.de/" "Mozilla/5.0 (Windows NT 6.1; WOW64; Trident/7.0; rv:11.0) like Gecko"
79.197.180.102 - - [05/Dec/2014:12:00:29 +0100] "GET /core/common.js HTTP/1.1" 200 2364 "http://www.quartier-bb.de/" "Mozilla/5.0 (Windows NT 6.1; WOW64; Trident/7.0; rv:11.0) like Gecko"
79.197.180.102 - - [05/Dec/2014:12:00:29 +0100] "GET /core/litebox-1.0.js HTTP/1.1" 200 15581 "http://www.quartier-bb.de/" "Mozilla/5.0 (Windows NT 6.1; WOW64; Trident/7.0; rv:11.0) like Gecko"
79.197.180.102 - - [05/Dec/2014:12:00:29 +0100] "GET /core/moo.fx.js HTTP/1.1" 200 3267 "http://www.quartier-bb.de/" "Mozilla/5.0 (Windows NT 6.1; WOW64; Trident/7.0; rv:11.0) like Gecko"
79.197.180.102 - - [05/Dec/2014:12:00:29 +0100] "GET /core/prototype.lite.js HTTP/1.1" 200 3335 "http://www.quartier-bb.de/" "Mozilla/5.0 (Windows NT 6.1; WOW64; Trident/7.0; rv:11.0) like Gecko"
79.197.180.102 - - [05/Dec/2014:12:00:29 +0100] "GET /templates/default.css HTTP/1.1" 200 7156 "http://www.quartier-bb.de/" "Mozilla/5.0 (Windows NT 6.1; WOW64; Trident/7.0; rv:11.0) like Gecko"
79.197.180.102 - - [05/Dec/2014:12:00:29 +0100] "GET /templates/img/logo.gif HTTP/1.1" 200 3859 "http://www.quartier-bb.de/" "Mozilla/5.0 (Windows NT 6.1; WOW64; Trident/7.0; rv:11.0) like Gecko"
79.197.180.102 - - [05/Dec/2014:12:00:29 +0100] "GET /files/top_left_basic.gif HTTP/1.1" 200 261 "http://www.quartier-bb.de/" "Mozilla/5.0 (Windows NT 6.1; WOW64; Trident/7.0; rv:11.0) like Gecko"
79.197.180.102 - - [05/Dec/2014:12:00:29 +0100] "GET /templates/plugins.css HTTP/1.1" 200 1931 "http://www.quartier-bb.de/" "Mozilla/5.0 (Windows NT 6.1; WOW64; Trident/7.0; rv:11.0) like Gecko"
79.197.180.102 - - [05/Dec/2014:12:00:29 +0100] "GET /templates/img/bg.jpg HTTP/1.1" 200 18814 "http://www.quartier-bb.de/" "Mozilla/5.0 (Windows NT 6.1; WOW64; Trident/7.0; rv:11.0) like Gecko"
79.197.180.102 - - [05/Dec/2014:12:00:29 +0100] "GET /templates/img/nav.gif HTTP/1.1" 200 1501 "http://www.quartier-bb.de/" "Mozilla/5.0 (Windows NT 6.1; WOW64; Trident/7.0; rv:11.0) like Gecko"
79.197.180.102 - - [05/Dec/2014:12:00:29 +0100] "GET /templates/img/two-columns.gif HTTP/1.1" 200 65 "http://www.quartier-bb.de/" "Mozilla/5.0 (Windows NT 6.1; WOW64; Trident/7.0; rv:11.0) like Gecko"
79.197.180.102 - - [05/Dec/2014:12:00:29 +0100] "GET /templates/img/points.gif HTTP/1.1" 200 62 "http://www.quartier-bb.de/" "Mozilla/5.0 (Windows NT 6.1; WOW64; Trident/7.0; rv:11.0) like Gecko"
79.197.180.102 - - [05/Dec/2014:12:00:29 +0100] "GET /templates/img/circle.png HTTP/1.1" 200 194 "http://www.quartier-bb.de/" "Mozilla/5.0 (Windows NT 6.1; WOW64; Trident/7.0; rv:11.0) like Gecko"
79.197.180.102 - - [05/Dec/2014:12:00:29 +0100] "GET /templates/img/header.png HTTP/1.1" 200 134243 "http://www.quartier-bb.de/" "Mozilla/5.0 (Windows NT 6.1; WOW64; Trident/7.0; rv:11.0) like Gecko"
79.197.180.102 - - [05/Dec/2014:12:00:29 +0100] "GET /templates/img/loading.gif HTTP/1.1" 200 2767 "http://www.quartier-bb.de/" "Mozilla/5.0 (Windows NT 6.1; WOW64; Trident/7.0; rv:11.0) like Gecko"
79.197.180.102 - - [05/Dec/2014:12:00:29 +0100] "GET /templates/img/closelabel.gif HTTP/1.1" 200 649 "http://www.quartier-bb.de/" "Mozilla/5.0 (Windows NT 6.1; WOW64; Trident/7.0; rv:11.0) like Gecko"
79.197.180.102 - - [05/Dec/2014:12:00:29 +0100] "GET /templates/img/blank.gif HTTP/1.1" 200 43 "http://www.quartier-bb.de/" "Mozilla/5.0 (Windows NT 6.1; WOW64; Trident/7.0; rv:11.0) like Gecko"
79.197.180.102 - - [05/Dec/2014:12:00:30 +0100] "GET /favicon.ico HTTP/1.1" 200 2602 "-" "Mozilla/5.0 (Windows NT 6.1; Win64; x64; Trident/7.0; rv:11.0) like Gecko"
79.197.180.102 - - [05/Dec/2014:12:00:53 +0100] "GET /?impressum,15 HTTP/1.1" 200 5152 "http://www.quartier-bb.de/" "Mozilla/5.0 (Windows NT 6.1; WOW64; Trident/7.0; rv:11.0) like Gecko"
77.178.194.163 - - [05/Dec/2014:13:18:02 +0100] "GET / HTTP/1.1" 200 6789 "http://www.google.de/url?sa=t&rct=j&q=&esrc=s&source=web&cd=1&ved=0CCMQFjAA&url=http%3A%2F%2Fwww.quartier-bb.de%2F&ei=RaKBVIPSK8GwPNrFgZgK&usg=AFQjCNEFLg6-MxlwLCq_OMSmI5Dx4hlaww&bvm=bv.80642063,d.ZWU" "Mozilla/5.0 (Windows NT 6.1; WOW64; rv:33.0) Gecko/20100101 Firefox/33.0"
77.178.194.163 - - [05/Dec/2014:13:18:03 +0100] "GET /core/common.js HTTP/1.1" 200 2364 "http://www.quartier-bb.de/" "Mozilla/5.0 (Windows NT 6.1; WOW64; rv:33.0) Gecko/20100101 Firefox/33.0"
77.178.194.163 - - [05/Dec/2014:13:18:03 +0100] "GET /core/plugins.js HTTP/1.1" 200 28 "http://www.quartier-bb.de/" "Mozilla/5.0 (Windows NT 6.1; WOW64; rv:33.0) Gecko/20100101 Firefox/33.0"
77.178.194.163 - - [05/Dec/2014:13:18:03 +0100] "GET /core/prototype.lite.js HTTP/1.1" 200 3335 "http://www.quartier-bb.de/" "Mozilla/5.0 (Windows NT 6.1; WOW64; rv:33.0) Gecko/20100101 Firefox/33.0"
77.178.194.163 - - [05/Dec/2014:13:18:03 +0100] "GET /core/moo.fx.js HTTP/1.1" 200 3267 "http://www.quartier-bb.de/" "Mozilla/5.0 (Windows NT 6.1; WOW64; rv:33.0) Gecko/20100101 Firefox/33.0"
77.178.194.163 - - [05/Dec/2014:13:18:03 +0100] "GET /core/litebox-1.0.js HTTP/1.1" 200 15581 "http://www.quartier-bb.de/" "Mozilla/5.0 (Windows NT 6.1; WOW64; rv:33.0) Gecko/20100101 Firefox/33.0"
77.178.194.163 - - [05/Dec/2014:13:18:03 +0100] "GET /favicon.ico HTTP/1.1" 200 2602 "-" "Mozilla/5.0 (Windows NT 6.1; WOW64; rv:33.0) Gecko/20100101 Firefox/33.0"
77.178.194.163 - - [05/Dec/2014:13:18:03 +0100] "GET /templates/img/logo.gif HTTP/1.1" 200 3859 "http://www.quartier-bb.de/" "Mozilla/5.0 (Windows NT 6.1; WOW64; rv:33.0) Gecko/20100101 Firefox/33.0"
77.178.194.163 - - [05/Dec/2014:13:18:03 +0100] "GET /files/top_left_basic.gif HTTP/1.1" 200 261 "http://www.quartier-bb.de/" "Mozilla/5.0 (Windows NT 6.1; WOW64; rv:33.0) Gecko/20100101 Firefox/33.0"
77.178.194.163 - - [05/Dec/2014:13:18:03 +0100] "GET /templates/default.css HTTP/1.1" 200 7156 "http://www.quartier-bb.de/" "Mozilla/5.0 (Windows NT 6.1; WOW64; rv:33.0) Gecko/20100101 Firefox/33.0"
77.178.194.163 - - [05/Dec/2014:13:18:03 +0100] "GET /templates/plugins.css HTTP/1.1" 200 1931 "http://www.quartier-bb.de/templates/default.css" "Mozilla/5.0 (Windows NT 6.1; WOW64; rv:33.0) Gecko/20100101 Firefox/33.0"
77.178.194.163 - - [05/Dec/2014:13:18:03 +0100] "GET /templates/img/bg.jpg HTTP/1.1" 200 18814 "http://www.quartier-bb.de/templates/default.css" "Mozilla/5.0 (Windows NT 6.1; WOW64; rv:33.0) Gecko/20100101 Firefox/33.0"
77.178.194.163 - - [05/Dec/2014:13:18:03 +0100] "GET /templates/img/points.gif HTTP/1.1" 200 62 "http://www.quartier-bb.de/templates/default.css" "Mozilla/5.0 (Windows NT 6.1; WOW64; rv:33.0) Gecko/20100101 Firefox/33.0"
77.178.194.163 - - [05/Dec/2014:13:18:03 +0100] "GET /templates/img/nav.gif HTTP/1.1" 200 1501 "http://www.quartier-bb.de/templates/default.css" "Mozilla/5.0 (Windows NT 6.1; WOW64; rv:33.0) Gecko/20100101 Firefox/33.0"
77.178.194.163 - - [05/Dec/2014:13:18:03 +0100] "GET /templates/img/two-columns.gif HTTP/1.1" 200 65 "http://www.quartier-bb.de/templates/default.css" "Mozilla/5.0 (Windows NT 6.1; WOW64; rv:33.0) Gecko/20100101 Firefox/33.0"
77.178.194.163 - - [05/Dec/2014:13:18:03 +0100] "GET /templates/img/circle.png HTTP/1.1" 200 194 "http://www.quartier-bb.de/templates/default.css" "Mozilla/5.0 (Windows NT 6.1; WOW64; rv:33.0) Gecko/20100101 Firefox/33.0"
77.178.194.163 - - [05/Dec/2014:13:18:03 +0100] "GET /templates/img/header.png HTTP/1.1" 200 134243 "http://www.quartier-bb.de/templates/default.css" "Mozilla/5.0 (Windows NT 6.1; WOW64; rv:33.0) Gecko/20100101 Firefox/33.0"
77.178.194.163 - - [05/Dec/2014:13:18:03 +0100] "GET /templates/img/loading.gif HTTP/1.1" 200 2767 "http://www.quartier-bb.de/" "Mozilla/5.0 (Windows NT 6.1; WOW64; rv:33.0) Gecko/20100101 Firefox/33.0"
77.178.194.163 - - [05/Dec/2014:13:18:03 +0100] "GET /templates/img/closelabel.gif HTTP/1.1" 200 649 "http://www.quartier-bb.de/" "Mozilla/5.0 (Windows NT 6.1; WOW64; rv:33.0) Gecko/20100101 Firefox/33.0"
87.151.168.118 - - [05/Dec/2014:16:01:02 +0100] "GET /?impressum,15 HTTP/1.1" 200 5152 "http://www.google.de/url?url=http://www.quartier-bb.de/%3Fimpressum,15&rct=j&q=&esrc=s&sa=U&ei=csiBVOm2LMLaOMzHgfAF&ved=0CBwQjBAwAQ&usg=AFQjCNHIBoXyfspuKwnu1XCs7rfeMW3DwQ" "Opera/9.80 (Windows NT 6.1; WOW64) Presto/2.12.388 Version/12.17"
87.151.168.118 - - [05/Dec/2014:16:01:02 +0100] "GET /templates/default.css HTTP/1.1" 200 7156 "http://www.quartier-bb.de/?impressum,15" "Opera/9.80 (Windows NT 6.1; WOW64) Presto/2.12.388 Version/12.17"
87.151.168.118 - - [05/Dec/2014:16:01:02 +0100] "GET /core/common.js HTTP/1.1" 200 2364 "http://www.quartier-bb.de/?impressum,15" "Opera/9.80 (Windows NT 6.1; WOW64) Presto/2.12.388 Version/12.17"
87.151.168.118 - - [05/Dec/2014:16:01:02 +0100] "GET /core/plugins.js HTTP/1.1" 200 28 "http://www.quartier-bb.de/?impressum,15" "Opera/9.80 (Windows NT 6.1; WOW64) Presto/2.12.388 Version/12.17"
87.151.168.118 - - [05/Dec/2014:16:01:02 +0100] "GET /core/moo.fx.js HTTP/1.1" 200 3267 "http://www.quartier-bb.de/?impressum,15" "Opera/9.80 (Windows NT 6.1; WOW64) Presto/2.12.388 Version/12.17"
87.151.168.118 - - [05/Dec/2014:16:01:02 +0100] "GET /core/litebox-1.0.js HTTP/1.1" 200 15581 "http://www.quartier-bb.de/?impressum,15" "Opera/9.80 (Windows NT 6.1; WOW64) Presto/2.12.388 Version/12.17"
87.151.168.118 - - [05/Dec/2014:16:01:02 +0100] "GET /core/prototype.lite.js HTTP/1.1" 200 3335 "http://www.quartier-bb.de/?impressum,15" "Opera/9.80 (Windows NT 6.1; WOW64) Presto/2.12.388 Version/12.17"
87.151.168.118 - - [05/Dec/2014:16:01:02 +0100] "GET /favicon.ico HTTP/1.1" 200 2602 "http://www.quartier-bb.de/?impressum,15" "Opera/9.80 (Windows NT 6.1; WOW64) Presto/2.12.388 Version/12.17"
87.151.168.118 - - [05/Dec/2014:16:01:02 +0100] "GET /templates/img/logo.gif HTTP/1.1" 200 3859 "http://www.quartier-bb.de/?impressum,15" "Opera/9.80 (Windows NT 6.1; WOW64) Presto/2.12.388 Version/12.17"
87.151.168.118 - - [05/Dec/2014:16:01:02 +0100] "GET /templates/plugins.css HTTP/1.1" 200 1931 "http://www.quartier-bb.de/?impressum,15" "Opera/9.80 (Windows NT 6.1; WOW64) Presto/2.12.388 Version/12.17"
87.151.168.118 - - [05/Dec/2014:16:01:02 +0100] "GET /templates/img/bg.jpg HTTP/1.1" 200 18814 "http://www.quartier-bb.de/?impressum,15" "Opera/9.80 (Windows NT 6.1; WOW64) Presto/2.12.388 Version/12.17"
87.151.168.118 - - [05/Dec/2014:16:01:02 +0100] "GET /templates/img/points.gif HTTP/1.1" 200 62 "http://www.quartier-bb.de/?impressum,15" "Opera/9.80 (Windows NT 6.1; WOW64) Presto/2.12.388 Version/12.17"
87.151.168.118 - - [05/Dec/2014:16:01:02 +0100] "GET /templates/img/nav.gif HTTP/1.1" 200 1501 "http://www.quartier-bb.de/?impressum,15" "Opera/9.80 (Windows NT 6.1; WOW64) Presto/2.12.388 Version/12.17"
87.151.168.118 - - [05/Dec/2014:16:01:02 +0100] "GET /templates/img/two-columns.gif HTTP/1.1" 200 65 "http://www.quartier-bb.de/?impressum,15" "Opera/9.80 (Windows NT 6.1; WOW64) Presto/2.12.388 Version/12.17"
87.151.168.118 - - [05/Dec/2014:16:01:02 +0100] "GET /templates/img/circle.png HTTP/1.1" 200 194 "http://www.quartier-bb.de/?impressum,15" "Opera/9.80 (Windows NT 6.1; WOW64) Presto/2.12.388 Version/12.17"
87.151.168.118 - - [05/Dec/2014:16:01:02 +0100] "GET /templates/img/header.png HTTP/1.1" 200 134243 "http://www.quartier-bb.de/?impressum,15" "Opera/9.80 (Windows NT 6.1; WOW64) Presto/2.12.388 Version/12.17"
87.151.168.118 - - [05/Dec/2014:16:01:02 +0100] "GET /templates/img/loading.gif HTTP/1.1" 200 2767 "http://www.quartier-bb.de/?impressum,15" "Opera/9.80 (Windows NT 6.1; WOW64) Presto/2.12.388 Version/12.17"
87.151.168.118 - - [05/Dec/2014:16:01:02 +0100] "GET /templates/img/closelabel.gif HTTP/1.1" 200 649 "http://www.quartier-bb.de/?impressum,15" "Opera/9.80 (Windows NT 6.1; WOW64) Presto/2.12.388 Version/12.17"
87.151.168.118 - - [05/Dec/2014:16:01:50 +0100] "GET / HTTP/1.1" 200 6789 "http://www.quartier-bb.de/?impressum,15" "Opera/9.80 (Windows NT 6.1; WOW64) Presto/2.12.388 Version/12.17"
87.151.168.118 - - [05/Dec/2014:16:01:50 +0100] "GET /templates/img/blank.gif HTTP/1.1" 200 43 "http://www.quartier-bb.de/" "Opera/9.80 (Windows NT 6.1; WOW64) Presto/2.12.388 Version/12.17"
87.151.168.118 - - [05/Dec/2014:16:01:50 +0100] "GET /files/top_left_basic.gif HTTP/1.1" 200 261 "http://www.quartier-bb.de/" "Opera/9.80 (Windows NT 6.1; WOW64) Presto/2.12.388 Version/12.17"
87.151.168.118 - - [05/Dec/2014:16:01:50 +0100] "GET /templates/img/prevlabel.gif HTTP/1.1" 200 1028 "http://www.quartier-bb.de/" "Opera/9.80 (Windows NT 6.1; WOW64) Presto/2.12.388 Version/12.17"
87.151.168.118 - - [05/Dec/2014:16:01:50 +0100] "GET /templates/img/nextlabel.gif HTTP/1.1" 200 1022 "http://www.quartier-bb.de/" "Opera/9.80 (Windows NT 6.1; WOW64) Presto/2.12.388 Version/12.17"
157.55.39.253 - - [05/Dec/2014:19:03:14 +0100] "GET /robots.txt HTTP/1.1" 404 1256 "-" "Mozilla/5.0 (compatible; bingbot/2.0; +http://www.bing.com/bingbot.htm)"
157.55.39.253 - - [05/Dec/2014:19:03:17 +0100] "GET / HTTP/1.1" 200 6789 "-" "Mozilla/5.0 (compatible; bingbot/2.0; +http://www.bing.com/bingbot.htm)"
148.251.192.22 - - [05/Dec/2014:22:58:36 +0100] "GET /robots.txt HTTP/1.0" 404 1256 "-" "Mozilla/5.0 (compatible; MJ12bot/v1.4.5; http://www.majestic12.co.uk/bot.php?+)"
148.251.192.22 - - [05/Dec/2014:22:58:37 +0100] "GET /?kontakt,8 HTTP/1.0" 200 4607 "-" "Mozilla/5.0 (compatible; MJ12bot/v1.4.5; http://www.majestic12.co.uk/bot.php?+)"
148.251.192.22 - - [05/Dec/2014:22:58:39 +0100] "GET /?leistung,40 HTTP/1.0" 200 7044 "-" "Mozilla/5.0 (compatible; MJ12bot/v1.4.5; http://www.majestic12.co.uk/bot.php?+)"
141.8.147.12 - - [06/Dec/2014:04:54:40 +0100] "GET /robots.txt HTTP/1.1" 404 1256 "-" "Mozilla/5.0 (compatible; YandexBot/3.0; +http://yandex.com/bots)"
141.8.147.12 - - [06/Dec/2014:04:54:42 +0100] "GET /?15&impressum HTTP/1.1" 200 6789 "-" "Mozilla/5.0 (compatible; YandexBot/3.0; +http://yandex.com/bots)"
66.249.67.141 - - [06/Dec/2014:06:53:49 +0100] "GET /robots.txt HTTP/1.1" 404 1256 "-" "Mozilla/5.0 (compatible; Googlebot/2.1; +http://www.google.com/bot.html)"
66.249.67.141 - - [06/Dec/2014:06:53:49 +0100] "GET / HTTP/1.1" 200 6789 "-" "Mozilla/5.0 (iPhone; CPU iPhone OS 6_0 like Mac OS X) AppleWebKit/536.26 (KHTML, like Gecko) Version/6.0 Mobile/10A5376e Safari/8536.25 (compatible; Googlebot/2.1; +http://www.google.com/bot.html)"
141.8.147.12 - - [06/Dec/2014:07:42:48 +0100] "GET /?home,1 HTTP/1.1" 200 6789 "-" "Mozilla/5.0 (compatible; YandexBot/3.0; +http://yandex.com/bots)"
87.162.14.75 - - [06/Dec/2014:08:48:40 +0100] "GET / HTTP/1.1" 200 6789 "-" "Mozilla/5.0 (iPhone; CPU iPhone OS 8_1_1 like Mac OS X) AppleWebKit/600.1.4 (KHTML, like Gecko) Version/8.0 Mobile/12B435 Safari/600.1.4"
104.131.218.10 - - [06/Dec/2014:13:33:46 +0100] "GET /robots.txt HTTP/1.1" 404 1256 "-" "Mozilla/5.0 (compatible; spbot/4.4.0; +http://OpenLinkProfiler.org/bot )"
104.131.218.10 - - [06/Dec/2014:13:33:51 +0100] "GET / HTTP/1.1" 200 6789 "-" "Mozilla/5.0 (compatible; spbot/4.4.0; +http://OpenLinkProfiler.org/bot )"
104.131.218.10 - - [06/Dec/2014:13:33:52 +0100] "GET /?home,1 HTTP/1.1" 200 6789 "http://www.quartier-bb.de/" "Mozilla/5.0 (compatible; spbot/4.4.0; +http://OpenLinkProfiler.org/bot )"
104.131.218.10 - - [06/Dec/2014:13:33:56 +0100] "GET /?kontakt,8 HTTP/1.1" 200 4607 "http://www.quartier-bb.de/" "Mozilla/5.0 (compatible; spbot/4.4.0; +http://OpenLinkProfiler.org/bot )"
104.131.218.10 - - [06/Dec/2014:13:34:01 +0100] "GET /?leistung,40 HTTP/1.1" 200 7044 "http://www.quartier-bb.de/" "Mozilla/5.0 (compatible; spbot/4.4.0; +http://OpenLinkProfiler.org/bot )"
104.131.218.10 - - [06/Dec/2014:13:34:06 +0100] "GET /?formular,41 HTTP/1.1" 302 - "http://www.quartier-bb.de/" "Mozilla/5.0 (compatible; spbot/4.4.0; +http://OpenLinkProfiler.org/bot )"
104.131.218.10 - - [06/Dec/2014:13:34:11 +0100] "GET /?impressum,15 HTTP/1.1" 200 5152 "http://www.quartier-bb.de/" "Mozilla/5.0 (compatible; spbot/4.4.0; +http://OpenLinkProfiler.org/bot )"
104.131.218.10 - - [06/Dec/2014:13:34:16 +0100] "GET /?disclaimer,14 HTTP/1.1" 200 7677 "http://www.quartier-bb.de/" "Mozilla/5.0 (compatible; spbot/4.4.0; +http://OpenLinkProfiler.org/bot )"
104.131.218.10 - - [06/Dec/2014:13:34:20 +0100] "GET /?unternehmen,35 HTTP/1.1" 200 5693 "http://www.quartier-bb.de/" "Mozilla/5.0 (compatible; spbot/4.4.0; +http://OpenLinkProfiler.org/bot )"
68.180.228.124 - - [06/Dec/2014:15:05:33 +0100] "GET /robots.txt HTTP/1.1" 404 1256 "-" "Mozilla/5.0 (compatible; Yahoo! Slurp; http://help.yahoo.com/help/us/ysearch/slurp)"
68.180.228.124 - - [06/Dec/2014:15:05:34 +0100] "GET /?home,1 HTTP/1.1" 200 6789 "-" "Mozilla/5.0 (compatible; Yahoo! Slurp; http://help.yahoo.com/help/us/ysearch/slurp)"
141.8.147.12 - - [06/Dec/2014:16:57:27 +0100] "GET /robots.txt HTTP/1.1" 404 1256 "-" "Mozilla/5.0 (compatible; YandexBot/3.0; +http://yandex.com/bots)"
46.161.41.31 - - [06/Dec/2014:18:52:47 +0100] "GET /?leistung,40 HTTP/1.1" 200 7044 "-" "Mozilla/5.0 (Windows NT 6.1; WOW64; rv:26.1) Gecko/20100101 Firefox/26.0"
157.55.39.253 - - [06/Dec/2014:19:09:00 +0100] "GET / HTTP/1.1" 200 6789 "-" "Mozilla/5.0 (compatible; bingbot/2.0; +http://www.bing.com/bingbot.htm)"
68.180.228.124 - - [07/Dec/2014:00:30:51 +0100] "GET /?disclaimer,14 HTTP/1.1" 200 7677 "-" "Mozilla/5.0 (compatible; Yahoo! Slurp; http://help.yahoo.com/help/us/ysearch/slurp)"
141.8.147.12 - - [07/Dec/2014:00:41:48 +0100] "GET /?formular,41 HTTP/1.1" 302 - "-" "Mozilla/5.0 (compatible; YandexBot/3.0; +http://yandex.com/bots)"
188.165.15.203 - - [07/Dec/2014:02:22:23 +0100] "GET /robots.txt HTTP/1.1" 404 1256 "-" "Mozilla/5.0 (compatible; AhrefsBot/5.0; +http://ahrefs.com/robot/)"
68.180.228.124 - - [07/Dec/2014:03:01:09 +0100] "GET /?formular,41 HTTP/1.1" 302 - "-" "Mozilla/5.0 (compatible; Yahoo! Slurp; http://help.yahoo.com/help/us/ysearch/slurp)"
141.8.147.12 - - [07/Dec/2014:05:00:51 +0100] "GET /robots.txt HTTP/1.1" 404 1256 "-" "Mozilla/5.0 (compatible; YandexBot/3.0; +http://yandex.com/bots)"
46.161.41.31 - - [07/Dec/2014:06:02:04 +0100] "GET /?unternehmen,35 HTTP/1.1" 200 5693 "-" "Mozilla/5.0 (Windows NT 6.1; WOW64; rv:26.1) Gecko/20100101 Firefox/26.0"
66.249.64.65 - - [07/Dec/2014:07:58:28 +0100] "GET /robots.txt HTTP/1.1" 404 1256 "-" "Mozilla/5.0 (compatible; Googlebot/2.1; +http://www.google.com/bot.html)"
66.249.78.174 - - [07/Dec/2014:07:58:28 +0100] "GET / HTTP/1.1" 200 6789 "-" "SAMSUNG-SGH-E250/1.0 Profile/MIDP-2.0 Configuration/CLDC-1.1 UP.Browser/6.2.3.3.c.1.101 (GUI) MMP/2.0 (compatible; Googlebot-Mobile/2.1; +http://www.google.com/bot.html)"
141.8.147.12 - - [07/Dec/2014:09:00:50 +0100] "GET /?home,1 HTTP/1.1" 200 6789 "-" "Mozilla/5.0 (compatible; YandexBot/3.0; +http://yandex.com/bots)"
66.249.64.61 - - [07/Dec/2014:09:12:31 +0100] "GET / HTTP/1.1" 200 6789 "-" "Mozilla/5.0 (compatible; Googlebot/2.1; +http://www.google.com/bot.html)"
66.249.64.65 - - [07/Dec/2014:10:04:53 +0100] "GET / HTTP/1.1" 200 6789 "-" "DoCoMo/2.0 N905i(c100;TB;W24H16) (compatible; Googlebot-Mobile/2.1; +http://www.google.com/bot.html)"
188.165.15.121 - - [07/Dec/2014:10:32:41 +0100] "GET /?impressum,15 HTTP/1.1" 200 5152 "-" "Mozilla/5.0 (compatible; AhrefsBot/5.0; +http://ahrefs.com/robot/)"
141.8.147.12 - - [07/Dec/2014:12:31:45 +0100] "GET /?41&formular HTTP/1.1" 200 6789 "-" "Mozilla/5.0 (compatible; YandexBot/3.0; +http://yandex.com/bots)"
66.249.78.167 - - [07/Dec/2014:15:05:03 +0100] "GET / HTTP/1.1" 200 6789 "-" "Mozilla/5.0 (compatible; Googlebot/2.1; +http://www.google.com/bot.html)"
141.8.147.12 - - [07/Dec/2014:17:27:36 +0100] "GET /robots.txt HTTP/1.1" 404 1256 "-" "Mozilla/5.0 (compatible; YandexBot/3.0; +http://yandex.com/bots)"
66.249.78.160 - - [07/Dec/2014:18:11:21 +0100] "GET / HTTP/1.1" 200 6789 "-" "Mozilla/5.0 (iPhone; CPU iPhone OS 6_0 like Mac OS X) AppleWebKit/536.26 (KHTML, like Gecko) Version/6.0 Mobile/10A5376e Safari/8536.25 (compatible; Googlebot/2.1; +http://www.google.com/bot.html)"
66.249.78.174 - - [07/Dec/2014:18:24:02 +0100] "GET /?impressum,15 HTTP/1.1" 200 5152 "-" "Mozilla/5.0 (compatible; Googlebot/2.1; +http://www.google.com/bot.html)"
66.249.78.174 - - [07/Dec/2014:20:59:10 +0100] "GET /robots.txt HTTP/1.1" 404 1256 "-" "Mozilla/5.0 (compatible; Googlebot/2.1; +http://www.google.com/bot.html)"
141.8.147.12 - - [07/Dec/2014:21:08:26 +0100] "GET / HTTP/1.1" 200 6789 "-" "Mozilla/5.0 (compatible; YandexBot/3.0; +http://yandex.com/bots)"
84.159.218.146 - - [07/Dec/2014:21:14:09 +0100] "GET / HTTP/1.1" 200 6789 "http://www.google.de/" "Mozilla/5.0 (Linux; Android 4.4.2; SM-T535 Build/KOT49H) AppleWebKit/537.36 (KHTML, like Gecko) Chrome/39.0.2171.93 Safari/537.36"
84.159.218.146 - - [07/Dec/2014:21:14:09 +0100] "GET /core/common.js HTTP/1.1" 200 2364 "http://www.google.de/" "Mozilla/5.0 (Linux; Android 4.4.2; SM-T535 Build/KOT49H) AppleWebKit/537.36 (KHTML, like Gecko) Chrome/39.0.2171.93 Safari/537.36"
84.159.218.146 - - [07/Dec/2014:21:14:09 +0100] "GET /templates/default.css HTTP/1.1" 200 7156 "http://www.google.de/" "Mozilla/5.0 (Linux; Android 4.4.2; SM-T535 Build/KOT49H) AppleWebKit/537.36 (KHTML, like Gecko) Chrome/39.0.2171.93 Safari/537.36"
84.159.218.146 - - [07/Dec/2014:21:14:09 +0100] "GET /core/plugins.js HTTP/1.1" 200 28 "http://www.google.de/" "Mozilla/5.0 (Linux; Android 4.4.2; SM-T535 Build/KOT49H) AppleWebKit/537.36 (KHTML, like Gecko) Chrome/39.0.2171.93 Safari/537.36"
84.159.218.146 - - [07/Dec/2014:21:14:09 +0100] "GET /core/prototype.lite.js HTTP/1.1" 200 3335 "http://www.google.de/" "Mozilla/5.0 (Linux; Android 4.4.2; SM-T535 Build/KOT49H) AppleWebKit/537.36 (KHTML, like Gecko) Chrome/39.0.2171.93 Safari/537.36"
84.159.218.146 - - [07/Dec/2014:21:14:09 +0100] "GET /core/moo.fx.js HTTP/1.1" 200 3267 "http://www.google.de/" "Mozilla/5.0 (Linux; Android 4.4.2; SM-T535 Build/KOT49H) AppleWebKit/537.36 (KHTML, like Gecko) Chrome/39.0.2171.93 Safari/537.36"
84.159.218.146 - - [07/Dec/2014:21:14:09 +0100] "GET /core/litebox-1.0.js HTTP/1.1" 200 15581 "http://www.google.de/" "Mozilla/5.0 (Linux; Android 4.4.2; SM-T535 Build/KOT49H) AppleWebKit/537.36 (KHTML, like Gecko) Chrome/39.0.2171.93 Safari/537.36"
84.159.218.146 - - [07/Dec/2014:21:14:09 +0100] "GET /templates/img/logo.gif HTTP/1.1" 200 3859 "http://www.google.de/" "Mozilla/5.0 (Linux; Android 4.4.2; SM-T535 Build/KOT49H) AppleWebKit/537.36 (KHTML, like Gecko) Chrome/39.0.2171.93 Safari/537.36"
84.159.218.146 - - [07/Dec/2014:21:14:09 +0100] "GET /files/top_left_basic.gif HTTP/1.1" 200 261 "http://www.google.de/" "Mozilla/5.0 (Linux; Android 4.4.2; SM-T535 Build/KOT49H) AppleWebKit/537.36 (KHTML, like Gecko) Chrome/39.0.2171.93 Safari/537.36"
84.159.218.146 - - [07/Dec/2014:21:14:10 +0100] "GET /templates/plugins.css HTTP/1.1" 200 1931 "http://www.google.de/" "Mozilla/5.0 (Linux; Android 4.4.2; SM-T535 Build/KOT49H) AppleWebKit/537.36 (KHTML, like Gecko) Chrome/39.0.2171.93 Safari/537.36"
84.159.218.146 - - [07/Dec/2014:21:14:10 +0100] "GET /templates/img/loading.gif HTTP/1.1" 200 2767 "http://www.google.de/" "Mozilla/5.0 (Linux; Android 4.4.2; SM-T535 Build/KOT49H) AppleWebKit/537.36 (KHTML, like Gecko) Chrome/39.0.2171.93 Safari/537.36"
84.159.218.146 - - [07/Dec/2014:21:14:10 +0100] "GET /templates/img/closelabel.gif HTTP/1.1" 200 649 "http://www.google.de/" "Mozilla/5.0 (Linux; Android 4.4.2; SM-T535 Build/KOT49H) AppleWebKit/537.36 (KHTML, like Gecko) Chrome/39.0.2171.93 Safari/537.36"
84.159.218.146 - - [07/Dec/2014:21:14:10 +0100] "GET /templates/img/bg.jpg HTTP/1.1" 200 18814 "http://www.google.de/" "Mozilla/5.0 (Linux; Android 4.4.2; SM-T535 Build/KOT49H) AppleWebKit/537.36 (KHTML, like Gecko) Chrome/39.0.2171.93 Safari/537.36"
84.159.218.146 - - [07/Dec/2014:21:14:10 +0100] "GET /templates/img/points.gif HTTP/1.1" 200 62 "http://www.google.de/" "Mozilla/5.0 (Linux; Android 4.4.2; SM-T535 Build/KOT49H) AppleWebKit/537.36 (KHTML, like Gecko) Chrome/39.0.2171.93 Safari/537.36"
84.159.218.146 - - [07/Dec/2014:21:14:10 +0100] "GET /templates/img/nav.gif HTTP/1.1" 200 1501 "http://www.google.de/" "Mozilla/5.0 (Linux; Android 4.4.2; SM-T535 Build/KOT49H) AppleWebKit/537.36 (KHTML, like Gecko) Chrome/39.0.2171.93 Safari/537.36"
84.159.218.146 - - [07/Dec/2014:21:14:10 +0100] "GET /templates/img/two-columns.gif HTTP/1.1" 200 65 "http://www.google.de/" "Mozilla/5.0 (Linux; Android 4.4.2; SM-T535 Build/KOT49H) AppleWebKit/537.36 (KHTML, like Gecko) Chrome/39.0.2171.93 Safari/537.36"
84.159.218.146 - - [07/Dec/2014:21:14:10 +0100] "GET /templates/img/circle.png HTTP/1.1" 200 194 "http://www.google.de/" "Mozilla/5.0 (Linux; Android 4.4.2; SM-T535 Build/KOT49H) AppleWebKit/537.36 (KHTML, like Gecko) Chrome/39.0.2171.93 Safari/537.36"
84.159.218.146 - - [07/Dec/2014:21:14:10 +0100] "GET /templates/img/header.png HTTP/1.1" 200 134243 "http://www.google.de/" "Mozilla/5.0 (Linux; Android 4.4.2; SM-T535 Build/KOT49H) AppleWebKit/537.36 (KHTML, like Gecko) Chrome/39.0.2171.93 Safari/537.36"
84.159.218.146 - - [07/Dec/2014:21:14:11 +0100] "GET /favicon.ico HTTP/1.1" 200 2602 "http://www.google.de/" "Mozilla/5.0 (Linux; Android 4.4.2; SM-T535 Build/KOT49H) AppleWebKit/537.36 (KHTML, like Gecko) Chrome/39.0.2171.93 Safari/537.36"
84.159.218.146 - - [07/Dec/2014:21:14:21 +0100] "GET /?leistung,40 HTTP/1.1" 200 7044 "http://www.quartier-bb.de/" "Mozilla/5.0 (Linux; Android 4.4.2; SM-T535 Build/KOT49H) AppleWebKit/537.36 (KHTML, like Gecko) Chrome/39.0.2171.93 Safari/537.36"
84.159.218.146 - - [07/Dec/2014:21:14:26 +0100] "GET /?unternehmen,35 HTTP/1.1" 200 5693 "http://www.quartier-bb.de/?leistung,40" "Mozilla/5.0 (Linux; Android 4.4.2; SM-T535 Build/KOT49H) AppleWebKit/537.36 (KHTML, like Gecko) Chrome/39.0.2171.93 Safari/537.36"
84.159.218.146 - - [07/Dec/2014:21:14:33 +0100] "GET /?home,1 HTTP/1.1" 200 6789 "http://www.quartier-bb.de/?unternehmen,35" "Mozilla/5.0 (Linux; Android 4.4.2; SM-T535 Build/KOT49H) AppleWebKit/537.36 (KHTML, like Gecko) Chrome/39.0.2171.93 Safari/537.36"
84.159.218.146 - - [07/Dec/2014:21:14:36 +0100] "GET /?kontakt,8 HTTP/1.1" 200 4607 "http://www.quartier-bb.de/?home,1" "Mozilla/5.0 (Linux; Android 4.4.2; SM-T535 Build/KOT49H) AppleWebKit/537.36 (KHTML, like Gecko) Chrome/39.0.2171.93 Safari/537.36"
84.159.218.146 - - [07/Dec/2014:21:14:44 +0100] "GET /?formular,41 HTTP/1.1" 302 - "http://www.quartier-bb.de/?kontakt,8" "Mozilla/5.0 (Linux; Android 4.4.2; SM-T535 Build/KOT49H) AppleWebKit/537.36 (KHTML, like Gecko) Chrome/39.0.2171.93 Safari/537.36"
84.159.218.146 - - [07/Dec/2014:21:14:48 +0100] "GET /?kontakt,8 HTTP/1.1" 200 4607 "http://www.quartier-bb.de/?home,1" "Mozilla/5.0 (Linux; Android 4.4.2; SM-T535 Build/KOT49H) AppleWebKit/537.36 (KHTML, like Gecko) Chrome/39.0.2171.93 Safari/537.36"
84.159.218.146 - - [07/Dec/2014:21:15:40 +0100] "GET /?home,1 HTTP/1.1" 200 6789 "http://www.quartier-bb.de/?unternehmen,35" "Mozilla/5.0 (Linux; Android 4.4.2; SM-T535 Build/KOT49H) AppleWebKit/537.36 (KHTML, like Gecko) Chrome/39.0.2171.93 Safari/537.36"
66.249.78.160 - - [07/Dec/2014:21:19:22 +0100] "GET / HTTP/1.1" 200 6789 "-" "Mozilla/5.0 (compatible; Googlebot/2.1; +http://www.google.com/bot.html)"
79.245.186.82 - - [07/Dec/2014:21:51:11 +0100] "GET / HTTP/1.1" 200 6789 "http://www.besch-rent.de/transporter-mieten/kaesten/standard/kurzzeit.html" "Mozilla/5.0 (Windows NT 5.1; rv:33.0) Gecko/20100101 Firefox/33.0"
79.245.186.82 - - [07/Dec/2014:21:51:11 +0100] "GET /core/common.js HTTP/1.1" 200 2364 "http://www.quartier-bb.de/" "Mozilla/5.0 (Windows NT 5.1; rv:33.0) Gecko/20100101 Firefox/33.0"
79.245.186.82 - - [07/Dec/2014:21:51:11 +0100] "GET /core/plugins.js HTTP/1.1" 200 28 "http://www.quartier-bb.de/" "Mozilla/5.0 (Windows NT 5.1; rv:33.0) Gecko/20100101 Firefox/33.0"
79.245.186.82 - - [07/Dec/2014:21:51:11 +0100] "GET /core/moo.fx.js HTTP/1.1" 200 3267 "http://www.quartier-bb.de/" "Mozilla/5.0 (Windows NT 5.1; rv:33.0) Gecko/20100101 Firefox/33.0"
79.245.186.82 - - [07/Dec/2014:21:51:11 +0100] "GET /core/prototype.lite.js HTTP/1.1" 200 3335 "http://www.quartier-bb.de/" "Mozilla/5.0 (Windows NT 5.1; rv:33.0) Gecko/20100101 Firefox/33.0"
79.245.186.82 - - [07/Dec/2014:21:51:11 +0100] "GET /core/litebox-1.0.js HTTP/1.1" 200 15581 "http://www.quartier-bb.de/" "Mozilla/5.0 (Windows NT 5.1; rv:33.0) Gecko/20100101 Firefox/33.0"
79.245.186.82 - - [07/Dec/2014:21:51:11 +0100] "GET /templates/img/logo.gif HTTP/1.1" 200 3859 "http://www.quartier-bb.de/" "Mozilla/5.0 (Windows NT 5.1; rv:33.0) Gecko/20100101 Firefox/33.0"
79.245.186.82 - - [07/Dec/2014:21:51:11 +0100] "GET /files/top_left_basic.gif HTTP/1.1" 200 261 "http://www.quartier-bb.de/" "Mozilla/5.0 (Windows NT 5.1; rv:33.0) Gecko/20100101 Firefox/33.0"
79.245.186.82 - - [07/Dec/2014:21:51:11 +0100] "GET /templates/default.css HTTP/1.1" 200 7156 "http://www.quartier-bb.de/" "Mozilla/5.0 (Windows NT 5.1; rv:33.0) Gecko/20100101 Firefox/33.0"
79.245.186.82 - - [07/Dec/2014:21:51:14 +0100] "GET /favicon.ico HTTP/1.1" 200 2602 "-" "Mozilla/5.0 (Windows NT 5.1; rv:33.0) Gecko/20100101 Firefox/33.0"
79.245.186.82 - - [07/Dec/2014:21:51:14 +0100] "GET /templates/plugins.css HTTP/1.1" 200 1931 "http://www.quartier-bb.de/templates/default.css" "Mozilla/5.0 (Windows NT 5.1; rv:33.0) Gecko/20100101 Firefox/33.0"
79.245.186.82 - - [07/Dec/2014:21:51:14 +0100] "GET /templates/img/bg.jpg HTTP/1.1" 200 18814 "http://www.quartier-bb.de/templates/default.css" "Mozilla/5.0 (Windows NT 5.1; rv:33.0) Gecko/20100101 Firefox/33.0"
79.245.186.82 - - [07/Dec/2014:21:51:14 +0100] "GET /templates/img/nav.gif HTTP/1.1" 200 1501 "http://www.quartier-bb.de/templates/default.css" "Mozilla/5.0 (Windows NT 5.1; rv:33.0) Gecko/20100101 Firefox/33.0"
79.245.186.82 - - [07/Dec/2014:21:51:14 +0100] "GET /templates/img/two-columns.gif HTTP/1.1" 200 65 "http://www.quartier-bb.de/templates/default.css" "Mozilla/5.0 (Windows NT 5.1; rv:33.0) Gecko/20100101 Firefox/33.0"
79.245.186.82 - - [07/Dec/2014:21:51:14 +0100] "GET /templates/img/circle.png HTTP/1.1" 200 194 "http://www.quartier-bb.de/templates/default.css" "Mozilla/5.0 (Windows NT 5.1; rv:33.0) Gecko/20100101 Firefox/33.0"
79.245.186.82 - - [07/Dec/2014:21:51:14 +0100] "GET /templates/img/points.gif HTTP/1.1" 200 62 "http://www.quartier-bb.de/templates/default.css" "Mozilla/5.0 (Windows NT 5.1; rv:33.0) Gecko/20100101 Firefox/33.0"
79.245.186.82 - - [07/Dec/2014:21:51:14 +0100] "GET /templates/img/header.png HTTP/1.1" 200 134243 "http://www.quartier-bb.de/templates/default.css" "Mozilla/5.0 (Windows NT 5.1; rv:33.0) Gecko/20100101 Firefox/33.0"
79.245.186.82 - - [07/Dec/2014:21:51:15 +0100] "GET /templates/img/loading.gif HTTP/1.1" 200 2767 "http://www.quartier-bb.de/" "Mozilla/5.0 (Windows NT 5.1; rv:33.0) Gecko/20100101 Firefox/33.0"
79.245.186.82 - - [07/Dec/2014:21:51:15 +0100] "GET /templates/img/closelabel.gif HTTP/1.1" 200 649 "http://www.quartier-bb.de/" "Mozilla/5.0 (Windows NT 5.1; rv:33.0) Gecko/20100101 Firefox/33.0"
79.245.186.82 - - [07/Dec/2014:21:51:52 +0100] "GET /?leistung,40 HTTP/1.1" 200 7044 "http://www.quartier-bb.de/" "Mozilla/5.0 (Windows NT 5.1; rv:33.0) Gecko/20100101 Firefox/33.0"
79.245.186.82 - - [07/Dec/2014:21:52:01 +0100] "GET /?unternehmen,35 HTTP/1.1" 200 5693 "http://www.quartier-bb.de/?leistung,40" "Mozilla/5.0 (Windows NT 5.1; rv:33.0) Gecko/20100101 Firefox/33.0"
68.180.228.124 - - [07/Dec/2014:22:06:42 +0100] "GET /robots.txt HTTP/1.1" 404 1256 "-" "Mozilla/5.0 (compatible; Yahoo! Slurp; http://help.yahoo.com/help/us/ysearch/slurp)"
68.180.228.124 - - [07/Dec/2014:22:06:43 +0100] "GET /?impressum,15 HTTP/1.1" 200 5152 "-" "Mozilla/5.0 (compatible; Yahoo! Slurp; http://help.yahoo.com/help/us/ysearch/slurp)"
66.249.78.174 - - [07/Dec/2014:22:07:37 +0100] "GET /?kontakt,8 HTTP/1.1" 200 4607 "-" "Mozilla/5.0 (compatible; Googlebot/2.1; +http://www.google.com/bot.html)"
84.159.218.146 - - [07/Dec/2014:22:11:59 +0100] "GET / HTTP/1.1" 200 6789 "https://www.google.de/" "Mozilla/5.0 (Windows NT 6.3; WOW64) AppleWebKit/537.36 (KHTML, like Gecko) Chrome/39.0.2171.71 Safari/537.36"
84.159.218.146 - - [07/Dec/2014:22:12:00 +0100] "GET /core/common.js HTTP/1.1" 200 2364 "http://www.quartier-bb.de/" "Mozilla/5.0 (Windows NT 6.3; WOW64) AppleWebKit/537.36 (KHTML, like Gecko) Chrome/39.0.2171.71 Safari/537.36"
84.159.218.146 - - [07/Dec/2014:22:12:00 +0100] "GET /core/plugins.js HTTP/1.1" 200 28 "http://www.quartier-bb.de/" "Mozilla/5.0 (Windows NT 6.3; WOW64) AppleWebKit/537.36 (KHTML, like Gecko) Chrome/39.0.2171.71 Safari/537.36"
84.159.218.146 - - [07/Dec/2014:22:12:01 +0100] "GET /core/moo.fx.js HTTP/1.1" 200 3267 "http://www.quartier-bb.de/" "Mozilla/5.0 (Windows NT 6.3; WOW64) AppleWebKit/537.36 (KHTML, like Gecko) Chrome/39.0.2171.71 Safari/537.36"
84.159.218.146 - - [07/Dec/2014:22:12:01 +0100] "GET /core/prototype.lite.js HTTP/1.1" 200 3335 "http://www.quartier-bb.de/" "Mozilla/5.0 (Windows NT 6.3; WOW64) AppleWebKit/537.36 (KHTML, like Gecko) Chrome/39.0.2171.71 Safari/537.36"
84.159.218.146 - - [07/Dec/2014:22:12:01 +0100] "GET /core/litebox-1.0.js HTTP/1.1" 200 15581 "http://www.quartier-bb.de/" "Mozilla/5.0 (Windows NT 6.3; WOW64) AppleWebKit/537.36 (KHTML, like Gecko) Chrome/39.0.2171.71 Safari/537.36"
84.159.218.146 - - [07/Dec/2014:22:12:01 +0100] "GET /templates/default.css HTTP/1.1" 200 7156 "http://www.quartier-bb.de/" "Mozilla/5.0 (Windows NT 6.3; WOW64) AppleWebKit/537.36 (KHTML, like Gecko) Chrome/39.0.2171.71 Safari/537.36"
84.159.218.146 - - [07/Dec/2014:22:12:01 +0100] "GET /templates/img/logo.gif HTTP/1.1" 200 3859 "http://www.quartier-bb.de/" "Mozilla/5.0 (Windows NT 6.3; WOW64) AppleWebKit/537.36 (KHTML, like Gecko) Chrome/39.0.2171.71 Safari/537.36"
84.159.218.146 - - [07/Dec/2014:22:12:01 +0100] "GET /files/top_left_basic.gif HTTP/1.1" 200 261 "http://www.quartier-bb.de/" "Mozilla/5.0 (Windows NT 6.3; WOW64) AppleWebKit/537.36 (KHTML, like Gecko) Chrome/39.0.2171.71 Safari/537.36"
84.159.218.146 - - [07/Dec/2014:22:12:01 +0100] "GET /templates/plugins.css HTTP/1.1" 200 1931 "http://www.quartier-bb.de/" "Mozilla/5.0 (Windows NT 6.3; WOW64) AppleWebKit/537.36 (KHTML, like Gecko) Chrome/39.0.2171.71 Safari/537.36"
84.159.218.146 - - [07/Dec/2014:22:12:01 +0100] "GET /templates/img/loading.gif HTTP/1.1" 200 2767 "http://www.quartier-bb.de/" "Mozilla/5.0 (Windows NT 6.3; WOW64) AppleWebKit/537.36 (KHTML, like Gecko) Chrome/39.0.2171.71 Safari/537.36"
84.159.218.146 - - [07/Dec/2014:22:12:01 +0100] "GET /templates/img/closelabel.gif HTTP/1.1" 200 649 "http://www.quartier-bb.de/" "Mozilla/5.0 (Windows NT 6.3; WOW64) AppleWebKit/537.36 (KHTML, like Gecko) Chrome/39.0.2171.71 Safari/537.36"
84.159.218.146 - - [07/Dec/2014:22:12:01 +0100] "GET /templates/img/points.gif HTTP/1.1" 200 62 "http://www.quartier-bb.de/templates/default.css" "Mozilla/5.0 (Windows NT 6.3; WOW64) AppleWebKit/537.36 (KHTML, like Gecko) Chrome/39.0.2171.71 Safari/537.36"
84.159.218.146 - - [07/Dec/2014:22:12:01 +0100] "GET /templates/img/nav.gif HTTP/1.1" 200 1501 "http://www.quartier-bb.de/templates/default.css" "Mozilla/5.0 (Windows NT 6.3; WOW64) AppleWebKit/537.36 (KHTML, like Gecko) Chrome/39.0.2171.71 Safari/537.36"
84.159.218.146 - - [07/Dec/2014:22:12:01 +0100] "GET /templates/img/two-columns.gif HTTP/1.1" 200 65 "http://www.quartier-bb.de/templates/default.css" "Mozilla/5.0 (Windows NT 6.3; WOW64) AppleWebKit/537.36 (KHTML, like Gecko) Chrome/39.0.2171.71 Safari/537.36"
84.159.218.146 - - [07/Dec/2014:22:12:01 +0100] "GET /templates/img/circle.png HTTP/1.1" 200 194 "http://www.quartier-bb.de/templates/default.css" "Mozilla/5.0 (Windows NT 6.3; WOW64) AppleWebKit/537.36 (KHTML, like Gecko) Chrome/39.0.2171.71 Safari/537.36"
84.159.218.146 - - [07/Dec/2014:22:12:01 +0100] "GET /templates/img/bg.jpg HTTP/1.1" 200 18814 "http://www.quartier-bb.de/templates/default.css" "Mozilla/5.0 (Windows NT 6.3; WOW64) AppleWebKit/537.36 (KHTML, like Gecko) Chrome/39.0.2171.71 Safari/537.36"
84.159.218.146 - - [07/Dec/2014:22:12:01 +0100] "GET /templates/img/header.png HTTP/1.1" 200 134243 "http://www.quartier-bb.de/templates/default.css" "Mozilla/5.0 (Windows NT 6.3; WOW64) AppleWebKit/537.36 (KHTML, like Gecko) Chrome/39.0.2171.71 Safari/537.36"
84.159.218.146 - - [07/Dec/2014:22:12:02 +0100] "GET /favicon.ico HTTP/1.1" 200 2602 "-" "Mozilla/5.0 (Windows NT 6.3; WOW64) AppleWebKit/537.36 (KHTML, like Gecko) Chrome/39.0.2171.71 Safari/537.36"
84.159.218.146 - - [07/Dec/2014:22:12:16 +0100] "GET /?kontakt,8 HTTP/1.1" 200 4607 "http://www.quartier-bb.de/" "Mozilla/5.0 (Windows NT 6.3; WOW64) AppleWebKit/537.36 (KHTML, like Gecko) Chrome/39.0.2171.71 Safari/537.36"
84.159.218.146 - - [07/Dec/2014:22:13:23 +0100] "GET / HTTP/1.1" 200 6789 "https://www.google.de/" "Mozilla/5.0 (Windows NT 6.3; WOW64) AppleWebKit/537.36 (KHTML, like Gecko) Chrome/39.0.2171.71 Safari/537.36"
84.159.218.146 - - [07/Dec/2014:22:13:27 +0100] "GET /?kontakt,8 HTTP/1.1" 200 4607 "https://www.google.de/" "Mozilla/5.0 (Windows NT 6.3; WOW64) AppleWebKit/537.36 (KHTML, like Gecko) Chrome/39.0.2171.71 Safari/537.36"
84.159.218.146 - - [07/Dec/2014:22:13:28 +0100] "GET /?kontakt,8 HTTP/1.1" 200 4607 "https://www.google.de/" "Mozilla/5.0 (Windows NT 6.3; WOW64) AppleWebKit/537.36 (KHTML, like Gecko) Chrome/39.0.2171.71 Safari/537.36"
84.159.218.146 - - [07/Dec/2014:22:13:44 +0100] "GET /?formular,41 HTTP/1.1" 302 - "http://www.quartier-bb.de/?kontakt,8" "Mozilla/5.0 (Windows NT 6.3; WOW64) AppleWebKit/537.36 (KHTML, like Gecko) Chrome/39.0.2171.71 Safari/537.36"
84.159.218.146 - - [07/Dec/2014:22:14:34 +0100] "GET / HTTP/1.1" 200 6789 "https://www.google.de/" "Mozilla/5.0 (Windows NT 6.3; WOW64) AppleWebKit/537.36 (KHTML, like Gecko) Chrome/39.0.2171.71 Safari/537.36"
84.159.218.146 - - [07/Dec/2014:22:14:39 +0100] "GET /?impressum,15 HTTP/1.1" 200 5152 "https://www.google.de/" "Mozilla/5.0 (Windows NT 6.3; WOW64) AppleWebKit/537.36 (KHTML, like Gecko) Chrome/39.0.2171.71 Safari/537.36"
66.249.78.174 - - [07/Dec/2014:22:51:47 +0100] "GET /?disclaimer,14 HTTP/1.1" 200 7677 "-" "Mozilla/5.0 (iPhone; CPU iPhone OS 6_0 like Mac OS X) AppleWebKit/536.26 (KHTML, like Gecko) Version/6.0 Mobile/10A5376e Safari/8536.25 (compatible; Googlebot/2.1; +http://www.google.com/bot.html)"
66.249.78.160 - - [07/Dec/2014:23:03:48 +0100] "GET /?unternehmen,35 HTTP/1.1" 200 5693 "-" "Mozilla/5.0 (compatible; Googlebot/2.1; +http://www.google.com/bot.html)"
176.9.40.107 - - [07/Dec/2014:23:30:21 +0100] "GET /robots.txt HTTP/1.1" 404 1256 "-" "Mozilla/5.0 (compatible; XoviBot/2.0; +http://www.xovibot.net/)"
66.249.78.174 - - [08/Dec/2014:00:58:06 +0100] "GET /?leistung,40 HTTP/1.1" 200 7044 "-" "Mozilla/5.0 (compatible; Googlebot/2.1; +http://www.google.com/bot.html)"
66.249.78.160 - - [08/Dec/2014:01:49:10 +0100] "GET /templates/plugins.css HTTP/1.1" 200 1931 "-" "Mozilla/5.0 (compatible; Googlebot/2.1; +http://www.google.com/bot.html)"
141.8.147.12 - - [08/Dec/2014:01:59:34 +0100] "GET /?14&disclaimer HTTP/1.1" 200 6789 "-" "Mozilla/5.0 (compatible; YandexBot/3.0; +http://yandex.com/bots)"
66.249.64.65 - - [08/Dec/2014:02:13:13 +0100] "GET /?unternehmen,35 HTTP/1.1" 200 5693 "-" "Mozilla/5.0 (compatible; Googlebot/2.1; +http://www.google.com/bot.html)"
66.249.78.167 - - [08/Dec/2014:03:35:35 +0100] "GET / HTTP/1.1" 200 6789 "-" "Mozilla/5.0 (compatible; Googlebot/2.1; +http://www.google.com/bot.html)"
66.249.78.167 - - [08/Dec/2014:03:59:56 +0100] "GET /templates/default.css HTTP/1.1" 200 7156 "-" "Mozilla/5.0 (compatible; Googlebot/2.1; +http://www.google.com/bot.html)"
141.8.147.12 - - [08/Dec/2014:04:18:25 +0100] "GET /?8&kontakt HTTP/1.1" 200 6789 "-" "Mozilla/5.0 (compatible; YandexBot/3.0; +http://yandex.com/bots)"
141.8.147.12 - - [08/Dec/2014:08:44:55 +0100] "GET /robots.txt HTTP/1.1" 404 1256 "-" "Mozilla/5.0 (compatible; YandexBot/3.0; +http://yandex.com/bots)"
141.8.147.12 - - [08/Dec/2014:08:44:58 +0100] "GET /?35&unternehmen HTTP/1.1" 200 6789 "-" "Mozilla/5.0 (compatible; YandexBot/3.0; +http://yandex.com/bots)"
37.120.3.124 - - [08/Dec/2014:10:58:54 +0100] "GET /?disclaimer,14 HTTP/1.1" 200 7677 "https://www.google.de/" "Mozilla/5.0 (Windows NT 6.3; WOW64) AppleWebKit/537.36 (KHTML, like Gecko) Chrome/39.0.2171.71 Safari/537.36"
37.120.3.124 - - [08/Dec/2014:10:58:56 +0100] "GET /?disclaimer,14 HTTP/1.1" 200 7677 "https://www.google.de/" "Mozilla/5.0 (Windows NT 6.3; WOW64) AppleWebKit/537.36 (KHTML, like Gecko) Chrome/39.0.2171.71 Safari/537.36"
37.120.3.124 - - [08/Dec/2014:10:58:56 +0100] "GET /core/plugins.js HTTP/1.1" 200 28 "http://www.quartier-bb.de/?disclaimer,14" "Mozilla/5.0 (Windows NT 6.3; WOW64) AppleWebKit/537.36 (KHTML, like Gecko) Chrome/39.0.2171.71 Safari/537.36"
37.120.3.124 - - [08/Dec/2014:10:58:57 +0100] "GET /favicon.ico HTTP/1.1" 200 2602 "-" "Mozilla/5.0 (Windows NT 6.3; WOW64) AppleWebKit/537.36 (KHTML, like Gecko) Chrome/39.0.2171.71 Safari/537.36"
