80.153.12.33 - - [15/Oct/2014:14:11:44 +0200] "GET /core/litebox-1.0.js HTTP/1.1" 200 15581 "http://www.quartier-bb.de/" "Mozilla/5.0 (Macintosh; Intel Mac OS X 10_9_5) AppleWebKit/600.1.17 (KHTML, like Gecko) Version/7.1 Safari/537.85.10"
80.153.12.33 - - [15/Oct/2014:14:11:44 +0200] "GET /files/top_left_basic.gif HTTP/1.1" 200 261 "http://www.quartier-bb.de/" "Mozilla/5.0 (Macintosh; Intel Mac OS X 10_9_5) AppleWebKit/600.1.17 (KHTML, like Gecko) Version/7.1 Safari/537.85.10"
80.153.12.33 - - [15/Oct/2014:14:11:44 +0200] "GET /templates/img/logo.gif HTTP/1.1" 200 3859 "http://www.quartier-bb.de/" "Mozilla/5.0 (Macintosh; Intel Mac OS X 10_9_5) AppleWebKit/600.1.17 (KHTML, like Gecko) Version/7.1 Safari/537.85.10"
80.153.12.33 - - [15/Oct/2014:14:11:44 +0200] "GET /templates/default.css HTTP/1.1" 200 7156 "http://www.quartier-bb.de/" "Mozilla/5.0 (Macintosh; Intel Mac OS X 10_9_5) AppleWebKit/600.1.17 (KHTML, like Gecko) Version/7.1 Safari/537.85.10"
80.153.12.33 - - [15/Oct/2014:14:11:44 +0200] "GET /templates/plugins.css HTTP/1.1" 200 1931 "http://www.quartier-bb.de/" "Mozilla/5.0 (Macintosh; Intel Mac OS X 10_9_5) AppleWebKit/600.1.17 (KHTML, like Gecko) Version/7.1 Safari/537.85.10"
80.153.12.33 - - [15/Oct/2014:14:11:44 +0200] "GET /templates/img/loading.gif HTTP/1.1" 200 2767 "http://www.quartier-bb.de/" "Mozilla/5.0 (Macintosh; Intel Mac OS X 10_9_5) AppleWebKit/600.1.17 (KHTML, like Gecko) Version/7.1 Safari/537.85.10"
80.153.12.33 - - [15/Oct/2014:14:11:44 +0200] "GET /templates/img/closelabel.gif HTTP/1.1" 200 649 "http://www.quartier-bb.de/" "Mozilla/5.0 (Macintosh; Intel Mac OS X 10_9_5) AppleWebKit/600.1.17 (KHTML, like Gecko) Version/7.1 Safari/537.85.10"
80.153.12.33 - - [15/Oct/2014:14:11:44 +0200] "GET /templates/img/bg.jpg HTTP/1.1" 200 18814 "http://www.quartier-bb.de/" "Mozilla/5.0 (Macintosh; Intel Mac OS X 10_9_5) AppleWebKit/600.1.17 (KHTML, like Gecko) Version/7.1 Safari/537.85.10"
80.153.12.33 - - [15/Oct/2014:14:11:44 +0200] "GET /templates/img/points.gif HTTP/1.1" 200 62 "http://www.quartier-bb.de/" "Mozilla/5.0 (Macintosh; Intel Mac OS X 10_9_5) AppleWebKit/600.1.17 (KHTML, like Gecko) Version/7.1 Safari/537.85.10"
80.153.12.33 - - [15/Oct/2014:14:11:44 +0200] "GET /templates/img/nav.gif HTTP/1.1" 200 1501 "http://www.quartier-bb.de/" "Mozilla/5.0 (Macintosh; Intel Mac OS X 10_9_5) AppleWebKit/600.1.17 (KHTML, like Gecko) Version/7.1 Safari/537.85.10"
80.153.12.33 - - [15/Oct/2014:14:11:44 +0200] "GET /templates/img/two-columns.gif HTTP/1.1" 200 65 "http://www.quartier-bb.de/" "Mozilla/5.0 (Macintosh; Intel Mac OS X 10_9_5) AppleWebKit/600.1.17 (KHTML, like Gecko) Version/7.1 Safari/537.85.10"
80.153.12.33 - - [15/Oct/2014:14:11:44 +0200] "GET /templates/img/circle.png HTTP/1.1" 200 194 "http://www.quartier-bb.de/" "Mozilla/5.0 (Macintosh; Intel Mac OS X 10_9_5) AppleWebKit/600.1.17 (KHTML, like Gecko) Version/7.1 Safari/537.85.10"
80.153.12.33 - - [15/Oct/2014:14:11:44 +0200] "GET /templates/img/header.png HTTP/1.1" 200 134243 "http://www.quartier-bb.de/" "Mozilla/5.0 (Macintosh; Intel Mac OS X 10_9_5) AppleWebKit/600.1.17 (KHTML, like Gecko) Version/7.1 Safari/537.85.10"
80.153.12.33 - - [15/Oct/2014:14:11:45 +0200] "GET /favicon.ico HTTP/1.1" 200 2602 "http://www.quartier-bb.de/" "Mozilla/5.0 (Macintosh; Intel Mac OS X 10_9_5) AppleWebKit/600.1.17 (KHTML, like Gecko) Version/7.1 Safari/537.85.10"
80.153.12.33 - - [15/Oct/2014:14:11:47 +0200] "GET /?kontakt,8 HTTP/1.1" 200 4607 "http://www.quartier-bb.de/" "Mozilla/5.0 (Macintosh; Intel Mac OS X 10_9_5) AppleWebKit/600.1.17 (KHTML, like Gecko) Version/7.1 Safari/537.85.10"
80.153.12.33 - - [15/Oct/2014:14:11:53 +0200] "GET /?unternehmen,35 HTTP/1.1" 200 5693 "http://www.quartier-bb.de/?kontakt,8" "Mozilla/5.0 (Macintosh; Intel Mac OS X 10_9_5) AppleWebKit/600.1.17 (KHTML, like Gecko) Version/7.1 Safari/537.85.10"
80.153.12.33 - - [15/Oct/2014:14:11:55 +0200] "GET /?leistung,40 HTTP/1.1" 200 7044 "http://www.quartier-bb.de/?unternehmen,35" "Mozilla/5.0 (Macintosh; Intel Mac OS X 10_9_5) AppleWebKit/600.1.17 (KHTML, like Gecko) Version/7.1 Safari/537.85.10"
80.153.12.33 - - [15/Oct/2014:14:11:56 +0200] "GET /?home,1 HTTP/1.1" 200 6789 "http://www.quartier-bb.de/?leistung,40" "Mozilla/5.0 (Macintosh; Intel Mac OS X 10_9_5) AppleWebKit/600.1.17 (KHTML, like Gecko) Version/7.1 Safari/537.85.10"
80.153.12.33 - - [15/Oct/2014:14:12:00 +0200] "GET /?disclaimer,14 HTTP/1.1" 200 7677 "http://www.quartier-bb.de/?home,1" "Mozilla/5.0 (Macintosh; Intel Mac OS X 10_9_5) AppleWebKit/600.1.17 (KHTML, like Gecko) Version/7.1 Safari/537.85.10"
80.153.12.33 - - [15/Oct/2014:14:12:03 +0200] "GET /?impressum,15 HTTP/1.1" 200 5152 "http://www.quartier-bb.de/?disclaimer,14" "Mozilla/5.0 (Macintosh; Intel Mac OS X 10_9_5) AppleWebKit/600.1.17 (KHTML, like Gecko) Version/7.1 Safari/537.85.10"
178.0.55.231 - - [15/Oct/2014:14:28:38 +0200] "GET /favicon.ico HTTP/1.1" 200 2602 "-" "Mozilla/4.0 (compatible; MSIE 7.0; Windows NT 6.1; Trident/7.0; SLCC2; .NET CLR 2.0.50727; .NET CLR 3.5.30729; .NET CLR 3.0.30729; Media Center PC 6.0; MAMD; Media Center PC 5.0; OfficeLiveConnector.1.4; OfficeLivePatch.1.3; SLCC1; .NET4.0C; .NET4.0E)"
141.8.147.12 - - [15/Oct/2014:14:32:54 +0200] "GET /?41&formular HTTP/1.1" 200 6789 "-" "Mozilla/5.0 (compatible; YandexBot/3.0; +http://yandex.com/bots)"
141.8.147.12 - - [15/Oct/2014:14:32:57 +0200] "GET /?8&kontakt HTTP/1.1" 200 6789 "-" "Mozilla/5.0 (compatible; YandexBot/3.0; +http://yandex.com/bots)"
141.8.147.12 - - [15/Oct/2014:14:32:59 +0200] "GET /?35&unternehmen HTTP/1.1" 200 6789 "-" "Mozilla/5.0 (compatible; YandexBot/3.0; +http://yandex.com/bots)"
141.8.147.12 - - [15/Oct/2014:14:36:33 +0200] "GET /?40&leistung HTTP/1.1" 200 6789 "-" "Mozilla/5.0 (compatible; YandexBot/3.0; +http://yandex.com/bots)"
80.187.114.53 - - [15/Oct/2014:20:27:46 +0200] "GET / HTTP/1.1" 200 6789 "https://www.google.de/" "Mozilla/5.0 (iPhone; CPU iPhone OS 7_1 like Mac OS X) AppleWebKit/537.51.2 (KHTML, like Gecko) Version/7.0 Mobile/11D167 Safari/9537.53"
80.187.114.53 - - [15/Oct/2014:20:27:48 +0200] "GET /templates/default.css HTTP/1.1" 200 7156 "http://www.quartier-bb.de/" "Mozilla/5.0 (iPhone; CPU iPhone OS 7_1 like Mac OS X) AppleWebKit/537.51.2 (KHTML, like Gecko) Version/7.0 Mobile/11D167 Safari/9537.53"
80.187.114.53 - - [15/Oct/2014:20:27:50 +0200] "GET /core/common.js HTTP/1.1" 200 2364 "http://www.quartier-bb.de/" "Mozilla/5.0 (iPhone; CPU iPhone OS 7_1 like Mac OS X) AppleWebKit/537.51.2 (KHTML, like Gecko) Version/7.0 Mobile/11D167 Safari/9537.53"
80.187.114.53 - - [15/Oct/2014:20:27:51 +0200] "GET /core/litebox-1.0.js HTTP/1.1" 200 15581 "http://www.quartier-bb.de/" "Mozilla/5.0 (iPhone; CPU iPhone OS 7_1 like Mac OS X) AppleWebKit/537.51.2 (KHTML, like Gecko) Version/7.0 Mobile/11D167 Safari/9537.53"
80.187.114.53 - - [15/Oct/2014:20:27:51 +0200] "GET /core/prototype.lite.js HTTP/1.1" 200 3335 "http://www.quartier-bb.de/" "Mozilla/5.0 (iPhone; CPU iPhone OS 7_1 like Mac OS X) AppleWebKit/537.51.2 (KHTML, like Gecko) Version/7.0 Mobile/11D167 Safari/9537.53"
80.187.114.53 - - [15/Oct/2014:20:27:51 +0200] "GET /core/moo.fx.js HTTP/1.1" 200 3267 "http://www.quartier-bb.de/" "Mozilla/5.0 (iPhone; CPU iPhone OS 7_1 like Mac OS X) AppleWebKit/537.51.2 (KHTML, like Gecko) Version/7.0 Mobile/11D167 Safari/9537.53"
80.187.114.53 - - [15/Oct/2014:20:27:51 +0200] "GET /core/plugins.js HTTP/1.1" 200 28 "http://www.quartier-bb.de/" "Mozilla/5.0 (iPhone; CPU iPhone OS 7_1 like Mac OS X) AppleWebKit/537.51.2 (KHTML, like Gecko) Version/7.0 Mobile/11D167 Safari/9537.53"
80.187.114.53 - - [15/Oct/2014:20:27:57 +0200] "GET /templates/img/logo.gif HTTP/1.1" 200 3859 "http://www.quartier-bb.de/" "Mozilla/5.0 (iPhone; CPU iPhone OS 7_1 like Mac OS X) AppleWebKit/537.51.2 (KHTML, like Gecko) Version/7.0 Mobile/11D167 Safari/9537.53"
80.187.114.53 - - [15/Oct/2014:20:27:58 +0200] "GET /templates/plugins.css HTTP/1.1" 200 1931 "http://www.quartier-bb.de/" "Mozilla/5.0 (iPhone; CPU iPhone OS 7_1 like Mac OS X) AppleWebKit/537.51.2 (KHTML, like Gecko) Version/7.0 Mobile/11D167 Safari/9537.53"
80.187.114.53 - - [15/Oct/2014:20:27:58 +0200] "GET /files/top_left_basic.gif HTTP/1.1" 200 261 "http://www.quartier-bb.de/" "Mozilla/5.0 (iPhone; CPU iPhone OS 7_1 like Mac OS X) AppleWebKit/537.51.2 (KHTML, like Gecko) Version/7.0 Mobile/11D167 Safari/9537.53"
80.187.114.53 - - [15/Oct/2014:20:27:59 +0200] "GET /templates/img/bg.jpg HTTP/1.1" 200 18814 "http://www.quartier-bb.de/" "Mozilla/5.0 (iPhone; CPU iPhone OS 7_1 like Mac OS X) AppleWebKit/537.51.2 (KHTML, like Gecko) Version/7.0 Mobile/11D167 Safari/9537.53"
80.187.114.53 - - [15/Oct/2014:20:27:59 +0200] "GET /templates/img/points.gif HTTP/1.1" 200 62 "http://www.quartier-bb.de/" "Mozilla/5.0 (iPhone; CPU iPhone OS 7_1 like Mac OS X) AppleWebKit/537.51.2 (KHTML, like Gecko) Version/7.0 Mobile/11D167 Safari/9537.53"
80.187.114.53 - - [15/Oct/2014:20:27:59 +0200] "GET /templates/img/header.png HTTP/1.1" 200 134243 "http://www.quartier-bb.de/" "Mozilla/5.0 (iPhone; CPU iPhone OS 7_1 like Mac OS X) AppleWebKit/537.51.2 (KHTML, like Gecko) Version/7.0 Mobile/11D167 Safari/9537.53"
80.187.114.53 - - [15/Oct/2014:20:28:02 +0200] "GET /templates/img/circle.png HTTP/1.1" 200 194 "http://www.quartier-bb.de/" "Mozilla/5.0 (iPhone; CPU iPhone OS 7_1 like Mac OS X) AppleWebKit/537.51.2 (KHTML, like Gecko) Version/7.0 Mobile/11D167 Safari/9537.53"
80.187.114.53 - - [15/Oct/2014:20:28:02 +0200] "GET /templates/img/nav.gif HTTP/1.1" 200 1501 "http://www.quartier-bb.de/" "Mozilla/5.0 (iPhone; CPU iPhone OS 7_1 like Mac OS X) AppleWebKit/537.51.2 (KHTML, like Gecko) Version/7.0 Mobile/11D167 Safari/9537.53"
80.187.114.53 - - [15/Oct/2014:20:28:03 +0200] "GET /templates/img/two-columns.gif HTTP/1.1" 200 65 "http://www.quartier-bb.de/" "Mozilla/5.0 (iPhone; CPU iPhone OS 7_1 like Mac OS X) AppleWebKit/537.51.2 (KHTML, like Gecko) Version/7.0 Mobile/11D167 Safari/9537.53"
209.249.5.245 - - [15/Oct/2014:20:51:47 +0200] "GET /robots.txt HTTP/1.1" 404 1256 "-" "rogerbot/1.0 (http://moz.com/help/pro/what-is-rogerbot-, rogerbot-wherecat@moz.com)"
209.249.5.245 - - [15/Oct/2014:20:51:47 +0200] "GET / HTTP/1.1" 200 6789 "-" "rogerbot/1.0 (http://moz.com/help/pro/what-is-rogerbot-, rogerbot-wherecat@moz.com)"
209.249.5.245 - - [15/Oct/2014:20:51:49 +0200] "GET /?kontakt,8 HTTP/1.1" 200 4607 "-" "rogerbot/1.0 (http://moz.com/help/pro/what-is-rogerbot-, rogerbot-wherecat@moz.com)"
209.249.5.245 - - [15/Oct/2014:20:51:52 +0200] "GET /?unternehmen,35 HTTP/1.1" 200 5693 "-" "rogerbot/1.0 (http://moz.com/help/pro/what-is-rogerbot-, rogerbot-wherecat@moz.com)"
209.249.5.245 - - [15/Oct/2014:20:51:54 +0200] "GET /?leistung,40 HTTP/1.1" 200 7044 "-" "rogerbot/1.0 (http://moz.com/help/pro/what-is-rogerbot-, rogerbot-wherecat@moz.com)"
209.249.5.245 - - [15/Oct/2014:20:51:56 +0200] "GET /?impressum,15 HTTP/1.1" 200 5152 "-" "rogerbot/1.0 (http://moz.com/help/pro/what-is-rogerbot-, rogerbot-wherecat@moz.com)"
141.8.147.12 - - [16/Oct/2014:00:04:04 +0200] "GET /robots.txt HTTP/1.1" 404 1256 "-" "Mozilla/5.0 (compatible; YandexBot/3.0; +http://yandex.com/bots)"
141.8.147.12 - - [16/Oct/2014:00:04:08 +0200] "GET / HTTP/1.1" 200 6789 "-" "Mozilla/5.0 (compatible; YandexBot/3.0; +http://yandex.com/bots)"
66.249.78.159 - - [16/Oct/2014:02:53:47 +0200] "GET /robots.txt HTTP/1.1" 404 1256 "-" "Mozilla/5.0 (compatible; Googlebot/2.1; +http://www.google.com/bot.html)"
85.114.139.54 - - [16/Oct/2014:03:10:40 +0200] "GET /robots.txt HTTP/1.1" 404 1256 "-" "Mozilla/5.0 (compatible; publiclibraryarchive.org/1.0; +crawl@publiclibraryarchive.org)"
85.114.139.54 - - [16/Oct/2014:03:10:48 +0200] "GET / HTTP/1.1" 200 6789 "-" "Mozilla/5.0 (compatible; publiclibraryarchive.org/1.0; +crawl@publiclibraryarchive.org)"
66.249.78.173 - - [16/Oct/2014:03:18:22 +0200] "GET / HTTP/1.1" 200 6789 "-" "SAMSUNG-SGH-E250/1.0 Profile/MIDP-2.0 Configuration/CLDC-1.1 UP.Browser/6.2.3.3.c.1.101 (GUI) MMP/2.0 (compatible; Googlebot-Mobile/2.1; +http://www.google.com/bot.html)"
207.46.13.100 - - [16/Oct/2014:04:20:17 +0200] "GET /robots.txt HTTP/1.1" 404 1256 "-" "Mozilla/5.0 (compatible; bingbot/2.0; +http://www.bing.com/bingbot.htm)"
207.46.13.100 - - [16/Oct/2014:04:20:22 +0200] "GET / HTTP/1.1" 200 6789 "-" "Mozilla/5.0 (compatible; bingbot/2.0; +http://www.bing.com/bingbot.htm)"
66.249.78.159 - - [16/Oct/2014:06:42:55 +0200] "GET / HTTP/1.1" 200 6789 "-" "Mozilla/5.0 (compatible; Googlebot/2.1; +http://www.google.com/bot.html)"
66.249.78.166 - - [16/Oct/2014:14:49:38 +0200] "GET / HTTP/1.1" 200 6789 "-" "Mozilla/5.0 (iPhone; CPU iPhone OS 6_0 like Mac OS X) AppleWebKit/536.26 (KHTML, like Gecko) Version/6.0 Mobile/10A5376e Safari/8536.25 (compatible; Googlebot/2.1; +http://www.google.com/bot.html)"
66.249.78.166 - - [16/Oct/2014:15:20:40 +0200] "GET /robots.txt HTTP/1.1" 404 1256 "-" "Mozilla/5.0 (compatible; Googlebot/2.1; +http://www.google.com/bot.html)"
85.114.139.54 - - [16/Oct/2014:20:43:45 +0200] "GET /robots.txt HTTP/1.1" 404 1256 "-" "Mozilla/5.0 (compatible; publiclibraryarchive.org/1.0; +crawl@publiclibraryarchive.org)"
85.114.139.54 - - [16/Oct/2014:20:43:46 +0200] "GET /files/top_left_basic.gif HTTP/1.1" 200 261 "-" "Mozilla/5.0 (compatible; publiclibraryarchive.org/1.0; +crawl@publiclibraryarchive.org)"
157.55.39.81 - - [16/Oct/2014:20:50:44 +0200] "GET /robots.txt HTTP/1.1" 404 1256 "-" "Mozilla/5.0 (compatible; bingbot/2.0; +http://www.bing.com/bingbot.htm)"
157.55.39.81 - - [16/Oct/2014:20:51:09 +0200] "GET / HTTP/1.1" 200 6789 "-" "Mozilla/5.0 (compatible; bingbot/2.0; +http://www.bing.com/bingbot.htm)"
66.249.78.166 - - [16/Oct/2014:21:12:35 +0200] "GET /templates/plugins.css HTTP/1.1" 200 1931 "-" "Mozilla/5.0 (compatible; Googlebot/2.1; +http://www.google.com/bot.html)"
66.249.78.166 - - [16/Oct/2014:21:12:36 +0200] "GET /templates/default.css HTTP/1.1" 200 7156 "-" "Mozilla/5.0 (compatible; Googlebot/2.1; +http://www.google.com/bot.html)"
66.249.78.173 - - [16/Oct/2014:22:32:03 +0200] "GET /?kontakt,8 HTTP/1.1" 200 4607 "-" "Mozilla/5.0 (iPhone; CPU iPhone OS 6_0 like Mac OS X) AppleWebKit/536.26 (KHTML, like Gecko) Version/6.0 Mobile/10A5376e Safari/8536.25 (compatible; Googlebot/2.1; +http://www.google.com/bot.html)"
178.255.215.74 - - [16/Oct/2014:23:17:42 +0200] "GET /robots.txt HTTP/1.1" 404 1256 "-" "Mozilla/5.0 (compatible; Exabot/3.0; +http://www.exabot.com/go/robot)"
178.255.215.74 - - [16/Oct/2014:23:17:42 +0200] "GET / HTTP/1.1" 200 6789 "-" "Mozilla/5.0 (compatible; Exabot/3.0; +http://www.exabot.com/go/robot)"
141.8.147.12 - - [17/Oct/2014:02:31:44 +0200] "GET /robots.txt HTTP/1.1" 404 1256 "-" "Mozilla/5.0 (compatible; YandexBot/3.0; +http://yandex.com/bots)"
78.158.11.226 - - [17/Oct/2014:03:50:50 +0200] "GET / HTTP/1.0" 200 6789 "http://www.google.com/url?sa=t&rct=j&q=www.quartier-bb.de&source=web&cd=5&ved=0CF0QFjAE&url=http:%2F%2Fwww.quartier-bb.de%2F&cad=rja" "Lynx/2.8.5rel.1 libwww-FM/2.15FC SSL-MM/1.4.1c OpenSSL/0.9.7e-dev"
78.158.11.226 - - [17/Oct/2014:03:50:51 +0200] "GET /?kontakt,8 HTTP/1.0" 200 4607 "http://www.quartier-bb.de/" "Lynx/2.8.5rel.1 libwww-FM/2.15FC SSL-MM/1.4.1c OpenSSL/0.9.7e-dev"
78.158.11.226 - - [17/Oct/2014:03:50:51 +0200] "GET /?impressum,15 HTTP/1.0" 200 5152 "http://www.quartier-bb.de/" "Lynx/2.8.5rel.1 libwww-FM/2.15FC SSL-MM/1.4.1c OpenSSL/0.9.7e-dev"
141.8.147.12 - - [17/Oct/2014:04:46:46 +0200] "GET /?41&formular HTTP/1.1" 200 6789 "-" "Mozilla/5.0 (compatible; YandexBot/3.0; +http://yandex.com/bots)"
141.8.147.12 - - [17/Oct/2014:04:46:49 +0200] "GET /?40&leistung HTTP/1.1" 200 6789 "-" "Mozilla/5.0 (compatible; YandexBot/3.0; +http://yandex.com/bots)"
141.8.147.12 - - [17/Oct/2014:04:46:51 +0200] "GET /?35&unternehmen HTTP/1.1" 200 6789 "-" "Mozilla/5.0 (compatible; YandexBot/3.0; +http://yandex.com/bots)"
141.8.147.12 - - [17/Oct/2014:04:46:53 +0200] "GET /?8&kontakt HTTP/1.1" 200 6789 "-" "Mozilla/5.0 (compatible; YandexBot/3.0; +http://yandex.com/bots)"
66.249.64.57 - - [17/Oct/2014:06:18:55 +0200] "GET /robots.txt HTTP/1.1" 404 1256 "-" "Mozilla/5.0 (compatible; Googlebot/2.1; +http://www.google.com/bot.html)"
66.249.78.159 - - [17/Oct/2014:06:18:55 +0200] "GET /?unternehmen,35 HTTP/1.1" 200 5693 "-" "Mozilla/5.0 (iPhone; CPU iPhone OS 6_0 like Mac OS X) AppleWebKit/536.26 (KHTML, like Gecko) Version/6.0 Mobile/10A5376e Safari/8536.25 (compatible; Googlebot/2.1; +http://www.google.com/bot.html)"
66.249.78.159 - - [17/Oct/2014:07:08:36 +0200] "GET /?impressum,15 HTTP/1.1" 200 5152 "-" "Mozilla/5.0 (iPhone; CPU iPhone OS 6_0 like Mac OS X) AppleWebKit/536.26 (KHTML, like Gecko) Version/6.0 Mobile/10A5376e Safari/8536.25 (compatible; Googlebot/2.1; +http://www.google.com/bot.html)"
157.55.39.81 - - [17/Oct/2014:12:11:25 +0200] "GET /robots.txt HTTP/1.1" 404 1256 "-" "Mozilla/5.0 (compatible; bingbot/2.0; +http://www.bing.com/bingbot.htm)"
157.55.39.81 - - [17/Oct/2014:12:11:38 +0200] "GET / HTTP/1.1" 200 6789 "-" "Mozilla/5.0 (compatible; bingbot/2.0; +http://www.bing.com/bingbot.htm)"
199.58.86.209 - - [17/Oct/2014:12:33:11 +0200] "GET /robots.txt HTTP/1.0" 404 1256 "-" "Mozilla/5.0 (compatible; MJ12bot/v1.4.5; http://www.majestic12.co.uk/bot.php?+)"
199.58.86.209 - - [17/Oct/2014:12:33:12 +0200] "GET / HTTP/1.0" 200 6789 "-" "Mozilla/5.0 (compatible; MJ12bot/v1.4.5; http://www.majestic12.co.uk/bot.php?+)"
66.249.78.166 - - [17/Oct/2014:12:40:26 +0200] "GET / HTTP/1.1" 200 6789 "-" "SAMSUNG-SGH-E250/1.0 Profile/MIDP-2.0 Configuration/CLDC-1.1 UP.Browser/6.2.3.3.c.1.101 (GUI) MMP/2.0 (compatible; Googlebot-Mobile/2.1; +http://www.google.com/bot.html)"
85.114.139.54 - - [17/Oct/2014:14:34:09 +0200] "GET /robots.txt HTTP/1.1" 404 1256 "-" "Mozilla/5.0 (compatible; publiclibraryarchive.org/1.0; +crawl@publiclibraryarchive.org)"
85.114.139.54 - - [17/Oct/2014:14:34:11 +0200] "GET /?unternehmen,35 HTTP/1.1" 200 5693 "-" "Mozilla/5.0 (compatible; publiclibraryarchive.org/1.0; +crawl@publiclibraryarchive.org)"
85.114.139.54 - - [17/Oct/2014:14:56:24 +0200] "GET /?kontakt,8 HTTP/1.1" 200 4607 "-" "Mozilla/5.0 (compatible; publiclibraryarchive.org/1.0; +crawl@publiclibraryarchive.org)"
178.255.215.74 - - [17/Oct/2014:15:14:59 +0200] "GET /?formular,41 HTTP/1.1" 302 - "-" "Mozilla/5.0 (compatible; Exabot/3.0; +http://www.exabot.com/go/robot)"
85.114.139.54 - - [17/Oct/2014:15:16:43 +0200] "GET /robots.txt HTTP/1.1" 404 1256 "-" "Mozilla/5.0 (compatible; publiclibraryarchive.org/1.0; +crawl@publiclibraryarchive.org)"
85.114.139.54 - - [17/Oct/2014:15:24:52 +0200] "GET /robots.txt HTTP/1.1" 404 1256 "-" "Mozilla/5.0 (compatible; publiclibraryarchive.org/1.0; +crawl@publiclibraryarchive.org)"
85.114.139.54 - - [17/Oct/2014:15:24:56 +0200] "GET /?disclaimer,14 HTTP/1.1" 200 7677 "-" "Mozilla/5.0 (compatible; publiclibraryarchive.org/1.0; +crawl@publiclibraryarchive.org)"
85.114.139.54 - - [17/Oct/2014:16:00:57 +0200] "GET /robots.txt HTTP/1.1" 404 1256 "-" "Mozilla/5.0 (compatible; publiclibraryarchive.org/1.0; +crawl@publiclibraryarchive.org)"
85.114.139.54 - - [17/Oct/2014:16:00:58 +0200] "GET /?home,1 HTTP/1.1" 200 6789 "-" "Mozilla/5.0 (compatible; publiclibraryarchive.org/1.0; +crawl@publiclibraryarchive.org)"
212.232.24.2 - - [17/Oct/2014:16:28:56 +0200] "GET /robots.txt HTTP/1.1" 404 1256 "-" "betaBot"
212.232.24.2 - - [17/Oct/2014:16:28:56 +0200] "GET / HTTP/1.1" 200 6789 "-" "betaBot"
91.66.91.100 - - [17/Oct/2014:17:19:36 +0200] "GET / HTTP/1.1" 200 6789 "http://www.besch-rent.de/infos.html" "Mozilla/5.0 (Macintosh; Intel Mac OS X 10_9_5) AppleWebKit/600.1.17 (KHTML, like Gecko) Version/7.1 Safari/537.85.10"
91.66.91.100 - - [17/Oct/2014:17:19:36 +0200] "GET /core/common.js HTTP/1.1" 200 2364 "http://www.quartier-bb.de/" "Mozilla/5.0 (Macintosh; Intel Mac OS X 10_9_5) AppleWebKit/600.1.17 (KHTML, like Gecko) Version/7.1 Safari/537.85.10"
91.66.91.100 - - [17/Oct/2014:17:19:36 +0200] "GET /core/prototype.lite.js HTTP/1.1" 200 3335 "http://www.quartier-bb.de/" "Mozilla/5.0 (Macintosh; Intel Mac OS X 10_9_5) AppleWebKit/600.1.17 (KHTML, like Gecko) Version/7.1 Safari/537.85.10"
91.66.91.100 - - [17/Oct/2014:17:19:36 +0200] "GET /core/moo.fx.js HTTP/1.1" 200 3267 "http://www.quartier-bb.de/" "Mozilla/5.0 (Macintosh; Intel Mac OS X 10_9_5) AppleWebKit/600.1.17 (KHTML, like Gecko) Version/7.1 Safari/537.85.10"
91.66.91.100 - - [17/Oct/2014:17:19:36 +0200] "GET /core/plugins.js HTTP/1.1" 200 28 "http://www.quartier-bb.de/" "Mozilla/5.0 (Macintosh; Intel Mac OS X 10_9_5) AppleWebKit/600.1.17 (KHTML, like Gecko) Version/7.1 Safari/537.85.10"
91.66.91.100 - - [17/Oct/2014:17:19:36 +0200] "GET /templates/default.css HTTP/1.1" 200 7156 "http://www.quartier-bb.de/" "Mozilla/5.0 (Macintosh; Intel Mac OS X 10_9_5) AppleWebKit/600.1.17 (KHTML, like Gecko) Version/7.1 Safari/537.85.10"
91.66.91.100 - - [17/Oct/2014:17:19:36 +0200] "GET /core/litebox-1.0.js HTTP/1.1" 200 15581 "http://www.quartier-bb.de/" "Mozilla/5.0 (Macintosh; Intel Mac OS X 10_9_5) AppleWebKit/600.1.17 (KHTML, like Gecko) Version/7.1 Safari/537.85.10"
91.66.91.100 - - [17/Oct/2014:17:19:36 +0200] "GET /templates/img/logo.gif HTTP/1.1" 200 3859 "http://www.quartier-bb.de/" "Mozilla/5.0 (Macintosh; Intel Mac OS X 10_9_5) AppleWebKit/600.1.17 (KHTML, like Gecko) Version/7.1 Safari/537.85.10"
91.66.91.100 - - [17/Oct/2014:17:19:36 +0200] "GET /files/top_left_basic.gif HTTP/1.1" 200 261 "http://www.quartier-bb.de/" "Mozilla/5.0 (Macintosh; Intel Mac OS X 10_9_5) AppleWebKit/600.1.17 (KHTML, like Gecko) Version/7.1 Safari/537.85.10"
91.66.91.100 - - [17/Oct/2014:17:19:36 +0200] "GET /templates/plugins.css HTTP/1.1" 200 1931 "http://www.quartier-bb.de/" "Mozilla/5.0 (Macintosh; Intel Mac OS X 10_9_5) AppleWebKit/600.1.17 (KHTML, like Gecko) Version/7.1 Safari/537.85.10"
91.66.91.100 - - [17/Oct/2014:17:19:36 +0200] "GET /templates/img/loading.gif HTTP/1.1" 200 2767 "http://www.quartier-bb.de/" "Mozilla/5.0 (Macintosh; Intel Mac OS X 10_9_5) AppleWebKit/600.1.17 (KHTML, like Gecko) Version/7.1 Safari/537.85.10"
91.66.91.100 - - [17/Oct/2014:17:19:36 +0200] "GET /templates/img/closelabel.gif HTTP/1.1" 200 649 "http://www.quartier-bb.de/" "Mozilla/5.0 (Macintosh; Intel Mac OS X 10_9_5) AppleWebKit/600.1.17 (KHTML, like Gecko) Version/7.1 Safari/537.85.10"
91.66.91.100 - - [17/Oct/2014:17:19:36 +0200] "GET /templates/img/bg.jpg HTTP/1.1" 200 18814 "http://www.quartier-bb.de/" "Mozilla/5.0 (Macintosh; Intel Mac OS X 10_9_5) AppleWebKit/600.1.17 (KHTML, like Gecko) Version/7.1 Safari/537.85.10"
91.66.91.100 - - [17/Oct/2014:17:19:36 +0200] "GET /templates/img/nav.gif HTTP/1.1" 200 1501 "http://www.quartier-bb.de/" "Mozilla/5.0 (Macintosh; Intel Mac OS X 10_9_5) AppleWebKit/600.1.17 (KHTML, like Gecko) Version/7.1 Safari/537.85.10"
91.66.91.100 - - [17/Oct/2014:17:19:36 +0200] "GET /templates/img/points.gif HTTP/1.1" 200 62 "http://www.quartier-bb.de/" "Mozilla/5.0 (Macintosh; Intel Mac OS X 10_9_5) AppleWebKit/600.1.17 (KHTML, like Gecko) Version/7.1 Safari/537.85.10"
91.66.91.100 - - [17/Oct/2014:17:19:36 +0200] "GET /templates/img/two-columns.gif HTTP/1.1" 200 65 "http://www.quartier-bb.de/" "Mozilla/5.0 (Macintosh; Intel Mac OS X 10_9_5) AppleWebKit/600.1.17 (KHTML, like Gecko) Version/7.1 Safari/537.85.10"
91.66.91.100 - - [17/Oct/2014:17:19:36 +0200] "GET /templates/img/circle.png HTTP/1.1" 200 194 "http://www.quartier-bb.de/" "Mozilla/5.0 (Macintosh; Intel Mac OS X 10_9_5) AppleWebKit/600.1.17 (KHTML, like Gecko) Version/7.1 Safari/537.85.10"
91.66.91.100 - - [17/Oct/2014:17:19:36 +0200] "GET /templates/img/header.png HTTP/1.1" 200 134243 "http://www.quartier-bb.de/" "Mozilla/5.0 (Macintosh; Intel Mac OS X 10_9_5) AppleWebKit/600.1.17 (KHTML, like Gecko) Version/7.1 Safari/537.85.10"
91.66.91.100 - - [17/Oct/2014:17:19:44 +0200] "GET /?unternehmen,35 HTTP/1.1" 200 5693 "http://www.quartier-bb.de/" "Mozilla/5.0 (Macintosh; Intel Mac OS X 10_9_5) AppleWebKit/600.1.17 (KHTML, like Gecko) Version/7.1 Safari/537.85.10"
91.66.91.100 - - [17/Oct/2014:17:19:49 +0200] "GET /?unternehmen,35 HTTP/1.1" 200 5693 "http://www.quartier-bb.de/?unternehmen,35" "Mozilla/5.0 (Macintosh; Intel Mac OS X 10_9_5) AppleWebKit/600.1.17 (KHTML, like Gecko) Version/7.1 Safari/537.85.10"
91.66.91.100 - - [17/Oct/2014:17:19:54 +0200] "GET /?impressum,15 HTTP/1.1" 200 5152 "http://www.quartier-bb.de/?unternehmen,35" "Mozilla/5.0 (Macintosh; Intel Mac OS X 10_9_5) AppleWebKit/600.1.17 (KHTML, like Gecko) Version/7.1 Safari/537.85.10"
91.66.91.100 - - [17/Oct/2014:17:20:09 +0200] "GET /?leistung,40 HTTP/1.1" 200 7044 "http://www.quartier-bb.de/?impressum,15" "Mozilla/5.0 (Macintosh; Intel Mac OS X 10_9_5) AppleWebKit/600.1.17 (KHTML, like Gecko) Version/7.1 Safari/537.85.10"
91.66.91.100 - - [17/Oct/2014:17:20:18 +0200] "GET /?home,1 HTTP/1.1" 200 6789 "http://www.quartier-bb.de/?leistung,40" "Mozilla/5.0 (Macintosh; Intel Mac OS X 10_9_5) AppleWebKit/600.1.17 (KHTML, like Gecko) Version/7.1 Safari/537.85.10"
91.7.104.142 - - [17/Oct/2014:19:46:36 +0200] "GET / HTTP/1.1" 200 6789 "https://www.google.de/" "Mozilla/5.0 (Windows NT 6.2; WOW64) AppleWebKit/537.36 (KHTML, like Gecko) Chrome/38.0.2125.104 Safari/537.36"
91.7.104.142 - - [17/Oct/2014:19:46:36 +0200] "GET /templates/default.css HTTP/1.1" 200 7156 "http://www.quartier-bb.de/" "Mozilla/5.0 (Windows NT 6.2; WOW64) AppleWebKit/537.36 (KHTML, like Gecko) Chrome/38.0.2125.104 Safari/537.36"
91.7.104.142 - - [17/Oct/2014:19:46:36 +0200] "GET /core/common.js HTTP/1.1" 200 2364 "http://www.quartier-bb.de/" "Mozilla/5.0 (Windows NT 6.2; WOW64) AppleWebKit/537.36 (KHTML, like Gecko) Chrome/38.0.2125.104 Safari/537.36"
91.7.104.142 - - [17/Oct/2014:19:46:36 +0200] "GET /core/plugins.js HTTP/1.1" 200 28 "http://www.quartier-bb.de/" "Mozilla/5.0 (Windows NT 6.2; WOW64) AppleWebKit/537.36 (KHTML, like Gecko) Chrome/38.0.2125.104 Safari/537.36"
91.7.104.142 - - [17/Oct/2014:19:46:36 +0200] "GET /core/moo.fx.js HTTP/1.1" 200 3267 "http://www.quartier-bb.de/" "Mozilla/5.0 (Windows NT 6.2; WOW64) AppleWebKit/537.36 (KHTML, like Gecko) Chrome/38.0.2125.104 Safari/537.36"
91.7.104.142 - - [17/Oct/2014:19:46:36 +0200] "GET /core/litebox-1.0.js HTTP/1.1" 200 15581 "http://www.quartier-bb.de/" "Mozilla/5.0 (Windows NT 6.2; WOW64) AppleWebKit/537.36 (KHTML, like Gecko) Chrome/38.0.2125.104 Safari/537.36"
91.7.104.142 - - [17/Oct/2014:19:46:36 +0200] "GET /core/prototype.lite.js HTTP/1.1" 200 3335 "http://www.quartier-bb.de/" "Mozilla/5.0 (Windows NT 6.2; WOW64) AppleWebKit/537.36 (KHTML, like Gecko) Chrome/38.0.2125.104 Safari/537.36"
91.7.104.142 - - [17/Oct/2014:19:46:36 +0200] "GET /templates/img/logo.gif HTTP/1.1" 200 3859 "http://www.quartier-bb.de/" "Mozilla/5.0 (Windows NT 6.2; WOW64) AppleWebKit/537.36 (KHTML, like Gecko) Chrome/38.0.2125.104 Safari/537.36"
91.7.104.142 - - [17/Oct/2014:19:46:36 +0200] "GET /files/top_left_basic.gif HTTP/1.1" 200 261 "http://www.quartier-bb.de/" "Mozilla/5.0 (Windows NT 6.2; WOW64) AppleWebKit/537.36 (KHTML, like Gecko) Chrome/38.0.2125.104 Safari/537.36"
91.7.104.142 - - [17/Oct/2014:19:46:36 +0200] "GET /templates/plugins.css HTTP/1.1" 200 1931 "http://www.quartier-bb.de/" "Mozilla/5.0 (Windows NT 6.2; WOW64) AppleWebKit/537.36 (KHTML, like Gecko) Chrome/38.0.2125.104 Safari/537.36"
91.7.104.142 - - [17/Oct/2014:19:46:36 +0200] "GET /templates/img/loading.gif HTTP/1.1" 200 2767 "http://www.quartier-bb.de/" "Mozilla/5.0 (Windows NT 6.2; WOW64) AppleWebKit/537.36 (KHTML, like Gecko) Chrome/38.0.2125.104 Safari/537.36"
91.7.104.142 - - [17/Oct/2014:19:46:36 +0200] "GET /templates/img/bg.jpg HTTP/1.1" 200 18814 "http://www.quartier-bb.de/templates/default.css" "Mozilla/5.0 (Windows NT 6.2; WOW64) AppleWebKit/537.36 (KHTML, like Gecko) Chrome/38.0.2125.104 Safari/537.36"
91.7.104.142 - - [17/Oct/2014:19:46:36 +0200] "GET /templates/img/points.gif HTTP/1.1" 200 62 "http://www.quartier-bb.de/templates/default.css" "Mozilla/5.0 (Windows NT 6.2; WOW64) AppleWebKit/537.36 (KHTML, like Gecko) Chrome/38.0.2125.104 Safari/537.36"
91.7.104.142 - - [17/Oct/2014:19:46:36 +0200] "GET /templates/img/two-columns.gif HTTP/1.1" 200 65 "http://www.quartier-bb.de/templates/default.css" "Mozilla/5.0 (Windows NT 6.2; WOW64) AppleWebKit/537.36 (KHTML, like Gecko) Chrome/38.0.2125.104 Safari/537.36"
91.7.104.142 - - [17/Oct/2014:19:46:36 +0200] "GET /templates/img/circle.png HTTP/1.1" 200 194 "http://www.quartier-bb.de/templates/default.css" "Mozilla/5.0 (Windows NT 6.2; WOW64) AppleWebKit/537.36 (KHTML, like Gecko) Chrome/38.0.2125.104 Safari/537.36"
91.7.104.142 - - [17/Oct/2014:19:46:36 +0200] "GET /templates/img/header.png HTTP/1.1" 200 134243 "http://www.quartier-bb.de/templates/default.css" "Mozilla/5.0 (Windows NT 6.2; WOW64) AppleWebKit/537.36 (KHTML, like Gecko) Chrome/38.0.2125.104 Safari/537.36"
91.7.104.142 - - [17/Oct/2014:19:46:37 +0200] "GET /templates/img/closelabel.gif HTTP/1.1" 200 649 "http://www.quartier-bb.de/" "Mozilla/5.0 (Windows NT 6.2; WOW64) AppleWebKit/537.36 (KHTML, like Gecko) Chrome/38.0.2125.104 Safari/537.36"
91.7.104.142 - - [17/Oct/2014:19:46:37 +0200] "GET /templates/img/nav.gif HTTP/1.1" 200 1501 "http://www.quartier-bb.de/templates/default.css" "Mozilla/5.0 (Windows NT 6.2; WOW64) AppleWebKit/537.36 (KHTML, like Gecko) Chrome/38.0.2125.104 Safari/537.36"
91.7.104.142 - - [17/Oct/2014:19:46:37 +0200] "GET /favicon.ico HTTP/1.1" 200 2602 "-" "Mozilla/5.0 (Windows NT 6.2; WOW64) AppleWebKit/537.36 (KHTML, like Gecko) Chrome/38.0.2125.104 Safari/537.36"
141.8.147.12 - - [17/Oct/2014:20:48:40 +0200] "GET /robots.txt HTTP/1.1" 404 1256 "-" "Mozilla/5.0 (compatible; YandexBot/3.0; +http://yandex.com/bots)"
141.8.147.12 - - [17/Oct/2014:20:51:10 +0200] "GET /?41&formular HTTP/1.1" 200 6789 "-" "Mozilla/5.0 (compatible; YandexBot/3.0; +http://yandex.com/bots)"
141.8.147.12 - - [17/Oct/2014:20:51:13 +0200] "GET /?35&unternehmen HTTP/1.1" 200 6789 "-" "Mozilla/5.0 (compatible; YandexBot/3.0; +http://yandex.com/bots)"
141.8.147.12 - - [17/Oct/2014:20:51:15 +0200] "GET /?8&kontakt HTTP/1.1" 200 6789 "-" "Mozilla/5.0 (compatible; YandexBot/3.0; +http://yandex.com/bots)"
141.8.147.12 - - [17/Oct/2014:20:51:17 +0200] "GET /?40&leistung HTTP/1.1" 200 6789 "-" "Mozilla/5.0 (compatible; YandexBot/3.0; +http://yandex.com/bots)"
141.8.147.12 - - [17/Oct/2014:20:51:19 +0200] "GET /?14&disclaimer HTTP/1.1" 200 6789 "-" "Mozilla/5.0 (compatible; YandexBot/3.0; +http://yandex.com/bots)"
66.249.78.166 - - [18/Oct/2014:00:24:30 +0200] "GET /robots.txt HTTP/1.1" 404 1256 "-" "Mozilla/5.0 (compatible; Googlebot/2.1; +http://www.google.com/bot.html)"
66.249.78.166 - - [18/Oct/2014:00:24:31 +0200] "GET / HTTP/1.1" 200 6789 "-" "Mozilla/5.0 (iPhone; CPU iPhone OS 6_0 like Mac OS X) AppleWebKit/536.26 (KHTML, like Gecko) Version/6.0 Mobile/10A5376e Safari/8536.25 (compatible; Googlebot/2.1; +http://www.google.com/bot.html)"
86.123.241.171 - - [18/Oct/2014:03:07:03 +0200] "GET / HTTP/1.1" 200 6789 "-" "Java/1.6.0_04"
86.123.241.171 - - [18/Oct/2014:03:07:03 +0200] "GET /? HTTP/1.1" 200 6789 "-" "Java/1.6.0_04"
86.123.241.171 - - [18/Oct/2014:03:07:03 +0200] "GET /core/common.js HTTP/1.1" 200 2364 "-" "Java/1.6.0_04"
86.123.241.171 - - [18/Oct/2014:03:07:03 +0200] "GET /core/litebox-1.0.js HTTP/1.1" 200 15581 "-" "Java/1.6.0_04"
86.123.241.171 - - [18/Oct/2014:03:07:04 +0200] "GET /core/moo.fx.js HTTP/1.1" 200 3267 "-" "Java/1.6.0_04"
86.123.241.171 - - [18/Oct/2014:03:07:04 +0200] "GET /core/plugins.js HTTP/1.1" 200 28 "-" "Java/1.6.0_04"
86.123.241.171 - - [18/Oct/2014:03:07:04 +0200] "GET /core/prototype.lite.js HTTP/1.1" 200 3335 "-" "Java/1.6.0_04"
86.123.241.171 - - [18/Oct/2014:03:07:04 +0200] "GET //? HTTP/1.1" 200 6789 "-" "Java/1.6.0_04"
86.123.241.171 - - [18/Oct/2014:03:07:04 +0200] "GET //core/common.js HTTP/1.1" 200 2364 "-" "Java/1.6.0_04"
86.123.241.171 - - [18/Oct/2014:03:07:04 +0200] "GET //core/litebox-1.0.js HTTP/1.1" 200 15581 "-" "Java/1.6.0_04"
86.123.241.171 - - [18/Oct/2014:03:07:04 +0200] "GET //core/moo.fx.js HTTP/1.1" 200 3267 "-" "Java/1.6.0_04"
86.123.241.171 - - [18/Oct/2014:03:07:04 +0200] "GET //core/plugins.js HTTP/1.1" 200 28 "-" "Java/1.6.0_04"
86.123.241.171 - - [18/Oct/2014:03:07:04 +0200] "GET //core/prototype.lite.js HTTP/1.1" 200 3335 "-" "Java/1.6.0_04"
86.123.241.171 - - [18/Oct/2014:03:07:05 +0200] "GET ///? HTTP/1.1" 200 6789 "-" "Java/1.6.0_04"
86.123.241.171 - - [18/Oct/2014:03:07:05 +0200] "GET ///core/common.js HTTP/1.1" 200 2364 "-" "Java/1.6.0_04"
86.123.241.171 - - [18/Oct/2014:03:07:05 +0200] "GET ///core/litebox-1.0.js HTTP/1.1" 200 15581 "-" "Java/1.6.0_04"
86.123.241.171 - - [18/Oct/2014:03:07:05 +0200] "GET ///core/moo.fx.js HTTP/1.1" 200 3267 "-" "Java/1.6.0_04"
86.123.241.171 - - [18/Oct/2014:03:07:05 +0200] "GET ///core/plugins.js HTTP/1.1" 200 28 "-" "Java/1.6.0_04"
86.123.241.171 - - [18/Oct/2014:03:07:05 +0200] "GET ///core/prototype.lite.js HTTP/1.1" 200 3335 "-" "Java/1.6.0_04"
86.123.241.171 - - [18/Oct/2014:03:07:05 +0200] "GET ////? HTTP/1.1" 200 6789 "-" "Java/1.6.0_04"
86.123.241.171 - - [18/Oct/2014:03:07:05 +0200] "GET ////core/common.js HTTP/1.1" 200 2364 "-" "Java/1.6.0_04"
86.123.241.171 - - [18/Oct/2014:03:07:05 +0200] "GET ////core/litebox-1.0.js HTTP/1.1" 200 15581 "-" "Java/1.6.0_04"
86.123.241.171 - - [18/Oct/2014:03:07:05 +0200] "GET ////core/moo.fx.js HTTP/1.1" 200 3267 "-" "Java/1.6.0_04"
86.123.241.171 - - [18/Oct/2014:03:07:05 +0200] "GET ////core/plugins.js HTTP/1.1" 200 28 "-" "Java/1.6.0_04"
86.123.241.171 - - [18/Oct/2014:03:07:05 +0200] "GET ////core/prototype.lite.js HTTP/1.1" 200 3335 "-" "Java/1.6.0_04"
86.123.241.171 - - [18/Oct/2014:03:07:06 +0200] "GET /////? HTTP/1.1" 200 6789 "-" "Java/1.6.0_04"
86.123.241.171 - - [18/Oct/2014:03:07:06 +0200] "GET /////core/common.js HTTP/1.1" 200 2364 "-" "Java/1.6.0_04"
86.123.241.171 - - [18/Oct/2014:03:07:06 +0200] "GET /////core/litebox-1.0.js HTTP/1.1" 200 15581 "-" "Java/1.6.0_04"
86.123.241.171 - - [18/Oct/2014:03:07:06 +0200] "GET /////core/moo.fx.js HTTP/1.1" 200 3267 "-" "Java/1.6.0_04"
86.123.241.171 - - [18/Oct/2014:03:07:06 +0200] "GET /////core/plugins.js HTTP/1.1" 200 28 "-" "Java/1.6.0_04"
157.55.39.81 - - [18/Oct/2014:05:42:07 +0200] "GET /robots.txt HTTP/1.1" 404 1256 "-" "Mozilla/5.0 (compatible; bingbot/2.0; +http://www.bing.com/bingbot.htm)"
157.55.39.81 - - [18/Oct/2014:05:42:24 +0200] "GET / HTTP/1.1" 200 6789 "-" "Mozilla/5.0 (compatible; bingbot/2.0; +http://www.bing.com/bingbot.htm)"
85.114.139.54 - - [18/Oct/2014:07:34:58 +0200] "GET /robots.txt HTTP/1.1" 404 1256 "-" "Mozilla/5.0 (compatible; publiclibraryarchive.org/1.0; +crawl@publiclibraryarchive.org)"
85.114.139.54 - - [18/Oct/2014:07:35:02 +0200] "GET /?impressum,15 HTTP/1.1" 200 5152 "-" "Mozilla/5.0 (compatible; publiclibraryarchive.org/1.0; +crawl@publiclibraryarchive.org)"
66.249.64.61 - - [18/Oct/2014:07:40:46 +0200] "GET / HTTP/1.1" 200 6789 "-" "DoCoMo/2.0 N905i(c100;TB;W24H16) (compatible; Googlebot-Mobile/2.1; +http://www.google.com/bot.html)"
85.114.139.54 - - [18/Oct/2014:07:59:49 +0200] "GET /robots.txt HTTP/1.1" 404 1256 "-" "Mozilla/5.0 (compatible; publiclibraryarchive.org/1.0; +crawl@publiclibraryarchive.org)"
85.114.139.54 - - [18/Oct/2014:07:59:53 +0200] "GET /?leistung,40 HTTP/1.1" 200 7044 "-" "Mozilla/5.0 (compatible; publiclibraryarchive.org/1.0; +crawl@publiclibraryarchive.org)"
85.114.139.54 - - [18/Oct/2014:08:52:24 +0200] "GET /robots.txt HTTP/1.1" 404 1256 "-" "Mozilla/5.0 (compatible; publiclibraryarchive.org/1.0; +crawl@publiclibraryarchive.org)"
85.114.139.54 - - [18/Oct/2014:08:52:42 +0200] "GET /?formular,41 HTTP/1.1" 302 - "-" "Mozilla/5.0 (compatible; publiclibraryarchive.org/1.0; +crawl@publiclibraryarchive.org)"
85.114.139.54 - - [18/Oct/2014:09:27:08 +0200] "GET /robots.txt HTTP/1.1" 404 1256 "-" "Mozilla/5.0 (compatible; publiclibraryarchive.org/1.0; +crawl@publiclibraryarchive.org)"
85.114.139.54 - - [18/Oct/2014:09:27:16 +0200] "GET /templates/img/logo.gif HTTP/1.1" 200 3859 "-" "Mozilla/5.0 (compatible; publiclibraryarchive.org/1.0; +crawl@publiclibraryarchive.org)"
91.200.12.75 - - [18/Oct/2014:10:48:11 +0200] "GET http://www.quartier-bb.de/admin/fckeditor/editor/filemanager/browser/default/connectors/test.html HTTP/1.1" 404 1256 "-" "-"
141.8.147.12 - - [18/Oct/2014:11:16:40 +0200] "GET /robots.txt HTTP/1.1" 404 1256 "-" "Mozilla/5.0 (compatible; YandexBot/3.0; +http://yandex.com/bots)"
141.8.147.12 - - [18/Oct/2014:17:33:04 +0200] "GET / HTTP/1.1" 200 6789 "-" "Mozilla/5.0 (compatible; YandexBot/3.0; +http://yandex.com/bots)"
157.55.39.81 - - [18/Oct/2014:22:41:03 +0200] "GET /robots.txt HTTP/1.1" 404 1256 "-" "Mozilla/5.0 (compatible; bingbot/2.0; +http://www.bing.com/bingbot.htm)"
157.55.39.81 - - [18/Oct/2014:22:41:41 +0200] "GET / HTTP/1.1" 200 6789 "-" "Mozilla/5.0 (compatible; bingbot/2.0; +http://www.bing.com/bingbot.htm)"
208.115.113.91 - - [18/Oct/2014:23:46:15 +0200] "GET /robots.txt HTTP/1.1" 404 1256 "-" "Mozilla/5.0 (compatible; DotBot/1.1; http://www.opensiteexplorer.org/dotbot, help@moz.com)"
208.115.113.91 - - [19/Oct/2014:03:39:10 +0200] "GET /?unternehmen,35 HTTP/1.1" 200 5693 "-" "Mozilla/5.0 (compatible; DotBot/1.1; http://www.opensiteexplorer.org/dotbot, help@moz.com)"
66.249.64.57 - - [19/Oct/2014:08:17:59 +0200] "GET /robots.txt HTTP/1.1" 404 1256 "-" "Mozilla/5.0 (compatible; Googlebot/2.1; +http://www.google.com/bot.html)"
66.249.78.173 - - [19/Oct/2014:08:18:00 +0200] "GET /?unternehmen,35 HTTP/1.1" 200 5693 "-" "Mozilla/5.0 (iPhone; CPU iPhone OS 6_0 like Mac OS X) AppleWebKit/536.26 (KHTML, like Gecko) Version/6.0 Mobile/10A5376e Safari/8536.25 (compatible; Googlebot/2.1; +http://www.google.com/bot.html)"
141.8.147.12 - - [19/Oct/2014:10:48:05 +0200] "GET /robots.txt HTTP/1.1" 404 1256 "-" "Mozilla/5.0 (compatible; YandexBot/3.0; +http://yandex.com/bots)"
66.249.78.159 - - [19/Oct/2014:11:26:14 +0200] "GET /?impressum,15 HTTP/1.1" 200 5152 "-" "Mozilla/5.0 (compatible; Googlebot/2.1; +http://www.google.com/bot.html)"
157.55.39.81 - - [19/Oct/2014:13:43:54 +0200] "GET /robots.txt HTTP/1.1" 404 1256 "-" "Mozilla/5.0 (compatible; bingbot/2.0; +http://www.bing.com/bingbot.htm)"
157.55.39.81 - - [19/Oct/2014:13:43:59 +0200] "GET / HTTP/1.1" 200 6789 "-" "Mozilla/5.0 (compatible; bingbot/2.0; +http://www.bing.com/bingbot.htm)"
141.8.147.12 - - [19/Oct/2014:14:49:28 +0200] "GET /?15&impressum HTTP/1.1" 200 6789 "-" "Mozilla/5.0 (compatible; YandexBot/3.0; +http://yandex.com/bots)"
66.249.78.159 - - [19/Oct/2014:17:47:09 +0200] "GET /?leistung,40 HTTP/1.1" 200 7044 "-" "Mozilla/5.0 (compatible; Googlebot/2.1; +http://www.google.com/bot.html)"
141.8.147.12 - - [19/Oct/2014:19:04:09 +0200] "GET /?1&home HTTP/1.1" 200 6789 "-" "Mozilla/5.0 (compatible; YandexBot/3.0; +http://yandex.com/bots)"
66.249.78.159 - - [20/Oct/2014:03:16:38 +0200] "GET /robots.txt HTTP/1.1" 404 1256 "-" "Mozilla/5.0 (compatible; Googlebot/2.1; +http://www.google.com/bot.html)"
66.249.78.173 - - [20/Oct/2014:03:16:38 +0200] "GET / HTTP/1.1" 200 6789 "-" "Mozilla/5.0 (compatible; Googlebot/2.1; +http://www.google.com/bot.html)"
66.249.78.173 - - [20/Oct/2014:05:17:31 +0200] "GET /?impressum,15 HTTP/1.1" 200 5152 "-" "Mozilla/5.0 (compatible; Googlebot/2.1; +http://www.google.com/bot.html)"
66.249.78.166 - - [20/Oct/2014:05:20:49 +0200] "GET /templates/plugins.css HTTP/1.1" 200 1931 "-" "Mozilla/5.0 (compatible; Googlebot/2.1; +http://www.google.com/bot.html)"
157.55.39.81 - - [20/Oct/2014:05:47:50 +0200] "GET /robots.txt HTTP/1.1" 404 1256 "-" "Mozilla/5.0 (compatible; bingbot/2.0; +http://www.bing.com/bingbot.htm)"
157.55.39.81 - - [20/Oct/2014:05:47:52 +0200] "GET / HTTP/1.1" 200 6789 "-" "Mozilla/5.0 (compatible; bingbot/2.0; +http://www.bing.com/bingbot.htm)"
66.249.78.173 - - [20/Oct/2014:07:49:29 +0200] "GET /?kontakt,8 HTTP/1.1" 200 4607 "-" "Mozilla/5.0 (compatible; Googlebot/2.1; +http://www.google.com/bot.html)"
46.115.165.228 - - [20/Oct/2014:08:16:26 +0200] "GET /?leistung,40 HTTP/1.1" 200 7044 "-" "Mozilla/5.0 (Windows NT 6.1; WOW64; rv:32.0) Gecko/20100101 Firefox/32.0"
46.115.165.228 - - [20/Oct/2014:08:16:26 +0200] "GET /core/common.js HTTP/1.1" 200 2364 "http://www.quartier-bb.de/?leistung,40" "Mozilla/5.0 (Windows NT 6.1; WOW64; rv:32.0) Gecko/20100101 Firefox/32.0"
46.115.165.228 - - [20/Oct/2014:08:16:26 +0200] "GET /core/plugins.js HTTP/1.1" 200 28 "http://www.quartier-bb.de/?leistung,40" "Mozilla/5.0 (Windows NT 6.1; WOW64; rv:32.0) Gecko/20100101 Firefox/32.0"
46.115.165.228 - - [20/Oct/2014:08:16:26 +0200] "GET /core/prototype.lite.js HTTP/1.1" 200 3335 "http://www.quartier-bb.de/?leistung,40" "Mozilla/5.0 (Windows NT 6.1; WOW64; rv:32.0) Gecko/20100101 Firefox/32.0"
46.115.165.228 - - [20/Oct/2014:08:16:26 +0200] "GET /core/moo.fx.js HTTP/1.1" 200 3267 "http://www.quartier-bb.de/?leistung,40" "Mozilla/5.0 (Windows NT 6.1; WOW64; rv:32.0) Gecko/20100101 Firefox/32.0"
46.115.165.228 - - [20/Oct/2014:08:16:27 +0200] "GET /core/litebox-1.0.js HTTP/1.1" 200 15581 "http://www.quartier-bb.de/?leistung,40" "Mozilla/5.0 (Windows NT 6.1; WOW64; rv:32.0) Gecko/20100101 Firefox/32.0"
46.115.165.228 - - [20/Oct/2014:08:16:27 +0200] "GET /favicon.ico HTTP/1.1" 200 2602 "-" "Mozilla/5.0 (Windows NT 6.1; WOW64; rv:32.0) Gecko/20100101 Firefox/32.0"
46.115.165.228 - - [20/Oct/2014:08:16:27 +0200] "GET /templates/img/logo.gif HTTP/1.1" 200 3859 "http://www.quartier-bb.de/?leistung,40" "Mozilla/5.0 (Windows NT 6.1; WOW64; rv:32.0) Gecko/20100101 Firefox/32.0"
46.115.165.228 - - [20/Oct/2014:08:16:27 +0200] "GET /files/top_left_basic.gif HTTP/1.1" 200 261 "http://www.quartier-bb.de/?leistung,40" "Mozilla/5.0 (Windows NT 6.1; WOW64; rv:32.0) Gecko/20100101 Firefox/32.0"
46.115.165.228 - - [20/Oct/2014:08:16:27 +0200] "GET /templates/default.css HTTP/1.1" 200 7156 "http://www.quartier-bb.de/?leistung,40" "Mozilla/5.0 (Windows NT 6.1; WOW64; rv:32.0) Gecko/20100101 Firefox/32.0"
46.115.165.228 - - [20/Oct/2014:08:16:27 +0200] "GET /templates/plugins.css HTTP/1.1" 200 1931 "http://www.quartier-bb.de/templates/default.css" "Mozilla/5.0 (Windows NT 6.1; WOW64; rv:32.0) Gecko/20100101 Firefox/32.0"
46.115.165.228 - - [20/Oct/2014:08:16:27 +0200] "GET /templates/img/points.gif HTTP/1.1" 200 62 "http://www.quartier-bb.de/templates/default.css" "Mozilla/5.0 (Windows NT 6.1; WOW64; rv:32.0) Gecko/20100101 Firefox/32.0"
46.115.165.228 - - [20/Oct/2014:08:16:27 +0200] "GET /templates/img/nav.gif HTTP/1.1" 200 1501 "http://www.quartier-bb.de/templates/default.css" "Mozilla/5.0 (Windows NT 6.1; WOW64; rv:32.0) Gecko/20100101 Firefox/32.0"
46.115.165.228 - - [20/Oct/2014:08:16:27 +0200] "GET /templates/img/two-columns.gif HTTP/1.1" 200 65 "http://www.quartier-bb.de/templates/default.css" "Mozilla/5.0 (Windows NT 6.1; WOW64; rv:32.0) Gecko/20100101 Firefox/32.0"
46.115.165.228 - - [20/Oct/2014:08:16:27 +0200] "GET /templates/img/circle.png HTTP/1.1" 200 194 "http://www.quartier-bb.de/templates/default.css" "Mozilla/5.0 (Windows NT 6.1; WOW64; rv:32.0) Gecko/20100101 Firefox/32.0"
46.115.165.228 - - [20/Oct/2014:08:16:27 +0200] "GET /templates/img/bg.jpg HTTP/1.1" 200 18814 "http://www.quartier-bb.de/templates/default.css" "Mozilla/5.0 (Windows NT 6.1; WOW64; rv:32.0) Gecko/20100101 Firefox/32.0"
46.115.165.228 - - [20/Oct/2014:08:16:27 +0200] "GET /templates/img/header.png HTTP/1.1" 200 134243 "http://www.quartier-bb.de/templates/default.css" "Mozilla/5.0 (Windows NT 6.1; WOW64; rv:32.0) Gecko/20100101 Firefox/32.0"
46.115.165.228 - - [20/Oct/2014:08:16:28 +0200] "GET /templates/img/loading.gif HTTP/1.1" 200 2767 "http://www.quartier-bb.de/?leistung,40" "Mozilla/5.0 (Windows NT 6.1; WOW64; rv:32.0) Gecko/20100101 Firefox/32.0"
46.115.165.228 - - [20/Oct/2014:08:16:28 +0200] "GET /templates/img/closelabel.gif HTTP/1.1" 200 649 "http://www.quartier-bb.de/?leistung,40" "Mozilla/5.0 (Windows NT 6.1; WOW64; rv:32.0) Gecko/20100101 Firefox/32.0"
66.249.78.159 - - [20/Oct/2014:09:21:57 +0200] "GET /?kontakt,8 HTTP/1.1" 200 4607 "-" "Mozilla/5.0 (compatible; Googlebot/2.1; +http://www.google.com/bot.html)"
188.165.15.198 - - [20/Oct/2014:10:42:14 +0200] "GET /?home,1 HTTP/1.1" 200 6789 "-" "Mozilla/5.0 (compatible; AhrefsBot/5.0; +http://ahrefs.com/robot/)"
66.249.64.57 - - [20/Oct/2014:12:05:07 +0200] "GET / HTTP/1.1" 200 6789 "-" "Mozilla/5.0 (compatible; Googlebot/2.1; +http://www.google.com/bot.html)"
66.249.64.57 - - [20/Oct/2014:12:23:47 +0200] "GET /?unternehmen,35 HTTP/1.1" 200 5693 "-" "Mozilla/5.0 (compatible; Googlebot/2.1; +http://www.google.com/bot.html)"
66.249.78.173 - - [20/Oct/2014:12:31:18 +0200] "GET /?impressum,15 HTTP/1.1" 200 5152 "-" "Mozilla/5.0 (compatible; Googlebot/2.1; +http://www.google.com/bot.html)"
66.249.78.173 - - [20/Oct/2014:13:17:47 +0200] "GET /?kontakt,8 HTTP/1.1" 200 4607 "-" "Mozilla/5.0 (compatible; Googlebot/2.1; +http://www.google.com/bot.html)"
64.246.165.190 - - [20/Oct/2014:14:31:36 +0200] "GET /robots.txt HTTP/1.0" 404 1256 "-" "Mozilla/5.0 (Windows; U; Windows NT 5.1; en; rv:1.9.0.13) Gecko/2009073022 Firefox/3.5.2 (.NET CLR 3.5.30729) SurveyBot/2.3 (DomainTools)"
64.246.165.190 - - [20/Oct/2014:14:31:37 +0200] "GET / HTTP/1.1" 200 6789 "http://whois.domaintools.com/quartier-bb.de" "Mozilla/5.0 (Windows; U; Windows NT 5.1; en; rv:1.9.0.13) Gecko/2009073022 Firefox/3.5.2 (.NET CLR 3.5.30729) SurveyBot/2.3 (DomainTools)"
66.249.78.159 - - [20/Oct/2014:15:28:59 +0200] "GET /robots.txt HTTP/1.1" 404 1256 "-" "Mozilla/5.0 (compatible; Googlebot/2.1; +http://www.google.com/bot.html)"
66.249.69.237 - - [20/Oct/2014:15:28:59 +0200] "GET /?impressum,15 HTTP/1.1" 200 5152 "-" "Mozilla/5.0 (compatible; Googlebot/2.1; +http://www.google.com/bot.html)"
217.255.105.26 - - [20/Oct/2014:16:09:10 +0200] "GET / HTTP/1.1" 200 6789 "http://www.google.de/url?sa=t&rct=j&q=&esrc=s&source=web&cd=1&sqi=2&ved=0CCEQFjAA&url=http%3A%2F%2Fwww.quartier-bb.de%2F&ei=7RZFVK-WGojnywOvyYHACw&usg=AFQjCNEFLg6-MxlwLCq_OMSmI5Dx4hlaww&bvm=bv.77648437,d.bGQ" "Mozilla/5.0 (Windows NT 6.1; WOW64; Trident/7.0; rv:11.0) like Gecko"
217.255.105.26 - - [20/Oct/2014:16:09:10 +0200] "GET /core/common.js HTTP/1.1" 200 2364 "http://www.quartier-bb.de/" "Mozilla/5.0 (Windows NT 6.1; WOW64; Trident/7.0; rv:11.0) like Gecko"
217.255.105.26 - - [20/Oct/2014:16:09:10 +0200] "GET /core/plugins.js HTTP/1.1" 200 28 "http://www.quartier-bb.de/" "Mozilla/5.0 (Windows NT 6.1; WOW64; Trident/7.0; rv:11.0) like Gecko"
217.255.105.26 - - [20/Oct/2014:16:09:10 +0200] "GET /core/prototype.lite.js HTTP/1.1" 200 3335 "http://www.quartier-bb.de/" "Mozilla/5.0 (Windows NT 6.1; WOW64; Trident/7.0; rv:11.0) like Gecko"
217.255.105.26 - - [20/Oct/2014:16:09:10 +0200] "GET /core/moo.fx.js HTTP/1.1" 200 3267 "http://www.quartier-bb.de/" "Mozilla/5.0 (Windows NT 6.1; WOW64; Trident/7.0; rv:11.0) like Gecko"
217.255.105.26 - - [20/Oct/2014:16:09:10 +0200] "GET /core/litebox-1.0.js HTTP/1.1" 200 15581 "http://www.quartier-bb.de/" "Mozilla/5.0 (Windows NT 6.1; WOW64; Trident/7.0; rv:11.0) like Gecko"
217.255.105.26 - - [20/Oct/2014:16:09:10 +0200] "GET /templates/default.css HTTP/1.1" 200 7156 "http://www.quartier-bb.de/" "Mozilla/5.0 (Windows NT 6.1; WOW64; Trident/7.0; rv:11.0) like Gecko"
217.255.105.26 - - [20/Oct/2014:16:09:10 +0200] "GET /templates/img/logo.gif HTTP/1.1" 200 3859 "http://www.quartier-bb.de/" "Mozilla/5.0 (Windows NT 6.1; WOW64; Trident/7.0; rv:11.0) like Gecko"
217.255.105.26 - - [20/Oct/2014:16:09:10 +0200] "GET /files/top_left_basic.gif HTTP/1.1" 200 261 "http://www.quartier-bb.de/" "Mozilla/5.0 (Windows NT 6.1; WOW64; Trident/7.0; rv:11.0) like Gecko"
217.255.105.26 - - [20/Oct/2014:16:09:11 +0200] "GET /templates/plugins.css HTTP/1.1" 200 1931 "http://www.quartier-bb.de/" "Mozilla/5.0 (Windows NT 6.1; WOW64; Trident/7.0; rv:11.0) like Gecko"
217.255.105.26 - - [20/Oct/2014:16:09:11 +0200] "GET /templates/img/bg.jpg HTTP/1.1" 200 18814 "http://www.quartier-bb.de/" "Mozilla/5.0 (Windows NT 6.1; WOW64; Trident/7.0; rv:11.0) like Gecko"
217.255.105.26 - - [20/Oct/2014:16:09:11 +0200] "GET /templates/img/nav.gif HTTP/1.1" 200 1501 "http://www.quartier-bb.de/" "Mozilla/5.0 (Windows NT 6.1; WOW64; Trident/7.0; rv:11.0) like Gecko"
217.255.105.26 - - [20/Oct/2014:16:09:11 +0200] "GET /templates/img/points.gif HTTP/1.1" 200 62 "http://www.quartier-bb.de/" "Mozilla/5.0 (Windows NT 6.1; WOW64; Trident/7.0; rv:11.0) like Gecko"
217.255.105.26 - - [20/Oct/2014:16:09:11 +0200] "GET /templates/img/two-columns.gif HTTP/1.1" 200 65 "http://www.quartier-bb.de/" "Mozilla/5.0 (Windows NT 6.1; WOW64; Trident/7.0; rv:11.0) like Gecko"
217.255.105.26 - - [20/Oct/2014:16:09:11 +0200] "GET /templates/img/circle.png HTTP/1.1" 200 194 "http://www.quartier-bb.de/" "Mozilla/5.0 (Windows NT 6.1; WOW64; Trident/7.0; rv:11.0) like Gecko"
217.255.105.26 - - [20/Oct/2014:16:09:11 +0200] "GET /templates/img/header.png HTTP/1.1" 200 134243 "http://www.quartier-bb.de/" "Mozilla/5.0 (Windows NT 6.1; WOW64; Trident/7.0; rv:11.0) like Gecko"
217.255.105.26 - - [20/Oct/2014:16:09:11 +0200] "GET /templates/img/loading.gif HTTP/1.1" 200 2767 "http://www.quartier-bb.de/" "Mozilla/5.0 (Windows NT 6.1; WOW64; Trident/7.0; rv:11.0) like Gecko"
217.255.105.26 - - [20/Oct/2014:16:09:11 +0200] "GET /templates/img/closelabel.gif HTTP/1.1" 200 649 "http://www.quartier-bb.de/" "Mozilla/5.0 (Windows NT 6.1; WOW64; Trident/7.0; rv:11.0) like Gecko"
217.255.105.26 - - [20/Oct/2014:16:09:11 +0200] "GET /templates/img/blank.gif HTTP/1.1" 200 43 "http://www.quartier-bb.de/" "Mozilla/5.0 (Windows NT 6.1; WOW64; Trident/7.0; rv:11.0) like Gecko"
217.255.105.26 - - [20/Oct/2014:16:09:11 +0200] "GET /favicon.ico HTTP/1.1" 200 2602 "-" "Mozilla/5.0 (Windows NT 6.1; Win64; x64; Trident/7.0; rv:11.0) like Gecko"
217.255.105.26 - - [20/Oct/2014:16:09:20 +0200] "GET /?unternehmen,35 HTTP/1.1" 200 5693 "http://www.quartier-bb.de/" "Mozilla/5.0 (Windows NT 6.1; WOW64; Trident/7.0; rv:11.0) like Gecko"
217.255.105.26 - - [20/Oct/2014:16:09:21 +0200] "GET /core/common.js HTTP/1.1" 304 - "http://www.quartier-bb.de/?unternehmen,35" "Mozilla/5.0 (Windows NT 6.1; WOW64; Trident/7.0; rv:11.0) like Gecko"
