54.36.148.151 - - [01/Jan/2018:00:05:14 +0100] "GET / HTTP/1.1" 200 7903 "-" "Mozilla/5.0 (compatible; AhrefsBot/5.2; +http://ahrefs.com/robot/)"
66.249.64.31 - - [01/Jan/2018:00:08:45 +0100] "GET / HTTP/1.1" 200 7903 "-" "Mozilla/5.0 (compatible; Googlebot/2.1; +http://www.google.com/bot.html)"
157.55.39.43 - - [01/Jan/2018:00:47:01 +0100] "GET / HTTP/1.1" 200 7903 "-" "Mozilla/5.0 (compatible; bingbot/2.0; +http://www.bing.com/bingbot.htm)"
66.249.73.25 - - [01/Jan/2018:01:20:45 +0100] "GET / HTTP/1.1" 200 7903 "-" "Mozilla/5.0 (compatible; Googlebot/2.1; +http://www.google.com/bot.html)"
141.8.141.131 - - [01/Jan/2018:01:21:40 +0100] "GET /robots.txt HTTP/1.1" 404 1256 "-" "Mozilla/5.0 (compatible; YandexBot/3.0; +http://yandex.com/bots)"
141.8.141.134 - - [01/Jan/2018:01:21:41 +0100] "GET /robots.txt HTTP/1.1" 404 1256 "-" "Mozilla/5.0 (compatible; YandexBot/3.0; +http://yandex.com/bots)"
141.8.141.131 - - [01/Jan/2018:01:21:44 +0100] "GET / HTTP/1.1" 200 7903 "-" "Mozilla/5.0 (compatible; YandexBot/3.0; +http://yandex.com/bots)"
87.250.244.7 - - [01/Jan/2018:01:21:45 +0100] "GET / HTTP/1.1" 200 7903 "-" "Mozilla/5.0 (compatible; YandexBot/3.0; +http://yandex.com/bots)"
46.105.100.183 - - [01/Jan/2018:01:25:40 +0100] "GET /robots.txt HTTP/1.0" 404 1256 "-" ""
46.105.100.183 - - [01/Jan/2018:01:25:40 +0100] "GET / HTTP/1.1" 206 7903 "-" "Mozilla/5.0 (X11; U; Linux i686; en-US; rv:1.9.2.4) Gecko/20100625 Gentoo Firefox/3.6.4"
46.105.100.183 - - [01/Jan/2018:01:25:42 +0100] "GET /seiten/produkte.htm HTTP/1.1" 206 9105 "-" "Mozilla/5.0 (X11; U; Linux i686; en-US; rv:1.9.2.4) Gecko/20100625 Gentoo Firefox/3.6.4"
46.105.100.183 - - [01/Jan/2018:01:25:44 +0100] "GET /seiten/partner.htm HTTP/1.1" 206 9458 "-" "Mozilla/5.0 (X11; U; Linux i686; en-US; rv:1.9.2.4) Gecko/20100625 Gentoo Firefox/3.6.4"
46.105.100.183 - - [01/Jan/2018:01:25:46 +0100] "GET /seiten/referenzen.htm HTTP/1.1" 206 41689 "-" "Mozilla/5.0 (X11; U; Linux i686; en-US; rv:1.9.2.4) Gecko/20100625 Gentoo Firefox/3.6.4"
46.105.100.183 - - [01/Jan/2018:01:25:48 +0100] "GET /seiten/service.htm HTTP/1.1" 206 10577 "-" "Mozilla/5.0 (X11; U; Linux i686; en-US; rv:1.9.2.4) Gecko/20100625 Gentoo Firefox/3.6.4"
46.105.100.183 - - [01/Jan/2018:01:25:51 +0100] "GET /seiten/kontakt.php HTTP/1.1" 200 12788 "-" "Mozilla/5.0 (X11; U; Linux i686; en-US; rv:1.9.2.4) Gecko/20100625 Gentoo Firefox/3.6.4"
46.105.100.183 - - [01/Jan/2018:01:25:53 +0100] "GET /seiten/impr.htm HTTP/1.1" 206 8696 "-" "Mozilla/5.0 (X11; U; Linux i686; en-US; rv:1.9.2.4) Gecko/20100625 Gentoo Firefox/3.6.4"
46.105.100.183 - - [01/Jan/2018:01:25:55 +0100] "GET /seiten/databund.html HTTP/1.1" 206 9125 "-" "Mozilla/5.0 (X11; U; Linux i686; en-US; rv:1.9.2.4) Gecko/20100625 Gentoo Firefox/3.6.4"
46.105.100.183 - - [01/Jan/2018:01:25:57 +0100] "GET /seiten/fsw.htm HTTP/1.1" 206 9961 "-" "Mozilla/5.0 (X11; U; Linux i686; en-US; rv:1.9.2.4) Gecko/20100625 Gentoo Firefox/3.6.4"
46.105.100.183 - - [01/Jan/2018:01:25:59 +0100] "GET /seiten/fahrlehrerwesen.htm HTTP/1.1" 206 7168 "-" "Mozilla/5.0 (X11; U; Linux i686; en-US; rv:1.9.2.4) Gecko/20100625 Gentoo Firefox/3.6.4"
46.105.100.183 - - [01/Jan/2018:01:26:01 +0100] "GET /seiten/kontroll.htm HTTP/1.1" 206 6599 "-" "Mozilla/5.0 (X11; U; Linux i686; en-US; rv:1.9.2.4) Gecko/20100625 Gentoo Firefox/3.6.4"
46.105.100.183 - - [01/Jan/2018:01:26:03 +0100] "GET /seiten/kraftverkehr.htm HTTP/1.1" 206 9210 "-" "Mozilla/5.0 (X11; U; Linux i686; en-US; rv:1.9.2.4) Gecko/20100625 Gentoo Firefox/3.6.4"
159.203.70.92 - - [01/Jan/2018:01:28:31 +0100] "GET /robots.txt HTTP/1.1" 404 1256 "-" "Mozilla/5.0 (compatible; spbot/5.0.3; +http://OpenLinkProfiler.org/bot )"
159.203.70.92 - - [01/Jan/2018:01:28:35 +0100] "GET / HTTP/1.1" 200 7903 "-" "Mozilla/5.0 (compatible; spbot/5.0.3; +http://OpenLinkProfiler.org/bot )"
159.203.70.92 - - [01/Jan/2018:01:28:36 +0100] "GET /seiten/impr.htm HTTP/1.1" 200 8696 "http://www.prokommunal.com/" "Mozilla/5.0 (compatible; spbot/5.0.3; +http://OpenLinkProfiler.org/bot )"
159.203.70.92 - - [01/Jan/2018:01:28:41 +0100] "GET /seiten/service.htm HTTP/1.1" 200 10577 "http://www.prokommunal.com/" "Mozilla/5.0 (compatible; spbot/5.0.3; +http://OpenLinkProfiler.org/bot )"
159.203.70.92 - - [01/Jan/2018:01:28:45 +0100] "GET /seiten/kontakt.php HTTP/1.1" 200 12788 "http://www.prokommunal.com/" "Mozilla/5.0 (compatible; spbot/5.0.3; +http://OpenLinkProfiler.org/bot )"
159.203.70.92 - - [01/Jan/2018:01:28:51 +0100] "GET /seiten/partner.htm HTTP/1.1" 200 9458 "http://www.prokommunal.com/" "Mozilla/5.0 (compatible; spbot/5.0.3; +http://OpenLinkProfiler.org/bot )"
159.203.70.92 - - [01/Jan/2018:01:28:55 +0100] "GET /seiten/produkte.htm HTTP/1.1" 200 9105 "http://www.prokommunal.com/" "Mozilla/5.0 (compatible; spbot/5.0.3; +http://OpenLinkProfiler.org/bot )"
159.203.70.92 - - [01/Jan/2018:01:29:01 +0100] "GET /seiten/fsw.htm HTTP/1.1" 200 9961 "http://www.prokommunal.com/seiten/produkte.htm" "Mozilla/5.0 (compatible; spbot/5.0.3; +http://OpenLinkProfiler.org/bot )"
159.203.70.92 - - [01/Jan/2018:01:29:05 +0100] "GET /seiten/kontroll.htm HTTP/1.1" 200 6599 "http://www.prokommunal.com/seiten/produkte.htm" "Mozilla/5.0 (compatible; spbot/5.0.3; +http://OpenLinkProfiler.org/bot )"
159.203.70.92 - - [01/Jan/2018:01:29:11 +0100] "GET /seiten/databund.html HTTP/1.1" 200 9125 "http://www.prokommunal.com/" "Mozilla/5.0 (compatible; spbot/5.0.3; +http://OpenLinkProfiler.org/bot )"
159.203.70.92 - - [01/Jan/2018:01:29:15 +0100] "GET /seiten/referenzen.htm HTTP/1.1" 200 41689 "http://www.prokommunal.com/" "Mozilla/5.0 (compatible; spbot/5.0.3; +http://OpenLinkProfiler.org/bot )"
159.203.70.92 - - [01/Jan/2018:01:29:20 +0100] "GET /seiten/kraftverkehr.htm HTTP/1.1" 200 9210 "http://www.prokommunal.com/seiten/produkte.htm" "Mozilla/5.0 (compatible; spbot/5.0.3; +http://OpenLinkProfiler.org/bot )"
159.203.70.92 - - [01/Jan/2018:01:29:26 +0100] "GET /seiten/fahrlehrerwesen.htm HTTP/1.1" 200 7168 "http://www.prokommunal.com/seiten/produkte.htm" "Mozilla/5.0 (compatible; spbot/5.0.3; +http://OpenLinkProfiler.org/bot )"
13.56.229.65 - - [01/Jan/2018:02:00:19 +0100] "GET / HTTP/1.1" 200 7903 "-" "Mozilla/5.0 (Macintosh; Intel Mac OS X 10_12_6) AppleWebKit/537.36 (KHTML, like Gecko) Chrome/61.0.3163.100 Safari/537.36"
5.188.211.26 - - [01/Jan/2018:02:09:33 +0100] "GET /seiten/referenzen.htm HTTP/1.1" 200 41689 "-" "Mozilla/4.0 (compatible; MSIE 6.0; Windows NT 5.1; SV1)"
5.188.211.26 - - [01/Jan/2018:02:09:34 +0100] "GET /seiten/produkte.htm HTTP/1.1" 200 9105 "-" "Mozilla/4.0 (compatible; MSIE 6.0; Windows NT 5.1; SV1)"
5.188.211.26 - - [01/Jan/2018:02:09:34 +0100] "GET /seiten/partner.htm HTTP/1.1" 200 9458 "-" "Mozilla/4.0 (compatible; MSIE 6.0; Windows NT 5.1; SV1)"
5.188.211.26 - - [01/Jan/2018:02:09:34 +0100] "GET /seiten/service.htm HTTP/1.1" 200 10577 "-" "Mozilla/4.0 (compatible; MSIE 6.0; Windows NT 5.1; SV1)"
5.188.211.26 - - [01/Jan/2018:02:09:34 +0100] "GET /seiten/kontakt.php HTTP/1.1" 200 12788 "-" "Mozilla/4.0 (compatible; MSIE 6.0; Windows NT 5.1; SV1)"
66.249.73.25 - - [01/Jan/2018:02:14:05 +0100] "GET /img/head01.jpg HTTP/1.1" 304 - "-" "Googlebot-Image/1.0"
66.249.73.27 - - [01/Jan/2018:02:44:37 +0100] "GET /img/head03.jpg HTTP/1.1" 304 - "-" "Googlebot-Image/1.0"
66.249.73.25 - - [01/Jan/2018:04:08:52 +0100] "GET /css/style.css HTTP/1.1" 200 3549 "http://www.prokommunal.com/" "Mozilla/5.0 (compatible; Googlebot/2.1; +http://www.google.com/bot.html)"
46.229.164.100 - - [01/Jan/2018:04:11:06 +0100] "GET /robots.txt HTTP/1.1" 404 1256 "-" "Mozilla/5.0 (compatible; SemrushBot/1.2~bl; +http://www.semrush.com/bot.html)"
66.249.73.27 - - [01/Jan/2018:04:31:57 +0100] "GET /img/head03.jpg HTTP/1.1" 304 - "-" "Googlebot-Image/1.0"
91.237.41.157 - - [01/Jan/2018:04:35:50 +0100] "GET / HTTP/1.0" 200 7903 "-" "Mozilla/5.0 (Windows NT 6.1; Win64; x64) AppleWebKit/537.36 (KHTML, like Gecko) Chrome/62.0.3202.94 Safari/537.36"
66.249.73.27 - - [01/Jan/2018:05:02:50 +0100] "GET /favicon.ico HTTP/1.1" 304 - "-" "Googlebot-Image/1.0"
42.236.10.111 - - [01/Jan/2018:05:22:48 +0100] "GET / HTTP/1.1" 200 7903 "http://www.prokommunal.de/" "Mozilla/5.0 (Windows NT 6.1; WOW64) AppleWebKit/537.36 (KHTML, like Gecko) Chrome/50.4.2661.102 Safari/537.36; 360Spider"
95.128.200.200 - - [01/Jan/2018:06:45:14 +0100] "GET / HTTP/1.1" 200 7903 "https://www.google.de" "Mozilla/5.0 (Windows NT 6.1) AppleWebKit/537.36 (KHTML, like Gecko) Chrome/41.0.2228.0 Safari/537.36"
46.229.164.102 - - [01/Jan/2018:07:04:23 +0100] "GET /robots.txt HTTP/1.1" 404 1256 "-" "Mozilla/5.0 (compatible; SemrushBot/1.2~bl; +http://www.semrush.com/bot.html)"
207.46.13.88 - - [01/Jan/2018:09:46:57 +0100] "GET /seiten/term11.pdf HTTP/1.1" 404 1256 "-" "Mozilla/5.0 (compatible; bingbot/2.0; +http://www.bing.com/bingbot.htm)"
216.244.66.198 - - [01/Jan/2018:09:56:51 +0100] "GET /robots.txt HTTP/1.1" 404 1256 "-" "Mozilla/5.0 (compatible; DotBot/1.1; http://www.opensiteexplorer.org/dotbot, help@moz.com)"
216.244.66.198 - - [01/Jan/2018:09:59:42 +0100] "GET /seiten/produkte.htm HTTP/1.1" 200 9105 "-" "Mozilla/5.0 (compatible; DotBot/1.1; http://www.opensiteexplorer.org/dotbot, help@moz.com)"
157.55.39.183 - - [01/Jan/2018:11:18:52 +0100] "GET /seiten/service.htm HTTP/1.1" 200 10577 "-" "Mozilla/5.0 (compatible; bingbot/2.0; +http://www.bing.com/bingbot.htm)"
87.230.17.72 - - [01/Jan/2018:11:24:28 +0100] "GET / HTTP/1.1" 200 7903 "-" "ImplisenseBot 1.0"
87.230.17.72 - - [01/Jan/2018:11:24:28 +0100] "GET /seiten/impr.htm HTTP/1.1" 200 8696 "-" "ImplisenseBot 1.0"
87.230.17.72 - - [01/Jan/2018:11:24:28 +0100] "GET / HTTP/1.1" 200 7903 "-" "ImplisenseBot 1.0"
87.230.17.72 - - [01/Jan/2018:11:24:28 +0100] "GET /robots.txt HTTP/1.1" 404 1256 "-" "ImplisenseBot 1.0"
87.230.17.72 - - [01/Jan/2018:11:24:29 +0100] "GET / HTTP/1.1" 200 7903 "-" "ImplisenseBot 1.0"
87.230.17.72 - - [01/Jan/2018:11:24:30 +0100] "GET /seiten/produkte.htm HTTP/1.1" 200 9105 "-" "ImplisenseBot 1.0"
87.230.17.72 - - [01/Jan/2018:11:24:30 +0100] "GET /seiten/partner.htm HTTP/1.1" 200 9458 "-" "ImplisenseBot 1.0"
87.230.17.72 - - [01/Jan/2018:11:24:31 +0100] "GET /seiten/referenzen.htm HTTP/1.1" 200 41689 "-" "ImplisenseBot 1.0"
87.230.17.72 - - [01/Jan/2018:11:24:31 +0100] "GET /seiten/service.htm HTTP/1.1" 200 10577 "-" "ImplisenseBot 1.0"
87.230.17.72 - - [01/Jan/2018:11:24:31 +0100] "GET /seiten/kontakt.php HTTP/1.1" 200 12788 "-" "ImplisenseBot 1.0"
87.230.17.72 - - [01/Jan/2018:11:24:32 +0100] "GET /seiten/impr.htm HTTP/1.1" 200 8696 "-" "ImplisenseBot 1.0"
87.230.17.72 - - [01/Jan/2018:11:24:33 +0100] "GET /seiten/databund.html HTTP/1.1" 200 9125 "-" "ImplisenseBot 1.0"
87.230.17.72 - - [01/Jan/2018:11:24:33 +0100] "GET /./seiten/produkte.htm HTTP/1.1" 200 9105 "-" "ImplisenseBot 1.0"
87.230.17.72 - - [01/Jan/2018:11:24:34 +0100] "GET /./seiten/partner.htm HTTP/1.1" 200 9458 "-" "ImplisenseBot 1.0"
87.230.17.72 - - [01/Jan/2018:11:24:34 +0100] "GET /./seiten/referenzen.htm HTTP/1.1" 200 41689 "-" "ImplisenseBot 1.0"
87.230.17.72 - - [01/Jan/2018:11:24:35 +0100] "GET /./seiten/service.htm HTTP/1.1" 200 10577 "-" "ImplisenseBot 1.0"
87.230.17.72 - - [01/Jan/2018:11:24:36 +0100] "GET /./seiten/kontakt.php HTTP/1.1" 200 12788 "-" "ImplisenseBot 1.0"
87.230.17.72 - - [01/Jan/2018:11:24:36 +0100] "GET /./seiten/impr.htm HTTP/1.1" 200 8696 "-" "ImplisenseBot 1.0"
87.230.17.72 - - [01/Jan/2018:11:24:37 +0100] "GET /./seiten/databund.html HTTP/1.1" 200 9125 "-" "ImplisenseBot 1.0"
87.230.17.72 - - [01/Jan/2018:11:24:37 +0100] "GET /seiten/fsw.htm HTTP/1.1" 200 9961 "-" "ImplisenseBot 1.0"
87.230.17.72 - - [01/Jan/2018:11:24:38 +0100] "GET /seiten/fahrlehrerwesen.htm HTTP/1.1" 200 7168 "-" "ImplisenseBot 1.0"
87.230.17.72 - - [01/Jan/2018:11:24:38 +0100] "GET /seiten/kontroll.htm HTTP/1.1" 200 6599 "-" "ImplisenseBot 1.0"
87.230.17.72 - - [01/Jan/2018:11:24:39 +0100] "GET /seiten/kraftverkehr.htm HTTP/1.1" 200 9210 "-" "ImplisenseBot 1.0"
216.244.66.250 - - [01/Jan/2018:11:37:18 +0100] "GET /robots.txt HTTP/1.1" 404 1256 "-" "Mozilla/5.0 (compatible; DotBot/1.1; http://www.opensiteexplorer.org/dotbot, help@moz.com)"
216.244.66.250 - - [01/Jan/2018:11:40:19 +0100] "GET /seiten/kraftverkehr.htm HTTP/1.1" 200 9210 "-" "Mozilla/5.0 (compatible; DotBot/1.1; http://www.opensiteexplorer.org/dotbot, help@moz.com)"
66.249.73.25 - - [01/Jan/2018:11:43:03 +0100] "GET /robots.txt HTTP/1.1" 404 1256 "-" "Mozilla/5.0 (compatible; Googlebot/2.1; +http://www.google.com/bot.html)"
66.249.73.25 - - [01/Jan/2018:11:43:04 +0100] "GET /img/head01.jpg HTTP/1.1" 304 - "-" "Googlebot-Image/1.0"
216.244.66.247 - - [01/Jan/2018:12:53:51 +0100] "GET /robots.txt HTTP/1.1" 404 1256 "-" "Mozilla/5.0 (compatible; DotBot/1.1; http://www.opensiteexplorer.org/dotbot, help@moz.com)"
157.55.39.183 - - [01/Jan/2018:13:33:12 +0100] "GET / HTTP/1.1" 200 7903 "-" "Mozilla/5.0 (compatible; bingbot/2.0; +http://www.bing.com/bingbot.htm)"
216.244.66.247 - - [01/Jan/2018:13:38:34 +0100] "GET /seiten/impr.htm HTTP/1.1" 200 8696 "-" "Mozilla/5.0 (compatible; DotBot/1.1; http://www.opensiteexplorer.org/dotbot, help@moz.com)"
216.244.66.247 - - [01/Jan/2018:14:08:23 +0100] "GET /seiten/databund.html HTTP/1.1" 200 9125 "-" "Mozilla/5.0 (compatible; DotBot/1.1; http://www.opensiteexplorer.org/dotbot, help@moz.com)"
178.255.215.84 - - [01/Jan/2018:14:25:24 +0100] "GET /robots.txt HTTP/1.1" 404 1256 "-" "Mozilla/5.0 (compatible; Exabot/3.0; +http://www.exabot.com/go/robot)"
178.255.215.84 - - [01/Jan/2018:14:25:24 +0100] "GET / HTTP/1.1" 200 7903 "-" "Mozilla/5.0 (compatible; Exabot/3.0; +http://www.exabot.com/go/robot)"
138.197.111.143 - - [01/Jan/2018:14:45:00 +0100] "GET / HTTP/1.1" 200 7903 "-" "Mozilla/5.0 (compatible; DnyzBot/1.0)"
138.197.111.143 - - [01/Jan/2018:14:45:00 +0100] "GET /scripte/basics.js HTTP/1.1" 200 198 "http://www.prokommunal.com/" "Mozilla/5.0 (compatible; DnyzBot/1.0)"
108.59.8.70 - - [01/Jan/2018:15:11:39 +0100] "GET /robots.txt HTTP/1.1" 404 1256 "-" "Mozilla/5.0 (compatible; MJ12bot/v1.4.8; http://mj12bot.com/)"
108.59.8.70 - - [01/Jan/2018:15:11:41 +0100] "GET / HTTP/1.1" 200 7903 "-" "Mozilla/5.0 (compatible; MJ12bot/v1.4.8; http://mj12bot.com/)"
212.184.216.254 - - [01/Jan/2018:15:18:47 +0100] "GET /gast-fsw/fle_v20.zip HTTP/1.1" 200 27725106 "-" "Mozilla/5.0 (Windows NT 6.1; WOW64; Trident/7.0; rv:11.0) like Gecko"
52.27.2.86 - - [01/Jan/2018:15:20:40 +0100] "GET /gast-fsw/fle_v20.zip HTTP/1.1" 200 27725106 "-" "Mozilla/4.0 (compatible; MSIE 8.0; Windows NT 5.1; Trident/4.0)"
141.8.141.131 - - [01/Jan/2018:15:34:46 +0100] "GET /robots.txt HTTP/1.1" 404 1256 "-" "Mozilla/5.0 (compatible; YandexBot/3.0; +http://yandex.com/bots)"
141.8.141.131 - - [01/Jan/2018:15:34:50 +0100] "GET /seiten/impr.htm HTTP/1.1" 200 8696 "-" "Mozilla/5.0 (compatible; YandexBot/3.0; +http://yandex.com/bots)"
141.8.141.134 - - [01/Jan/2018:15:34:51 +0100] "GET /scripte/basics.js HTTP/1.1" 200 198 "http://www.prokommunal.com/seiten/impr.htm" "Mozilla/5.0 (compatible; YandexBot/3.0; +http://yandex.com/bots)"
87.250.244.7 - - [01/Jan/2018:15:34:53 +0100] "GET /css/style.css HTTP/1.1" 200 3549 "http://www.prokommunal.com/seiten/impr.htm" "Mozilla/5.0 (compatible; YandexBot/3.0; +http://yandex.com/bots)"
31.17.254.9 - - [01/Jan/2018:15:43:46 +0100] "GET /seiten/fsw.htm HTTP/1.1" 200 9961 "https://www.google.de/" "Mozilla/5.0 (Linux; Android 7.0; SM-T580 Build/NRD90M) AppleWebKit/537.36 (KHTML, like Gecko) Chrome/63.0.3239.111 Safari/537.36"
31.17.254.9 - - [01/Jan/2018:15:43:46 +0100] "GET /css/style.css HTTP/1.1" 200 3549 "http://www.prokommunal.com/seiten/fsw.htm" "Mozilla/5.0 (Linux; Android 7.0; SM-T580 Build/NRD90M) AppleWebKit/537.36 (KHTML, like Gecko) Chrome/63.0.3239.111 Safari/537.36"
31.17.254.9 - - [01/Jan/2018:15:43:46 +0100] "GET /scripte/basics.js HTTP/1.1" 200 198 "http://www.prokommunal.com/seiten/fsw.htm" "Mozilla/5.0 (Linux; Android 7.0; SM-T580 Build/NRD90M) AppleWebKit/537.36 (KHTML, like Gecko) Chrome/63.0.3239.111 Safari/537.36"
31.17.254.9 - - [01/Jan/2018:15:43:46 +0100] "GET /img/head01.jpg HTTP/1.1" 200 6350 "http://www.prokommunal.com/seiten/fsw.htm" "Mozilla/5.0 (Linux; Android 7.0; SM-T580 Build/NRD90M) AppleWebKit/537.36 (KHTML, like Gecko) Chrome/63.0.3239.111 Safari/537.36"
31.17.254.9 - - [01/Jan/2018:15:43:46 +0100] "GET /img/head02.jpg HTTP/1.1" 200 4929 "http://www.prokommunal.com/seiten/fsw.htm" "Mozilla/5.0 (Linux; Android 7.0; SM-T580 Build/NRD90M) AppleWebKit/537.36 (KHTML, like Gecko) Chrome/63.0.3239.111 Safari/537.36"
31.17.254.9 - - [01/Jan/2018:15:43:46 +0100] "GET /img/head03.jpg HTTP/1.1" 200 7610 "http://www.prokommunal.com/seiten/fsw.htm" "Mozilla/5.0 (Linux; Android 7.0; SM-T580 Build/NRD90M) AppleWebKit/537.36 (KHTML, like Gecko) Chrome/63.0.3239.111 Safari/537.36"
31.17.254.9 - - [01/Jan/2018:15:43:46 +0100] "GET /img/1px_tr.gif HTTP/1.1" 200 43 "http://www.prokommunal.com/seiten/fsw.htm" "Mozilla/5.0 (Linux; Android 7.0; SM-T580 Build/NRD90M) AppleWebKit/537.36 (KHTML, like Gecko) Chrome/63.0.3239.111 Safari/537.36"
31.17.254.9 - - [01/Jan/2018:15:43:46 +0100] "GET /img/fsw.jpg HTTP/1.1" 200 10878 "http://www.prokommunal.com/seiten/fsw.htm" "Mozilla/5.0 (Linux; Android 7.0; SM-T580 Build/NRD90M) AppleWebKit/537.36 (KHTML, like Gecko) Chrome/63.0.3239.111 Safari/537.36"
31.17.254.9 - - [01/Jan/2018:15:43:46 +0100] "GET /redesign/img/bg_gelb.jpg HTTP/1.1" 200 368 "http://www.prokommunal.com/css/style.css" "Mozilla/5.0 (Linux; Android 7.0; SM-T580 Build/NRD90M) AppleWebKit/537.36 (KHTML, like Gecko) Chrome/63.0.3239.111 Safari/537.36"
31.17.254.9 - - [01/Jan/2018:15:43:46 +0100] "GET /img/top.gif HTTP/1.1" 200 96 "http://www.prokommunal.com/seiten/fsw.htm" "Mozilla/5.0 (Linux; Android 7.0; SM-T580 Build/NRD90M) AppleWebKit/537.36 (KHTML, like Gecko) Chrome/63.0.3239.111 Safari/537.36"
31.17.254.9 - - [01/Jan/2018:15:43:46 +0100] "GET /img/men_01.jpg HTTP/1.1" 200 713 "http://www.prokommunal.com/seiten/fsw.htm" "Mozilla/5.0 (Linux; Android 7.0; SM-T580 Build/NRD90M) AppleWebKit/537.36 (KHTML, like Gecko) Chrome/63.0.3239.111 Safari/537.36"
31.17.254.9 - - [01/Jan/2018:15:43:46 +0100] "GET /redesign/img/bg_foot.gif HTTP/1.1" 200 286 "http://www.prokommunal.com/css/style.css" "Mozilla/5.0 (Linux; Android 7.0; SM-T580 Build/NRD90M) AppleWebKit/537.36 (KHTML, like Gecko) Chrome/63.0.3239.111 Safari/537.36"
31.17.254.9 - - [01/Jan/2018:15:43:47 +0100] "GET /favicon.ico HTTP/1.1" 200 894 "http://www.prokommunal.com/seiten/fsw.htm" "Mozilla/5.0 (Linux; Android 7.0; SM-T580 Build/NRD90M) AppleWebKit/537.36 (KHTML, like Gecko) Chrome/63.0.3239.111 Safari/537.36"
42.236.99.230 - - [01/Jan/2018:16:37:34 +0100] "GET / HTTP/1.1" 200 7903 "http://www.prokommunal.de/" "Mozilla/5.0 (Windows NT 6.1; WOW64) AppleWebKit/537.36 (KHTML, like Gecko) Chrome/50.0.2661.102 Safari/537.36; 360Spider"
46.229.164.100 - - [01/Jan/2018:17:03:54 +0100] "GET /robots.txt HTTP/1.1" 404 1256 "-" "Mozilla/5.0 (compatible; SemrushBot/1.2~bl; +http://www.semrush.com/bot.html)"
77.75.78.164 - - [01/Jan/2018:17:13:02 +0100] "GET /robots.txt HTTP/1.1" 404 1256 "-" "Mozilla/5.0 (compatible; SeznamBot/3.2; +http://napoveda.seznam.cz/en/seznambot-intro/)"
77.75.78.164 - - [01/Jan/2018:17:13:02 +0100] "GET /seiten/impr.htm HTTP/1.1" 304 - "-" "Mozilla/5.0 (compatible; SeznamBot/3.2; +http://napoveda.seznam.cz/en/seznambot-intro/)"
42.236.46.105 - - [01/Jan/2018:18:38:11 +0100] "GET / HTTP/1.1" 200 7903 "http://www.prokommunal.com/" "Mozilla/5.0 (Windows NT 6.1; WOW64) AppleWebKit/537.36 (KHTML, like Gecko) Chrome/50.0.2661.102 Safari/537.36; 360Spider"
88.198.49.111 - - [01/Jan/2018:18:42:31 +0100] "GET /wp-login.php HTTP/1.1" 404 1256 "-" "Mozilla/5.0 (Windows NT 6.1; WOW64; rv:40.0) Gecko/20100101 Firefox/40.1"
88.198.49.111 - - [01/Jan/2018:18:42:31 +0100] "GET / HTTP/1.1" 200 7903 "-" "Mozilla/5.0 (Windows NT 6.1; WOW64; rv:40.0) Gecko/20100101 Firefox/40.1"
216.244.66.200 - - [01/Jan/2018:19:44:20 +0100] "GET /robots.txt HTTP/1.1" 404 1256 "-" "Mozilla/5.0 (compatible; DotBot/1.1; http://www.opensiteexplorer.org/dotbot, help@moz.com)"
95.90.212.43 - - [01/Jan/2018:19:56:20 +0100] "GET / HTTP/1.1" 200 7903 "-" "Mozilla/5.0 (Windows NT 6.1) AppleWebKit/537.36 (KHTML, like Gecko) Chrome/63.0.3239.84 Safari/537.36"
95.90.212.43 - - [01/Jan/2018:19:56:20 +0100] "GET /css/style.css HTTP/1.1" 200 3549 "http://www.prokommunal.de/" "Mozilla/5.0 (Windows NT 6.1) AppleWebKit/537.36 (KHTML, like Gecko) Chrome/63.0.3239.84 Safari/537.36"
95.90.212.43 - - [01/Jan/2018:19:56:20 +0100] "GET /scripte/basics.js HTTP/1.1" 200 198 "http://www.prokommunal.de/" "Mozilla/5.0 (Windows NT 6.1) AppleWebKit/537.36 (KHTML, like Gecko) Chrome/63.0.3239.84 Safari/537.36"
95.90.212.43 - - [01/Jan/2018:19:56:20 +0100] "GET /img/head01.jpg HTTP/1.1" 200 6350 "http://www.prokommunal.de/" "Mozilla/5.0 (Windows NT 6.1) AppleWebKit/537.36 (KHTML, like Gecko) Chrome/63.0.3239.84 Safari/537.36"
95.90.212.43 - - [01/Jan/2018:19:56:20 +0100] "GET /img/head02.jpg HTTP/1.1" 200 4929 "http://www.prokommunal.de/" "Mozilla/5.0 (Windows NT 6.1) AppleWebKit/537.36 (KHTML, like Gecko) Chrome/63.0.3239.84 Safari/537.36"
95.90.212.43 - - [01/Jan/2018:19:56:20 +0100] "GET /redesign/img/bg_foot.gif HTTP/1.1" 200 286 "http://www.prokommunal.de/css/style.css" "Mozilla/5.0 (Windows NT 6.1) AppleWebKit/537.36 (KHTML, like Gecko) Chrome/63.0.3239.84 Safari/537.36"
95.90.212.43 - - [01/Jan/2018:19:56:20 +0100] "GET /redesign/img/bg_gelb.jpg HTTP/1.1" 200 368 "http://www.prokommunal.de/css/style.css" "Mozilla/5.0 (Windows NT 6.1) AppleWebKit/537.36 (KHTML, like Gecko) Chrome/63.0.3239.84 Safari/537.36"
95.90.212.43 - - [01/Jan/2018:19:56:20 +0100] "GET /img/head03.jpg HTTP/1.1" 200 7610 "http://www.prokommunal.de/" "Mozilla/5.0 (Windows NT 6.1) AppleWebKit/537.36 (KHTML, like Gecko) Chrome/63.0.3239.84 Safari/537.36"
95.90.212.43 - - [01/Jan/2018:19:56:20 +0100] "GET /favicon.ico HTTP/1.1" 200 894 "http://www.prokommunal.de/" "Mozilla/5.0 (Windows NT 6.1) AppleWebKit/537.36 (KHTML, like Gecko) Chrome/63.0.3239.84 Safari/537.36"
66.249.64.31 - - [01/Jan/2018:19:56:37 +0100] "GET /robots.txt HTTP/1.1" 404 1256 "-" "Mozilla/5.0 (compatible; Googlebot/2.1; +http://www.google.com/bot.html)"
66.249.64.2 - - [01/Jan/2018:19:56:37 +0100] "GET / HTTP/1.1" 200 7903 "-" "Mozilla/5.0 (Linux; Android 6.0.1; Nexus 5X Build/MMB29P) AppleWebKit/537.36 (KHTML, like Gecko) Chrome/41.0.2272.96 Mobile Safari/537.36 (compatible; Googlebot/2.1; +http://www.google.com/bot.html)"
54.36.150.2 - - [01/Jan/2018:20:13:52 +0100] "GET /robots.txt HTTP/1.1" 404 1256 "-" "Mozilla/5.0 (compatible; AhrefsBot/5.2; +http://ahrefs.com/robot/)"
54.36.149.51 - - [01/Jan/2018:20:13:52 +0100] "GET /seiten/referenzen.htm HTTP/1.1" 200 41689 "-" "Mozilla/5.0 (compatible; AhrefsBot/5.2; +http://ahrefs.com/robot/)"
95.90.212.43 - - [01/Jan/2018:20:21:19 +0100] "GET / HTTP/1.1" 200 7903 "https://www.google.de/" "Mozilla/5.0 (Windows NT 6.1) AppleWebKit/537.36 (KHTML, like Gecko) Chrome/63.0.3239.84 Safari/537.36"
95.90.212.43 - - [01/Jan/2018:20:21:19 +0100] "GET /css/style.css HTTP/1.1" 200 3549 "http://www.prokommunal.com/" "Mozilla/5.0 (Windows NT 6.1) AppleWebKit/537.36 (KHTML, like Gecko) Chrome/63.0.3239.84 Safari/537.36"
95.90.212.43 - - [01/Jan/2018:20:21:19 +0100] "GET /scripte/basics.js HTTP/1.1" 200 198 "http://www.prokommunal.com/" "Mozilla/5.0 (Windows NT 6.1) AppleWebKit/537.36 (KHTML, like Gecko) Chrome/63.0.3239.84 Safari/537.36"
95.90.212.43 - - [01/Jan/2018:20:21:19 +0100] "GET /img/head01.jpg HTTP/1.1" 200 6350 "http://www.prokommunal.com/" "Mozilla/5.0 (Windows NT 6.1) AppleWebKit/537.36 (KHTML, like Gecko) Chrome/63.0.3239.84 Safari/537.36"
95.90.212.43 - - [01/Jan/2018:20:21:19 +0100] "GET /img/head02.jpg HTTP/1.1" 200 4929 "http://www.prokommunal.com/" "Mozilla/5.0 (Windows NT 6.1) AppleWebKit/537.36 (KHTML, like Gecko) Chrome/63.0.3239.84 Safari/537.36"
95.90.212.43 - - [01/Jan/2018:20:21:19 +0100] "GET /img/head03.jpg HTTP/1.1" 200 7610 "http://www.prokommunal.com/" "Mozilla/5.0 (Windows NT 6.1) AppleWebKit/537.36 (KHTML, like Gecko) Chrome/63.0.3239.84 Safari/537.36"
66.249.64.152 - - [01/Jan/2018:20:42:08 +0100] "GET /robots.txt HTTP/1.1" 404 1256 "-" "Mozilla/5.0 (compatible; Googlebot/2.1; +http://www.google.com/bot.html)"
66.249.64.154 - - [01/Jan/2018:20:42:08 +0100] "GET / HTTP/1.1" 200 7903 "-" "Mozilla/5.0 (Linux; Android 6.0.1; Nexus 5X Build/MMB29P) AppleWebKit/537.36 (KHTML, like Gecko) Chrome/41.0.2272.96 Mobile Safari/537.36 (compatible; Googlebot/2.1; +http://www.google.com/bot.html)"
66.249.64.154 - - [01/Jan/2018:20:42:09 +0100] "GET / HTTP/1.1" 200 7903 "-" "Mozilla/5.0 (Linux; Android 6.0.1; Nexus 5X Build/MMB29P) AppleWebKit/537.36 (KHTML, like Gecko) Chrome/41.0.2272.96 Mobile Safari/537.36 (compatible; Googlebot/2.1; +http://www.google.com/bot.html)"
216.244.66.200 - - [01/Jan/2018:20:48:57 +0100] "GET /seiten/produkte.htm HTTP/1.1" 200 9105 "-" "Mozilla/5.0 (compatible; DotBot/1.1; http://www.opensiteexplorer.org/dotbot, help@moz.com)"
46.229.164.102 - - [01/Jan/2018:21:05:05 +0100] "GET /robots.txt HTTP/1.1" 404 1256 "-" "Mozilla/5.0 (compatible; SemrushBot/1.2~bl; +http://www.semrush.com/bot.html)"
87.250.233.66 - - [01/Jan/2018:21:58:39 +0100] "GET /robots.txt HTTP/1.1" 404 1256 "-" "Mozilla/5.0 (compatible; YandexBot/3.0; +http://yandex.com/bots)"
141.8.141.134 - - [01/Jan/2018:21:58:39 +0100] "GET /robots.txt HTTP/1.1" 404 1256 "-" "Mozilla/5.0 (compatible; YandexBot/3.0; +http://yandex.com/bots)"
141.8.141.131 - - [01/Jan/2018:21:58:39 +0100] "GET /robots.txt HTTP/1.1" 404 1256 "-" "Mozilla/5.0 (compatible; YandexBot/3.0; +http://yandex.com/bots)"
87.250.244.7 - - [01/Jan/2018:21:58:39 +0100] "GET /robots.txt HTTP/1.1" 404 1256 "-" "Mozilla/5.0 (compatible; YandexBot/3.0; +http://yandex.com/bots)"
141.8.141.131 - - [01/Jan/2018:21:58:43 +0100] "GET / HTTP/1.1" 200 7903 "-" "Mozilla/5.0 (compatible; YandexBot/3.0; +http://yandex.com/bots)"
141.8.141.134 - - [01/Jan/2018:21:58:43 +0100] "GET / HTTP/1.1" 200 7903 "-" "Mozilla/5.0 (compatible; YandexBot/3.0; +http://yandex.com/bots)"
141.8.141.131 - - [01/Jan/2018:21:58:43 +0100] "GET / HTTP/1.1" 200 7903 "-" "Mozilla/5.0 (compatible; YandexBot/3.0; +http://yandex.com/bots)"
141.8.141.131 - - [01/Jan/2018:21:58:43 +0100] "GET / HTTP/1.1" 200 7903 "-" "Mozilla/5.0 (compatible; YandexBot/3.0; +http://yandex.com/bots)"
207.46.13.184 - - [01/Jan/2018:22:18:52 +0100] "GET / HTTP/1.1" 200 7903 "-" "Mozilla/5.0 (compatible; bingbot/2.0; +http://www.bing.com/bingbot.htm)"
66.249.64.152 - - [01/Jan/2018:22:28:17 +0100] "GET /css/style.css HTTP/1.1" 200 3549 "http://www.prokommunal-berlin.de/" "Mozilla/5.0 (compatible; Googlebot/2.1; +http://www.google.com/bot.html)"
5.188.211.26 - - [01/Jan/2018:22:46:00 +0100] "GET /seiten/databund.html HTTP/1.1" 200 9125 "-" "Mozilla/4.0 (compatible; MSIE 6.0; Windows NT 5.1; SV1)"
5.188.211.26 - - [01/Jan/2018:22:46:00 +0100] "GET / HTTP/1.1" 200 7903 "-" "Mozilla/4.0 (compatible; MSIE 6.0; Windows NT 5.1; SV1)"
5.188.211.26 - - [01/Jan/2018:22:46:00 +0100] "GET /seiten/produkte.htm HTTP/1.1" 200 9105 "-" "Mozilla/4.0 (compatible; MSIE 6.0; Windows NT 5.1; SV1)"
5.188.211.26 - - [01/Jan/2018:22:46:04 +0100] "GET /seiten/partner.htm HTTP/1.1" 200 9458 "-" "Mozilla/4.0 (compatible; MSIE 6.0; Windows NT 5.1; SV1)"
5.188.211.26 - - [01/Jan/2018:22:46:05 +0100] "GET /seiten/referenzen.htm HTTP/1.1" 200 41689 "-" "Mozilla/4.0 (compatible; MSIE 6.0; Windows NT 5.1; SV1)"
5.188.211.26 - - [01/Jan/2018:22:46:05 +0100] "GET /seiten/service.htm HTTP/1.1" 200 10577 "-" "Mozilla/4.0 (compatible; MSIE 6.0; Windows NT 5.1; SV1)"
5.188.211.26 - - [01/Jan/2018:22:46:06 +0100] "GET /seiten/kontakt.php HTTP/1.1" 200 12788 "-" "Mozilla/4.0 (compatible; MSIE 6.0; Windows NT 5.1; SV1)"
5.188.211.15 - - [01/Jan/2018:22:52:02 +0100] "GET /seiten/referenzen.htm HTTP/1.1" 200 41689 "-" "Mozilla/4.0 (compatible; MSIE 6.0; Windows NT 5.1; SV1)"
5.188.211.15 - - [01/Jan/2018:22:52:03 +0100] "GET /seiten/produkte.htm HTTP/1.1" 200 9105 "-" "Mozilla/4.0 (compatible; MSIE 6.0; Windows NT 5.1; SV1)"
5.188.211.15 - - [01/Jan/2018:22:52:03 +0100] "GET /seiten/partner.htm HTTP/1.1" 200 9458 "-" "Mozilla/4.0 (compatible; MSIE 6.0; Windows NT 5.1; SV1)"
5.188.211.15 - - [01/Jan/2018:22:52:03 +0100] "GET /seiten/service.htm HTTP/1.1" 200 10577 "-" "Mozilla/4.0 (compatible; MSIE 6.0; Windows NT 5.1; SV1)"
5.188.211.15 - - [01/Jan/2018:22:52:03 +0100] "GET /seiten/kontakt.php HTTP/1.1" 200 12788 "-" "Mozilla/4.0 (compatible; MSIE 6.0; Windows NT 5.1; SV1)"
106.38.241.108 - - [01/Jan/2018:23:05:27 +0100] "GET / HTTP/1.1" 304 - "-" "Sogou web spider/4.0(+http://www.sogou.com/docs/help/webmasters.htm#07)"
106.38.241.108 - - [01/Jan/2018:23:05:28 +0100] "GET /robots.txt HTTP/1.1" 404 1256 "-" "Sogou web spider/4.0(+http://www.sogou.com/docs/help/webmasters.htm#07)"
36.68.51.231 - - [02/Jan/2018:00:52:59 +0100] "GET / HTTP/1.1" 200 7903 "http://www.prokommunal.com" "Mozilla/5.0 (Windows NT 6.3; WOW64; rv:50.0) Gecko/20100101 Firefox/50.0"
66.249.64.2 - - [02/Jan/2018:01:30:17 +0100] "GET / HTTP/1.1" 200 7903 "-" "Mozilla/5.0 (compatible; Googlebot/2.1; +http://www.google.com/bot.html)"
216.244.66.200 - - [02/Jan/2018:02:01:17 +0100] "GET /robots.txt HTTP/1.1" 404 1256 "-" "Mozilla/5.0 (compatible; DotBot/1.1; http://www.opensiteexplorer.org/dotbot, help@moz.com)"
46.229.164.99 - - [02/Jan/2018:02:27:39 +0100] "GET /robots.txt HTTP/1.1" 404 1256 "-" "Mozilla/5.0 (compatible; SemrushBot/1.2~bl; +http://www.semrush.com/bot.html)"
216.244.66.200 - - [02/Jan/2018:03:05:59 +0100] "GET /seiten/partner.htm HTTP/1.1" 200 9458 "-" "Mozilla/5.0 (compatible; DotBot/1.1; http://www.opensiteexplorer.org/dotbot, help@moz.com)"
66.249.64.152 - - [02/Jan/2018:03:17:38 +0100] "GET / HTTP/1.1" 200 7903 "-" "Mozilla/5.0 (compatible; Googlebot/2.1; +http://www.google.com/bot.html)"
13.56.229.65 - - [02/Jan/2018:03:54:18 +0100] "GET / HTTP/1.1" 200 7903 "-" "Mozilla/5.0 (Macintosh; Intel Mac OS X 10_12_6) AppleWebKit/537.36 (KHTML, like Gecko) Chrome/61.0.3163.100 Safari/537.36"
216.244.66.250 - - [02/Jan/2018:04:35:09 +0100] "GET /robots.txt HTTP/1.1" 404 1256 "-" "Mozilla/5.0 (compatible; DotBot/1.1; http://www.opensiteexplorer.org/dotbot, help@moz.com)"
216.244.66.250 - - [02/Jan/2018:04:38:21 +0100] "GET /seiten/partner.htm HTTP/1.1" 200 9458 "-" "Mozilla/5.0 (compatible; DotBot/1.1; http://www.opensiteexplorer.org/dotbot, help@moz.com)"
46.229.164.100 - - [02/Jan/2018:05:02:47 +0100] "GET /robots.txt HTTP/1.1" 404 1256 "-" "Mozilla/5.0 (compatible; SemrushBot/1.2~bl; +http://www.semrush.com/bot.html)"
216.244.66.250 - - [02/Jan/2018:05:32:02 +0100] "GET /robots.txt HTTP/1.1" 404 1256 "-" "Mozilla/5.0 (compatible; DotBot/1.1; http://www.opensiteexplorer.org/dotbot, help@moz.com)"
216.244.66.250 - - [02/Jan/2018:05:34:36 +0100] "GET /seiten/referenzen.htm HTTP/1.1" 200 41689 "-" "Mozilla/5.0 (compatible; DotBot/1.1; http://www.opensiteexplorer.org/dotbot, help@moz.com)"
139.129.40.112 - - [02/Jan/2018:05:40:36 +0100] "GET / HTTP/1.1" 200 7903 "-" "-"
139.129.40.112 - - [02/Jan/2018:05:40:37 +0100] "GET /xmlrpc.php HTTP/1.1" 404 1256 "-" "-"
139.129.40.112 - - [02/Jan/2018:05:40:38 +0100] "HEAD /wp-login.php HTTP/1.1" 404 - "-" "-"
68.180.229.28 - - [02/Jan/2018:06:00:51 +0100] "GET /robots.txt HTTP/1.1" 404 1256 "-" "Mozilla/5.0 (compatible; Yahoo! Slurp; http://help.yahoo.com/help/us/ysearch/slurp)"
68.180.229.28 - - [02/Jan/2018:06:01:22 +0100] "GET /seiten/produkte.htm HTTP/1.1" 200 9105 "-" "Mozilla/5.0 (compatible; Yahoo! Slurp; http://help.yahoo.com/help/us/ysearch/slurp)"
13.56.229.65 - - [02/Jan/2018:06:01:25 +0100] "GET / HTTP/1.1" 200 7903 "-" "Mozilla/5.0 (Macintosh; Intel Mac OS X 10_12_6) AppleWebKit/537.36 (KHTML, like Gecko) Chrome/61.0.3163.100 Safari/537.36"
195.138.51.10 - - [02/Jan/2018:06:24:20 +0100] "GET /gast-fsw/fle_v20.zip HTTP/1.1" 200 27725106 "-" "Mozilla/5.0 (Windows NT 6.1; Trident/7.0; rv:11.0) like Gecko"
62.225.184.146 - - [02/Jan/2018:06:32:13 +0100] "GET /gast-fsw/fle_v20.zip HTTP/1.0" 200 27725106 "-" "Mozilla/5.0 (Windows NT 10.0; Trident/7.0; rv:11.0) like Gecko"
62.225.184.146 - - [02/Jan/2018:06:46:47 +0100] "GET /gast-fsw/fsw_v59.zip HTTP/1.0" 404 1256 "-" "Mozilla/5.0 (Windows NT 10.0; Trident/7.0; rv:11.0) like Gecko"
62.225.184.146 - - [02/Jan/2018:06:46:48 +0100] "GET /favicon.ico HTTP/1.0" 304 - "-" "Mozilla/5.0 (Windows NT 10.0; Trident/7.0; rv:11.0) like Gecko"
194.76.64.12 - - [02/Jan/2018:06:59:08 +0100] "GET /gast-fsw/fle_v20.zip HTTP/1.1" 200 27725106 "-" "Mozilla/5.0 (Windows NT 10.0; WOW64; rv:45.0) Gecko/20100101 Firefox/45.0"
212.59.55.66 - - [02/Jan/2018:06:59:31 +0100] "GET /gast-fsw/fle_v20.zip HTTP/1.1" 200 27725106 "-" "Mozilla/5.0 (Windows NT 10.0; WOW64; Trident/7.0; rv:11.0) like Gecko"
212.59.55.66 - - [02/Jan/2018:06:59:47 +0100] "GET /favicon.ico HTTP/1.1" 200 894 "-" "Mozilla/5.0 (Windows NT 10.0; Win64; x64; Trident/7.0; rv:11.0) like Gecko"
141.15.28.132 - - [02/Jan/2018:07:02:06 +0100] "GET /gast-fsw/fle_v20-labo.zip HTTP/1.1" 200 21132043 "-" "Mozilla/5.0 (Windows NT 6.1; WOW64; rv:52.0) Gecko/20100101 Firefox/52.0"
212.59.55.66 - - [02/Jan/2018:07:05:31 +0100] "GET /gast-fsw/fle_v20.zip HTTP/1.1" 200 27725106 "-" "Mozilla/5.0 (Windows NT 6.1; WOW64; Trident/7.0; rv:11.0) like Gecko"
212.59.55.66 - - [02/Jan/2018:07:05:47 +0100] "GET /favicon.ico HTTP/1.1" 200 894 "-" "Mozilla/5.0 (Windows NT 6.1; Win64; x64; Trident/7.0; rv:11.0) like Gecko"
91.102.136.106 - - [02/Jan/2018:07:15:03 +0100] "GET /gast-fsw/fle_v20.zip HTTP/1.1" 200 27725106 "-" "Mozilla/5.0 (Windows NT 6.1; WOW64; rv:52.0) Gecko/20100101 Firefox/52.0"
85.8.68.163 - - [02/Jan/2018:07:22:20 +0100] "GET /gast-fsw/fle_v20.zip HTTP/1.1" 200 27725106 "-" "Mozilla/5.0 (Windows NT 6.1; WOW64; Trident/7.0; rv:11.0) like Gecko"
65.208.151.119 - - [02/Jan/2018:07:25:20 +0100] "GET /gast-fsw/fle_v20.zip HTTP/1.1" 200 27725106 "-" "Mozilla/4.0 (compatible; MSIE 6.0; Windows NT 5.1; SV1)"
81.14.169.193 - - [02/Jan/2018:07:26:16 +0100] "GET /gast-fsw/fle_v20.zip HTTP/1.1" 200 27725106 "-" "Mozilla/5.0 (Windows NT 6.1; Win64; x64; rv:57.0) Gecko/20100101 Firefox/57.0"
80.156.174.35 - - [02/Jan/2018:07:26:41 +0100] "GET /gast-fsw/fle_v20.zip HTTP/1.1" 200 27725106 "-" "Mozilla/5.0 (Windows NT 6.1; Trident/7.0; rv:11.0) like Gecko"
150.70.188.170 - - [02/Jan/2018:07:27:11 +0100] "GET /gast-fsw/fle_v20.zip HTTP/1.1" 200 27725106 "-" "Mozilla/4.0 (compatible; MSIE 8.0; Windows NT 5.1; Trident/4.0)"
42.236.10.77 - - [02/Jan/2018:07:28:14 +0100] "GET / HTTP/1.1" 200 7903 "http://www.prokommunal.de/" "Mozilla/5.0 (Windows NT 6.1; WOW64) AppleWebKit/537.36 (KHTML, like Gecko) Chrome/50.0.2661.102 Safari/537.36; 360Spider"
91.102.136.90 - - [02/Jan/2018:07:30:02 +0100] "GET /gast-fsw/fle_v20.zip HTTP/1.1" 200 27725106 "-" "Mozilla/5.0 (Windows NT 10.0; WOW64; rv:57.0) Gecko/20100101 Firefox/57.0"
195.145.216.111 - - [02/Jan/2018:07:35:04 +0100] "GET /gast-fsw/fle_v20.zip HTTP/1.1" 200 27725106 "-" "Mozilla/5.0 (Windows NT 6.1; WOW64; Trident/7.0; rv:11.0) like Gecko"
195.145.216.111 - - [02/Jan/2018:07:36:42 +0100] "GET /gast-fsw/fle_v20.zip HTTP/1.1" 200 27725106 "-" "Mozilla/5.0 (Windows NT 6.1; WOW64; Trident/7.0; rv:11.0) like Gecko"
195.145.216.111 - - [02/Jan/2018:07:38:57 +0100] "GET /gast-fsw/fle_v20.zip HTTP/1.1" 200 27725106 "-" "Mozilla/5.0 (Windows NT 6.1; WOW64; Trident/7.0; rv:11.0) like Gecko"
195.145.216.111 - - [02/Jan/2018:07:40:35 +0100] "GET /gast-fsw/fle_v20.zip HTTP/1.1" 200 27725106 "-" "Mozilla/5.0 (Windows NT 6.1; WOW64; Trident/7.0; rv:11.0) like Gecko"
195.145.216.111 - - [02/Jan/2018:07:41:54 +0100] "GET /gast-fsw/fle_v20.zip HTTP/1.1" 200 27725106 "-" "Mozilla/5.0 (Windows NT 6.1; WOW64; Trident/7.0; rv:11.0) like Gecko"
195.145.216.111 - - [02/Jan/2018:07:42:13 +0100] "GET /gast-fsw/fle_v20.zip HTTP/1.1" 200 27725106 "-" "Mozilla/5.0 (Windows NT 6.1; WOW64; Trident/7.0; rv:11.0) like Gecko"
217.7.162.150 - - [02/Jan/2018:07:48:31 +0100] "GET /gast-fsw/fle_v20.zip HTTP/1.1" 200 27725106 "-" "Mozilla/5.0 (Windows NT 6.1; WOW64; Trident/7.0; rv:11.0) like Gecko"
213.206.191.98 - - [02/Jan/2018:07:53:46 +0100] "GET /gast-fsw/fle_v20.zip HTTP/1.0" 200 27725106 "-" "Mozilla/5.0 (Windows NT 6.1; Trident/7.0; rv:11.0) like Gecko"
213.206.191.98 - - [02/Jan/2018:07:53:46 +0100] "GET /gast-fsw/fle_v20.zip HTTP/1.0" 200 27725106 "-" "Mozilla/5.0 (Windows NT 6.1; Trident/7.0; rv:11.0) like Gecko"
91.67.235.178 - - [02/Jan/2018:08:03:02 +0100] "GET /gast-fsw/fle_v20.zip HTTP/1.1" 200 27725106 "-" "Mozilla/5.0 (Windows NT 6.1; Win64; x64) AppleWebKit/537.36 (KHTML, like Gecko) Chrome/63.0.3239.84 Safari/537.36"
83.243.48.54 - - [02/Jan/2018:08:03:22 +0100] "GET /gast-fsw/fle_v20.zip HTTP/1.1" 200 27725106 "-" "Mozilla/5.0 (Windows NT 6.1; Win64; x64; rv:57.0) Gecko/20100101 Firefox/57.0"
194.25.108.80 - - [02/Jan/2018:08:03:32 +0100] "GET /gast-fsw/fle_v20.zip HTTP/1.1" 200 27725106 "-" "Mozilla/5.0 (Windows NT 10.0; Win64; x64) AppleWebKit/537.36 (KHTML, like Gecko) Chrome/46.0.2486.0 Safari/537.36 Edge/13.10586"
52.27.2.86 - - [02/Jan/2018:08:04:27 +0100] "GET /gast-fsw/fle_v20.zip HTTP/1.1" 200 27725106 "-" "Mozilla/4.0 (compatible; MSIE 8.0; Windows NT 5.1; Trident/4.0)"
195.145.223.83 - - [02/Jan/2018:08:07:52 +0100] "GET /gast-fsw/fle_v20.zip HTTP/1.1" 200 27725106 "-" "Mozilla/5.0 (Windows NT 6.1; WOW64; Trident/7.0; rv:11.0) like Gecko"
62.157.229.242 - - [02/Jan/2018:08:07:45 +0100] "GET /gast-fsw/fle_v20.zip HTTP/1.1" 200 27725106 "-" "Mozilla/5.0 (Windows NT 6.1; WOW64; Trident/7.0; rv:11.0) like Gecko"
46.235.158.196 - - [02/Jan/2018:08:07:58 +0100] "GET /gast-fsw/fle_v20.zip HTTP/1.1" 200 27725106 "-" "Mozilla/5.0 (Windows NT 6.1; Trident/7.0; rv:11.0) like Gecko"
80.228.30.101 - - [02/Jan/2018:08:07:58 +0100] "GET /gast-fsw/fle_v20.zip HTTP/1.1" 200 27725106 "-" "Mozilla/5.0 (Windows NT 6.1; Trident/7.0; rv:11.0) like Gecko"
195.145.223.83 - - [02/Jan/2018:08:12:09 +0100] "GET /gast-fsw/fle_v20.zip HTTP/1.1" 200 27725106 "-" "Mozilla/5.0 (Windows NT 6.1; WOW64; Trident/7.0; rv:11.0) like Gecko"
217.7.23.66 - - [02/Jan/2018:08:12:24 +0100] "GET /gast-fsw/fle_v20.zip HTTP/1.1" 200 27725106 "-" "Mozilla/5.0 (Windows NT 10.0; WOW64; Trident/7.0; rv:11.0) like Gecko"
136.243.17.161 - - [02/Jan/2018:08:15:06 +0100] "GET /seiten/kontakt.php HTTP/1.1" 200 12788 "-" "Mozilla/5.0 (Windows NT 6.1; WOW64; rv:21.0) Gecko/20130401 Firefox/21.0"
148.251.75.46 - - [02/Jan/2018:08:15:08 +0100] "GET /seiten/kontakt.php HTTP/1.1" 200 12788 "-" "Mozilla/5.0 (Windows NT 5.0; rv:21.0) Gecko/20100101 Firefox/21.0"
88.99.27.172 - - [02/Jan/2018:08:15:23 +0100] "GET /seiten/kontakt.php HTTP/1.1" 200 12788 "-" "Mozilla/5.0 (Macintosh; Intel Mac OS X 10_6_8) AppleWebKit/535.19 (KHTML, like Gecko) Chrome/18.0.1025.166 Safari/535.19"
195.145.223.83 - - [02/Jan/2018:08:15:32 +0100] "GET /gast-fsw/fle_v20.zip HTTP/1.1" 200 27725106 "-" "Mozilla/5.0 (Windows NT 6.1; WOW64; Trident/7.0; rv:11.0) like Gecko"
95.89.59.209 - - [02/Jan/2018:08:15:56 +0100] "GET /gast-fsw/fle_v20.zip HTTP/1.1" 200 27725106 "-" "Mozilla/5.0 (Windows NT 10.0; Trident/7.0; rv:11.0) like Gecko"
217.13.170.10 - - [02/Jan/2018:08:17:34 +0100] "GET /gast-fsw/fle_v20.zip HTTP/1.1" 200 27725106 "-" "Mozilla/5.0 (Windows NT 6.1; WOW64; Trident/7.0; rv:11.0) like Gecko"
217.13.170.10 - - [02/Jan/2018:08:17:34 +0100] "GET /gast-fsw/fle_v20.zip HTTP/1.1" 200 27725106 "-" "Mozilla/5.0 (Windows NT 6.1; WOW64; Trident/7.0; rv:11.0) like Gecko"
138.197.104.19 - - [02/Jan/2018:08:19:55 +0100] "GET / HTTP/1.1" 200 7903 "http://www.prokommunal.com" "Mozilla/5.0 (compatible; DnyzBot/1.0)"
138.197.104.19 - - [02/Jan/2018:08:19:55 +0100] "GET /./scripte/basics.js HTTP/1.1" 200 198 "-" "Mozilla/5.0 (compatible; DnyzBot/1.0)"
138.197.104.19 - - [02/Jan/2018:08:19:56 +0100] "GET /./css/style.css HTTP/1.1" 200 3549 "-" "Mozilla/5.0 (compatible; DnyzBot/1.0)"
195.145.188.42 - - [02/Jan/2018:08:20:06 +0100] "GET /gast-fsw/fle_v20.zip HTTP/1.1" 200 27725106 "-" "Mozilla/5.0 (Windows NT 10.0; WOW64; rv:52.0) Gecko/20100101 Firefox/52.0"
138.197.104.19 - - [02/Jan/2018:08:20:18 +0100] "GET /robots.txt HTTP/1.1" 404 1256 "-" "Mozilla/5.0 (Windows NT 6.1; rv:28.0) Gecko/20100101 Firefox/28.0"
138.197.104.19 - - [02/Jan/2018:08:20:28 +0100] "GET /seiten/produkte.htm HTTP/1.1" 200 9105 "http://www.prokommunal.com" "Mozilla/5.0 (compatible; DnyzBot/1.0)"
138.197.104.19 - - [02/Jan/2018:08:20:28 +0100] "GET /seiten/partner.htm HTTP/1.1" 200 9458 "http://www.prokommunal.com" "Mozilla/5.0 (compatible; DnyzBot/1.0)"
138.197.104.19 - - [02/Jan/2018:08:20:28 +0100] "GET /seiten/service.htm HTTP/1.1" 200 10577 "http://www.prokommunal.com" "Mozilla/5.0 (compatible; DnyzBot/1.0)"
138.197.104.19 - - [02/Jan/2018:08:20:28 +0100] "GET /css/style.css HTTP/1.1" 200 3549 "-" "Mozilla/5.0 (compatible; DnyzBot/1.0)"
138.197.104.19 - - [02/Jan/2018:08:20:28 +0100] "GET /scripte/basics.js HTTP/1.1" 200 198 "-" "Mozilla/5.0 (compatible; DnyzBot/1.0)"
138.197.104.19 - - [02/Jan/2018:08:20:28 +0100] "GET /scripte/basics.js HTTP/1.1" 200 198 "-" "Mozilla/5.0 (compatible; DnyzBot/1.0)"
138.197.104.19 - - [02/Jan/2018:08:20:28 +0100] "GET /css/style.css HTTP/1.1" 200 3549 "-" "Mozilla/5.0 (compatible; DnyzBot/1.0)"
138.197.104.19 - - [02/Jan/2018:08:20:28 +0100] "GET /seiten/impr.htm HTTP/1.1" 200 8696 "http://www.prokommunal.com" "Mozilla/5.0 (compatible; DnyzBot/1.0)"
138.197.104.19 - - [02/Jan/2018:08:20:28 +0100] "GET /seiten/kontakt.php HTTP/1.1" 200 12788 "http://www.prokommunal.com" "Mozilla/5.0 (compatible; DnyzBot/1.0)"
138.197.104.19 - - [02/Jan/2018:08:20:28 +0100] "GET /seiten/databund.html HTTP/1.1" 200 9125 "http://www.prokommunal.com" "Mozilla/5.0 (compatible; DnyzBot/1.0)"
138.197.104.19 - - [02/Jan/2018:08:20:28 +0100] "GET /seiten/referenzen.htm HTTP/1.1" 200 41689 "http://www.prokommunal.com" "Mozilla/5.0 (compatible; DnyzBot/1.0)"
213.206.191.98 - - [02/Jan/2018:08:24:55 +0100] "GET /gast-fsw/fle_v20.zip HTTP/1.1" 200 27725106 "-" "Mozilla/5.0 (Windows NT 10.0; WOW64; rv:52.0) Gecko/20100101 Firefox/52.0"
81.14.181.26 - - [02/Jan/2018:08:25:15 +0100] "GET /gast-fsw/fle_v20.zip HTTP/1.1" 200 27725106 "-" "Mozilla/5.0 (Windows NT 6.1; WOW64; Trident/7.0; rv:11.0) like Gecko"
66.102.6.109 - - [02/Jan/2018:08:26:13 +0100] "GET /gast-fsw/fle_v20.zip HTTP/1.1" 200 27725106 "https://www.google.com/" "Mozilla/5.0 (Windows NT 6.1; Win64; x64) AppleWebKit/537.36 (KHTML, like Gecko) Chrome/62.0.3202.94 Safari/537.36"
80.228.30.101 - - [02/Jan/2018:08:30:45 +0100] "GET /gast-fsw/fle_v20.zip HTTP/1.1" 200 27725106 "-" "Mozilla/5.0 (Windows NT 6.1; Trident/7.0; TOnlineIE11A; rv:11.0) like Gecko"
95.89.59.209 - - [02/Jan/2018:08:31:54 +0100] "GET /gast-fsw/fle_v20.zip HTTP/1.1" 200 27725106 "-" "Mozilla/5.0 (Windows NT 6.1; Trident/7.0; rv:11.0) like Gecko"
95.89.59.209 - - [02/Jan/2018:08:31:54 +0100] "GET /gast-fsw/fle_v20.zip HTTP/1.1" 200 27725106 "-" "Mozilla/5.0 (Windows NT 6.1; Trident/7.0; rv:11.0) like Gecko"
91.102.136.90 - - [02/Jan/2018:08:36:57 +0100] "GET / HTTP/1.1" 200 7903 "https://www.google.de/" "Mozilla/5.0 (Windows NT 10.0; WOW64; rv:57.0) Gecko/20100101 Firefox/57.0"
91.102.136.90 - - [02/Jan/2018:08:36:58 +0100] "GET /css/style.css HTTP/1.1" 200 3549 "http://www.prokommunal.com/" "Mozilla/5.0 (Windows NT 10.0; WOW64; rv:57.0) Gecko/20100101 Firefox/57.0"
91.102.136.90 - - [02/Jan/2018:08:36:58 +0100] "GET /scripte/basics.js HTTP/1.1" 200 198 "http://www.prokommunal.com/" "Mozilla/5.0 (Windows NT 10.0; WOW64; rv:57.0) Gecko/20100101 Firefox/57.0"
91.102.136.90 - - [02/Jan/2018:08:36:58 +0100] "GET /img/head01.jpg HTTP/1.1" 200 6350 "http://www.prokommunal.com/" "Mozilla/5.0 (Windows NT 10.0; WOW64; rv:57.0) Gecko/20100101 Firefox/57.0"
91.102.136.90 - - [02/Jan/2018:08:36:58 +0100] "GET /img/head02.jpg HTTP/1.1" 200 4929 "http://www.prokommunal.com/" "Mozilla/5.0 (Windows NT 10.0; WOW64; rv:57.0) Gecko/20100101 Firefox/57.0"
91.102.136.90 - - [02/Jan/2018:08:36:58 +0100] "GET /redesign/img/bg_gelb.jpg HTTP/1.1" 200 368 "http://www.prokommunal.com/css/style.css" "Mozilla/5.0 (Windows NT 10.0; WOW64; rv:57.0) Gecko/20100101 Firefox/57.0"
91.102.136.90 - - [02/Jan/2018:08:36:58 +0100] "GET /img/head03.jpg HTTP/1.1" 200 7610 "http://www.prokommunal.com/" "Mozilla/5.0 (Windows NT 10.0; WOW64; rv:57.0) Gecko/20100101 Firefox/57.0"
91.102.136.90 - - [02/Jan/2018:08:36:58 +0100] "GET /favicon.ico HTTP/1.1" 200 894 "-" "Mozilla/5.0 (Windows NT 10.0; WOW64; rv:57.0) Gecko/20100101 Firefox/57.0"
91.102.136.90 - - [02/Jan/2018:08:36:58 +0100] "GET /redesign/img/bg_foot.gif HTTP/1.1" 200 286 "http://www.prokommunal.com/css/style.css" "Mozilla/5.0 (Windows NT 10.0; WOW64; rv:57.0) Gecko/20100101 Firefox/57.0"
91.102.136.90 - - [02/Jan/2018:08:37:00 +0100] "GET /seiten/kontakt.php HTTP/1.1" 200 12788 "http://www.prokommunal.com/" "Mozilla/5.0 (Windows NT 10.0; WOW64; rv:57.0) Gecko/20100101 Firefox/57.0"
91.102.136.90 - - [02/Jan/2018:08:37:00 +0100] "GET /img/1px_tr.gif HTTP/1.1" 200 43 "http://www.prokommunal.com/seiten/kontakt.php" "Mozilla/5.0 (Windows NT 10.0; WOW64; rv:57.0) Gecko/20100101 Firefox/57.0"
91.102.136.90 - - [02/Jan/2018:08:37:00 +0100] "GET /img/top.gif HTTP/1.1" 200 96 "http://www.prokommunal.com/seiten/kontakt.php" "Mozilla/5.0 (Windows NT 10.0; WOW64; rv:57.0) Gecko/20100101 Firefox/57.0"
91.102.136.90 - - [02/Jan/2018:08:37:00 +0100] "GET /img/men_01.jpg HTTP/1.1" 200 713 "http://www.prokommunal.com/seiten/kontakt.php" "Mozilla/5.0 (Windows NT 10.0; WOW64; rv:57.0) Gecko/20100101 Firefox/57.0"
217.13.170.10 - - [02/Jan/2018:08:41:39 +0100] "GET /gast-fsw/fle_v20.zip HTTP/1.1" 200 27725106 "-" "Mozilla/5.0 (Windows NT 6.1; Trident/7.0; rv:11.0) like Gecko"
217.13.170.10 - - [02/Jan/2018:08:41:39 +0100] "GET /gast-fsw/fle_v20.zip HTTP/1.1" 200 27725106 "-" "Mozilla/5.0 (Windows NT 6.1; Trident/7.0; rv:11.0) like Gecko"
192.166.87.126 - - [02/Jan/2018:08:47:05 +0100] "GET /gast-fsw/fle_v20.zip HTTP/1.1" 200 27725106 "-" "Mozilla/5.0 (Windows NT 6.1; WOW64; rv:50.0) Gecko/20100101 Firefox/50.0"
50.112.194.65 - - [02/Jan/2018:08:48:09 +0100] "GET /gast-fsw/fle_v20.zip HTTP/1.1" 200 27725106 "-" "Mozilla/4.0 (compatible; MSIE 8.0; Windows NT 5.1; Trident/4.0)"
212.95.127.37 - - [02/Jan/2018:08:53:35 +0100] "GET /gast-fsw/fle_v20.zip HTTP/1.1" 200 27725106 "-" "Mozilla/5.0 (Windows NT 6.1; WOW64; Trident/7.0; rv:11.0) like Gecko"
81.14.169.193 - - [02/Jan/2018:08:56:34 +0100] "GET /gast-fsw/fle_v20.zip HTTP/1.1" 200 27725106 "-" "Mozilla/5.0 (Windows NT 6.1; WOW64; Trident/7.0; rv:11.0) like Gecko"
192.166.87.116 - - [02/Jan/2018:09:11:50 +0100] "GET /gast-fsw/fle_v20.zip HTTP/1.1" 200 27725106 "-" "Mozilla/5.0 (Windows NT 6.1; WOW64; rv:52.0) Gecko/20100101 Firefox/52.0"
188.138.41.206 - - [02/Jan/2018:09:14:11 +0100] "GET / HTTP/1.1" 200 7903 "-" "Mozilla/5.0 (X11; U; Linux Core i7-4980HQ; de; rv:32.0; compatible; JobboerseBot; http://www.jobboerse.com/bot.htm) Gecko/20100101 Firefox/38.0"
188.138.41.206 - - [02/Jan/2018:09:14:11 +0100] "GET /scripte/basics.js HTTP/1.1" 200 198 "http://www.prokommunal.com/" "Mozilla/5.0 (X11; U; Linux Core i7-4980HQ; de; rv:32.0; compatible; JobboerseBot; http://www.jobboerse.com/bot.htm) Gecko/20100101 Firefox/38.0"
188.138.41.206 - - [02/Jan/2018:09:14:12 +0100] "GET /robots.txt HTTP/1.1" 404 1256 "-" "Mozilla/5.0 (X11; U; Linux Core i7-4980HQ; de; rv:32.0; compatible; JobboerseBot; http://www.jobboerse.com/bot.htm) Gecko/20100101 Firefox/38.0"
188.138.41.206 - - [02/Jan/2018:09:14:13 +0100] "GET / HTTP/1.1" 200 7903 "-" "Mozilla/5.0 (X11; U; Linux Core i7-4980HQ; de; rv:32.0; compatible; JobboerseBot; http://www.jobboerse.com/bot.htm) Gecko/20100101 Firefox/38.0"
188.138.41.206 - - [02/Jan/2018:09:14:13 +0100] "GET /scripte/basics.js HTTP/1.1" 200 198 "http://www.prokommunal.com/" "Mozilla/5.0 (X11; U; Linux Core i7-4980HQ; de; rv:32.0; compatible; JobboerseBot; http://www.jobboerse.com/bot.htm) Gecko/20100101 Firefox/38.0"
188.138.41.206 - - [02/Jan/2018:09:14:15 +0100] "GET / HTTP/1.1" 200 7903 "-" "Mozilla/5.0 (X11; U; Linux Core i7-4980HQ; de; rv:32.0; compatible; JobboerseBot; http://www.jobboerse.com/bot.htm) Gecko/20100101 Firefox/38.0"
188.138.41.206 - - [02/Jan/2018:09:14:15 +0100] "GET /scripte/basics.js HTTP/1.1" 200 198 "http://www.prokommunal.com/" "Mozilla/5.0 (X11; U; Linux Core i7-4980HQ; de; rv:32.0; compatible; JobboerseBot; http://www.jobboerse.com/bot.htm) Gecko/20100101 Firefox/38.0"
188.138.41.206 - - [02/Jan/2018:09:14:16 +0100] "GET /css/style.css HTTP/1.1" 200 3549 "http://www.prokommunal.com/" "Mozilla/5.0 (X11; U; Linux Core i7-4980HQ; de; rv:32.0; compatible; JobboerseBot; http://www.jobboerse.com/bot.htm) Gecko/20100101 Firefox/38.0"
188.138.41.206 - - [02/Jan/2018:09:14:20 +0100] "GET /seiten/kontakt.php HTTP/1.1" 200 12788 "-" "Mozilla/5.0 (X11; U; Linux Core i7-4980HQ; de; rv:32.0; compatible; JobboerseBot; http://www.jobboerse.com/bot.htm) Gecko/20100101 Firefox/38.0"
188.138.41.206 - - [02/Jan/2018:09:14:21 +0100] "GET /scripte/basics.js HTTP/1.1" 200 198 "http://www.prokommunal.com/seiten/kontakt.php" "Mozilla/5.0 (X11; U; Linux Core i7-4980HQ; de; rv:32.0; compatible; JobboerseBot; http://www.jobboerse.com/bot.htm) Gecko/20100101 Firefox/38.0"
188.138.41.206 - - [02/Jan/2018:09:14:21 +0100] "GET /css/style.css HTTP/1.1" 200 3549 "http://www.prokommunal.com/seiten/kontakt.php" "Mozilla/5.0 (X11; U; Linux Core i7-4980HQ; de; rv:32.0; compatible; JobboerseBot; http://www.jobboerse.com/bot.htm) Gecko/20100101 Firefox/38.0"
188.138.41.206 - - [02/Jan/2018:09:14:41 +0100] "GET /seiten/databund.html HTTP/1.1" 200 9125 "-" "Mozilla/5.0 (X11; U; Linux Core i7-4980HQ; de; rv:32.0; compatible; JobboerseBot; http://www.jobboerse.com/bot.htm) Gecko/20100101 Firefox/38.0"
