217.6.207.122 - - [16/Jul/2013:11:33:00 +0200] "GET /favicon.ico HTTP/1.1" 200 894 "-" "Mozilla/5.0 (Windows NT 6.1; WOW64; rv:22.0) Gecko/20100101 Firefox/22.0"
217.6.207.122 - - [16/Jul/2013:11:33:00 +0200] "GET /img/head01.jpg HTTP/1.1" 200 6350 "http://www.prokommunal-berlin.de/" "Mozilla/5.0 (Windows NT 6.1; WOW64; rv:22.0) Gecko/20100101 Firefox/22.0"
217.6.207.122 - - [16/Jul/2013:11:33:00 +0200] "GET /redesign/img/bg_foot.gif HTTP/1.1" 200 286 "http://www.prokommunal-berlin.de/css/style.css" "Mozilla/5.0 (Windows NT 6.1; WOW64; rv:22.0) Gecko/20100101 Firefox/22.0"
217.6.207.122 - - [16/Jul/2013:11:33:00 +0200] "GET /redesign/img/bg_gelb.jpg HTTP/1.1" 200 368 "http://www.prokommunal-berlin.de/css/style.css" "Mozilla/5.0 (Windows NT 6.1; WOW64; rv:22.0) Gecko/20100101 Firefox/22.0"
217.6.207.122 - - [16/Jul/2013:11:33:00 +0200] "GET /img/head02.jpg HTTP/1.1" 200 4929 "http://www.prokommunal-berlin.de/" "Mozilla/5.0 (Windows NT 6.1; WOW64; rv:22.0) Gecko/20100101 Firefox/22.0"
217.6.207.122 - - [16/Jul/2013:11:33:00 +0200] "GET /img/head03.jpg HTTP/1.1" 200 7610 "http://www.prokommunal-berlin.de/" "Mozilla/5.0 (Windows NT 6.1; WOW64; rv:22.0) Gecko/20100101 Firefox/22.0"
217.6.207.122 - - [16/Jul/2013:11:33:11 +0200] "GET /seiten/produkte.htm HTTP/1.1" 200 9105 "http://www.prokommunal-berlin.de/" "Mozilla/5.0 (Windows NT 6.1; WOW64; rv:22.0) Gecko/20100101 Firefox/22.0"
217.6.207.122 - - [16/Jul/2013:11:33:11 +0200] "GET /img/1px_tr.gif HTTP/1.1" 200 43 "http://www.prokommunal-berlin.de/seiten/produkte.htm" "Mozilla/5.0 (Windows NT 6.1; WOW64; rv:22.0) Gecko/20100101 Firefox/22.0"
217.6.207.122 - - [16/Jul/2013:11:33:11 +0200] "GET /img/top.gif HTTP/1.1" 200 96 "http://www.prokommunal-berlin.de/seiten/produkte.htm" "Mozilla/5.0 (Windows NT 6.1; WOW64; rv:22.0) Gecko/20100101 Firefox/22.0"
217.6.207.122 - - [16/Jul/2013:11:33:11 +0200] "GET /img/men_01.jpg HTTP/1.1" 200 713 "http://www.prokommunal-berlin.de/seiten/produkte.htm" "Mozilla/5.0 (Windows NT 6.1; WOW64; rv:22.0) Gecko/20100101 Firefox/22.0"
217.6.207.122 - - [16/Jul/2013:11:33:24 +0200] "GET /seiten/fsw.htm HTTP/1.1" 200 9961 "http://www.prokommunal-berlin.de/seiten/produkte.htm" "Mozilla/5.0 (Windows NT 6.1; WOW64; rv:22.0) Gecko/20100101 Firefox/22.0"
217.6.207.122 - - [16/Jul/2013:11:33:24 +0200] "GET /img/fsw.jpg HTTP/1.1" 200 10878 "http://www.prokommunal-berlin.de/seiten/fsw.htm" "Mozilla/5.0 (Windows NT 6.1; WOW64; rv:22.0) Gecko/20100101 Firefox/22.0"
139.18.38.221 - - [16/Jul/2013:11:34:29 +0200] "GET /seiten/produkte.htm HTTP/1.1" 200 9105 "" "webmeasurement-bot, http://rvs.informatik.uni-leipzig.de/bot.php"
139.18.38.221 - - [16/Jul/2013:11:35:03 +0200] "GET /seiten/partner.htm HTTP/1.1" 200 9458 "" "webmeasurement-bot, http://rvs.informatik.uni-leipzig.de/bot.php"
139.18.38.221 - - [16/Jul/2013:11:35:22 +0200] "GET /seiten/referenzen.htm HTTP/1.1" 200 40249 "" "webmeasurement-bot, http://rvs.informatik.uni-leipzig.de/bot.php"
139.18.38.221 - - [16/Jul/2013:11:35:41 +0200] "GET /seiten/service.htm HTTP/1.1" 200 9959 "" "webmeasurement-bot, http://rvs.informatik.uni-leipzig.de/bot.php"
139.18.38.221 - - [16/Jul/2013:11:36:01 +0200] "GET /seiten/kontakt.php HTTP/1.1" 200 12788 "" "webmeasurement-bot, http://rvs.informatik.uni-leipzig.de/bot.php"
139.18.38.221 - - [16/Jul/2013:11:36:16 +0200] "GET /seiten/impr.htm HTTP/1.1" 200 8696 "" "webmeasurement-bot, http://rvs.informatik.uni-leipzig.de/bot.php"
139.18.38.221 - - [16/Jul/2013:11:36:33 +0200] "GET /seiten/databund.html HTTP/1.1" 200 9125 "" "webmeasurement-bot, http://rvs.informatik.uni-leipzig.de/bot.php"
208.115.111.72 - - [16/Jul/2013:11:50:30 +0200] "GET /seiten/fahrlehrerwesen.htm HTTP/1.1" 200 7168 "-" "Mozilla/5.0 (compatible; Ezooms/1.0; ezooms.bot@gmail.com)"
139.18.38.221 - - [16/Jul/2013:11:59:20 +0200] "GET /seiten/fsw.htm HTTP/1.1" 200 9961 "" "webmeasurement-bot, http://rvs.informatik.uni-leipzig.de/bot.php"
139.18.38.221 - - [16/Jul/2013:11:59:33 +0200] "GET /seiten/fahrlehrerwesen.htm HTTP/1.1" 200 7168 "" "webmeasurement-bot, http://rvs.informatik.uni-leipzig.de/bot.php"
139.18.38.221 - - [16/Jul/2013:11:59:58 +0200] "GET /seiten/kontroll.htm HTTP/1.1" 200 6599 "" "webmeasurement-bot, http://rvs.informatik.uni-leipzig.de/bot.php"
139.18.38.221 - - [16/Jul/2013:12:00:10 +0200] "GET /seiten/kraftverkehr.htm HTTP/1.1" 200 9210 "" "webmeasurement-bot, http://rvs.informatik.uni-leipzig.de/bot.php"
66.249.78.242 - - [16/Jul/2013:12:08:35 +0200] "GET /seiten/impr.htm HTTP/1.1" 304 - "-" "Mozilla/5.0 (compatible; Googlebot/2.1; +http://www.google.com/bot.html)"
66.249.78.242 - - [16/Jul/2013:12:17:38 +0200] "GET / HTTP/1.1" 200 7903 "-" "Mozilla/5.0 (compatible; Googlebot/2.1; +http://www.google.com/bot.html)"
5.10.176.82 - - [16/Jul/2013:12:19:28 +0200] "GET /seiten/fsw.htm HTTP/1.1" 200 9961 "http://www.google.de/url?sa=t&rct=j&q=prokommunal&source=web&cd=2&ved=0CDcQjBAwAQ&url=http%3A%2F%2Fwww.prokommunal.com%2Fseiten%2Ffsw.htm&ei=JB7lUcK0AsPIOa2DgIgL&usg=AFQjCNERYeHHc5tqnWyCzuVfTvyCJ3K0AQ&bvm=bv.48705608,d.ZWU" "Mozilla/5.0 (compatible; MSIE 10.0; Windows NT 6.1; Trident/6.0)"
5.10.176.82 - - [16/Jul/2013:12:19:29 +0200] "GET /css/style.css HTTP/1.1" 200 3549 "http://www.prokommunal.com/seiten/fsw.htm" "Mozilla/5.0 (compatible; MSIE 10.0; Windows NT 6.1; Trident/6.0)"
5.10.176.82 - - [16/Jul/2013:12:19:29 +0200] "GET /img/1px_tr.gif HTTP/1.1" 200 43 "http://www.prokommunal.com/seiten/fsw.htm" "Mozilla/5.0 (compatible; MSIE 10.0; Windows NT 6.1; Trident/6.0)"
5.10.176.82 - - [16/Jul/2013:12:19:29 +0200] "GET /img/head03.jpg HTTP/1.1" 200 7610 "http://www.prokommunal.com/seiten/fsw.htm" "Mozilla/5.0 (compatible; MSIE 10.0; Windows NT 6.1; Trident/6.0)"
5.10.176.82 - - [16/Jul/2013:12:19:29 +0200] "GET /img/head02.jpg HTTP/1.1" 200 4929 "http://www.prokommunal.com/seiten/fsw.htm" "Mozilla/5.0 (compatible; MSIE 10.0; Windows NT 6.1; Trident/6.0)"
5.10.176.82 - - [16/Jul/2013:12:19:29 +0200] "GET /img/head01.jpg HTTP/1.1" 200 6350 "http://www.prokommunal.com/seiten/fsw.htm" "Mozilla/5.0 (compatible; MSIE 10.0; Windows NT 6.1; Trident/6.0)"
5.10.176.82 - - [16/Jul/2013:12:19:29 +0200] "GET /scripte/basics.js HTTP/1.1" 200 198 "http://www.prokommunal.com/seiten/fsw.htm" "Mozilla/5.0 (compatible; MSIE 10.0; Windows NT 6.1; Trident/6.0)"
5.10.176.82 - - [16/Jul/2013:12:19:29 +0200] "GET /img/fsw.jpg HTTP/1.1" 200 10878 "http://www.prokommunal.com/seiten/fsw.htm" "Mozilla/5.0 (compatible; MSIE 10.0; Windows NT 6.1; Trident/6.0)"
5.10.176.82 - - [16/Jul/2013:12:19:29 +0200] "GET /img/top.gif HTTP/1.1" 200 96 "http://www.prokommunal.com/seiten/fsw.htm" "Mozilla/5.0 (compatible; MSIE 10.0; Windows NT 6.1; Trident/6.0)"
5.10.176.82 - - [16/Jul/2013:12:19:29 +0200] "GET /img/men_01.jpg HTTP/1.1" 200 713 "http://www.prokommunal.com/seiten/fsw.htm" "Mozilla/5.0 (compatible; MSIE 10.0; Windows NT 6.1; Trident/6.0)"
5.10.176.82 - - [16/Jul/2013:12:19:29 +0200] "GET /redesign/img/bg_gelb.jpg HTTP/1.1" 200 368 "http://www.prokommunal.com/seiten/fsw.htm" "Mozilla/5.0 (compatible; MSIE 10.0; Windows NT 6.1; Trident/6.0)"
5.10.176.82 - - [16/Jul/2013:12:19:29 +0200] "GET /redesign/img/bg_foot.gif HTTP/1.1" 200 286 "http://www.prokommunal.com/seiten/fsw.htm" "Mozilla/5.0 (compatible; MSIE 10.0; Windows NT 6.1; Trident/6.0)"
5.10.176.82 - - [16/Jul/2013:12:19:29 +0200] "GET /favicon.ico HTTP/1.1" 200 894 "-" "Mozilla/5.0 (compatible; MSIE 10.0; Windows NT 6.1; Trident/6.0)"
5.10.176.82 - - [16/Jul/2013:12:20:00 +0200] "GET /seiten/referenzen.htm HTTP/1.1" 200 40249 "http://www.prokommunal.com/seiten/fsw.htm" "Mozilla/5.0 (compatible; MSIE 10.0; Windows NT 6.1; Trident/6.0)"
208.115.113.88 - - [16/Jul/2013:12:51:57 +0200] "GET /robots.txt HTTP/1.1" 404 1256 "-" "Mozilla/5.0 (compatible; Ezooms/1.0; ezooms.bot@gmail.com)"
208.115.111.68 - - [16/Jul/2013:13:00:14 +0200] "GET /seiten/impr.htm HTTP/1.1" 200 8696 "-" "Mozilla/5.0 (compatible; Ezooms/1.0; ezooms.bot@gmail.com)"
66.249.78.242 - - [16/Jul/2013:13:05:56 +0200] "GET /robots.txt HTTP/1.1" 404 1256 "-" "Mozilla/5.0 (compatible; Googlebot/2.1; +http://www.google.com/bot.html)"
66.249.78.242 - - [16/Jul/2013:13:05:56 +0200] "GET /seiten/referenzen.htm HTTP/1.1" 304 - "-" "Mozilla/5.0 (compatible; Googlebot/2.1; +http://www.google.com/bot.html)"
199.30.20.35 - - [16/Jul/2013:13:32:08 +0200] "GET /robots.txt HTTP/1.1" 404 1256 "-" "msnbot-media/1.1 (+http://search.msn.com/msnbot.htm)"
199.30.20.35 - - [16/Jul/2013:13:32:08 +0200] "GET /img/databund.jpg HTTP/1.1" 404 1256 "-" "msnbot-media/1.1 (+http://search.msn.com/msnbot.htm)"
217.230.148.182 - - [16/Jul/2013:13:34:45 +0200] "GET / HTTP/1.1" 200 7903 "http://www.bigfinder.de/online-11.html" "Mozilla/4.0 (compatible; MSIE 8.0; Windows NT 6.1; Trident/4.0; SLCC2; .NET CLR 2.0.50727; .NET CLR 3.5.30729; .NET CLR 3.0.30729; Media Center PC 6.0)"
208.115.113.88 - - [16/Jul/2013:13:44:51 +0200] "GET /seiten/kraftverkehr.htm HTTP/1.1" 200 9210 "-" "Mozilla/5.0 (compatible; Ezooms/1.0; ezooms.bot@gmail.com)"
139.18.38.221 - - [16/Jul/2013:13:56:15 +0200] "GET /robots.txt HTTP/1.1" 404 1256 "" "webmeasurement-bot, http://rvs.informatik.uni-leipzig.de/bot.php"
139.18.38.221 - - [16/Jul/2013:13:57:07 +0200] "GET / HTTP/1.1" 200 7903 "" "webmeasurement-bot, http://rvs.informatik.uni-leipzig.de/bot.php"
139.18.38.221 - - [16/Jul/2013:14:04:45 +0200] "GET /seiten/produkte.htm HTTP/1.1" 200 9105 "" "webmeasurement-bot, http://rvs.informatik.uni-leipzig.de/bot.php"
139.18.38.221 - - [16/Jul/2013:14:04:56 +0200] "GET /seiten/partner.htm HTTP/1.1" 200 9458 "" "webmeasurement-bot, http://rvs.informatik.uni-leipzig.de/bot.php"
139.18.38.221 - - [16/Jul/2013:14:05:06 +0200] "GET /seiten/referenzen.htm HTTP/1.1" 200 40249 "" "webmeasurement-bot, http://rvs.informatik.uni-leipzig.de/bot.php"
139.18.38.221 - - [16/Jul/2013:14:05:16 +0200] "GET /seiten/service.htm HTTP/1.1" 200 9959 "" "webmeasurement-bot, http://rvs.informatik.uni-leipzig.de/bot.php"
139.18.38.221 - - [16/Jul/2013:14:05:31 +0200] "GET /seiten/kontakt.php HTTP/1.1" 200 12788 "" "webmeasurement-bot, http://rvs.informatik.uni-leipzig.de/bot.php"
139.18.38.221 - - [16/Jul/2013:14:05:41 +0200] "GET /seiten/impr.htm HTTP/1.1" 200 8696 "" "webmeasurement-bot, http://rvs.informatik.uni-leipzig.de/bot.php"
139.18.38.221 - - [16/Jul/2013:14:05:53 +0200] "GET /seiten/databund.html HTTP/1.1" 200 9125 "" "webmeasurement-bot, http://rvs.informatik.uni-leipzig.de/bot.php"
66.249.78.242 - - [16/Jul/2013:14:10:49 +0200] "GET /seiten/fsw.htm HTTP/1.1" 304 - "-" "Mozilla/5.0 (compatible; Googlebot/2.1; +http://www.google.com/bot.html)"
5.10.83.34 - - [16/Jul/2013:14:16:10 +0200] "GET /seiten/service.htm HTTP/1.1" 200 9959 "-" "Mozilla/5.0 (compatible; AhrefsBot/5.0; +http://ahrefs.com/robot/)"
5.10.83.93 - - [16/Jul/2013:14:17:09 +0200] "GET /seiten/databund.html HTTP/1.1" 200 9125 "-" "Mozilla/5.0 (compatible; AhrefsBot/5.0; +http://ahrefs.com/robot/)"
139.18.38.221 - - [16/Jul/2013:14:19:06 +0200] "GET /robots.txt HTTP/1.1" 404 1256 "" "webmeasurement-bot, http://rvs.informatik.uni-leipzig.de/bot.php"
139.18.38.221 - - [16/Jul/2013:14:19:36 +0200] "GET / HTTP/1.1" 200 7903 "" "webmeasurement-bot, http://rvs.informatik.uni-leipzig.de/bot.php"
139.18.38.221 - - [16/Jul/2013:14:20:09 +0200] "GET /seiten/produkte.htm HTTP/1.1" 200 9105 "" "webmeasurement-bot, http://rvs.informatik.uni-leipzig.de/bot.php"
139.18.38.221 - - [16/Jul/2013:14:20:44 +0200] "GET /seiten/partner.htm HTTP/1.1" 200 9458 "" "webmeasurement-bot, http://rvs.informatik.uni-leipzig.de/bot.php"
139.18.38.221 - - [16/Jul/2013:14:21:17 +0200] "GET /seiten/referenzen.htm HTTP/1.1" 200 40249 "" "webmeasurement-bot, http://rvs.informatik.uni-leipzig.de/bot.php"
139.18.38.221 - - [16/Jul/2013:14:21:50 +0200] "GET /seiten/service.htm HTTP/1.1" 200 9959 "" "webmeasurement-bot, http://rvs.informatik.uni-leipzig.de/bot.php"
139.18.38.221 - - [16/Jul/2013:14:22:16 +0200] "GET /seiten/kontakt.php HTTP/1.1" 200 12788 "" "webmeasurement-bot, http://rvs.informatik.uni-leipzig.de/bot.php"
139.18.38.221 - - [16/Jul/2013:14:22:40 +0200] "GET /seiten/impr.htm HTTP/1.1" 200 8696 "" "webmeasurement-bot, http://rvs.informatik.uni-leipzig.de/bot.php"
139.18.38.221 - - [16/Jul/2013:14:23:04 +0200] "GET /seiten/databund.html HTTP/1.1" 200 9125 "" "webmeasurement-bot, http://rvs.informatik.uni-leipzig.de/bot.php"
199.30.20.49 - - [16/Jul/2013:14:25:30 +0200] "GET /robots.txt HTTP/1.1" 404 1256 "-" "msnbot-media/1.1 (+http://search.msn.com/msnbot.htm)"
199.30.20.49 - - [16/Jul/2013:14:25:30 +0200] "GET /img/hk.jpg HTTP/1.1" 200 4852 "-" "msnbot-media/1.1 (+http://search.msn.com/msnbot.htm)"
66.249.78.242 - - [16/Jul/2013:14:26:49 +0200] "GET /seiten/term13.pdf HTTP/1.1" 304 - "-" "Mozilla/5.0 (iPhone; U; CPU iPhone OS 4_1 like Mac OS X; en-us) AppleWebKit/532.9 (KHTML, like Gecko) Version/4.0.5 Mobile/8B117 Safari/6531.22.7 (compatible; Googlebot-Mobile/2.1; +http://www.google.com/bot.html)"
139.18.38.221 - - [16/Jul/2013:14:27:27 +0200] "GET /seiten/fsw.htm HTTP/1.1" 200 9961 "" "webmeasurement-bot, http://rvs.informatik.uni-leipzig.de/bot.php"
139.18.38.221 - - [16/Jul/2013:14:27:48 +0200] "GET /seiten/fahrlehrerwesen.htm HTTP/1.1" 200 7168 "" "webmeasurement-bot, http://rvs.informatik.uni-leipzig.de/bot.php"
139.18.38.221 - - [16/Jul/2013:14:28:15 +0200] "GET /seiten/kontroll.htm HTTP/1.1" 200 6599 "" "webmeasurement-bot, http://rvs.informatik.uni-leipzig.de/bot.php"
139.18.38.221 - - [16/Jul/2013:14:28:32 +0200] "GET /seiten/kraftverkehr.htm HTTP/1.1" 200 9210 "" "webmeasurement-bot, http://rvs.informatik.uni-leipzig.de/bot.php"
5.10.83.34 - - [16/Jul/2013:14:31:13 +0200] "GET /seiten/produkte.htm HTTP/1.1" 200 9105 "-" "Mozilla/5.0 (compatible; AhrefsBot/5.0; +http://ahrefs.com/robot/)"
5.10.83.93 - - [16/Jul/2013:14:35:42 +0200] "GET /seiten/referenzen.htm HTTP/1.1" 200 40249 "-" "Mozilla/5.0 (compatible; AhrefsBot/5.0; +http://ahrefs.com/robot/)"
5.10.83.34 - - [16/Jul/2013:14:35:49 +0200] "GET /seiten/referenzen.htm HTTP/1.1" 200 40249 "-" "Mozilla/5.0 (compatible; AhrefsBot/5.0; +http://ahrefs.com/robot/)"
5.10.83.34 - - [16/Jul/2013:14:37:42 +0200] "GET /seiten/partner.htm HTTP/1.1" 200 9458 "-" "Mozilla/5.0 (compatible; AhrefsBot/5.0; +http://ahrefs.com/robot/)"
5.10.83.34 - - [16/Jul/2013:14:41:49 +0200] "GET /seiten/impr.htm HTTP/1.1" 200 8696 "-" "Mozilla/5.0 (compatible; AhrefsBot/5.0; +http://ahrefs.com/robot/)"
5.10.83.93 - - [16/Jul/2013:14:56:12 +0200] "GET /seiten/service.htm HTTP/1.1" 200 9959 "-" "Mozilla/5.0 (compatible; AhrefsBot/5.0; +http://ahrefs.com/robot/)"
66.249.78.242 - - [16/Jul/2013:15:01:52 +0200] "GET /seiten/produkte.htm HTTP/1.1" 304 - "-" "Mozilla/5.0 (compatible; Googlebot/2.1; +http://www.google.com/bot.html)"
91.3.137.91 - - [16/Jul/2013:15:13:14 +0200] "GET /seiten/produkte.htm HTTP/1.1" 200 9105 "http://www.google.de/url?sa=t&rct=j&q=prokommunal%20fsw&source=web&cd=1&ved=0CC0QFjAA&url=http%3A%2F%2Fwww.prokommunal.com%2Fseiten%2Fprodukte.htm&ei=30blUZjQK4nvOoqkgJAK&usg=AFQjCNHvjuoVUyTn7kloswPTner3pP8jKQ&bvm=bv.48705608,d.ZWU" "Mozilla/5.0 (compatible; MSIE 10.0; Windows NT 6.1; WOW64; Trident/6.0)"
91.3.137.91 - - [16/Jul/2013:15:13:15 +0200] "GET /css/style.css HTTP/1.1" 200 3549 "http://www.prokommunal.com/seiten/produkte.htm" "Mozilla/5.0 (compatible; MSIE 10.0; Windows NT 6.1; WOW64; Trident/6.0)"
91.3.137.91 - - [16/Jul/2013:15:13:15 +0200] "GET /scripte/basics.js HTTP/1.1" 200 198 "http://www.prokommunal.com/seiten/produkte.htm" "Mozilla/5.0 (compatible; MSIE 10.0; Windows NT 6.1; WOW64; Trident/6.0)"
91.3.137.91 - - [16/Jul/2013:15:13:15 +0200] "GET /img/top.gif HTTP/1.1" 200 96 "http://www.prokommunal.com/seiten/produkte.htm" "Mozilla/5.0 (compatible; MSIE 10.0; Windows NT 6.1; WOW64; Trident/6.0)"
91.3.137.91 - - [16/Jul/2013:15:13:15 +0200] "GET /img/men_01.jpg HTTP/1.1" 200 713 "http://www.prokommunal.com/seiten/produkte.htm" "Mozilla/5.0 (compatible; MSIE 10.0; Windows NT 6.1; WOW64; Trident/6.0)"
91.3.137.91 - - [16/Jul/2013:15:13:15 +0200] "GET /redesign/img/bg_foot.gif HTTP/1.1" 200 286 "http://www.prokommunal.com/seiten/produkte.htm" "Mozilla/5.0 (compatible; MSIE 10.0; Windows NT 6.1; WOW64; Trident/6.0)"
91.3.137.91 - - [16/Jul/2013:15:13:15 +0200] "GET /img/1px_tr.gif HTTP/1.1" 200 43 "http://www.prokommunal.com/seiten/produkte.htm" "Mozilla/5.0 (compatible; MSIE 10.0; Windows NT 6.1; WOW64; Trident/6.0)"
91.3.137.91 - - [16/Jul/2013:15:13:15 +0200] "GET /img/head01.jpg HTTP/1.1" 200 6350 "http://www.prokommunal.com/seiten/produkte.htm" "Mozilla/5.0 (compatible; MSIE 10.0; Windows NT 6.1; WOW64; Trident/6.0)"
91.3.137.91 - - [16/Jul/2013:15:13:15 +0200] "GET /img/head03.jpg HTTP/1.1" 200 7610 "http://www.prokommunal.com/seiten/produkte.htm" "Mozilla/5.0 (compatible; MSIE 10.0; Windows NT 6.1; WOW64; Trident/6.0)"
91.3.137.91 - - [16/Jul/2013:15:13:15 +0200] "GET /img/head02.jpg HTTP/1.1" 200 4929 "http://www.prokommunal.com/seiten/produkte.htm" "Mozilla/5.0 (compatible; MSIE 10.0; Windows NT 6.1; WOW64; Trident/6.0)"
91.3.137.91 - - [16/Jul/2013:15:13:15 +0200] "GET /redesign/img/bg_gelb.jpg HTTP/1.1" 200 368 "http://www.prokommunal.com/seiten/produkte.htm" "Mozilla/5.0 (compatible; MSIE 10.0; Windows NT 6.1; WOW64; Trident/6.0)"
91.3.137.91 - - [16/Jul/2013:15:13:15 +0200] "GET /favicon.ico HTTP/1.1" 200 894 "-" "Mozilla/5.0 (compatible; MSIE 10.0; Windows NT 6.1; Win64; x64; Trident/6.0)"
91.3.137.91 - - [16/Jul/2013:15:13:23 +0200] "GET /seiten/impr.htm HTTP/1.1" 200 8696 "http://www.prokommunal.com/seiten/produkte.htm" "Mozilla/5.0 (compatible; MSIE 10.0; Windows NT 6.1; WOW64; Trident/6.0)"
139.18.38.221 - - [16/Jul/2013:15:19:51 +0200] "GET /robots.txt HTTP/1.1" 404 1256 "" "webmeasurement-bot, http://rvs.informatik.uni-leipzig.de/bot.php"
91.3.137.91 - - [16/Jul/2013:15:20:48 +0200] "GET /seiten/produkte.htm HTTP/1.1" 304 - "http://www.prokommunal.com/seiten/impr.htm" "Mozilla/5.0 (compatible; MSIE 10.0; Windows NT 6.1; WOW64; Trident/6.0)"
139.18.38.221 - - [16/Jul/2013:15:20:52 +0200] "GET / HTTP/1.1" 200 7903 "" "webmeasurement-bot, http://rvs.informatik.uni-leipzig.de/bot.php"
91.3.137.91 - - [16/Jul/2013:15:21:11 +0200] "GET /seiten/partner.htm HTTP/1.1" 200 9458 "http://www.prokommunal.com/seiten/produkte.htm" "Mozilla/5.0 (compatible; MSIE 10.0; Windows NT 6.1; WOW64; Trident/6.0)"
91.3.137.91 - - [16/Jul/2013:15:21:11 +0200] "GET /img/hh.jpg HTTP/1.1" 200 5817 "http://www.prokommunal.com/seiten/partner.htm" "Mozilla/5.0 (compatible; MSIE 10.0; Windows NT 6.1; WOW64; Trident/6.0)"
91.3.137.91 - - [16/Jul/2013:15:21:11 +0200] "GET /img/hk.jpg HTTP/1.1" 200 4852 "http://www.prokommunal.com/seiten/partner.htm" "Mozilla/5.0 (compatible; MSIE 10.0; Windows NT 6.1; WOW64; Trident/6.0)"
91.3.137.91 - - [16/Jul/2013:15:21:11 +0200] "GET /img/gz.jpg HTTP/1.1" 200 7757 "http://www.prokommunal.com/seiten/partner.htm" "Mozilla/5.0 (compatible; MSIE 10.0; Windows NT 6.1; WOW64; Trident/6.0)"
91.3.137.91 - - [16/Jul/2013:15:21:11 +0200] "GET /img/hsh.jpg HTTP/1.1" 200 5007 "http://www.prokommunal.com/seiten/partner.htm" "Mozilla/5.0 (compatible; MSIE 10.0; Windows NT 6.1; WOW64; Trident/6.0)"
91.3.137.91 - - [16/Jul/2013:15:21:11 +0200] "GET /img/komfa1_s.jpg HTTP/1.1" 404 1256 "http://www.prokommunal.com/seiten/partner.htm" "Mozilla/5.0 (compatible; MSIE 10.0; Windows NT 6.1; WOW64; Trident/6.0)"
91.3.137.91 - - [16/Jul/2013:15:21:11 +0200] "GET /img/databund.jpg HTTP/1.1" 404 1256 "http://www.prokommunal.com/seiten/partner.htm" "Mozilla/5.0 (compatible; MSIE 10.0; Windows NT 6.1; WOW64; Trident/6.0)"
91.3.137.91 - - [16/Jul/2013:15:21:19 +0200] "GET /seiten/referenzen.htm HTTP/1.1" 200 40249 "http://www.prokommunal.com/seiten/partner.htm" "Mozilla/5.0 (compatible; MSIE 10.0; Windows NT 6.1; WOW64; Trident/6.0)"
91.3.137.91 - - [16/Jul/2013:15:24:54 +0200] "GET /seiten/kontakt.php HTTP/1.1" 200 12788 "http://www.prokommunal.com/seiten/referenzen.htm" "Mozilla/5.0 (compatible; MSIE 10.0; Windows NT 6.1; WOW64; Trident/6.0)"
139.18.38.221 - - [16/Jul/2013:15:28:39 +0200] "GET /seiten/produkte.htm HTTP/1.1" 200 9105 "" "webmeasurement-bot, http://rvs.informatik.uni-leipzig.de/bot.php"
139.18.38.221 - - [16/Jul/2013:15:28:45 +0200] "GET /seiten/partner.htm HTTP/1.1" 200 9458 "" "webmeasurement-bot, http://rvs.informatik.uni-leipzig.de/bot.php"
139.18.38.221 - - [16/Jul/2013:15:28:52 +0200] "GET /seiten/referenzen.htm HTTP/1.1" 200 40249 "" "webmeasurement-bot, http://rvs.informatik.uni-leipzig.de/bot.php"
139.18.38.221 - - [16/Jul/2013:15:29:00 +0200] "GET /seiten/service.htm HTTP/1.1" 200 9959 "" "webmeasurement-bot, http://rvs.informatik.uni-leipzig.de/bot.php"
139.18.38.221 - - [16/Jul/2013:15:29:06 +0200] "GET /seiten/kontakt.php HTTP/1.1" 200 12788 "" "webmeasurement-bot, http://rvs.informatik.uni-leipzig.de/bot.php"
139.18.38.221 - - [16/Jul/2013:15:29:13 +0200] "GET /seiten/impr.htm HTTP/1.1" 200 8696 "" "webmeasurement-bot, http://rvs.informatik.uni-leipzig.de/bot.php"
139.18.38.221 - - [16/Jul/2013:15:29:18 +0200] "GET /seiten/databund.html HTTP/1.1" 200 9125 "" "webmeasurement-bot, http://rvs.informatik.uni-leipzig.de/bot.php"
5.10.83.34 - - [16/Jul/2013:15:45:18 +0200] "GET /seiten/databund.html HTTP/1.1" 200 9125 "-" "Mozilla/5.0 (compatible; AhrefsBot/5.0; +http://ahrefs.com/robot/)"
37.59.54.58 - - [16/Jul/2013:15:45:29 +0200] "GET /seiten/databund.html HTTP/1.0" 200 9125 "http://www.prokommunal.com/seiten/databund.html" "Mozilla/5.0 (Windows NT 5.1; rv:7.0.1) Gecko/20100101 Firefox/7.0.1"
213.139.155.194 - - [16/Jul/2013:15:46:18 +0200] "GET / HTTP/1.0" 200 7903 "http://www.google.de/url?sa=t&rct=j&q=&esrc=s&source=web&cd=1&ved=0CDAQFjAA&url=http%3A%2F%2Fwww.prokommunal.com%2F&ei=oU7lUeuhE4zXPKD-gZAM&usg=AFQjCNF5ZvO5ecR3rprSCB3llFRGksZz8A&bvm=bv.48705608,d.ZWU" "Mozilla/5.0 (Windows NT 5.1; rv:22.0) Gecko/20100101 Firefox/22.0"
213.139.155.194 - - [16/Jul/2013:15:46:19 +0200] "GET /css/style.css HTTP/1.0" 200 3549 "http://www.prokommunal.com/" "Mozilla/5.0 (Windows NT 5.1; rv:22.0) Gecko/20100101 Firefox/22.0"
213.139.155.194 - - [16/Jul/2013:15:46:19 +0200] "GET /scripte/basics.js HTTP/1.0" 200 198 "http://www.prokommunal.com/" "Mozilla/5.0 (Windows NT 5.1; rv:22.0) Gecko/20100101 Firefox/22.0"
213.139.155.194 - - [16/Jul/2013:15:46:19 +0200] "GET /favicon.ico HTTP/1.0" 200 894 "-" "Mozilla/5.0 (Windows NT 5.1; rv:22.0) Gecko/20100101 Firefox/22.0"
213.139.155.194 - - [16/Jul/2013:15:46:19 +0200] "GET /img/head03.jpg HTTP/1.0" 200 7610 "http://www.prokommunal.com/" "Mozilla/5.0 (Windows NT 5.1; rv:22.0) Gecko/20100101 Firefox/22.0"
213.139.155.194 - - [16/Jul/2013:15:46:19 +0200] "GET /img/head01.jpg HTTP/1.0" 200 6350 "http://www.prokommunal.com/" "Mozilla/5.0 (Windows NT 5.1; rv:22.0) Gecko/20100101 Firefox/22.0"
213.139.155.194 - - [16/Jul/2013:15:46:19 +0200] "GET /img/head02.jpg HTTP/1.0" 200 4929 "http://www.prokommunal.com/" "Mozilla/5.0 (Windows NT 5.1; rv:22.0) Gecko/20100101 Firefox/22.0"
213.139.155.194 - - [16/Jul/2013:15:46:19 +0200] "GET /redesign/img/bg_gelb.jpg HTTP/1.0" 200 368 "http://www.prokommunal.com/css/style.css" "Mozilla/5.0 (Windows NT 5.1; rv:22.0) Gecko/20100101 Firefox/22.0"
213.139.155.194 - - [16/Jul/2013:15:46:19 +0200] "GET /redesign/img/bg_foot.gif HTTP/1.0" 200 286 "http://www.prokommunal.com/css/style.css" "Mozilla/5.0 (Windows NT 5.1; rv:22.0) Gecko/20100101 Firefox/22.0"
213.139.155.194 - - [16/Jul/2013:15:46:21 +0200] "GET /seiten/service.htm HTTP/1.0" 200 9959 "http://www.prokommunal.com/" "Mozilla/5.0 (Windows NT 5.1; rv:22.0) Gecko/20100101 Firefox/22.0"
213.139.155.194 - - [16/Jul/2013:15:46:21 +0200] "GET /img/top.gif HTTP/1.0" 200 96 "http://www.prokommunal.com/seiten/service.htm" "Mozilla/5.0 (Windows NT 5.1; rv:22.0) Gecko/20100101 Firefox/22.0"
213.139.155.194 - - [16/Jul/2013:15:46:21 +0200] "GET /img/men_01.jpg HTTP/1.0" 200 713 "http://www.prokommunal.com/seiten/service.htm" "Mozilla/5.0 (Windows NT 5.1; rv:22.0) Gecko/20100101 Firefox/22.0"
213.139.155.194 - - [16/Jul/2013:15:46:21 +0200] "GET /redesign/img/term.jpg HTTP/1.0" 200 498 "http://www.prokommunal.com/css/style.css" "Mozilla/5.0 (Windows NT 5.1; rv:22.0) Gecko/20100101 Firefox/22.0"
213.139.155.194 - - [16/Jul/2013:15:46:30 +0200] "GET /seiten/term13.pdf HTTP/1.0" 200 146450 "http://www.prokommunal.com/seiten/service.htm" "Mozilla/5.0 (Windows NT 5.1; rv:22.0) Gecko/20100101 Firefox/22.0"
157.55.34.98 - - [16/Jul/2013:15:48:04 +0200] "GET /robots.txt HTTP/1.1" 404 1256 "-" "Mozilla/5.0 (compatible; bingbot/2.0; +http://www.bing.com/bingbot.htm)"
5.10.83.93 - - [16/Jul/2013:15:49:31 +0200] "GET /seiten/produkte.htm HTTP/1.1" 200 9105 "-" "Mozilla/5.0 (compatible; AhrefsBot/5.0; +http://ahrefs.com/robot/)"
5.10.83.93 - - [16/Jul/2013:15:50:25 +0200] "GET /seiten/kontakt.php HTTP/1.1" 200 12788 "-" "Mozilla/5.0 (compatible; AhrefsBot/5.0; +http://ahrefs.com/robot/)"
5.10.83.93 - - [16/Jul/2013:15:54:03 +0200] "GET /seiten/impr.htm HTTP/1.1" 200 8696 "-" "Mozilla/5.0 (compatible; AhrefsBot/5.0; +http://ahrefs.com/robot/)"
5.10.83.34 - - [16/Jul/2013:15:54:10 +0200] "GET /seiten/kontakt.php HTTP/1.1" 200 12788 "-" "Mozilla/5.0 (compatible; AhrefsBot/5.0; +http://ahrefs.com/robot/)"
157.55.34.98 - - [16/Jul/2013:15:56:46 +0200] "GET / HTTP/1.1" 200 7903 "-" "Mozilla/5.0 (compatible; bingbot/2.0; +http://www.bing.com/bingbot.htm)"
5.10.83.93 - - [16/Jul/2013:15:59:14 +0200] "GET /seiten/partner.htm HTTP/1.1" 200 9458 "-" "Mozilla/5.0 (compatible; AhrefsBot/5.0; +http://ahrefs.com/robot/)"
178.77.126.55 - - [16/Jul/2013:15:59:32 +0200] "GET /robots.txt HTTP/1.1" 404 1256 "-" "Mozilla/5.0 (compatible; CareerBot/1.1; +http://www.career-x.de/bot.html)"
178.77.126.55 - - [16/Jul/2013:15:59:32 +0200] "GET / HTTP/1.1" 200 7903 "-" "Mozilla/5.0 (compatible; CareerBot/1.1; +http://www.career-x.de/bot.html)"
66.249.74.198 - - [16/Jul/2013:16:03:34 +0200] "GET /seiten/service.htm HTTP/1.1" 304 - "-" "Mozilla/5.0 (compatible; Googlebot/2.1; +http://www.google.com/bot.html)"
139.18.38.221 - - [16/Jul/2013:16:07:51 +0200] "GET /seiten/fsw.htm HTTP/1.1" 200 9961 "" "webmeasurement-bot, http://rvs.informatik.uni-leipzig.de/bot.php"
139.18.38.221 - - [16/Jul/2013:16:07:56 +0200] "GET /seiten/fahrlehrerwesen.htm HTTP/1.1" 200 7168 "" "webmeasurement-bot, http://rvs.informatik.uni-leipzig.de/bot.php"
139.18.38.221 - - [16/Jul/2013:16:07:59 +0200] "GET /seiten/kontroll.htm HTTP/1.1" 200 6599 "" "webmeasurement-bot, http://rvs.informatik.uni-leipzig.de/bot.php"
139.18.38.221 - - [16/Jul/2013:16:08:01 +0200] "GET /seiten/kraftverkehr.htm HTTP/1.1" 200 9210 "" "webmeasurement-bot, http://rvs.informatik.uni-leipzig.de/bot.php"
194.76.219.15 - - [16/Jul/2013:16:46:56 +0200] "HEAD / HTTP/1.0" 200 - "-" "Mozilla/5.0"
66.249.78.242 - - [16/Jul/2013:17:16:37 +0200] "GET /seiten/kontakt.php HTTP/1.1" 200 12788 "-" "Mozilla/5.0 (compatible; Googlebot/2.1; +http://www.google.com/bot.html)"
66.249.78.242 - - [16/Jul/2013:18:12:59 +0200] "GET /seiten/kontakt.php HTTP/1.1" 200 12788 "-" "SAMSUNG-SGH-E250/1.0 Profile/MIDP-2.0 Configuration/CLDC-1.1 UP.Browser/6.2.3.3.c.1.101 (GUI) MMP/2.0 (compatible; Googlebot-Mobile/2.1; +http://www.google.com/bot.html)"
119.63.196.74 - - [16/Jul/2013:18:16:40 +0200] "GET / HTTP/1.1" 200 7903 "-" "Mozilla/5.0 (compatible; Baiduspider/2.0; +http://www.baidu.com/search/spider.html)"
123.125.71.30 - - [16/Jul/2013:18:24:58 +0200] "GET / HTTP/1.1" 200 7903 "-" "Mozilla/5.0 (compatible; Baiduspider/2.0; +http://www.baidu.com/search/spider.html)"
220.181.108.84 - - [16/Jul/2013:18:24:58 +0200] "GET / HTTP/1.1" 200 7903 "-" "Mozilla/5.0 (compatible; Baiduspider/2.0; +http://www.baidu.com/search/spider.html)"
85.25.110.104 - - [16/Jul/2013:18:30:37 +0200] "GET / HTTP/1.1" 200 7903 "-" "Mozilla/4.0 (compatible; MSIE 6.0; Windows 98; Win 9x4.90)"
85.25.110.104 - - [16/Jul/2013:18:30:38 +0200] "GET / HTTP/1.1" 200 7903 "-" "Mozilla/4.0 (compatible; MSIE 6.0; Windows 98; Win 9x4.90)"
66.249.78.242 - - [16/Jul/2013:18:35:28 +0200] "GET /seiten/kraftverkehr.htm HTTP/1.1" 304 - "-" "Mozilla/5.0 (compatible; Googlebot/2.1; +http://www.google.com/bot.html)"
5.10.83.41 - - [16/Jul/2013:19:32:08 +0200] "GET /seiten/databund.html HTTP/1.1" 200 9125 "-" "Mozilla/5.0 (compatible; AhrefsBot/5.0; +http://ahrefs.com/robot/)"
5.10.83.41 - - [16/Jul/2013:19:36:20 +0200] "GET /seiten/kontakt.php HTTP/1.1" 200 12788 "-" "Mozilla/5.0 (compatible; AhrefsBot/5.0; +http://ahrefs.com/robot/)"
65.55.52.117 - - [16/Jul/2013:19:42:22 +0200] "GET /robots.txt HTTP/1.1" 404 1256 "-" "Mozilla/5.0 (compatible; bingbot/2.0; +http://www.bing.com/bingbot.htm)"
66.249.78.242 - - [16/Jul/2013:19:44:43 +0200] "GET /seiten/term13.pdf HTTP/1.1" 304 - "-" "Mozilla/5.0 (compatible; Googlebot/2.1; +http://www.google.com/bot.html)"
66.249.78.242 - - [16/Jul/2013:19:50:26 +0200] "GET /seiten/kontroll.htm HTTP/1.1" 304 - "-" "Mozilla/5.0 (compatible; Googlebot/2.1; +http://www.google.com/bot.html)"
65.55.52.117 - - [16/Jul/2013:19:51:31 +0200] "GET /seiten/kontroll.htm HTTP/1.1" 200 6599 "-" "Mozilla/5.0 (compatible; bingbot/2.0; +http://www.bing.com/bingbot.htm)"
5.10.83.96 - - [16/Jul/2013:19:57:49 +0200] "GET /seiten/databund.html HTTP/1.1" 200 9125 "-" "Mozilla/5.0 (compatible; AhrefsBot/5.0; +http://ahrefs.com/robot/)"
5.10.83.41 - - [16/Jul/2013:20:04:54 +0200] "GET /seiten/produkte.htm HTTP/1.1" 200 9105 "-" "Mozilla/5.0 (compatible; AhrefsBot/5.0; +http://ahrefs.com/robot/)"
83.133.125.202 - - [16/Jul/2013:20:10:49 +0200] "GET / HTTP/1.1" 200 7903 "http://www.sumaja.de/?such_wert=berlin" "Mozilla/5.0 (Macintosh; U; Intel Mac OS X 10.6; de-DE; rv:1.9.2.8) Gecko/20100722 Firefox/3.6.8"
5.10.83.96 - - [16/Jul/2013:20:11:39 +0200] "GET /seiten/produkte.htm HTTP/1.1" 200 9105 "-" "Mozilla/5.0 (compatible; AhrefsBot/5.0; +http://ahrefs.com/robot/)"
5.10.83.96 - - [16/Jul/2013:20:13:34 +0200] "GET /seiten/partner.htm HTTP/1.1" 200 9458 "-" "Mozilla/5.0 (compatible; AhrefsBot/5.0; +http://ahrefs.com/robot/)"
5.10.83.41 - - [16/Jul/2013:20:20:56 +0200] "GET /seiten/referenzen.htm HTTP/1.1" 200 40249 "-" "Mozilla/5.0 (compatible; AhrefsBot/5.0; +http://ahrefs.com/robot/)"
5.10.83.96 - - [16/Jul/2013:20:21:49 +0200] "GET /seiten/impr.htm HTTP/1.1" 200 8696 "-" "Mozilla/5.0 (compatible; AhrefsBot/5.0; +http://ahrefs.com/robot/)"
157.55.34.98 - - [16/Jul/2013:20:24:44 +0200] "GET /seiten/partner.htm HTTP/1.1" 200 9458 "-" "Mozilla/5.0 (compatible; bingbot/2.0; +http://www.bing.com/bingbot.htm)"
199.58.86.211 - - [16/Jul/2013:20:26:34 +0200] "GET /robots.txt HTTP/1.0" 404 1256 "-" "Mozilla/5.0 (compatible; MJ12bot/v1.4.3; http://www.majestic12.co.uk/bot.php?+)"
199.58.86.211 - - [16/Jul/2013:20:26:36 +0200] "GET / HTTP/1.0" 200 7903 "-" "Mozilla/5.0 (compatible; MJ12bot/v1.4.3; http://www.majestic12.co.uk/bot.php?+)"
5.10.83.41 - - [16/Jul/2013:20:26:42 +0200] "GET /seiten/partner.htm HTTP/1.1" 200 9458 "-" "Mozilla/5.0 (compatible; AhrefsBot/5.0; +http://ahrefs.com/robot/)"
5.10.83.41 - - [16/Jul/2013:20:30:59 +0200] "GET /seiten/service.htm HTTP/1.1" 200 9959 "-" "Mozilla/5.0 (compatible; AhrefsBot/5.0; +http://ahrefs.com/robot/)"
66.249.78.242 - - [16/Jul/2013:20:40:05 +0200] "GET /seiten/databund.html HTTP/1.1" 304 - "-" "Mozilla/5.0 (compatible; Googlebot/2.1; +http://www.google.com/bot.html)"
5.10.83.96 - - [16/Jul/2013:20:41:14 +0200] "GET /seiten/service.htm HTTP/1.1" 200 9959 "-" "Mozilla/5.0 (compatible; AhrefsBot/5.0; +http://ahrefs.com/robot/)"
157.55.34.98 - - [16/Jul/2013:20:53:40 +0200] "GET /seiten/produkte.htm HTTP/1.1" 200 9105 "-" "Mozilla/5.0 (compatible; bingbot/2.0; +http://www.bing.com/bingbot.htm)"
5.10.83.96 - - [16/Jul/2013:20:56:36 +0200] "GET /seiten/kontakt.php HTTP/1.1" 200 12788 "-" "Mozilla/5.0 (compatible; AhrefsBot/5.0; +http://ahrefs.com/robot/)"
5.10.83.41 - - [16/Jul/2013:20:59:52 +0200] "GET /seiten/impr.htm HTTP/1.1" 200 8696 "-" "Mozilla/5.0 (compatible; AhrefsBot/5.0; +http://ahrefs.com/robot/)"
5.10.83.96 - - [16/Jul/2013:21:08:13 +0200] "GET /seiten/referenzen.htm HTTP/1.1" 200 40249 "-" "Mozilla/5.0 (compatible; AhrefsBot/5.0; +http://ahrefs.com/robot/)"
46.17.96.33 - - [16/Jul/2013:21:10:53 +0200] "GET / HTTP/1.1" 200 7903 "-" "Mozilla/4.0 (compatible; MSIE 5.0; Windows NT; DigExt; DTS Agent"
66.249.78.242 - - [16/Jul/2013:22:20:30 +0200] "GET /seiten/partner.htm HTTP/1.1" 304 - "-" "Mozilla/5.0 (compatible; Googlebot/2.1; +http://www.google.com/bot.html)"
66.249.78.242 - - [16/Jul/2013:22:55:07 +0200] "GET /seiten/fahrlehrerwesen.htm HTTP/1.1" 304 - "-" "Mozilla/5.0 (compatible; Googlebot/2.1; +http://www.google.com/bot.html)"
180.76.5.188 - - [17/Jul/2013:00:35:14 +0200] "GET /robots.txt HTTP/1.1" 404 1256 "-" "Mozilla/5.0 (Windows NT 5.1; rv:6.0.2) Gecko/20100101 Firefox/6.0.2"
66.249.78.242 - - [17/Jul/2013:00:36:46 +0200] "GET /robots.txt HTTP/1.1" 404 1256 "-" "Mozilla/5.0 (compatible; Googlebot/2.1; +http://www.google.com/bot.html)"
66.249.74.198 - - [17/Jul/2013:00:36:46 +0200] "GET /seiten/impr.htm HTTP/1.1" 200 8696 "-" "DoCoMo/2.0 N905i(c100;TB;W24H16) (compatible; Googlebot-Mobile/2.1; +http://www.google.com/bot.html)"
80.190.97.212 - - [17/Jul/2013:00:40:52 +0200] "GET / HTTP/1.1" 200 7903 "-" "Mozilla/5.0 (X11; U; FreeBSD i386; en-US; rv:1.9.1.12) Gecko/20100912 Firefox/3.5.12"
37.59.16.73 - - [17/Jul/2013:00:54:41 +0200] "GET /seiten/referenzen.htm HTTP/1.1" 200 40249 "-" "Mozilla/5.0 (X11; Linux i686; rv:6.0) Gecko/20100101 Firefox/6.0"
85.13.131.53 - - [17/Jul/2013:01:16:06 +0200] "GET / HTTP/1.0" 200 7903 "-" "-"
85.13.131.53 - - [17/Jul/2013:01:16:06 +0200] "GET / HTTP/1.0" 200 7903 "-" "-"
80.190.97.212 - - [17/Jul/2013:01:23:18 +0200] "GET / HTTP/1.1" 200 7903 "-" "Mozilla/5.0 (X11; U; FreeBSD i386; en-US; rv:1.9.1.12) Gecko/20100912 Firefox/3.5.12"
80.190.97.212 - - [17/Jul/2013:02:07:50 +0200] "GET / HTTP/1.1" 200 7903 "-" "Mozilla/5.0 (X11; U; FreeBSD i386; en-US; rv:1.9.1.12) Gecko/20100912 Firefox/3.5.12"
66.249.78.242 - - [17/Jul/2013:02:27:25 +0200] "GET / HTTP/1.1" 200 7903 "-" "Mozilla/5.0 (iPhone; U; CPU iPhone OS 4_1 like Mac OS X; en-us) AppleWebKit/532.9 (KHTML, like Gecko) Version/4.0.5 Mobile/8B117 Safari/6531.22.7 (compatible; Googlebot-Mobile/2.1; +http://www.google.com/bot.html)"
80.190.97.212 - - [17/Jul/2013:02:48:28 +0200] "GET / HTTP/1.1" 200 7903 "-" "Mozilla/5.0 (X11; U; FreeBSD i386; en-US; rv:1.9.1.12) Gecko/20100912 Firefox/3.5.12"
66.249.78.242 - - [17/Jul/2013:03:46:32 +0200] "GET /seiten/referenzen.htm HTTP/1.1" 304 - "-" "Mozilla/5.0 (iPhone; U; CPU iPhone OS 4_1 like Mac OS X; en-us) AppleWebKit/532.9 (KHTML, like Gecko) Version/4.0.5 Mobile/8B117 Safari/6531.22.7 (compatible; Googlebot-Mobile/2.1; +http://www.google.com/bot.html)"
74.95.0.186 - - [17/Jul/2013:04:08:16 +0200] "GET /robots.txt HTTP/1.0" 404 1256 "-" "nrsbot/6"
74.95.0.186 - - [17/Jul/2013:04:08:16 +0200] "GET / HTTP/1.0" 200 7903 "-" "nrsbot/6"
74.95.0.186 - - [17/Jul/2013:04:08:28 +0200] "GET /seiten/service.htm HTTP/1.0" 200 9959 "-" "nrsbot/6"
74.95.0.186 - - [17/Jul/2013:04:08:40 +0200] "GET /seiten/referenzen.htm HTTP/1.0" 200 40249 "-" "nrsbot/6"
74.95.0.186 - - [17/Jul/2013:04:09:02 +0200] "GET /seiten/produkte.htm HTTP/1.0" 200 9105 "-" "nrsbot/6"
74.95.0.186 - - [17/Jul/2013:04:09:17 +0200] "GET /seiten/kraftverkehr.htm HTTP/1.0" 200 9210 "-" "nrsbot/6"
74.95.0.186 - - [17/Jul/2013:04:09:31 +0200] "GET /seiten/partner.htm HTTP/1.0" 200 9458 "-" "nrsbot/6"
74.95.0.186 - - [17/Jul/2013:04:10:45 +0200] "GET /seiten/kontakt.php HTTP/1.0" 200 12788 "-" "nrsbot/6"
74.95.0.186 - - [17/Jul/2013:04:17:03 +0200] "GET /seiten/impr.htm HTTP/1.0" 200 8696 "-" "nrsbot/6"
74.95.0.186 - - [17/Jul/2013:04:20:25 +0200] "GET /seiten/databund.html HTTP/1.0" 200 9125 "-" "nrsbot/6"
74.95.0.186 - - [17/Jul/2013:04:21:44 +0200] "GET /seiten/kontroll.htm HTTP/1.0" 200 6599 "-" "nrsbot/6"
74.95.0.186 - - [17/Jul/2013:04:25:41 +0200] "GET /seiten/fsw.htm HTTP/1.0" 200 9961 "-" "nrsbot/6"
141.8.147.12 - - [17/Jul/2013:04:33:34 +0200] "GET /robots.txt HTTP/1.1" 404 1256 "-" "Mozilla/5.0 (compatible; YandexBot/3.0; +http://yandex.com/bots)"
141.8.147.12 - - [17/Jul/2013:04:33:35 +0200] "GET /robots.txt HTTP/1.1" 404 1256 "-" "Mozilla/5.0 (compatible; YandexBot/3.0; +http://yandex.com/bots)"
141.8.147.12 - - [17/Jul/2013:04:33:36 +0200] "GET /robots.txt HTTP/1.1" 404 1256 "-" "Mozilla/5.0 (compatible; YandexBot/3.0; +http://yandex.com/bots)"
141.8.147.12 - - [17/Jul/2013:04:33:36 +0200] "GET /robots.txt HTTP/1.1" 404 1256 "-" "Mozilla/5.0 (compatible; YandexBot/3.0; +http://yandex.com/bots)"
141.8.147.12 - - [17/Jul/2013:04:33:37 +0200] "GET / HTTP/1.1" 200 7903 "-" "Mozilla/5.0 (compatible; YandexBot/3.0; +http://yandex.com/bots)"
141.8.147.12 - - [17/Jul/2013:04:33:38 +0200] "GET / HTTP/1.1" 200 7903 "-" "Mozilla/5.0 (compatible; YandexBot/3.0; +http://yandex.com/bots)"
141.8.147.12 - - [17/Jul/2013:04:33:38 +0200] "GET / HTTP/1.1" 200 7903 "-" "Mozilla/5.0 (compatible; YandexBot/3.0; +http://yandex.com/bots)"
141.8.147.12 - - [17/Jul/2013:04:33:39 +0200] "GET / HTTP/1.1" 200 7903 "-" "Mozilla/5.0 (compatible; YandexBot/3.0; +http://yandex.com/bots)"
141.8.147.12 - - [17/Jul/2013:04:33:53 +0200] "GET / HTTP/1.1" 200 7903 "-" "Mozilla/5.0 (compatible; YandexBot/3.0; +http://yandex.com/bots)"
141.8.147.12 - - [17/Jul/2013:04:33:54 +0200] "GET / HTTP/1.1" 200 7903 "-" "Mozilla/5.0 (compatible; YandexBot/3.0; +http://yandex.com/bots)"
74.95.0.186 - - [17/Jul/2013:04:34:10 +0200] "GET /seiten/fahrlehrerwesen.htm HTTP/1.0" 200 7168 "-" "nrsbot/6"
141.8.147.12 - - [17/Jul/2013:04:34:13 +0200] "GET / HTTP/1.1" 200 7903 "-" "Mozilla/5.0 (compatible; YandexBot/3.0; +http://yandex.com/bots)"
141.8.147.12 - - [17/Jul/2013:04:34:30 +0200] "GET / HTTP/1.1" 200 7903 "-" "Mozilla/5.0 (compatible; YandexBot/3.0; +http://yandex.com/bots)"
80.190.97.212 - - [17/Jul/2013:05:33:12 +0200] "GET / HTTP/1.1" 200 7903 "-" "Mozilla/5.0 (X11; U; FreeBSD i386; en-US; rv:1.9.1.12) Gecko/20100912 Firefox/3.5.12"
80.190.97.212 - - [17/Jul/2013:05:33:12 +0200] "GET / HTTP/1.1" 200 7903 "-" "Mozilla/5.0 (X11; U; FreeBSD i386; en-US; rv:1.9.1.12) Gecko/20100912 Firefox/3.5.12"
157.55.34.98 - - [17/Jul/2013:07:34:07 +0200] "GET /robots.txt HTTP/1.1" 404 1256 "-" "Mozilla/5.0 (compatible; bingbot/2.0; +http://www.bing.com/bingbot.htm)"
157.55.34.98 - - [17/Jul/2013:07:34:58 +0200] "GET / HTTP/1.1" 200 7903 "-" "Mozilla/5.0 (compatible; bingbot/2.0; +http://www.bing.com/bingbot.htm)"
195.37.166.250 - - [17/Jul/2013:08:22:19 +0200] "GET / HTTP/1.1" 304 - "-" "Mozilla/4.0 (compatible; MSIE 8.0; Windows NT 5.1; Trident/4.0; BAG - Externer Admin; .NET CLR 1.1.4322; .NET CLR 2.0.50727; .NET CLR 3.0.4506.2152; .NET CLR 3.5.30729; .NET4.0C; .NET4.0E)"
195.37.166.250 - - [17/Jul/2013:08:22:20 +0200] "GET /scripte/basics.js HTTP/1.1" 304 - "http://www.prokommunal.com/" "Mozilla/4.0 (compatible; MSIE 8.0; Windows NT 5.1; Trident/4.0; BAG - Externer Admin; .NET CLR 1.1.4322; .NET CLR 2.0.50727; .NET CLR 3.0.4506.2152; .NET CLR 3.5.30729; .NET4.0C; .NET4.0E)"
195.37.166.250 - - [17/Jul/2013:08:22:20 +0200] "GET /css/style.css HTTP/1.1" 304 - "http://www.prokommunal.com/" "Mozilla/4.0 (compatible; MSIE 8.0; Windows NT 5.1; Trident/4.0; BAG - Externer Admin; .NET CLR 1.1.4322; .NET CLR 2.0.50727; .NET CLR 3.0.4506.2152; .NET CLR 3.5.30729; .NET4.0C; .NET4.0E)"
195.37.166.250 - - [17/Jul/2013:08:22:20 +0200] "GET /img/head02.jpg HTTP/1.1" 304 - "http://www.prokommunal.com/" "Mozilla/4.0 (compatible; MSIE 8.0; Windows NT 5.1; Trident/4.0; BAG - Externer Admin; .NET CLR 1.1.4322; .NET CLR 2.0.50727; .NET CLR 3.0.4506.2152; .NET CLR 3.5.30729; .NET4.0C; .NET4.0E)"
195.37.166.250 - - [17/Jul/2013:08:22:20 +0200] "GET /img/head01.jpg HTTP/1.1" 304 - "http://www.prokommunal.com/" "Mozilla/4.0 (compatible; MSIE 8.0; Windows NT 5.1; Trident/4.0; BAG - Externer Admin; .NET CLR 1.1.4322; .NET CLR 2.0.50727; .NET CLR 3.0.4506.2152; .NET CLR 3.5.30729; .NET4.0C; .NET4.0E)"
195.37.166.250 - - [17/Jul/2013:08:22:20 +0200] "GET /img/head03.jpg HTTP/1.1" 304 - "http://www.prokommunal.com/" "Mozilla/4.0 (compatible; MSIE 8.0; Windows NT 5.1; Trident/4.0; BAG - Externer Admin; .NET CLR 1.1.4322; .NET CLR 2.0.50727; .NET CLR 3.0.4506.2152; .NET CLR 3.5.30729; .NET4.0C; .NET4.0E)"
195.37.166.250 - - [17/Jul/2013:08:22:20 +0200] "GET /redesign/img/bg_foot.gif HTTP/1.1" 304 - "http://www.prokommunal.com/" "Mozilla/4.0 (compatible; MSIE 8.0; Windows NT 5.1; Trident/4.0; BAG - Externer Admin; .NET CLR 1.1.4322; .NET CLR 2.0.50727; .NET CLR 3.0.4506.2152; .NET CLR 3.5.30729; .NET4.0C; .NET4.0E)"
195.37.166.250 - - [17/Jul/2013:08:22:20 +0200] "GET /redesign/img/bg_gelb.jpg HTTP/1.1" 304 - "http://www.prokommunal.com/" "Mozilla/4.0 (compatible; MSIE 8.0; Windows NT 5.1; Trident/4.0; BAG - Externer Admin; .NET CLR 1.1.4322; .NET CLR 2.0.50727; .NET CLR 3.0.4506.2152; .NET CLR 3.5.30729; .NET4.0C; .NET4.0E)"
195.37.166.250 - - [17/Jul/2013:08:22:20 +0200] "GET /favicon.ico HTTP/1.1" 304 - "-" "Mozilla/4.0 (compatible; MSIE 8.0; Windows NT 5.1; Trident/4.0; BAG - Externer Admin; .NET CLR 1.1.4322; .NET CLR 2.0.50727; .NET CLR 3.0.4506.2152; .NET CLR 3.5.30729; .NET4.0C; .NET4.0E)"
195.37.166.250 - - [17/Jul/2013:08:22:25 +0200] "GET /seiten/kontakt.php HTTP/1.1" 200 12788 "http://www.prokommunal.com/" "Mozilla/4.0 (compatible; MSIE 8.0; Windows NT 5.1; Trident/4.0; BAG - Externer Admin; .NET CLR 1.1.4322; .NET CLR 2.0.50727; .NET CLR 3.0.4506.2152; .NET CLR 3.5.30729; .NET4.0C; .NET4.0E)"
195.37.166.250 - - [17/Jul/2013:08:22:25 +0200] "GET /css/style.css HTTP/1.1" 304 - "http://www.prokommunal.com/seiten/kontakt.php" "Mozilla/4.0 (compatible; MSIE 8.0; Windows NT 5.1; Trident/4.0; BAG - Externer Admin; .NET CLR 1.1.4322; .NET CLR 2.0.50727; .NET CLR 3.0.4506.2152; .NET CLR 3.5.30729; .NET4.0C; .NET4.0E)"
195.37.166.250 - - [17/Jul/2013:08:22:25 +0200] "GET /scripte/basics.js HTTP/1.1" 304 - "http://www.prokommunal.com/seiten/kontakt.php" "Mozilla/4.0 (compatible; MSIE 8.0; Windows NT 5.1; Trident/4.0; BAG - Externer Admin; .NET CLR 1.1.4322; .NET CLR 2.0.50727; .NET CLR 3.0.4506.2152; .NET CLR 3.5.30729; .NET4.0C; .NET4.0E)"
195.37.166.250 - - [17/Jul/2013:08:22:25 +0200] "GET /img/head01.jpg HTTP/1.1" 304 - "http://www.prokommunal.com/seiten/kontakt.php" "Mozilla/4.0 (compatible; MSIE 8.0; Windows NT 5.1; Trident/4.0; BAG - Externer Admin; .NET CLR 1.1.4322; .NET CLR 2.0.50727; .NET CLR 3.0.4506.2152; .NET CLR 3.5.30729; .NET4.0C; .NET4.0E)"
195.37.166.250 - - [17/Jul/2013:08:22:25 +0200] "GET /img/head02.jpg HTTP/1.1" 304 - "http://www.prokommunal.com/seiten/kontakt.php" "Mozilla/4.0 (compatible; MSIE 8.0; Windows NT 5.1; Trident/4.0; BAG - Externer Admin; .NET CLR 1.1.4322; .NET CLR 2.0.50727; .NET CLR 3.0.4506.2152; .NET CLR 3.5.30729; .NET4.0C; .NET4.0E)"
195.37.166.250 - - [17/Jul/2013:08:22:25 +0200] "GET /img/head03.jpg HTTP/1.1" 304 - "http://www.prokommunal.com/seiten/kontakt.php" "Mozilla/4.0 (compatible; MSIE 8.0; Windows NT 5.1; Trident/4.0; BAG - Externer Admin; .NET CLR 1.1.4322; .NET CLR 2.0.50727; .NET CLR 3.0.4506.2152; .NET CLR 3.5.30729; .NET4.0C; .NET4.0E)"
195.37.166.250 - - [17/Jul/2013:08:22:25 +0200] "GET /img/1px_tr.gif HTTP/1.1" 304 - "http://www.prokommunal.com/seiten/kontakt.php" "Mozilla/4.0 (compatible; MSIE 8.0; Windows NT 5.1; Trident/4.0; BAG - Externer Admin; .NET CLR 1.1.4322; .NET CLR 2.0.50727; .NET CLR 3.0.4506.2152; .NET CLR 3.5.30729; .NET4.0C; .NET4.0E)"
195.37.166.250 - - [17/Jul/2013:08:22:25 +0200] "GET /img/men_01.jpg HTTP/1.1" 304 - "http://www.prokommunal.com/seiten/kontakt.php" "Mozilla/4.0 (compatible; MSIE 8.0; Windows NT 5.1; Trident/4.0; BAG - Externer Admin; .NET CLR 1.1.4322; .NET CLR 2.0.50727; .NET CLR 3.0.4506.2152; .NET CLR 3.5.30729; .NET4.0C; .NET4.0E)"
195.37.166.250 - - [17/Jul/2013:08:22:25 +0200] "GET /img/top.gif HTTP/1.1" 304 - "http://www.prokommunal.com/seiten/kontakt.php" "Mozilla/4.0 (compatible; MSIE 8.0; Windows NT 5.1; Trident/4.0; BAG - Externer Admin; .NET CLR 1.1.4322; .NET CLR 2.0.50727; .NET CLR 3.0.4506.2152; .NET CLR 3.5.30729; .NET4.0C; .NET4.0E)"
195.37.166.250 - - [17/Jul/2013:08:22:25 +0200] "GET /redesign/img/bg_foot.gif HTTP/1.1" 304 - "http://www.prokommunal.com/seiten/kontakt.php" "Mozilla/4.0 (compatible; MSIE 8.0; Windows NT 5.1; Trident/4.0; BAG - Externer Admin; .NET CLR 1.1.4322; .NET CLR 2.0.50727; .NET CLR 3.0.4506.2152; .NET CLR 3.5.30729; .NET4.0C; .NET4.0E)"
195.37.166.250 - - [17/Jul/2013:08:22:25 +0200] "GET /redesign/img/bg_gelb.jpg HTTP/1.1" 304 - "http://www.prokommunal.com/seiten/kontakt.php" "Mozilla/4.0 (compatible; MSIE 8.0; Windows NT 5.1; Trident/4.0; BAG - Externer Admin; .NET CLR 1.1.4322; .NET CLR 2.0.50727; .NET CLR 3.0.4506.2152; .NET CLR 3.5.30729; .NET4.0C; .NET4.0E)"
195.62.110.132 - - [17/Jul/2013:09:00:49 +0200] "GET /seiten/referenzen.htm HTTP/1.1" 200 40249 "http://www.google.de/url?sa=t&rct=j&q=stadt%20oberhausen%20schachner&source=web&cd=11&ved=0CC4QFjAAOAo&url=http%3A%2F%2Fwww.prokommunal.com%2Fseiten%2Freferenzen.htm&ei=0UDmUdbrA8Sm4ATkiYF4&usg=AFQjCNFkgiXA2K-qnpOChU4qjRkFaABzmg&bvm=bv.49405654,d.bGE" "Mozilla/5.0 (compatible; MSIE 9.0; Windows NT 6.1; Trident/5.0)"
195.62.110.132 - - [17/Jul/2013:09:00:50 +0200] "GET /css/style.css HTTP/1.1" 200 3549 "http://www.prokommunal.com/seiten/referenzen.htm" "Mozilla/5.0 (compatible; MSIE 9.0; Windows NT 6.1; Trident/5.0)"
195.62.110.132 - - [17/Jul/2013:09:00:50 +0200] "GET /scripte/basics.js HTTP/1.1" 200 198 "http://www.prokommunal.com/seiten/referenzen.htm" "Mozilla/5.0 (compatible; MSIE 9.0; Windows NT 6.1; Trident/5.0)"
195.62.110.132 - - [17/Jul/2013:09:00:50 +0200] "GET /img/head01.jpg HTTP/1.1" 200 6350 "http://www.prokommunal.com/seiten/referenzen.htm" "Mozilla/5.0 (compatible; MSIE 9.0; Windows NT 6.1; Trident/5.0)"
195.62.110.132 - - [17/Jul/2013:09:00:50 +0200] "GET /img/head02.jpg HTTP/1.1" 200 4929 "http://www.prokommunal.com/seiten/referenzen.htm" "Mozilla/5.0 (compatible; MSIE 9.0; Windows NT 6.1; Trident/5.0)"
195.62.110.132 - - [17/Jul/2013:09:00:50 +0200] "GET /img/head03.jpg HTTP/1.1" 200 7610 "http://www.prokommunal.com/seiten/referenzen.htm" "Mozilla/5.0 (compatible; MSIE 9.0; Windows NT 6.1; Trident/5.0)"
195.62.110.132 - - [17/Jul/2013:09:00:50 +0200] "GET /scripte/basics.js HTTP/1.1" 200 198 "http://www.prokommunal.com/seiten/referenzen.htm" "Mozilla/5.0 (compatible; MSIE 9.0; Windows NT 6.1; Trident/5.0)"
195.62.110.132 - - [17/Jul/2013:09:00:50 +0200] "GET /img/head01.jpg HTTP/1.1" 200 6350 "http://www.prokommunal.com/seiten/referenzen.htm" "Mozilla/5.0 (compatible; MSIE 9.0; Windows NT 6.1; Trident/5.0)"
195.62.110.132 - - [17/Jul/2013:09:00:51 +0200] "GET /css/style.css HTTP/1.1" 200 3549 "http://www.prokommunal.com/seiten/referenzen.htm" "Mozilla/5.0 (compatible; MSIE 9.0; Windows NT 6.1; Trident/5.0)"
195.62.110.132 - - [17/Jul/2013:09:00:51 +0200] "GET /img/head03.jpg HTTP/1.1" 200 7610 "http://www.prokommunal.com/seiten/referenzen.htm" "Mozilla/5.0 (compatible; MSIE 9.0; Windows NT 6.1; Trident/5.0)"
195.62.110.132 - - [17/Jul/2013:09:00:51 +0200] "GET /img/top.gif HTTP/1.1" 200 96 "http://www.prokommunal.com/seiten/referenzen.htm" "Mozilla/5.0 (compatible; MSIE 9.0; Windows NT 6.1; Trident/5.0)"
195.62.110.132 - - [17/Jul/2013:09:00:51 +0200] "GET /img/men_01.jpg HTTP/1.1" 200 713 "http://www.prokommunal.com/seiten/referenzen.htm" "Mozilla/5.0 (compatible; MSIE 9.0; Windows NT 6.1; Trident/5.0)"
195.62.110.132 - - [17/Jul/2013:09:00:51 +0200] "GET /redesign/img/bg_gelb.jpg HTTP/1.1" 200 368 "http://www.prokommunal.com/seiten/referenzen.htm" "Mozilla/5.0 (compatible; MSIE 9.0; Windows NT 6.1; Trident/5.0)"
195.62.110.132 - - [17/Jul/2013:09:00:51 +0200] "GET /redesign/img/bg_foot.gif HTTP/1.1" 200 286 "http://www.prokommunal.com/seiten/referenzen.htm" "Mozilla/5.0 (compatible; MSIE 9.0; Windows NT 6.1; Trident/5.0)"
195.62.110.132 - - [17/Jul/2013:09:00:52 +0200] "GET /img/head02.jpg HTTP/1.1" 200 4929 "http://www.prokommunal.com/seiten/referenzen.htm" "Mozilla/5.0 (compatible; MSIE 9.0; Windows NT 6.1; Trident/5.0)"
195.62.110.132 - - [17/Jul/2013:09:00:52 +0200] "GET /favicon.ico HTTP/1.1" 200 894 "-" "Mozilla/5.0 (compatible; MSIE 9.0; Windows NT 6.1; Trident/5.0)"
208.115.113.88 - - [17/Jul/2013:09:03:29 +0200] "GET /robots.txt HTTP/1.1" 404 1256 "-" "Mozilla/5.0 (compatible; Ezooms/1.0; ezooms.bot@gmail.com)"
199.30.20.91 - - [17/Jul/2013:10:30:14 +0200] "GET /robots.txt HTTP/1.1" 404 1256 "-" "msnbot-media/1.1 (+http://search.msn.com/msnbot.htm)"
199.30.20.91 - - [17/Jul/2013:10:30:14 +0200] "GET /img/komfa1_s.jpg HTTP/1.1" 404 1256 "-" "msnbot-media/1.1 (+http://search.msn.com/msnbot.htm)"
208.115.113.88 - - [17/Jul/2013:10:56:04 +0200] "GET /seiten/ HTTP/1.1" 403 1222 "-" "Mozilla/5.0 (compatible; Ezooms/1.0; ezooms.bot@gmail.com)"
139.18.38.221 - - [17/Jul/2013:11:27:30 +0200] "GET /robots.txt HTTP/1.1" 404 1256 "" "webmeasurement-bot, http://rvs.informatik.uni-leipzig.de/bot.php"
139.18.38.221 - - [17/Jul/2013:11:30:23 +0200] "GET / HTTP/1.1" 200 7903 "" "webmeasurement-bot, http://rvs.informatik.uni-leipzig.de/bot.php"
139.18.38.221 - - [17/Jul/2013:11:40:40 +0200] "GET /robots.txt HTTP/1.1" 404 1256 "" "webmeasurement-bot, http://rvs.informatik.uni-leipzig.de/bot.php"
157.55.34.168 - - [17/Jul/2013:11:48:27 +0200] "GET /robots.txt HTTP/1.1" 404 1256 "-" "Mozilla/5.0 (compatible; bingbot/2.0; +http://www.bing.com/bingbot.htm)"
157.55.34.168 - - [17/Jul/2013:11:53:42 +0200] "GET / HTTP/1.1" 200 7903 "-" "Mozilla/5.0 (compatible; bingbot/2.0; +http://www.bing.com/bingbot.htm)"
213.139.155.194 - - [17/Jul/2013:12:00:32 +0200] "GET / HTTP/1.0" 200 7903 "http://www.google.de/url?sa=t&rct=j&q=&esrc=s&source=web&cd=1&ved=0CDIQFjAA&url=http%3A%2F%2Fwww.prokommunal.com%2F&ei=KGvmUcrGK8avOcH3gdgH&usg=AFQjCNF5ZvO5ecR3rprSCB3llFRGksZz8A&bvm=bv.49405654,d.ZWU" "Mozilla/5.0 (Windows NT 5.1; rv:22.0) Gecko/20100101 Firefox/22.0"
213.139.155.194 - - [17/Jul/2013:12:00:32 +0200] "GET /css/style.css HTTP/1.0" 200 3549 "http://www.prokommunal.com/" "Mozilla/5.0 (Windows NT 5.1; rv:22.0) Gecko/20100101 Firefox/22.0"
