80.190.97.212 - - [19/Jul/2013:04:47:03 +0200] "GET / HTTP/1.1" 200 7903 "-" "Mozilla/5.0 (X11; U; FreeBSD i386; en-US; rv:1.9.1.12) Gecko/20100912 Firefox/3.5.12"
80.190.97.212 - - [19/Jul/2013:04:47:03 +0200] "GET / HTTP/1.1" 200 7903 "-" "Mozilla/5.0 (X11; U; FreeBSD i386; en-US; rv:1.9.1.12) Gecko/20100912 Firefox/3.5.12"
173.199.117.195 - - [19/Jul/2013:06:10:09 +0200] "GET /seiten/kontroll.htm HTTP/1.1" 200 6599 "-" "Mozilla/5.0 (compatible; AhrefsBot/4.0; +http://ahrefs.com/robot/)"
178.255.215.72 - - [19/Jul/2013:06:21:57 +0200] "GET /seiten/fsw.htm HTTP/1.1" 304 - "-" "Mozilla/5.0 (compatible; Exabot/3.0; +http://www.exabot.com/go/robot)"
173.199.117.195 - - [19/Jul/2013:07:15:25 +0200] "GET /seiten/fahrlehrerwesen.htm HTTP/1.1" 200 7168 "-" "Mozilla/5.0 (compatible; AhrefsBot/4.0; +http://ahrefs.com/robot/)"
50.22.199.171 - - [19/Jul/2013:07:22:21 +0200] "GET /robots.txt HTTP/1.1" 404 1256 "-" "Mozilla/5.0 (Windows NT 6.1; rv:19.0) Gecko/20100101 Firefox/19.0"
50.22.199.171 - - [19/Jul/2013:07:22:25 +0200] "GET /seiten/referenzen.htm HTTP/1.1" 200 40249 "-" "Mozilla/5.0 (Windows NT 6.1; rv:19.0) Gecko/20100101 Firefox/19.0"
50.22.199.171 - - [19/Jul/2013:07:22:30 +0200] "GET /seiten/produkte.htm HTTP/1.1" 200 9105 "-" "Mozilla/5.0 (Windows NT 6.1; rv:19.0) Gecko/20100101 Firefox/19.0"
50.22.199.171 - - [19/Jul/2013:07:22:35 +0200] "GET /seiten/partner.htm HTTP/1.1" 200 9458 "-" "Mozilla/5.0 (Windows NT 6.1; rv:19.0) Gecko/20100101 Firefox/19.0"
50.22.199.171 - - [19/Jul/2013:07:22:40 +0200] "GET /seiten/kontakt.php HTTP/1.1" 200 12788 "-" "Mozilla/5.0 (Windows NT 6.1; rv:19.0) Gecko/20100101 Firefox/19.0"
50.22.199.171 - - [19/Jul/2013:07:22:50 +0200] "GET /seiten/impr.htm HTTP/1.1" 200 8696 "-" "Mozilla/5.0 (Windows NT 6.1; rv:19.0) Gecko/20100101 Firefox/19.0"
50.22.199.171 - - [19/Jul/2013:07:22:55 +0200] "GET /seiten/fsw.htm HTTP/1.1" 200 9961 "-" "Mozilla/5.0 (Windows NT 6.1; rv:19.0) Gecko/20100101 Firefox/19.0"
50.22.199.171 - - [19/Jul/2013:07:23:02 +0200] "GET /seiten/fahrlehrerwesen.htm HTTP/1.1" 200 7168 "-" "Mozilla/5.0 (Windows NT 6.1; rv:19.0) Gecko/20100101 Firefox/19.0"
50.22.199.171 - - [19/Jul/2013:07:23:07 +0200] "GET /seiten/databund.html HTTP/1.1" 200 9125 "-" "Mozilla/5.0 (Windows NT 6.1; rv:19.0) Gecko/20100101 Firefox/19.0"
50.22.199.171 - - [19/Jul/2013:07:23:12 +0200] "GET / HTTP/1.1" 200 7903 "-" "Mozilla/5.0 (Windows NT 6.1; rv:19.0) Gecko/20100101 Firefox/19.0"
83.243.48.3 - - [19/Jul/2013:07:57:26 +0200] "GET /seiten/fsw.htm HTTP/1.1" 200 9961 "http://www.google.de/url?sa=t&rct=j&q=prokommunal%20fsw&source=web&cd=2&cad=rja&ved=0CDUQFjAB&url=http%3A%2F%2Fwww.prokommunal.com%2Fseiten%2Ffsw.htm&ei=_tToUZu4OcTdsgbIkIDYDg&usg=AFQjCNERYeHHc5tqnWyCzuVfTvyCJ3K0AQ&bvm=bv.49478099,d.Yms" "Mozilla/4.0 (compatible; MSIE 8.0; Windows NT 5.1; Trident/4.0; .NET CLR 2.0.50727)"
83.243.48.3 - - [19/Jul/2013:07:57:26 +0200] "GET /css/style.css HTTP/1.1" 200 3549 "http://www.prokommunal.com/seiten/fsw.htm" "Mozilla/4.0 (compatible; MSIE 8.0; Windows NT 5.1; Trident/4.0; .NET CLR 2.0.50727)"
83.243.48.3 - - [19/Jul/2013:07:57:26 +0200] "GET /favicon.ico HTTP/1.1" 200 894 "http://www.prokommunal.com/seiten/fsw.htm" "Mozilla/4.0 (compatible; MSIE 8.0; Windows NT 5.1; Trident/4.0; .NET CLR 2.0.50727)"
83.243.48.3 - - [19/Jul/2013:07:57:26 +0200] "GET /img/head03.jpg HTTP/1.1" 200 7610 "http://www.prokommunal.com/seiten/fsw.htm" "Mozilla/4.0 (compatible; MSIE 8.0; Windows NT 5.1; Trident/4.0; .NET CLR 2.0.50727)"
83.243.48.3 - - [19/Jul/2013:07:57:26 +0200] "GET /scripte/basics.js HTTP/1.1" 200 198 "http://www.prokommunal.com/seiten/fsw.htm" "Mozilla/4.0 (compatible; MSIE 8.0; Windows NT 5.1; Trident/4.0; .NET CLR 2.0.50727)"
83.243.48.3 - - [19/Jul/2013:07:57:26 +0200] "GET /img/1px_tr.gif HTTP/1.1" 200 43 "http://www.prokommunal.com/seiten/fsw.htm" "Mozilla/4.0 (compatible; MSIE 8.0; Windows NT 5.1; Trident/4.0; .NET CLR 2.0.50727)"
83.243.48.3 - - [19/Jul/2013:07:57:27 +0200] "GET /img/top.gif HTTP/1.1" 200 96 "http://www.prokommunal.com/seiten/fsw.htm" "Mozilla/4.0 (compatible; MSIE 8.0; Windows NT 5.1; Trident/4.0; .NET CLR 2.0.50727)"
83.243.48.3 - - [19/Jul/2013:07:57:27 +0200] "GET /img/fsw.jpg HTTP/1.1" 200 10878 "http://www.prokommunal.com/seiten/fsw.htm" "Mozilla/4.0 (compatible; MSIE 8.0; Windows NT 5.1; Trident/4.0; .NET CLR 2.0.50727)"
83.243.48.3 - - [19/Jul/2013:07:57:27 +0200] "GET /redesign/img/bg_gelb.jpg HTTP/1.1" 200 368 "http://www.prokommunal.com/seiten/fsw.htm" "Mozilla/4.0 (compatible; MSIE 8.0; Windows NT 5.1; Trident/4.0; .NET CLR 2.0.50727)"
83.243.48.3 - - [19/Jul/2013:07:57:34 +0200] "GET /seiten/referenzen.htm HTTP/1.1" 200 40249 "http://www.prokommunal.com/seiten/fsw.htm" "Mozilla/4.0 (compatible; MSIE 8.0; Windows NT 5.1; Trident/4.0; .NET CLR 2.0.50727)"
83.243.48.3 - - [19/Jul/2013:07:58:51 +0200] "GET /seiten/produkte.htm HTTP/1.1" 200 9105 "http://www.prokommunal.com/seiten/referenzen.htm" "Mozilla/4.0 (compatible; MSIE 8.0; Windows NT 5.1; Trident/4.0; .NET CLR 2.0.50727)"
83.243.48.3 - - [19/Jul/2013:07:59:08 +0200] "GET / HTTP/1.1" 200 7903 "http://www.prokommunal.com/seiten/fsw.htm" "Mozilla/4.0 (compatible; MSIE 8.0; Windows NT 5.1; Trident/4.0; .NET CLR 2.0.50727)"
83.243.48.3 - - [19/Jul/2013:07:59:18 +0200] "GET /seiten/service.htm HTTP/1.1" 200 9959 "http://www.prokommunal.com/" "Mozilla/4.0 (compatible; MSIE 8.0; Windows NT 5.1; Trident/4.0; .NET CLR 2.0.50727)"
157.55.34.168 - - [19/Jul/2013:08:39:12 +0200] "GET /robots.txt HTTP/1.1" 404 1256 "-" "Mozilla/5.0 (compatible; bingbot/2.0; +http://www.bing.com/bingbot.htm)"
157.55.34.168 - - [19/Jul/2013:08:40:36 +0200] "GET / HTTP/1.1" 200 7903 "-" "Mozilla/5.0 (compatible; bingbot/2.0; +http://www.bing.com/bingbot.htm)"
65.55.218.169 - - [19/Jul/2013:09:43:35 +0200] "GET /seiten/kontakt.php HTTP/1.1" 200 12788 "-" "Mozilla/4.0 (compatible; MSIE 7.0; Windows NT 5.1; SV1; .NET CLR 1.1.4322; .NET CLR 2.0.40607; .NET CLR 3.0.30729; .NET CLR 3.5.30729; MS-RTC LM 8)"
65.55.218.169 - - [19/Jul/2013:09:43:35 +0200] "GET /css/style.css HTTP/1.1" 200 3549 "http://www.prokommunal.com/seiten/kontakt.php" "Mozilla/4.0 (compatible; MSIE 7.0; Windows NT 5.1; SV1; .NET CLR 1.1.4322; .NET CLR 2.0.40607; .NET CLR 3.0.30729; .NET CLR 3.5.30729; MS-RTC LM 8)"
65.55.218.169 - - [19/Jul/2013:09:43:35 +0200] "GET /scripte/basics.js HTTP/1.1" 200 198 "http://www.prokommunal.com/seiten/kontakt.php" "Mozilla/4.0 (compatible; MSIE 7.0; Windows NT 5.1; SV1; .NET CLR 1.1.4322; .NET CLR 2.0.40607; .NET CLR 3.0.30729; .NET CLR 3.5.30729; MS-RTC LM 8)"
213.139.155.194 - - [19/Jul/2013:09:56:14 +0200] "GET /seiten/fsw.htm HTTP/1.0" 200 9961 "http://www.prokommunal.com/seiten/service.htm" "Mozilla/5.0 (Windows NT 5.1; rv:11.0) Gecko/20100101 Firefox/11.0"
213.139.155.194 - - [19/Jul/2013:09:56:14 +0200] "GET /img/1px_tr.gif HTTP/1.0" 200 43 "http://www.prokommunal.com/seiten/fsw.htm" "Mozilla/5.0 (Windows NT 5.1; rv:11.0) Gecko/20100101 Firefox/11.0"
213.139.155.194 - - [19/Jul/2013:09:56:14 +0200] "GET /img/fsw.jpg HTTP/1.0" 200 10878 "http://www.prokommunal.com/seiten/fsw.htm" "Mozilla/5.0 (Windows NT 5.1; rv:11.0) Gecko/20100101 Firefox/11.0"
173.199.115.35 - - [19/Jul/2013:10:20:39 +0200] "GET /seiten/kontakt.php HTTP/1.1" 200 12788 "-" "Mozilla/5.0 (compatible; AhrefsBot/4.0; +http://ahrefs.com/robot/)"
212.59.55.66 - - [19/Jul/2013:10:22:47 +0200] "GET / HTTP/1.1" 200 7903 "-" "Mozilla/4.0 (compatible; MSIE 8.0; Windows NT 6.1; Trident/4.0; SLCC2; .NET CLR 2.0.50727; .NET CLR 3.5.30729; .NET CLR 3.0.30729; Media Center PC 6.0; InfoPath.3; .NET4.0C; .NET4.0E)"
212.59.55.66 - - [19/Jul/2013:10:22:47 +0200] "GET /css/style.css HTTP/1.1" 200 3549 "http://www.prokommunal.com/" "Mozilla/4.0 (compatible; MSIE 8.0; Windows NT 6.1; Trident/4.0; SLCC2; .NET CLR 2.0.50727; .NET CLR 3.5.30729; .NET CLR 3.0.30729; Media Center PC 6.0; InfoPath.3; .NET4.0C; .NET4.0E)"
212.59.55.66 - - [19/Jul/2013:10:22:47 +0200] "GET /scripte/basics.js HTTP/1.1" 200 198 "http://www.prokommunal.com/" "Mozilla/4.0 (compatible; MSIE 8.0; Windows NT 6.1; Trident/4.0; SLCC2; .NET CLR 2.0.50727; .NET CLR 3.5.30729; .NET CLR 3.0.30729; Media Center PC 6.0; InfoPath.3; .NET4.0C; .NET4.0E)"
212.59.55.66 - - [19/Jul/2013:10:22:47 +0200] "GET /img/head01.jpg HTTP/1.1" 200 6350 "http://www.prokommunal.com/" "Mozilla/4.0 (compatible; MSIE 8.0; Windows NT 6.1; Trident/4.0; SLCC2; .NET CLR 2.0.50727; .NET CLR 3.5.30729; .NET CLR 3.0.30729; Media Center PC 6.0; InfoPath.3; .NET4.0C; .NET4.0E)"
212.59.55.66 - - [19/Jul/2013:10:22:47 +0200] "GET /img/head02.jpg HTTP/1.1" 200 4929 "http://www.prokommunal.com/" "Mozilla/4.0 (compatible; MSIE 8.0; Windows NT 6.1; Trident/4.0; SLCC2; .NET CLR 2.0.50727; .NET CLR 3.5.30729; .NET CLR 3.0.30729; Media Center PC 6.0; InfoPath.3; .NET4.0C; .NET4.0E)"
212.59.55.66 - - [19/Jul/2013:10:22:48 +0200] "GET /redesign/img/bg_foot.gif HTTP/1.1" 200 286 "http://www.prokommunal.com/" "Mozilla/4.0 (compatible; MSIE 8.0; Windows NT 6.1; Trident/4.0; SLCC2; .NET CLR 2.0.50727; .NET CLR 3.5.30729; .NET CLR 3.0.30729; Media Center PC 6.0; InfoPath.3; .NET4.0C; .NET4.0E)"
212.59.55.66 - - [19/Jul/2013:10:22:48 +0200] "GET /redesign/img/bg_gelb.jpg HTTP/1.1" 200 368 "http://www.prokommunal.com/" "Mozilla/4.0 (compatible; MSIE 8.0; Windows NT 6.1; Trident/4.0; SLCC2; .NET CLR 2.0.50727; .NET CLR 3.5.30729; .NET CLR 3.0.30729; Media Center PC 6.0; InfoPath.3; .NET4.0C; .NET4.0E)"
212.59.55.66 - - [19/Jul/2013:10:22:48 +0200] "GET /img/head03.jpg HTTP/1.1" 200 7610 "http://www.prokommunal.com/" "Mozilla/4.0 (compatible; MSIE 8.0; Windows NT 6.1; Trident/4.0; SLCC2; .NET CLR 2.0.50727; .NET CLR 3.5.30729; .NET CLR 3.0.30729; Media Center PC 6.0; InfoPath.3; .NET4.0C; .NET4.0E)"
212.59.55.66 - - [19/Jul/2013:10:22:50 +0200] "GET /seiten/kontakt.php HTTP/1.1" 200 12788 "http://www.prokommunal.com/" "Mozilla/4.0 (compatible; MSIE 8.0; Windows NT 6.1; Trident/4.0; SLCC2; .NET CLR 2.0.50727; .NET CLR 3.5.30729; .NET CLR 3.0.30729; Media Center PC 6.0; InfoPath.3; .NET4.0C; .NET4.0E)"
212.59.55.66 - - [19/Jul/2013:10:22:50 +0200] "GET /img/1px_tr.gif HTTP/1.1" 200 43 "http://www.prokommunal.com/seiten/kontakt.php" "Mozilla/4.0 (compatible; MSIE 8.0; Windows NT 6.1; Trident/4.0; SLCC2; .NET CLR 2.0.50727; .NET CLR 3.5.30729; .NET CLR 3.0.30729; Media Center PC 6.0; InfoPath.3; .NET4.0C; .NET4.0E)"
212.59.55.66 - - [19/Jul/2013:10:22:50 +0200] "GET /img/top.gif HTTP/1.1" 200 96 "http://www.prokommunal.com/seiten/kontakt.php" "Mozilla/4.0 (compatible; MSIE 8.0; Windows NT 6.1; Trident/4.0; SLCC2; .NET CLR 2.0.50727; .NET CLR 3.5.30729; .NET CLR 3.0.30729; Media Center PC 6.0; InfoPath.3; .NET4.0C; .NET4.0E)"
212.59.55.66 - - [19/Jul/2013:10:22:50 +0200] "GET /img/men_01.jpg HTTP/1.1" 200 713 "http://www.prokommunal.com/seiten/kontakt.php" "Mozilla/4.0 (compatible; MSIE 8.0; Windows NT 6.1; Trident/4.0; SLCC2; .NET CLR 2.0.50727; .NET CLR 3.5.30729; .NET CLR 3.0.30729; Media Center PC 6.0; InfoPath.3; .NET4.0C; .NET4.0E)"
173.199.115.35 - - [19/Jul/2013:10:29:08 +0200] "GET /seiten/fsw.htm HTTP/1.1" 200 9961 "-" "Mozilla/5.0 (compatible; AhrefsBot/4.0; +http://ahrefs.com/robot/)"
173.192.235.226 - - [19/Jul/2013:10:33:45 +0200] "GET /robots.txt HTTP/1.1" 404 1256 "-" "Mozilla/5.0 (compatible; SiteExplorer/1.0b; +http://siteexplorer.info/)"
173.192.235.226 - - [19/Jul/2013:10:33:50 +0200] "GET /seiten/referenzen.htm HTTP/1.1" 200 40249 "-" "Mozilla/5.0 (compatible; SiteExplorer/1.0b; +http://siteexplorer.info/)"
173.192.235.226 - - [19/Jul/2013:10:33:55 +0200] "GET /seiten/produkte.htm HTTP/1.1" 200 9105 "-" "Mozilla/5.0 (compatible; SiteExplorer/1.0b; +http://siteexplorer.info/)"
173.192.235.226 - - [19/Jul/2013:10:34:00 +0200] "GET /seiten/partner.htm HTTP/1.1" 200 9458 "-" "Mozilla/5.0 (compatible; SiteExplorer/1.0b; +http://siteexplorer.info/)"
173.192.235.226 - - [19/Jul/2013:10:34:05 +0200] "GET /seiten/kontakt.php HTTP/1.1" 200 12788 "-" "Mozilla/5.0 (compatible; SiteExplorer/1.0b; +http://siteexplorer.info/)"
173.192.235.226 - - [19/Jul/2013:10:34:15 +0200] "GET /seiten/impr.htm HTTP/1.1" 200 8696 "-" "Mozilla/5.0 (compatible; SiteExplorer/1.0b; +http://siteexplorer.info/)"
173.192.235.226 - - [19/Jul/2013:10:34:20 +0200] "GET /seiten/fsw.htm HTTP/1.1" 200 9961 "-" "Mozilla/5.0 (compatible; SiteExplorer/1.0b; +http://siteexplorer.info/)"
173.192.235.226 - - [19/Jul/2013:10:34:25 +0200] "GET /seiten/fahrlehrerwesen.htm HTTP/1.1" 200 7168 "-" "Mozilla/5.0 (compatible; SiteExplorer/1.0b; +http://siteexplorer.info/)"
173.192.235.226 - - [19/Jul/2013:10:34:30 +0200] "GET /seiten/databund.html HTTP/1.1" 200 9125 "-" "Mozilla/5.0 (compatible; SiteExplorer/1.0b; +http://siteexplorer.info/)"
173.192.235.226 - - [19/Jul/2013:10:34:35 +0200] "GET / HTTP/1.1" 200 7903 "-" "Mozilla/5.0 (compatible; SiteExplorer/1.0b; +http://siteexplorer.info/)"
212.59.55.65 - - [19/Jul/2013:12:21:56 +0200] "GET /seiten/produkte.htm HTTP/1.1" 200 9105 "http://www.google.de/url?sa=t&rct=j&q=prokommunal%20fsw&source=web&cd=1&ved=0CC8QFjAA&url=http%3A%2F%2Fwww.prokommunal.com%2Fseiten%2Fprodukte.htm&ei=ChPpUanOMIjKtAaw84HQBQ&usg=AFQjCNHvjuoVUyTn7kloswPTner3pP8jKQ&bvm=bv.49478099,d.ZWU" "Mozilla/4.0 (compatible; MSIE 8.0; Windows NT 6.1; Trident/4.0; SLCC2; .NET CLR 2.0.50727; .NET CLR 3.5.30729; .NET CLR 3.0.30729; Media Center PC 6.0; .NET4.0C; .NET4.0E; InfoPath.3)"
212.59.55.65 - - [19/Jul/2013:12:21:56 +0200] "GET /scripte/basics.js HTTP/1.1" 200 198 "http://www.prokommunal.com/seiten/produkte.htm" "Mozilla/4.0 (compatible; MSIE 8.0; Windows NT 6.1; Trident/4.0; SLCC2; .NET CLR 2.0.50727; .NET CLR 3.5.30729; .NET CLR 3.0.30729; Media Center PC 6.0; .NET4.0C; .NET4.0E; InfoPath.3)"
212.59.55.65 - - [19/Jul/2013:12:21:56 +0200] "GET /css/style.css HTTP/1.1" 200 3549 "http://www.prokommunal.com/seiten/produkte.htm" "Mozilla/4.0 (compatible; MSIE 8.0; Windows NT 6.1; Trident/4.0; SLCC2; .NET CLR 2.0.50727; .NET CLR 3.5.30729; .NET CLR 3.0.30729; Media Center PC 6.0; .NET4.0C; .NET4.0E; InfoPath.3)"
212.59.55.65 - - [19/Jul/2013:12:21:57 +0200] "GET /img/head02.jpg HTTP/1.1" 200 4929 "http://www.prokommunal.com/seiten/produkte.htm" "Mozilla/4.0 (compatible; MSIE 8.0; Windows NT 6.1; Trident/4.0; SLCC2; .NET CLR 2.0.50727; .NET CLR 3.5.30729; .NET CLR 3.0.30729; Media Center PC 6.0; .NET4.0C; .NET4.0E; InfoPath.3)"
212.59.55.65 - - [19/Jul/2013:12:21:57 +0200] "GET /img/head01.jpg HTTP/1.1" 200 6350 "http://www.prokommunal.com/seiten/produkte.htm" "Mozilla/4.0 (compatible; MSIE 8.0; Windows NT 6.1; Trident/4.0; SLCC2; .NET CLR 2.0.50727; .NET CLR 3.5.30729; .NET CLR 3.0.30729; Media Center PC 6.0; .NET4.0C; .NET4.0E; InfoPath.3)"
212.59.55.65 - - [19/Jul/2013:12:21:57 +0200] "GET /img/head03.jpg HTTP/1.1" 200 7610 "http://www.prokommunal.com/seiten/produkte.htm" "Mozilla/4.0 (compatible; MSIE 8.0; Windows NT 6.1; Trident/4.0; SLCC2; .NET CLR 2.0.50727; .NET CLR 3.5.30729; .NET CLR 3.0.30729; Media Center PC 6.0; .NET4.0C; .NET4.0E; InfoPath.3)"
212.59.55.65 - - [19/Jul/2013:12:21:57 +0200] "GET /img/1px_tr.gif HTTP/1.1" 200 43 "http://www.prokommunal.com/seiten/produkte.htm" "Mozilla/4.0 (compatible; MSIE 8.0; Windows NT 6.1; Trident/4.0; SLCC2; .NET CLR 2.0.50727; .NET CLR 3.5.30729; .NET CLR 3.0.30729; Media Center PC 6.0; .NET4.0C; .NET4.0E; InfoPath.3)"
212.59.55.65 - - [19/Jul/2013:12:21:57 +0200] "GET /redesign/img/bg_gelb.jpg HTTP/1.1" 200 368 "http://www.prokommunal.com/seiten/produkte.htm" "Mozilla/4.0 (compatible; MSIE 8.0; Windows NT 6.1; Trident/4.0; SLCC2; .NET CLR 2.0.50727; .NET CLR 3.5.30729; .NET CLR 3.0.30729; Media Center PC 6.0; .NET4.0C; .NET4.0E; InfoPath.3)"
212.59.55.65 - - [19/Jul/2013:12:21:57 +0200] "GET /redesign/img/bg_foot.gif HTTP/1.1" 200 286 "http://www.prokommunal.com/seiten/produkte.htm" "Mozilla/4.0 (compatible; MSIE 8.0; Windows NT 6.1; Trident/4.0; SLCC2; .NET CLR 2.0.50727; .NET CLR 3.5.30729; .NET CLR 3.0.30729; Media Center PC 6.0; .NET4.0C; .NET4.0E; InfoPath.3)"
212.59.55.65 - - [19/Jul/2013:12:21:57 +0200] "GET /img/men_01.jpg HTTP/1.1" 200 713 "http://www.prokommunal.com/seiten/produkte.htm" "Mozilla/4.0 (compatible; MSIE 8.0; Windows NT 6.1; Trident/4.0; SLCC2; .NET CLR 2.0.50727; .NET CLR 3.5.30729; .NET CLR 3.0.30729; Media Center PC 6.0; .NET4.0C; .NET4.0E; InfoPath.3)"
212.59.55.65 - - [19/Jul/2013:12:21:57 +0200] "GET /img/top.gif HTTP/1.1" 200 96 "http://www.prokommunal.com/seiten/produkte.htm" "Mozilla/4.0 (compatible; MSIE 8.0; Windows NT 6.1; Trident/4.0; SLCC2; .NET CLR 2.0.50727; .NET CLR 3.5.30729; .NET CLR 3.0.30729; Media Center PC 6.0; .NET4.0C; .NET4.0E; InfoPath.3)"
212.59.55.65 - - [19/Jul/2013:12:21:57 +0200] "GET /favicon.ico HTTP/1.1" 200 894 "-" "Mozilla/4.0 (compatible; MSIE 8.0; Windows NT 6.1; Trident/4.0; SLCC2; .NET CLR 2.0.50727; .NET CLR 3.5.30729; .NET CLR 3.0.30729; Media Center PC 6.0; .NET4.0C; .NET4.0E; InfoPath.3)"
212.59.55.65 - - [19/Jul/2013:12:22:00 +0200] "GET /seiten/fahrlehrerwesen.htm HTTP/1.1" 200 7168 "http://www.prokommunal.com/seiten/produkte.htm" "Mozilla/4.0 (compatible; MSIE 8.0; Windows NT 6.1; Trident/4.0; SLCC2; .NET CLR 2.0.50727; .NET CLR 3.5.30729; .NET CLR 3.0.30729; Media Center PC 6.0; .NET4.0C; .NET4.0E; InfoPath.3)"
212.59.55.65 - - [19/Jul/2013:12:22:12 +0200] "GET /seiten/service.htm HTTP/1.1" 200 9959 "http://www.prokommunal.com/seiten/fahrlehrerwesen.htm" "Mozilla/4.0 (compatible; MSIE 8.0; Windows NT 6.1; Trident/4.0; SLCC2; .NET CLR 2.0.50727; .NET CLR 3.5.30729; .NET CLR 3.0.30729; Media Center PC 6.0; .NET4.0C; .NET4.0E; InfoPath.3)"
212.59.55.65 - - [19/Jul/2013:12:22:12 +0200] "GET /redesign/img/term.jpg HTTP/1.1" 200 498 "http://www.prokommunal.com/seiten/service.htm" "Mozilla/4.0 (compatible; MSIE 8.0; Windows NT 6.1; Trident/4.0; SLCC2; .NET CLR 2.0.50727; .NET CLR 3.5.30729; .NET CLR 3.0.30729; Media Center PC 6.0; .NET4.0C; .NET4.0E; InfoPath.3)"
124.238.215.152 - - [19/Jul/2013:12:36:41 +0200] "GET /robots.txt HTTP/1.0" 404 1256 "-" "nutch-1.4/Nutch-1.4"
124.238.215.152 - - [19/Jul/2013:12:36:41 +0200] "GET / HTTP/1.0" 200 7903 "-" "nutch-1.4/Nutch-1.4"
157.56.93.49 - - [19/Jul/2013:13:20:59 +0200] "GET /robots.txt HTTP/1.1" 404 1256 "-" "Mozilla/5.0 (compatible; bingbot/2.0; +http://www.bing.com/bingbot.htm)"
188.101.217.167 - - [19/Jul/2013:13:23:33 +0200] "GET /css/style.css HTTP/1.1" 200 3549 "http://www.prokommunal.com/seiten/referenzen.htm" "Mozilla/5.0 (Linux; Android 4.2.2; de-de; SAMSUNG GT-I9505 Build/JDQ39) AppleWebKit/535.19 (KHTML, like Gecko) Version/1.0 Chrome/18.0.1025.308 Mobile Safari/535.19"
188.101.217.167 - - [19/Jul/2013:13:23:33 +0200] "GET /seiten/referenzen.htm HTTP/1.1" 200 40249 "-" "Mozilla/5.0 (Linux; Android 4.2.2; de-de; SAMSUNG GT-I9505 Build/JDQ39) AppleWebKit/535.19 (KHTML, like Gecko) Version/1.0 Chrome/18.0.1025.308 Mobile Safari/535.19"
188.101.217.167 - - [19/Jul/2013:13:23:33 +0200] "GET /scripte/basics.js HTTP/1.1" 200 198 "http://www.prokommunal.com/seiten/referenzen.htm" "Mozilla/5.0 (Linux; Android 4.2.2; de-de; SAMSUNG GT-I9505 Build/JDQ39) AppleWebKit/535.19 (KHTML, like Gecko) Version/1.0 Chrome/18.0.1025.308 Mobile Safari/535.19"
188.101.217.167 - - [19/Jul/2013:13:23:34 +0200] "GET /img/head01.jpg HTTP/1.1" 200 6350 "http://www.prokommunal.com/seiten/referenzen.htm" "Mozilla/5.0 (Linux; Android 4.2.2; de-de; SAMSUNG GT-I9505 Build/JDQ39) AppleWebKit/535.19 (KHTML, like Gecko) Version/1.0 Chrome/18.0.1025.308 Mobile Safari/535.19"
188.101.217.167 - - [19/Jul/2013:13:23:34 +0200] "GET /img/head02.jpg HTTP/1.1" 200 4929 "http://www.prokommunal.com/seiten/referenzen.htm" "Mozilla/5.0 (Linux; Android 4.2.2; de-de; SAMSUNG GT-I9505 Build/JDQ39) AppleWebKit/535.19 (KHTML, like Gecko) Version/1.0 Chrome/18.0.1025.308 Mobile Safari/535.19"
188.101.217.167 - - [19/Jul/2013:13:23:34 +0200] "GET /img/head03.jpg HTTP/1.1" 200 7610 "http://www.prokommunal.com/seiten/referenzen.htm" "Mozilla/5.0 (Linux; Android 4.2.2; de-de; SAMSUNG GT-I9505 Build/JDQ39) AppleWebKit/535.19 (KHTML, like Gecko) Version/1.0 Chrome/18.0.1025.308 Mobile Safari/535.19"
188.101.217.167 - - [19/Jul/2013:13:23:34 +0200] "GET /redesign/img/bg_gelb.jpg HTTP/1.1" 200 368 "http://www.prokommunal.com/seiten/referenzen.htm" "Mozilla/5.0 (Linux; Android 4.2.2; de-de; SAMSUNG GT-I9505 Build/JDQ39) AppleWebKit/535.19 (KHTML, like Gecko) Version/1.0 Chrome/18.0.1025.308 Mobile Safari/535.19"
188.101.217.167 - - [19/Jul/2013:13:23:34 +0200] "GET /img/men_01.jpg HTTP/1.1" 200 713 "http://www.prokommunal.com/seiten/referenzen.htm" "Mozilla/5.0 (Linux; Android 4.2.2; de-de; SAMSUNG GT-I9505 Build/JDQ39) AppleWebKit/535.19 (KHTML, like Gecko) Version/1.0 Chrome/18.0.1025.308 Mobile Safari/535.19"
188.101.217.167 - - [19/Jul/2013:13:23:34 +0200] "GET /redesign/img/bg_foot.gif HTTP/1.1" 200 286 "http://www.prokommunal.com/seiten/referenzen.htm" "Mozilla/5.0 (Linux; Android 4.2.2; de-de; SAMSUNG GT-I9505 Build/JDQ39) AppleWebKit/535.19 (KHTML, like Gecko) Version/1.0 Chrome/18.0.1025.308 Mobile Safari/535.19"
188.101.217.167 - - [19/Jul/2013:13:23:34 +0200] "GET /img/top.gif HTTP/1.1" 200 96 "http://www.prokommunal.com/seiten/referenzen.htm" "Mozilla/5.0 (Linux; Android 4.2.2; de-de; SAMSUNG GT-I9505 Build/JDQ39) AppleWebKit/535.19 (KHTML, like Gecko) Version/1.0 Chrome/18.0.1025.308 Mobile Safari/535.19"
188.101.217.167 - - [19/Jul/2013:13:23:34 +0200] "GET /favicon.ico HTTP/1.1" 200 894 "-" "Mozilla/5.0 (Linux; Android 4.2.2; de-de; SAMSUNG GT-I9505 Build/JDQ39) AppleWebKit/535.19 (KHTML, like Gecko) Version/1.0 Chrome/18.0.1025.308 Mobile Safari/535.19"
188.101.217.167 - - [19/Jul/2013:13:23:34 +0200] "GET /apple-touch-icon-precomposed.png HTTP/1.1" 404 1256 "-" "Mozilla/5.0 (Linux; Android 4.2.2; de-de; SAMSUNG GT-I9505 Build/JDQ39) AppleWebKit/535.19 (KHTML, like Gecko) Version/1.0 Chrome/18.0.1025.308 Mobile Safari/535.19"
188.101.217.167 - - [19/Jul/2013:13:23:34 +0200] "GET /apple-touch-icon.png HTTP/1.1" 404 1256 "-" "Mozilla/5.0 (Linux; Android 4.2.2; de-de; SAMSUNG GT-I9505 Build/JDQ39) AppleWebKit/535.19 (KHTML, like Gecko) Version/1.0 Chrome/18.0.1025.308 Mobile Safari/535.19"
157.56.93.49 - - [19/Jul/2013:13:31:39 +0200] "GET / HTTP/1.1" 200 7903 "-" "Mozilla/5.0 (compatible; bingbot/2.0; +http://www.bing.com/bingbot.htm)"
66.249.78.242 - - [19/Jul/2013:14:10:53 +0200] "GET /robots.txt HTTP/1.1" 404 1256 "-" "Mozilla/5.0 (compatible; Googlebot/2.1; +http://www.google.com/bot.html)"
66.249.75.211 - - [19/Jul/2013:14:10:53 +0200] "GET /seiten/service.htm HTTP/1.1" 304 - "-" "Mozilla/5.0 (iPhone; U; CPU iPhone OS 4_1 like Mac OS X; en-us) AppleWebKit/532.9 (KHTML, like Gecko) Version/4.0.5 Mobile/8B117 Safari/6531.22.7 (compatible; Googlebot-Mobile/2.1; +http://www.google.com/bot.html)"
91.65.32.91 - - [19/Jul/2013:14:43:02 +0200] "GET / HTTP/1.1" 200 7903 "-" "Mozilla/5.0 (Windows NT 6.1; WOW64; rv:21.0) Gecko/20100101 Firefox/21.0"
91.65.32.91 - - [19/Jul/2013:14:43:02 +0200] "GET /css/style.css HTTP/1.1" 200 3549 "http://www.prokommunal.com/" "Mozilla/5.0 (Windows NT 6.1; WOW64; rv:21.0) Gecko/20100101 Firefox/21.0"
91.65.32.91 - - [19/Jul/2013:14:43:02 +0200] "GET /scripte/basics.js HTTP/1.1" 200 198 "http://www.prokommunal.com/" "Mozilla/5.0 (Windows NT 6.1; WOW64; rv:21.0) Gecko/20100101 Firefox/21.0"
91.65.32.91 - - [19/Jul/2013:14:43:02 +0200] "GET /favicon.ico HTTP/1.1" 200 894 "-" "Mozilla/5.0 (Windows NT 6.1; WOW64; rv:21.0) Gecko/20100101 Firefox/21.0"
91.65.32.91 - - [19/Jul/2013:14:43:02 +0200] "GET /img/head01.jpg HTTP/1.1" 200 6350 "http://www.prokommunal.com/" "Mozilla/5.0 (Windows NT 6.1; WOW64; rv:21.0) Gecko/20100101 Firefox/21.0"
91.65.32.91 - - [19/Jul/2013:14:43:02 +0200] "GET /img/head02.jpg HTTP/1.1" 200 4929 "http://www.prokommunal.com/" "Mozilla/5.0 (Windows NT 6.1; WOW64; rv:21.0) Gecko/20100101 Firefox/21.0"
91.65.32.91 - - [19/Jul/2013:14:43:02 +0200] "GET /img/head03.jpg HTTP/1.1" 200 7610 "http://www.prokommunal.com/" "Mozilla/5.0 (Windows NT 6.1; WOW64; rv:21.0) Gecko/20100101 Firefox/21.0"
91.65.32.91 - - [19/Jul/2013:14:43:02 +0200] "GET /redesign/img/bg_gelb.jpg HTTP/1.1" 200 368 "http://www.prokommunal.com/css/style.css" "Mozilla/5.0 (Windows NT 6.1; WOW64; rv:21.0) Gecko/20100101 Firefox/21.0"
91.65.32.91 - - [19/Jul/2013:14:43:02 +0200] "GET /redesign/img/bg_foot.gif HTTP/1.1" 200 286 "http://www.prokommunal.com/css/style.css" "Mozilla/5.0 (Windows NT 6.1; WOW64; rv:21.0) Gecko/20100101 Firefox/21.0"
91.65.32.91 - - [19/Jul/2013:14:43:05 +0200] "GET /seiten/kontakt.php HTTP/1.1" 200 12788 "http://www.prokommunal.com/" "Mozilla/5.0 (Windows NT 6.1; WOW64; rv:21.0) Gecko/20100101 Firefox/21.0"
91.65.32.91 - - [19/Jul/2013:14:43:06 +0200] "GET /img/1px_tr.gif HTTP/1.1" 200 43 "http://www.prokommunal.com/seiten/kontakt.php" "Mozilla/5.0 (Windows NT 6.1; WOW64; rv:21.0) Gecko/20100101 Firefox/21.0"
91.65.32.91 - - [19/Jul/2013:14:43:06 +0200] "GET /img/top.gif HTTP/1.1" 200 96 "http://www.prokommunal.com/seiten/kontakt.php" "Mozilla/5.0 (Windows NT 6.1; WOW64; rv:21.0) Gecko/20100101 Firefox/21.0"
91.65.32.91 - - [19/Jul/2013:14:43:06 +0200] "GET /img/men_01.jpg HTTP/1.1" 200 713 "http://www.prokommunal.com/seiten/kontakt.php" "Mozilla/5.0 (Windows NT 6.1; WOW64; rv:21.0) Gecko/20100101 Firefox/21.0"
192.74.232.129 - - [19/Jul/2013:14:48:42 +0200] "GET /seiten/databund.html HTTP/1.1" 200 9125 "-" "Mozilla/4.0 (compatible; MSIE 6.0; Windows NT 5.1; SV1; Mozilla/4.0 (compatible; MSIE 6.0; Windows NT 5.1; SV1) )"
208.115.111.71 - - [19/Jul/2013:14:55:31 +0200] "GET /robots.txt HTTP/1.1" 404 1256 "-" "Mozilla/5.0 (compatible; Ezooms/1.0; ezooms.bot@gmail.com)"
157.55.34.98 - - [19/Jul/2013:16:26:18 +0200] "GET /robots.txt HTTP/1.1" 404 1256 "-" "Mozilla/5.0 (compatible; bingbot/2.0; +http://www.bing.com/bingbot.htm)"
5.10.83.12 - - [19/Jul/2013:16:28:15 +0200] "GET / HTTP/1.1" 200 7903 "-" "Mozilla/5.0 (compatible; AhrefsBot/5.0; +http://ahrefs.com/robot/)"
5.10.83.53 - - [19/Jul/2013:16:33:20 +0200] "GET / HTTP/1.1" 200 7903 "-" "Mozilla/5.0 (compatible; AhrefsBot/5.0; +http://ahrefs.com/robot/)"
157.55.34.98 - - [19/Jul/2013:16:33:46 +0200] "GET /seiten/kontakt.php HTTP/1.1" 200 12788 "-" "Mozilla/5.0 (compatible; bingbot/2.0; +http://www.bing.com/bingbot.htm)"
173.199.115.35 - - [19/Jul/2013:16:45:12 +0200] "GET /seiten/produkte.htm HTTP/1.1" 200 9105 "-" "Mozilla/5.0 (compatible; AhrefsBot/4.0; +http://ahrefs.com/robot/)"
208.115.111.71 - - [19/Jul/2013:17:03:14 +0200] "GET /seiten/ HTTP/1.1" 403 1222 "-" "Mozilla/5.0 (compatible; Ezooms/1.0; ezooms.bot@gmail.com)"
173.199.117.195 - - [19/Jul/2013:17:51:53 +0200] "GET /seiten/referenzen.htm HTTP/1.1" 200 40249 "-" "Mozilla/5.0 (compatible; AhrefsBot/4.0; +http://ahrefs.com/robot/)"
141.8.147.12 - - [19/Jul/2013:18:04:09 +0200] "GET /robots.txt HTTP/1.1" 404 1256 "-" "Mozilla/5.0 (compatible; YandexBot/3.0; +http://yandex.com/bots)"
141.8.147.12 - - [19/Jul/2013:18:04:09 +0200] "GET /robots.txt HTTP/1.1" 404 1256 "-" "Mozilla/5.0 (compatible; YandexBot/3.0; +http://yandex.com/bots)"
141.8.147.12 - - [19/Jul/2013:18:04:11 +0200] "GET / HTTP/1.1" 200 7903 "-" "Mozilla/5.0 (compatible; YandexBot/3.0; +http://yandex.com/bots)"
141.8.147.12 - - [19/Jul/2013:18:04:14 +0200] "GET /robots.txt HTTP/1.1" 404 1256 "-" "Mozilla/5.0 (compatible; YandexBot/3.0; +http://yandex.com/bots)"
141.8.147.12 - - [19/Jul/2013:18:04:14 +0200] "GET /robots.txt HTTP/1.1" 404 1256 "-" "Mozilla/5.0 (compatible; YandexBot/3.0; +http://yandex.com/bots)"
141.8.147.12 - - [19/Jul/2013:18:04:14 +0200] "GET / HTTP/1.1" 200 7903 "-" "Mozilla/5.0 (compatible; YandexBot/3.0; +http://yandex.com/bots)"
141.8.147.12 - - [19/Jul/2013:18:04:18 +0200] "GET / HTTP/1.1" 200 7903 "-" "Mozilla/5.0 (compatible; YandexBot/3.0; +http://yandex.com/bots)"
141.8.147.12 - - [19/Jul/2013:18:04:18 +0200] "GET / HTTP/1.1" 200 7903 "-" "Mozilla/5.0 (compatible; YandexBot/3.0; +http://yandex.com/bots)"
141.8.147.12 - - [19/Jul/2013:18:08:27 +0200] "GET / HTTP/1.1" 200 7903 "-" "Mozilla/5.0 (compatible; YandexBot/3.0; +http://yandex.com/bots)"
141.8.147.12 - - [19/Jul/2013:18:08:33 +0200] "GET / HTTP/1.1" 200 7903 "-" "Mozilla/5.0 (compatible; YandexBot/3.0; +http://yandex.com/bots)"
141.8.147.12 - - [19/Jul/2013:18:08:33 +0200] "GET / HTTP/1.1" 200 7903 "-" "Mozilla/5.0 (compatible; YandexBot/3.0; +http://yandex.com/bots)"
141.8.147.12 - - [19/Jul/2013:18:08:34 +0200] "GET / HTTP/1.1" 200 7903 "-" "Mozilla/5.0 (compatible; YandexBot/3.0; +http://yandex.com/bots)"
199.30.16.10 - - [19/Jul/2013:18:14:30 +0200] "GET /robots.txt HTTP/1.1" 404 1256 "-" "msnbot-media/1.1 (+http://search.msn.com/msnbot.htm)"
199.30.16.10 - - [19/Jul/2013:18:14:30 +0200] "GET /img/databund.jpg HTTP/1.1" 404 1256 "-" "msnbot-media/1.1 (+http://search.msn.com/msnbot.htm)"
119.63.196.107 - - [19/Jul/2013:18:17:39 +0200] "GET / HTTP/1.1" 200 7903 "-" "Mozilla/5.0 (compatible; Baiduspider/2.0; +http://www.baidu.com/search/spider.html)"
93.210.240.4 - - [19/Jul/2013:18:24:09 +0200] "GET /seiten/fsw.htm HTTP/1.1" 200 9961 "https://www.google.de/" "Mozilla/5.0 (Windows NT 5.1) AppleWebKit/537.36 (KHTML, like Gecko) Chrome/28.0.1500.72 Safari/537.36"
93.210.240.4 - - [19/Jul/2013:18:24:10 +0200] "GET /css/style.css HTTP/1.1" 200 3549 "http://www.prokommunal.com/seiten/fsw.htm" "Mozilla/5.0 (Windows NT 5.1) AppleWebKit/537.36 (KHTML, like Gecko) Chrome/28.0.1500.72 Safari/537.36"
93.210.240.4 - - [19/Jul/2013:18:24:10 +0200] "GET /scripte/basics.js HTTP/1.1" 200 198 "http://www.prokommunal.com/seiten/fsw.htm" "Mozilla/5.0 (Windows NT 5.1) AppleWebKit/537.36 (KHTML, like Gecko) Chrome/28.0.1500.72 Safari/537.36"
93.210.240.4 - - [19/Jul/2013:18:24:10 +0200] "GET /img/head01.jpg HTTP/1.1" 200 6350 "http://www.prokommunal.com/seiten/fsw.htm" "Mozilla/5.0 (Windows NT 5.1) AppleWebKit/537.36 (KHTML, like Gecko) Chrome/28.0.1500.72 Safari/537.36"
93.210.240.4 - - [19/Jul/2013:18:24:10 +0200] "GET /img/head02.jpg HTTP/1.1" 200 4929 "http://www.prokommunal.com/seiten/fsw.htm" "Mozilla/5.0 (Windows NT 5.1) AppleWebKit/537.36 (KHTML, like Gecko) Chrome/28.0.1500.72 Safari/537.36"
93.210.240.4 - - [19/Jul/2013:18:24:10 +0200] "GET /img/1px_tr.gif HTTP/1.1" 200 43 "http://www.prokommunal.com/seiten/fsw.htm" "Mozilla/5.0 (Windows NT 5.1) AppleWebKit/537.36 (KHTML, like Gecko) Chrome/28.0.1500.72 Safari/537.36"
93.210.240.4 - - [19/Jul/2013:18:24:10 +0200] "GET /img/fsw.jpg HTTP/1.1" 200 10878 "http://www.prokommunal.com/seiten/fsw.htm" "Mozilla/5.0 (Windows NT 5.1) AppleWebKit/537.36 (KHTML, like Gecko) Chrome/28.0.1500.72 Safari/537.36"
93.210.240.4 - - [19/Jul/2013:18:24:10 +0200] "GET /img/head03.jpg HTTP/1.1" 200 7610 "http://www.prokommunal.com/seiten/fsw.htm" "Mozilla/5.0 (Windows NT 5.1) AppleWebKit/537.36 (KHTML, like Gecko) Chrome/28.0.1500.72 Safari/537.36"
93.210.240.4 - - [19/Jul/2013:18:24:10 +0200] "GET /redesign/img/bg_gelb.jpg HTTP/1.1" 200 368 "http://www.prokommunal.com/seiten/fsw.htm" "Mozilla/5.0 (Windows NT 5.1) AppleWebKit/537.36 (KHTML, like Gecko) Chrome/28.0.1500.72 Safari/537.36"
93.210.240.4 - - [19/Jul/2013:18:24:10 +0200] "GET /img/top.gif HTTP/1.1" 200 96 "http://www.prokommunal.com/seiten/fsw.htm" "Mozilla/5.0 (Windows NT 5.1) AppleWebKit/537.36 (KHTML, like Gecko) Chrome/28.0.1500.72 Safari/537.36"
93.210.240.4 - - [19/Jul/2013:18:24:10 +0200] "GET /img/men_01.jpg HTTP/1.1" 200 713 "http://www.prokommunal.com/seiten/fsw.htm" "Mozilla/5.0 (Windows NT 5.1) AppleWebKit/537.36 (KHTML, like Gecko) Chrome/28.0.1500.72 Safari/537.36"
93.210.240.4 - - [19/Jul/2013:18:24:10 +0200] "GET /redesign/img/bg_foot.gif HTTP/1.1" 200 286 "http://www.prokommunal.com/seiten/fsw.htm" "Mozilla/5.0 (Windows NT 5.1) AppleWebKit/537.36 (KHTML, like Gecko) Chrome/28.0.1500.72 Safari/537.36"
93.210.240.4 - - [19/Jul/2013:18:24:10 +0200] "GET /favicon.ico HTTP/1.1" 200 894 "-" "Mozilla/5.0 (Windows NT 5.1) AppleWebKit/537.36 (KHTML, like Gecko) Chrome/28.0.1500.72 Safari/537.36"
5.10.83.88 - - [19/Jul/2013:19:20:07 +0200] "GET /seiten/kontakt.php HTTP/1.1" 200 12788 "-" "Mozilla/5.0 (compatible; AhrefsBot/5.0; +http://ahrefs.com/robot/)"
5.10.83.88 - - [19/Jul/2013:19:24:28 +0200] "GET /seiten/produkte.htm HTTP/1.1" 200 9105 "-" "Mozilla/5.0 (compatible; AhrefsBot/5.0; +http://ahrefs.com/robot/)"
5.10.83.88 - - [19/Jul/2013:19:31:46 +0200] "GET /seiten/partner.htm HTTP/1.1" 200 9458 "-" "Mozilla/5.0 (compatible; AhrefsBot/5.0; +http://ahrefs.com/robot/)"
157.55.34.168 - - [19/Jul/2013:19:42:00 +0200] "GET /robots.txt HTTP/1.1" 404 1256 "-" "Mozilla/5.0 (compatible; bingbot/2.0; +http://www.bing.com/bingbot.htm)"
157.55.34.168 - - [19/Jul/2013:19:45:42 +0200] "GET / HTTP/1.1" 200 7903 "-" "Mozilla/5.0 (compatible; bingbot/2.0; +http://www.bing.com/bingbot.htm)"
5.10.83.46 - - [19/Jul/2013:19:56:25 +0200] "GET /seiten/service.htm HTTP/1.1" 200 9959 "-" "Mozilla/5.0 (compatible; AhrefsBot/5.0; +http://ahrefs.com/robot/)"
5.10.83.88 - - [19/Jul/2013:19:57:47 +0200] "GET /seiten/referenzen.htm HTTP/1.1" 200 40249 "-" "Mozilla/5.0 (compatible; AhrefsBot/5.0; +http://ahrefs.com/robot/)"
5.10.83.88 - - [19/Jul/2013:20:07:33 +0200] "GET /seiten/impr.htm HTTP/1.1" 200 8696 "-" "Mozilla/5.0 (compatible; AhrefsBot/5.0; +http://ahrefs.com/robot/)"
5.10.83.46 - - [19/Jul/2013:20:21:28 +0200] "GET /seiten/partner.htm HTTP/1.1" 200 9458 "-" "Mozilla/5.0 (compatible; AhrefsBot/5.0; +http://ahrefs.com/robot/)"
157.55.34.168 - - [19/Jul/2013:20:22:15 +0200] "GET / HTTP/1.1" 200 7903 "-" "Mozilla/5.0 (compatible; bingbot/2.0; +http://www.bing.com/bingbot.htm)"
157.55.35.87 - - [19/Jul/2013:20:22:55 +0200] "GET /robots.txt HTTP/1.1" 404 1256 "-" "Mozilla/5.0 (compatible; bingbot/2.0; +http://www.bing.com/bingbot.htm)"
157.55.35.87 - - [19/Jul/2013:20:23:43 +0200] "GET /seiten/kontakt.php HTTP/1.1" 200 12788 "-" "Mozilla/5.0 (compatible; bingbot/2.0; +http://www.bing.com/bingbot.htm)"
5.10.83.88 - - [19/Jul/2013:20:23:51 +0200] "GET /seiten/service.htm HTTP/1.1" 200 9959 "-" "Mozilla/5.0 (compatible; AhrefsBot/5.0; +http://ahrefs.com/robot/)"
5.10.83.88 - - [19/Jul/2013:20:28:19 +0200] "GET /seiten/databund.html HTTP/1.1" 200 9125 "-" "Mozilla/5.0 (compatible; AhrefsBot/5.0; +http://ahrefs.com/robot/)"
173.199.117.195 - - [19/Jul/2013:20:34:40 +0200] "GET /seiten/fsw.htm HTTP/1.1" 200 9961 "-" "Mozilla/5.0 (compatible; AhrefsBot/4.0; +http://ahrefs.com/robot/)"
5.10.83.46 - - [19/Jul/2013:20:59:44 +0200] "GET /seiten/kontakt.php HTTP/1.1" 200 12788 "-" "Mozilla/5.0 (compatible; AhrefsBot/5.0; +http://ahrefs.com/robot/)"
5.10.83.46 - - [19/Jul/2013:21:11:03 +0200] "GET /seiten/referenzen.htm HTTP/1.1" 200 40249 "-" "Mozilla/5.0 (compatible; AhrefsBot/5.0; +http://ahrefs.com/robot/)"
5.10.83.46 - - [19/Jul/2013:21:20:42 +0200] "GET /seiten/impr.htm HTTP/1.1" 200 8696 "-" "Mozilla/5.0 (compatible; AhrefsBot/5.0; +http://ahrefs.com/robot/)"
5.10.83.46 - - [19/Jul/2013:21:21:59 +0200] "GET /seiten/produkte.htm HTTP/1.1" 200 9105 "-" "Mozilla/5.0 (compatible; AhrefsBot/5.0; +http://ahrefs.com/robot/)"
5.10.83.46 - - [19/Jul/2013:21:33:28 +0200] "GET /seiten/databund.html HTTP/1.1" 200 9125 "-" "Mozilla/5.0 (compatible; AhrefsBot/5.0; +http://ahrefs.com/robot/)"
173.199.117.195 - - [19/Jul/2013:21:36:14 +0200] "GET /seiten/produkte.htm HTTP/1.1" 200 9105 "-" "Mozilla/5.0 (compatible; AhrefsBot/4.0; +http://ahrefs.com/robot/)"
65.55.52.95 - - [19/Jul/2013:21:41:24 +0200] "GET /robots.txt HTTP/1.1" 404 1256 "-" "Mozilla/5.0 (compatible; bingbot/2.0; +http://www.bing.com/bingbot.htm)"
65.55.52.95 - - [19/Jul/2013:21:42:49 +0200] "GET /seiten/fsw.htm HTTP/1.1" 304 - "-" "Mozilla/5.0 (compatible; bingbot/2.0; +http://www.bing.com/bingbot.htm)"
66.249.75.211 - - [19/Jul/2013:23:36:02 +0200] "GET /robots.txt HTTP/1.1" 404 1256 "-" "Mozilla/5.0 (compatible; Googlebot/2.1; +http://www.google.com/bot.html)"
66.249.78.242 - - [19/Jul/2013:23:36:03 +0200] "GET / HTTP/1.1" 200 7903 "-" "Mozilla/5.0 (iPhone; U; CPU iPhone OS 4_1 like Mac OS X; en-us) AppleWebKit/532.9 (KHTML, like Gecko) Version/4.0.5 Mobile/8B117 Safari/6531.22.7 (compatible; Googlebot-Mobile/2.1; +http://www.google.com/bot.html)"
157.56.93.49 - - [20/Jul/2013:00:40:01 +0200] "GET /robots.txt HTTP/1.1" 404 1256 "-" "Mozilla/5.0 (compatible; bingbot/2.0; +http://www.bing.com/bingbot.htm)"
80.190.97.212 - - [20/Jul/2013:00:43:26 +0200] "GET / HTTP/1.1" 200 7903 "-" "Mozilla/5.0 (X11; U; FreeBSD i386; en-US; rv:1.9.1.12) Gecko/20100912 Firefox/3.5.12"
157.56.93.49 - - [20/Jul/2013:00:50:50 +0200] "GET / HTTP/1.1" 200 7903 "-" "Mozilla/5.0 (compatible; bingbot/2.0; +http://www.bing.com/bingbot.htm)"
208.115.113.87 - - [20/Jul/2013:00:53:16 +0200] "GET /robots.txt HTTP/1.1" 404 1256 "-" "Mozilla/5.0 (compatible; Ezooms/1.0; ezooms.bot@gmail.com)"
5.10.83.40 - - [20/Jul/2013:01:04:05 +0200] "GET /seiten/fsw.htm HTTP/1.1" 200 9961 "-" "Mozilla/5.0 (compatible; AhrefsBot/5.0; +http://ahrefs.com/robot/)"
66.249.78.242 - - [20/Jul/2013:01:09:05 +0200] "GET /seiten/partner.htm HTTP/1.1" 304 - "-" "SAMSUNG-SGH-E250/1.0 Profile/MIDP-2.0 Configuration/CLDC-1.1 UP.Browser/6.2.3.3.c.1.101 (GUI) MMP/2.0 (compatible; Googlebot-Mobile/2.1; +http://www.google.com/bot.html)"
5.10.83.40 - - [20/Jul/2013:01:16:23 +0200] "GET /seiten/kraftverkehr.htm HTTP/1.1" 200 9210 "-" "Mozilla/5.0 (compatible; AhrefsBot/5.0; +http://ahrefs.com/robot/)"
80.190.97.212 - - [20/Jul/2013:01:22:44 +0200] "GET / HTTP/1.1" 200 7903 "-" "Mozilla/5.0 (X11; U; FreeBSD i386; en-US; rv:1.9.1.12) Gecko/20100912 Firefox/3.5.12"
5.10.83.40 - - [20/Jul/2013:01:51:06 +0200] "GET /seiten/fahrlehrerwesen.htm HTTP/1.1" 200 7168 "-" "Mozilla/5.0 (compatible; AhrefsBot/5.0; +http://ahrefs.com/robot/)"
5.10.83.40 - - [20/Jul/2013:01:56:45 +0200] "GET /seiten/partner.htm HTTP/1.1" 200 9458 "-" "Mozilla/5.0 (compatible; AhrefsBot/5.0; +http://ahrefs.com/robot/)"
5.10.83.40 - - [20/Jul/2013:01:58:15 +0200] "GET /seiten/impr.htm HTTP/1.1" 200 8696 "-" "Mozilla/5.0 (compatible; AhrefsBot/5.0; +http://ahrefs.com/robot/)"
80.190.97.212 - - [20/Jul/2013:02:05:10 +0200] "GET / HTTP/1.1" 200 7903 "-" "Mozilla/5.0 (X11; U; FreeBSD i386; en-US; rv:1.9.1.12) Gecko/20100912 Firefox/3.5.12"
5.10.83.40 - - [20/Jul/2013:02:07:28 +0200] "GET /seiten/kontroll.htm HTTP/1.1" 200 6599 "-" "Mozilla/5.0 (compatible; AhrefsBot/5.0; +http://ahrefs.com/robot/)"
5.10.83.40 - - [20/Jul/2013:02:12:33 +0200] "GET / HTTP/1.1" 200 7903 "-" "Mozilla/5.0 (compatible; AhrefsBot/5.0; +http://ahrefs.com/robot/)"
66.249.78.242 - - [20/Jul/2013:02:39:12 +0200] "GET /seiten/produkte.htm HTTP/1.1" 304 - "-" "Mozilla/5.0 (iPhone; U; CPU iPhone OS 4_1 like Mac OS X; en-us) AppleWebKit/532.9 (KHTML, like Gecko) Version/4.0.5 Mobile/8B117 Safari/6531.22.7 (compatible; Googlebot-Mobile/2.1; +http://www.google.com/bot.html)"
80.190.97.212 - - [20/Jul/2013:02:41:46 +0200] "GET / HTTP/1.1" 200 7903 "-" "Mozilla/5.0 (X11; U; FreeBSD i386; en-US; rv:1.9.1.12) Gecko/20100912 Firefox/3.5.12"
199.30.20.0 - - [20/Jul/2013:02:46:55 +0200] "GET /robots.txt HTTP/1.1" 404 1256 "-" "msnbot-media/1.1 (+http://search.msn.com/msnbot.htm)"
199.30.20.0 - - [20/Jul/2013:02:46:55 +0200] "GET /img/komfa1_s.jpg HTTP/1.1" 404 1256 "-" "msnbot-media/1.1 (+http://search.msn.com/msnbot.htm)"
85.114.142.245 - - [20/Jul/2013:02:54:08 +0200] "GET /robots.txt HTTP/1.1" 404 1256 "-" "findlinks/2.6 (+http://wortschatz.uni-leipzig.de/findlinks/)"
85.114.142.245 - - [20/Jul/2013:02:54:08 +0200] "GET /robots.txt HTTP/1.1" 404 1256 "-" "findlinks/2.6 (+http://wortschatz.uni-leipzig.de/findlinks/)"
208.115.111.71 - - [20/Jul/2013:02:56:12 +0200] "GET /robots.txt HTTP/1.1" 404 1256 "-" "Mozilla/5.0 (compatible; Ezooms/1.0; ezooms.bot@gmail.com)"
208.115.113.87 - - [20/Jul/2013:03:02:44 +0200] "GET /seiten/fahrlehrerwesen.htm HTTP/1.1" 200 7168 "-" "Mozilla/5.0 (compatible; Ezooms/1.0; ezooms.bot@gmail.com)"
208.115.111.71 - - [20/Jul/2013:03:18:51 +0200] "GET / HTTP/1.1" 200 7903 "-" "Mozilla/5.0 (compatible; Ezooms/1.0; ezooms.bot@gmail.com)"
157.55.35.87 - - [20/Jul/2013:03:18:55 +0200] "GET /robots.txt HTTP/1.1" 404 1256 "-" "Mozilla/5.0 (compatible; bingbot/2.0; +http://www.bing.com/bingbot.htm)"
157.55.35.87 - - [20/Jul/2013:03:19:45 +0200] "GET /seiten/kontakt.php HTTP/1.1" 200 12788 "-" "Mozilla/5.0 (compatible; bingbot/2.0; +http://www.bing.com/bingbot.htm)"
66.249.75.211 - - [20/Jul/2013:03:19:47 +0200] "GET /seiten/produkte.htm HTTP/1.1" 200 9105 "-" "DoCoMo/2.0 N905i(c100;TB;W24H16) (compatible; Googlebot-Mobile/2.1; +http://www.google.com/bot.html)"
144.76.71.140 - - [20/Jul/2013:03:33:57 +0200] "GET /robots.txt HTTP/1.1" 404 1256 "-" "Mozilla/5.0 (compatible; SISTRIX Crawler; http://crawler.sistrix.net/)"
144.76.71.140 - - [20/Jul/2013:03:33:57 +0200] "GET / HTTP/1.1" 206 7903 "-" "Mozilla/5.0 (compatible; SISTRIX Crawler; http://crawler.sistrix.net/)"
178.77.126.55 - - [20/Jul/2013:03:43:46 +0200] "GET /robots.txt HTTP/1.1" 404 1256 "-" "Mozilla/5.0 (compatible; CareerBot/1.1; +http://www.career-x.de/bot.html)"
178.77.126.55 - - [20/Jul/2013:03:43:47 +0200] "GET / HTTP/1.1" 200 7903 "-" "Mozilla/5.0 (compatible; CareerBot/1.1; +http://www.career-x.de/bot.html)"
157.55.34.94 - - [20/Jul/2013:03:49:17 +0200] "GET / HTTP/1.1" 200 7903 "-" "Mozilla/5.0 (compatible; bingbot/2.0; +http://www.bing.com/bingbot.htm)"
80.190.97.212 - - [20/Jul/2013:04:29:49 +0200] "GET / HTTP/1.1" 200 7903 "-" "Mozilla/5.0 (X11; U; FreeBSD i386; en-US; rv:1.9.1.12) Gecko/20100912 Firefox/3.5.12"
80.190.97.212 - - [20/Jul/2013:04:29:49 +0200] "GET / HTTP/1.1" 200 7903 "-" "Mozilla/5.0 (X11; U; FreeBSD i386; en-US; rv:1.9.1.12) Gecko/20100912 Firefox/3.5.12"
157.55.32.185 - - [20/Jul/2013:05:40:01 +0200] "GET /robots.txt HTTP/1.1" 404 1256 "-" "Mozilla/5.0 (compatible; bingbot/2.0; +http://www.bing.com/bingbot.htm)"
157.55.32.185 - - [20/Jul/2013:05:40:53 +0200] "GET /seiten/partner.htm HTTP/1.1" 200 9458 "-" "Mozilla/5.0 (compatible; bingbot/2.0; +http://www.bing.com/bingbot.htm)"
157.56.93.49 - - [20/Jul/2013:07:27:01 +0200] "GET /robots.txt HTTP/1.1" 404 1256 "-" "Mozilla/5.0 (compatible; bingbot/2.0; +http://www.bing.com/bingbot.htm)"
46.5.104.145 - - [20/Jul/2013:07:27:33 +0200] "GET / HTTP/1.1" 200 7903 "http://www.google.de/?source=mog&gl=de" "Mozilla/5.0 (iPod; U; CPU iPhone OS 4_0_2 like Mac OS X; en-us) AppleWebKit/532.9 (KHTML, like Gecko) Version/4.0.5 Mobile/8A400 Safari/6531.22.7"
46.5.104.145 - - [20/Jul/2013:07:27:33 +0200] "GET / HTTP/1.1" 200 7903 "http://www.google.de/?source=mog&gl=de" "Mozilla/5.0 (iPod; U; CPU iPhone OS 4_0_2 like Mac OS X; en-us) AppleWebKit/532.9 (KHTML, like Gecko) Version/4.0.5 Mobile/8A400 Safari/6531.22.7"
46.5.104.145 - - [20/Jul/2013:07:27:33 +0200] "GET / HTTP/1.1" 200 7903 "http://www.google.de/?source=mog&gl=de" "Mozilla/5.0 (iPod; U; CPU iPhone OS 4_0_2 like Mac OS X; en-us) AppleWebKit/532.9 (KHTML, like Gecko) Version/4.0.5 Mobile/8A400 Safari/6531.22.7"
46.5.104.145 - - [20/Jul/2013:07:27:33 +0200] "GET /seiten/produkte.htm HTTP/1.1" 200 9105 "http://www.google.de/?source=mog&gl=de" "Mozilla/5.0 (iPod; U; CPU iPhone OS 4_0_2 like Mac OS X; en-us) AppleWebKit/532.9 (KHTML, like Gecko) Version/4.0.5 Mobile/8A400 Safari/6531.22.7"
46.5.104.145 - - [20/Jul/2013:07:27:33 +0200] "GET /seiten/partner.htm HTTP/1.1" 200 9458 "http://www.google.de/?source=mog&gl=de" "Mozilla/5.0 (iPod; U; CPU iPhone OS 4_0_2 like Mac OS X; en-us) AppleWebKit/532.9 (KHTML, like Gecko) Version/4.0.5 Mobile/8A400 Safari/6531.22.7"
46.5.104.145 - - [20/Jul/2013:07:27:33 +0200] "GET /seiten/referenzen.htm HTTP/1.1" 200 40249 "http://www.google.de/?source=mog&gl=de" "Mozilla/5.0 (iPod; U; CPU iPhone OS 4_0_2 like Mac OS X; en-us) AppleWebKit/532.9 (KHTML, like Gecko) Version/4.0.5 Mobile/8A400 Safari/6531.22.7"
46.5.104.145 - - [20/Jul/2013:07:27:34 +0200] "GET /seiten/service.htm HTTP/1.1" 200 9959 "http://www.google.de/?source=mog&gl=de" "Mozilla/5.0 (iPod; U; CPU iPhone OS 4_0_2 like Mac OS X; en-us) AppleWebKit/532.9 (KHTML, like Gecko) Version/4.0.5 Mobile/8A400 Safari/6531.22.7"
46.5.104.145 - - [20/Jul/2013:07:27:34 +0200] "GET /seiten/kontakt.php HTTP/1.1" 200 12788 "http://www.google.de/?source=mog&gl=de" "Mozilla/5.0 (iPod; U; CPU iPhone OS 4_0_2 like Mac OS X; en-us) AppleWebKit/532.9 (KHTML, like Gecko) Version/4.0.5 Mobile/8A400 Safari/6531.22.7"
46.5.104.145 - - [20/Jul/2013:07:27:34 +0200] "GET /seiten/impr.htm HTTP/1.1" 200 8696 "http://www.google.de/?source=mog&gl=de" "Mozilla/5.0 (iPod; U; CPU iPhone OS 4_0_2 like Mac OS X; en-us) AppleWebKit/532.9 (KHTML, like Gecko) Version/4.0.5 Mobile/8A400 Safari/6531.22.7"
46.5.104.145 - - [20/Jul/2013:07:27:34 +0200] "GET /seiten/databund.html HTTP/1.1" 200 9125 "http://www.google.de/?source=mog&gl=de" "Mozilla/5.0 (iPod; U; CPU iPhone OS 4_0_2 like Mac OS X; en-us) AppleWebKit/532.9 (KHTML, like Gecko) Version/4.0.5 Mobile/8A400 Safari/6531.22.7"
46.5.104.145 - - [20/Jul/2013:07:27:34 +0200] "GET /seiten/impr.htm HTTP/1.1" 200 8696 "http://www.google.de" "Mozilla/5.0 (X11; U; Linux i686; de-en; rv:1.8.1.10) Gecko/20071015 Firefox/2.0.0.10"
46.5.104.145 - - [20/Jul/2013:07:27:36 +0200] "GET /seiten/ HTTP/1.1" 403 1222 "http://www.google.de" "Mozilla/5.0 (Windows; U; Windows NT 6.1; de; rv:1.9.2.20) Gecko/20110803 Firefox/3.6.20"
46.5.104.145 - - [20/Jul/2013:07:27:37 +0200] "GET /seiten/kontakt.php HTTP/1.1" 200 12788 "http://www.google.de" "Mozilla/5.0 (Windows NT 6.1; WOW64) AppleWebKit/535.2 (KHTML, like Gecko) Chrome/15.0.874.106 Safari/535.2"
46.5.104.145 - - [20/Jul/2013:07:27:37 +0200] "GET / HTTP/1.1" 200 7903 "http://www.google.de" "Mozilla/5.0 (X11; U; Linux i686; de; rv:1.9.1.8) Gecko/20100214 Ubuntu/9.10 (karmic) Firefox/3.0.6, Ant.com Toolbar 1.3"
157.56.93.49 - - [20/Jul/2013:07:28:33 +0200] "GET / HTTP/1.1" 200 7903 "-" "Mozilla/5.0 (compatible; bingbot/2.0; +http://www.bing.com/bingbot.htm)"
199.30.20.121 - - [20/Jul/2013:08:28:00 +0200] "GET /robots.txt HTTP/1.1" 404 1256 "-" "msnbot-media/1.1 (+http://search.msn.com/msnbot.htm)"
199.30.20.121 - - [20/Jul/2013:08:28:01 +0200] "GET /img/hk.jpg HTTP/1.1" 200 4852 "-" "msnbot-media/1.1 (+http://search.msn.com/msnbot.htm)"
89.139.0.210 - - [20/Jul/2013:10:05:43 +0200] "GET /seiten/databund.html HTTP/1.0" 200 9125 "http://www.prokommunal.com/seiten/databund.html" "Mozilla/5.0 (Windows NT 6.1; WOW64; rv:9.0.1) Gecko/20100101 Firefox/9.0.1"
218.30.103.41 - - [20/Jul/2013:11:15:14 +0200] "GET / HTTP/1.1" 304 - "-" "Sogou web spider/4.0(+http://www.sogou.com/docs/help/webmasters.htm#07)"
199.30.20.0 - - [20/Jul/2013:12:51:52 +0200] "GET /robots.txt HTTP/1.1" 404 1256 "-" "msnbot-media/1.1 (+http://search.msn.com/msnbot.htm)"
199.30.20.0 - - [20/Jul/2013:12:51:53 +0200] "GET /img/komfa1_s.jpg HTTP/1.1" 404 1256 "-" "msnbot-media/1.1 (+http://search.msn.com/msnbot.htm)"
66.249.78.242 - - [20/Jul/2013:13:04:50 +0200] "GET /robots.txt HTTP/1.1" 404 1256 "-" "Mozilla/5.0 (compatible; Googlebot/2.1; +http://www.google.com/bot.html)"
66.249.78.242 - - [20/Jul/2013:13:04:50 +0200] "GET /seiten/kraftverkehr.htm HTTP/1.1" 304 - "-" "Mozilla/5.0 (iPhone; U; CPU iPhone OS 4_1 like Mac OS X; en-us) AppleWebKit/532.9 (KHTML, like Gecko) Version/4.0.5 Mobile/8B117 Safari/6531.22.7 (compatible; Googlebot-Mobile/2.1; +http://www.google.com/bot.html)"
85.214.21.33 - - [20/Jul/2013:13:37:42 +0200] "GET / HTTP/1.0" 200 7903 "-" "-"
173.199.115.35 - - [20/Jul/2013:13:59:47 +0200] "GET /seiten/menue HTTP/1.1" 404 1256 "-" "Mozilla/5.0 (compatible; AhrefsBot/4.0; +http://ahrefs.com/robot/)"
85.114.142.245 - - [20/Jul/2013:15:20:55 +0200] "GET /seiten/kontakt.php HTTP/1.1" 200 12788 "-" "findlinks/2.6 (+http://wortschatz.uni-leipzig.de/findlinks/)"
178.77.126.55 - - [20/Jul/2013:15:31:00 +0200] "GET /robots.txt HTTP/1.1" 404 1256 "-" "Mozilla/5.0 (compatible; CareerBot/1.1; +http://www.career-x.de/bot.html)"
178.77.126.55 - - [20/Jul/2013:15:31:00 +0200] "GET / HTTP/1.1" 200 7903 "-" "Mozilla/5.0 (compatible; CareerBot/1.1; +http://www.career-x.de/bot.html)"
157.55.35.117 - - [20/Jul/2013:16:40:41 +0200] "GET /robots.txt HTTP/1.1" 404 1256 "-" "Mozilla/5.0 (compatible; bingbot/2.0; +http://www.bing.com/bingbot.htm)"
157.55.35.117 - - [20/Jul/2013:16:51:14 +0200] "GET /seiten/kontakt.php HTTP/1.1" 200 12788 "-" "Mozilla/5.0 (compatible; bingbot/2.0; +http://www.bing.com/bingbot.htm)"
119.63.196.104 - - [20/Jul/2013:18:18:42 +0200] "GET / HTTP/1.1" 200 7903 "-" "Mozilla/5.0 (compatible; Baiduspider/2.0; +http://www.baidu.com/search/spider.html)"
157.56.93.49 - - [20/Jul/2013:18:32:17 +0200] "GET /robots.txt HTTP/1.1" 404 1256 "-" "Mozilla/5.0 (compatible; bingbot/2.0; +http://www.bing.com/bingbot.htm)"
157.56.93.49 - - [20/Jul/2013:18:36:33 +0200] "GET / HTTP/1.1" 200 7903 "-" "Mozilla/5.0 (compatible; bingbot/2.0; +http://www.bing.com/bingbot.htm)"
5.9.112.66 - - [20/Jul/2013:19:50:04 +0200] "GET /robots.txt HTTP/1.1" 404 1256 "-" "Mozilla/5.0 (compatible; SISTRIX Crawler; http://crawler.sistrix.net/)"
5.9.112.66 - - [20/Jul/2013:19:50:04 +0200] "GET / HTTP/1.1" 206 7903 "-" "Mozilla/5.0 (compatible; SISTRIX Crawler; http://crawler.sistrix.net/)"
178.255.215.72 - - [20/Jul/2013:20:38:26 +0200] "GET /robots.txt HTTP/1.1" 404 1256 "-" "Mozilla/5.0 (compatible; Exabot/3.0; +http://www.exabot.com/go/robot)"
178.255.215.72 - - [20/Jul/2013:20:38:26 +0200] "GET / HTTP/1.1" 304 - "-" "Mozilla/5.0 (compatible; Exabot/3.0; +http://www.exabot.com/go/robot)"
208.115.113.88 - - [20/Jul/2013:20:55:35 +0200] "GET /robots.txt HTTP/1.1" 404 1256 "-" "Mozilla/5.0 (compatible; Ezooms/1.0; ezooms.bot@gmail.com)"
208.115.113.88 - - [20/Jul/2013:21:46:15 +0200] "GET /seiten/intern/logout.php HTTP/1.1" 302 - "-" "Mozilla/5.0 (compatible; Ezooms/1.0; ezooms.bot@gmail.com)"
173.199.117.195 - - [20/Jul/2013:22:17:41 +0200] "GET /seiten/partner.htm HTTP/1.1" 200 9458 "-" "Mozilla/5.0 (compatible; AhrefsBot/4.0; +http://ahrefs.com/robot/)"
141.8.147.12 - - [20/Jul/2013:22:29:42 +0200] "GET /robots.txt HTTP/1.1" 404 1256 "-" "Mozilla/5.0 (compatible; YandexBot/3.0; +http://yandex.com/bots)"
208.115.111.72 - - [20/Jul/2013:22:58:47 +0200] "GET /robots.txt HTTP/1.1" 404 1256 "-" "Mozilla/5.0 (compatible; Ezooms/1.0; ezooms.bot@gmail.com)"
