141.64.25.114 - - [03/Jul/2013:14:12:12 +0200] "GET /seiten/referenzen.htm HTTP/1.1" 200 40249 "http://www.prokommunal.com/seiten/kontakt.php" "Mozilla/5.0 (Windows NT 5.1; rv:20.0) Gecko/20100101 Firefox/20.0"
88.73.9.141 - - [03/Jul/2013:14:29:06 +0200] "GET / HTTP/1.1" 200 7903 "-" "Mozilla/5.0 (Windows NT 6.1; WOW64; rv:22.0) Gecko/20100101 Firefox/22.0"
88.73.9.141 - - [03/Jul/2013:14:29:07 +0200] "GET /css/style.css HTTP/1.1" 200 3549 "http://www.prokommunal.com/" "Mozilla/5.0 (Windows NT 6.1; WOW64; rv:22.0) Gecko/20100101 Firefox/22.0"
88.73.9.141 - - [03/Jul/2013:14:29:07 +0200] "GET /favicon.ico HTTP/1.1" 200 894 "-" "Mozilla/5.0 (Windows NT 6.1; WOW64; rv:22.0) Gecko/20100101 Firefox/22.0"
88.73.9.141 - - [03/Jul/2013:14:29:07 +0200] "GET /img/head03.jpg HTTP/1.1" 200 7610 "http://www.prokommunal.com/" "Mozilla/5.0 (Windows NT 6.1; WOW64; rv:22.0) Gecko/20100101 Firefox/22.0"
88.73.9.141 - - [03/Jul/2013:14:29:07 +0200] "GET /img/head02.jpg HTTP/1.1" 200 4929 "http://www.prokommunal.com/" "Mozilla/5.0 (Windows NT 6.1; WOW64; rv:22.0) Gecko/20100101 Firefox/22.0"
88.73.9.141 - - [03/Jul/2013:14:29:07 +0200] "GET /img/head01.jpg HTTP/1.1" 200 6350 "http://www.prokommunal.com/" "Mozilla/5.0 (Windows NT 6.1; WOW64; rv:22.0) Gecko/20100101 Firefox/22.0"
88.73.9.141 - - [03/Jul/2013:14:29:07 +0200] "GET /redesign/img/bg_gelb.jpg HTTP/1.1" 200 368 "http://www.prokommunal.com/css/style.css" "Mozilla/5.0 (Windows NT 6.1; WOW64; rv:22.0) Gecko/20100101 Firefox/22.0"
88.73.9.141 - - [03/Jul/2013:14:29:07 +0200] "GET /redesign/img/bg_foot.gif HTTP/1.1" 200 286 "http://www.prokommunal.com/css/style.css" "Mozilla/5.0 (Windows NT 6.1; WOW64; rv:22.0) Gecko/20100101 Firefox/22.0"
88.73.9.141 - - [03/Jul/2013:14:29:19 +0200] "GET /seiten/impr.htm HTTP/1.1" 200 8696 "http://www.prokommunal.com/" "Mozilla/5.0 (Windows NT 6.1; WOW64; rv:22.0) Gecko/20100101 Firefox/22.0"
88.73.9.141 - - [03/Jul/2013:14:29:20 +0200] "GET /img/top.gif HTTP/1.1" 200 96 "http://www.prokommunal.com/seiten/impr.htm" "Mozilla/5.0 (Windows NT 6.1; WOW64; rv:22.0) Gecko/20100101 Firefox/22.0"
88.73.9.141 - - [03/Jul/2013:14:29:20 +0200] "GET /img/men_01.jpg HTTP/1.1" 200 713 "http://www.prokommunal.com/seiten/impr.htm" "Mozilla/5.0 (Windows NT 6.1; WOW64; rv:22.0) Gecko/20100101 Firefox/22.0"
88.73.9.141 - - [03/Jul/2013:14:29:24 +0200] "GET /seiten/kontakt.php HTTP/1.1" 200 12788 "http://www.prokommunal.com/seiten/impr.htm" "Mozilla/5.0 (Windows NT 6.1; WOW64; rv:22.0) Gecko/20100101 Firefox/22.0"
88.73.9.141 - - [03/Jul/2013:14:29:24 +0200] "GET /img/1px_tr.gif HTTP/1.1" 200 43 "http://www.prokommunal.com/seiten/kontakt.php" "Mozilla/5.0 (Windows NT 6.1; WOW64; rv:22.0) Gecko/20100101 Firefox/22.0"
194.153.113.35 - - [03/Jul/2013:14:57:49 +0200] "GET / HTTP/1.1" 200 7903 "-" "Mozilla/5.0 (compatible; oBot/2.3.1; +http://filterdb.iss.net/crawler/)"
157.56.93.63 - - [03/Jul/2013:15:22:58 +0200] "GET /robots.txt HTTP/1.1" 404 1256 "-" "Mozilla/5.0 (compatible; bingbot/2.0; +http://www.bing.com/bingbot.htm)"
178.77.126.55 - - [03/Jul/2013:15:28:44 +0200] "GET /robots.txt HTTP/1.1" 404 1256 "-" "Mozilla/5.0 (compatible; CareerBot/1.1; +http://www.career-x.de/bot.html)"
178.77.126.55 - - [03/Jul/2013:15:28:44 +0200] "GET / HTTP/1.1" 200 7903 "-" "Mozilla/5.0 (compatible; CareerBot/1.1; +http://www.career-x.de/bot.html)"
61.135.220.93 - - [03/Jul/2013:15:31:17 +0200] "GET / HTTP/1.1" 200 7903 "-" "Mozilla/5.0 (compatible; YodaoBot/1.0; http://www.yodao.com/help/webmaster/spider/; )"
157.56.93.63 - - [03/Jul/2013:16:07:02 +0200] "GET / HTTP/1.1" 200 7903 "-" "Mozilla/5.0 (compatible; bingbot/2.0; +http://www.bing.com/bingbot.htm)"
157.55.32.188 - - [03/Jul/2013:16:17:14 +0200] "GET /robots.txt HTTP/1.1" 404 1256 "-" "Mozilla/5.0 (compatible; bingbot/2.0; +http://www.bing.com/bingbot.htm)"
157.55.32.188 - - [03/Jul/2013:16:18:42 +0200] "GET / HTTP/1.1" 200 7903 "-" "Mozilla/5.0 (compatible; bingbot/2.0; +http://www.bing.com/bingbot.htm)"
101.227.4.27 - - [03/Jul/2013:17:04:13 +0200] "GET /robots.txt HTTP/1.1" 404 1256 "-" "Mozilla/5.0 ()"
101.227.4.27 - - [03/Jul/2013:17:04:25 +0200] "HEAD / HTTP/1.1" 200 - "-" "Mozilla/5.0 (compatible; YYSpider; +http://www.yunyun.com/spider.html)"
101.227.4.27 - - [03/Jul/2013:17:04:27 +0200] "GET / HTTP/1.1" 200 7903 "-" "Mozilla/5.0 (compatible; YYSpider; +http://www.yunyun.com/spider.html)"
80.69.206.48 - - [03/Jul/2013:17:17:45 +0200] "GET /seiten/produkte.htm HTTP/1.1" 200 9105 "http://www.google.de/url?sa=t&rct=j&q=prokommunal%20f%C3%BChrerschein&source=web&cd=3&ved=0CDkQFjAC&url=http%3A%2F%2Fwww.prokommunal.com%2Fseiten%2Fprodukte.htm&ei=eEDUUY6gLuPX4ASPh4GoCw&usg=AFQjCNHvjuoVUyTn7kloswPTner3pP8jKQ&bvm=bv.48705608,d.bGE" "Mozilla/5.0 (Windows NT 6.1; WOW64; rv:17.0) Gecko/20100101 Firefox/17.0"
80.69.206.48 - - [03/Jul/2013:17:17:45 +0200] "GET /css/style.css HTTP/1.1" 200 3549 "http://www.prokommunal.com/seiten/produkte.htm" "Mozilla/5.0 (Windows NT 6.1; WOW64; rv:17.0) Gecko/20100101 Firefox/17.0"
80.69.206.48 - - [03/Jul/2013:17:17:45 +0200] "GET /img/1px_tr.gif HTTP/1.1" 200 43 "http://www.prokommunal.com/seiten/produkte.htm" "Mozilla/5.0 (Windows NT 6.1; WOW64; rv:17.0) Gecko/20100101 Firefox/17.0"
80.69.206.48 - - [03/Jul/2013:17:17:45 +0200] "GET /img/head01.jpg HTTP/1.1" 200 6350 "http://www.prokommunal.com/seiten/produkte.htm" "Mozilla/5.0 (Windows NT 6.1; WOW64; rv:17.0) Gecko/20100101 Firefox/17.0"
80.69.206.48 - - [03/Jul/2013:17:17:45 +0200] "GET /scripte/basics.js HTTP/1.1" 200 198 "http://www.prokommunal.com/seiten/produkte.htm" "Mozilla/5.0 (Windows NT 6.1; WOW64; rv:17.0) Gecko/20100101 Firefox/17.0"
80.69.206.48 - - [03/Jul/2013:17:17:45 +0200] "GET /img/head02.jpg HTTP/1.1" 200 4929 "http://www.prokommunal.com/seiten/produkte.htm" "Mozilla/5.0 (Windows NT 6.1; WOW64; rv:17.0) Gecko/20100101 Firefox/17.0"
80.69.206.48 - - [03/Jul/2013:17:17:45 +0200] "GET /favicon.ico HTTP/1.1" 200 894 "-" "Mozilla/5.0 (Windows NT 6.1; WOW64; rv:17.0) Gecko/20100101 Firefox/17.0"
80.69.206.48 - - [03/Jul/2013:17:17:45 +0200] "GET /img/top.gif HTTP/1.1" 200 96 "http://www.prokommunal.com/seiten/produkte.htm" "Mozilla/5.0 (Windows NT 6.1; WOW64; rv:17.0) Gecko/20100101 Firefox/17.0"
80.69.206.48 - - [03/Jul/2013:17:17:45 +0200] "GET /img/head03.jpg HTTP/1.1" 200 7610 "http://www.prokommunal.com/seiten/produkte.htm" "Mozilla/5.0 (Windows NT 6.1; WOW64; rv:17.0) Gecko/20100101 Firefox/17.0"
80.69.206.48 - - [03/Jul/2013:17:17:46 +0200] "GET /img/men_01.jpg HTTP/1.1" 200 713 "http://www.prokommunal.com/seiten/produkte.htm" "Mozilla/5.0 (Windows NT 6.1; WOW64; rv:17.0) Gecko/20100101 Firefox/17.0"
80.69.206.48 - - [03/Jul/2013:17:17:46 +0200] "GET /redesign/img/bg_gelb.jpg HTTP/1.1" 200 368 "http://www.prokommunal.com/css/style.css" "Mozilla/5.0 (Windows NT 6.1; WOW64; rv:17.0) Gecko/20100101 Firefox/17.0"
80.69.206.48 - - [03/Jul/2013:17:17:46 +0200] "GET /redesign/img/bg_foot.gif HTTP/1.1" 304 - "http://www.prokommunal.com/css/style.css" "Mozilla/5.0 (Windows NT 6.1; WOW64; rv:17.0) Gecko/20100101 Firefox/17.0"
66.249.78.242 - - [03/Jul/2013:17:21:35 +0200] "GET /robots.txt HTTP/1.1" 404 1256 "-" "Mozilla/5.0 (compatible; Googlebot/2.1; +http://www.google.com/bot.html)"
66.249.78.242 - - [03/Jul/2013:17:21:35 +0200] "GET / HTTP/1.1" 200 7903 "-" "Mozilla/5.0 (compatible; Googlebot/2.1; +http://www.google.com/bot.html)"
66.249.78.242 - - [03/Jul/2013:17:32:14 +0200] "GET /css/style.css HTTP/1.1" 200 3549 "-" "Mozilla/5.0 (compatible; Googlebot/2.1; +http://www.google.com/bot.html)"
157.55.32.164 - - [03/Jul/2013:18:05:39 +0200] "GET /robots.txt HTTP/1.1" 404 1256 "-" "Mozilla/5.0 (compatible; bingbot/2.0; +http://www.bing.com/bingbot.htm)"
157.55.32.164 - - [03/Jul/2013:18:07:11 +0200] "GET /seiten/an07.pdf HTTP/1.1" 404 1256 "-" "Mozilla/5.0 (compatible; bingbot/2.0; +http://www.bing.com/bingbot.htm)"
119.63.196.47 - - [03/Jul/2013:18:17:03 +0200] "GET / HTTP/1.1" 200 7903 "-" "Mozilla/5.0 (compatible; Baiduspider/2.0; +http://www.baidu.com/search/spider.html)"
157.55.32.111 - - [03/Jul/2013:18:30:04 +0200] "GET /robots.txt HTTP/1.1" 404 1256 "-" "Mozilla/5.0 (compatible; bingbot/2.0; +http://www.bing.com/bingbot.htm)"
173.199.120.75 - - [03/Jul/2013:18:31:14 +0200] "GET /menue HTTP/1.1" 404 1256 "-" "Mozilla/5.0 (compatible; AhrefsBot/4.0; +http://ahrefs.com/robot/)"
173.199.120.75 - - [03/Jul/2013:18:31:22 +0200] "GET /seiten/referenzen.htm HTTP/1.1" 200 40249 "-" "Mozilla/5.0 (compatible; AhrefsBot/4.0; +http://ahrefs.com/robot/)"
157.55.32.111 - - [03/Jul/2013:18:32:45 +0200] "GET / HTTP/1.1" 304 - "-" "Mozilla/5.0 (compatible; bingbot/2.0; +http://www.bing.com/bingbot.htm)"
209.21.92.129 - - [03/Jul/2013:18:47:10 +0200] "GET /seiten/databund.html HTTP/1.0" 200 9125 "[url=http://www.trrescue.com]wholesale snapback hats[/url]" "Mozilla/5.0 (Windows NT 6.1; WOW64) AppleWebKit/535.19 (KHTML, like Gecko) Chrome/18.0.1025.152 Safari/535.19 CoolNovo/2.0.3.55"
208.115.111.72 - - [03/Jul/2013:18:54:08 +0200] "GET /robots.txt HTTP/1.1" 404 1256 "-" "Mozilla/5.0 (compatible; Ezooms/1.0; ezooms.bot@gmail.com)"
84.130.28.183 - - [03/Jul/2013:19:02:14 +0200] "GET /seiten/fsw.htm HTTP/1.1" 200 9961 "https://www.google.de/" "Mozilla/5.0 (Windows NT 6.1) AppleWebKit/537.36 (KHTML, like Gecko) Chrome/27.0.1453.116 Safari/537.36"
84.130.28.183 - - [03/Jul/2013:19:02:14 +0200] "GET /css/style.css HTTP/1.1" 200 3549 "http://www.prokommunal.com/seiten/fsw.htm" "Mozilla/5.0 (Windows NT 6.1) AppleWebKit/537.36 (KHTML, like Gecko) Chrome/27.0.1453.116 Safari/537.36"
84.130.28.183 - - [03/Jul/2013:19:02:14 +0200] "GET /scripte/basics.js HTTP/1.1" 200 198 "http://www.prokommunal.com/seiten/fsw.htm" "Mozilla/5.0 (Windows NT 6.1) AppleWebKit/537.36 (KHTML, like Gecko) Chrome/27.0.1453.116 Safari/537.36"
84.130.28.183 - - [03/Jul/2013:19:02:14 +0200] "GET /img/head01.jpg HTTP/1.1" 200 6350 "http://www.prokommunal.com/seiten/fsw.htm" "Mozilla/5.0 (Windows NT 6.1) AppleWebKit/537.36 (KHTML, like Gecko) Chrome/27.0.1453.116 Safari/537.36"
84.130.28.183 - - [03/Jul/2013:19:02:14 +0200] "GET /img/head02.jpg HTTP/1.1" 200 4929 "http://www.prokommunal.com/seiten/fsw.htm" "Mozilla/5.0 (Windows NT 6.1) AppleWebKit/537.36 (KHTML, like Gecko) Chrome/27.0.1453.116 Safari/537.36"
84.130.28.183 - - [03/Jul/2013:19:02:14 +0200] "GET /img/head03.jpg HTTP/1.1" 200 7610 "http://www.prokommunal.com/seiten/fsw.htm" "Mozilla/5.0 (Windows NT 6.1) AppleWebKit/537.36 (KHTML, like Gecko) Chrome/27.0.1453.116 Safari/537.36"
84.130.28.183 - - [03/Jul/2013:19:02:14 +0200] "GET /redesign/img/bg_gelb.jpg HTTP/1.1" 200 368 "http://www.prokommunal.com/seiten/fsw.htm" "Mozilla/5.0 (Windows NT 6.1) AppleWebKit/537.36 (KHTML, like Gecko) Chrome/27.0.1453.116 Safari/537.36"
84.130.28.183 - - [03/Jul/2013:19:02:14 +0200] "GET /img/men_01.jpg HTTP/1.1" 200 713 "http://www.prokommunal.com/seiten/fsw.htm" "Mozilla/5.0 (Windows NT 6.1) AppleWebKit/537.36 (KHTML, like Gecko) Chrome/27.0.1453.116 Safari/537.36"
84.130.28.183 - - [03/Jul/2013:19:02:14 +0200] "GET /redesign/img/bg_foot.gif HTTP/1.1" 200 286 "http://www.prokommunal.com/seiten/fsw.htm" "Mozilla/5.0 (Windows NT 6.1) AppleWebKit/537.36 (KHTML, like Gecko) Chrome/27.0.1453.116 Safari/537.36"
84.130.28.183 - - [03/Jul/2013:19:02:14 +0200] "GET /img/1px_tr.gif HTTP/1.1" 200 43 "http://www.prokommunal.com/seiten/fsw.htm" "Mozilla/5.0 (Windows NT 6.1) AppleWebKit/537.36 (KHTML, like Gecko) Chrome/27.0.1453.116 Safari/537.36"
84.130.28.183 - - [03/Jul/2013:19:02:14 +0200] "GET /img/top.gif HTTP/1.1" 200 96 "http://www.prokommunal.com/seiten/fsw.htm" "Mozilla/5.0 (Windows NT 6.1) AppleWebKit/537.36 (KHTML, like Gecko) Chrome/27.0.1453.116 Safari/537.36"
84.130.28.183 - - [03/Jul/2013:19:02:14 +0200] "GET /img/fsw.jpg HTTP/1.1" 200 10878 "http://www.prokommunal.com/seiten/fsw.htm" "Mozilla/5.0 (Windows NT 6.1) AppleWebKit/537.36 (KHTML, like Gecko) Chrome/27.0.1453.116 Safari/537.36"
84.130.28.183 - - [03/Jul/2013:19:02:14 +0200] "GET /favicon.ico HTTP/1.1" 200 894 "-" "Mozilla/5.0 (Windows NT 6.1) AppleWebKit/537.36 (KHTML, like Gecko) Chrome/27.0.1453.116 Safari/537.36"
173.199.120.75 - - [03/Jul/2013:19:10:51 +0200] "GET /seiten/kontroll.htm HTTP/1.1" 200 6599 "-" "Mozilla/5.0 (compatible; AhrefsBot/4.0; +http://ahrefs.com/robot/)"
79.212.48.126 - - [03/Jul/2013:19:27:13 +0200] "GET /seiten/fsw.htm HTTP/1.1" 200 9961 "http://www.google.de/url?sa=t&rct=j&q=fsw%20prokommunal&source=web&cd=2&cad=rja&sqi=2&ved=0CDMQFjAB&url=http%3A%2F%2Fwww.prokommunal.com%2Fseiten%2Ffsw.htm&ei=0F7UUYfPD4aD4ATf9IB4&usg=AFQjCNERYeHHc5tqnWyCzuVfTvyCJ3K0AQ&bvm=bv.48705608,d.bGE" "Mozilla/5.0 (compatible; MSIE 10.0; Windows NT 6.1; Trident/6.0)"
79.212.48.126 - - [03/Jul/2013:19:27:13 +0200] "GET /css/style.css HTTP/1.1" 200 3549 "http://www.prokommunal.com/seiten/fsw.htm" "Mozilla/5.0 (compatible; MSIE 10.0; Windows NT 6.1; Trident/6.0)"
79.212.48.126 - - [03/Jul/2013:19:27:14 +0200] "GET /scripte/basics.js HTTP/1.1" 200 198 "http://www.prokommunal.com/seiten/fsw.htm" "Mozilla/5.0 (compatible; MSIE 10.0; Windows NT 6.1; Trident/6.0)"
79.212.48.126 - - [03/Jul/2013:19:27:14 +0200] "GET /img/head01.jpg HTTP/1.1" 200 6350 "http://www.prokommunal.com/seiten/fsw.htm" "Mozilla/5.0 (compatible; MSIE 10.0; Windows NT 6.1; Trident/6.0)"
79.212.48.126 - - [03/Jul/2013:19:27:14 +0200] "GET /img/head02.jpg HTTP/1.1" 200 4929 "http://www.prokommunal.com/seiten/fsw.htm" "Mozilla/5.0 (compatible; MSIE 10.0; Windows NT 6.1; Trident/6.0)"
79.212.48.126 - - [03/Jul/2013:19:27:14 +0200] "GET /img/1px_tr.gif HTTP/1.1" 200 43 "http://www.prokommunal.com/seiten/fsw.htm" "Mozilla/5.0 (compatible; MSIE 10.0; Windows NT 6.1; Trident/6.0)"
79.212.48.126 - - [03/Jul/2013:19:27:14 +0200] "GET /img/head03.jpg HTTP/1.1" 200 7610 "http://www.prokommunal.com/seiten/fsw.htm" "Mozilla/5.0 (compatible; MSIE 10.0; Windows NT 6.1; Trident/6.0)"
79.212.48.126 - - [03/Jul/2013:19:27:14 +0200] "GET /img/fsw.jpg HTTP/1.1" 200 10878 "http://www.prokommunal.com/seiten/fsw.htm" "Mozilla/5.0 (compatible; MSIE 10.0; Windows NT 6.1; Trident/6.0)"
79.212.48.126 - - [03/Jul/2013:19:27:14 +0200] "GET /img/top.gif HTTP/1.1" 200 96 "http://www.prokommunal.com/seiten/fsw.htm" "Mozilla/5.0 (compatible; MSIE 10.0; Windows NT 6.1; Trident/6.0)"
79.212.48.126 - - [03/Jul/2013:19:27:14 +0200] "GET /redesign/img/bg_gelb.jpg HTTP/1.1" 200 368 "http://www.prokommunal.com/seiten/fsw.htm" "Mozilla/5.0 (compatible; MSIE 10.0; Windows NT 6.1; Trident/6.0)"
79.212.48.126 - - [03/Jul/2013:19:27:14 +0200] "GET /redesign/img/bg_foot.gif HTTP/1.1" 200 286 "http://www.prokommunal.com/seiten/fsw.htm" "Mozilla/5.0 (compatible; MSIE 10.0; Windows NT 6.1; Trident/6.0)"
79.212.48.126 - - [03/Jul/2013:19:27:14 +0200] "GET /img/men_01.jpg HTTP/1.1" 200 713 "http://www.prokommunal.com/seiten/fsw.htm" "Mozilla/5.0 (compatible; MSIE 10.0; Windows NT 6.1; Trident/6.0)"
79.212.48.126 - - [03/Jul/2013:19:27:14 +0200] "GET /favicon.ico HTTP/1.1" 200 894 "-" "Mozilla/5.0 (compatible; MSIE 10.0; Windows NT 6.1; Trident/6.0)"
79.212.48.126 - - [03/Jul/2013:19:27:15 +0200] "GET /favicon.ico HTTP/1.1" 304 - "-" "Mozilla/5.0 (compatible; Google Desktop/5.9.1005.12335; http://desktop.google.com/)"
79.212.48.126 - - [03/Jul/2013:19:27:43 +0200] "GET /seiten/referenzen.htm HTTP/1.1" 200 40249 "http://www.prokommunal.com/seiten/fsw.htm" "Mozilla/5.0 (compatible; MSIE 10.0; Windows NT 6.1; Trident/6.0)"
220.181.108.76 - - [03/Jul/2013:19:37:08 +0200] "GET / HTTP/1.1" 200 7903 "-" "Mozilla/5.0 (compatible; Baiduspider/2.0; +http://www.baidu.com/search/spider.html)"
123.125.71.60 - - [03/Jul/2013:19:37:08 +0200] "GET / HTTP/1.1" 200 7903 "-" "Mozilla/5.0 (compatible; Baiduspider/2.0; +http://www.baidu.com/search/spider.html)"
66.249.78.242 - - [03/Jul/2013:19:41:07 +0200] "GET /seiten/fahrlehrerwesen.htm HTTP/1.1" 304 - "-" "Mozilla/5.0 (iPhone; U; CPU iPhone OS 4_1 like Mac OS X; en-us) AppleWebKit/532.9 (KHTML, like Gecko) Version/4.0.5 Mobile/8B117 Safari/6531.22.7 (compatible; Googlebot-Mobile/2.1; +http://www.google.com/bot.html)"
208.115.111.72 - - [03/Jul/2013:19:44:39 +0200] "GET /seiten/produkte.htm HTTP/1.1" 200 9105 "-" "Mozilla/5.0 (compatible; Ezooms/1.0; ezooms.bot@gmail.com)"
110.85.114.119 - - [03/Jul/2013:20:04:10 +0200] "GET /seiten/databund.html HTTP/1.0" 200 9125 "http://www.prokommunal.com/seiten/databund.html" "Mozilla/5.0 (Windows NT 6.1; WOW64; rv:17.0) Gecko/17.0 Firefox/17.0"
61.241.210.156 - - [03/Jul/2013:20:06:09 +0200] "GET /seiten/databund.html HTTP/1.0" 200 9125 "http://darrencrisslatino.com/history.html" "Opera/9.80 (Windows NT 6.1; U; ru) Presto/2.10.229 Version/11.64"
208.115.113.88 - - [03/Jul/2013:20:56:17 +0200] "GET /robots.txt HTTP/1.1" 404 1256 "-" "Mozilla/5.0 (compatible; Ezooms/1.0; ezooms.bot@gmail.com)"
46.229.164.102 - - [03/Jul/2013:21:46:38 +0200] "GET / HTTP/1.1" 200 7903 "-" "Mozilla/5.0 (compatible; SemrushBot/0.96.3; +http://www.semrush.com/bot.html)"
208.115.113.88 - - [03/Jul/2013:21:50:33 +0200] "GET /seiten/databund.html HTTP/1.1" 200 9125 "-" "Mozilla/5.0 (compatible; Ezooms/1.0; ezooms.bot@gmail.com)"
208.115.113.88 - - [03/Jul/2013:21:50:41 +0200] "GET /seiten/impr.htm HTTP/1.1" 200 8696 "-" "Mozilla/5.0 (compatible; Ezooms/1.0; ezooms.bot@gmail.com)"
157.55.33.40 - - [03/Jul/2013:21:55:02 +0200] "GET /robots.txt HTTP/1.1" 404 1256 "-" "Mozilla/5.0 (compatible; bingbot/2.0; +http://www.bing.com/bingbot.htm)"
157.55.33.40 - - [03/Jul/2013:21:55:51 +0200] "GET /seiten/service.htm HTTP/1.1" 200 9959 "-" "Mozilla/5.0 (compatible; bingbot/2.0; +http://www.bing.com/bingbot.htm)"
217.69.133.67 - - [03/Jul/2013:22:38:44 +0200] "GET /robots.txt HTTP/1.0" 404 1256 "-" "Mozilla/5.0 (compatible; Linux x86_64; Mail.RU_Bot/2.0; +http://go.mail.ru/help/robots)"
92.224.42.19 - - [03/Jul/2013:22:42:27 +0200] "GET / HTTP/1.1" 200 7903 "-" "UserAgent: Apache-HttpClient/release (java 1.5)"
92.224.42.19 - - [03/Jul/2013:22:42:27 +0200] "GET /seiten/impr.htm HTTP/1.1" 200 8696 "-" "UserAgent: Apache-HttpClient/release (java 1.5)"
37.140.141.34 - - [03/Jul/2013:22:53:27 +0200] "GET /img/1px_tr.gif HTTP/1.1" 304 - "-" "Mozilla/5.0 (compatible; YandexImages/3.0; +http://yandex.com/bots)"
157.55.32.111 - - [03/Jul/2013:22:55:25 +0200] "GET /robots.txt HTTP/1.1" 404 1256 "-" "Mozilla/5.0 (compatible; bingbot/2.0; +http://www.bing.com/bingbot.htm)"
130.83.167.153 - - [03/Jul/2013:22:56:27 +0200] "GET /seiten/service.htm HTTP/1.1" 200 9959 "-" "findlinks/2.6 (+http://wortschatz.uni-leipzig.de/findlinks/)"
157.55.32.111 - - [03/Jul/2013:22:58:22 +0200] "GET / HTTP/1.1" 200 7903 "-" "Mozilla/5.0 (compatible; bingbot/2.0; +http://www.bing.com/bingbot.htm)"
157.55.35.84 - - [03/Jul/2013:23:15:51 +0200] "GET /robots.txt HTTP/1.1" 404 1256 "-" "Mozilla/5.0 (compatible; bingbot/2.0; +http://www.bing.com/bingbot.htm)"
157.55.35.84 - - [03/Jul/2013:23:17:00 +0200] "GET /seiten/partner.htm HTTP/1.1" 200 9458 "-" "Mozilla/5.0 (compatible; bingbot/2.0; +http://www.bing.com/bingbot.htm)"
173.199.120.75 - - [03/Jul/2013:23:59:57 +0200] "GET /seiten/impr.htm HTTP/1.1" 200 8696 "-" "Mozilla/5.0 (compatible; AhrefsBot/4.0; +http://ahrefs.com/robot/)"
80.190.97.212 - - [04/Jul/2013:00:41:59 +0200] "GET / HTTP/1.1" 200 7903 "-" "Mozilla/5.0 (X11; U; FreeBSD i386; en-US; rv:1.9.1.12) Gecko/20100912 Firefox/3.5.12"
157.56.92.175 - - [04/Jul/2013:00:43:25 +0200] "GET /robots.txt HTTP/1.1" 404 1256 "-" "Mozilla/5.0 (compatible; bingbot/2.0; +http://www.bing.com/bingbot.htm)"
157.55.34.179 - - [04/Jul/2013:00:49:37 +0200] "GET /robots.txt HTTP/1.1" 404 1256 "-" "Mozilla/5.0 (compatible; bingbot/2.0; +http://www.bing.com/bingbot.htm)"
157.56.92.175 - - [04/Jul/2013:01:02:35 +0200] "GET /seiten/impr.htm HTTP/1.1" 304 - "-" "Mozilla/5.0 (compatible; bingbot/2.0; +http://www.bing.com/bingbot.htm)"
123.125.71.50 - - [04/Jul/2013:01:14:59 +0200] "GET / HTTP/1.1" 200 7903 "-" "Mozilla/5.0 (compatible; Baiduspider/2.0; +http://www.baidu.com/search/spider.html)"
61.135.219.113 - - [04/Jul/2013:01:18:10 +0200] "GET / HTTP/1.1" 200 7903 "-" "Mozilla/5.0 (compatible; YodaoBot/1.0; http://www.yodao.com/help/webmaster/spider/; )"
80.190.97.212 - - [04/Jul/2013:01:23:11 +0200] "GET / HTTP/1.1" 200 7903 "-" "Mozilla/5.0 (X11; U; FreeBSD i386; en-US; rv:1.9.1.12) Gecko/20100912 Firefox/3.5.12"
173.199.120.75 - - [04/Jul/2013:01:25:31 +0200] "GET /seiten/partner.htm HTTP/1.1" 200 9458 "-" "Mozilla/5.0 (compatible; AhrefsBot/4.0; +http://ahrefs.com/robot/)"
157.55.32.111 - - [04/Jul/2013:01:52:06 +0200] "GET /robots.txt HTTP/1.1" 404 1256 "-" "Mozilla/5.0 (compatible; bingbot/2.0; +http://www.bing.com/bingbot.htm)"
157.55.32.111 - - [04/Jul/2013:01:52:44 +0200] "GET / HTTP/1.1" 200 7903 "-" "Mozilla/5.0 (compatible; bingbot/2.0; +http://www.bing.com/bingbot.htm)"
157.55.34.179 - - [04/Jul/2013:01:55:27 +0200] "GET /seiten/referenzen.htm HTTP/1.1" 304 - "-" "Mozilla/5.0 (compatible; bingbot/2.0; +http://www.bing.com/bingbot.htm)"
80.190.97.212 - - [04/Jul/2013:02:09:20 +0200] "GET / HTTP/1.1" 200 7903 "-" "Mozilla/5.0 (X11; U; FreeBSD i386; en-US; rv:1.9.1.12) Gecko/20100912 Firefox/3.5.12"
157.56.93.63 - - [04/Jul/2013:02:39:46 +0200] "GET /robots.txt HTTP/1.1" 404 1256 "-" "Mozilla/5.0 (compatible; bingbot/2.0; +http://www.bing.com/bingbot.htm)"
80.190.97.212 - - [04/Jul/2013:02:48:11 +0200] "GET / HTTP/1.1" 200 7903 "-" "Mozilla/5.0 (X11; U; FreeBSD i386; en-US; rv:1.9.1.12) Gecko/20100912 Firefox/3.5.12"
66.249.78.242 - - [04/Jul/2013:02:48:20 +0200] "GET /robots.txt HTTP/1.1" 404 1256 "-" "Mozilla/5.0 (compatible; Googlebot/2.1; +http://www.google.com/bot.html)"
131.253.24.92 - - [04/Jul/2013:03:46:23 +0200] "GET /seiten/kontakt.php HTTP/1.1" 200 12788 "-" "Mozilla/4.0 (compatible; MSIE 7.0; Windows NT 5.2; SV1)"
131.253.24.92 - - [04/Jul/2013:03:46:25 +0200] "GET /css/style.css HTTP/1.1" 200 3549 "http://www.prokommunal.com/seiten/kontakt.php" "Mozilla/4.0 (compatible; MSIE 7.0; Windows NT 5.2; SV1)"
131.253.24.92 - - [04/Jul/2013:03:46:26 +0200] "GET /scripte/basics.js HTTP/1.1" 200 198 "http://www.prokommunal.com/seiten/kontakt.php" "Mozilla/4.0 (compatible; MSIE 7.0; Windows NT 5.2; SV1)"
157.55.32.188 - - [04/Jul/2013:04:19:03 +0200] "GET /robots.txt HTTP/1.1" 404 1256 "-" "Mozilla/5.0 (compatible; bingbot/2.0; +http://www.bing.com/bingbot.htm)"
157.55.32.188 - - [04/Jul/2013:04:20:28 +0200] "GET / HTTP/1.1" 200 7903 "-" "Mozilla/5.0 (compatible; bingbot/2.0; +http://www.bing.com/bingbot.htm)"
93.189.43.2 - - [04/Jul/2013:04:27:42 +0200] "GET //language/en-GB/en-GB.xml HTTP/1.1" 404 1256 "-" "Opera/9.80 (Windows NT 6.0; U; fi) Presto/2.2.0 Version/10.00"
37.140.141.34 - - [04/Jul/2013:04:40:21 +0200] "GET /robots.txt HTTP/1.1" 404 1256 "-" "Mozilla/5.0 (compatible; YandexImages/3.0; +http://yandex.com/bots)"
157.55.32.111 - - [04/Jul/2013:04:42:01 +0200] "GET /robots.txt HTTP/1.1" 404 1256 "-" "Mozilla/5.0 (compatible; bingbot/2.0; +http://www.bing.com/bingbot.htm)"
157.55.32.188 - - [04/Jul/2013:04:42:06 +0200] "GET /seiten/fahrlehrerwesen.htm HTTP/1.1" 200 7168 "-" "Mozilla/5.0 (compatible; bingbot/2.0; +http://www.bing.com/bingbot.htm)"
157.55.32.111 - - [04/Jul/2013:04:43:55 +0200] "GET /seiten/ HTTP/1.1" 403 1222 "-" "Mozilla/5.0 (compatible; bingbot/2.0; +http://www.bing.com/bingbot.htm)"
80.190.97.212 - - [04/Jul/2013:04:49:59 +0200] "GET / HTTP/1.1" 200 7903 "-" "Mozilla/5.0 (X11; U; FreeBSD i386; en-US; rv:1.9.1.12) Gecko/20100912 Firefox/3.5.12"
80.190.97.212 - - [04/Jul/2013:04:49:59 +0200] "GET / HTTP/1.1" 200 7903 "-" "Mozilla/5.0 (X11; U; FreeBSD i386; en-US; rv:1.9.1.12) Gecko/20100912 Firefox/3.5.12"
217.69.133.67 - - [04/Jul/2013:04:51:13 +0200] "GET /robots.txt HTTP/1.0" 404 1256 "-" "Mozilla/5.0 (compatible; Linux x86_64; Mail.RU_Bot/2.0; +http://go.mail.ru/help/robots)"
218.30.103.41 - - [04/Jul/2013:04:54:06 +0200] "GET / HTTP/1.1" 304 - "-" "Sogou web spider/4.0(+http://www.sogou.com/docs/help/webmasters.htm#07)"
218.30.103.41 - - [04/Jul/2013:04:54:12 +0200] "GET /robots.txt HTTP/1.1" 404 1256 "-" "Sogou web spider/4.0"
157.56.93.63 - - [04/Jul/2013:04:59:43 +0200] "GET / HTTP/1.1" 200 7903 "-" "Mozilla/5.0 (compatible; bingbot/2.0; +http://www.bing.com/bingbot.htm)"
176.57.143.60 - - [04/Jul/2013:04:59:50 +0200] "GET /seiten/partner.htm HTTP/1.1" 200 9458 "-" "Mozilla/5.0 (X11; Linux i686; rv:6.0) Gecko/20100101 Firefox/6.0"
178.33.122.74 - - [04/Jul/2013:04:59:55 +0200] "GET /seiten/partner.htm HTTP/1.1" 200 9458 "-" "Mozilla/5.0 (X11; Linux i686; rv:6.0) Gecko/20100101 Firefox/6.0"
173.199.117.235 - - [04/Jul/2013:05:14:07 +0200] "GET /seiten/kontakt.php HTTP/1.1" 200 12788 "-" "Mozilla/5.0 (compatible; AhrefsBot/4.0; +http://ahrefs.com/robot/)"
176.57.143.60 - - [04/Jul/2013:05:20:17 +0200] "GET /seiten/referenzen.htm HTTP/1.1" 200 40249 "-" "Mozilla/5.0 (X11; Linux i686; rv:6.0) Gecko/20100101 Firefox/6.0"
173.199.120.75 - - [04/Jul/2013:05:22:30 +0200] "GET /seiten/fsw.htm HTTP/1.1" 200 9961 "-" "Mozilla/5.0 (compatible; AhrefsBot/4.0; +http://ahrefs.com/robot/)"
61.135.219.21 - - [04/Jul/2013:06:02:19 +0200] "GET / HTTP/1.1" 200 7903 "-" "Mozilla/5.0 (compatible; YodaoBot/1.0; http://www.yodao.com/help/webmaster/spider/; )"
208.115.111.71 - - [04/Jul/2013:06:52:37 +0200] "GET /robots.txt HTTP/1.1" 404 1256 "-" "Mozilla/5.0 (compatible; Ezooms/1.0; ezooms.bot@gmail.com)"
62.214.1.146 - - [04/Jul/2013:07:13:40 +0200] "GET / HTTP/1.1" 200 7903 "http://www.hh-berlin.de/netzwerke/software.html" "Mozilla/5.0 (Windows NT 5.2; rv:19.0) Gecko/20100101 Firefox/19.0"
62.214.1.146 - - [04/Jul/2013:07:13:40 +0200] "GET /css/style.css HTTP/1.1" 200 3549 "http://www.prokommunal.com/" "Mozilla/5.0 (Windows NT 5.2; rv:19.0) Gecko/20100101 Firefox/19.0"
62.214.1.146 - - [04/Jul/2013:07:13:40 +0200] "GET /scripte/basics.js HTTP/1.1" 200 198 "http://www.prokommunal.com/" "Mozilla/5.0 (Windows NT 5.2; rv:19.0) Gecko/20100101 Firefox/19.0"
62.214.1.146 - - [04/Jul/2013:07:13:40 +0200] "GET /img/head01.jpg HTTP/1.1" 200 6350 "http://www.prokommunal.com/" "Mozilla/5.0 (Windows NT 5.2; rv:19.0) Gecko/20100101 Firefox/19.0"
62.214.1.146 - - [04/Jul/2013:07:13:40 +0200] "GET /img/head02.jpg HTTP/1.1" 200 4929 "http://www.prokommunal.com/" "Mozilla/5.0 (Windows NT 5.2; rv:19.0) Gecko/20100101 Firefox/19.0"
62.214.1.146 - - [04/Jul/2013:07:13:40 +0200] "GET /favicon.ico HTTP/1.1" 200 894 "-" "Mozilla/5.0 (Windows NT 5.2; rv:19.0) Gecko/20100101 Firefox/19.0"
62.214.1.146 - - [04/Jul/2013:07:13:40 +0200] "GET /img/head03.jpg HTTP/1.1" 200 7610 "http://www.prokommunal.com/" "Mozilla/5.0 (Windows NT 5.2; rv:19.0) Gecko/20100101 Firefox/19.0"
62.214.1.146 - - [04/Jul/2013:07:13:41 +0200] "GET /redesign/img/bg_gelb.jpg HTTP/1.1" 200 368 "http://www.prokommunal.com/css/style.css" "Mozilla/5.0 (Windows NT 5.2; rv:19.0) Gecko/20100101 Firefox/19.0"
62.214.1.146 - - [04/Jul/2013:07:13:41 +0200] "GET /redesign/img/bg_foot.gif HTTP/1.1" 200 286 "http://www.prokommunal.com/css/style.css" "Mozilla/5.0 (Windows NT 5.2; rv:19.0) Gecko/20100101 Firefox/19.0"
62.214.1.146 - - [04/Jul/2013:07:13:41 +0200] "GET /favicon.ico HTTP/1.1" 304 - "-" "Mozilla/5.0 (Windows NT 5.2; rv:19.0) Gecko/20100101 Firefox/19.0"
195.37.205.12 - - [04/Jul/2013:07:30:02 +0200] "GET /gast-fsw HTTP/1.0" 301 357 "-" "Mozilla/4.0 (compatible; MSIE 8.0; Windows NT 6.0; Trident/4.0; SLCC1; .NET CLR 2.0.50727; .NET CLR 3.5.30729; .NET CLR 3.0.30729; .NET4.0C; .NET4.0E)"
195.37.205.12 - - [04/Jul/2013:07:30:02 +0200] "GET /gast-fsw/ HTTP/1.0" 403 1222 "-" "Mozilla/4.0 (compatible; MSIE 8.0; Windows NT 6.0; Trident/4.0; SLCC1; .NET CLR 2.0.50727; .NET CLR 3.5.30729; .NET CLR 3.0.30729; .NET4.0C; .NET4.0E)"
173.199.120.75 - - [04/Jul/2013:07:45:27 +0200] "GET / HTTP/1.1" 200 7903 "-" "Mozilla/5.0 (compatible; AhrefsBot/4.0; +http://ahrefs.com/robot/)"
173.199.117.235 - - [04/Jul/2013:08:20:00 +0200] "GET /seiten/menue HTTP/1.1" 404 1256 "-" "Mozilla/5.0 (compatible; AhrefsBot/4.0; +http://ahrefs.com/robot/)"
173.199.117.235 - - [04/Jul/2013:08:37:09 +0200] "GET /seiten/intern/log_check.php HTTP/1.1" 302 - "-" "Mozilla/5.0 (compatible; AhrefsBot/4.0; +http://ahrefs.com/robot/)"
61.135.219.89 - - [04/Jul/2013:08:41:19 +0200] "GET / HTTP/1.1" 200 7903 "-" "Mozilla/5.0 (compatible; YodaoBot/1.0; http://www.yodao.com/help/webmaster/spider/; )"
208.115.111.71 - - [04/Jul/2013:08:52:46 +0200] "GET /seiten/ HTTP/1.1" 403 1222 "-" "Mozilla/5.0 (compatible; Ezooms/1.0; ezooms.bot@gmail.com)"
66.249.78.242 - - [04/Jul/2013:09:03:04 +0200] "GET /seiten/kontakt.php HTTP/1.1" 200 12788 "-" "Mozilla/5.0 (iPhone; U; CPU iPhone OS 4_1 like Mac OS X; en-us) AppleWebKit/532.9 (KHTML, like Gecko) Version/4.0.5 Mobile/8B117 Safari/6531.22.7 (compatible; Googlebot-Mobile/2.1; +http://www.google.com/bot.html)"
157.55.32.111 - - [04/Jul/2013:09:55:13 +0200] "GET /robots.txt HTTP/1.1" 404 1256 "-" "Mozilla/5.0 (compatible; bingbot/2.0; +http://www.bing.com/bingbot.htm)"
157.55.32.111 - - [04/Jul/2013:09:57:05 +0200] "GET / HTTP/1.1" 200 7903 "-" "Mozilla/5.0 (compatible; bingbot/2.0; +http://www.bing.com/bingbot.htm)"
84.120.160.60 - - [04/Jul/2013:11:08:10 +0200] "GET / HTTP/1.1" 200 7903 "-" "Java/1.7.0_25"
84.120.160.60 - - [04/Jul/2013:11:08:10 +0200] "GET /./scripte/basics.js HTTP/1.1" 200 198 "-" "Java/1.7.0_25"
84.120.160.60 - - [04/Jul/2013:11:08:10 +0200] "GET /false.htm HTTP/1.1" 200 2749 "-" "Java/1.7.0_25"
84.120.160.60 - - [04/Jul/2013:11:08:10 +0200] "GET /scripte/basics.js HTTP/1.1" 200 198 "-" "Java/1.7.0_25"
84.120.160.60 - - [04/Jul/2013:11:08:10 +0200] "GET /./seiten/databund.html HTTP/1.1" 200 9125 "-" "Java/1.7.0_25"
84.120.160.60 - - [04/Jul/2013:11:08:10 +0200] "GET /seiten/fahrlehrerwesen.htm HTTP/1.1" 200 7168 "-" "Java/1.7.0_25"
84.120.160.60 - - [04/Jul/2013:11:08:10 +0200] "GET /seiten/fsw.htm HTTP/1.1" 200 9961 "-" "Java/1.7.0_25"
84.120.160.60 - - [04/Jul/2013:11:08:10 +0200] "GET /seiten/impr.htm HTTP/1.1" 200 8696 "-" "Java/1.7.0_25"
84.120.160.60 - - [04/Jul/2013:11:08:11 +0200] "GET /seiten/kontakt.php HTTP/1.1" 200 12788 "-" "Java/1.7.0_25"
84.120.160.60 - - [04/Jul/2013:11:08:11 +0200] "GET /seiten/kontroll.htm HTTP/1.1" 200 6599 "-" "Java/1.7.0_25"
84.120.160.60 - - [04/Jul/2013:11:08:11 +0200] "GET /seiten/kraftverkehr.htm HTTP/1.1" 200 9210 "-" "Java/1.7.0_25"
84.120.160.60 - - [04/Jul/2013:11:08:11 +0200] "GET /seiten/partner.htm HTTP/1.1" 200 9458 "-" "Java/1.7.0_25"
84.120.160.60 - - [04/Jul/2013:11:08:11 +0200] "GET /seiten/produkte.htm HTTP/1.1" 200 9105 "-" "Java/1.7.0_25"
84.120.160.60 - - [04/Jul/2013:11:08:11 +0200] "GET /seiten/referenzen.htm HTTP/1.1" 200 40249 "-" "Java/1.7.0_25"
84.120.160.60 - - [04/Jul/2013:11:08:12 +0200] "GET /seiten/service.htm HTTP/1.1" 200 9959 "-" "Java/1.7.0_25"
84.120.160.60 - - [04/Jul/2013:11:08:12 +0200] "GET /./seiten/fahrlehrerwesen.htm HTTP/1.1" 200 7168 "-" "Java/1.7.0_25"
84.120.160.60 - - [04/Jul/2013:11:08:12 +0200] "GET /./seiten/fsw.htm HTTP/1.1" 200 9961 "-" "Java/1.7.0_25"
84.120.160.60 - - [04/Jul/2013:11:08:12 +0200] "GET /./seiten/impr.htm HTTP/1.1" 200 8696 "-" "Java/1.7.0_25"
84.120.160.60 - - [04/Jul/2013:11:08:12 +0200] "GET /./seiten/kontakt.php HTTP/1.1" 200 12788 "-" "Java/1.7.0_25"
84.120.160.60 - - [04/Jul/2013:11:08:12 +0200] "GET /./seiten/kontroll.htm HTTP/1.1" 200 6599 "-" "Java/1.7.0_25"
84.120.160.60 - - [04/Jul/2013:11:08:12 +0200] "GET /./seiten/kraftverkehr.htm HTTP/1.1" 200 9210 "-" "Java/1.7.0_25"
84.120.160.60 - - [04/Jul/2013:11:08:13 +0200] "GET /./seiten/partner.htm HTTP/1.1" 200 9458 "-" "Java/1.7.0_25"
84.120.160.60 - - [04/Jul/2013:11:08:13 +0200] "GET /./seiten/produkte.htm HTTP/1.1" 200 9105 "-" "Java/1.7.0_25"
84.120.160.60 - - [04/Jul/2013:11:08:13 +0200] "GET /./seiten/referenzen.htm HTTP/1.1" 200 40249 "-" "Java/1.7.0_25"
84.120.160.60 - - [04/Jul/2013:11:08:13 +0200] "GET /./seiten/service.htm HTTP/1.1" 200 9959 "-" "Java/1.7.0_25"
61.135.220.53 - - [04/Jul/2013:11:13:26 +0200] "GET / HTTP/1.1" 200 7903 "-" "Mozilla/5.0 (compatible; YodaoBot/1.0; http://www.yodao.com/help/webmaster/spider/; )"
195.37.205.12 - - [04/Jul/2013:11:25:33 +0200] "GET /gast-fsw/v5_update1024-akt.zip HTTP/1.0" 404 1256 "-" "Mozilla/4.0 (compatible; MSIE 8.0; Windows NT 5.1; Trident/4.0; .NET CLR 2.0.50727; .NET CLR 3.0.4506.2152; .NET CLR 3.5.30729)"
195.145.27.1 - - [04/Jul/2013:11:26:00 +0200] "GET /seiten/impr.htm HTTP/1.1" 200 8696 "http://www.google.de/url?sa=t&rct=j&q=prokommunal%20softwareentwicklungs-und%20beratungsgesellschaft%20mbh&source=web&cd=7&ved=0CEoQjBAwBg&url=http%3A%2F%2Fwww.prokommunal.com%2Fseiten%2Fimpr.htm&ei=fz_VUfvkKI_V4ATa4oGYBQ&usg=AFQjCNEVydv-cIfAVN2RfUwzsT5q2zJmAA&bvm=bv.48705608,d.bGE" "Mozilla/4.0 (compatible; MSIE 8.0; Windows NT 5.1; Trident/4.0; .NET CLR 2.0.50727; .NET CLR 3.0.04506.30; .NET CLR 1.1.4322; .NET CLR 3.0.04506.648; .NET CLR 3.0.4506.2152; .NET CLR 3.5.30729; InfoPath.2; MS-RTC LM 8; .NET4.0C; .NET4.0E)"
195.145.27.1 - - [04/Jul/2013:11:26:00 +0200] "GET /css/style.css HTTP/1.1" 200 3549 "http://www.prokommunal.com/seiten/impr.htm" "Mozilla/4.0 (compatible; MSIE 8.0; Windows NT 5.1; Trident/4.0; .NET CLR 2.0.50727; .NET CLR 3.0.04506.30; .NET CLR 1.1.4322; .NET CLR 3.0.04506.648; .NET CLR 3.0.4506.2152; .NET CLR 3.5.30729; InfoPath.2; MS-RTC LM 8; .NET4.0C; .NET4.0E)"
195.145.27.1 - - [04/Jul/2013:11:26:00 +0200] "GET /scripte/basics.js HTTP/1.1" 200 198 "http://www.prokommunal.com/seiten/impr.htm" "Mozilla/4.0 (compatible; MSIE 8.0; Windows NT 5.1; Trident/4.0; .NET CLR 2.0.50727; .NET CLR 3.0.04506.30; .NET CLR 1.1.4322; .NET CLR 3.0.04506.648; .NET CLR 3.0.4506.2152; .NET CLR 3.5.30729; InfoPath.2; MS-RTC LM 8; .NET4.0C; .NET4.0E)"
195.145.27.1 - - [04/Jul/2013:11:26:00 +0200] "GET /img/head01.jpg HTTP/1.1" 200 6350 "http://www.prokommunal.com/seiten/impr.htm" "Mozilla/4.0 (compatible; MSIE 8.0; Windows NT 5.1; Trident/4.0; .NET CLR 2.0.50727; .NET CLR 3.0.04506.30; .NET CLR 1.1.4322; .NET CLR 3.0.04506.648; .NET CLR 3.0.4506.2152; .NET CLR 3.5.30729; InfoPath.2; MS-RTC LM 8; .NET4.0C; .NET4.0E)"
195.145.27.1 - - [04/Jul/2013:11:26:00 +0200] "GET /img/head02.jpg HTTP/1.1" 200 4929 "http://www.prokommunal.com/seiten/impr.htm" "Mozilla/4.0 (compatible; MSIE 8.0; Windows NT 5.1; Trident/4.0; .NET CLR 2.0.50727; .NET CLR 3.0.04506.30; .NET CLR 1.1.4322; .NET CLR 3.0.04506.648; .NET CLR 3.0.4506.2152; .NET CLR 3.5.30729; InfoPath.2; MS-RTC LM 8; .NET4.0C; .NET4.0E)"
195.145.27.1 - - [04/Jul/2013:11:26:00 +0200] "GET /img/head03.jpg HTTP/1.1" 200 7610 "http://www.prokommunal.com/seiten/impr.htm" "Mozilla/4.0 (compatible; MSIE 8.0; Windows NT 5.1; Trident/4.0; .NET CLR 2.0.50727; .NET CLR 3.0.04506.30; .NET CLR 1.1.4322; .NET CLR 3.0.04506.648; .NET CLR 3.0.4506.2152; .NET CLR 3.5.30729; InfoPath.2; MS-RTC LM 8; .NET4.0C; .NET4.0E)"
195.145.27.1 - - [04/Jul/2013:11:26:00 +0200] "GET /redesign/img/bg_gelb.jpg HTTP/1.1" 200 368 "http://www.prokommunal.com/seiten/impr.htm" "Mozilla/4.0 (compatible; MSIE 8.0; Windows NT 5.1; Trident/4.0; .NET CLR 2.0.50727; .NET CLR 3.0.04506.30; .NET CLR 1.1.4322; .NET CLR 3.0.04506.648; .NET CLR 3.0.4506.2152; .NET CLR 3.5.30729; InfoPath.2; MS-RTC LM 8; .NET4.0C; .NET4.0E)"
195.145.27.1 - - [04/Jul/2013:11:26:00 +0200] "GET /img/top.gif HTTP/1.1" 200 96 "http://www.prokommunal.com/seiten/impr.htm" "Mozilla/4.0 (compatible; MSIE 8.0; Windows NT 5.1; Trident/4.0; .NET CLR 2.0.50727; .NET CLR 3.0.04506.30; .NET CLR 1.1.4322; .NET CLR 3.0.04506.648; .NET CLR 3.0.4506.2152; .NET CLR 3.5.30729; InfoPath.2; MS-RTC LM 8; .NET4.0C; .NET4.0E)"
195.145.27.1 - - [04/Jul/2013:11:26:00 +0200] "GET /redesign/img/bg_foot.gif HTTP/1.1" 200 286 "http://www.prokommunal.com/seiten/impr.htm" "Mozilla/4.0 (compatible; MSIE 8.0; Windows NT 5.1; Trident/4.0; .NET CLR 2.0.50727; .NET CLR 3.0.04506.30; .NET CLR 1.1.4322; .NET CLR 3.0.04506.648; .NET CLR 3.0.4506.2152; .NET CLR 3.5.30729; InfoPath.2; MS-RTC LM 8; .NET4.0C; .NET4.0E)"
195.145.27.1 - - [04/Jul/2013:11:26:00 +0200] "GET /img/men_01.jpg HTTP/1.1" 200 713 "http://www.prokommunal.com/seiten/impr.htm" "Mozilla/4.0 (compatible; MSIE 8.0; Windows NT 5.1; Trident/4.0; .NET CLR 2.0.50727; .NET CLR 3.0.04506.30; .NET CLR 1.1.4322; .NET CLR 3.0.04506.648; .NET CLR 3.0.4506.2152; .NET CLR 3.5.30729; InfoPath.2; MS-RTC LM 8; .NET4.0C; .NET4.0E)"
195.145.27.1 - - [04/Jul/2013:11:26:01 +0200] "GET /favicon.ico HTTP/1.1" 200 894 "-" "Mozilla/4.0 (compatible; MSIE 8.0; Windows NT 5.1; Trident/4.0; .NET CLR 2.0.50727; .NET CLR 3.0.04506.30; .NET CLR 1.1.4322; .NET CLR 3.0.04506.648; .NET CLR 3.0.4506.2152; .NET CLR 3.5.30729; InfoPath.2; MS-RTC LM 8; .NET4.0C; .NET4.0E)"
195.145.27.1 - - [04/Jul/2013:11:26:16 +0200] "GET /css/style.css HTTP/1.1" 304 - "-" "Mozilla/4.0 (compatible; MSIE 7.0; Windows NT 5.1; Trident/4.0; .NET CLR 2.0.50727; .NET CLR 3.0.04506.30; .NET CLR 1.1.4322; .NET CLR 3.0.04506.648; .NET CLR 3.0.4506.2152; .NET CLR 3.5.30729; InfoPath.2; MS-RTC LM 8; .NET4.0C; .NET4.0E; MSOffice 12)"
195.145.27.1 - - [04/Jul/2013:11:26:18 +0200] "GET /css/style.css HTTP/1.1" 304 - "-" "Mozilla/4.0 (compatible; MSIE 7.0; Windows NT 5.1; Trident/4.0; .NET CLR 2.0.50727; .NET CLR 3.0.04506.30; .NET CLR 1.1.4322; .NET CLR 3.0.04506.648; .NET CLR 3.0.4506.2152; .NET CLR 3.5.30729; InfoPath.2; MS-RTC LM 8; .NET4.0C; .NET4.0E; MSOffice 12)"
62.216.223.130 - - [04/Jul/2013:11:45:13 +0200] "GET / HTTP/1.1" 200 7903 "http://www.google.de/url?sa=t&rct=j&q=prokommunal%20gmbh&source=web&cd=1&ved=0CDAQFjAA&url=http%3A%2F%2Fwww.prokommunal.com%2F&ei=_EPVUc-MFs2w7Ab62YFw&usg=AFQjCNF5ZvO5ecR3rprSCB3llFRGksZz8A&bvm=bv.48705608,d.ZGU" "Mozilla/4.0 (compatible; MSIE 8.0; Windows NT 5.1; Trident/4.0; .NET CLR 1.1.4322; .NET CLR 2.0.50727; .NET CLR 3.0.04506.30; .NET CLR 3.0.4506.2152; .NET CLR 3.5.30729; .NET4.0C; .NET4.0E)"
62.216.223.130 - - [04/Jul/2013:11:45:13 +0200] "GET /css/style.css HTTP/1.1" 200 3549 "http://www.prokommunal.com/" "Mozilla/4.0 (compatible; MSIE 8.0; Windows NT 5.1; Trident/4.0; .NET CLR 1.1.4322; .NET CLR 2.0.50727; .NET CLR 3.0.04506.30; .NET CLR 3.0.4506.2152; .NET CLR 3.5.30729; .NET4.0C; .NET4.0E)"
62.216.223.130 - - [04/Jul/2013:11:45:13 +0200] "GET /scripte/basics.js HTTP/1.1" 200 198 "http://www.prokommunal.com/" "Mozilla/4.0 (compatible; MSIE 8.0; Windows NT 5.1; Trident/4.0; .NET CLR 1.1.4322; .NET CLR 2.0.50727; .NET CLR 3.0.04506.30; .NET CLR 3.0.4506.2152; .NET CLR 3.5.30729; .NET4.0C; .NET4.0E)"
62.216.223.130 - - [04/Jul/2013:11:45:13 +0200] "GET /img/head02.jpg HTTP/1.1" 200 4929 "http://www.prokommunal.com/" "Mozilla/4.0 (compatible; MSIE 8.0; Windows NT 5.1; Trident/4.0; .NET CLR 1.1.4322; .NET CLR 2.0.50727; .NET CLR 3.0.04506.30; .NET CLR 3.0.4506.2152; .NET CLR 3.5.30729; .NET4.0C; .NET4.0E)"
62.216.223.130 - - [04/Jul/2013:11:45:13 +0200] "GET /img/head01.jpg HTTP/1.1" 200 6350 "http://www.prokommunal.com/" "Mozilla/4.0 (compatible; MSIE 8.0; Windows NT 5.1; Trident/4.0; .NET CLR 1.1.4322; .NET CLR 2.0.50727; .NET CLR 3.0.04506.30; .NET CLR 3.0.4506.2152; .NET CLR 3.5.30729; .NET4.0C; .NET4.0E)"
62.216.223.130 - - [04/Jul/2013:11:45:13 +0200] "GET /redesign/img/bg_gelb.jpg HTTP/1.1" 200 368 "http://www.prokommunal.com/" "Mozilla/4.0 (compatible; MSIE 8.0; Windows NT 5.1; Trident/4.0; .NET CLR 1.1.4322; .NET CLR 2.0.50727; .NET CLR 3.0.04506.30; .NET CLR 3.0.4506.2152; .NET CLR 3.5.30729; .NET4.0C; .NET4.0E)"
62.216.223.130 - - [04/Jul/2013:11:45:13 +0200] "GET /img/head03.jpg HTTP/1.1" 200 7610 "http://www.prokommunal.com/" "Mozilla/4.0 (compatible; MSIE 8.0; Windows NT 5.1; Trident/4.0; .NET CLR 1.1.4322; .NET CLR 2.0.50727; .NET CLR 3.0.04506.30; .NET CLR 3.0.4506.2152; .NET CLR 3.5.30729; .NET4.0C; .NET4.0E)"
62.216.223.130 - - [04/Jul/2013:11:45:13 +0200] "GET /redesign/img/bg_foot.gif HTTP/1.1" 200 286 "http://www.prokommunal.com/" "Mozilla/4.0 (compatible; MSIE 8.0; Windows NT 5.1; Trident/4.0; .NET CLR 1.1.4322; .NET CLR 2.0.50727; .NET CLR 3.0.04506.30; .NET CLR 3.0.4506.2152; .NET CLR 3.5.30729; .NET4.0C; .NET4.0E)"
62.216.223.130 - - [04/Jul/2013:11:45:13 +0200] "GET /favicon.ico HTTP/1.1" 200 894 "-" "Mozilla/4.0 (compatible; MSIE 8.0; Windows NT 5.1; Trident/4.0; .NET CLR 1.1.4322; .NET CLR 2.0.50727; .NET CLR 3.0.04506.30; .NET CLR 3.0.4506.2152; .NET CLR 3.5.30729; .NET4.0C; .NET4.0E)"
62.216.223.130 - - [04/Jul/2013:11:45:18 +0200] "GET /seiten/produkte.htm HTTP/1.1" 200 9105 "http://www.prokommunal.com/" "Mozilla/4.0 (compatible; MSIE 8.0; Windows NT 5.1; Trident/4.0; .NET CLR 1.1.4322; .NET CLR 2.0.50727; .NET CLR 3.0.04506.30; .NET CLR 3.0.4506.2152; .NET CLR 3.5.30729; .NET4.0C; .NET4.0E)"
62.216.223.130 - - [04/Jul/2013:11:45:18 +0200] "GET /img/top.gif HTTP/1.1" 200 96 "http://www.prokommunal.com/seiten/produkte.htm" "Mozilla/4.0 (compatible; MSIE 8.0; Windows NT 5.1; Trident/4.0; .NET CLR 1.1.4322; .NET CLR 2.0.50727; .NET CLR 3.0.04506.30; .NET CLR 3.0.4506.2152; .NET CLR 3.5.30729; .NET4.0C; .NET4.0E)"
62.216.223.130 - - [04/Jul/2013:11:45:18 +0200] "GET /img/men_01.jpg HTTP/1.1" 200 713 "http://www.prokommunal.com/seiten/produkte.htm" "Mozilla/4.0 (compatible; MSIE 8.0; Windows NT 5.1; Trident/4.0; .NET CLR 1.1.4322; .NET CLR 2.0.50727; .NET CLR 3.0.04506.30; .NET CLR 3.0.4506.2152; .NET CLR 3.5.30729; .NET4.0C; .NET4.0E)"
62.216.223.130 - - [04/Jul/2013:11:45:18 +0200] "GET /img/1px_tr.gif HTTP/1.1" 200 43 "http://www.prokommunal.com/seiten/produkte.htm" "Mozilla/4.0 (compatible; MSIE 8.0; Windows NT 5.1; Trident/4.0; .NET CLR 1.1.4322; .NET CLR 2.0.50727; .NET CLR 3.0.04506.30; .NET CLR 3.0.4506.2152; .NET CLR 3.5.30729; .NET4.0C; .NET4.0E)"
62.216.223.130 - - [04/Jul/2013:11:45:29 +0200] "GET /seiten/kraftverkehr.htm HTTP/1.1" 200 9210 "http://www.prokommunal.com/seiten/produkte.htm" "Mozilla/4.0 (compatible; MSIE 8.0; Windows NT 5.1; Trident/4.0; .NET CLR 1.1.4322; .NET CLR 2.0.50727; .NET CLR 3.0.04506.30; .NET CLR 3.0.4506.2152; .NET CLR 3.5.30729; .NET4.0C; .NET4.0E)"
46.19.36.40 - - [04/Jul/2013:11:46:05 +0200] "GET / HTTP/1.1" 200 7903 "-" "libwww-perl/6.05"
93.220.245.202 - - [04/Jul/2013:11:52:24 +0200] "GET / HTTP/1.1" 200 7903 "-" "Mozilla/4.0 (compatible; MSIE 8.0; Windows NT 6.0; .NET CLR 1.1.4322; .NET CLR 2.0.50727)"
217.7.236.151 - - [04/Jul/2013:11:54:46 +0200] "GET /seiten/referenzen.htm HTTP/1.1" 200 40249 "http://www.google.de/url?sa=t&rct=j&q=%20frau%20manthey%20landkreis%20vechta&source=web&cd=3&ved=0CDoQFjAC&url=http%3A%2F%2Fwww.prokommunal.com%2Fseiten%2Freferenzen.htm&ei=M0bVUcigBsv3O7TogZAC&usg=AFQjCNFkgiXA2K-qnpOChU4qjRkFaABzmg" "Mozilla/4.0 (compatible; MSIE 8.0; Windows NT 5.1; Trident/4.0; .NET CLR 1.1.4322; .NET CLR 2.0.50727; .NET4.0C; .NET4.0E)"
217.7.236.151 - - [04/Jul/2013:11:54:47 +0200] "GET /scripte/basics.js HTTP/1.1" 200 198 "http://www.prokommunal.com/seiten/referenzen.htm" "Mozilla/4.0 (compatible; MSIE 8.0; Windows NT 5.1; Trident/4.0; .NET CLR 1.1.4322; .NET CLR 2.0.50727; .NET4.0C; .NET4.0E)"
217.7.236.151 - - [04/Jul/2013:11:54:47 +0200] "GET /css/style.css HTTP/1.1" 200 3549 "http://www.prokommunal.com/seiten/referenzen.htm" "Mozilla/4.0 (compatible; MSIE 8.0; Windows NT 5.1; Trident/4.0; .NET CLR 1.1.4322; .NET CLR 2.0.50727; .NET4.0C; .NET4.0E)"
217.7.236.151 - - [04/Jul/2013:11:54:47 +0200] "GET /img/head03.jpg HTTP/1.1" 200 7610 "http://www.prokommunal.com/seiten/referenzen.htm" "Mozilla/4.0 (compatible; MSIE 8.0; Windows NT 5.1; Trident/4.0; .NET CLR 1.1.4322; .NET CLR 2.0.50727; .NET4.0C; .NET4.0E)"
217.7.236.151 - - [04/Jul/2013:11:54:47 +0200] "GET /img/head01.jpg HTTP/1.1" 200 6350 "http://www.prokommunal.com/seiten/referenzen.htm" "Mozilla/4.0 (compatible; MSIE 8.0; Windows NT 5.1; Trident/4.0; .NET CLR 1.1.4322; .NET CLR 2.0.50727; .NET4.0C; .NET4.0E)"
217.7.236.151 - - [04/Jul/2013:11:54:47 +0200] "GET /img/top.gif HTTP/1.1" 200 96 "http://www.prokommunal.com/seiten/referenzen.htm" "Mozilla/4.0 (compatible; MSIE 8.0; Windows NT 5.1; Trident/4.0; .NET CLR 1.1.4322; .NET CLR 2.0.50727; .NET4.0C; .NET4.0E)"
217.7.236.151 - - [04/Jul/2013:11:54:47 +0200] "GET /img/men_01.jpg HTTP/1.1" 200 713 "http://www.prokommunal.com/seiten/referenzen.htm" "Mozilla/4.0 (compatible; MSIE 8.0; Windows NT 5.1; Trident/4.0; .NET CLR 1.1.4322; .NET CLR 2.0.50727; .NET4.0C; .NET4.0E)"
217.7.236.151 - - [04/Jul/2013:11:54:47 +0200] "GET /img/head02.jpg HTTP/1.1" 200 4929 "http://www.prokommunal.com/seiten/referenzen.htm" "Mozilla/4.0 (compatible; MSIE 8.0; Windows NT 5.1; Trident/4.0; .NET CLR 1.1.4322; .NET CLR 2.0.50727; .NET4.0C; .NET4.0E)"
217.7.236.151 - - [04/Jul/2013:11:54:47 +0200] "GET /redesign/img/bg_gelb.jpg HTTP/1.1" 200 368 "http://www.prokommunal.com/seiten/referenzen.htm" "Mozilla/4.0 (compatible; MSIE 8.0; Windows NT 5.1; Trident/4.0; .NET CLR 1.1.4322; .NET CLR 2.0.50727; .NET4.0C; .NET4.0E)"
217.7.236.151 - - [04/Jul/2013:11:54:48 +0200] "GET /redesign/img/bg_foot.gif HTTP/1.1" 200 286 "http://www.prokommunal.com/seiten/referenzen.htm" "Mozilla/4.0 (compatible; MSIE 8.0; Windows NT 5.1; Trident/4.0; .NET CLR 1.1.4322; .NET CLR 2.0.50727; .NET4.0C; .NET4.0E)"
217.7.236.151 - - [04/Jul/2013:11:54:48 +0200] "GET /favicon.ico HTTP/1.1" 200 894 "-" "Mozilla/4.0 (compatible; MSIE 8.0; Windows NT 5.1; Trident/4.0; .NET CLR 1.1.4322; .NET CLR 2.0.50727; .NET4.0C; .NET4.0E)"
37.59.16.211 - - [04/Jul/2013:12:12:46 +0200] "GET /seiten/impr.htm HTTP/1.1" 200 8696 "-" "Mozilla/5.0 (X11; Linux i686; rv:6.0) Gecko/20100101 Firefox/6.0"
109.47.0.9 - - [04/Jul/2013:12:26:46 +0200] "GET /seiten/kraftverkehr.htm HTTP/1.1" 200 9210 "-" "Mozilla/5.0 (iPhone; CPU iPhone OS 6_1_4 like Mac OS X) AppleWebKit/536.26 (KHTML, like Gecko) Version/6.0 Mobile/10B350 Safari/8536.25"
109.47.0.9 - - [04/Jul/2013:12:26:46 +0200] "GET /scripte/basics.js HTTP/1.1" 200 198 "-" "Mozilla/5.0 (iPhone; CPU iPhone OS 6_1_4 like Mac OS X) AppleWebKit/536.26 (KHTML, like Gecko) Version/6.0 Mobile/10B350 Safari/8536.25"
109.47.0.9 - - [04/Jul/2013:12:26:46 +0200] "GET /css/style.css HTTP/1.1" 200 3549 "-" "Mozilla/5.0 (iPhone; CPU iPhone OS 6_1_4 like Mac OS X) AppleWebKit/536.26 (KHTML, like Gecko) Version/6.0 Mobile/10B350 Safari/8536.25"
109.47.0.9 - - [04/Jul/2013:12:26:46 +0200] "GET /img/head01.jpg HTTP/1.1" 200 6350 "http://www.prokommunal.com/seiten/kraftverkehr.htm" "Mozilla/5.0 (iPhone; CPU iPhone OS 6_1_4 like Mac OS X) AppleWebKit/536.26 (KHTML, like Gecko) Version/6.0 Mobile/10B350 Safari/8536.25"
109.47.0.9 - - [04/Jul/2013:12:26:46 +0200] "GET /img/head03.jpg HTTP/1.1" 200 7610 "http://www.prokommunal.com/seiten/kraftverkehr.htm" "Mozilla/5.0 (iPhone; CPU iPhone OS 6_1_4 like Mac OS X) AppleWebKit/536.26 (KHTML, like Gecko) Version/6.0 Mobile/10B350 Safari/8536.25"
109.47.0.9 - - [04/Jul/2013:12:26:46 +0200] "GET /img/head02.jpg HTTP/1.1" 200 4929 "http://www.prokommunal.com/seiten/kraftverkehr.htm" "Mozilla/5.0 (iPhone; CPU iPhone OS 6_1_4 like Mac OS X) AppleWebKit/536.26 (KHTML, like Gecko) Version/6.0 Mobile/10B350 Safari/8536.25"
109.47.0.9 - - [04/Jul/2013:12:26:46 +0200] "GET /img/1px_tr.gif HTTP/1.1" 200 43 "http://www.prokommunal.com/seiten/kraftverkehr.htm" "Mozilla/5.0 (iPhone; CPU iPhone OS 6_1_4 like Mac OS X) AppleWebKit/536.26 (KHTML, like Gecko) Version/6.0 Mobile/10B350 Safari/8536.25"
109.47.0.9 - - [04/Jul/2013:12:26:46 +0200] "GET /redesign/img/bg_gelb.jpg HTTP/1.1" 200 368 "http://www.prokommunal.com/seiten/kraftverkehr.htm" "Mozilla/5.0 (iPhone; CPU iPhone OS 6_1_4 like Mac OS X) AppleWebKit/536.26 (KHTML, like Gecko) Version/6.0 Mobile/10B350 Safari/8536.25"
109.47.0.9 - - [04/Jul/2013:12:26:46 +0200] "GET /img/men_01.jpg HTTP/1.1" 200 713 "http://www.prokommunal.com/seiten/kraftverkehr.htm" "Mozilla/5.0 (iPhone; CPU iPhone OS 6_1_4 like Mac OS X) AppleWebKit/536.26 (KHTML, like Gecko) Version/6.0 Mobile/10B350 Safari/8536.25"
109.47.0.9 - - [04/Jul/2013:12:26:46 +0200] "GET /img/top.gif HTTP/1.1" 200 96 "http://www.prokommunal.com/seiten/kraftverkehr.htm" "Mozilla/5.0 (iPhone; CPU iPhone OS 6_1_4 like Mac OS X) AppleWebKit/536.26 (KHTML, like Gecko) Version/6.0 Mobile/10B350 Safari/8536.25"
109.47.0.9 - - [04/Jul/2013:12:26:46 +0200] "GET /redesign/img/bg_foot.gif HTTP/1.1" 200 286 "http://www.prokommunal.com/seiten/kraftverkehr.htm" "Mozilla/5.0 (iPhone; CPU iPhone OS 6_1_4 like Mac OS X) AppleWebKit/536.26 (KHTML, like Gecko) Version/6.0 Mobile/10B350 Safari/8536.25"
37.140.141.34 - - [04/Jul/2013:12:32:39 +0200] "GET /img/1px_tr.gif HTTP/1.1" 304 - "-" "Mozilla/5.0 (compatible; YandexImages/3.0; +http://yandex.com/bots)"
173.199.117.235 - - [04/Jul/2013:12:43:24 +0200] "GET / HTTP/1.1" 200 7903 "-" "Mozilla/5.0 (compatible; AhrefsBot/4.0; +http://ahrefs.com/robot/)"
157.55.35.117 - - [04/Jul/2013:13:21:14 +0200] "GET /robots.txt HTTP/1.1" 404 1256 "-" "Mozilla/5.0 (compatible; bingbot/2.0; +http://www.bing.com/bingbot.htm)"
157.55.35.117 - - [04/Jul/2013:13:23:35 +0200] "GET /seiten/term10.pdf HTTP/1.1" 404 1256 "-" "Mozilla/5.0 (compatible; bingbot/2.0; +http://www.bing.com/bingbot.htm)"
173.199.117.235 - - [04/Jul/2013:13:35:57 +0200] "GET /seiten/referenzen.htm HTTP/1.1" 200 40249 "-" "Mozilla/5.0 (compatible; AhrefsBot/4.0; +http://ahrefs.com/robot/)"
61.135.219.179 - - [04/Jul/2013:13:58:59 +0200] "GET / HTTP/1.1" 200 7903 "-" "Mozilla/5.0 (compatible; YodaoBot/1.0; http://www.yodao.com/help/webmaster/spider/; )"
157.56.93.63 - - [04/Jul/2013:14:11:04 +0200] "GET /robots.txt HTTP/1.1" 404 1256 "-" "Mozilla/5.0 (compatible; bingbot/2.0; +http://www.bing.com/bingbot.htm)"
176.9.82.10 - - [04/Jul/2013:15:09:02 +0200] "GET / HTTP/1.1" 200 7903 "-" "-"
157.55.32.188 - - [04/Jul/2013:15:24:33 +0200] "GET /robots.txt HTTP/1.1" 404 1256 "-" "Mozilla/5.0 (compatible; bingbot/2.0; +http://www.bing.com/bingbot.htm)"
157.55.32.188 - - [04/Jul/2013:15:25:29 +0200] "GET / HTTP/1.1" 200 7903 "-" "Mozilla/5.0 (compatible; bingbot/2.0; +http://www.bing.com/bingbot.htm)"
176.9.82.10 - - [04/Jul/2013:15:30:27 +0200] "GET / HTTP/1.1" 200 7903 "-" "-"
157.56.93.63 - - [04/Jul/2013:15:51:37 +0200] "GET / HTTP/1.1" 200 7903 "-" "Mozilla/5.0 (compatible; bingbot/2.0; +http://www.bing.com/bingbot.htm)"
