92.78.104.204 - - [26/Sep/2012:19:38:33 +0200] "GET /referenz.html HTTP/1.1" 200 10668 "http://www.mbingenieure.de/spektrum.html" "Mozilla/5.0 (Windows NT 6.1; WOW64; rv:15.0) Gecko/20100101 Firefox/15.0.1"
92.78.104.204 - - [26/Sep/2012:19:38:33 +0200] "GET /js/libs/modernizr-2.5.3.min.js HTTP/1.1" 304 - "http://www.mbingenieure.de/referenz.html" "Mozilla/5.0 (Windows NT 6.1; WOW64; rv:15.0) Gecko/20100101 Firefox/15.0.1"
92.78.104.204 - - [26/Sep/2012:19:38:33 +0200] "GET /js/plugins.js HTTP/1.1" 304 - "http://www.mbingenieure.de/referenz.html" "Mozilla/5.0 (Windows NT 6.1; WOW64; rv:15.0) Gecko/20100101 Firefox/15.0.1"
92.78.104.204 - - [26/Sep/2012:19:38:33 +0200] "GET /css/style.css HTTP/1.1" 304 - "http://www.mbingenieure.de/referenz.html" "Mozilla/5.0 (Windows NT 6.1; WOW64; rv:15.0) Gecko/20100101 Firefox/15.0.1"
92.78.104.204 - - [26/Sep/2012:19:38:33 +0200] "GET /images/footer.jpg HTTP/1.1" 304 - "http://www.mbingenieure.de/css/style.css" "Mozilla/5.0 (Windows NT 6.1; WOW64; rv:15.0) Gecko/20100101 Firefox/15.0.1"
92.78.104.204 - - [26/Sep/2012:19:38:33 +0200] "GET /images/header.jpg HTTP/1.1" 304 - "http://www.mbingenieure.de/css/style.css" "Mozilla/5.0 (Windows NT 6.1; WOW64; rv:15.0) Gecko/20100101 Firefox/15.0.1"
92.78.104.204 - - [26/Sep/2012:19:38:33 +0200] "GET /images/navi.jpg HTTP/1.1" 304 - "http://www.mbingenieure.de/css/style.css" "Mozilla/5.0 (Windows NT 6.1; WOW64; rv:15.0) Gecko/20100101 Firefox/15.0.1"
92.78.104.204 - - [26/Sep/2012:19:38:33 +0200] "GET /favicon.ico HTTP/1.1" 304 - "-" "Mozilla/5.0 (Windows NT 6.1; WOW64; rv:15.0) Gecko/20100101 Firefox/15.0.1"
92.78.104.204 - - [26/Sep/2012:19:38:37 +0200] "GET /partner.html HTTP/1.1" 200 4485 "http://www.mbingenieure.de/referenz.html" "Mozilla/5.0 (Windows NT 6.1; WOW64; rv:15.0) Gecko/20100101 Firefox/15.0.1"
92.78.104.204 - - [26/Sep/2012:19:38:37 +0200] "GET /css/style.css HTTP/1.1" 304 - "http://www.mbingenieure.de/partner.html" "Mozilla/5.0 (Windows NT 6.1; WOW64; rv:15.0) Gecko/20100101 Firefox/15.0.1"
92.78.104.204 - - [26/Sep/2012:19:38:37 +0200] "GET /js/libs/modernizr-2.5.3.min.js HTTP/1.1" 304 - "http://www.mbingenieure.de/partner.html" "Mozilla/5.0 (Windows NT 6.1; WOW64; rv:15.0) Gecko/20100101 Firefox/15.0.1"
92.78.104.204 - - [26/Sep/2012:19:38:37 +0200] "GET /js/plugins.js HTTP/1.1" 304 - "http://www.mbingenieure.de/partner.html" "Mozilla/5.0 (Windows NT 6.1; WOW64; rv:15.0) Gecko/20100101 Firefox/15.0.1"
92.78.104.204 - - [26/Sep/2012:19:38:37 +0200] "GET /images/footer.jpg HTTP/1.1" 304 - "http://www.mbingenieure.de/css/style.css" "Mozilla/5.0 (Windows NT 6.1; WOW64; rv:15.0) Gecko/20100101 Firefox/15.0.1"
92.78.104.204 - - [26/Sep/2012:19:38:37 +0200] "GET /images/header.jpg HTTP/1.1" 304 - "http://www.mbingenieure.de/css/style.css" "Mozilla/5.0 (Windows NT 6.1; WOW64; rv:15.0) Gecko/20100101 Firefox/15.0.1"
92.78.104.204 - - [26/Sep/2012:19:38:37 +0200] "GET /images/navi.jpg HTTP/1.1" 304 - "http://www.mbingenieure.de/css/style.css" "Mozilla/5.0 (Windows NT 6.1; WOW64; rv:15.0) Gecko/20100101 Firefox/15.0.1"
92.78.104.204 - - [26/Sep/2012:19:38:37 +0200] "GET /favicon.ico HTTP/1.1" 304 - "-" "Mozilla/5.0 (Windows NT 6.1; WOW64; rv:15.0) Gecko/20100101 Firefox/15.0.1"
92.78.104.204 - - [26/Sep/2012:19:38:43 +0200] "GET /partner.html HTTP/1.1" 304 - "http://www.mbingenieure.de/partner.html" "Mozilla/5.0 (Windows NT 6.1; WOW64; rv:15.0) Gecko/20100101 Firefox/15.0.1"
92.78.104.204 - - [26/Sep/2012:19:38:43 +0200] "GET /js/libs/modernizr-2.5.3.min.js HTTP/1.1" 304 - "http://www.mbingenieure.de/partner.html" "Mozilla/5.0 (Windows NT 6.1; WOW64; rv:15.0) Gecko/20100101 Firefox/15.0.1"
92.78.104.204 - - [26/Sep/2012:19:38:43 +0200] "GET /css/style.css HTTP/1.1" 304 - "http://www.mbingenieure.de/partner.html" "Mozilla/5.0 (Windows NT 6.1; WOW64; rv:15.0) Gecko/20100101 Firefox/15.0.1"
92.78.104.204 - - [26/Sep/2012:19:38:43 +0200] "GET /js/plugins.js HTTP/1.1" 304 - "http://www.mbingenieure.de/partner.html" "Mozilla/5.0 (Windows NT 6.1; WOW64; rv:15.0) Gecko/20100101 Firefox/15.0.1"
92.78.104.204 - - [26/Sep/2012:19:38:43 +0200] "GET /images/header.jpg HTTP/1.1" 304 - "http://www.mbingenieure.de/css/style.css" "Mozilla/5.0 (Windows NT 6.1; WOW64; rv:15.0) Gecko/20100101 Firefox/15.0.1"
92.78.104.204 - - [26/Sep/2012:19:38:43 +0200] "GET /images/footer.jpg HTTP/1.1" 304 - "http://www.mbingenieure.de/css/style.css" "Mozilla/5.0 (Windows NT 6.1; WOW64; rv:15.0) Gecko/20100101 Firefox/15.0.1"
92.78.104.204 - - [26/Sep/2012:19:38:43 +0200] "GET /images/navi.jpg HTTP/1.1" 304 - "http://www.mbingenieure.de/css/style.css" "Mozilla/5.0 (Windows NT 6.1; WOW64; rv:15.0) Gecko/20100101 Firefox/15.0.1"
92.78.104.204 - - [26/Sep/2012:19:38:43 +0200] "GET /favicon.ico HTTP/1.1" 304 - "-" "Mozilla/5.0 (Windows NT 6.1; WOW64; rv:15.0) Gecko/20100101 Firefox/15.0.1"
92.78.104.204 - - [26/Sep/2012:19:38:46 +0200] "GET /kontakt.html HTTP/1.1" 200 4451 "http://www.mbingenieure.de/partner.html" "Mozilla/5.0 (Windows NT 6.1; WOW64; rv:15.0) Gecko/20100101 Firefox/15.0.1"
92.78.104.204 - - [26/Sep/2012:19:38:46 +0200] "GET /js/libs/modernizr-2.5.3.min.js HTTP/1.1" 304 - "http://www.mbingenieure.de/kontakt.html" "Mozilla/5.0 (Windows NT 6.1; WOW64; rv:15.0) Gecko/20100101 Firefox/15.0.1"
92.78.104.204 - - [26/Sep/2012:19:38:54 +0200] "GET /impressum.html HTTP/1.1" 200 5721 "http://www.mbingenieure.de/kontakt.html" "Mozilla/5.0 (Windows NT 6.1; WOW64; rv:15.0) Gecko/20100101 Firefox/15.0.1"
92.78.104.204 - - [26/Sep/2012:19:38:54 +0200] "GET /js/libs/modernizr-2.5.3.min.js HTTP/1.1" 304 - "http://www.mbingenieure.de/impressum.html" "Mozilla/5.0 (Windows NT 6.1; WOW64; rv:15.0) Gecko/20100101 Firefox/15.0.1"
92.78.104.204 - - [26/Sep/2012:19:38:54 +0200] "GET /css/style.css HTTP/1.1" 304 - "http://www.mbingenieure.de/impressum.html" "Mozilla/5.0 (Windows NT 6.1; WOW64; rv:15.0) Gecko/20100101 Firefox/15.0.1"
92.78.104.204 - - [26/Sep/2012:19:38:54 +0200] "GET /js/plugins.js HTTP/1.1" 304 - "http://www.mbingenieure.de/impressum.html" "Mozilla/5.0 (Windows NT 6.1; WOW64; rv:15.0) Gecko/20100101 Firefox/15.0.1"
92.78.104.204 - - [26/Sep/2012:19:38:55 +0200] "GET /images/footer.jpg HTTP/1.1" 304 - "http://www.mbingenieure.de/css/style.css" "Mozilla/5.0 (Windows NT 6.1; WOW64; rv:15.0) Gecko/20100101 Firefox/15.0.1"
92.78.104.204 - - [26/Sep/2012:19:38:55 +0200] "GET /images/header.jpg HTTP/1.1" 304 - "http://www.mbingenieure.de/css/style.css" "Mozilla/5.0 (Windows NT 6.1; WOW64; rv:15.0) Gecko/20100101 Firefox/15.0.1"
92.78.104.204 - - [26/Sep/2012:19:38:55 +0200] "GET /images/navi.jpg HTTP/1.1" 304 - "http://www.mbingenieure.de/css/style.css" "Mozilla/5.0 (Windows NT 6.1; WOW64; rv:15.0) Gecko/20100101 Firefox/15.0.1"
92.78.104.204 - - [26/Sep/2012:19:38:55 +0200] "GET /favicon.ico HTTP/1.1" 304 - "-" "Mozilla/5.0 (Windows NT 6.1; WOW64; rv:15.0) Gecko/20100101 Firefox/15.0.1"
178.154.179.250 - - [26/Sep/2012:21:31:11 +0200] "GET /robots.txt HTTP/1.1" 404 - "-" "Mozilla/5.0 (compatible; YandexBot/3.0; +http://yandex.com/bots)"
176.9.146.19 - - [26/Sep/2012:21:44:18 +0200] "GET /robots.txt HTTP/1.1" 404 - "-" "Mozilla/5.0 (compatible; SISTRIX Crawler; http://crawler.sistrix.net/)"
176.9.146.19 - - [26/Sep/2012:21:44:18 +0200] "GET / HTTP/1.1" 200 4606 "-" "Mozilla/5.0 (compatible; SISTRIX Crawler; http://crawler.sistrix.net/)"
176.9.146.19 - - [26/Sep/2012:21:44:18 +0200] "GET /kontakt.html HTTP/1.1" 200 4451 "-" "Mozilla/5.0 (compatible; SISTRIX Crawler; http://crawler.sistrix.net/)"
176.9.146.19 - - [26/Sep/2012:21:44:18 +0200] "GET /spektrum.html HTTP/1.1" 200 4541 "-" "Mozilla/5.0 (compatible; SISTRIX Crawler; http://crawler.sistrix.net/)"
176.9.146.19 - - [26/Sep/2012:21:44:18 +0200] "GET /impressum.html HTTP/1.1" 200 5721 "-" "Mozilla/5.0 (compatible; SISTRIX Crawler; http://crawler.sistrix.net/)"
176.9.146.19 - - [26/Sep/2012:21:44:18 +0200] "GET /index.html HTTP/1.1" 200 4606 "-" "Mozilla/5.0 (compatible; SISTRIX Crawler; http://crawler.sistrix.net/)"
176.9.146.19 - - [26/Sep/2012:21:44:18 +0200] "GET /partner.html HTTP/1.1" 200 4485 "-" "Mozilla/5.0 (compatible; SISTRIX Crawler; http://crawler.sistrix.net/)"
176.9.146.19 - - [26/Sep/2012:21:44:18 +0200] "GET /uns.html HTTP/1.1" 200 4398 "-" "Mozilla/5.0 (compatible; SISTRIX Crawler; http://crawler.sistrix.net/)"
176.9.146.19 - - [26/Sep/2012:21:44:18 +0200] "GET /referenz.html HTTP/1.1" 200 10668 "-" "Mozilla/5.0 (compatible; SISTRIX Crawler; http://crawler.sistrix.net/)"
178.154.179.250 - - [26/Sep/2012:22:51:26 +0200] "GET / HTTP/1.1" 200 4606 "-" "Mozilla/5.0 (compatible; YandexBot/3.0; +http://yandex.com/bots)"
66.249.72.247 - - [27/Sep/2012:04:39:13 +0200] "GET /robots.txt HTTP/1.1" 404 - "-" "Mozilla/5.0 (compatible; Googlebot/2.1; +http://www.google.com/bot.html)"
66.249.72.247 - - [27/Sep/2012:04:39:13 +0200] "GET / HTTP/1.1" 200 4606 "-" "Mozilla/5.0 (compatible; Googlebot/2.1; +http://www.google.com/bot.html)"
141.105.120.150 - - [27/Sep/2012:05:33:37 +0200] "GET /robots.txt HTTP/1.0" 404 - "-" "Mozilla/5.0 (compatible; OpenindexSpider; +http://www.openindex.io/en/webmasters/spider.html)"
141.105.120.150 - - [27/Sep/2012:05:33:37 +0200] "GET / HTTP/1.0" 200 4606 "-" "Mozilla/5.0 (compatible; OpenindexSpider; +http://www.openindex.io/en/webmasters/spider.html)"
95.108.151.244 - - [27/Sep/2012:06:33:47 +0200] "GET /robots.txt HTTP/1.1" 404 - "-" "Mozilla/5.0 (compatible; YandexBot/3.0; +http://yandex.com/bots)"
95.108.151.244 - - [27/Sep/2012:06:33:48 +0200] "GET / HTTP/1.1" 200 4606 "-" "Mozilla/5.0 (compatible; YandexBot/3.0; +http://yandex.com/bots)"
95.108.151.244 - - [27/Sep/2012:06:33:49 +0200] "GET / HTTP/1.1" 200 4606 "-" "Mozilla/5.0 (compatible; YandexBot/3.0; +http://yandex.com/bots)"
65.55.24.214 - - [27/Sep/2012:10:52:11 +0200] "GET /robots.txt HTTP/1.1" 404 - "-" "Mozilla/5.0 (compatible; bingbot/2.0; +http://www.bing.com/bingbot.htm)"
65.55.24.214 - - [27/Sep/2012:10:53:27 +0200] "GET /index.html HTTP/1.1" 200 4606 "-" "Mozilla/5.0 (compatible; bingbot/2.0; +http://www.bing.com/bingbot.htm)"
94.222.3.213 - - [27/Sep/2012:13:05:01 +0200] "GET / HTTP/1.1" 200 4606 "-" "Mozilla/5.0 (Macintosh; Intel Mac OS X 10_7_4) AppleWebKit/536.25 (KHTML, like Gecko) Version/6.0 Safari/536.25"
94.222.3.213 - - [27/Sep/2012:13:05:01 +0200] "GET /js/libs/modernizr-2.5.3.min.js HTTP/1.1" 200 15274 "http://www.mbingenieure.de/" "Mozilla/5.0 (Macintosh; Intel Mac OS X 10_7_4) AppleWebKit/536.25 (KHTML, like Gecko) Version/6.0 Safari/536.25"
94.222.3.213 - - [27/Sep/2012:13:05:01 +0200] "GET /js/plugins.js HTTP/1.1" 200 898 "http://www.mbingenieure.de/" "Mozilla/5.0 (Macintosh; Intel Mac OS X 10_7_4) AppleWebKit/536.25 (KHTML, like Gecko) Version/6.0 Safari/536.25"
66.249.72.247 - - [27/Sep/2012:14:07:30 +0200] "GET /robots.txt HTTP/1.1" 404 - "-" "Mozilla/5.0 (compatible; Googlebot/2.1; +http://www.google.com/bot.html)"
66.249.72.247 - - [27/Sep/2012:14:07:30 +0200] "GET /uns.html HTTP/1.1" 200 4398 "-" "Mozilla/5.0 (iPhone; U; CPU iPhone OS 4_1 like Mac OS X; en-us) AppleWebKit/532.9 (KHTML, like Gecko) Version/4.0.5 Mobile/8B117 Safari/6531.22.7 (compatible; Googlebot-Mobile/2.1; +http://www.google.com/bot.html)"
79.241.210.77 - - [27/Sep/2012:14:26:56 +0200] "GET /referenz.html HTTP/1.1" 200 10668 "http://www.google.de/url?sa=t&rct=j&q=martin+bieder+ingenieure+berlin&source=web&cd=1&ved=0CDwQFjAA&url=http%3A%2F%2Fwww.mbingenieure.de%2Freferenz.html&ei=50VkUPT_OYT3sgawlYHQBQ&usg=AFQjCNEjBuJQ2-M4Z4j35BAeh7XDA3bhYQ" "Mozilla/5.0 (Windows NT 5.1; rv:12.0) Gecko/20100101 Firefox/12.0"
79.241.210.77 - - [27/Sep/2012:14:26:56 +0200] "GET /css/style.css HTTP/1.1" 200 2439 "http://www.mbingenieure.de/referenz.html" "Mozilla/5.0 (Windows NT 5.1; rv:12.0) Gecko/20100101 Firefox/12.0"
79.241.210.77 - - [27/Sep/2012:14:26:56 +0200] "GET /js/libs/modernizr-2.5.3.min.js HTTP/1.1" 200 15274 "http://www.mbingenieure.de/referenz.html" "Mozilla/5.0 (Windows NT 5.1; rv:12.0) Gecko/20100101 Firefox/12.0"
79.241.210.77 - - [27/Sep/2012:14:26:56 +0200] "GET /js/plugins.js HTTP/1.1" 200 898 "http://www.mbingenieure.de/referenz.html" "Mozilla/5.0 (Windows NT 5.1; rv:12.0) Gecko/20100101 Firefox/12.0"
79.241.210.77 - - [27/Sep/2012:14:26:57 +0200] "GET /images/footer.jpg HTTP/1.1" 200 5903 "http://www.mbingenieure.de/css/style.css" "Mozilla/5.0 (Windows NT 5.1; rv:12.0) Gecko/20100101 Firefox/12.0"
79.241.210.77 - - [27/Sep/2012:14:26:57 +0200] "GET /images/navi.jpg HTTP/1.1" 200 32635 "http://www.mbingenieure.de/css/style.css" "Mozilla/5.0 (Windows NT 5.1; rv:12.0) Gecko/20100101 Firefox/12.0"
79.241.210.77 - - [27/Sep/2012:14:26:57 +0200] "GET /images/header.jpg HTTP/1.1" 200 10807 "http://www.mbingenieure.de/css/style.css" "Mozilla/5.0 (Windows NT 5.1; rv:12.0) Gecko/20100101 Firefox/12.0"
79.241.210.77 - - [27/Sep/2012:14:26:57 +0200] "GET /favicon.ico HTTP/1.1" 200 93062 "-" "Mozilla/5.0 (Windows NT 5.1; rv:12.0) Gecko/20100101 Firefox/12.0"
79.241.210.77 - - [27/Sep/2012:14:27:10 +0200] "GET /impressum.html HTTP/1.1" 200 5721 "http://www.mbingenieure.de/referenz.html" "Mozilla/5.0 (Windows NT 5.1; rv:12.0) Gecko/20100101 Firefox/12.0"
94.222.3.213 - - [27/Sep/2012:14:53:05 +0200] "GET / HTTP/1.1" 200 4606 "-" "Mozilla/5.0 (Macintosh; Intel Mac OS X 10_7_4) AppleWebKit/536.25 (KHTML, like Gecko) Version/6.0 Safari/536.25"
94.222.3.213 - - [27/Sep/2012:14:53:05 +0200] "GET /js/libs/modernizr-2.5.3.min.js HTTP/1.1" 304 - "http://www.mbingenieure.de/" "Mozilla/5.0 (Macintosh; Intel Mac OS X 10_7_4) AppleWebKit/536.25 (KHTML, like Gecko) Version/6.0 Safari/536.25"
94.222.3.213 - - [27/Sep/2012:14:53:05 +0200] "GET /js/plugins.js HTTP/1.1" 304 - "http://www.mbingenieure.de/" "Mozilla/5.0 (Macintosh; Intel Mac OS X 10_7_4) AppleWebKit/536.25 (KHTML, like Gecko) Version/6.0 Safari/536.25"
94.222.3.213 - - [27/Sep/2012:17:13:21 +0200] "GET / HTTP/1.1" 200 4606 "-" "Mozilla/5.0 (Macintosh; Intel Mac OS X 10_7_5) AppleWebKit/536.25 (KHTML, like Gecko) Version/6.0 Safari/536.25"
94.222.3.213 - - [27/Sep/2012:17:13:22 +0200] "GET /css/style.css HTTP/1.1" 200 2439 "http://www.mbingenieure.de/" "Mozilla/5.0 (Macintosh; Intel Mac OS X 10_7_5) AppleWebKit/536.25 (KHTML, like Gecko) Version/6.0 Safari/536.25"
94.222.3.213 - - [27/Sep/2012:17:13:22 +0200] "GET /js/plugins.js HTTP/1.1" 200 898 "http://www.mbingenieure.de/" "Mozilla/5.0 (Macintosh; Intel Mac OS X 10_7_5) AppleWebKit/536.25 (KHTML, like Gecko) Version/6.0 Safari/536.25"
94.222.3.213 - - [27/Sep/2012:17:13:22 +0200] "GET /js/libs/modernizr-2.5.3.min.js HTTP/1.1" 200 15274 "http://www.mbingenieure.de/" "Mozilla/5.0 (Macintosh; Intel Mac OS X 10_7_5) AppleWebKit/536.25 (KHTML, like Gecko) Version/6.0 Safari/536.25"
94.222.3.213 - - [27/Sep/2012:17:13:22 +0200] "GET /images/footer.jpg HTTP/1.1" 200 5903 "http://www.mbingenieure.de/" "Mozilla/5.0 (Macintosh; Intel Mac OS X 10_7_5) AppleWebKit/536.25 (KHTML, like Gecko) Version/6.0 Safari/536.25"
94.222.3.213 - - [27/Sep/2012:17:13:28 +0200] "GET /images/header.jpg HTTP/1.1" 200 10807 "http://www.mbingenieure.de/" "Mozilla/5.0 (Macintosh; Intel Mac OS X 10_7_5) AppleWebKit/536.25 (KHTML, like Gecko) Version/6.0 Safari/536.25"
94.222.3.213 - - [27/Sep/2012:17:13:28 +0200] "GET /images/navi.jpg HTTP/1.1" 200 32635 "http://www.mbingenieure.de/" "Mozilla/5.0 (Macintosh; Intel Mac OS X 10_7_5) AppleWebKit/536.25 (KHTML, like Gecko) Version/6.0 Safari/536.25"
94.222.3.213 - - [27/Sep/2012:17:13:28 +0200] "GET /images/bild2.jpg HTTP/1.1" 200 14865 "http://www.mbingenieure.de/" "Mozilla/5.0 (Macintosh; Intel Mac OS X 10_7_5) AppleWebKit/536.25 (KHTML, like Gecko) Version/6.0 Safari/536.25"
94.222.3.213 - - [27/Sep/2012:17:13:28 +0200] "GET /images/bild4.jpg HTTP/1.1" 200 14402 "http://www.mbingenieure.de/" "Mozilla/5.0 (Macintosh; Intel Mac OS X 10_7_5) AppleWebKit/536.25 (KHTML, like Gecko) Version/6.0 Safari/536.25"
94.222.3.213 - - [27/Sep/2012:17:13:28 +0200] "GET /images/bild3.png HTTP/1.1" 200 48627 "http://www.mbingenieure.de/" "Mozilla/5.0 (Macintosh; Intel Mac OS X 10_7_5) AppleWebKit/536.25 (KHTML, like Gecko) Version/6.0 Safari/536.25"
178.154.179.250 - - [27/Sep/2012:17:24:50 +0200] "GET / HTTP/1.1" 200 4606 "-" "Mozilla/5.0 (compatible; YandexBot/3.0; +http://yandex.com/bots)"
93.196.36.231 - - [27/Sep/2012:17:40:00 +0200] "GET / HTTP/1.1" 200 4606 "-" "Jakarta Commons-HttpClient/3.1"
93.196.36.231 - - [27/Sep/2012:17:40:00 +0200] "GET /impressum.html HTTP/1.1" 200 5721 "-" "Jakarta Commons-HttpClient/3.1"
65.55.24.214 - - [27/Sep/2012:17:59:00 +0200] "GET /robots.txt HTTP/1.1" 404 - "-" "Mozilla/5.0 (compatible; bingbot/2.0; +http://www.bing.com/bingbot.htm)"
65.55.24.214 - - [27/Sep/2012:17:59:43 +0200] "GET /impressum.html HTTP/1.1" 200 5721 "-" "Mozilla/5.0 (compatible; bingbot/2.0; +http://www.bing.com/bingbot.htm)"
94.222.3.213 - - [27/Sep/2012:18:24:05 +0200] "GET / HTTP/1.1" 200 4606 "-" "Mozilla/5.0 (Macintosh; Intel Mac OS X 10_7_5) AppleWebKit/536.25 (KHTML, like Gecko) Version/6.0 Safari/536.25"
178.77.126.55 - - [27/Sep/2012:18:42:27 +0200] "GET /robots.txt HTTP/1.1" 404 - "-" "Mozilla/5.0 (compatible; CareerBot/1.1; +http://www.career-x.de/bot.html)"
178.77.126.55 - - [27/Sep/2012:18:42:27 +0200] "GET / HTTP/1.1" 200 4606 "-" "Mozilla/5.0 (compatible; CareerBot/1.1; +http://www.career-x.de/bot.html)"
178.77.126.55 - - [27/Sep/2012:18:42:27 +0200] "GET /uns.html HTTP/1.1" 200 4398 "-" "Mozilla/5.0 (compatible; CareerBot/1.1; +http://www.career-x.de/bot.html)"
93.180.64.145 - - [27/Sep/2012:18:55:41 +0200] "GET /robots.txt HTTP/1.1" 404 - "-" "Mozilla/5.0 (compatible; Plukkie/1.5; http://www.botje.com/plukkie.htm)"
93.180.64.145 - - [27/Sep/2012:18:55:42 +0200] "GET / HTTP/1.1" 200 4606 "-" "Mozilla/5.0 (compatible; Plukkie/1.5; http://www.botje.com/plukkie.htm)"
65.55.24.214 - - [27/Sep/2012:20:32:27 +0200] "GET /robots.txt HTTP/1.1" 404 - "-" "Mozilla/5.0 (compatible; bingbot/2.0; +http://www.bing.com/bingbot.htm)"
65.55.24.214 - - [27/Sep/2012:20:33:13 +0200] "GET / HTTP/1.1" 200 4606 "-" "Mozilla/5.0 (compatible; bingbot/2.0; +http://www.bing.com/bingbot.htm)"
83.133.125.202 - - [27/Sep/2012:22:06:02 +0200] "GET / HTTP/1.1" 200 4606 "http://www.bigfinder.de/" "Mozilla/4.0 (compatible; MSIE 8.0; Windows NT 5.1; Trident/4.0; FBSMTWB; ATC/1.0; .NET CLR 1.1.4322; ATC/1.0; .NET CLR 2.0.50727; .NET CLR 3.0.4506.2152; .NET CLR 3.5.30729)"
208.115.111.69 - - [27/Sep/2012:22:36:06 +0200] "GET /robots.txt HTTP/1.1" 404 - "-" "Mozilla/5.0 (compatible; Ezooms/1.0; ezooms.bot@gmail.com)"
178.154.179.250 - - [27/Sep/2012:23:36:54 +0200] "GET /robots.txt HTTP/1.1" 404 - "-" "Mozilla/5.0 (compatible; YandexBot/3.0; +http://yandex.com/bots)"
208.115.111.69 - - [28/Sep/2012:01:11:25 +0200] "GET /index.html HTTP/1.1" 200 4606 "-" "Mozilla/5.0 (compatible; Ezooms/1.0; ezooms.bot@gmail.com)"
65.55.24.214 - - [28/Sep/2012:02:04:08 +0200] "GET /robots.txt HTTP/1.1" 404 - "-" "Mozilla/5.0 (compatible; bingbot/2.0; +http://www.bing.com/bingbot.htm)"
65.55.24.214 - - [28/Sep/2012:02:04:59 +0200] "GET / HTTP/1.1" 200 4606 "-" "Mozilla/5.0 (compatible; bingbot/2.0; +http://www.bing.com/bingbot.htm)"
69.64.32.217 - - [28/Sep/2012:02:41:53 +0200] "GET /kontakt.html HTTP/1.1" 200 4451 "-" "Mozilla/4.0 (compatible; MSIE 6.0; Windows 98; Win 9x4.90)"
65.55.24.214 - - [28/Sep/2012:05:45:02 +0200] "GET /robots.txt HTTP/1.1" 404 - "-" "Mozilla/5.0 (compatible; bingbot/2.0; +http://www.bing.com/bingbot.htm)"
65.55.24.214 - - [28/Sep/2012:05:46:21 +0200] "GET / HTTP/1.1" 200 4606 "-" "Mozilla/5.0 (compatible; bingbot/2.0; +http://www.bing.com/bingbot.htm)"
94.222.24.31 - - [28/Sep/2012:08:01:38 +0200] "GET / HTTP/1.1" 200 4606 "-" "Mozilla/5.0 (Macintosh; Intel Mac OS X 10_7_5) AppleWebKit/536.25 (KHTML, like Gecko) Version/6.0 Safari/536.25"
94.222.24.31 - - [28/Sep/2012:08:01:38 +0200] "GET /css/style.css HTTP/1.1" 304 - "http://www.mbingenieure.de/" "Mozilla/5.0 (Macintosh; Intel Mac OS X 10_7_5) AppleWebKit/536.25 (KHTML, like Gecko) Version/6.0 Safari/536.25"
94.222.24.31 - - [28/Sep/2012:08:01:38 +0200] "GET /js/plugins.js HTTP/1.1" 304 - "http://www.mbingenieure.de/" "Mozilla/5.0 (Macintosh; Intel Mac OS X 10_7_5) AppleWebKit/536.25 (KHTML, like Gecko) Version/6.0 Safari/536.25"
94.222.24.31 - - [28/Sep/2012:08:01:38 +0200] "GET /js/libs/modernizr-2.5.3.min.js HTTP/1.1" 304 - "http://www.mbingenieure.de/" "Mozilla/5.0 (Macintosh; Intel Mac OS X 10_7_5) AppleWebKit/536.25 (KHTML, like Gecko) Version/6.0 Safari/536.25"
94.222.24.31 - - [28/Sep/2012:08:01:38 +0200] "GET /images/footer.jpg HTTP/1.1" 304 - "http://www.mbingenieure.de/" "Mozilla/5.0 (Macintosh; Intel Mac OS X 10_7_5) AppleWebKit/536.25 (KHTML, like Gecko) Version/6.0 Safari/536.25"
94.222.24.31 - - [28/Sep/2012:08:01:40 +0200] "GET /images/bild2.jpg HTTP/1.1" 304 - "http://www.mbingenieure.de/" "Mozilla/5.0 (Macintosh; Intel Mac OS X 10_7_5) AppleWebKit/536.25 (KHTML, like Gecko) Version/6.0 Safari/536.25"
94.222.24.31 - - [28/Sep/2012:08:01:40 +0200] "GET /images/header.jpg HTTP/1.1" 304 - "http://www.mbingenieure.de/" "Mozilla/5.0 (Macintosh; Intel Mac OS X 10_7_5) AppleWebKit/536.25 (KHTML, like Gecko) Version/6.0 Safari/536.25"
94.222.24.31 - - [28/Sep/2012:08:01:40 +0200] "GET /images/navi.jpg HTTP/1.1" 304 - "http://www.mbingenieure.de/" "Mozilla/5.0 (Macintosh; Intel Mac OS X 10_7_5) AppleWebKit/536.25 (KHTML, like Gecko) Version/6.0 Safari/536.25"
94.222.24.31 - - [28/Sep/2012:08:01:40 +0200] "GET /images/bild4.jpg HTTP/1.1" 304 - "http://www.mbingenieure.de/" "Mozilla/5.0 (Macintosh; Intel Mac OS X 10_7_5) AppleWebKit/536.25 (KHTML, like Gecko) Version/6.0 Safari/536.25"
94.222.24.31 - - [28/Sep/2012:08:01:40 +0200] "GET /images/bild3.png HTTP/1.1" 304 - "http://www.mbingenieure.de/" "Mozilla/5.0 (Macintosh; Intel Mac OS X 10_7_5) AppleWebKit/536.25 (KHTML, like Gecko) Version/6.0 Safari/536.25"
65.55.24.214 - - [28/Sep/2012:11:34:56 +0200] "GET /robots.txt HTTP/1.1" 404 - "-" "Mozilla/5.0 (compatible; bingbot/2.0; +http://www.bing.com/bingbot.htm)"
65.55.24.214 - - [28/Sep/2012:11:35:41 +0200] "GET / HTTP/1.1" 200 4606 "-" "Mozilla/5.0 (compatible; bingbot/2.0; +http://www.bing.com/bingbot.htm)"
157.55.33.14 - - [28/Sep/2012:17:37:24 +0200] "GET /robots.txt HTTP/1.1" 404 - "-" "Mozilla/5.0 (compatible; bingbot/2.0; +http://www.bing.com/bingbot.htm)"
94.222.24.31 - - [28/Sep/2012:18:37:11 +0200] "GET / HTTP/1.1" 200 4606 "-" "Mozilla/5.0 (Macintosh; Intel Mac OS X 10_7_5) AppleWebKit/536.26.14 (KHTML, like Gecko) Version/6.0.1 Safari/536.26.14"
94.222.24.31 - - [28/Sep/2012:18:37:11 +0200] "GET /css/style.css HTTP/1.1" 200 2439 "http://www.mbingenieure.de/" "Mozilla/5.0 (Macintosh; Intel Mac OS X 10_7_5) AppleWebKit/536.26.14 (KHTML, like Gecko) Version/6.0.1 Safari/536.26.14"
94.222.24.31 - - [28/Sep/2012:18:37:11 +0200] "GET /js/libs/modernizr-2.5.3.min.js HTTP/1.1" 200 15274 "http://www.mbingenieure.de/" "Mozilla/5.0 (Macintosh; Intel Mac OS X 10_7_5) AppleWebKit/536.26.14 (KHTML, like Gecko) Version/6.0.1 Safari/536.26.14"
94.222.24.31 - - [28/Sep/2012:18:37:11 +0200] "GET /js/plugins.js HTTP/1.1" 200 898 "http://www.mbingenieure.de/" "Mozilla/5.0 (Macintosh; Intel Mac OS X 10_7_5) AppleWebKit/536.26.14 (KHTML, like Gecko) Version/6.0.1 Safari/536.26.14"
94.222.24.31 - - [28/Sep/2012:18:37:11 +0200] "GET /images/footer.jpg HTTP/1.1" 200 5903 "http://www.mbingenieure.de/" "Mozilla/5.0 (Macintosh; Intel Mac OS X 10_7_5) AppleWebKit/536.26.14 (KHTML, like Gecko) Version/6.0.1 Safari/536.26.14"
94.222.24.31 - - [28/Sep/2012:18:37:12 +0200] "GET /images/header.jpg HTTP/1.1" 200 10807 "http://www.mbingenieure.de/" "Mozilla/5.0 (Macintosh; Intel Mac OS X 10_7_5) AppleWebKit/536.26.14 (KHTML, like Gecko) Version/6.0.1 Safari/536.26.14"
94.222.24.31 - - [28/Sep/2012:18:37:12 +0200] "GET /images/bild2.jpg HTTP/1.1" 200 14865 "http://www.mbingenieure.de/" "Mozilla/5.0 (Macintosh; Intel Mac OS X 10_7_5) AppleWebKit/536.26.14 (KHTML, like Gecko) Version/6.0.1 Safari/536.26.14"
94.222.24.31 - - [28/Sep/2012:18:37:12 +0200] "GET /images/navi.jpg HTTP/1.1" 200 32635 "http://www.mbingenieure.de/" "Mozilla/5.0 (Macintosh; Intel Mac OS X 10_7_5) AppleWebKit/536.26.14 (KHTML, like Gecko) Version/6.0.1 Safari/536.26.14"
94.222.24.31 - - [28/Sep/2012:18:37:12 +0200] "GET /images/bild4.jpg HTTP/1.1" 200 14402 "http://www.mbingenieure.de/" "Mozilla/5.0 (Macintosh; Intel Mac OS X 10_7_5) AppleWebKit/536.26.14 (KHTML, like Gecko) Version/6.0.1 Safari/536.26.14"
94.222.24.31 - - [28/Sep/2012:18:37:12 +0200] "GET /images/bild3.png HTTP/1.1" 200 48627 "http://www.mbingenieure.de/" "Mozilla/5.0 (Macintosh; Intel Mac OS X 10_7_5) AppleWebKit/536.26.14 (KHTML, like Gecko) Version/6.0.1 Safari/536.26.14"
157.55.33.14 - - [28/Sep/2012:19:35:31 +0200] "GET / HTTP/1.1" 200 4606 "-" "Mozilla/5.0 (compatible; bingbot/2.0; +http://www.bing.com/bingbot.htm)"
157.55.33.14 - - [29/Sep/2012:00:51:24 +0200] "GET /robots.txt HTTP/1.1" 404 - "-" "Mozilla/5.0 (compatible; bingbot/2.0; +http://www.bing.com/bingbot.htm)"
157.55.35.40 - - [29/Sep/2012:01:35:51 +0200] "GET /robots.txt HTTP/1.1" 404 - "-" "Mozilla/5.0 (compatible; bingbot/2.0; +http://www.bing.com/bingbot.htm)"
157.55.35.40 - - [29/Sep/2012:01:43:30 +0200] "GET / HTTP/1.1" 200 4606 "-" "Mozilla/5.0 (compatible; bingbot/2.0; +http://www.bing.com/bingbot.htm)"
176.9.146.19 - - [29/Sep/2012:03:38:36 +0200] "GET /robots.txt HTTP/1.1" 404 - "-" "Mozilla/5.0 (compatible; SISTRIX Crawler; http://crawler.sistrix.net/)"
176.9.146.19 - - [29/Sep/2012:03:38:37 +0200] "GET / HTTP/1.1" 200 4606 "-" "Mozilla/5.0 (compatible; SISTRIX Crawler; http://crawler.sistrix.net/)"
176.9.146.19 - - [29/Sep/2012:03:38:37 +0200] "GET /kontakt.html HTTP/1.1" 200 4451 "-" "Mozilla/5.0 (compatible; SISTRIX Crawler; http://crawler.sistrix.net/)"
176.9.146.19 - - [29/Sep/2012:03:38:37 +0200] "GET /spektrum.html HTTP/1.1" 200 4541 "-" "Mozilla/5.0 (compatible; SISTRIX Crawler; http://crawler.sistrix.net/)"
176.9.146.19 - - [29/Sep/2012:03:38:37 +0200] "GET /impressum.html HTTP/1.1" 200 5721 "-" "Mozilla/5.0 (compatible; SISTRIX Crawler; http://crawler.sistrix.net/)"
176.9.146.19 - - [29/Sep/2012:03:38:37 +0200] "GET /index.html HTTP/1.1" 200 4606 "-" "Mozilla/5.0 (compatible; SISTRIX Crawler; http://crawler.sistrix.net/)"
176.9.146.19 - - [29/Sep/2012:03:38:37 +0200] "GET /partner.html HTTP/1.1" 200 4485 "-" "Mozilla/5.0 (compatible; SISTRIX Crawler; http://crawler.sistrix.net/)"
176.9.146.19 - - [29/Sep/2012:03:38:37 +0200] "GET /uns.html HTTP/1.1" 200 4398 "-" "Mozilla/5.0 (compatible; SISTRIX Crawler; http://crawler.sistrix.net/)"
176.9.146.19 - - [29/Sep/2012:03:38:37 +0200] "GET /referenz.html HTTP/1.1" 200 10668 "-" "Mozilla/5.0 (compatible; SISTRIX Crawler; http://crawler.sistrix.net/)"
131.253.46.237 - - [29/Sep/2012:05:13:02 +0200] "GET /robots.txt HTTP/1.1" 404 - "-" "Mozilla/5.0 (compatible; bingbot/2.0; +http://www.bing.com/bingbot.htm)"
131.253.46.237 - - [29/Sep/2012:05:23:36 +0200] "GET /referenz.html HTTP/1.1" 200 10668 "-" "Mozilla/5.0 (compatible; bingbot/2.0; +http://www.bing.com/bingbot.htm)"
178.154.179.250 - - [29/Sep/2012:05:40:28 +0200] "GET /robots.txt HTTP/1.1" 404 - "-" "Mozilla/5.0 (compatible; YandexBot/3.0; +http://yandex.com/bots)"
157.55.35.40 - - [29/Sep/2012:07:08:52 +0200] "GET /robots.txt HTTP/1.1" 404 - "-" "Mozilla/5.0 (compatible; bingbot/2.0; +http://www.bing.com/bingbot.htm)"
157.55.35.40 - - [29/Sep/2012:07:09:57 +0200] "GET / HTTP/1.1" 200 4606 "-" "Mozilla/5.0 (compatible; bingbot/2.0; +http://www.bing.com/bingbot.htm)"
79.210.214.29 - - [29/Sep/2012:11:03:47 +0200] "GET / HTTP/1.1" 200 4606 "-" "Mozilla/5.0 (compatible; MSIE 9.0; Windows NT 6.1; Trident/5.0)"
79.210.214.29 - - [29/Sep/2012:11:03:47 +0200] "GET /css/style.css HTTP/1.1" 200 2439 "http://www.mbingenieure.de/" "Mozilla/5.0 (compatible; MSIE 9.0; Windows NT 6.1; Trident/5.0)"
79.210.214.29 - - [29/Sep/2012:11:03:47 +0200] "GET /js/libs/modernizr-2.5.3.min.js HTTP/1.1" 200 15274 "http://www.mbingenieure.de/" "Mozilla/5.0 (compatible; MSIE 9.0; Windows NT 6.1; Trident/5.0)"
79.210.214.29 - - [29/Sep/2012:11:03:47 +0200] "GET /images/bild4.jpg HTTP/1.1" 200 14402 "http://www.mbingenieure.de/" "Mozilla/5.0 (compatible; MSIE 9.0; Windows NT 6.1; Trident/5.0)"
79.210.214.29 - - [29/Sep/2012:11:03:47 +0200] "GET /images/bild2.jpg HTTP/1.1" 200 14865 "http://www.mbingenieure.de/" "Mozilla/5.0 (compatible; MSIE 9.0; Windows NT 6.1; Trident/5.0)"
79.210.214.29 - - [29/Sep/2012:11:03:47 +0200] "GET /images/footer.jpg HTTP/1.1" 200 5903 "http://www.mbingenieure.de/" "Mozilla/5.0 (compatible; MSIE 9.0; Windows NT 6.1; Trident/5.0)"
79.210.214.29 - - [29/Sep/2012:11:03:47 +0200] "GET /js/plugins.js HTTP/1.1" 200 898 "http://www.mbingenieure.de/" "Mozilla/5.0 (compatible; MSIE 9.0; Windows NT 6.1; Trident/5.0)"
79.210.214.29 - - [29/Sep/2012:11:03:47 +0200] "GET /images/bild3.png HTTP/1.1" 200 48627 "http://www.mbingenieure.de/" "Mozilla/5.0 (compatible; MSIE 9.0; Windows NT 6.1; Trident/5.0)"
79.210.214.29 - - [29/Sep/2012:11:03:48 +0200] "GET /images/header.jpg HTTP/1.1" 200 10807 "http://www.mbingenieure.de/" "Mozilla/5.0 (compatible; MSIE 9.0; Windows NT 6.1; Trident/5.0)"
79.210.214.29 - - [29/Sep/2012:11:03:49 +0200] "GET /images/navi.jpg HTTP/1.1" 200 32635 "http://www.mbingenieure.de/" "Mozilla/5.0 (compatible; MSIE 9.0; Windows NT 6.1; Trident/5.0)"
79.210.214.29 - - [29/Sep/2012:11:03:50 +0200] "GET /favicon.ico HTTP/1.1" 200 93062 "-" "Mozilla/5.0 (compatible; MSIE 9.0; Windows NT 6.1; Trident/5.0)"
79.210.214.29 - - [29/Sep/2012:11:05:16 +0200] "GET /uns.html HTTP/1.1" 200 4398 "http://www.mbingenieure.de/" "Mozilla/5.0 (compatible; MSIE 9.0; Windows NT 6.1; Trident/5.0)"
79.210.214.29 - - [29/Sep/2012:11:05:32 +0200] "GET /spektrum.html HTTP/1.1" 200 4541 "http://www.mbingenieure.de/uns.html" "Mozilla/5.0 (compatible; MSIE 9.0; Windows NT 6.1; Trident/5.0)"
79.210.214.29 - - [29/Sep/2012:11:05:57 +0200] "GET /referenz.html HTTP/1.1" 200 10668 "http://www.mbingenieure.de/spektrum.html" "Mozilla/5.0 (compatible; MSIE 9.0; Windows NT 6.1; Trident/5.0)"
79.210.214.29 - - [29/Sep/2012:11:07:38 +0200] "GET /partner.html HTTP/1.1" 200 4485 "http://www.mbingenieure.de/referenz.html" "Mozilla/5.0 (compatible; MSIE 9.0; Windows NT 6.1; Trident/5.0)"
157.55.35.40 - - [29/Sep/2012:11:20:06 +0200] "GET /robots.txt HTTP/1.1" 404 - "-" "Mozilla/5.0 (compatible; bingbot/2.0; +http://www.bing.com/bingbot.htm)"
157.55.35.40 - - [29/Sep/2012:11:22:09 +0200] "GET / HTTP/1.1" 200 4606 "-" "Mozilla/5.0 (compatible; bingbot/2.0; +http://www.bing.com/bingbot.htm)"
178.77.126.55 - - [29/Sep/2012:13:44:52 +0200] "GET /robots.txt HTTP/1.1" 404 - "-" "Mozilla/5.0 (compatible; CareerBot/1.1; +http://www.career-x.de/bot.html)"
178.77.126.55 - - [29/Sep/2012:13:44:52 +0200] "GET / HTTP/1.1" 200 4606 "-" "Mozilla/5.0 (compatible; CareerBot/1.1; +http://www.career-x.de/bot.html)"
178.77.126.55 - - [29/Sep/2012:13:44:52 +0200] "GET /uns.html HTTP/1.1" 200 4398 "-" "Mozilla/5.0 (compatible; CareerBot/1.1; +http://www.career-x.de/bot.html)"
157.55.35.40 - - [29/Sep/2012:14:06:26 +0200] "GET /robots.txt HTTP/1.1" 404 - "-" "Mozilla/5.0 (compatible; bingbot/2.0; +http://www.bing.com/bingbot.htm)"
157.55.35.40 - - [29/Sep/2012:14:08:11 +0200] "GET / HTTP/1.1" 200 4606 "-" "Mozilla/5.0 (compatible; bingbot/2.0; +http://www.bing.com/bingbot.htm)"
178.154.179.250 - - [29/Sep/2012:15:13:34 +0200] "GET /uns.html HTTP/1.1" 200 4398 "-" "Mozilla/5.0 (compatible; YandexBot/3.0; +http://yandex.com/bots)"
79.247.171.180 - - [29/Sep/2012:16:17:50 +0200] "GET /impressum.html HTTP/1.1" 200 5721 "http://www.google.de/url?sa=t&rct=j&q=mb%20ingenieure&source=web&cd=2&sqi=2&ved=0CCgQFjAB&url=http%3A%2F%2Fwww.mbingenieure.de%2Fimpressum.html&ei=ugJnUOO0LYyN4gTxy4HIBQ&usg=AFQjCNHELIGYYj_HQnujp4z8JvB7XA-W3w" "Mozilla/5.0 (Windows NT 6.1; WOW64; rv:15.0) Gecko/20100101 Firefox/15.0.1"
79.247.171.180 - - [29/Sep/2012:16:17:50 +0200] "GET /css/style.css HTTP/1.1" 200 2439 "http://www.mbingenieure.de/impressum.html" "Mozilla/5.0 (Windows NT 6.1; WOW64; rv:15.0) Gecko/20100101 Firefox/15.0.1"
79.247.171.180 - - [29/Sep/2012:16:17:50 +0200] "GET /js/plugins.js HTTP/1.1" 200 898 "http://www.mbingenieure.de/impressum.html" "Mozilla/5.0 (Windows NT 6.1; WOW64; rv:15.0) Gecko/20100101 Firefox/15.0.1"
79.247.171.180 - - [29/Sep/2012:16:17:50 +0200] "GET /js/libs/modernizr-2.5.3.min.js HTTP/1.1" 200 15274 "http://www.mbingenieure.de/impressum.html" "Mozilla/5.0 (Windows NT 6.1; WOW64; rv:15.0) Gecko/20100101 Firefox/15.0.1"
79.247.171.180 - - [29/Sep/2012:16:17:50 +0200] "GET /images/footer.jpg HTTP/1.1" 200 5903 "http://www.mbingenieure.de/css/style.css" "Mozilla/5.0 (Windows NT 6.1; WOW64; rv:15.0) Gecko/20100101 Firefox/15.0.1"
79.247.171.180 - - [29/Sep/2012:16:17:50 +0200] "GET /images/header.jpg HTTP/1.1" 200 10807 "http://www.mbingenieure.de/css/style.css" "Mozilla/5.0 (Windows NT 6.1; WOW64; rv:15.0) Gecko/20100101 Firefox/15.0.1"
79.247.171.180 - - [29/Sep/2012:16:17:50 +0200] "GET /images/navi.jpg HTTP/1.1" 200 32635 "http://www.mbingenieure.de/css/style.css" "Mozilla/5.0 (Windows NT 6.1; WOW64; rv:15.0) Gecko/20100101 Firefox/15.0.1"
79.247.171.180 - - [29/Sep/2012:16:17:50 +0200] "GET /favicon.ico HTTP/1.1" 200 93062 "-" "Mozilla/5.0 (Windows NT 6.1; WOW64; rv:15.0) Gecko/20100101 Firefox/15.0.1"
79.247.171.180 - - [29/Sep/2012:16:17:58 +0200] "GET /uns.html HTTP/1.1" 200 4398 "http://www.mbingenieure.de/impressum.html" "Mozilla/5.0 (Windows NT 6.1; WOW64; rv:15.0) Gecko/20100101 Firefox/15.0.1"
79.247.171.180 - - [29/Sep/2012:16:18:11 +0200] "GET /spektrum.html HTTP/1.1" 200 4541 "http://www.mbingenieure.de/uns.html" "Mozilla/5.0 (Windows NT 6.1; WOW64; rv:15.0) Gecko/20100101 Firefox/15.0.1"
79.247.171.180 - - [29/Sep/2012:16:18:19 +0200] "GET /referenz.html HTTP/1.1" 200 10668 "http://www.mbingenieure.de/spektrum.html" "Mozilla/5.0 (Windows NT 6.1; WOW64; rv:15.0) Gecko/20100101 Firefox/15.0.1"
79.247.171.180 - - [29/Sep/2012:16:18:48 +0200] "GET /partner.html HTTP/1.1" 200 4485 "http://www.mbingenieure.de/referenz.html" "Mozilla/5.0 (Windows NT 6.1; WOW64; rv:15.0) Gecko/20100101 Firefox/15.0.1"
79.247.171.180 - - [29/Sep/2012:16:19:00 +0200] "GET /kontakt.html HTTP/1.1" 200 4451 "http://www.mbingenieure.de/partner.html" "Mozilla/5.0 (Windows NT 6.1; WOW64; rv:15.0) Gecko/20100101 Firefox/15.0.1"
79.247.171.180 - - [29/Sep/2012:16:19:07 +0200] "GET /index.html HTTP/1.1" 200 4606 "http://www.mbingenieure.de/kontakt.html" "Mozilla/5.0 (Windows NT 6.1; WOW64; rv:15.0) Gecko/20100101 Firefox/15.0.1"
79.247.171.180 - - [29/Sep/2012:16:19:07 +0200] "GET /images/bild2.jpg HTTP/1.1" 200 14865 "http://www.mbingenieure.de/index.html" "Mozilla/5.0 (Windows NT 6.1; WOW64; rv:15.0) Gecko/20100101 Firefox/15.0.1"
79.247.171.180 - - [29/Sep/2012:16:19:07 +0200] "GET /images/bild4.jpg HTTP/1.1" 200 14402 "http://www.mbingenieure.de/index.html" "Mozilla/5.0 (Windows NT 6.1; WOW64; rv:15.0) Gecko/20100101 Firefox/15.0.1"
79.247.171.180 - - [29/Sep/2012:16:19:07 +0200] "GET /images/bild3.png HTTP/1.1" 200 48627 "http://www.mbingenieure.de/index.html" "Mozilla/5.0 (Windows NT 6.1; WOW64; rv:15.0) Gecko/20100101 Firefox/15.0.1"
178.24.238.183 - - [29/Sep/2012:20:13:35 +0200] "GET / HTTP/1.1" 200 4606 "-" "Mozilla/5.0 (Windows NT 6.1; WOW64; rv:14.0) Gecko/20100101 Firefox/14.0.1"
178.24.238.183 - - [29/Sep/2012:20:13:35 +0200] "GET /css/style.css HTTP/1.1" 200 2439 "http://www.mbingenieure.de/" "Mozilla/5.0 (Windows NT 6.1; WOW64; rv:14.0) Gecko/20100101 Firefox/14.0.1"
178.24.238.183 - - [29/Sep/2012:20:13:35 +0200] "GET /js/libs/modernizr-2.5.3.min.js HTTP/1.1" 200 15274 "http://www.mbingenieure.de/" "Mozilla/5.0 (Windows NT 6.1; WOW64; rv:14.0) Gecko/20100101 Firefox/14.0.1"
178.24.238.183 - - [29/Sep/2012:20:13:35 +0200] "GET /js/plugins.js HTTP/1.1" 200 898 "http://www.mbingenieure.de/" "Mozilla/5.0 (Windows NT 6.1; WOW64; rv:14.0) Gecko/20100101 Firefox/14.0.1"
178.24.238.183 - - [29/Sep/2012:20:13:35 +0200] "GET /images/bild2.jpg HTTP/1.1" 200 14865 "http://www.mbingenieure.de/" "Mozilla/5.0 (Windows NT 6.1; WOW64; rv:14.0) Gecko/20100101 Firefox/14.0.1"
178.24.238.183 - - [29/Sep/2012:20:13:35 +0200] "GET /images/bild4.jpg HTTP/1.1" 200 14402 "http://www.mbingenieure.de/" "Mozilla/5.0 (Windows NT 6.1; WOW64; rv:14.0) Gecko/20100101 Firefox/14.0.1"
178.24.238.183 - - [29/Sep/2012:20:13:35 +0200] "GET /images/footer.jpg HTTP/1.1" 200 5903 "http://www.mbingenieure.de/css/style.css" "Mozilla/5.0 (Windows NT 6.1; WOW64; rv:14.0) Gecko/20100101 Firefox/14.0.1"
178.24.238.183 - - [29/Sep/2012:20:13:35 +0200] "GET /images/bild3.png HTTP/1.1" 200 48627 "http://www.mbingenieure.de/" "Mozilla/5.0 (Windows NT 6.1; WOW64; rv:14.0) Gecko/20100101 Firefox/14.0.1"
178.24.238.183 - - [29/Sep/2012:20:13:35 +0200] "GET /images/header.jpg HTTP/1.1" 200 10807 "http://www.mbingenieure.de/css/style.css" "Mozilla/5.0 (Windows NT 6.1; WOW64; rv:14.0) Gecko/20100101 Firefox/14.0.1"
178.24.238.183 - - [29/Sep/2012:20:13:35 +0200] "GET /images/navi.jpg HTTP/1.1" 200 32635 "http://www.mbingenieure.de/css/style.css" "Mozilla/5.0 (Windows NT 6.1; WOW64; rv:14.0) Gecko/20100101 Firefox/14.0.1"
178.24.238.183 - - [29/Sep/2012:20:13:36 +0200] "GET /favicon.ico HTTP/1.1" 200 93062 "-" "Mozilla/5.0 (Windows NT 6.1; WOW64; rv:14.0) Gecko/20100101 Firefox/14.0.1"
178.24.238.183 - - [29/Sep/2012:20:13:40 +0200] "GET /uns.html HTTP/1.1" 200 4398 "http://www.mbingenieure.de/" "Mozilla/5.0 (Windows NT 6.1; WOW64; rv:14.0) Gecko/20100101 Firefox/14.0.1"
178.24.238.183 - - [29/Sep/2012:20:13:47 +0200] "GET /index.html HTTP/1.1" 200 4606 "http://www.mbingenieure.de/uns.html" "Mozilla/5.0 (Windows NT 6.1; WOW64; rv:14.0) Gecko/20100101 Firefox/14.0.1"
157.55.35.40 - - [29/Sep/2012:21:00:46 +0200] "GET /robots.txt HTTP/1.1" 404 - "-" "Mozilla/5.0 (compatible; bingbot/2.0; +http://www.bing.com/bingbot.htm)"
157.55.35.40 - - [29/Sep/2012:21:01:25 +0200] "GET / HTTP/1.1" 200 4606 "-" "Mozilla/5.0 (compatible; bingbot/2.0; +http://www.bing.com/bingbot.htm)"
109.73.52.73 - - [30/Sep/2012:02:24:40 +0200] "GET / HTTP/1.1" 200 4606 "http://www.sumaja.de/" "Mozilla/4.0 (compatible; MSIE 7.0; Windows NT 6.0; GTB6; SLCC1; .NET CLR 2.0.50727; Media Center PC 5.0; eSobiSubscriber 2.0.4.16; .NET CLR 3.5.30729; .NET CLR 3.0.30729; .NET4.0C)"
83.133.125.202 - - [30/Sep/2012:02:24:40 +0200] "GET / HTTP/1.0" 200 4606 "-" "-"
83.133.125.202 - - [30/Sep/2012:02:24:40 +0200] "GET / HTTP/1.0" 200 4606 "-" "-"
157.55.35.40 - - [30/Sep/2012:04:08:40 +0200] "GET /robots.txt HTTP/1.1" 404 - "-" "Mozilla/5.0 (compatible; bingbot/2.0; +http://www.bing.com/bingbot.htm)"
157.55.35.40 - - [30/Sep/2012:04:09:39 +0200] "GET / HTTP/1.1" 200 4606 "-" "Mozilla/5.0 (compatible; bingbot/2.0; +http://www.bing.com/bingbot.htm)"
92.78.104.204 - - [30/Sep/2012:11:16:01 +0200] "GET /js/libs/modernizr-2.5.3.min.js HTTP/1.1" 200 15274 "http://www.mbingenieure.de/" "Mozilla/5.0 (iPad; CPU OS 5_1_1 like Mac OS X) AppleWebKit/534.46 (KHTML, like Gecko) Version/5.1 Mobile/9B206 Safari/7534.48.3"
92.78.104.204 - - [30/Sep/2012:11:16:01 +0200] "GET /js/plugins.js HTTP/1.1" 200 898 "http://www.mbingenieure.de/" "Mozilla/5.0 (iPad; CPU OS 5_1_1 like Mac OS X) AppleWebKit/534.46 (KHTML, like Gecko) Version/5.1 Mobile/9B206 Safari/7534.48.3"
92.78.104.204 - - [30/Sep/2012:11:16:01 +0200] "GET /images/bild3.png HTTP/1.1" 200 48627 "http://www.mbingenieure.de/" "Mozilla/5.0 (iPad; CPU OS 5_1_1 like Mac OS X) AppleWebKit/534.46 (KHTML, like Gecko) Version/5.1 Mobile/9B206 Safari/7534.48.3"
92.78.104.204 - - [30/Sep/2012:11:16:10 +0200] "GET /uns.html HTTP/1.1" 200 4398 "http://www.mbingenieure.de/" "Mozilla/5.0 (iPad; CPU OS 5_1_1 like Mac OS X) AppleWebKit/534.46 (KHTML, like Gecko) Version/5.1 Mobile/9B206 Safari/7534.48.3"
92.78.104.204 - - [30/Sep/2012:11:16:13 +0200] "GET /spektrum.html HTTP/1.1" 200 4541 "http://www.mbingenieure.de/uns.html" "Mozilla/5.0 (iPad; CPU OS 5_1_1 like Mac OS X) AppleWebKit/534.46 (KHTML, like Gecko) Version/5.1 Mobile/9B206 Safari/7534.48.3"
92.78.104.204 - - [30/Sep/2012:11:16:15 +0200] "GET /referenz.html HTTP/1.1" 200 10668 "http://www.mbingenieure.de/spektrum.html" "Mozilla/5.0 (iPad; CPU OS 5_1_1 like Mac OS X) AppleWebKit/534.46 (KHTML, like Gecko) Version/5.1 Mobile/9B206 Safari/7534.48.3"
157.55.35.40 - - [30/Sep/2012:11:29:48 +0200] "GET /robots.txt HTTP/1.1" 404 - "-" "Mozilla/5.0 (compatible; bingbot/2.0; +http://www.bing.com/bingbot.htm)"
157.55.35.40 - - [30/Sep/2012:11:30:46 +0200] "GET / HTTP/1.1" 200 4606 "-" "Mozilla/5.0 (compatible; bingbot/2.0; +http://www.bing.com/bingbot.htm)"
83.133.125.202 - - [30/Sep/2012:12:06:46 +0200] "GET / HTTP/1.1" 200 4606 "http://www.bigfinder.de/" "Mozilla/5.0 (Macintosh; U; Intel Mac OS X 10.6; de-DE; rv:1.9.2.8) Gecko/20100722 Firefox/3.6.8"
176.9.148.194 - - [30/Sep/2012:14:52:38 +0200] "GET /robots.txt HTTP/1.1" 404 - "-" "Mozilla/5.0 (compatible; SISTRIX Crawler; http://crawler.sistrix.net/)"
176.9.148.194 - - [30/Sep/2012:14:52:38 +0200] "GET / HTTP/1.1" 200 4606 "-" "Mozilla/5.0 (compatible; SISTRIX Crawler; http://crawler.sistrix.net/)"
176.9.148.194 - - [30/Sep/2012:14:52:38 +0200] "GET /kontakt.html HTTP/1.1" 200 4451 "-" "Mozilla/5.0 (compatible; SISTRIX Crawler; http://crawler.sistrix.net/)"
176.9.148.194 - - [30/Sep/2012:14:52:38 +0200] "GET /spektrum.html HTTP/1.1" 200 4541 "-" "Mozilla/5.0 (compatible; SISTRIX Crawler; http://crawler.sistrix.net/)"
176.9.148.194 - - [30/Sep/2012:14:52:38 +0200] "GET /impressum.html HTTP/1.1" 200 5721 "-" "Mozilla/5.0 (compatible; SISTRIX Crawler; http://crawler.sistrix.net/)"
176.9.148.194 - - [30/Sep/2012:14:52:38 +0200] "GET /index.html HTTP/1.1" 200 4606 "-" "Mozilla/5.0 (compatible; SISTRIX Crawler; http://crawler.sistrix.net/)"
176.9.148.194 - - [30/Sep/2012:14:52:38 +0200] "GET /partner.html HTTP/1.1" 200 4485 "-" "Mozilla/5.0 (compatible; SISTRIX Crawler; http://crawler.sistrix.net/)"
176.9.148.194 - - [30/Sep/2012:14:52:38 +0200] "GET /uns.html HTTP/1.1" 200 4398 "-" "Mozilla/5.0 (compatible; SISTRIX Crawler; http://crawler.sistrix.net/)"
176.9.148.194 - - [30/Sep/2012:14:52:39 +0200] "GET /referenz.html HTTP/1.1" 200 10668 "-" "Mozilla/5.0 (compatible; SISTRIX Crawler; http://crawler.sistrix.net/)"
157.55.35.40 - - [30/Sep/2012:19:15:24 +0200] "GET /robots.txt HTTP/1.1" 404 - "-" "Mozilla/5.0 (compatible; bingbot/2.0; +http://www.bing.com/bingbot.htm)"
157.55.35.40 - - [30/Sep/2012:19:16:16 +0200] "GET / HTTP/1.1" 200 4606 "-" "Mozilla/5.0 (compatible; bingbot/2.0; +http://www.bing.com/bingbot.htm)"
157.55.35.40 - - [30/Sep/2012:21:11:04 +0200] "GET /robots.txt HTTP/1.1" 404 - "-" "Mozilla/5.0 (compatible; bingbot/2.0; +http://www.bing.com/bingbot.htm)"
157.55.35.40 - - [30/Sep/2012:21:13:13 +0200] "GET / HTTP/1.1" 200 4606 "-" "Mozilla/5.0 (compatible; bingbot/2.0; +http://www.bing.com/bingbot.htm)"