208.115.111.69 - - [09/Sep/2012:06:30:35 +0200] "GET /robots.txt HTTP/1.1" 404 - "-" "Mozilla/5.0 (compatible; Ezooms/1.0; ezooms.bot@gmail.com)"
208.115.111.69 - - [09/Sep/2012:06:50:11 +0200] "GET / HTTP/1.1" 200 4606 "-" "Mozilla/5.0 (compatible; Ezooms/1.0; ezooms.bot@gmail.com)"
83.133.125.202 - - [09/Sep/2012:12:06:38 +0200] "GET / HTTP/1.1" 200 4606 "http://www.bigfinder.de/" "Mozilla/5.0 (Macintosh; U; Intel Mac OS X 10.6; de-DE; rv:1.9.2.8) Gecko/20100722 Firefox/3.6.8"
37.140.141.34 - - [09/Sep/2012:13:03:01 +0200] "GET /robots.txt HTTP/1.1" 404 - "-" "Mozilla/5.0 (compatible; YandexImages/3.0; +http://yandex.com/bots)"
208.115.111.69 - - [09/Sep/2012:14:35:45 +0200] "GET /robots.txt HTTP/1.1" 404 - "-" "Mozilla/5.0 (compatible; Ezooms/1.0; ezooms.bot@gmail.com)"
208.115.111.69 - - [09/Sep/2012:16:56:59 +0200] "GET /partner.html HTTP/1.1" 200 4485 "-" "Mozilla/5.0 (compatible; Ezooms/1.0; ezooms.bot@gmail.com)"
93.196.3.24 - - [09/Sep/2012:17:04:33 +0200] "GET / HTTP/1.1" 200 4606 "-" "Jakarta Commons-HttpClient/3.1"
93.196.3.24 - - [09/Sep/2012:17:04:33 +0200] "GET /impressum.html HTTP/1.1" 200 5721 "-" "Jakarta Commons-HttpClient/3.1"
37.140.141.34 - - [09/Sep/2012:18:54:05 +0200] "GET /images/bild2.jpg HTTP/1.1" 200 14865 "-" "Mozilla/5.0 (compatible; YandexImages/3.0; +http://yandex.com/bots)"
37.140.141.34 - - [10/Sep/2012:02:46:09 +0200] "GET /images/bild4.jpg HTTP/1.1" 200 14402 "-" "Mozilla/5.0 (compatible; YandexImages/3.0; +http://yandex.com/bots)"
37.140.141.34 - - [10/Sep/2012:03:25:37 +0200] "GET /images/bild3.png HTTP/1.1" 200 48627 "-" "Mozilla/5.0 (compatible; YandexImages/3.0; +http://yandex.com/bots)"
213.162.68.20 - - [10/Sep/2012:14:36:40 +0200] "GET /impressum.html HTTP/1.1" 200 5721 "http://www.google.at/url?sa=t&rct=j&q=&esrc=s&source=web&cd=5&ved=0CEUQFjAE&url=http%3A%2F%2Fwww.mbingenieure.de%2Fimpressum.html&ei=Q95NUOGLH4THswbkw4DYCQ&usg=AFQjCNHELIGYYj_HQnujp4z8JvB7XA-W3w" "Mozilla/5.0 (Windows NT 6.1; WOW64; rv:14.0) Gecko/20100101 Firefox/14.0.1"
213.162.68.20 - - [10/Sep/2012:14:36:40 +0200] "GET /js/plugins.js HTTP/1.1" 404 - "http://www.mbingenieure.de/impressum.html" "Mozilla/5.0 (Windows NT 6.1; WOW64; rv:14.0) Gecko/20100101 Firefox/14.0.1"
213.162.68.20 - - [10/Sep/2012:14:36:40 +0200] "GET /css/style.css HTTP/1.1" 200 2439 "http://www.mbingenieure.de/impressum.html" "Mozilla/5.0 (Windows NT 6.1; WOW64; rv:14.0) Gecko/20100101 Firefox/14.0.1"
213.162.68.20 - - [10/Sep/2012:14:36:40 +0200] "GET /js/libs/modernizr-2.5.3.min.js HTTP/1.1" 404 - "http://www.mbingenieure.de/impressum.html" "Mozilla/5.0 (Windows NT 6.1; WOW64; rv:14.0) Gecko/20100101 Firefox/14.0.1"
213.162.68.20 - - [10/Sep/2012:14:36:40 +0200] "GET /images/footer.jpg HTTP/1.1" 200 5903 "http://www.mbingenieure.de/css/style.css" "Mozilla/5.0 (Windows NT 6.1; WOW64; rv:14.0) Gecko/20100101 Firefox/14.0.1"
213.162.68.20 - - [10/Sep/2012:14:36:40 +0200] "GET /images/header.jpg HTTP/1.1" 200 10807 "http://www.mbingenieure.de/css/style.css" "Mozilla/5.0 (Windows NT 6.1; WOW64; rv:14.0) Gecko/20100101 Firefox/14.0.1"
213.162.68.20 - - [10/Sep/2012:14:36:40 +0200] "GET /images/navi.jpg HTTP/1.1" 200 32635 "http://www.mbingenieure.de/css/style.css" "Mozilla/5.0 (Windows NT 6.1; WOW64; rv:14.0) Gecko/20100101 Firefox/14.0.1"
213.162.68.20 - - [10/Sep/2012:14:36:41 +0200] "GET /favicon.ico HTTP/1.1" 200 93062 "-" "Mozilla/5.0 (Windows NT 6.1; WOW64; rv:14.0) Gecko/20100101 Firefox/14.0.1"
213.162.68.20 - - [10/Sep/2012:14:36:48 +0200] "GET /uns.html HTTP/1.1" 200 4398 "http://www.mbingenieure.de/impressum.html" "Mozilla/5.0 (Windows NT 6.1; WOW64; rv:14.0) Gecko/20100101 Firefox/14.0.1"
213.162.68.20 - - [10/Sep/2012:14:36:51 +0200] "GET /kontakt.html HTTP/1.1" 200 4451 "http://www.mbingenieure.de/uns.html" "Mozilla/5.0 (Windows NT 6.1; WOW64; rv:14.0) Gecko/20100101 Firefox/14.0.1"
213.162.68.20 - - [10/Sep/2012:14:36:54 +0200] "GET /partner.html HTTP/1.1" 200 4485 "http://www.mbingenieure.de/kontakt.html" "Mozilla/5.0 (Windows NT 6.1; WOW64; rv:14.0) Gecko/20100101 Firefox/14.0.1"
213.162.68.20 - - [10/Sep/2012:14:36:58 +0200] "GET /index.html HTTP/1.1" 200 4606 "http://www.mbingenieure.de/partner.html" "Mozilla/5.0 (Windows NT 6.1; WOW64; rv:14.0) Gecko/20100101 Firefox/14.0.1"
213.162.68.20 - - [10/Sep/2012:14:36:59 +0200] "GET /images/bild2.jpg HTTP/1.1" 200 14865 "http://www.mbingenieure.de/index.html" "Mozilla/5.0 (Windows NT 6.1; WOW64; rv:14.0) Gecko/20100101 Firefox/14.0.1"
213.162.68.20 - - [10/Sep/2012:14:36:59 +0200] "GET /images/bild4.jpg HTTP/1.1" 200 14402 "http://www.mbingenieure.de/index.html" "Mozilla/5.0 (Windows NT 6.1; WOW64; rv:14.0) Gecko/20100101 Firefox/14.0.1"
213.162.68.20 - - [10/Sep/2012:14:36:59 +0200] "GET /images/bild3.png HTTP/1.1" 200 48627 "http://www.mbingenieure.de/index.html" "Mozilla/5.0 (Windows NT 6.1; WOW64; rv:14.0) Gecko/20100101 Firefox/14.0.1"
213.186.119.136 - - [10/Sep/2012:18:55:43 +0200] "GET /index.html HTTP/1.1" 200 4606 "-" "Mozilla/5.0 (compatible; AhrefsBot/3.1; +http://ahrefs.com/robot/)"
193.28.178.13 - - [11/Sep/2012:00:14:54 +0200] "GET /robots.txt HTTP/1.1" 404 - "-" "Mozilla/5.0 (Windows NT x.y; Win64; x64; rv:10.0.1) Gecko/20100101 Firefox/10.0.1"
193.28.178.13 - - [11/Sep/2012:00:14:55 +0200] "GET /referenz.html HTTP/1.1" 200 10668 "-" "Mozilla/5.0 (Windows NT x.y; Win64; x64; rv:10.0.1) Gecko/20100101 Firefox/10.0.1"
193.28.178.13 - - [11/Sep/2012:00:16:16 +0200] "GET /impressum.html HTTP/1.1" 200 5721 "-" "Mozilla/5.0 (Windows NT x.y; Win64; x64; rv:10.0.1) Gecko/20100101 Firefox/10.0.1"
193.28.178.13 - - [11/Sep/2012:00:16:16 +0200] "GET /kontakt.html HTTP/1.1" 200 4451 "-" "Mozilla/5.0 (Windows NT x.y; Win64; x64; rv:10.0.1) Gecko/20100101 Firefox/10.0.1"
193.28.178.13 - - [11/Sep/2012:00:16:30 +0200] "GET /referenz.html HTTP/1.1" 200 10668 "-" "Mozilla/5.0 (Linux; U; Android 2.2; en-gb; GT-P1000 Build/FROYO) AppleWebKit/533.1 (KHTML, like Gecko) Version/4.0 Mobile Safari/533.1"
46.5.214.123 - - [11/Sep/2012:00:21:10 +0200] "GET /referenz.html HTTP/1.1" 200 10668 "-" "Mozilla/5.0 (Windows; U; Windows NT 5.1; en-US; rv:1.9.1) Gecko/20090624 Firefox/3.5"
178.77.126.55 - - [11/Sep/2012:00:21:46 +0200] "GET /robots.txt HTTP/1.1" 404 - "-" "Mozilla/5.0 (compatible; CareerBot/1.1; +http://www.career-x.de/bot.html)"
178.77.126.55 - - [11/Sep/2012:00:21:46 +0200] "GET / HTTP/1.1" 200 4606 "-" "Mozilla/5.0 (compatible; CareerBot/1.1; +http://www.career-x.de/bot.html)"
178.77.126.55 - - [11/Sep/2012:00:21:46 +0200] "GET /uns.html HTTP/1.1" 200 4398 "-" "Mozilla/5.0 (compatible; CareerBot/1.1; +http://www.career-x.de/bot.html)"
157.55.32.95 - - [11/Sep/2012:01:01:45 +0200] "GET /robots.txt HTTP/1.1" 404 - "-" "Mozilla/5.0 (compatible; bingbot/2.0; +http://www.bing.com/bingbot.htm)"
213.186.127.7 - - [11/Sep/2012:03:55:26 +0200] "GET /spektrum.html HTTP/1.1" 200 4541 "-" "Mozilla/5.0 (compatible; AhrefsBot/3.1; +http://ahrefs.com/robot/)"
208.115.113.85 - - [11/Sep/2012:08:29:09 +0200] "GET /robots.txt HTTP/1.1" 404 - "-" "Mozilla/5.0 (compatible; Ezooms/1.0; ezooms.bot@gmail.com)"
208.115.113.85 - - [11/Sep/2012:10:20:52 +0200] "GET /referenz.html HTTP/1.1" 200 10668 "-" "Mozilla/5.0 (compatible; Ezooms/1.0; ezooms.bot@gmail.com)"
178.154.179.250 - - [11/Sep/2012:11:08:31 +0200] "GET /robots.txt HTTP/1.1" 404 - "-" "Mozilla/5.0 (compatible; YandexBot/3.0; +http://yandex.com/bots)"
213.186.119.138 - - [11/Sep/2012:17:23:24 +0200] "GET /uns.html HTTP/1.1" 200 4398 "-" "Mozilla/5.0 (compatible; AhrefsBot/3.1; +http://ahrefs.com/robot/)"
92.224.32.172 - - [11/Sep/2012:17:39:33 +0200] "GET / HTTP/1.1" 200 4606 "-" "Jakarta Commons-HttpClient/3.1"
92.224.32.172 - - [11/Sep/2012:17:39:33 +0200] "GET /impressum.html HTTP/1.1" 200 5721 "-" "Jakarta Commons-HttpClient/3.1"
178.154.179.250 - - [11/Sep/2012:21:19:21 +0200] "GET / HTTP/1.1" 200 4606 "-" "Mozilla/5.0 (compatible; YandexBot/3.0; +http://yandex.com/bots)"
213.186.127.5 - - [11/Sep/2012:21:56:17 +0200] "GET /kontakt.html HTTP/1.1" 200 4451 "-" "Mozilla/5.0 (compatible; AhrefsBot/3.1; +http://ahrefs.com/robot/)"
213.186.119.138 - - [12/Sep/2012:06:54:07 +0200] "GET /impressum.html HTTP/1.1" 200 5721 "-" "Mozilla/5.0 (compatible; AhrefsBot/3.1; +http://ahrefs.com/robot/)"
157.55.33.98 - - [12/Sep/2012:16:23:20 +0200] "GET /robots.txt HTTP/1.1" 404 - "-" "Mozilla/5.0 (compatible; bingbot/2.0; +http://www.bing.com/bingbot.htm)"
157.55.33.98 - - [12/Sep/2012:16:33:30 +0200] "GET / HTTP/1.1" 304 - "-" "Mozilla/5.0 (compatible; bingbot/2.0; +http://www.bing.com/bingbot.htm)"
208.115.111.69 - - [12/Sep/2012:18:34:39 +0200] "GET /robots.txt HTTP/1.1" 404 - "-" "Mozilla/5.0 (compatible; Ezooms/1.0; ezooms.bot@gmail.com)"
208.115.111.69 - - [12/Sep/2012:21:10:06 +0200] "GET /index.html HTTP/1.1" 200 4606 "-" "Mozilla/5.0 (compatible; Ezooms/1.0; ezooms.bot@gmail.com)"
213.186.127.8 - - [13/Sep/2012:00:53:44 +0200] "GET /http:/www.witerra-bau.de HTTP/1.1" 404 - "-" "Mozilla/5.0 (compatible; AhrefsBot/3.1; +http://ahrefs.com/robot/)"
178.77.126.55 - - [13/Sep/2012:01:20:35 +0200] "GET /robots.txt HTTP/1.1" 404 - "-" "Mozilla/5.0 (compatible; CareerBot/1.1; +http://www.career-x.de/bot.html)"
178.77.126.55 - - [13/Sep/2012:01:20:35 +0200] "GET / HTTP/1.1" 200 4606 "-" "Mozilla/5.0 (compatible; CareerBot/1.1; +http://www.career-x.de/bot.html)"
178.77.126.55 - - [13/Sep/2012:01:20:35 +0200] "GET /uns.html HTTP/1.1" 200 4398 "-" "Mozilla/5.0 (compatible; CareerBot/1.1; +http://www.career-x.de/bot.html)"
66.249.72.200 - - [13/Sep/2012:02:24:10 +0200] "GET /robots.txt HTTP/1.1" 404 - "-" "Mozilla/5.0 (compatible; Googlebot/2.1; +http://www.google.com/bot.html)"
66.249.72.200 - - [13/Sep/2012:02:24:11 +0200] "GET /impressum.html HTTP/1.1" 304 - "-" "Mozilla/5.0 (iPhone; U; CPU iPhone OS 4_1 like Mac OS X; en-us) AppleWebKit/532.9 (KHTML, like Gecko) Version/4.0.5 Mobile/8B117 Safari/6531.22.7 (compatible; Googlebot-Mobile/2.1; +http://www.google.com/bot.html)"
213.186.119.134 - - [13/Sep/2012:09:53:51 +0200] "GET /referenz.html HTTP/1.1" 200 10668 "-" "Mozilla/5.0 (compatible; AhrefsBot/3.1; +http://ahrefs.com/robot/)"
66.249.72.200 - - [13/Sep/2012:23:39:20 +0200] "GET /robots.txt HTTP/1.1" 404 - "-" "Mozilla/5.0 (compatible; Googlebot/2.1; +http://www.google.com/bot.html)"
66.249.72.200 - - [13/Sep/2012:23:39:21 +0200] "GET / HTTP/1.1" 200 4606 "-" "Mozilla/5.0 (compatible; Googlebot/2.1; +http://www.google.com/bot.html)"
87.160.177.28 - - [14/Sep/2012:08:44:38 +0200] "GET / HTTP/1.1" 200 4606 "-" "Mozilla/5.0 (Windows NT 5.1; rv:14.0) Gecko/20100101 Firefox/14.0.1"
87.160.177.28 - - [14/Sep/2012:08:44:39 +0200] "GET /css/style.css HTTP/1.1" 200 2439 "http://www.mbingenieure.de/" "Mozilla/5.0 (Windows NT 5.1; rv:14.0) Gecko/20100101 Firefox/14.0.1"
87.160.177.28 - - [14/Sep/2012:08:44:39 +0200] "GET /js/libs/modernizr-2.5.3.min.js HTTP/1.1" 404 - "http://www.mbingenieure.de/" "Mozilla/5.0 (Windows NT 5.1; rv:14.0) Gecko/20100101 Firefox/14.0.1"
87.160.177.28 - - [14/Sep/2012:08:44:39 +0200] "GET /images/bild2.jpg HTTP/1.1" 200 14865 "http://www.mbingenieure.de/" "Mozilla/5.0 (Windows NT 5.1; rv:14.0) Gecko/20100101 Firefox/14.0.1"
87.160.177.28 - - [14/Sep/2012:08:44:39 +0200] "GET /js/plugins.js HTTP/1.1" 404 - "http://www.mbingenieure.de/" "Mozilla/5.0 (Windows NT 5.1; rv:14.0) Gecko/20100101 Firefox/14.0.1"
87.160.177.28 - - [14/Sep/2012:08:44:39 +0200] "GET /images/bild4.jpg HTTP/1.1" 200 14402 "http://www.mbingenieure.de/" "Mozilla/5.0 (Windows NT 5.1; rv:14.0) Gecko/20100101 Firefox/14.0.1"
87.160.177.28 - - [14/Sep/2012:08:44:39 +0200] "GET /images/footer.jpg HTTP/1.1" 200 5903 "http://www.mbingenieure.de/css/style.css" "Mozilla/5.0 (Windows NT 5.1; rv:14.0) Gecko/20100101 Firefox/14.0.1"
87.160.177.28 - - [14/Sep/2012:08:44:39 +0200] "GET /images/header.jpg HTTP/1.1" 200 10807 "http://www.mbingenieure.de/css/style.css" "Mozilla/5.0 (Windows NT 5.1; rv:14.0) Gecko/20100101 Firefox/14.0.1"
87.160.177.28 - - [14/Sep/2012:08:44:39 +0200] "GET /images/bild3.png HTTP/1.1" 200 48627 "http://www.mbingenieure.de/" "Mozilla/5.0 (Windows NT 5.1; rv:14.0) Gecko/20100101 Firefox/14.0.1"
87.160.177.28 - - [14/Sep/2012:08:44:39 +0200] "GET /images/navi.jpg HTTP/1.1" 200 32635 "http://www.mbingenieure.de/css/style.css" "Mozilla/5.0 (Windows NT 5.1; rv:14.0) Gecko/20100101 Firefox/14.0.1"
87.160.177.28 - - [14/Sep/2012:08:44:40 +0200] "GET /js/plugins.js HTTP/1.1" 404 - "http://www.mbingenieure.de/" "Mozilla/5.0 (Windows NT 5.1; rv:14.0) Gecko/20100101 Firefox/14.0.1"
87.160.177.28 - - [14/Sep/2012:08:44:40 +0200] "GET /favicon.ico HTTP/1.1" 200 93062 "-" "Mozilla/5.0 (Windows NT 5.1; rv:14.0) Gecko/20100101 Firefox/14.0.1"
87.160.177.28 - - [14/Sep/2012:08:44:47 +0200] "GET /spektrum.html HTTP/1.1" 200 4541 "http://www.mbingenieure.de/" "Mozilla/5.0 (Windows NT 5.1; rv:14.0) Gecko/20100101 Firefox/14.0.1"
87.160.177.28 - - [14/Sep/2012:08:44:47 +0200] "GET /js/libs/modernizr-2.5.3.min.js HTTP/1.1" 404 - "http://www.mbingenieure.de/spektrum.html" "Mozilla/5.0 (Windows NT 5.1; rv:14.0) Gecko/20100101 Firefox/14.0.1"
87.160.177.28 - - [14/Sep/2012:08:44:47 +0200] "GET /js/plugins.js HTTP/1.1" 404 - "http://www.mbingenieure.de/spektrum.html" "Mozilla/5.0 (Windows NT 5.1; rv:14.0) Gecko/20100101 Firefox/14.0.1"
157.55.33.98 - - [14/Sep/2012:12:33:02 +0200] "GET /robots.txt HTTP/1.1" 404 - "-" "Mozilla/5.0 (compatible; bingbot/2.0; +http://www.bing.com/bingbot.htm)"
157.55.33.98 - - [14/Sep/2012:12:54:50 +0200] "GET / HTTP/1.1" 200 4606 "-" "Mozilla/5.0 (compatible; bingbot/2.0; +http://www.bing.com/bingbot.htm)"
37.140.141.34 - - [14/Sep/2012:18:19:46 +0200] "GET /robots.txt HTTP/1.1" 404 - "-" "Mozilla/5.0 (compatible; YandexImages/3.0; +http://yandex.com/bots)"
37.140.141.34 - - [15/Sep/2012:00:26:23 +0200] "GET /images/bild4.jpg HTTP/1.1" 200 14402 "-" "Mozilla/5.0 (compatible; YandexImages/3.0; +http://yandex.com/bots)"
178.77.126.55 - - [15/Sep/2012:01:51:35 +0200] "GET /robots.txt HTTP/1.1" 404 - "-" "Mozilla/5.0 (compatible; CareerBot/1.1; +http://www.career-x.de/bot.html)"
178.77.126.55 - - [15/Sep/2012:01:51:35 +0200] "GET / HTTP/1.1" 200 4606 "-" "Mozilla/5.0 (compatible; CareerBot/1.1; +http://www.career-x.de/bot.html)"
178.77.126.55 - - [15/Sep/2012:01:51:36 +0200] "GET /uns.html HTTP/1.1" 200 4398 "-" "Mozilla/5.0 (compatible; CareerBot/1.1; +http://www.career-x.de/bot.html)"
66.249.73.155 - - [15/Sep/2012:06:40:52 +0200] "GET /robots.txt HTTP/1.1" 404 - "-" "Mozilla/5.0 (compatible; Googlebot/2.1; +http://www.google.com/bot.html)"
66.249.73.155 - - [15/Sep/2012:06:40:52 +0200] "GET / HTTP/1.1" 200 4606 "-" "Mozilla/5.0 (compatible; Googlebot/2.1; +http://www.google.com/bot.html)"
37.140.141.34 - - [15/Sep/2012:08:27:48 +0200] "GET /images/bild3.png HTTP/1.1" 200 48627 "-" "Mozilla/5.0 (compatible; YandexImages/3.0; +http://yandex.com/bots)"
178.154.179.250 - - [15/Sep/2012:08:58:06 +0200] "GET /robots.txt HTTP/1.1" 404 - "-" "Mozilla/5.0 (compatible; YandexBot/3.0; +http://yandex.com/bots)"
88.198.67.197 - - [15/Sep/2012:15:36:43 +0200] "GET /robots.txt HTTP/1.1" 404 - "-" "Pixray-Seeker/1.1 (Pixray-Seeker; http://www.pixray.com/pixraybot; crawler@pixray.com)"
88.198.67.197 - - [15/Sep/2012:15:36:43 +0200] "GET /button3.jpg HTTP/1.1" 404 - "-" "Pixray-Seeker/1.1 (Pixray-Seeker; http://www.pixray.com/pixraybot; crawler@pixray.com)"
88.198.67.134 - - [15/Sep/2012:15:51:35 +0200] "GET /robots.txt HTTP/1.1" 404 - "-" "Pixray-Seeker/1.1 (Pixray-Seeker; http://www.pixray.com/pixraybot; crawler@pixray.com)"
88.198.67.134 - - [15/Sep/2012:15:51:35 +0200] "GET /spektrum.html HTTP/1.1" 200 4541 "-" "Pixray-Seeker/1.1 (Pixray-Seeker; http://www.pixray.com/pixraybot; crawler@pixray.com)"
178.154.179.250 - - [15/Sep/2012:16:10:19 +0200] "GET / HTTP/1.1" 200 4606 "-" "Mozilla/5.0 (compatible; YandexBot/3.0; +http://yandex.com/bots)"
157.55.35.53 - - [15/Sep/2012:16:11:12 +0200] "GET /robots.txt HTTP/1.1" 404 - "-" "Mozilla/5.0 (compatible; bingbot/2.0; +http://www.bing.com/bingbot.htm)"
157.55.33.18 - - [15/Sep/2012:17:12:37 +0200] "GET /robots.txt HTTP/1.1" 404 - "-" "Mozilla/5.0 (compatible; bingbot/2.0; +http://www.bing.com/bingbot.htm)"
157.55.35.53 - - [15/Sep/2012:17:26:27 +0200] "GET / HTTP/1.1" 200 4606 "-" "Mozilla/5.0 (compatible; bingbot/2.0; +http://www.bing.com/bingbot.htm)"
157.55.33.18 - - [15/Sep/2012:17:43:28 +0200] "GET /spektrum.html HTTP/1.1" 200 4541 "-" "Mozilla/5.0 (compatible; bingbot/2.0; +http://www.bing.com/bingbot.htm)"
157.55.33.18 - - [15/Sep/2012:17:49:29 +0200] "GET /referenz.html HTTP/1.1" 200 10668 "-" "Mozilla/5.0 (compatible; bingbot/2.0; +http://www.bing.com/bingbot.htm)"
157.55.35.53 - - [15/Sep/2012:18:16:27 +0200] "GET / HTTP/1.1" 200 4606 "-" "Mozilla/5.0 (compatible; bingbot/2.0; +http://www.bing.com/bingbot.htm)"
157.55.35.53 - - [15/Sep/2012:18:54:48 +0200] "GET /robots.txt HTTP/1.1" 404 - "-" "Mozilla/5.0 (compatible; bingbot/2.0; +http://www.bing.com/bingbot.htm)"
157.55.35.53 - - [15/Sep/2012:18:56:36 +0200] "GET / HTTP/1.1" 200 4606 "-" "Mozilla/5.0 (compatible; bingbot/2.0; +http://www.bing.com/bingbot.htm)"
157.55.35.53 - - [15/Sep/2012:19:19:25 +0200] "GET / HTTP/1.1" 200 4606 "-" "Mozilla/5.0 (compatible; bingbot/2.0; +http://www.bing.com/bingbot.htm)"
208.115.111.69 - - [15/Sep/2012:22:38:15 +0200] "GET /robots.txt HTTP/1.1" 404 - "-" "Mozilla/5.0 (compatible; Ezooms/1.0; ezooms.bot@gmail.com)"
157.55.35.53 - - [15/Sep/2012:23:08:42 +0200] "GET /robots.txt HTTP/1.1" 404 - "-" "Mozilla/5.0 (compatible; bingbot/2.0; +http://www.bing.com/bingbot.htm)"
157.55.35.53 - - [15/Sep/2012:23:40:40 +0200] "GET / HTTP/1.1" 200 4606 "-" "Mozilla/5.0 (compatible; bingbot/2.0; +http://www.bing.com/bingbot.htm)"
66.249.66.115 - - [16/Sep/2012:01:47:16 +0200] "GET /robots.txt HTTP/1.1" 404 - "-" "Mozilla/5.0 (compatible; Googlebot/2.1; +http://www.google.com/bot.html)"
66.249.66.115 - - [16/Sep/2012:01:47:21 +0200] "GET / HTTP/1.1" 200 4606 "-" "Mozilla/5.0 (iPhone; U; CPU iPhone OS 4_1 like Mac OS X; en-us) AppleWebKit/532.9 (KHTML, like Gecko) Version/4.0.5 Mobile/8B117 Safari/6531.22.7 (compatible; Googlebot-Mobile/2.1; +http://www.google.com/bot.html)"
66.249.66.115 - - [16/Sep/2012:01:58:30 +0200] "GET /images/navi.jpg HTTP/1.1" 200 32635 "-" "Mozilla/5.0 (compatible; Googlebot/2.1; +http://www.google.com/bot.html)"
66.249.66.115 - - [16/Sep/2012:01:58:31 +0200] "GET /images/header.jpg HTTP/1.1" 200 10807 "-" "Mozilla/5.0 (compatible; Googlebot/2.1; +http://www.google.com/bot.html)"
66.249.66.115 - - [16/Sep/2012:01:58:32 +0200] "GET /images/footer.jpg HTTP/1.1" 200 5903 "-" "Mozilla/5.0 (compatible; Googlebot/2.1; +http://www.google.com/bot.html)"
66.249.66.115 - - [16/Sep/2012:01:58:32 +0200] "GET /css/style.css HTTP/1.1" 200 2439 "-" "Mozilla/5.0 (compatible; Googlebot/2.1; +http://www.google.com/bot.html)"
37.140.141.34 - - [16/Sep/2012:06:14:45 +0200] "GET /robots.txt HTTP/1.1" 404 - "-" "Mozilla/5.0 (compatible; YandexImages/3.0; +http://yandex.com/bots)"
178.77.126.55 - - [16/Sep/2012:20:10:26 +0200] "GET /robots.txt HTTP/1.1" 404 - "-" "Mozilla/5.0 (compatible; CareerBot/1.1; +http://www.career-x.de/bot.html)"
178.77.126.55 - - [16/Sep/2012:20:10:26 +0200] "GET / HTTP/1.1" 200 4606 "-" "Mozilla/5.0 (compatible; CareerBot/1.1; +http://www.career-x.de/bot.html)"
178.77.126.55 - - [16/Sep/2012:20:10:26 +0200] "GET /uns.html HTTP/1.1" 200 4398 "-" "Mozilla/5.0 (compatible; CareerBot/1.1; +http://www.career-x.de/bot.html)"
157.55.35.53 - - [16/Sep/2012:20:20:04 +0200] "GET /robots.txt HTTP/1.1" 404 - "-" "Mozilla/5.0 (compatible; bingbot/2.0; +http://www.bing.com/bingbot.htm)"
157.55.35.53 - - [16/Sep/2012:20:41:47 +0200] "GET / HTTP/1.1" 304 - "-" "Mozilla/5.0 (compatible; bingbot/2.0; +http://www.bing.com/bingbot.htm)"
208.115.111.69 - - [17/Sep/2012:02:31:54 +0200] "GET /robots.txt HTTP/1.1" 404 - "-" "Mozilla/5.0 (compatible; Ezooms/1.0; ezooms.bot@gmail.com)"
208.115.111.69 - - [17/Sep/2012:05:13:30 +0200] "GET /kontakt.html HTTP/1.1" 200 4451 "-" "Mozilla/5.0 (compatible; Ezooms/1.0; ezooms.bot@gmail.com)"
208.115.113.85 - - [17/Sep/2012:08:27:23 +0200] "GET /robots.txt HTTP/1.1" 404 - "-" "Mozilla/5.0 (compatible; Ezooms/1.0; ezooms.bot@gmail.com)"
208.115.113.85 - - [17/Sep/2012:10:36:23 +0200] "GET /uns.html HTTP/1.1" 200 4398 "-" "Mozilla/5.0 (compatible; Ezooms/1.0; ezooms.bot@gmail.com)"
66.249.72.200 - - [17/Sep/2012:20:22:49 +0200] "GET /robots.txt HTTP/1.1" 404 - "-" "Mozilla/5.0 (compatible; Googlebot/2.1; +http://www.google.com/bot.html)"
66.249.72.200 - - [17/Sep/2012:20:22:50 +0200] "GET /kontakt.html HTTP/1.1" 304 - "-" "Mozilla/5.0 (iPhone; U; CPU iPhone OS 4_1 like Mac OS X; en-us) AppleWebKit/532.9 (KHTML, like Gecko) Version/4.0.5 Mobile/8B117 Safari/6531.22.7 (compatible; Googlebot-Mobile/2.1; +http://www.google.com/bot.html)"
157.55.33.112 - - [18/Sep/2012:01:14:32 +0200] "GET /robots.txt HTTP/1.1" 404 - "-" "Mozilla/5.0 (compatible; bingbot/2.0; +http://www.bing.com/bingbot.htm)"
157.55.33.112 - - [18/Sep/2012:01:17:24 +0200] "GET / HTTP/1.1" 200 4606 "-" "Mozilla/5.0 (compatible; bingbot/2.0; +http://www.bing.com/bingbot.htm)"
65.52.108.178 - - [18/Sep/2012:02:59:14 +0200] "GET /referenz.html HTTP/1.1" 200 10668 "-" "Mozilla/4.0 (compatible; MSIE 7.0; Windows NT 5.1; SV1; .NET CLR 1.1.4325; .NET CLR 2.0.40607; .NET CLR 3.0.30729; .NET CLR 3.5.30729)"
65.52.108.178 - - [18/Sep/2012:02:59:16 +0200] "GET /css/style.css HTTP/1.1" 200 2439 "http://www.mbingenieure.de/referenz.html" "Mozilla/4.0 (compatible; MSIE 7.0; Windows NT 5.1; SV1; .NET CLR 1.1.4325; .NET CLR 2.0.40607; .NET CLR 3.0.30729; .NET CLR 3.5.30729)"
65.52.108.178 - - [18/Sep/2012:02:59:17 +0200] "GET /js/libs/modernizr-2.5.3.min.js HTTP/1.1" 404 - "http://www.mbingenieure.de/referenz.html" "Mozilla/4.0 (compatible; MSIE 7.0; Windows NT 5.1; SV1; .NET CLR 1.1.4325; .NET CLR 2.0.40607; .NET CLR 3.0.30729; .NET CLR 3.5.30729)"
65.52.108.178 - - [18/Sep/2012:02:59:34 +0200] "GET /js/plugins.js HTTP/1.1" 404 - "http://www.mbingenieure.de/referenz.html" "Mozilla/4.0 (compatible; MSIE 7.0; Windows NT 5.1; SV1; .NET CLR 1.1.4325; .NET CLR 2.0.40607; .NET CLR 3.0.30729; .NET CLR 3.5.30729)"
66.249.72.203 - - [18/Sep/2012:06:59:29 +0200] "GET /robots.txt HTTP/1.1" 404 - "-" "Mozilla/5.0 (compatible; Googlebot/2.1; +http://www.google.com/bot.html)"
66.249.72.203 - - [18/Sep/2012:06:59:29 +0200] "GET /kontakt.html HTTP/1.1" 304 - "-" "Mozilla/5.0 (iPhone; U; CPU iPhone OS 4_1 like Mac OS X; en-us) AppleWebKit/532.9 (KHTML, like Gecko) Version/4.0.5 Mobile/8B117 Safari/6531.22.7 (compatible; Googlebot-Mobile/2.1; +http://www.google.com/bot.html)"
157.55.33.112 - - [18/Sep/2012:10:01:19 +0200] "GET /robots.txt HTTP/1.1" 404 - "-" "Mozilla/5.0 (compatible; bingbot/2.0; +http://www.bing.com/bingbot.htm)"
157.55.33.112 - - [18/Sep/2012:10:03:27 +0200] "GET / HTTP/1.1" 200 4606 "-" "Mozilla/5.0 (compatible; bingbot/2.0; +http://www.bing.com/bingbot.htm)"
157.55.33.77 - - [18/Sep/2012:12:28:15 +0200] "GET /robots.txt HTTP/1.1" 404 - "-" "Mozilla/5.0 (compatible; bingbot/2.0; +http://www.bing.com/bingbot.htm)"
157.55.33.77 - - [18/Sep/2012:13:46:29 +0200] "GET /referenz.html HTTP/1.1" 304 - "-" "Mozilla/5.0 (compatible; bingbot/2.0; +http://www.bing.com/bingbot.htm)"
65.55.24.237 - - [18/Sep/2012:14:59:37 +0200] "GET /robots.txt HTTP/1.1" 404 - "-" "Mozilla/5.0 (compatible; bingbot/2.0; +http://www.bing.com/bingbot.htm)"
65.55.24.237 - - [18/Sep/2012:15:10:45 +0200] "GET / HTTP/1.1" 200 4606 "-" "Mozilla/5.0 (compatible; bingbot/2.0; +http://www.bing.com/bingbot.htm)"
178.154.179.250 - - [18/Sep/2012:16:13:41 +0200] "GET /robots.txt HTTP/1.1" 404 - "-" "Mozilla/5.0 (compatible; YandexBot/3.0; +http://yandex.com/bots)"
66.249.72.203 - - [18/Sep/2012:19:06:45 +0200] "GET /robots.txt HTTP/1.1" 404 - "-" "Mozilla/5.0 (compatible; Googlebot/2.1; +http://www.google.com/bot.html)"
66.249.72.203 - - [18/Sep/2012:19:06:46 +0200] "GET /impressum.html HTTP/1.1" 304 - "-" "Mozilla/5.0 (compatible; Googlebot/2.1; +http://www.google.com/bot.html)"
178.154.179.250 - - [18/Sep/2012:20:45:55 +0200] "GET / HTTP/1.1" 200 4606 "-" "Mozilla/5.0 (compatible; YandexBot/3.0; +http://yandex.com/bots)"
65.55.24.237 - - [18/Sep/2012:21:57:17 +0200] "GET /robots.txt HTTP/1.1" 404 - "-" "Mozilla/5.0 (compatible; bingbot/2.0; +http://www.bing.com/bingbot.htm)"
65.55.24.237 - - [18/Sep/2012:22:56:32 +0200] "GET / HTTP/1.1" 200 4606 "-" "Mozilla/5.0 (compatible; bingbot/2.0; +http://www.bing.com/bingbot.htm)"
66.249.72.203 - - [19/Sep/2012:01:32:09 +0200] "GET /partner.html HTTP/1.1" 304 - "-" "Mozilla/5.0 (iPhone; U; CPU iPhone OS 4_1 like Mac OS X; en-us) AppleWebKit/532.9 (KHTML, like Gecko) Version/4.0.5 Mobile/8B117 Safari/6531.22.7 (compatible; Googlebot-Mobile/2.1; +http://www.google.com/bot.html)"
178.77.126.55 - - [19/Sep/2012:02:31:23 +0200] "GET /robots.txt HTTP/1.1" 404 - "-" "Mozilla/5.0 (compatible; CareerBot/1.1; +http://www.career-x.de/bot.html)"
178.77.126.55 - - [19/Sep/2012:02:31:23 +0200] "GET / HTTP/1.1" 200 4606 "-" "Mozilla/5.0 (compatible; CareerBot/1.1; +http://www.career-x.de/bot.html)"
178.77.126.55 - - [19/Sep/2012:02:31:23 +0200] "GET /uns.html HTTP/1.1" 200 4398 "-" "Mozilla/5.0 (compatible; CareerBot/1.1; +http://www.career-x.de/bot.html)"
66.249.72.203 - - [19/Sep/2012:04:29:56 +0200] "GET / HTTP/1.1" 304 - "-" "Mozilla/5.0 (compatible; Googlebot/2.1; +http://www.google.com/bot.html)"
65.55.24.237 - - [19/Sep/2012:05:09:04 +0200] "GET /robots.txt HTTP/1.1" 404 - "-" "Mozilla/5.0 (compatible; bingbot/2.0; +http://www.bing.com/bingbot.htm)"
65.55.24.237 - - [19/Sep/2012:05:24:51 +0200] "GET / HTTP/1.1" 200 4606 "-" "Mozilla/5.0 (compatible; bingbot/2.0; +http://www.bing.com/bingbot.htm)"
79.199.14.119 - - [19/Sep/2012:08:44:53 +0200] "GET / HTTP/1.1" 200 4606 "http://www.google.de/url?sa=t&rct=j&q=mb%20ingenieure&source=web&cd=3&sqi=2&ved=0CC0QFjAC&url=http%3A%2F%2Fwww.mbingenieure.de%2F&ei=xGlZUJSEF6Tf4QT414HwAg&usg=AFQjCNEyLqXMZj9hDUfmjIo04GBdDmaXCQ" "Mozilla/5.0 (compatible; MSIE 9.0; Windows NT 6.1; Win64; x64; Trident/5.0)"
79.199.14.119 - - [19/Sep/2012:08:44:54 +0200] "GET /css/style.css HTTP/1.1" 200 2439 "http://www.mbingenieure.de/" "Mozilla/5.0 (compatible; MSIE 9.0; Windows NT 6.1; Win64; x64; Trident/5.0)"
79.199.14.119 - - [19/Sep/2012:08:44:54 +0200] "GET /js/libs/modernizr-2.5.3.min.js HTTP/1.1" 404 - "http://www.mbingenieure.de/" "Mozilla/5.0 (compatible; MSIE 9.0; Windows NT 6.1; Win64; x64; Trident/5.0)"
79.199.14.119 - - [19/Sep/2012:08:44:54 +0200] "GET /images/bild2.jpg HTTP/1.1" 200 14865 "http://www.mbingenieure.de/" "Mozilla/5.0 (compatible; MSIE 9.0; Windows NT 6.1; Win64; x64; Trident/5.0)"
79.199.14.119 - - [19/Sep/2012:08:44:54 +0200] "GET /images/footer.jpg HTTP/1.1" 200 5903 "http://www.mbingenieure.de/" "Mozilla/5.0 (compatible; MSIE 9.0; Windows NT 6.1; Win64; x64; Trident/5.0)"
79.199.14.119 - - [19/Sep/2012:08:44:54 +0200] "GET /images/bild4.jpg HTTP/1.1" 200 14402 "http://www.mbingenieure.de/" "Mozilla/5.0 (compatible; MSIE 9.0; Windows NT 6.1; Win64; x64; Trident/5.0)"
79.199.14.119 - - [19/Sep/2012:08:44:54 +0200] "GET /images/navi.jpg HTTP/1.1" 200 32635 "http://www.mbingenieure.de/" "Mozilla/5.0 (compatible; MSIE 9.0; Windows NT 6.1; Win64; x64; Trident/5.0)"
79.199.14.119 - - [19/Sep/2012:08:44:54 +0200] "GET /images/header.jpg HTTP/1.1" 200 10807 "http://www.mbingenieure.de/" "Mozilla/5.0 (compatible; MSIE 9.0; Windows NT 6.1; Win64; x64; Trident/5.0)"
79.199.14.119 - - [19/Sep/2012:08:44:54 +0200] "GET /js/plugins.js HTTP/1.1" 404 - "http://www.mbingenieure.de/" "Mozilla/5.0 (compatible; MSIE 9.0; Windows NT 6.1; Win64; x64; Trident/5.0)"
79.199.14.119 - - [19/Sep/2012:08:44:54 +0200] "GET /images/bild3.png HTTP/1.1" 200 48627 "http://www.mbingenieure.de/" "Mozilla/5.0 (compatible; MSIE 9.0; Windows NT 6.1; Win64; x64; Trident/5.0)"
79.199.14.119 - - [19/Sep/2012:08:44:55 +0200] "GET /favicon.ico HTTP/1.1" 200 93062 "-" "Mozilla/5.0 (compatible; MSIE 9.0; Windows NT 6.1; Win64; x64; Trident/5.0)"
79.199.14.119 - - [19/Sep/2012:08:45:00 +0200] "GET /uns.html HTTP/1.1" 200 4398 "http://www.mbingenieure.de/" "Mozilla/5.0 (compatible; MSIE 9.0; Windows NT 6.1; Win64; x64; Trident/5.0)"
79.199.14.119 - - [19/Sep/2012:08:45:00 +0200] "GET /js/libs/modernizr-2.5.3.min.js HTTP/1.1" 404 - "http://www.mbingenieure.de/uns.html" "Mozilla/5.0 (compatible; MSIE 9.0; Windows NT 6.1; Win64; x64; Trident/5.0)"
79.199.14.119 - - [19/Sep/2012:08:45:01 +0200] "GET /js/plugins.js HTTP/1.1" 404 - "http://www.mbingenieure.de/uns.html" "Mozilla/5.0 (compatible; MSIE 9.0; Windows NT 6.1; Win64; x64; Trident/5.0)"
79.199.14.119 - - [19/Sep/2012:08:45:06 +0200] "GET /spektrum.html HTTP/1.1" 200 4541 "http://www.mbingenieure.de/uns.html" "Mozilla/5.0 (compatible; MSIE 9.0; Windows NT 6.1; Win64; x64; Trident/5.0)"
79.199.14.119 - - [19/Sep/2012:08:45:06 +0200] "GET /js/libs/modernizr-2.5.3.min.js HTTP/1.1" 404 - "http://www.mbingenieure.de/spektrum.html" "Mozilla/5.0 (compatible; MSIE 9.0; Windows NT 6.1; Win64; x64; Trident/5.0)"
79.199.14.119 - - [19/Sep/2012:08:45:06 +0200] "GET /js/plugins.js HTTP/1.1" 404 - "http://www.mbingenieure.de/spektrum.html" "Mozilla/5.0 (compatible; MSIE 9.0; Windows NT 6.1; Win64; x64; Trident/5.0)"
79.199.14.119 - - [19/Sep/2012:08:45:08 +0200] "GET /referenz.html HTTP/1.1" 200 10668 "http://www.mbingenieure.de/spektrum.html" "Mozilla/5.0 (compatible; MSIE 9.0; Windows NT 6.1; Win64; x64; Trident/5.0)"
79.199.14.119 - - [19/Sep/2012:08:45:08 +0200] "GET /js/libs/modernizr-2.5.3.min.js HTTP/1.1" 404 - "http://www.mbingenieure.de/referenz.html" "Mozilla/5.0 (compatible; MSIE 9.0; Windows NT 6.1; Win64; x64; Trident/5.0)"
79.199.14.119 - - [19/Sep/2012:08:45:08 +0200] "GET /js/plugins.js HTTP/1.1" 404 - "http://www.mbingenieure.de/referenz.html" "Mozilla/5.0 (compatible; MSIE 9.0; Windows NT 6.1; Win64; x64; Trident/5.0)"
79.199.14.119 - - [19/Sep/2012:08:45:19 +0200] "GET /js/libs/modernizr-2.5.3.min.js HTTP/1.1" 404 - "http://www.mbingenieure.de/spektrum.html" "Mozilla/5.0 (compatible; MSIE 9.0; Windows NT 6.1; Win64; x64; Trident/5.0)"
79.199.14.119 - - [19/Sep/2012:08:45:19 +0200] "GET /js/plugins.js HTTP/1.1" 404 - "http://www.mbingenieure.de/spektrum.html" "Mozilla/5.0 (compatible; MSIE 9.0; Windows NT 6.1; Win64; x64; Trident/5.0)"
79.199.14.119 - - [19/Sep/2012:08:45:20 +0200] "GET /js/libs/modernizr-2.5.3.min.js HTTP/1.1" 404 - "http://www.mbingenieure.de/uns.html" "Mozilla/5.0 (compatible; MSIE 9.0; Windows NT 6.1; Win64; x64; Trident/5.0)"
79.199.14.119 - - [19/Sep/2012:08:45:20 +0200] "GET /js/plugins.js HTTP/1.1" 404 - "http://www.mbingenieure.de/uns.html" "Mozilla/5.0 (compatible; MSIE 9.0; Windows NT 6.1; Win64; x64; Trident/5.0)"
79.199.14.119 - - [19/Sep/2012:08:45:21 +0200] "GET /js/libs/modernizr-2.5.3.min.js HTTP/1.1" 404 - "http://www.mbingenieure.de/" "Mozilla/5.0 (compatible; MSIE 9.0; Windows NT 6.1; Win64; x64; Trident/5.0)"
79.199.14.119 - - [19/Sep/2012:08:45:21 +0200] "GET /js/plugins.js HTTP/1.1" 404 - "http://www.mbingenieure.de/" "Mozilla/5.0 (compatible; MSIE 9.0; Windows NT 6.1; Win64; x64; Trident/5.0)"
66.249.72.203 - - [19/Sep/2012:09:01:08 +0200] "GET /robots.txt HTTP/1.1" 404 - "-" "Mozilla/5.0 (compatible; Googlebot/2.1; +http://www.google.com/bot.html)"
66.249.72.203 - - [19/Sep/2012:09:01:08 +0200] "GET /spektrum.html HTTP/1.1" 304 - "-" "Mozilla/5.0 (compatible; Googlebot/2.1; +http://www.google.com/bot.html)"
178.154.179.250 - - [19/Sep/2012:09:10:47 +0200] "GET / HTTP/1.1" 200 4606 "-" "Mozilla/5.0 (compatible; YandexBot/3.0; +http://yandex.com/bots)"
66.249.72.203 - - [19/Sep/2012:09:38:25 +0200] "GET /referenz.html HTTP/1.1" 304 - "-" "Mozilla/5.0 (compatible; Googlebot/2.1; +http://www.google.com/bot.html)"
217.110.6.202 - - [19/Sep/2012:12:08:16 +0200] "GET / HTTP/1.1" 200 4606 "-" "Mozilla/5.0 (Windows NT 6.1; WOW64; rv:15.0) Gecko/20100101 Firefox/15.0.1"
217.110.6.202 - - [19/Sep/2012:12:08:16 +0200] "GET /js/libs/modernizr-2.5.3.min.js HTTP/1.1" 404 - "http://www.mbingenieure.de/" "Mozilla/5.0 (Windows NT 6.1; WOW64; rv:15.0) Gecko/20100101 Firefox/15.0.1"
217.110.6.202 - - [19/Sep/2012:12:08:16 +0200] "GET /css/style.css HTTP/1.1" 200 2439 "http://www.mbingenieure.de/" "Mozilla/5.0 (Windows NT 6.1; WOW64; rv:15.0) Gecko/20100101 Firefox/15.0.1"
217.110.6.202 - - [19/Sep/2012:12:08:16 +0200] "GET /images/bild2.jpg HTTP/1.1" 200 14865 "http://www.mbingenieure.de/" "Mozilla/5.0 (Windows NT 6.1; WOW64; rv:15.0) Gecko/20100101 Firefox/15.0.1"
217.110.6.202 - - [19/Sep/2012:12:08:16 +0200] "GET /images/bild4.jpg HTTP/1.1" 200 14402 "http://www.mbingenieure.de/" "Mozilla/5.0 (Windows NT 6.1; WOW64; rv:15.0) Gecko/20100101 Firefox/15.0.1"
217.110.6.202 - - [19/Sep/2012:12:08:16 +0200] "GET /js/plugins.js HTTP/1.1" 404 - "http://www.mbingenieure.de/" "Mozilla/5.0 (Windows NT 6.1; WOW64; rv:15.0) Gecko/20100101 Firefox/15.0.1"
217.110.6.202 - - [19/Sep/2012:12:08:16 +0200] "GET /images/footer.jpg HTTP/1.1" 200 5903 "http://www.mbingenieure.de/css/style.css" "Mozilla/5.0 (Windows NT 6.1; WOW64; rv:15.0) Gecko/20100101 Firefox/15.0.1"
217.110.6.202 - - [19/Sep/2012:12:08:16 +0200] "GET /images/header.jpg HTTP/1.1" 200 10807 "http://www.mbingenieure.de/css/style.css" "Mozilla/5.0 (Windows NT 6.1; WOW64; rv:15.0) Gecko/20100101 Firefox/15.0.1"
217.110.6.202 - - [19/Sep/2012:12:08:16 +0200] "GET /images/navi.jpg HTTP/1.1" 200 32635 "http://www.mbingenieure.de/css/style.css" "Mozilla/5.0 (Windows NT 6.1; WOW64; rv:15.0) Gecko/20100101 Firefox/15.0.1"
217.110.6.202 - - [19/Sep/2012:12:08:16 +0200] "GET /js/plugins.js HTTP/1.1" 404 - "http://www.mbingenieure.de/" "Mozilla/5.0 (Windows NT 6.1; WOW64; rv:15.0) Gecko/20100101 Firefox/15.0.1"
217.110.6.202 - - [19/Sep/2012:12:08:16 +0200] "GET /images/bild3.png HTTP/1.1" 200 48627 "http://www.mbingenieure.de/" "Mozilla/5.0 (Windows NT 6.1; WOW64; rv:15.0) Gecko/20100101 Firefox/15.0.1"
217.110.6.202 - - [19/Sep/2012:12:08:17 +0200] "GET /favicon.ico HTTP/1.1" 200 93062 "-" "Mozilla/5.0 (Windows NT 6.1; WOW64; rv:15.0) Gecko/20100101 Firefox/15.0.1"
217.110.6.202 - - [19/Sep/2012:12:08:52 +0200] "GET /uns.html HTTP/1.1" 200 4398 "http://www.mbingenieure.de/" "Mozilla/5.0 (Windows NT 6.1; WOW64; rv:15.0) Gecko/20100101 Firefox/15.0.1"
217.110.6.202 - - [19/Sep/2012:12:08:52 +0200] "GET /js/libs/modernizr-2.5.3.min.js HTTP/1.1" 404 - "http://www.mbingenieure.de/uns.html" "Mozilla/5.0 (Windows NT 6.1; WOW64; rv:15.0) Gecko/20100101 Firefox/15.0.1"
217.110.6.202 - - [19/Sep/2012:12:08:52 +0200] "GET /js/plugins.js HTTP/1.1" 404 - "http://www.mbingenieure.de/uns.html" "Mozilla/5.0 (Windows NT 6.1; WOW64; rv:15.0) Gecko/20100101 Firefox/15.0.1"
217.110.6.202 - - [19/Sep/2012:12:09:15 +0200] "GET /spektrum.html HTTP/1.1" 200 4541 "http://www.mbingenieure.de/uns.html" "Mozilla/5.0 (Windows NT 6.1; WOW64; rv:15.0) Gecko/20100101 Firefox/15.0.1"
217.110.6.202 - - [19/Sep/2012:12:09:15 +0200] "GET /js/libs/modernizr-2.5.3.min.js HTTP/1.1" 404 - "http://www.mbingenieure.de/spektrum.html" "Mozilla/5.0 (Windows NT 6.1; WOW64; rv:15.0) Gecko/20100101 Firefox/15.0.1"
217.110.6.202 - - [19/Sep/2012:12:09:15 +0200] "GET /js/plugins.js HTTP/1.1" 404 - "http://www.mbingenieure.de/spektrum.html" "Mozilla/5.0 (Windows NT 6.1; WOW64; rv:15.0) Gecko/20100101 Firefox/15.0.1"
217.110.6.202 - - [19/Sep/2012:12:09:32 +0200] "GET /referenz.html HTTP/1.1" 200 10668 "http://www.mbingenieure.de/spektrum.html" "Mozilla/5.0 (Windows NT 6.1; WOW64; rv:15.0) Gecko/20100101 Firefox/15.0.1"
217.110.6.202 - - [19/Sep/2012:12:09:32 +0200] "GET /js/libs/modernizr-2.5.3.min.js HTTP/1.1" 404 - "http://www.mbingenieure.de/referenz.html" "Mozilla/5.0 (Windows NT 6.1; WOW64; rv:15.0) Gecko/20100101 Firefox/15.0.1"
217.110.6.202 - - [19/Sep/2012:12:09:32 +0200] "GET /js/plugins.js HTTP/1.1" 404 - "http://www.mbingenieure.de/referenz.html" "Mozilla/5.0 (Windows NT 6.1; WOW64; rv:15.0) Gecko/20100101 Firefox/15.0.1"
217.110.6.202 - - [19/Sep/2012:12:09:53 +0200] "GET /partner.html HTTP/1.1" 200 4485 "http://www.mbingenieure.de/referenz.html" "Mozilla/5.0 (Windows NT 6.1; WOW64; rv:15.0) Gecko/20100101 Firefox/15.0.1"
217.110.6.202 - - [19/Sep/2012:12:09:53 +0200] "GET /js/libs/modernizr-2.5.3.min.js HTTP/1.1" 404 - "http://www.mbingenieure.de/partner.html" "Mozilla/5.0 (Windows NT 6.1; WOW64; rv:15.0) Gecko/20100101 Firefox/15.0.1"
217.110.6.202 - - [19/Sep/2012:12:09:53 +0200] "GET /js/plugins.js HTTP/1.1" 404 - "http://www.mbingenieure.de/partner.html" "Mozilla/5.0 (Windows NT 6.1; WOW64; rv:15.0) Gecko/20100101 Firefox/15.0.1"
217.110.6.202 - - [19/Sep/2012:12:11:06 +0200] "GET /impressum.html HTTP/1.1" 200 5721 "http://www.mbingenieure.de/partner.html" "Mozilla/5.0 (Windows NT 6.1; WOW64; rv:15.0) Gecko/20100101 Firefox/15.0.1"
217.110.6.202 - - [19/Sep/2012:12:11:07 +0200] "GET /js/libs/modernizr-2.5.3.min.js HTTP/1.1" 404 - "http://www.mbingenieure.de/impressum.html" "Mozilla/5.0 (Windows NT 6.1; WOW64; rv:15.0) Gecko/20100101 Firefox/15.0.1"
217.110.6.202 - - [19/Sep/2012:12:11:07 +0200] "GET /js/plugins.js HTTP/1.1" 404 - "http://www.mbingenieure.de/impressum.html" "Mozilla/5.0 (Windows NT 6.1; WOW64; rv:15.0) Gecko/20100101 Firefox/15.0.1"
217.110.6.202 - - [19/Sep/2012:12:11:28 +0200] "GET /js/libs/modernizr-2.5.3.min.js HTTP/1.1" 404 - "http://www.mbingenieure.de/spektrum.html" "Mozilla/5.0 (Windows NT 6.1; WOW64; rv:15.0) Gecko/20100101 Firefox/15.0.1"
217.110.6.202 - - [19/Sep/2012:12:11:28 +0200] "GET /js/plugins.js HTTP/1.1" 404 - "http://www.mbingenieure.de/spektrum.html" "Mozilla/5.0 (Windows NT 6.1; WOW64; rv:15.0) Gecko/20100101 Firefox/15.0.1"
217.110.6.202 - - [19/Sep/2012:12:11:34 +0200] "GET /index.html HTTP/1.1" 200 4606 "http://www.mbingenieure.de/spektrum.html" "Mozilla/5.0 (Windows NT 6.1; WOW64; rv:15.0) Gecko/20100101 Firefox/15.0.1"
217.110.6.202 - - [19/Sep/2012:12:11:35 +0200] "GET /js/libs/modernizr-2.5.3.min.js HTTP/1.1" 404 - "http://www.mbingenieure.de/index.html" "Mozilla/5.0 (Windows NT 6.1; WOW64; rv:15.0) Gecko/20100101 Firefox/15.0.1"
217.110.6.202 - - [19/Sep/2012:12:11:35 +0200] "GET /js/plugins.js HTTP/1.1" 404 - "http://www.mbingenieure.de/index.html" "Mozilla/5.0 (Windows NT 6.1; WOW64; rv:15.0) Gecko/20100101 Firefox/15.0.1"
217.110.6.202 - - [19/Sep/2012:12:11:49 +0200] "GET /js/libs/modernizr-2.5.3.min.js HTTP/1.1" 404 - "http://www.mbingenieure.de/spektrum.html" "Mozilla/5.0 (Windows NT 6.1; WOW64; rv:15.0) Gecko/20100101 Firefox/15.0.1"
217.110.6.202 - - [19/Sep/2012:12:11:49 +0200] "GET /js/plugins.js HTTP/1.1" 404 - "http://www.mbingenieure.de/spektrum.html" "Mozilla/5.0 (Windows NT 6.1; WOW64; rv:15.0) Gecko/20100101 Firefox/15.0.1"
217.110.6.202 - - [19/Sep/2012:12:11:51 +0200] "GET /js/libs/modernizr-2.5.3.min.js HTTP/1.1" 404 - "http://www.mbingenieure.de/referenz.html" "Mozilla/5.0 (Windows NT 6.1; WOW64; rv:15.0) Gecko/20100101 Firefox/15.0.1"
217.110.6.202 - - [19/Sep/2012:12:11:51 +0200] "GET /js/plugins.js HTTP/1.1" 404 - "http://www.mbingenieure.de/referenz.html" "Mozilla/5.0 (Windows NT 6.1; WOW64; rv:15.0) Gecko/20100101 Firefox/15.0.1"
65.55.24.237 - - [19/Sep/2012:12:46:58 +0200] "GET /robots.txt HTTP/1.1" 404 - "-" "Mozilla/5.0 (compatible; bingbot/2.0; +http://www.bing.com/bingbot.htm)"
65.55.24.237 - - [19/Sep/2012:13:02:46 +0200] "GET / HTTP/1.1" 200 4606 "-" "Mozilla/5.0 (compatible; bingbot/2.0; +http://www.bing.com/bingbot.htm)"
178.154.179.250 - - [19/Sep/2012:16:10:28 +0200] "GET /robots.txt HTTP/1.1" 404 - "-" "Mozilla/5.0 (compatible; YandexBot/3.0; +http://yandex.com/bots)"
5.9.25.84 - - [19/Sep/2012:19:10:55 +0200] "GET /robots.txt HTTP/1.1" 404 - "-" "Pixray-Seeker/2.0 (Pixray-Seeker; http://www.pixray.com/pixraybot; crawler@pixray.com)"
5.9.25.84 - - [19/Sep/2012:19:10:55 +0200] "GET /button1.jpg HTTP/1.1" 404 - "-" "Pixray-Seeker/2.0 (Pixray-Seeker; http://www.pixray.com/pixraybot; crawler@pixray.com)"
65.55.24.237 - - [19/Sep/2012:20:17:53 +0200] "GET /robots.txt HTTP/1.1" 404 - "-" "Mozilla/5.0 (compatible; bingbot/2.0; +http://www.bing.com/bingbot.htm)"
65.55.24.237 - - [19/Sep/2012:20:20:26 +0200] "GET / HTTP/1.1" 200 4606 "-" "Mozilla/5.0 (compatible; bingbot/2.0; +http://www.bing.com/bingbot.htm)"
178.154.179.250 - - [19/Sep/2012:22:55:33 +0200] "GET / HTTP/1.1" 200 4606 "-" "Mozilla/5.0 (compatible; YandexBot/3.0; +http://yandex.com/bots)"
208.115.111.69 - - [20/Sep/2012:02:26:35 +0200] "GET /robots.txt HTTP/1.1" 404 - "-" "Mozilla/5.0 (compatible; Ezooms/1.0; ezooms.bot@gmail.com)"
65.55.24.237 - - [20/Sep/2012:02:43:20 +0200] "GET /robots.txt HTTP/1.1" 404 - "-" "Mozilla/5.0 (compatible; bingbot/2.0; +http://www.bing.com/bingbot.htm)"
65.55.24.237 - - [20/Sep/2012:03:10:20 +0200] "GET / HTTP/1.1" 200 4606 "-" "Mozilla/5.0 (compatible; bingbot/2.0; +http://www.bing.com/bingbot.htm)"
65.55.24.237 - - [20/Sep/2012:10:21:50 +0200] "GET /robots.txt HTTP/1.1" 404 - "-" "Mozilla/5.0 (compatible; bingbot/2.0; +http://www.bing.com/bingbot.htm)"
65.55.24.237 - - [20/Sep/2012:11:45:26 +0200] "GET / HTTP/1.1" 200 4606 "-" "Mozilla/5.0 (compatible; bingbot/2.0; +http://www.bing.com/bingbot.htm)"
65.55.24.237 - - [20/Sep/2012:16:52:15 +0200] "GET /robots.txt HTTP/1.1" 404 - "-" "Mozilla/5.0 (compatible; bingbot/2.0; +http://www.bing.com/bingbot.htm)"
65.55.24.237 - - [20/Sep/2012:17:28:46 +0200] "GET / HTTP/1.1" 200 4606 "-" "Mozilla/5.0 (compatible; bingbot/2.0; +http://www.bing.com/bingbot.htm)"
65.55.24.237 - - [20/Sep/2012:17:49:33 +0200] "GET /robots.txt HTTP/1.1" 404 - "-" "Mozilla/5.0 (compatible; bingbot/2.0; +http://www.bing.com/bingbot.htm)"
65.55.24.237 - - [20/Sep/2012:18:34:38 +0200] "GET / HTTP/1.1" 200 4606 "-" "Mozilla/5.0 (compatible; bingbot/2.0; +http://www.bing.com/bingbot.htm)"
157.55.32.149 - - [20/Sep/2012:18:35:26 +0200] "GET /spektrum.html HTTP/1.1" 304 - "-" "Mozilla/5.0 (compatible; bingbot/2.0; +http://www.bing.com/bingbot.htm)"
178.77.126.55 - - [20/Sep/2012:22:20:00 +0200] "GET /robots.txt HTTP/1.1" 404 - "-" "Mozilla/5.0 (compatible; CareerBot/1.1; +http://www.career-x.de/bot.html)"
178.77.126.55 - - [20/Sep/2012:22:20:00 +0200] "GET / HTTP/1.1" 200 4606 "-" "Mozilla/5.0 (compatible; CareerBot/1.1; +http://www.career-x.de/bot.html)"
178.77.126.55 - - [20/Sep/2012:22:20:00 +0200] "GET /uns.html HTTP/1.1" 200 4398 "-" "Mozilla/5.0 (compatible; CareerBot/1.1; +http://www.career-x.de/bot.html)"
65.55.24.237 - - [21/Sep/2012:00:14:12 +0200] "GET /robots.txt HTTP/1.1" 404 - "-" "Mozilla/5.0 (compatible; bingbot/2.0; +http://www.bing.com/bingbot.htm)"
66.249.72.203 - - [21/Sep/2012:00:26:38 +0200] "GET /robots.txt HTTP/1.1" 404 - "-" "Mozilla/5.0 (compatible; Googlebot/2.1; +http://www.google.com/bot.html)"
66.249.72.203 - - [21/Sep/2012:00:26:38 +0200] "GET /partner.html HTTP/1.1" 304 - "-" "Mozilla/5.0 (compatible; Googlebot/2.1; +http://www.google.com/bot.html)"
66.249.72.203 - - [21/Sep/2012:00:42:25 +0200] "GET / HTTP/1.1" 304 - "-" "Mozilla/5.0 (compatible; Googlebot/2.1; +http://www.google.com/bot.html)"
65.55.24.237 - - [21/Sep/2012:01:08:13 +0200] "GET / HTTP/1.1" 200 4606 "-" "Mozilla/5.0 (compatible; bingbot/2.0; +http://www.bing.com/bingbot.htm)"
65.55.24.237 - - [21/Sep/2012:02:41:51 +0200] "GET /robots.txt HTTP/1.1" 404 - "-" "Mozilla/5.0 (compatible; bingbot/2.0; +http://www.bing.com/bingbot.htm)"
66.249.72.203 - - [21/Sep/2012:05:54:54 +0200] "GET /uns.html HTTP/1.1" 200 4398 "-" "Mozilla/5.0 (compatible; Googlebot/2.1; +http://www.google.com/bot.html)"
66.249.72.203 - - [21/Sep/2012:06:06:50 +0200] "GET /kontakt.html HTTP/1.1" 304 - "-" "Mozilla/5.0 (compatible; Googlebot/2.1; +http://www.google.com/bot.html)"
66.249.72.203 - - [21/Sep/2012:06:55:11 +0200] "GET /kontakt.html HTTP/1.1" 304 - "-" "Mozilla/5.0 (compatible; Googlebot/2.1; +http://www.google.com/bot.html)"
65.55.24.237 - - [21/Sep/2012:07:20:32 +0200] "GET /robots.txt HTTP/1.1" 404 - "-" "Mozilla/5.0 (compatible; bingbot/2.0; +http://www.bing.com/bingbot.htm)"
65.55.24.237 - - [21/Sep/2012:09:06:13 +0200] "GET / HTTP/1.1" 200 4606 "-" "Mozilla/5.0 (compatible; bingbot/2.0; +http://www.bing.com/bingbot.htm)"
66.249.72.203 - - [21/Sep/2012:10:51:54 +0200] "GET /robots.txt HTTP/1.1" 404 - "-" "Mozilla/5.0 (compatible; Googlebot/2.1; +http://www.google.com/bot.html)"
66.249.72.203 - - [21/Sep/2012:10:51:54 +0200] "GET /impressum.html HTTP/1.1" 304 - "-" "Mozilla/5.0 (compatible; Googlebot/2.1; +http://www.google.com/bot.html)"
66.249.72.203 - - [21/Sep/2012:11:18:05 +0200] "GET /referenz.html HTTP/1.1" 304 - "-" "Mozilla/5.0 (compatible; Googlebot/2.1; +http://www.google.com/bot.html)"
65.55.24.237 - - [21/Sep/2012:14:40:59 +0200] "GET /robots.txt HTTP/1.1" 404 - "-" "Mozilla/5.0 (compatible; bingbot/2.0; +http://www.bing.com/bingbot.htm)"
65.55.24.237 - - [21/Sep/2012:16:35:24 +0200] "GET / HTTP/1.1" 200 4606 "-" "Mozilla/5.0 (compatible; bingbot/2.0; +http://www.bing.com/bingbot.htm)"
65.55.24.237 - - [21/Sep/2012:18:16:49 +0200] "GET /robots.txt HTTP/1.1" 404 - "-" "Mozilla/5.0 (compatible; bingbot/2.0; +http://www.bing.com/bingbot.htm)"
65.55.24.237 - - [21/Sep/2012:18:19:23 +0200] "GET / HTTP/1.1" 200 4606 "-" "Mozilla/5.0 (compatible; bingbot/2.0; +http://www.bing.com/bingbot.htm)"
65.55.24.237 - - [21/Sep/2012:21:56:55 +0200] "GET /robots.txt HTTP/1.1" 404 - "-" "Mozilla/5.0 (compatible; bingbot/2.0; +http://www.bing.com/bingbot.htm)"
65.55.24.237 - - [21/Sep/2012:22:16:28 +0200] "GET / HTTP/1.1" 200 4606 "-" "Mozilla/5.0 (compatible; bingbot/2.0; +http://www.bing.com/bingbot.htm)"
66.249.72.203 - - [21/Sep/2012:22:43:15 +0200] "GET /robots.txt HTTP/1.1" 404 - "-" "Mozilla/5.0 (compatible; Googlebot/2.1; +http://www.google.com/bot.html)"
66.249.72.203 - - [21/Sep/2012:22:43:16 +0200] "GET /spektrum.html HTTP/1.1" 304 - "-" "Mozilla/5.0 (compatible; Googlebot/2.1; +http://www.google.com/bot.html)"
66.249.72.203 - - [21/Sep/2012:22:45:18 +0200] "GET / HTTP/1.1" 304 - "-" "Mozilla/5.0 (compatible; Googlebot/2.1; +http://www.google.com/bot.html)"
66.249.72.203 - - [21/Sep/2012:22:54:18 +0200] "GET /partner.html HTTP/1.1" 304 - "-" "Mozilla/5.0 (compatible; Googlebot/2.1; +http://www.google.com/bot.html)"
5.9.25.82 - - [21/Sep/2012:23:24:48 +0200] "GET /robots.txt HTTP/1.1" 404 - "-" "Pixray-Seeker/2.0 (Pixray-Seeker; http://www.pixray.com/pixraybot; crawler@pixray.com)"
5.9.25.82 - - [21/Sep/2012:23:24:48 +0200] "GET /index.html HTTP/1.1" 200 4606 "-" "Pixray-Seeker/2.0 (Pixray-Seeker; http://www.pixray.com/pixraybot; crawler@pixray.com)"
65.55.24.237 - - [22/Sep/2012:04:51:51 +0200] "GET /robots.txt HTTP/1.1" 404 - "-" "Mozilla/5.0 (compatible; bingbot/2.0; +http://www.bing.com/bingbot.htm)"
65.55.24.237 - - [22/Sep/2012:05:02:27 +0200] "GET / HTTP/1.1" 200 4606 "-" "Mozilla/5.0 (compatible; bingbot/2.0; +http://www.bing.com/bingbot.htm)"
78.54.27.128 - - [22/Sep/2012:07:37:01 +0200] "GET / HTTP/1.1" 200 4606 "-" "Jakarta Commons-HttpClient/3.1"
78.54.27.128 - - [22/Sep/2012:07:37:01 +0200] "GET /impressum.html HTTP/1.1" 200 5721 "-" "Jakarta Commons-HttpClient/3.1"
65.55.24.237 - - [22/Sep/2012:12:09:32 +0200] "GET /robots.txt HTTP/1.1" 404 - "-" "Mozilla/5.0 (compatible; bingbot/2.0; +http://www.bing.com/bingbot.htm)"
178.154.179.250 - - [22/Sep/2012:12:40:41 +0200] "GET /robots.txt HTTP/1.1" 404 - "-" "Mozilla/5.0 (compatible; YandexBot/3.0; +http://yandex.com/bots)"
65.55.24.237 - - [22/Sep/2012:14:29:24 +0200] "GET / HTTP/1.1" 200 4606 "-" "Mozilla/5.0 (compatible; bingbot/2.0; +http://www.bing.com/bingbot.htm)"
157.56.93.202 - - [22/Sep/2012:15:02:57 +0200] "GET /robots.txt HTTP/1.1" 404 - "-" "Mozilla/5.0 (compatible; bingbot/2.0; +http://www.bing.com/bingbot.htm)"
157.56.93.202 - - [22/Sep/2012:15:09:26 +0200] "GET /referenz.html HTTP/1.1" 304 - "-" "Mozilla/5.0 (compatible; bingbot/2.0; +http://www.bing.com/bingbot.htm)"
5.9.25.69 - - [22/Sep/2012:15:13:24 +0200] "GET /robots.txt HTTP/1.1" 404 - "-" "Pixray-Seeker/2.0 (Pixray-Seeker; http://www.pixray.com/pixraybot; crawler@pixray.com)"
5.9.25.69 - - [22/Sep/2012:15:13:24 +0200] "GET /uns.html HTTP/1.1" 200 4398 "-" "Pixray-Seeker/2.0 (Pixray-Seeker; http://www.pixray.com/pixraybot; crawler@pixray.com)"
178.154.179.250 - - [22/Sep/2012:17:45:04 +0200] "GET / HTTP/1.1" 200 4606 "-" "Mozilla/5.0 (compatible; YandexBot/3.0; +http://yandex.com/bots)"
65.55.24.237 - - [22/Sep/2012:19:34:59 +0200] "GET /robots.txt HTTP/1.1" 404 - "-" "Mozilla/5.0 (compatible; bingbot/2.0; +http://www.bing.com/bingbot.htm)"
65.55.24.237 - - [22/Sep/2012:21:40:44 +0200] "GET / HTTP/1.1" 200 4606 "-" "Mozilla/5.0 (compatible; bingbot/2.0; +http://www.bing.com/bingbot.htm)"
178.77.126.55 - - [22/Sep/2012:22:15:27 +0200] "GET /robots.txt HTTP/1.1" 404 - "-" "Mozilla/5.0 (compatible; CareerBot/1.1; +http://www.career-x.de/bot.html)"
178.77.126.55 - - [22/Sep/2012:22:15:28 +0200] "GET / HTTP/1.1" 200 4606 "-" "Mozilla/5.0 (compatible; CareerBot/1.1; +http://www.career-x.de/bot.html)"
178.77.126.55 - - [22/Sep/2012:22:15:28 +0200] "GET /uns.html HTTP/1.1" 200 4398 "-" "Mozilla/5.0 (compatible; CareerBot/1.1; +http://www.career-x.de/bot.html)"
65.55.24.237 - - [23/Sep/2012:03:06:32 +0200] "GET /robots.txt HTTP/1.1" 404 - "-" "Mozilla/5.0 (compatible; bingbot/2.0; +http://www.bing.com/bingbot.htm)"
65.55.24.237 - - [23/Sep/2012:03:47:00 +0200] "GET / HTTP/1.1" 200 4606 "-" "Mozilla/5.0 (compatible; bingbot/2.0; +http://www.bing.com/bingbot.htm)"
66.249.72.203 - - [23/Sep/2012:07:16:08 +0200] "GET /robots.txt HTTP/1.1" 404 - "-" "Mozilla/5.0 (compatible; Googlebot/2.1; +http://www.google.com/bot.html)"
66.249.72.203 - - [23/Sep/2012:07:16:08 +0200] "GET /referenz.html HTTP/1.1" 304 - "-" "Mozilla/5.0 (iPhone; U; CPU iPhone OS 4_1 like Mac OS X; en-us) AppleWebKit/532.9 (KHTML, like Gecko) Version/4.0.5 Mobile/8B117 Safari/6531.22.7 (compatible; Googlebot-Mobile/2.1; +http://www.google.com/bot.html)"
157.56.93.202 - - [23/Sep/2012:08:23:56 +0200] "GET /robots.txt HTTP/1.1" 404 - "-" "Mozilla/5.0 (compatible; bingbot/2.0; +http://www.bing.com/bingbot.htm)"
