95.221.127.196 - - [01/Jun/2012:07:50:41 +0200] "GET / HTTP/1.1" 302 - "http://yandex.ru/yandsearch?text=Adresse+in+der+Adresszeile+des&lr=213" "Mozilla/4.0 (compatible; MSIE 6.0; Windows NT 5.1; SV1)"
95.108.128.242 - - [01/Jun/2012:21:59:40 +0200] "GET /robots.txt HTTP/1.1" 200 918 "-" "Mozilla/5.0 (compatible; YandexBot/3.0; +http://yandex.com/bots)"
95.108.128.242 - - [01/Jun/2012:21:59:42 +0200] "GET / HTTP/1.1" 302 - "-" "Mozilla/5.0 (compatible; YandexBot/3.0; +http://yandex.com/bots)"
64.246.165.150 - - [02/Jun/2012:01:21:29 +0200] "GET /robots.txt HTTP/1.0" 200 918 "-" "Mozilla/5.0 (Windows; U; Windows NT 5.1; en; rv:1.9.0.13) Gecko/2009073022 Firefox/3.5.2 (.NET CLR 3.5.30729) SurveyBot/2.3 (DomainTools)"
64.246.165.150 - - [02/Jun/2012:01:21:29 +0200] "GET / HTTP/1.1" 302 - "http://whois.domaintools.com/markenoele.com" "Mozilla/5.0 (Windows; U; Windows NT 5.1; en; rv:1.9.0.13) Gecko/2009073022 Firefox/3.5.2 (.NET CLR 3.5.30729) SurveyBot/2.3 (DomainTools)"
95.221.90.163 - - [02/Jun/2012:05:42:32 +0200] "GET / HTTP/1.0" 302 - "http://yandex.ru/yandsearch?text=Adresse+in+der+Adresszeile+des" "Mozilla/4.0 (compatible; MSIE 6.0; Windows NT 5.1; SV1)"
95.108.128.242 - - [02/Jun/2012:16:17:31 +0200] "GET / HTTP/1.1" 302 - "-" "Mozilla/5.0 (compatible; YandexBot/3.0; +http://yandex.com/bots)"
174.129.165.26 - - [02/Jun/2012:20:46:43 +0200] "GET / HTTP/1.0" 302 - "-" "Mozilla/5.0 (compatible; NetcraftSurveyAgent/1.0; +info@netcraft.com)"
95.221.72.207 - - [03/Jun/2012:07:29:15 +0200] "GET / HTTP/1.1" 302 - "http://yandex.ru/yandsearch?text=Adresse+in+der+Adresszeile+des&lr=213" "Mozilla/4.0 (compatible; MSIE 6.0; Windows NT 5.1; SV1)"
95.108.151.244 - - [03/Jun/2012:08:31:20 +0200] "GET /robots.txt HTTP/1.1" 200 918 "-" "Mozilla/5.0 (compatible; YandexBot/3.0; +http://yandex.com/bots)"
95.108.151.244 - - [03/Jun/2012:08:31:21 +0200] "GET / HTTP/1.1" 302 - "-" "Mozilla/5.0 (compatible; YandexBot/3.0; +http://yandex.com/bots)"
188.165.230.147 - - [03/Jun/2012:10:18:17 +0200] "GET /robots.txt HTTP/1.1" 200 918 "http://www.orangeask.com/" "Mozilla/4.0 (compatible; MSIE 7.0; Windows NT 5.1; Mozilla/4.0 (compatible; MSIE 6.0; Windows NT 5.1; SV1) ; .NET CLR 2.0.50727; .NET CLR 3.0.4506.2152; .NET CLR 3.5.30729)"
188.165.230.147 - - [03/Jun/2012:10:18:17 +0200] "GET / HTTP/1.1" 302 - "http://www.orangeask.com/" "Mozilla/4.0 (compatible; MSIE 7.0; Windows NT 5.1; Mozilla/4.0 (compatible; MSIE 6.0; Windows NT 5.1; SV1) ; .NET CLR 2.0.50727; .NET CLR 3.0.4506.2152; .NET CLR 3.5.30729)"
95.108.151.244 - - [03/Jun/2012:11:27:26 +0200] "GET /robots.txt HTTP/1.1" 200 918 "-" "Mozilla/5.0 (compatible; YandexBot/3.0; +http://yandex.com/bots)"
95.108.151.244 - - [03/Jun/2012:11:27:27 +0200] "GET / HTTP/1.1" 302 - "-" "Mozilla/5.0 (compatible; YandexBot/3.0; +http://yandex.com/bots)"
95.221.72.207 - - [03/Jun/2012:20:40:58 +0200] "GET / HTTP/1.0" 302 - "http://yandex.ru/yandsearch?text=Adresse+in+der+Adresszeile+des" "Mozilla/4.0 (compatible; MSIE 6.0; Windows NT 5.1; SV1)"
95.108.128.242 - - [04/Jun/2012:01:43:19 +0200] "GET /robots.txt HTTP/1.1" 200 918 "-" "Mozilla/5.0 (compatible; YandexBot/3.0; +http://yandex.com/bots)"
95.108.128.242 - - [04/Jun/2012:01:43:21 +0200] "GET / HTTP/1.1" 302 - "-" "Mozilla/5.0 (compatible; YandexBot/3.0; +http://yandex.com/bots)"
95.221.87.74 - - [05/Jun/2012:16:36:31 +0200] "GET / HTTP/1.0" 302 - "http://yandex.ru/yandsearch?text=Adresse+in+der+Adresszeile+des" "Mozilla/4.0 (compatible; MSIE 6.0; Windows NT 5.1; SV1)"
66.249.66.70 - - [06/Jun/2012:13:57:19 +0200] "GET /robots.txt HTTP/1.1" 200 918 "-" "Mozilla/5.0 (compatible; Googlebot/2.1; +http://www.google.com/bot.html)"
66.249.66.70 - - [06/Jun/2012:13:57:19 +0200] "GET / HTTP/1.1" 302 - "-" "Mozilla/5.0 (compatible; Googlebot/2.1; +http://www.google.com/bot.html)"
92.255.215.149 - - [06/Jun/2012:18:43:23 +0200] "GET / HTTP/1.1" 302 - "http://yandex.ru/yandsearch?text=Adresse+in+der+Adresszeile+des&lr=213" "Mozilla/4.0 (compatible; MSIE 6.0; Windows NT 5.1; SV1)"
188.165.230.147 - - [06/Jun/2012:21:06:09 +0200] "GET /robots.txt HTTP/1.1" 200 918 "http://www.orangeask.com/" "Mozilla/4.0 (compatible; MSIE 7.0; Windows NT 5.1; Mozilla/4.0 (compatible; MSIE 6.0; Windows NT 5.1; SV1) ; .NET CLR 2.0.50727; .NET CLR 3.0.4506.2152; .NET CLR 3.5.30729)"
188.165.230.147 - - [06/Jun/2012:21:06:09 +0200] "GET / HTTP/1.1" 302 - "http://www.orangeask.com/" "Mozilla/4.0 (compatible; MSIE 7.0; Windows NT 5.1; Mozilla/4.0 (compatible; MSIE 6.0; Windows NT 5.1; SV1) ; .NET CLR 2.0.50727; .NET CLR 3.0.4506.2152; .NET CLR 3.5.30729)"
178.154.179.250 - - [06/Jun/2012:23:54:26 +0200] "GET /robots.txt HTTP/1.1" 200 918 "-" "Mozilla/5.0 (compatible; YandexBot/3.0; +http://yandex.com/bots)"
178.154.179.250 - - [06/Jun/2012:23:54:28 +0200] "GET / HTTP/1.1" 302 - "-" "Mozilla/5.0 (compatible; YandexBot/3.0; +http://yandex.com/bots)"
37.112.6.122 - - [07/Jun/2012:09:06:48 +0200] "GET / HTTP/1.0" 302 - "http://yandex.ru/yandsearch?text=Adresse+in+der+Adresszeile+des" "Mozilla/4.0 (compatible; MSIE 6.0; Windows NT 5.1; SV1)"
37.112.7.5 - - [08/Jun/2012:01:23:34 +0200] "GET / HTTP/1.0" 302 - "http://yandex.ru/yandsearch?text=Adresse+in+der+Adresszeile+des" "Mozilla/4.0 (compatible; MSIE 6.0; Windows NT 5.1; SV1)"
46.73.36.134 - - [08/Jun/2012:08:19:12 +0200] "GET / HTTP/1.1" 302 - "http://yandex.ru/yandsearch?text=Adresse+in+der+Adresszeile+des&lr=213" "Opera/9.80 (Windows NT 5.1; U; ru) Presto/2.6.30 Version/10.62"
65.52.104.82 - - [08/Jun/2012:12:35:46 +0200] "GET /robots.txt HTTP/1.1" 200 918 "-" "Mozilla/5.0 (compatible; bingbot/2.0; +http://www.bing.com/bingbot.htm)"
65.52.104.82 - - [08/Jun/2012:12:36:19 +0200] "GET / HTTP/1.1" 302 - "-" "Mozilla/5.0 (compatible; bingbot/2.0; +http://www.bing.com/bingbot.htm)"
178.154.179.250 - - [08/Jun/2012:15:41:25 +0200] "GET /robots.txt HTTP/1.1" 200 918 "-" "Mozilla/5.0 (compatible; YandexBot/3.0; +http://yandex.com/bots)"
178.154.179.250 - - [08/Jun/2012:15:41:28 +0200] "GET / HTTP/1.1" 302 - "-" "Mozilla/5.0 (compatible; YandexBot/3.0; +http://yandex.com/bots)"
46.73.36.134 - - [08/Jun/2012:17:07:13 +0200] "GET / HTTP/1.0" 302 - "http://yandex.ru/yandsearch?text=Adresse+in+der+Adresszeile+des" "Mozilla/4.0 (compatible; MSIE 6.0; Windows NT 5.1; SV1)"
46.4.100.149 - - [08/Jun/2012:19:42:39 +0200] "GET / HTTP/1.1" 302 - "-" "Mozilla/5.0 (Macintosh; Intel Mac OS X 10_7_1) AppleWebKit/535.1 (KHTML, like Gecko) Safari/535.1"
178.154.179.250 - - [11/Jun/2012:13:44:08 +0200] "GET /robots.txt HTTP/1.1" 200 918 "-" "Mozilla/5.0 (compatible; YandexBot/3.0; +http://yandex.com/bots)"
178.154.179.250 - - [11/Jun/2012:15:35:07 +0200] "GET / HTTP/1.1" 302 - "-" "Mozilla/5.0 (compatible; YandexBot/3.0; +http://yandex.com/bots)"
95.108.188.193 - - [12/Jun/2012:03:13:38 +0200] "GET / HTTP/1.1" 302 - "http://www.yandex.ru/" "Mozilla/5.0 (compatible; YandexAntivirus/2.0; +http://yandex.com/bots)"
95.108.151.244 - - [12/Jun/2012:16:46:00 +0200] "GET /robots.txt HTTP/1.1" 200 918 "-" "Mozilla/5.0 (compatible; YandexBot/3.0; +http://yandex.com/bots)"
95.108.151.244 - - [12/Jun/2012:16:46:01 +0200] "GET /agb/ HTTP/1.1" 302 - "-" "Mozilla/5.0 (compatible; YandexBot/3.0; +http://yandex.com/bots)"
95.108.151.244 - - [12/Jun/2012:16:46:02 +0200] "GET /altoelentsorgung/ HTTP/1.1" 302 - "-" "Mozilla/5.0 (compatible; YandexBot/3.0; +http://yandex.com/bots)"
95.108.151.244 - - [12/Jun/2012:16:46:03 +0200] "GET /contacts/ HTTP/1.1" 302 - "-" "Mozilla/5.0 (compatible; YandexBot/3.0; +http://yandex.com/bots)"
95.108.151.244 - - [12/Jun/2012:16:46:04 +0200] "GET /datenschutz/ HTTP/1.1" 302 - "-" "Mozilla/5.0 (compatible; YandexBot/3.0; +http://yandex.com/bots)"
95.108.151.244 - - [12/Jun/2012:16:46:05 +0200] "GET /esso-diesel.html HTTP/1.1" 302 - "-" "Mozilla/5.0 (compatible; YandexBot/3.0; +http://yandex.com/bots)"
95.108.151.244 - - [12/Jun/2012:16:46:06 +0200] "GET /esso-heizoel.html HTTP/1.1" 302 - "-" "Mozilla/5.0 (compatible; YandexBot/3.0; +http://yandex.com/bots)"
95.108.151.244 - - [12/Jun/2012:16:46:07 +0200] "GET /fuel-system-clean-121.html HTTP/1.1" 302 - "-" "Mozilla/5.0 (compatible; YandexBot/3.0; +http://yandex.com/bots)"
95.108.151.244 - - [12/Jun/2012:16:46:08 +0200] "GET /lieferung HTTP/1.1" 302 - "-" "Mozilla/5.0 (compatible; YandexBot/3.0; +http://yandex.com/bots)"
95.108.151.244 - - [12/Jun/2012:16:46:09 +0200] "GET /motul-fanshop-artikel.html HTTP/1.1" 302 - "-" "Mozilla/5.0 (compatible; YandexBot/3.0; +http://yandex.com/bots)"
95.108.151.244 - - [12/Jun/2012:16:46:10 +0200] "GET /motul-schmierstoffe.html HTTP/1.1" 302 - "-" "Mozilla/5.0 (compatible; YandexBot/3.0; +http://yandex.com/bots)"
95.108.151.244 - - [12/Jun/2012:16:46:11 +0200] "GET /motul-zusatzstoffe.html HTTP/1.1" 302 - "-" "Mozilla/5.0 (compatible; YandexBot/3.0; +http://yandex.com/bots)"
95.108.151.244 - - [12/Jun/2012:16:46:12 +0200] "GET /motul_pflegeberater HTTP/1.1" 302 - "-" "Mozilla/5.0 (compatible; YandexBot/3.0; +http://yandex.com/bots)"
95.108.151.244 - - [12/Jun/2012:16:57:02 +0200] "GET /robots.txt HTTP/1.1" 200 918 "-" "Mozilla/5.0 (compatible; YandexBot/3.0; +http://yandex.com/bots)"
95.108.151.244 - - [12/Jun/2012:16:57:03 +0200] "GET /agb/ HTTP/1.1" 302 - "-" "Mozilla/5.0 (compatible; YandexBot/3.0; +http://yandex.com/bots)"
95.108.151.244 - - [12/Jun/2012:16:57:04 +0200] "GET /altoelentsorgung/ HTTP/1.1" 302 - "-" "Mozilla/5.0 (compatible; YandexBot/3.0; +http://yandex.com/bots)"
95.108.151.244 - - [12/Jun/2012:16:57:05 +0200] "GET /contacts/ HTTP/1.1" 302 - "-" "Mozilla/5.0 (compatible; YandexBot/3.0; +http://yandex.com/bots)"
95.108.151.244 - - [12/Jun/2012:16:57:06 +0200] "GET /datenschutz/ HTTP/1.1" 302 - "-" "Mozilla/5.0 (compatible; YandexBot/3.0; +http://yandex.com/bots)"
95.108.151.244 - - [12/Jun/2012:16:57:07 +0200] "GET /esso-diesel.html HTTP/1.1" 302 - "-" "Mozilla/5.0 (compatible; YandexBot/3.0; +http://yandex.com/bots)"
95.108.151.244 - - [12/Jun/2012:16:57:08 +0200] "GET /esso-heizoel.html HTTP/1.1" 302 - "-" "Mozilla/5.0 (compatible; YandexBot/3.0; +http://yandex.com/bots)"
95.108.151.244 - - [12/Jun/2012:16:57:09 +0200] "GET /fuel-system-clean-121.html HTTP/1.1" 302 - "-" "Mozilla/5.0 (compatible; YandexBot/3.0; +http://yandex.com/bots)"
95.108.151.244 - - [12/Jun/2012:16:57:10 +0200] "GET /lieferung HTTP/1.1" 302 - "-" "Mozilla/5.0 (compatible; YandexBot/3.0; +http://yandex.com/bots)"
95.108.151.244 - - [12/Jun/2012:16:57:11 +0200] "GET /motul-fanshop-artikel.html HTTP/1.1" 302 - "-" "Mozilla/5.0 (compatible; YandexBot/3.0; +http://yandex.com/bots)"
95.108.151.244 - - [12/Jun/2012:16:57:12 +0200] "GET /motul-schmierstoffe.html HTTP/1.1" 302 - "-" "Mozilla/5.0 (compatible; YandexBot/3.0; +http://yandex.com/bots)"
95.108.151.244 - - [12/Jun/2012:16:57:13 +0200] "GET /motul-zusatzstoffe.html HTTP/1.1" 302 - "-" "Mozilla/5.0 (compatible; YandexBot/3.0; +http://yandex.com/bots)"
95.108.151.244 - - [12/Jun/2012:16:57:14 +0200] "GET /motul_pflegeberater HTTP/1.1" 302 - "-" "Mozilla/5.0 (compatible; YandexBot/3.0; +http://yandex.com/bots)"
95.65.30.29 - - [13/Jun/2012:10:26:39 +0200] "GET /?dgd=1 HTTP/1.1" 302 - "-" "Mozilla/5.0 (Windows; U; Windows NT 5.2; en; rv:1.9.2.23) Gecko/20110920 Firefox/3.6.23 GTB7.1 ( .NET CLR 3.5.30729; .NET4.0C) GTBA"
69.58.178.57 - - [13/Jun/2012:13:33:43 +0200] "GET /robots.txt HTTP/1.1" 200 918 "-" "Mozilla/5.0 (X11; U; Linux i686; en-US; rv:1.9.1.3; ips-agent) Gecko/20090824 Fedora/1.0.7-1.1.fc4 Firefox/3.5.3"
69.58.178.57 - - [13/Jun/2012:13:33:44 +0200] "GET / HTTP/1.1" 302 - "-" "Mozilla/5.0 (X11; U; Linux i686; en-US; rv:1.9.1.3; ips-agent) Gecko/20090824 Fedora/1.0.7-1.1.fc4 Firefox/3.5.3"
69.58.178.57 - - [13/Jun/2012:13:37:45 +0200] "GET / HTTP/1.1" 302 - "-" "Mozilla/5.0 (X11; U; Linux i686; en-US; rv:1.9.1.3; ips-agent) Gecko/20090824 Fedora/1.0.7-1.1.fc4 Firefox/3.5.3"
66.249.72.79 - - [13/Jun/2012:16:06:01 +0200] "GET /robots.txt HTTP/1.1" 200 918 "-" "Mozilla/5.0 (compatible; Googlebot/2.1; +http://www.google.com/bot.html)"
66.249.66.70 - - [13/Jun/2012:16:06:02 +0200] "GET / HTTP/1.1" 302 - "-" "Mozilla/5.0 (compatible; Googlebot/2.1; +http://www.google.com/bot.html)"
216.145.11.94 - - [13/Jun/2012:20:41:55 +0200] "GET /robots.txt HTTP/1.0" 200 918 "-" "Mozilla/5.0 (Windows; U; Windows NT 5.1; en; rv:1.9.0.13) Gecko/2009073022 Firefox/3.5.2 (.NET CLR 3.5.30729) SurveyBot/2.3 (DomainTools)"
216.145.11.94 - - [13/Jun/2012:20:41:56 +0200] "GET / HTTP/1.1" 302 - "http://whois.domaintools.com/markenoele.com" "Mozilla/5.0 (Windows; U; Windows NT 5.1; en; rv:1.9.0.13) Gecko/2009073022 Firefox/3.5.2 (.NET CLR 3.5.30729) SurveyBot/2.3 (DomainTools)"
38.100.21.16 - - [14/Jun/2012:08:24:03 +0200] "GET / HTTP/1.1" 302 - "-" "Mozilla/4.0 (compatible; MSIE 7.0; Windows NT 5.2)"
188.165.230.147 - - [14/Jun/2012:20:29:28 +0200] "GET /robots.txt HTTP/1.1" 200 918 "http://www.orangeask.com/" "Mozilla/4.0 (compatible; MSIE 7.0; Windows NT 5.1; Mozilla/4.0 (compatible; MSIE 6.0; Windows NT 5.1; SV1) ; .NET CLR 2.0.50727; .NET CLR 3.0.4506.2152; .NET CLR 3.5.30729)"
188.165.230.147 - - [14/Jun/2012:20:29:29 +0200] "GET / HTTP/1.1" 302 - "http://www.orangeask.com/" "Mozilla/4.0 (compatible; MSIE 7.0; Windows NT 5.1; Mozilla/4.0 (compatible; MSIE 6.0; Windows NT 5.1; SV1) ; .NET CLR 2.0.50727; .NET CLR 3.0.4506.2152; .NET CLR 3.5.30729)"
95.108.151.244 - - [18/Jun/2012:02:03:21 +0200] "GET /robots.txt HTTP/1.1" 200 918 "-" "Mozilla/5.0 (compatible; YandexBot/3.0; +http://yandex.com/bots)"
95.108.151.244 - - [18/Jun/2012:02:03:22 +0200] "GET /agb/ HTTP/1.1" 302 - "-" "Mozilla/5.0 (compatible; YandexBot/3.0; +http://yandex.com/bots)"
95.108.151.244 - - [18/Jun/2012:02:03:23 +0200] "GET /altoelentsorgung/ HTTP/1.1" 302 - "-" "Mozilla/5.0 (compatible; YandexBot/3.0; +http://yandex.com/bots)"
95.108.151.244 - - [18/Jun/2012:02:03:24 +0200] "GET /contacts/ HTTP/1.1" 302 - "-" "Mozilla/5.0 (compatible; YandexBot/3.0; +http://yandex.com/bots)"
95.108.151.244 - - [18/Jun/2012:02:03:25 +0200] "GET /datenschutz/ HTTP/1.1" 302 - "-" "Mozilla/5.0 (compatible; YandexBot/3.0; +http://yandex.com/bots)"
95.108.151.244 - - [18/Jun/2012:02:03:26 +0200] "GET /esso-diesel.html HTTP/1.1" 302 - "-" "Mozilla/5.0 (compatible; YandexBot/3.0; +http://yandex.com/bots)"
95.108.151.244 - - [18/Jun/2012:02:03:27 +0200] "GET /esso-heizoel.html HTTP/1.1" 302 - "-" "Mozilla/5.0 (compatible; YandexBot/3.0; +http://yandex.com/bots)"
95.108.151.244 - - [18/Jun/2012:02:03:28 +0200] "GET /fuel-system-clean-121.html HTTP/1.1" 302 - "-" "Mozilla/5.0 (compatible; YandexBot/3.0; +http://yandex.com/bots)"
95.108.151.244 - - [18/Jun/2012:02:03:29 +0200] "GET /lieferung HTTP/1.1" 302 - "-" "Mozilla/5.0 (compatible; YandexBot/3.0; +http://yandex.com/bots)"
95.108.151.244 - - [18/Jun/2012:02:03:30 +0200] "GET /motul-fanshop-artikel.html HTTP/1.1" 302 - "-" "Mozilla/5.0 (compatible; YandexBot/3.0; +http://yandex.com/bots)"
95.108.151.244 - - [18/Jun/2012:02:03:31 +0200] "GET /motul-schmierstoffe.html HTTP/1.1" 302 - "-" "Mozilla/5.0 (compatible; YandexBot/3.0; +http://yandex.com/bots)"
95.108.151.244 - - [18/Jun/2012:02:03:32 +0200] "GET /motul-zusatzstoffe.html HTTP/1.1" 302 - "-" "Mozilla/5.0 (compatible; YandexBot/3.0; +http://yandex.com/bots)"
95.108.151.244 - - [18/Jun/2012:02:03:33 +0200] "GET /motul_pflegeberater HTTP/1.1" 302 - "-" "Mozilla/5.0 (compatible; YandexBot/3.0; +http://yandex.com/bots)"
95.108.151.244 - - [18/Jun/2012:03:26:45 +0200] "GET /robots.txt HTTP/1.1" 200 918 "-" "Mozilla/5.0 (compatible; YandexBot/3.0; +http://yandex.com/bots)"
95.108.151.244 - - [18/Jun/2012:03:26:46 +0200] "GET /agb/ HTTP/1.1" 302 - "-" "Mozilla/5.0 (compatible; YandexBot/3.0; +http://yandex.com/bots)"
95.108.151.244 - - [18/Jun/2012:03:26:47 +0200] "GET /altoelentsorgung/ HTTP/1.1" 302 - "-" "Mozilla/5.0 (compatible; YandexBot/3.0; +http://yandex.com/bots)"
95.108.151.244 - - [18/Jun/2012:03:26:48 +0200] "GET /contacts/ HTTP/1.1" 302 - "-" "Mozilla/5.0 (compatible; YandexBot/3.0; +http://yandex.com/bots)"
95.108.151.244 - - [18/Jun/2012:03:26:49 +0200] "GET /datenschutz/ HTTP/1.1" 302 - "-" "Mozilla/5.0 (compatible; YandexBot/3.0; +http://yandex.com/bots)"
95.108.151.244 - - [18/Jun/2012:03:26:50 +0200] "GET /esso-diesel.html HTTP/1.1" 302 - "-" "Mozilla/5.0 (compatible; YandexBot/3.0; +http://yandex.com/bots)"
95.108.151.244 - - [18/Jun/2012:03:26:51 +0200] "GET /esso-heizoel.html HTTP/1.1" 302 - "-" "Mozilla/5.0 (compatible; YandexBot/3.0; +http://yandex.com/bots)"
95.108.151.244 - - [18/Jun/2012:03:26:52 +0200] "GET /fuel-system-clean-121.html HTTP/1.1" 302 - "-" "Mozilla/5.0 (compatible; YandexBot/3.0; +http://yandex.com/bots)"
95.108.151.244 - - [18/Jun/2012:03:26:53 +0200] "GET /lieferung HTTP/1.1" 302 - "-" "Mozilla/5.0 (compatible; YandexBot/3.0; +http://yandex.com/bots)"
95.108.151.244 - - [18/Jun/2012:03:26:54 +0200] "GET /motul-fanshop-artikel.html HTTP/1.1" 302 - "-" "Mozilla/5.0 (compatible; YandexBot/3.0; +http://yandex.com/bots)"
95.108.151.244 - - [18/Jun/2012:03:26:55 +0200] "GET /motul-schmierstoffe.html HTTP/1.1" 302 - "-" "Mozilla/5.0 (compatible; YandexBot/3.0; +http://yandex.com/bots)"
95.108.151.244 - - [18/Jun/2012:03:26:56 +0200] "GET /motul-zusatzstoffe.html HTTP/1.1" 302 - "-" "Mozilla/5.0 (compatible; YandexBot/3.0; +http://yandex.com/bots)"
95.108.151.244 - - [18/Jun/2012:03:26:57 +0200] "GET /motul_pflegeberater HTTP/1.1" 302 - "-" "Mozilla/5.0 (compatible; YandexBot/3.0; +http://yandex.com/bots)"
72.94.249.37 - - [18/Jun/2012:11:35:18 +0200] "GET / HTTP/1.1" 302 - "-" "Mozilla/4.0 (compatible; MSIE 6.0; Windows NT 5.1; SV1; .NET CLR 1.1.4322)"
72.94.249.37 - - [18/Jun/2012:11:35:19 +0200] "GET / HTTP/1.1" 302 - "-" "Mozilla/4.0 (compatible; MSIE 6.0; Windows NT 5.1; SV1; .NET CLR 1.1.4322)"
65.52.104.82 - - [20/Jun/2012:04:09:18 +0200] "GET /robots.txt HTTP/1.1" 200 918 "-" "Mozilla/5.0 (compatible; bingbot/2.0; +http://www.bing.com/bingbot.htm)"
65.52.104.82 - - [20/Jun/2012:04:10:20 +0200] "GET / HTTP/1.1" 302 - "-" "Mozilla/5.0 (compatible; bingbot/2.0; +http://www.bing.com/bingbot.htm)"
74.52.245.146 - - [20/Jun/2012:15:06:54 +0200] "GET / HTTP/1.0" 302 - "-" "Mozilla/5.0 (X11; U; Linux i686; en-US; rv:1.7.5) Gecko/20041107 Firefox/1.0"
95.108.151.244 - - [21/Jun/2012:02:40:37 +0200] "GET /robots.txt HTTP/1.1" 200 918 "-" "Mozilla/5.0 (compatible; YandexBot/3.0; +http://yandex.com/bots)"
95.108.151.244 - - [21/Jun/2012:02:40:38 +0200] "GET /agb/ HTTP/1.1" 302 - "-" "Mozilla/5.0 (compatible; YandexBot/3.0; +http://yandex.com/bots)"
95.108.151.244 - - [21/Jun/2012:02:40:39 +0200] "GET /altoelentsorgung/ HTTP/1.1" 302 - "-" "Mozilla/5.0 (compatible; YandexBot/3.0; +http://yandex.com/bots)"
95.108.151.244 - - [21/Jun/2012:02:40:40 +0200] "GET /contacts/ HTTP/1.1" 302 - "-" "Mozilla/5.0 (compatible; YandexBot/3.0; +http://yandex.com/bots)"
95.108.151.244 - - [21/Jun/2012:02:40:41 +0200] "GET /datenschutz/ HTTP/1.1" 302 - "-" "Mozilla/5.0 (compatible; YandexBot/3.0; +http://yandex.com/bots)"
95.108.151.244 - - [21/Jun/2012:02:40:42 +0200] "GET /esso-diesel.html HTTP/1.1" 302 - "-" "Mozilla/5.0 (compatible; YandexBot/3.0; +http://yandex.com/bots)"
95.108.151.244 - - [21/Jun/2012:02:40:43 +0200] "GET /esso-heizoel.html HTTP/1.1" 302 - "-" "Mozilla/5.0 (compatible; YandexBot/3.0; +http://yandex.com/bots)"
95.108.151.244 - - [21/Jun/2012:02:40:44 +0200] "GET /fuel-system-clean-121.html HTTP/1.1" 302 - "-" "Mozilla/5.0 (compatible; YandexBot/3.0; +http://yandex.com/bots)"
95.108.151.244 - - [21/Jun/2012:02:40:45 +0200] "GET /lieferung HTTP/1.1" 302 - "-" "Mozilla/5.0 (compatible; YandexBot/3.0; +http://yandex.com/bots)"
95.108.151.244 - - [21/Jun/2012:02:40:46 +0200] "GET /motul-fanshop-artikel.html HTTP/1.1" 302 - "-" "Mozilla/5.0 (compatible; YandexBot/3.0; +http://yandex.com/bots)"
95.108.151.244 - - [21/Jun/2012:02:40:47 +0200] "GET /motul-schmierstoffe.html HTTP/1.1" 302 - "-" "Mozilla/5.0 (compatible; YandexBot/3.0; +http://yandex.com/bots)"
95.108.151.244 - - [21/Jun/2012:02:40:48 +0200] "GET /motul-zusatzstoffe.html HTTP/1.1" 302 - "-" "Mozilla/5.0 (compatible; YandexBot/3.0; +http://yandex.com/bots)"
95.108.151.244 - - [21/Jun/2012:02:40:49 +0200] "GET /motul_pflegeberater HTTP/1.1" 302 - "-" "Mozilla/5.0 (compatible; YandexBot/3.0; +http://yandex.com/bots)"
95.108.151.244 - - [21/Jun/2012:04:44:20 +0200] "GET /robots.txt HTTP/1.1" 200 918 "-" "Mozilla/5.0 (compatible; YandexBot/3.0; +http://yandex.com/bots)"
95.108.151.244 - - [21/Jun/2012:04:44:21 +0200] "GET /agb/ HTTP/1.1" 302 - "-" "Mozilla/5.0 (compatible; YandexBot/3.0; +http://yandex.com/bots)"
95.108.151.244 - - [21/Jun/2012:04:44:22 +0200] "GET /altoelentsorgung/ HTTP/1.1" 302 - "-" "Mozilla/5.0 (compatible; YandexBot/3.0; +http://yandex.com/bots)"
95.108.151.244 - - [21/Jun/2012:04:44:23 +0200] "GET /contacts/ HTTP/1.1" 302 - "-" "Mozilla/5.0 (compatible; YandexBot/3.0; +http://yandex.com/bots)"
95.108.151.244 - - [21/Jun/2012:04:44:24 +0200] "GET /datenschutz/ HTTP/1.1" 302 - "-" "Mozilla/5.0 (compatible; YandexBot/3.0; +http://yandex.com/bots)"
95.108.151.244 - - [21/Jun/2012:04:44:25 +0200] "GET /esso-diesel.html HTTP/1.1" 302 - "-" "Mozilla/5.0 (compatible; YandexBot/3.0; +http://yandex.com/bots)"
95.108.151.244 - - [21/Jun/2012:04:44:26 +0200] "GET /esso-heizoel.html HTTP/1.1" 302 - "-" "Mozilla/5.0 (compatible; YandexBot/3.0; +http://yandex.com/bots)"
95.108.151.244 - - [21/Jun/2012:04:44:27 +0200] "GET /fuel-system-clean-121.html HTTP/1.1" 302 - "-" "Mozilla/5.0 (compatible; YandexBot/3.0; +http://yandex.com/bots)"
95.108.151.244 - - [21/Jun/2012:04:44:28 +0200] "GET /lieferung HTTP/1.1" 302 - "-" "Mozilla/5.0 (compatible; YandexBot/3.0; +http://yandex.com/bots)"
95.108.151.244 - - [21/Jun/2012:04:44:29 +0200] "GET /motul-fanshop-artikel.html HTTP/1.1" 302 - "-" "Mozilla/5.0 (compatible; YandexBot/3.0; +http://yandex.com/bots)"
95.108.151.244 - - [21/Jun/2012:04:44:30 +0200] "GET /motul-schmierstoffe.html HTTP/1.1" 302 - "-" "Mozilla/5.0 (compatible; YandexBot/3.0; +http://yandex.com/bots)"
95.108.151.244 - - [21/Jun/2012:04:44:31 +0200] "GET /motul-zusatzstoffe.html HTTP/1.1" 302 - "-" "Mozilla/5.0 (compatible; YandexBot/3.0; +http://yandex.com/bots)"
95.108.151.244 - - [21/Jun/2012:04:44:32 +0200] "GET /motul_pflegeberater HTTP/1.1" 302 - "-" "Mozilla/5.0 (compatible; YandexBot/3.0; +http://yandex.com/bots)"
66.249.72.79 - - [21/Jun/2012:08:19:31 +0200] "GET /robots.txt HTTP/1.1" 200 918 "-" "Mozilla/5.0 (compatible; Googlebot/2.1; +http://www.google.com/bot.html)"
66.249.72.79 - - [21/Jun/2012:08:19:31 +0200] "GET / HTTP/1.1" 302 - "-" "Mozilla/5.0 (compatible; Googlebot/2.1; +http://www.google.com/bot.html)"
95.108.151.244 - - [24/Jun/2012:00:41:53 +0200] "GET /robots.txt HTTP/1.1" 200 918 "-" "Mozilla/5.0 (compatible; YandexBot/3.0; +http://yandex.com/bots)"
95.108.151.244 - - [24/Jun/2012:00:41:54 +0200] "GET /agb/ HTTP/1.1" 302 - "-" "Mozilla/5.0 (compatible; YandexBot/3.0; +http://yandex.com/bots)"
95.108.151.244 - - [24/Jun/2012:00:41:55 +0200] "GET /altoelentsorgung/ HTTP/1.1" 302 - "-" "Mozilla/5.0 (compatible; YandexBot/3.0; +http://yandex.com/bots)"
95.108.151.244 - - [24/Jun/2012:00:41:56 +0200] "GET /contacts/ HTTP/1.1" 302 - "-" "Mozilla/5.0 (compatible; YandexBot/3.0; +http://yandex.com/bots)"
95.108.151.244 - - [24/Jun/2012:00:41:57 +0200] "GET /datenschutz/ HTTP/1.1" 302 - "-" "Mozilla/5.0 (compatible; YandexBot/3.0; +http://yandex.com/bots)"
95.108.151.244 - - [24/Jun/2012:00:41:58 +0200] "GET /esso-diesel.html HTTP/1.1" 302 - "-" "Mozilla/5.0 (compatible; YandexBot/3.0; +http://yandex.com/bots)"
95.108.151.244 - - [24/Jun/2012:00:41:59 +0200] "GET /esso-heizoel.html HTTP/1.1" 302 - "-" "Mozilla/5.0 (compatible; YandexBot/3.0; +http://yandex.com/bots)"
95.108.151.244 - - [24/Jun/2012:00:42:00 +0200] "GET /fuel-system-clean-121.html HTTP/1.1" 302 - "-" "Mozilla/5.0 (compatible; YandexBot/3.0; +http://yandex.com/bots)"
95.108.151.244 - - [24/Jun/2012:00:42:01 +0200] "GET /lieferung HTTP/1.1" 302 - "-" "Mozilla/5.0 (compatible; YandexBot/3.0; +http://yandex.com/bots)"
95.108.151.244 - - [24/Jun/2012:00:42:02 +0200] "GET /motul-fanshop-artikel.html HTTP/1.1" 302 - "-" "Mozilla/5.0 (compatible; YandexBot/3.0; +http://yandex.com/bots)"
95.108.151.244 - - [24/Jun/2012:00:42:03 +0200] "GET /motul-schmierstoffe.html HTTP/1.1" 302 - "-" "Mozilla/5.0 (compatible; YandexBot/3.0; +http://yandex.com/bots)"
95.108.151.244 - - [24/Jun/2012:00:42:04 +0200] "GET /motul-zusatzstoffe.html HTTP/1.1" 302 - "-" "Mozilla/5.0 (compatible; YandexBot/3.0; +http://yandex.com/bots)"
95.108.151.244 - - [24/Jun/2012:00:42:05 +0200] "GET /motul_pflegeberater HTTP/1.1" 302 - "-" "Mozilla/5.0 (compatible; YandexBot/3.0; +http://yandex.com/bots)"
95.108.151.244 - - [24/Jun/2012:02:29:31 +0200] "GET /robots.txt HTTP/1.1" 200 918 "-" "Mozilla/5.0 (compatible; YandexBot/3.0; +http://yandex.com/bots)"
95.108.151.244 - - [24/Jun/2012:02:29:32 +0200] "GET /agb/ HTTP/1.1" 302 - "-" "Mozilla/5.0 (compatible; YandexBot/3.0; +http://yandex.com/bots)"
95.108.151.244 - - [24/Jun/2012:02:29:33 +0200] "GET /altoelentsorgung/ HTTP/1.1" 302 - "-" "Mozilla/5.0 (compatible; YandexBot/3.0; +http://yandex.com/bots)"
95.108.151.244 - - [24/Jun/2012:02:29:34 +0200] "GET /contacts/ HTTP/1.1" 302 - "-" "Mozilla/5.0 (compatible; YandexBot/3.0; +http://yandex.com/bots)"
95.108.151.244 - - [24/Jun/2012:02:29:35 +0200] "GET /datenschutz/ HTTP/1.1" 302 - "-" "Mozilla/5.0 (compatible; YandexBot/3.0; +http://yandex.com/bots)"
95.108.151.244 - - [24/Jun/2012:02:29:36 +0200] "GET /esso-diesel.html HTTP/1.1" 302 - "-" "Mozilla/5.0 (compatible; YandexBot/3.0; +http://yandex.com/bots)"
95.108.151.244 - - [24/Jun/2012:02:29:37 +0200] "GET /esso-heizoel.html HTTP/1.1" 302 - "-" "Mozilla/5.0 (compatible; YandexBot/3.0; +http://yandex.com/bots)"
95.108.151.244 - - [24/Jun/2012:02:29:38 +0200] "GET /fuel-system-clean-121.html HTTP/1.1" 302 - "-" "Mozilla/5.0 (compatible; YandexBot/3.0; +http://yandex.com/bots)"
95.108.151.244 - - [24/Jun/2012:02:29:39 +0200] "GET /lieferung HTTP/1.1" 302 - "-" "Mozilla/5.0 (compatible; YandexBot/3.0; +http://yandex.com/bots)"
95.108.151.244 - - [24/Jun/2012:02:29:40 +0200] "GET /motul-fanshop-artikel.html HTTP/1.1" 302 - "-" "Mozilla/5.0 (compatible; YandexBot/3.0; +http://yandex.com/bots)"
95.108.151.244 - - [24/Jun/2012:02:29:41 +0200] "GET /motul-schmierstoffe.html HTTP/1.1" 302 - "-" "Mozilla/5.0 (compatible; YandexBot/3.0; +http://yandex.com/bots)"
95.108.151.244 - - [24/Jun/2012:02:29:42 +0200] "GET /motul-zusatzstoffe.html HTTP/1.1" 302 - "-" "Mozilla/5.0 (compatible; YandexBot/3.0; +http://yandex.com/bots)"
95.108.151.244 - - [24/Jun/2012:02:29:43 +0200] "GET /motul_pflegeberater HTTP/1.1" 302 - "-" "Mozilla/5.0 (compatible; YandexBot/3.0; +http://yandex.com/bots)"
176.195.198.55 - - [24/Jun/2012:05:06:08 +0200] "GET / HTTP/1.0" 302 - "http://yandex.ru/yandsearch?text=Adresse+in+der+Adresszeile+des" "Mozilla/4.0 (compatible; MSIE 6.0; Windows NT 5.1; SV1)"
176.195.18.192 - - [25/Jun/2012:03:00:49 +0200] "GET / HTTP/1.1" 302 - "http://yandex.ru/yandsearch?text=Adresse+in+der+Adresszeile+des&lr=213" "Opera/9.80 (Windows NT 5.1; U; ru) Presto/2.6.30 Version/10.62"
216.145.11.94 - - [25/Jun/2012:10:19:59 +0200] "GET /robots.txt HTTP/1.0" 200 918 "-" "Mozilla/5.0 (Windows; U; Windows NT 5.1; en; rv:1.9.0.13) Gecko/2009073022 Firefox/3.5.2 (.NET CLR 3.5.30729) SurveyBot/2.3 (DomainTools)"
216.145.11.94 - - [25/Jun/2012:10:20:00 +0200] "GET / HTTP/1.1" 302 - "http://whois.domaintools.com/markenoele.com" "Mozilla/5.0 (Windows; U; Windows NT 5.1; en; rv:1.9.0.13) Gecko/2009073022 Firefox/3.5.2 (.NET CLR 3.5.30729) SurveyBot/2.3 (DomainTools)"
95.108.151.244 - - [27/Jun/2012:00:57:07 +0200] "GET /robots.txt HTTP/1.1" 200 918 "-" "Mozilla/5.0 (compatible; YandexBot/3.0; +http://yandex.com/bots)"
95.108.151.244 - - [27/Jun/2012:00:57:08 +0200] "GET /agb/ HTTP/1.1" 302 - "-" "Mozilla/5.0 (compatible; YandexBot/3.0; +http://yandex.com/bots)"
95.108.151.244 - - [27/Jun/2012:00:57:09 +0200] "GET /altoelentsorgung/ HTTP/1.1" 302 - "-" "Mozilla/5.0 (compatible; YandexBot/3.0; +http://yandex.com/bots)"
95.108.151.244 - - [27/Jun/2012:00:57:10 +0200] "GET /contacts/ HTTP/1.1" 302 - "-" "Mozilla/5.0 (compatible; YandexBot/3.0; +http://yandex.com/bots)"
95.108.151.244 - - [27/Jun/2012:00:57:11 +0200] "GET /datenschutz/ HTTP/1.1" 302 - "-" "Mozilla/5.0 (compatible; YandexBot/3.0; +http://yandex.com/bots)"
95.108.151.244 - - [27/Jun/2012:00:57:12 +0200] "GET /esso-diesel.html HTTP/1.1" 302 - "-" "Mozilla/5.0 (compatible; YandexBot/3.0; +http://yandex.com/bots)"
95.108.151.244 - - [27/Jun/2012:00:57:13 +0200] "GET /esso-heizoel.html HTTP/1.1" 302 - "-" "Mozilla/5.0 (compatible; YandexBot/3.0; +http://yandex.com/bots)"
95.108.151.244 - - [27/Jun/2012:00:57:14 +0200] "GET /fuel-system-clean-121.html HTTP/1.1" 302 - "-" "Mozilla/5.0 (compatible; YandexBot/3.0; +http://yandex.com/bots)"
95.108.151.244 - - [27/Jun/2012:00:57:15 +0200] "GET /lieferung HTTP/1.1" 302 - "-" "Mozilla/5.0 (compatible; YandexBot/3.0; +http://yandex.com/bots)"
95.108.151.244 - - [27/Jun/2012:00:57:16 +0200] "GET /motul-fanshop-artikel.html HTTP/1.1" 302 - "-" "Mozilla/5.0 (compatible; YandexBot/3.0; +http://yandex.com/bots)"
95.108.151.244 - - [27/Jun/2012:00:57:17 +0200] "GET /motul-schmierstoffe.html HTTP/1.1" 302 - "-" "Mozilla/5.0 (compatible; YandexBot/3.0; +http://yandex.com/bots)"
95.108.151.244 - - [27/Jun/2012:00:57:18 +0200] "GET /motul-zusatzstoffe.html HTTP/1.1" 302 - "-" "Mozilla/5.0 (compatible; YandexBot/3.0; +http://yandex.com/bots)"
95.108.151.244 - - [27/Jun/2012:00:57:19 +0200] "GET /motul_pflegeberater HTTP/1.1" 302 - "-" "Mozilla/5.0 (compatible; YandexBot/3.0; +http://yandex.com/bots)"
95.108.151.244 - - [27/Jun/2012:02:41:30 +0200] "GET /robots.txt HTTP/1.1" 200 918 "-" "Mozilla/5.0 (compatible; YandexBot/3.0; +http://yandex.com/bots)"
95.108.151.244 - - [27/Jun/2012:02:41:31 +0200] "GET /agb/ HTTP/1.1" 302 - "-" "Mozilla/5.0 (compatible; YandexBot/3.0; +http://yandex.com/bots)"
95.108.151.244 - - [27/Jun/2012:02:41:32 +0200] "GET /altoelentsorgung/ HTTP/1.1" 302 - "-" "Mozilla/5.0 (compatible; YandexBot/3.0; +http://yandex.com/bots)"
95.108.151.244 - - [27/Jun/2012:02:41:33 +0200] "GET /contacts/ HTTP/1.1" 302 - "-" "Mozilla/5.0 (compatible; YandexBot/3.0; +http://yandex.com/bots)"
95.108.151.244 - - [27/Jun/2012:02:41:34 +0200] "GET /datenschutz/ HTTP/1.1" 302 - "-" "Mozilla/5.0 (compatible; YandexBot/3.0; +http://yandex.com/bots)"
95.108.151.244 - - [27/Jun/2012:02:41:35 +0200] "GET /esso-diesel.html HTTP/1.1" 302 - "-" "Mozilla/5.0 (compatible; YandexBot/3.0; +http://yandex.com/bots)"
95.108.151.244 - - [27/Jun/2012:02:41:36 +0200] "GET /esso-heizoel.html HTTP/1.1" 302 - "-" "Mozilla/5.0 (compatible; YandexBot/3.0; +http://yandex.com/bots)"
95.108.151.244 - - [27/Jun/2012:02:41:37 +0200] "GET /fuel-system-clean-121.html HTTP/1.1" 302 - "-" "Mozilla/5.0 (compatible; YandexBot/3.0; +http://yandex.com/bots)"
95.108.151.244 - - [27/Jun/2012:02:41:38 +0200] "GET /lieferung HTTP/1.1" 302 - "-" "Mozilla/5.0 (compatible; YandexBot/3.0; +http://yandex.com/bots)"
95.108.151.244 - - [27/Jun/2012:02:41:39 +0200] "GET /motul-fanshop-artikel.html HTTP/1.1" 302 - "-" "Mozilla/5.0 (compatible; YandexBot/3.0; +http://yandex.com/bots)"
95.108.151.244 - - [27/Jun/2012:02:41:40 +0200] "GET /motul-schmierstoffe.html HTTP/1.1" 302 - "-" "Mozilla/5.0 (compatible; YandexBot/3.0; +http://yandex.com/bots)"
95.108.151.244 - - [27/Jun/2012:02:41:41 +0200] "GET /motul-zusatzstoffe.html HTTP/1.1" 302 - "-" "Mozilla/5.0 (compatible; YandexBot/3.0; +http://yandex.com/bots)"
95.108.151.244 - - [27/Jun/2012:02:41:42 +0200] "GET /motul_pflegeberater HTTP/1.1" 302 - "-" "Mozilla/5.0 (compatible; YandexBot/3.0; +http://yandex.com/bots)"
66.249.66.70 - - [28/Jun/2012:10:25:09 +0200] "GET /robots.txt HTTP/1.1" 200 918 "-" "Mozilla/5.0 (compatible; Googlebot/2.1; +http://www.google.com/bot.html)"
66.249.66.70 - - [28/Jun/2012:10:25:09 +0200] "GET / HTTP/1.1" 302 - "-" "Mozilla/5.0 (compatible; Googlebot/2.1; +http://www.google.com/bot.html)"
178.154.179.250 - - [28/Jun/2012:10:50:32 +0200] "GET /robots.txt HTTP/1.1" 200 918 "-" "Mozilla/5.0 (compatible; YandexBot/3.0; +http://yandex.com/bots)"
178.154.179.250 - - [28/Jun/2012:10:50:34 +0200] "GET / HTTP/1.1" 302 - "-" "Mozilla/5.0 (compatible; YandexBot/3.0; +http://yandex.com/bots)"
188.165.230.147 - - [28/Jun/2012:12:21:54 +0200] "GET /robots.txt HTTP/1.1" 200 918 "http://www.orangeask.com/" "Mozilla/4.0 (compatible; MSIE 7.0; Windows NT 5.1; Mozilla/4.0 (compatible; MSIE 6.0; Windows NT 5.1; SV1) ; .NET CLR 2.0.50727; .NET CLR 3.0.4506.2152; .NET CLR 3.5.30729)"
188.165.230.147 - - [28/Jun/2012:12:21:54 +0200] "GET / HTTP/1.1" 302 - "http://www.orangeask.com/" "Mozilla/4.0 (compatible; MSIE 7.0; Windows NT 5.1; Mozilla/4.0 (compatible; MSIE 6.0; Windows NT 5.1; SV1) ; .NET CLR 2.0.50727; .NET CLR 3.0.4506.2152; .NET CLR 3.5.30729)"
157.55.17.146 - - [30/Jun/2012:17:43:19 +0200] "GET /robots.txt HTTP/1.1" 200 918 "-" "Mozilla/5.0 (compatible; bingbot/2.0; +http://www.bing.com/bingbot.htm)"
157.55.17.146 - - [30/Jun/2012:17:44:22 +0200] "GET / HTTP/1.1" 302 - "-" "Mozilla/5.0 (compatible; bingbot/2.0; +http://www.bing.com/bingbot.htm)"