5.56.227.104 - - [08/Jul/2013:23:03:47 +0200] "GET /images/pmthm6.gif HTTP/1.1" 200 1209 "http://www.ksbb.de/" "Mozilla/5.0 (Windows NT 6.1; WOW64) AppleWebKit/537.36 (KHTML, like Gecko) Chrome/27.0.1453.116 Safari/537.36"
5.56.227.104 - - [08/Jul/2013:23:03:48 +0200] "GET /images/pmtm7.gif HTTP/1.1" 200 1174 "http://www.ksbb.de/" "Mozilla/5.0 (Windows NT 6.1; WOW64) AppleWebKit/537.36 (KHTML, like Gecko) Chrome/27.0.1453.116 Safari/537.36"
5.56.227.104 - - [08/Jul/2013:23:03:48 +0200] "GET /images/pmthm7.gif HTTP/1.1" 200 2195 "http://www.ksbb.de/" "Mozilla/5.0 (Windows NT 6.1; WOW64) AppleWebKit/537.36 (KHTML, like Gecko) Chrome/27.0.1453.116 Safari/537.36"
5.56.227.104 - - [08/Jul/2013:23:03:48 +0200] "GET /images/pd.gif HTTP/1.1" 200 111 "http://www.ksbb.de/" "Mozilla/5.0 (Windows NT 6.1; WOW64) AppleWebKit/537.36 (KHTML, like Gecko) Chrome/27.0.1453.116 Safari/537.36"
5.56.227.104 - - [08/Jul/2013:23:03:48 +0200] "GET /images/psd.gif HTTP/1.1" 200 111 "http://www.ksbb.de/" "Mozilla/5.0 (Windows NT 6.1; WOW64) AppleWebKit/537.36 (KHTML, like Gecko) Chrome/27.0.1453.116 Safari/537.36"
5.56.227.104 - - [08/Jul/2013:23:03:48 +0200] "GET /images/pbg.gif HTTP/1.1" 200 52 "http://www.ksbb.de/" "Mozilla/5.0 (Windows NT 6.1; WOW64) AppleWebKit/537.36 (KHTML, like Gecko) Chrome/27.0.1453.116 Safari/537.36"
5.56.227.104 - - [08/Jul/2013:23:03:48 +0200] "GET /images/plvt.gif HTTP/1.1" 200 53 "http://www.ksbb.de/" "Mozilla/5.0 (Windows NT 6.1; WOW64) AppleWebKit/537.36 (KHTML, like Gecko) Chrome/27.0.1453.116 Safari/537.36"
5.56.227.104 - - [08/Jul/2013:23:03:48 +0200] "GET /images/plma.gif HTTP/1.1" 200 164 "http://www.ksbb.de/" "Mozilla/5.0 (Windows NT 6.1; WOW64) AppleWebKit/537.36 (KHTML, like Gecko) Chrome/27.0.1453.116 Safari/537.36"
5.56.227.104 - - [08/Jul/2013:23:03:48 +0200] "GET /images/plogo.gif HTTP/1.1" 200 18153 "http://www.ksbb.de/" "Mozilla/5.0 (Windows NT 6.1; WOW64) AppleWebKit/537.36 (KHTML, like Gecko) Chrome/27.0.1453.116 Safari/537.36"
5.56.227.104 - - [08/Jul/2013:23:03:48 +0200] "GET /images/plmb.gif HTTP/1.1" 200 166 "http://www.ksbb.de/" "Mozilla/5.0 (Windows NT 6.1; WOW64) AppleWebKit/537.36 (KHTML, like Gecko) Chrome/27.0.1453.116 Safari/537.36"
5.56.227.104 - - [08/Jul/2013:23:03:48 +0200] "GET /images/pl160.gif HTTP/1.1" 200 70 "http://www.ksbb.de/" "Mozilla/5.0 (Windows NT 6.1; WOW64) AppleWebKit/537.36 (KHTML, like Gecko) Chrome/27.0.1453.116 Safari/537.36"
5.56.227.104 - - [08/Jul/2013:23:03:48 +0200] "GET /images/pbx.gif HTTP/1.1" 200 99 "http://www.ksbb.de/" "Mozilla/5.0 (Windows NT 6.1; WOW64) AppleWebKit/537.36 (KHTML, like Gecko) Chrome/27.0.1453.116 Safari/537.36"
5.56.227.104 - - [08/Jul/2013:23:03:48 +0200] "GET /images/plnkn.gif HTTP/1.1" 200 95 "http://www.ksbb.de/" "Mozilla/5.0 (Windows NT 6.1; WOW64) AppleWebKit/537.36 (KHTML, like Gecko) Chrome/27.0.1453.116 Safari/537.36"
5.56.227.104 - - [08/Jul/2013:23:03:48 +0200] "GET /images/mev23003_72.jpg HTTP/1.1" 200 2106 "http://www.ksbb.de/" "Mozilla/5.0 (Windows NT 6.1; WOW64) AppleWebKit/537.36 (KHTML, like Gecko) Chrome/27.0.1453.116 Safari/537.36"
5.56.227.104 - - [08/Jul/2013:23:03:48 +0200] "GET /images/mev14046_72.jpg HTTP/1.1" 200 1662 "http://www.ksbb.de/" "Mozilla/5.0 (Windows NT 6.1; WOW64) AppleWebKit/537.36 (KHTML, like Gecko) Chrome/27.0.1453.116 Safari/537.36"
5.56.227.104 - - [08/Jul/2013:23:03:48 +0200] "GET /images/55275_72.jpg HTTP/1.1" 200 2381 "http://www.ksbb.de/" "Mozilla/5.0 (Windows NT 6.1; WOW64) AppleWebKit/537.36 (KHTML, like Gecko) Chrome/27.0.1453.116 Safari/537.36"
5.56.227.104 - - [08/Jul/2013:23:03:48 +0200] "GET /images/plmc.gif HTTP/1.1" 200 166 "http://www.ksbb.de/" "Mozilla/5.0 (Windows NT 6.1; WOW64) AppleWebKit/537.36 (KHTML, like Gecko) Chrome/27.0.1453.116 Safari/537.36"
5.56.227.104 - - [08/Jul/2013:23:03:48 +0200] "GET /images/plbt.gif HTTP/1.1" 200 161 "http://www.ksbb.de/" "Mozilla/5.0 (Windows NT 6.1; WOW64) AppleWebKit/537.36 (KHTML, like Gecko) Chrome/27.0.1453.116 Safari/537.36"
5.56.227.104 - - [08/Jul/2013:23:03:48 +0200] "GET /images/ksbb1_sbp.jpg HTTP/1.1" 200 3871 "http://www.ksbb.de/" "Mozilla/5.0 (Windows NT 6.1; WOW64) AppleWebKit/537.36 (KHTML, like Gecko) Chrome/27.0.1453.116 Safari/537.36"
5.56.227.104 - - [08/Jul/2013:23:03:48 +0200] "GET /images/ulslogosbp_sbp.jpg HTTP/1.1" 200 1896 "http://www.ksbb.de/" "Mozilla/5.0 (Windows NT 6.1; WOW64) AppleWebKit/537.36 (KHTML, like Gecko) Chrome/27.0.1453.116 Safari/537.36"
5.56.227.104 - - [08/Jul/2013:23:03:48 +0200] "GET /images/iso9001_sbp.jpg HTTP/1.1" 200 4462 "http://www.ksbb.de/" "Mozilla/5.0 (Windows NT 6.1; WOW64) AppleWebKit/537.36 (KHTML, like Gecko) Chrome/27.0.1453.116 Safari/537.36"
5.56.227.104 - - [08/Jul/2013:23:03:48 +0200] "GET /images/logoprofex_sbp.gif HTTP/1.1" 200 3524 "http://www.ksbb.de/" "Mozilla/5.0 (Windows NT 6.1; WOW64) AppleWebKit/537.36 (KHTML, like Gecko) Chrome/27.0.1453.116 Safari/537.36"
5.56.227.104 - - [08/Jul/2013:23:03:48 +0200] "GET /favicon.ico HTTP/1.1" 404 - "-" "Mozilla/5.0 (Windows NT 6.1; WOW64) AppleWebKit/537.36 (KHTML, like Gecko) Chrome/27.0.1453.116 Safari/537.36"
123.125.71.25 - - [09/Jul/2013:01:20:17 +0200] "GET / HTTP/1.1" 200 15277 "-" "Mozilla/5.0 (compatible; Baiduspider/2.0; +http://www.baidu.com/search/spider.html)"
220.181.108.77 - - [09/Jul/2013:01:20:17 +0200] "GET / HTTP/1.1" 200 19592 "-" "Mozilla/5.0 (compatible; Baiduspider/2.0; +http://www.baidu.com/search/spider.html)"
157.55.36.39 - - [09/Jul/2013:01:41:14 +0200] "GET /robots.txt HTTP/1.1" 404 - "-" "Mozilla/5.0 (compatible; bingbot/2.0; +http://www.bing.com/bingbot.htm)"
157.55.36.39 - - [09/Jul/2013:01:42:03 +0200] "GET / HTTP/1.1" 200 24292 "-" "Mozilla/5.0 (compatible; bingbot/2.0; +http://www.bing.com/bingbot.htm)"
157.55.35.85 - - [09/Jul/2013:02:32:00 +0200] "GET /robots.txt HTTP/1.1" 404 - "-" "Mozilla/5.0 (compatible; bingbot/2.0; +http://www.bing.com/bingbot.htm)"
157.55.35.85 - - [09/Jul/2013:02:32:39 +0200] "GET /index.php HTTP/1.1" 200 24284 "-" "Mozilla/5.0 (compatible; bingbot/2.0; +http://www.bing.com/bingbot.htm)"
141.8.147.12 - - [09/Jul/2013:04:32:58 +0200] "GET /robots.txt HTTP/1.1" 404 - "-" "Mozilla/5.0 (compatible; YandexBot/3.0; +http://yandex.com/bots)"
66.249.78.44 - - [09/Jul/2013:04:53:41 +0200] "GET /robots.txt HTTP/1.1" 404 - "-" "Mozilla/5.0 (compatible; Googlebot/2.1; +http://www.google.com/bot.html)"
66.249.75.72 - - [09/Jul/2013:04:53:42 +0200] "GET /000001985b0d93482/000001985b0fc8f0b/index.php HTTP/1.1" 200 15388 "-" "Mozilla/5.0 (iPhone; U; CPU iPhone OS 4_1 like Mac OS X; en-us) AppleWebKit/532.9 (KHTML, like Gecko) Version/4.0.5 Mobile/8B117 Safari/6531.22.7 (compatible; Googlebot-Mobile/2.1; +http://www.google.com/bot.html)"
173.199.119.43 - - [09/Jul/2013:07:08:52 +0200] "GET /000001985b0ce1e49/00000198610d6501c/00000198610d71d22.php HTTP/1.1" 200 14337 "-" "Mozilla/5.0 (compatible; AhrefsBot/4.0; +http://ahrefs.com/robot/)"
173.199.119.43 - - [09/Jul/2013:07:29:21 +0200] "GET /000001985b0e5e29a/000001985f0d1bf04/000001985f0d57c08/index.php HTTP/1.1" 200 17857 "-" "Mozilla/5.0 (compatible; AhrefsBot/4.0; +http://ahrefs.com/robot/)"
141.8.147.12 - - [09/Jul/2013:07:42:36 +0200] "GET /000001985b0d93482/00000198660ae2e07/00000198660b24011/index.php HTTP/1.1" 200 20685 "-" "Mozilla/5.0 (compatible; YandexBot/3.0; +http://yandex.com/bots)"
66.249.78.44 - - [09/Jul/2013:10:06:23 +0200] "GET /000001985b0e5e29a/000001985e0778004/index.php HTTP/1.1" 200 17366 "-" "SAMSUNG-SGH-E250/1.0 Profile/MIDP-2.0 Configuration/CLDC-1.1 UP.Browser/6.2.3.3.c.1.101 (GUI) MMP/2.0 (compatible; Googlebot-Mobile/2.1; +http://www.google.com/bot.html)"
173.199.119.43 - - [09/Jul/2013:10:27:02 +0200] "GET /00000198660c9d618/00000198610cada01/00000198610cbe908.php HTTP/1.1" 200 16002 "-" "Mozilla/5.0 (compatible; AhrefsBot/4.0; +http://ahrefs.com/robot/)"
178.255.215.66 - - [09/Jul/2013:11:50:24 +0200] "GET /robots.txt HTTP/1.1" 404 - "-" "Mozilla/5.0 (compatible; Exabot/3.0; +http://www.exabot.com/go/robot)"
178.255.215.66 - - [09/Jul/2013:11:50:24 +0200] "GET /000001985b0d93482/index.php HTTP/1.1" 200 15590 "-" "Mozilla/5.0 (compatible; Exabot/3.0; +http://www.exabot.com/go/robot)"
123.125.71.47 - - [09/Jul/2013:12:19:47 +0200] "GET / HTTP/1.1" 200 24284 "-" "Mozilla/5.0 (compatible; Baiduspider/2.0; +http://www.baidu.com/search/spider.html)"
220.181.108.97 - - [09/Jul/2013:12:19:48 +0200] "GET / HTTP/1.1" 200 15277 "-" "Mozilla/5.0 (compatible; Baiduspider/2.0; +http://www.baidu.com/search/spider.html)"
157.55.36.39 - - [09/Jul/2013:13:58:22 +0200] "GET /robots.txt HTTP/1.1" 404 - "-" "Mozilla/5.0 (compatible; bingbot/2.0; +http://www.bing.com/bingbot.htm)"
157.55.36.39 - - [09/Jul/2013:14:01:21 +0200] "GET / HTTP/1.1" 200 24284 "-" "Mozilla/5.0 (compatible; bingbot/2.0; +http://www.bing.com/bingbot.htm)"
5.199.136.130 - - [09/Jul/2013:15:48:06 +0200] "GET /robots.txt HTTP/1.1" 404 - "-" "Mozilla/5.0 (compatible; Spiderlytics/1.0; +spider@spiderlytics.com)"
5.199.136.130 - - [09/Jul/2013:15:48:06 +0200] "GET /images/mev14046.jpg HTTP/1.1" 200 70680 "-" "Mozilla/5.0 (compatible; Spiderlytics/1.0; +spider@spiderlytics.com)"
5.199.136.130 - - [09/Jul/2013:15:52:37 +0200] "GET /robots.txt HTTP/1.1" 404 - "-" "Mozilla/5.0 (compatible; Spiderlytics/1.0; +spider@spiderlytics.com)"
5.199.136.130 - - [09/Jul/2013:15:52:37 +0200] "GET /images/pbx.gif HTTP/1.1" 200 99 "-" "Mozilla/5.0 (compatible; Spiderlytics/1.0; +spider@spiderlytics.com)"
173.199.119.43 - - [09/Jul/2013:16:19:06 +0200] "GET /images/mev14046.jpg HTTP/1.1" 200 70680 "-" "Mozilla/5.0 (compatible; AhrefsBot/4.0; +http://ahrefs.com/robot/)"
66.249.78.44 - - [09/Jul/2013:16:22:45 +0200] "GET /00000398730fcd910.php HTTP/1.1" 200 22413 "-" "Mozilla/5.0 (iPhone; U; CPU iPhone OS 4_1 like Mac OS X; en-us) AppleWebKit/532.9 (KHTML, like Gecko) Version/4.0.5 Mobile/8B117 Safari/6531.22.7 (compatible; Googlebot-Mobile/2.1; +http://www.google.com/bot.html)"
66.249.78.44 - - [09/Jul/2013:16:58:04 +0200] "GET /robots.txt HTTP/1.1" 404 - "-" "Mozilla/5.0 (compatible; Googlebot/2.1; +http://www.google.com/bot.html)"
66.249.78.44 - - [09/Jul/2013:16:58:04 +0200] "GET /images/pnvtht3m1.gif HTTP/1.1" 304 - "-" "Googlebot-Image/1.0"
66.249.78.44 - - [09/Jul/2013:17:53:50 +0200] "GET /images/mev14046_72.jpg HTTP/1.1" 304 - "-" "Googlebot-Image/1.0"
5.199.136.130 - - [09/Jul/2013:18:20:34 +0200] "GET /robots.txt HTTP/1.1" 404 - "-" "Mozilla/5.0 (compatible; Spiderlytics/1.0; +spider@spiderlytics.com)"
5.199.136.130 - - [09/Jul/2013:18:20:34 +0200] "GET /images/ss38095cols2.jpg HTTP/1.1" 200 10304 "-" "Mozilla/5.0 (compatible; Spiderlytics/1.0; +spider@spiderlytics.com)"
5.199.136.130 - - [09/Jul/2013:18:22:33 +0200] "GET /robots.txt HTTP/1.1" 404 - "-" "Mozilla/5.0 (compatible; Spiderlytics/1.0; +spider@spiderlytics.com)"
5.199.136.130 - - [09/Jul/2013:18:22:33 +0200] "GET /images/baustellegif_72.gif HTTP/1.1" 200 2909 "-" "Mozilla/5.0 (compatible; Spiderlytics/1.0; +spider@spiderlytics.com)"
173.199.119.43 - - [09/Jul/2013:18:47:08 +0200] "GET /000001985b0ce1e49/00000198610d8af28/00000198610da0a31.php HTTP/1.1" 200 14401 "-" "Mozilla/5.0 (compatible; AhrefsBot/4.0; +http://ahrefs.com/robot/)"
66.249.78.44 - - [09/Jul/2013:18:49:48 +0200] "GET /images/mev23003_72.jpg HTTP/1.1" 304 - "-" "Googlebot-Image/1.0"
64.79.77.37 - - [09/Jul/2013:20:25:18 +0200] "GET / HTTP/1.1" 200 24284 "-" "Mozilla/5.0 (compatible; MSIE 8.0; Windows NT 5.1) KomodiaBot/1.0"
5.199.136.130 - - [09/Jul/2013:20:25:25 +0200] "GET /robots.txt HTTP/1.1" 404 - "-" "Mozilla/5.0 (compatible; Spiderlytics/1.0; +spider@spiderlytics.com)"
5.199.136.130 - - [09/Jul/2013:20:25:25 +0200] "GET /images/30288.jpg HTTP/1.1" 200 184160 "-" "Mozilla/5.0 (compatible; Spiderlytics/1.0; +spider@spiderlytics.com)"
173.199.119.43 - - [09/Jul/2013:21:25:55 +0200] "GET /000001985b0d93482/000001985b0da2285/index.php HTTP/1.1" 200 16408 "-" "Mozilla/5.0 (compatible; AhrefsBot/4.0; +http://ahrefs.com/robot/)"
66.249.78.44 - - [09/Jul/2013:22:20:17 +0200] "GET / HTTP/1.1" 200 24284 "-" "Mozilla/5.0 (iPhone; U; CPU iPhone OS 4_1 like Mac OS X; en-us) AppleWebKit/532.9 (KHTML, like Gecko) Version/4.0.5 Mobile/8B117 Safari/6531.22.7 (compatible; Googlebot-Mobile/2.1; +http://www.google.com/bot.html)"
173.199.119.43 - - [09/Jul/2013:22:41:46 +0200] "GET /000001985b0e5e29a/000001985f0d1bf04/index.php HTTP/1.1" 200 17301 "-" "Mozilla/5.0 (compatible; AhrefsBot/4.0; +http://ahrefs.com/robot/)"
5.199.136.130 - - [09/Jul/2013:22:53:09 +0200] "GET /robots.txt HTTP/1.1" 404 - "-" "Mozilla/5.0 (compatible; Spiderlytics/1.0; +spider@spiderlytics.com)"
5.199.136.130 - - [09/Jul/2013:22:53:09 +0200] "GET /images/ss04035.jpg HTTP/1.1" 200 144893 "-" "Mozilla/5.0 (compatible; Spiderlytics/1.0; +spider@spiderlytics.com)"
5.199.136.130 - - [09/Jul/2013:23:37:07 +0200] "GET /robots.txt HTTP/1.1" 404 - "-" "Mozilla/5.0 (compatible; Spiderlytics/1.0; +spider@spiderlytics.com)"
5.199.136.130 - - [09/Jul/2013:23:37:07 +0200] "GET /images/pnvtt1m5.gif HTTP/1.1" 200 2706 "-" "Mozilla/5.0 (compatible; Spiderlytics/1.0; +spider@spiderlytics.com)"
173.199.119.43 - - [10/Jul/2013:00:17:01 +0200] "GET /000001985b0e5e29a/index.php HTTP/1.1" 200 16906 "-" "Mozilla/5.0 (compatible; AhrefsBot/4.0; +http://ahrefs.com/robot/)"
173.199.119.43 - - [10/Jul/2013:00:27:01 +0200] "GET /000001985b0d93482/00000198660ae2e07/00000198660b24011/index.php HTTP/1.1" 200 20685 "-" "Mozilla/5.0 (compatible; AhrefsBot/4.0; +http://ahrefs.com/robot/)"
173.199.119.43 - - [10/Jul/2013:02:31:31 +0200] "GET /00000198660c9d618/00000198660cdce24/index.php HTTP/1.1" 200 17958 "-" "Mozilla/5.0 (compatible; AhrefsBot/4.0; +http://ahrefs.com/robot/)"
173.199.119.43 - - [10/Jul/2013:03:17:23 +0200] "GET /00000198660c9d618/00000198610cada01/00000198610ccef0b.php HTTP/1.1" 200 15784 "-" "Mozilla/5.0 (compatible; AhrefsBot/4.0; +http://ahrefs.com/robot/)"
173.199.119.43 - - [10/Jul/2013:03:34:41 +0200] "GET /000001985b0d93482/00000198660ae2e07/index.php HTTP/1.1" 200 17560 "-" "Mozilla/5.0 (compatible; AhrefsBot/4.0; +http://ahrefs.com/robot/)"
5.199.136.130 - - [10/Jul/2013:03:39:24 +0200] "GET /robots.txt HTTP/1.1" 404 - "-" "Mozilla/5.0 (compatible; Spiderlytics/1.0; +spider@spiderlytics.com)"
5.199.136.130 - - [10/Jul/2013:03:39:24 +0200] "GET /images/pnvtt4m1.gif HTTP/1.1" 200 2509 "-" "Mozilla/5.0 (compatible; Spiderlytics/1.0; +spider@spiderlytics.com)"
66.249.78.44 - - [10/Jul/2013:03:40:36 +0200] "GET /images/mev14046_72.jpg HTTP/1.1" 304 - "-" "Googlebot-Image/1.0"
141.8.147.12 - - [10/Jul/2013:04:52:23 +0200] "GET /robots.txt HTTP/1.1" 404 - "-" "Mozilla/5.0 (compatible; YandexBot/3.0; +http://yandex.com/bots)"
66.249.75.72 - - [10/Jul/2013:05:01:59 +0200] "GET /robots.txt HTTP/1.1" 404 - "-" "Mozilla/5.0 (compatible; Googlebot/2.1; +http://www.google.com/bot.html)"
85.25.120.73 - - [10/Jul/2013:05:35:46 +0200] "GET / HTTP/1.1" 200 24280 "-" "Mozilla/5.0 (X11; U; Linux i686; en-US; rv:1.9.0.1) Gecko/2008070206 Firefox/3.0.1"
85.25.120.73 - - [10/Jul/2013:05:35:46 +0200] "GET /00000398730fce012.php HTTP/1.1" 200 22666 "-" "Mozilla/5.0 (X11; U; Linux i686; en-US; rv:1.9.0.1) Gecko/2008070206 Firefox/3.0.1"
66.249.75.72 - - [10/Jul/2013:06:03:12 +0200] "GET /031d669bf5054cf01/index.php HTTP/1.1" 200 13910 "-" "SAMSUNG-SGH-E250/1.0 Profile/MIDP-2.0 Configuration/CLDC-1.1 UP.Browser/6.2.3.3.c.1.101 (GUI) MMP/2.0 (compatible; Googlebot-Mobile/2.1; +http://www.google.com/bot.html)"
66.249.78.44 - - [10/Jul/2013:06:14:07 +0200] "GET /031d669bf5054cf01/index.php HTTP/1.1" 200 13910 "-" "Mozilla/5.0 (iPhone; U; CPU iPhone OS 4_1 like Mac OS X; en-us) AppleWebKit/532.9 (KHTML, like Gecko) Version/4.0.5 Mobile/8B117 Safari/6531.22.7 (compatible; Googlebot-Mobile/2.1; +http://www.google.com/bot.html)"
173.199.119.43 - - [10/Jul/2013:06:38:39 +0200] "GET /images/35029.jpg HTTP/1.1" 200 56734 "-" "Mozilla/5.0 (compatible; AhrefsBot/4.0; +http://ahrefs.com/robot/)"
173.199.119.43 - - [10/Jul/2013:06:41:33 +0200] "GET /images/mev22050.jpg HTTP/1.1" 200 75047 "-" "Mozilla/5.0 (compatible; AhrefsBot/4.0; +http://ahrefs.com/robot/)"
173.199.119.43 - - [10/Jul/2013:06:42:30 +0200] "GET /000001985b0e5e29a/000001985f0d7940e/index.php HTTP/1.1" 200 17528 "-" "Mozilla/5.0 (compatible; AhrefsBot/4.0; +http://ahrefs.com/robot/)"
141.8.147.12 - - [10/Jul/2013:06:56:52 +0200] "GET /00000198660c9d618/00000198610cada01/00000198610cb4105.php HTTP/1.1" 200 15906 "-" "Mozilla/5.0 (compatible; YandexBot/3.0; +http://yandex.com/bots)"
5.199.136.130 - - [10/Jul/2013:07:47:55 +0200] "GET /robots.txt HTTP/1.1" 404 - "-" "Mozilla/5.0 (compatible; Spiderlytics/1.0; +spider@spiderlytics.com)"
5.199.136.130 - - [10/Jul/2013:07:47:55 +0200] "GET /images/phnvmtt5.gif HTTP/1.1" 200 2563 "-" "Mozilla/5.0 (compatible; Spiderlytics/1.0; +spider@spiderlytics.com)"
84.200.73.204 - - [10/Jul/2013:08:28:52 +0200] "GET / HTTP/1.1" 200 24280 "-" "Mozilla/5.0 (compatible; MSIE 9.0; Windows NT 6.1; WOW64; Trident/5.0) 4.90"
173.199.119.43 - - [10/Jul/2013:08:44:39 +0200] "GET /images/55275.jpg HTTP/1.1" 200 77367 "-" "Mozilla/5.0 (compatible; AhrefsBot/4.0; +http://ahrefs.com/robot/)"
173.199.119.43 - - [10/Jul/2013:08:45:34 +0200] "GET /00000198660b9a703/00000198660bb6a0a/index.php HTTP/1.1" 200 16349 "-" "Mozilla/5.0 (compatible; AhrefsBot/4.0; +http://ahrefs.com/robot/)"
49.0.155.125 - - [10/Jul/2013:09:16:14 +0200] "GET /images/30288.jpg HTTP/1.1" 200 184160 "http://www.google.mn/search?hl=de&biw=320&bih=416&site=webhp&tbm=isch&sa=1&ei=FAndUa_QAse7O4ihgbAO&q=weihnachtskuchen&oq=weihnachtsku&gs_l=mobile-gws-serp.1.2.0l5.1051.6287.0.8521.6.4.0.0.0.0.1008.2523.4-1j2j0j1.4.0....0...1c.1.19.mobile-gws-serp.aGm2NMr8FM0" "Mozilla/5.0 (iPhone; CPU iPhone OS 6_1_3 like Mac OS X) AppleWebKit/536.26 (KHTML, like Gecko) Version/6.0 Mobile/10B329 Safari/8536.25"
141.8.147.12 - - [10/Jul/2013:09:49:49 +0200] "GET /031d669bf5054cf01/index.php HTTP/1.1" 200 13910 "-" "Mozilla/5.0 (compatible; YandexBot/3.0; +http://yandex.com/bots)"
173.199.119.43 - - [10/Jul/2013:10:09:39 +0200] "GET /000001985b0ce1e49/00000198610d8af28/00000198610d9412d.php HTTP/1.1" 200 14303 "-" "Mozilla/5.0 (compatible; AhrefsBot/4.0; +http://ahrefs.com/robot/)"
157.55.34.171 - - [10/Jul/2013:10:20:32 +0200] "GET /robots.txt HTTP/1.1" 404 - "-" "Mozilla/5.0 (compatible; bingbot/2.0; +http://www.bing.com/bingbot.htm)"
157.55.34.171 - - [10/Jul/2013:10:22:27 +0200] "GET /000001985b0ce1e49/00000198610d6501c/00000198610d75024.php HTTP/1.1" 200 14492 "-" "Mozilla/5.0 (compatible; bingbot/2.0; +http://www.bing.com/bingbot.htm)"
157.55.36.39 - - [10/Jul/2013:11:13:33 +0200] "GET /robots.txt HTTP/1.1" 404 - "-" "Mozilla/5.0 (compatible; bingbot/2.0; +http://www.bing.com/bingbot.htm)"
157.55.36.39 - - [10/Jul/2013:11:15:07 +0200] "GET / HTTP/1.1" 200 24280 "-" "Mozilla/5.0 (compatible; bingbot/2.0; +http://www.bing.com/bingbot.htm)"
173.199.119.43 - - [10/Jul/2013:11:40:21 +0200] "GET /031d669bf5054cf01/index.php HTTP/1.1" 200 13910 "-" "Mozilla/5.0 (compatible; AhrefsBot/4.0; +http://ahrefs.com/robot/)"
141.8.147.12 - - [10/Jul/2013:12:08:01 +0200] "GET /000001985b0ce1e49/00000198610d6501c/00000198610d70421.php HTTP/1.1" 200 14487 "-" "Mozilla/5.0 (compatible; YandexBot/3.0; +http://yandex.com/bots)"
141.8.147.12 - - [10/Jul/2013:13:14:54 +0200] "GET /000001985b0ce1e49/00000198610d6501c/00000198610d75024.php HTTP/1.1" 200 14492 "-" "Mozilla/5.0 (compatible; YandexBot/3.0; +http://yandex.com/bots)"
123.125.71.30 - - [10/Jul/2013:13:20:17 +0200] "GET / HTTP/1.1" 200 23735 "-" "Mozilla/5.0 (compatible; Baiduspider/2.0; +http://www.baidu.com/search/spider.html)"
141.8.147.12 - - [10/Jul/2013:13:23:29 +0200] "GET /000001985b0ce1e49/00000198610d8af28/index.php HTTP/1.1" 200 15776 "-" "Mozilla/5.0 (compatible; YandexBot/3.0; +http://yandex.com/bots)"
220.181.108.117 - - [10/Jul/2013:13:20:21 +0200] "GET / HTTP/1.1" 200 15277 "-" "Mozilla/5.0 (compatible; Baiduspider/2.0; +http://www.baidu.com/search/spider.html)"
66.249.78.44 - - [10/Jul/2013:13:38:33 +0200] "GET /robots.txt HTTP/1.1" 404 - "-" "Mozilla/5.0 (compatible; Googlebot/2.1; +http://www.google.com/bot.html)"
66.249.75.72 - - [10/Jul/2013:13:38:33 +0200] "GET /00000198660b9a703/00000198660bb6a0a/index.php HTTP/1.1" 200 16349 "-" "Mozilla/5.0 (iPhone; U; CPU iPhone OS 4_1 like Mac OS X; en-us) AppleWebKit/532.9 (KHTML, like Gecko) Version/4.0.5 Mobile/8B117 Safari/6531.22.7 (compatible; Googlebot-Mobile/2.1; +http://www.google.com/bot.html)"
141.8.147.12 - - [10/Jul/2013:14:03:42 +0200] "GET /00000198660c9d618/00000198660cdce24/index.php HTTP/1.1" 200 17958 "-" "Mozilla/5.0 (compatible; YandexBot/3.0; +http://yandex.com/bots)"
141.8.147.12 - - [10/Jul/2013:14:59:18 +0200] "GET /000001985b0ce1e49/00000198610d6501c/00000198610d71d22.php HTTP/1.1" 200 14333 "-" "Mozilla/5.0 (compatible; YandexBot/3.0; +http://yandex.com/bots)"
141.8.147.12 - - [10/Jul/2013:15:41:06 +0200] "GET /00000198660a80203/index.php HTTP/1.1" 200 12647 "-" "Mozilla/5.0 (compatible; YandexBot/3.0; +http://yandex.com/bots)"
141.8.147.12 - - [10/Jul/2013:17:09:18 +0200] "GET /robots.txt HTTP/1.1" 404 - "-" "Mozilla/5.0 (compatible; YandexBot/3.0; +http://yandex.com/bots)"
87.150.2.86 - - [10/Jul/2013:17:09:45 +0200] "GET / HTTP/1.1" 200 24280 "-" "Mozilla/5.0 (Windows NT 5.1; rv:22.0) Gecko/20100101 Firefox/22.0"
87.150.2.86 - - [10/Jul/2013:17:09:46 +0200] "GET /assets/s.css HTTP/1.1" 200 3386 "http://www.ksbb.de/" "Mozilla/5.0 (Windows NT 5.1; rv:22.0) Gecko/20100101 Firefox/22.0"
87.150.2.86 - - [10/Jul/2013:17:09:46 +0200] "GET /assets/ssb.css HTTP/1.1" 200 657 "http://www.ksbb.de/" "Mozilla/5.0 (Windows NT 5.1; rv:22.0) Gecko/20100101 Firefox/22.0"
87.150.2.86 - - [10/Jul/2013:17:09:46 +0200] "GET /images/pcp.gif HTTP/1.1" 200 43 "http://www.ksbb.de/" "Mozilla/5.0 (Windows NT 5.1; rv:22.0) Gecko/20100101 Firefox/22.0"
87.150.2.86 - - [10/Jul/2013:17:09:46 +0200] "GET /images/pltp.gif HTTP/1.1" 200 160 "http://www.ksbb.de/" "Mozilla/5.0 (Windows NT 5.1; rv:22.0) Gecko/20100101 Firefox/22.0"
87.150.2.86 - - [10/Jul/2013:17:09:46 +0200] "GET /images/phomesm0.gif HTTP/1.1" 200 2239 "http://www.ksbb.de/" "Mozilla/5.0 (Windows NT 5.1; rv:22.0) Gecko/20100101 Firefox/22.0"
87.150.2.86 - - [10/Jul/2013:17:09:46 +0200] "GET /images/plms.gif HTTP/1.1" 200 68 "http://www.ksbb.de/" "Mozilla/5.0 (Windows NT 5.1; rv:22.0) Gecko/20100101 Firefox/22.0"
87.150.2.86 - - [10/Jul/2013:17:09:46 +0200] "GET /images/pmtm1.gif HTTP/1.1" 200 1155 "http://www.ksbb.de/" "Mozilla/5.0 (Windows NT 5.1; rv:22.0) Gecko/20100101 Firefox/22.0"
87.150.2.86 - - [10/Jul/2013:17:09:46 +0200] "GET /images/pmtm2.gif HTTP/1.1" 200 628 "http://www.ksbb.de/" "Mozilla/5.0 (Windows NT 5.1; rv:22.0) Gecko/20100101 Firefox/22.0"
87.150.2.86 - - [10/Jul/2013:17:09:46 +0200] "GET /images/pmtm5.gif HTTP/1.1" 200 2185 "http://www.ksbb.de/" "Mozilla/5.0 (Windows NT 5.1; rv:22.0) Gecko/20100101 Firefox/22.0"
87.150.2.86 - - [10/Jul/2013:17:09:46 +0200] "GET /images/pmtm6.gif HTTP/1.1" 200 628 "http://www.ksbb.de/" "Mozilla/5.0 (Windows NT 5.1; rv:22.0) Gecko/20100101 Firefox/22.0"
87.150.2.86 - - [10/Jul/2013:17:09:46 +0200] "GET /images/pmtm7.gif HTTP/1.1" 200 1174 "http://www.ksbb.de/" "Mozilla/5.0 (Windows NT 5.1; rv:22.0) Gecko/20100101 Firefox/22.0"
87.150.2.86 - - [10/Jul/2013:17:09:46 +0200] "GET /images/plma.gif HTTP/1.1" 200 164 "http://www.ksbb.de/" "Mozilla/5.0 (Windows NT 5.1; rv:22.0) Gecko/20100101 Firefox/22.0"
87.150.2.86 - - [10/Jul/2013:17:09:46 +0200] "GET /images/plogo.gif HTTP/1.1" 200 18153 "http://www.ksbb.de/" "Mozilla/5.0 (Windows NT 5.1; rv:22.0) Gecko/20100101 Firefox/22.0"
87.150.2.86 - - [10/Jul/2013:17:09:46 +0200] "GET /images/plmb.gif HTTP/1.1" 200 166 "http://www.ksbb.de/" "Mozilla/5.0 (Windows NT 5.1; rv:22.0) Gecko/20100101 Firefox/22.0"
87.150.2.86 - - [10/Jul/2013:17:09:46 +0200] "GET /images/pl160.gif HTTP/1.1" 200 70 "http://www.ksbb.de/" "Mozilla/5.0 (Windows NT 5.1; rv:22.0) Gecko/20100101 Firefox/22.0"
87.150.2.86 - - [10/Jul/2013:17:09:46 +0200] "GET /images/phnvmtt1.gif HTTP/1.1" 200 2551 "http://www.ksbb.de/" "Mozilla/5.0 (Windows NT 5.1; rv:22.0) Gecko/20100101 Firefox/22.0"
87.150.2.86 - - [10/Jul/2013:17:09:46 +0200] "GET /images/pd.gif HTTP/1.1" 200 111 "http://www.ksbb.de/" "Mozilla/5.0 (Windows NT 5.1; rv:22.0) Gecko/20100101 Firefox/22.0"
87.150.2.86 - - [10/Jul/2013:17:09:46 +0200] "GET /images/phnvmtt2.gif HTTP/1.1" 200 1637 "http://www.ksbb.de/" "Mozilla/5.0 (Windows NT 5.1; rv:22.0) Gecko/20100101 Firefox/22.0"
87.150.2.86 - - [10/Jul/2013:17:09:46 +0200] "GET /images/phnvmtt3.gif HTTP/1.1" 200 2611 "http://www.ksbb.de/" "Mozilla/5.0 (Windows NT 5.1; rv:22.0) Gecko/20100101 Firefox/22.0"
87.150.2.86 - - [10/Jul/2013:17:09:46 +0200] "GET /images/phnvmtt4.gif HTTP/1.1" 200 2685 "http://www.ksbb.de/" "Mozilla/5.0 (Windows NT 5.1; rv:22.0) Gecko/20100101 Firefox/22.0"
87.150.2.86 - - [10/Jul/2013:17:09:46 +0200] "GET /images/phnvmtt6.gif HTTP/1.1" 200 1637 "http://www.ksbb.de/" "Mozilla/5.0 (Windows NT 5.1; rv:22.0) Gecko/20100101 Firefox/22.0"
87.150.2.86 - - [10/Jul/2013:17:09:46 +0200] "GET /images/phnvmtt5.gif HTTP/1.1" 200 2563 "http://www.ksbb.de/" "Mozilla/5.0 (Windows NT 5.1; rv:22.0) Gecko/20100101 Firefox/22.0"
87.150.2.86 - - [10/Jul/2013:17:09:46 +0200] "GET /images/phnvmtt7.gif HTTP/1.1" 200 2552 "http://www.ksbb.de/" "Mozilla/5.0 (Windows NT 5.1; rv:22.0) Gecko/20100101 Firefox/22.0"
87.150.2.86 - - [10/Jul/2013:17:09:46 +0200] "GET /images/pbx.gif HTTP/1.1" 200 99 "http://www.ksbb.de/" "Mozilla/5.0 (Windows NT 5.1; rv:22.0) Gecko/20100101 Firefox/22.0"
87.150.2.86 - - [10/Jul/2013:17:09:46 +0200] "GET /images/plnkn.gif HTTP/1.1" 200 95 "http://www.ksbb.de/" "Mozilla/5.0 (Windows NT 5.1; rv:22.0) Gecko/20100101 Firefox/22.0"
87.150.2.86 - - [10/Jul/2013:17:09:46 +0200] "GET /images/mev23003_72.jpg HTTP/1.1" 200 2106 "http://www.ksbb.de/" "Mozilla/5.0 (Windows NT 5.1; rv:22.0) Gecko/20100101 Firefox/22.0"
87.150.2.86 - - [10/Jul/2013:17:09:46 +0200] "GET /images/55275_72.jpg HTTP/1.1" 200 2381 "http://www.ksbb.de/" "Mozilla/5.0 (Windows NT 5.1; rv:22.0) Gecko/20100101 Firefox/22.0"
87.150.2.86 - - [10/Jul/2013:17:09:46 +0200] "GET /images/plmc.gif HTTP/1.1" 200 166 "http://www.ksbb.de/" "Mozilla/5.0 (Windows NT 5.1; rv:22.0) Gecko/20100101 Firefox/22.0"
87.150.2.86 - - [10/Jul/2013:17:09:46 +0200] "GET /images/mev14046_72.jpg HTTP/1.1" 200 1662 "http://www.ksbb.de/" "Mozilla/5.0 (Windows NT 5.1; rv:22.0) Gecko/20100101 Firefox/22.0"
87.150.2.86 - - [10/Jul/2013:17:09:46 +0200] "GET /images/pcmpc1.gif HTTP/1.1" 200 1155 "http://www.ksbb.de/" "Mozilla/5.0 (Windows NT 5.1; rv:22.0) Gecko/20100101 Firefox/22.0"
87.150.2.86 - - [10/Jul/2013:17:09:46 +0200] "GET /images/plbt.gif HTTP/1.1" 200 161 "http://www.ksbb.de/" "Mozilla/5.0 (Windows NT 5.1; rv:22.0) Gecko/20100101 Firefox/22.0"
87.150.2.86 - - [10/Jul/2013:17:09:46 +0200] "GET /images/pcmpc2.gif HTTP/1.1" 200 1240 "http://www.ksbb.de/" "Mozilla/5.0 (Windows NT 5.1; rv:22.0) Gecko/20100101 Firefox/22.0"
87.150.2.86 - - [10/Jul/2013:17:09:46 +0200] "GET /images/ksbb1_sbp.jpg HTTP/1.1" 200 3871 "http://www.ksbb.de/" "Mozilla/5.0 (Windows NT 5.1; rv:22.0) Gecko/20100101 Firefox/22.0"
87.150.2.86 - - [10/Jul/2013:17:09:46 +0200] "GET /images/ulslogosbp_sbp.jpg HTTP/1.1" 200 1896 "http://www.ksbb.de/" "Mozilla/5.0 (Windows NT 5.1; rv:22.0) Gecko/20100101 Firefox/22.0"
87.150.2.86 - - [10/Jul/2013:17:09:46 +0200] "GET /images/iso9001_sbp.jpg HTTP/1.1" 200 4462 "http://www.ksbb.de/" "Mozilla/5.0 (Windows NT 5.1; rv:22.0) Gecko/20100101 Firefox/22.0"
87.150.2.86 - - [10/Jul/2013:17:09:46 +0200] "GET /images/logoprofex_sbp.gif HTTP/1.1" 200 3524 "http://www.ksbb.de/" "Mozilla/5.0 (Windows NT 5.1; rv:22.0) Gecko/20100101 Firefox/22.0"
87.150.2.86 - - [10/Jul/2013:17:09:46 +0200] "GET /images/pcmphc2.gif HTTP/1.1" 200 2299 "http://www.ksbb.de/" "Mozilla/5.0 (Windows NT 5.1; rv:22.0) Gecko/20100101 Firefox/22.0"
87.150.2.86 - - [10/Jul/2013:17:09:46 +0200] "GET /images/pcmphc1.gif HTTP/1.1" 200 2164 "http://www.ksbb.de/" "Mozilla/5.0 (Windows NT 5.1; rv:22.0) Gecko/20100101 Firefox/22.0"
87.150.2.86 - - [10/Jul/2013:17:09:47 +0200] "GET /images/phnvmtht1.gif HTTP/1.1" 200 2613 "http://www.ksbb.de/" "Mozilla/5.0 (Windows NT 5.1; rv:22.0) Gecko/20100101 Firefox/22.0"
87.150.2.86 - - [10/Jul/2013:17:09:47 +0200] "GET /images/phnvmtht2.gif HTTP/1.1" 200 1696 "http://www.ksbb.de/" "Mozilla/5.0 (Windows NT 5.1; rv:22.0) Gecko/20100101 Firefox/22.0"
87.150.2.86 - - [10/Jul/2013:17:09:47 +0200] "GET /images/phnvmtht3.gif HTTP/1.1" 200 2679 "http://www.ksbb.de/" "Mozilla/5.0 (Windows NT 5.1; rv:22.0) Gecko/20100101 Firefox/22.0"
87.150.2.86 - - [10/Jul/2013:17:09:47 +0200] "GET /images/phnvmtht4.gif HTTP/1.1" 200 2627 "http://www.ksbb.de/" "Mozilla/5.0 (Windows NT 5.1; rv:22.0) Gecko/20100101 Firefox/22.0"
87.150.2.86 - - [10/Jul/2013:17:09:47 +0200] "GET /images/phnvmtht5.gif HTTP/1.1" 200 2500 "http://www.ksbb.de/" "Mozilla/5.0 (Windows NT 5.1; rv:22.0) Gecko/20100101 Firefox/22.0"
87.150.2.86 - - [10/Jul/2013:17:09:47 +0200] "GET /images/phnvmtht6.gif HTTP/1.1" 200 1696 "http://www.ksbb.de/" "Mozilla/5.0 (Windows NT 5.1; rv:22.0) Gecko/20100101 Firefox/22.0"
87.150.2.86 - - [10/Jul/2013:17:09:47 +0200] "GET /images/phnvmtht7.gif HTTP/1.1" 200 2615 "http://www.ksbb.de/" "Mozilla/5.0 (Windows NT 5.1; rv:22.0) Gecko/20100101 Firefox/22.0"
87.150.2.86 - - [10/Jul/2013:17:09:47 +0200] "GET /images/pmthm1.gif HTTP/1.1" 200 2169 "http://www.ksbb.de/" "Mozilla/5.0 (Windows NT 5.1; rv:22.0) Gecko/20100101 Firefox/22.0"
87.150.2.86 - - [10/Jul/2013:17:09:47 +0200] "GET /images/pmthm2.gif HTTP/1.1" 200 1209 "http://www.ksbb.de/" "Mozilla/5.0 (Windows NT 5.1; rv:22.0) Gecko/20100101 Firefox/22.0"
87.150.2.86 - - [10/Jul/2013:17:09:47 +0200] "GET /images/pmthm3.gif HTTP/1.1" 200 2275 "http://www.ksbb.de/" "Mozilla/5.0 (Windows NT 5.1; rv:22.0) Gecko/20100101 Firefox/22.0"
87.150.2.86 - - [10/Jul/2013:17:09:47 +0200] "GET /images/pmthm4.gif HTTP/1.1" 200 2518 "http://www.ksbb.de/" "Mozilla/5.0 (Windows NT 5.1; rv:22.0) Gecko/20100101 Firefox/22.0"
87.150.2.86 - - [10/Jul/2013:17:09:47 +0200] "GET /images/pmthm5.gif HTTP/1.1" 200 2381 "http://www.ksbb.de/" "Mozilla/5.0 (Windows NT 5.1; rv:22.0) Gecko/20100101 Firefox/22.0"
87.150.2.86 - - [10/Jul/2013:17:09:47 +0200] "GET /images/pmthm6.gif HTTP/1.1" 200 1209 "http://www.ksbb.de/" "Mozilla/5.0 (Windows NT 5.1; rv:22.0) Gecko/20100101 Firefox/22.0"
87.150.2.86 - - [10/Jul/2013:17:09:47 +0200] "GET /images/pmthm7.gif HTTP/1.1" 200 2195 "http://www.ksbb.de/" "Mozilla/5.0 (Windows NT 5.1; rv:22.0) Gecko/20100101 Firefox/22.0"
87.150.2.86 - - [10/Jul/2013:17:09:47 +0200] "GET /images/psd.gif HTTP/1.1" 200 111 "http://www.ksbb.de/" "Mozilla/5.0 (Windows NT 5.1; rv:22.0) Gecko/20100101 Firefox/22.0"
87.150.2.86 - - [10/Jul/2013:17:09:47 +0200] "GET /images/pbg.gif HTTP/1.1" 200 52 "http://www.ksbb.de/" "Mozilla/5.0 (Windows NT 5.1; rv:22.0) Gecko/20100101 Firefox/22.0"
87.150.2.86 - - [10/Jul/2013:17:09:47 +0200] "GET /images/plvt.gif HTTP/1.1" 200 53 "http://www.ksbb.de/" "Mozilla/5.0 (Windows NT 5.1; rv:22.0) Gecko/20100101 Firefox/22.0"
87.150.2.86 - - [10/Jul/2013:17:09:47 +0200] "GET /images/pmtm4.gif HTTP/1.1" 200 2316 "http://www.ksbb.de/" "Mozilla/5.0 (Windows NT 5.1; rv:22.0) Gecko/20100101 Firefox/22.0"
87.150.2.86 - - [10/Jul/2013:17:09:48 +0200] "GET /images/pmtm3.gif HTTP/1.1" 200 2032 "http://www.ksbb.de/" "Mozilla/5.0 (Windows NT 5.1; rv:22.0) Gecko/20100101 Firefox/22.0"
87.150.2.86 - - [10/Jul/2013:17:09:48 +0200] "GET /favicon.ico HTTP/1.1" 404 - "-" "Mozilla/5.0 (Windows NT 5.1; rv:22.0) Gecko/20100101 Firefox/22.0"
141.8.147.12 - - [10/Jul/2013:17:46:59 +0200] "GET / HTTP/1.1" 200 24280 "-" "Mozilla/5.0 (compatible; YandexBot/3.0; +http://yandex.com/bots)"
141.8.147.12 - - [10/Jul/2013:18:18:17 +0200] "GET /index.php HTTP/1.1" 200 24280 "-" "Mozilla/5.0 (compatible; YandexBot/3.0; +http://yandex.com/bots)"
173.199.119.43 - - [10/Jul/2013:18:29:24 +0200] "GET /images/mev09037.jpg HTTP/1.1" 200 74301 "-" "Mozilla/5.0 (compatible; AhrefsBot/4.0; +http://ahrefs.com/robot/)"
173.199.119.43 - - [10/Jul/2013:19:05:52 +0200] "GET /00000198660b9a703/00000198660bb6a0a/00000198660bc480f.php HTTP/1.1" 200 17087 "-" "Mozilla/5.0 (compatible; AhrefsBot/4.0; +http://ahrefs.com/robot/)"
141.8.147.12 - - [10/Jul/2013:19:11:12 +0200] "GET /000001985b0d93482/index.php HTTP/1.1" 200 15586 "-" "Mozilla/5.0 (compatible; YandexBot/3.0; +http://yandex.com/bots)"
141.8.147.12 - - [10/Jul/2013:19:47:48 +0200] "GET /000001985b0e5e29a/index.php HTTP/1.1" 200 16902 "-" "Mozilla/5.0 (compatible; YandexBot/3.0; +http://yandex.com/bots)"
173.199.119.43 - - [10/Jul/2013:19:51:14 +0200] "GET /00000198660b9a703/index.php HTTP/1.1" 200 19284 "-" "Mozilla/5.0 (compatible; AhrefsBot/4.0; +http://ahrefs.com/robot/)"
173.199.119.43 - - [10/Jul/2013:20:01:41 +0200] "GET /000001985b0d93482/index.php HTTP/1.1" 200 15586 "-" "Mozilla/5.0 (compatible; AhrefsBot/4.0; +http://ahrefs.com/robot/)"
141.8.147.12 - - [10/Jul/2013:20:16:32 +0200] "GET /000001985b0d93482/000001985b0fc8f0b/index.php HTTP/1.1" 200 15384 "-" "Mozilla/5.0 (compatible; YandexBot/3.0; +http://yandex.com/bots)"
141.8.147.12 - - [10/Jul/2013:20:33:24 +0200] "GET /00000398730fcd910.php HTTP/1.1" 200 22409 "-" "Mozilla/5.0 (compatible; YandexBot/3.0; +http://yandex.com/bots)"
173.199.119.43 - - [10/Jul/2013:20:46:58 +0200] "GET /000001985b0ce1e49/00000198610d6501c/00000198610d70421.php HTTP/1.1" 200 14487 "-" "Mozilla/5.0 (compatible; AhrefsBot/4.0; +http://ahrefs.com/robot/)"
173.199.119.43 - - [10/Jul/2013:20:50:56 +0200] "GET /00000398730fcd910.php HTTP/1.1" 200 22409 "-" "Mozilla/5.0 (compatible; AhrefsBot/4.0; +http://ahrefs.com/robot/)"
37.221.197.86 - - [10/Jul/2013:21:03:12 +0200] "GET / HTTP/1.1" 200 24280 "-" "WhatWeb/0.4.7"
141.8.147.12 - - [10/Jul/2013:21:25:25 +0200] "GET /000001985b0d93482/000001985b0da2285/index.php HTTP/1.1" 200 16404 "-" "Mozilla/5.0 (compatible; YandexBot/3.0; +http://yandex.com/bots)"
66.249.75.72 - - [10/Jul/2013:21:30:21 +0200] "GET /robots.txt HTTP/1.1" 404 - "-" "Mozilla/5.0 (compatible; Googlebot/2.1; +http://www.google.com/bot.html)"
66.249.75.72 - - [10/Jul/2013:21:30:21 +0200] "GET / HTTP/1.1" 200 24280 "-" "DoCoMo/2.0 N905i(c100;TB;W24H16) (compatible; Googlebot-Mobile/2.1; +http://www.google.com/bot.html)"
173.199.119.43 - - [10/Jul/2013:21:32:58 +0200] "GET /000001985b0ce1e49/00000198610d6501c/index.php HTTP/1.1" 200 15940 "-" "Mozilla/5.0 (compatible; AhrefsBot/4.0; +http://ahrefs.com/robot/)"
141.8.147.12 - - [10/Jul/2013:21:54:20 +0200] "GET /000001985b0d93482/000001985c0868401/index.php HTTP/1.1" 200 20288 "-" "Mozilla/5.0 (compatible; YandexBot/3.0; +http://yandex.com/bots)"
141.8.147.12 - - [10/Jul/2013:22:05:02 +0200] "GET /000001985b0d93482/00000198660ae2e07/index.php HTTP/1.1" 200 17560 "-" "Mozilla/5.0 (compatible; YandexBot/3.0; +http://yandex.com/bots)"
141.8.147.12 - - [10/Jul/2013:22:21:58 +0200] "GET /00000198660b9a703/00000198660bb6a0a/index.php HTTP/1.1" 200 16349 "-" "Mozilla/5.0 (compatible; YandexBot/3.0; +http://yandex.com/bots)"
141.8.147.12 - - [10/Jul/2013:22:23:28 +0200] "GET /000001985b0e5e29a/000001985f0d1bf04/index.php HTTP/1.1" 200 17297 "-" "Mozilla/5.0 (compatible; YandexBot/3.0; +http://yandex.com/bots)"
64.246.165.210 - - [10/Jul/2013:23:48:56 +0200] "GET /robots.txt HTTP/1.0" 404 - "-" "Mozilla/5.0 (Windows; U; Windows NT 5.1; en; rv:1.9.0.13) Gecko/2009073022 Firefox/3.5.2 (.NET CLR 3.5.30729) SurveyBot/2.3 (DomainTools)"
64.246.165.210 - - [10/Jul/2013:23:48:56 +0200] "GET / HTTP/1.1" 200 24280 "http://whois.domaintools.com/ksbb.de" "Mozilla/5.0 (Windows; U; Windows NT 5.1; en; rv:1.9.0.13) Gecko/2009073022 Firefox/3.5.2 (.NET CLR 3.5.30729) SurveyBot/2.3 (DomainTools)"
37.140.141.34 - - [10/Jul/2013:23:49:00 +0200] "GET /robots.txt HTTP/1.1" 404 - "-" "Mozilla/5.0 (compatible; YandexImages/3.0; +http://yandex.com/bots)"
37.140.141.34 - - [10/Jul/2013:23:51:54 +0200] "GET /images/pmtm6.gif HTTP/1.1" 304 - "-" "Mozilla/5.0 (compatible; YandexImages/3.0; +http://yandex.com/bots)"
37.140.141.34 - - [10/Jul/2013:23:54:49 +0200] "GET /images/plma.gif HTTP/1.1" 304 - "-" "Mozilla/5.0 (compatible; YandexImages/3.0; +http://yandex.com/bots)"
37.140.141.34 - - [10/Jul/2013:23:57:47 +0200] "GET /images/ss04093.jpg HTTP/1.1" 200 160123 "-" "Mozilla/5.0 (compatible; YandexImages/3.0; +http://yandex.com/bots)"
37.140.141.34 - - [11/Jul/2013:00:00:45 +0200] "GET /images/mev14046.jpg HTTP/1.1" 200 70680 "-" "Mozilla/5.0 (compatible; YandexImages/3.0; +http://yandex.com/bots)"
37.140.141.34 - - [11/Jul/2013:00:07:11 +0200] "GET /images/pmtm3.gif HTTP/1.1" 200 2032 "-" "Mozilla/5.0 (compatible; YandexImages/3.0; +http://yandex.com/bots)"
37.140.141.34 - - [11/Jul/2013:00:10:18 +0200] "GET /images/pcmpc2.gif HTTP/1.1" 304 - "-" "Mozilla/5.0 (compatible; YandexImages/3.0; +http://yandex.com/bots)"
37.140.141.34 - - [11/Jul/2013:00:13:23 +0200] "GET /images/plbt.gif HTTP/1.1" 304 - "-" "Mozilla/5.0 (compatible; YandexImages/3.0; +http://yandex.com/bots)"
37.140.141.34 - - [11/Jul/2013:00:16:20 +0200] "GET /images/pnvtst3m2.gif HTTP/1.1" 304 - "-" "Mozilla/5.0 (compatible; YandexImages/3.0; +http://yandex.com/bots)"
37.140.141.34 - - [11/Jul/2013:00:22:18 +0200] "GET /images/ss04093_158.jpg HTTP/1.1" 200 9642 "-" "Mozilla/5.0 (compatible; YandexImages/3.0; +http://yandex.com/bots)"
37.140.141.34 - - [11/Jul/2013:00:25:28 +0200] "GET /images/mev14046_158.jpg HTTP/1.1" 200 3375 "-" "Mozilla/5.0 (compatible; YandexImages/3.0; +http://yandex.com/bots)"
37.140.141.34 - - [11/Jul/2013:00:28:44 +0200] "GET /images/pmtm5.gif HTTP/1.1" 200 2185 "-" "Mozilla/5.0 (compatible; YandexImages/3.0; +http://yandex.com/bots)"
37.140.141.34 - - [11/Jul/2013:00:31:47 +0200] "GET /images/plmb.gif HTTP/1.1" 200 166 "-" "Mozilla/5.0 (compatible; YandexImages/3.0; +http://yandex.com/bots)"
37.140.141.34 - - [11/Jul/2013:00:38:02 +0200] "GET /images/pltp.gif HTTP/1.1" 304 - "-" "Mozilla/5.0 (compatible; YandexImages/3.0; +http://yandex.com/bots)"
37.140.141.34 - - [11/Jul/2013:00:41:12 +0200] "GET /images/pnvtst2m5.gif HTTP/1.1" 304 - "-" "Mozilla/5.0 (compatible; YandexImages/3.0; +http://yandex.com/bots)"
37.140.141.34 - - [11/Jul/2013:00:44:13 +0200] "GET /images/plms.gif HTTP/1.1" 304 - "-" "Mozilla/5.0 (compatible; YandexImages/3.0; +http://yandex.com/bots)"
37.140.141.34 - - [11/Jul/2013:00:47:40 +0200] "GET /images/pnvtst4m1.gif HTTP/1.1" 304 - "-" "Mozilla/5.0 (compatible; YandexImages/3.0; +http://yandex.com/bots)"
37.140.141.34 - - [11/Jul/2013:00:53:46 +0200] "GET /images/pmtm5.gif HTTP/1.1" 200 2185 "-" "Mozilla/5.0 (compatible; YandexImages/3.0; +http://yandex.com/bots)"
37.140.141.34 - - [11/Jul/2013:00:56:45 +0200] "GET /images/ss04093.jpg HTTP/1.1" 200 160123 "-" "Mozilla/5.0 (compatible; YandexImages/3.0; +http://yandex.com/bots)"
37.140.141.34 - - [11/Jul/2013:00:59:55 +0200] "GET /images/mev14046_158.jpg HTTP/1.1" 200 3375 "-" "Mozilla/5.0 (compatible; YandexImages/3.0; +http://yandex.com/bots)"
37.140.141.34 - - [11/Jul/2013:01:05:54 +0200] "GET /robots.txt HTTP/1.1" 404 - "-" "Mozilla/5.0 (compatible; YandexImages/3.0; +http://yandex.com/bots)"
37.140.141.34 - - [11/Jul/2013:01:08:56 +0200] "GET /images/pltp.gif HTTP/1.1" 304 - "-" "Mozilla/5.0 (compatible; YandexImages/3.0; +http://yandex.com/bots)"
37.140.141.34 - - [11/Jul/2013:01:11:58 +0200] "GET /images/pcmpc2.gif HTTP/1.1" 304 - "-" "Mozilla/5.0 (compatible; YandexImages/3.0; +http://yandex.com/bots)"
37.140.141.34 - - [11/Jul/2013:01:15:00 +0200] "GET /images/plbt.gif HTTP/1.1" 304 - "-" "Mozilla/5.0 (compatible; YandexImages/3.0; +http://yandex.com/bots)"
37.140.141.34 - - [11/Jul/2013:01:17:55 +0200] "GET /images/plms.gif HTTP/1.1" 304 - "-" "Mozilla/5.0 (compatible; YandexImages/3.0; +http://yandex.com/bots)"
123.125.71.52 - - [11/Jul/2013:01:19:00 +0200] "GET / HTTP/1.1" 200 24056 "-" "Mozilla/5.0 (compatible; Baiduspider/2.0; +http://www.baidu.com/search/spider.html)"
220.181.108.91 - - [11/Jul/2013:01:19:01 +0200] "GET / HTTP/1.1" 200 24280 "-" "Mozilla/5.0 (compatible; Baiduspider/2.0; +http://www.baidu.com/search/spider.html)"
37.140.141.34 - - [11/Jul/2013:01:23:37 +0200] "GET /images/pmtm3.gif HTTP/1.1" 200 2032 "-" "Mozilla/5.0 (compatible; YandexImages/3.0; +http://yandex.com/bots)"
37.140.141.34 - - [11/Jul/2013:01:26:30 +0200] "GET /images/plmb.gif HTTP/1.1" 200 166 "-" "Mozilla/5.0 (compatible; YandexImages/3.0; +http://yandex.com/bots)"
37.140.141.34 - - [11/Jul/2013:01:29:26 +0200] "GET /images/mev14046.jpg HTTP/1.1" 200 70680 "-" "Mozilla/5.0 (compatible; YandexImages/3.0; +http://yandex.com/bots)"
37.140.141.34 - - [11/Jul/2013:01:32:14 +0200] "GET /images/pnvtst3m2.gif HTTP/1.1" 304 - "-" "Mozilla/5.0 (compatible; YandexImages/3.0; +http://yandex.com/bots)"
37.140.141.34 - - [11/Jul/2013:01:35:09 +0200] "GET /images/ss04093_158.jpg HTTP/1.1" 200 9642 "-" "Mozilla/5.0 (compatible; YandexImages/3.0; +http://yandex.com/bots)"
5.199.136.130 - - [11/Jul/2013:01:37:19 +0200] "GET /robots.txt HTTP/1.1" 404 - "-" "Mozilla/5.0 (compatible; Spiderlytics/1.0; +spider@spiderlytics.com)"
5.199.136.130 - - [11/Jul/2013:01:37:19 +0200] "GET /images/logoprofex_sbp.gif HTTP/1.1" 200 3524 "-" "Mozilla/5.0 (compatible; Spiderlytics/1.0; +spider@spiderlytics.com)"
37.140.141.34 - - [11/Jul/2013:01:43:30 +0200] "GET /images/plma.gif HTTP/1.1" 304 - "-" "Mozilla/5.0 (compatible; YandexImages/3.0; +http://yandex.com/bots)"
37.140.141.34 - - [11/Jul/2013:01:45:50 +0200] "GET /images/pnvtst2m5.gif HTTP/1.1" 304 - "-" "Mozilla/5.0 (compatible; YandexImages/3.0; +http://yandex.com/bots)"
37.140.141.34 - - [11/Jul/2013:01:48:17 +0200] "GET /images/pnvtst4m1.gif HTTP/1.1" 304 - "-" "Mozilla/5.0 (compatible; YandexImages/3.0; +http://yandex.com/bots)"
37.140.141.34 - - [11/Jul/2013:01:53:40 +0200] "GET /images/pmtm6.gif HTTP/1.1" 304 - "-" "Mozilla/5.0 (compatible; YandexImages/3.0; +http://yandex.com/bots)"
37.140.141.34 - - [11/Jul/2013:01:59:57 +0200] "GET /images/pmtm6.gif HTTP/1.1" 304 - "-" "Mozilla/5.0 (compatible; YandexImages/3.0; +http://yandex.com/bots)"
37.140.141.34 - - [11/Jul/2013:02:04:02 +0200] "GET /images/pmtm3.gif HTTP/1.1" 200 2032 "-" "Mozilla/5.0 (compatible; YandexImages/3.0; +http://yandex.com/bots)"
37.140.141.34 - - [11/Jul/2013:02:06:09 +0200] "GET /images/plms.gif HTTP/1.1" 304 - "-" "Mozilla/5.0 (compatible; YandexImages/3.0; +http://yandex.com/bots)"
37.140.141.34 - - [11/Jul/2013:02:08:11 +0200] "GET /images/mev14046.jpg HTTP/1.1" 200 70680 "-" "Mozilla/5.0 (compatible; YandexImages/3.0; +http://yandex.com/bots)"
37.140.141.34 - - [11/Jul/2013:02:10:13 +0200] "GET /images/pnvtst2m5.gif HTTP/1.1" 304 - "-" "Mozilla/5.0 (compatible; YandexImages/3.0; +http://yandex.com/bots)"
37.140.141.34 - - [11/Jul/2013:02:16:20 +0200] "GET /images/pmtm5.gif HTTP/1.1" 200 2185 "-" "Mozilla/5.0 (compatible; YandexImages/3.0; +http://yandex.com/bots)"
37.140.141.34 - - [11/Jul/2013:02:21:04 +0200] "GET /images/pcmpc2.gif HTTP/1.1" 304 - "-" "Mozilla/5.0 (compatible; YandexImages/3.0; +http://yandex.com/bots)"
37.140.141.34 - - [11/Jul/2013:02:25:06 +0200] "GET /images/ss04093_158.jpg HTTP/1.1" 200 9642 "-" "Mozilla/5.0 (compatible; YandexImages/3.0; +http://yandex.com/bots)"
37.140.141.34 - - [11/Jul/2013:02:28:06 +0200] "GET /images/pnvtst4m1.gif HTTP/1.1" 304 - "-" "Mozilla/5.0 (compatible; YandexImages/3.0; +http://yandex.com/bots)"
37.140.141.34 - - [11/Jul/2013:03:01:00 +0200] "GET /images/mev14046_158.jpg HTTP/1.1" 200 3375 "-" "Mozilla/5.0 (compatible; YandexImages/3.0; +http://yandex.com/bots)"
193.252.149.14 - - [11/Jul/2013:03:02:15 +0200] "GET /robots.txt HTTP/1.1" 404 - "-" "Mozilla/5.0 (Windows; U; Windows NT 5.1; fr; rv:1.8.1) VoilaBot BETA 1.2 (support.voilabot@orange-ftgroup.com)"
193.252.149.14 - - [11/Jul/2013:03:02:38 +0200] "GET / HTTP/1.1" 200 24273 "-" "Mozilla/5.0 (Windows; U; Windows NT 5.1; fr; rv:1.8.1) VoilaBot BETA 1.2 (support.voilabot@orange-ftgroup.com)"
37.140.141.34 - - [11/Jul/2013:03:23:08 +0200] "GET /images/ss04093.jpg HTTP/1.1" 200 160123 "-" "Mozilla/5.0 (compatible; YandexImages/3.0; +http://yandex.com/bots)"
65.55.213.37 - - [11/Jul/2013:03:27:12 +0200] "GET /00000398730fcd910.php HTTP/1.1" 200 22402 "-" "Mozilla/4.0 (compatible; MSIE 7.0; Windows NT 5.2; SLCC1; .NET CLR 1.1.4325; .NET CLR 2.0.50727; .NET CLR 3.0.30729; .NET CLR 3.5.30729; InfoPath.2)"
65.55.213.37 - - [11/Jul/2013:03:27:13 +0200] "GET /assets/s.css HTTP/1.1" 200 3386 "http://www.ksbb.de/00000398730fcd910.php" "Mozilla/4.0 (compatible; MSIE 7.0; Windows NT 5.2; SLCC1; .NET CLR 1.1.4325; .NET CLR 2.0.50727; .NET CLR 3.0.30729; .NET CLR 3.5.30729; InfoPath.2)"
65.55.213.37 - - [11/Jul/2013:03:27:13 +0200] "GET /assets/ssb.css HTTP/1.1" 200 657 "http://www.ksbb.de/00000398730fcd910.php" "Mozilla/4.0 (compatible; MSIE 7.0; Windows NT 5.2; SLCC1; .NET CLR 1.1.4325; .NET CLR 2.0.50727; .NET CLR 3.0.30729; .NET CLR 3.5.30729; InfoPath.2)"
173.199.119.43 - - [11/Jul/2013:03:33:40 +0200] "GET / HTTP/1.1" 200 24273 "-" "Mozilla/5.0 (compatible; AhrefsBot/4.0; +http://ahrefs.com/robot/)"
66.249.78.44 - - [11/Jul/2013:03:40:32 +0200] "GET /robots.txt HTTP/1.1" 404 - "-" "Mozilla/5.0 (compatible; Googlebot/2.1; +http://www.google.com/bot.html)"
66.249.78.44 - - [11/Jul/2013:03:40:32 +0200] "GET / HTTP/1.1" 200 24273 "-" "Mozilla/5.0 (iPhone; U; CPU iPhone OS 4_1 like Mac OS X; en-us) AppleWebKit/532.9 (KHTML, like Gecko) Version/4.0.5 Mobile/8B117 Safari/6531.22.7 (compatible; Googlebot-Mobile/2.1; +http://www.google.com/bot.html)"
173.199.119.43 - - [11/Jul/2013:03:47:33 +0200] "GET /00000198660a80203/index.php HTTP/1.1" 200 12640 "-" "Mozilla/5.0 (compatible; AhrefsBot/4.0; +http://ahrefs.com/robot/)"
66.249.78.44 - - [11/Jul/2013:04:11:55 +0200] "GET /000001985b0d93482/index.php HTTP/1.1" 200 15579 "-" "Mozilla/5.0 (iPhone; U; CPU iPhone OS 4_1 like Mac OS X; en-us) AppleWebKit/532.9 (KHTML, like Gecko) Version/4.0.5 Mobile/8B117 Safari/6531.22.7 (compatible; Googlebot-Mobile/2.1; +http://www.google.com/bot.html)"
37.140.141.34 - - [11/Jul/2013:04:15:21 +0200] "GET /images/plbt.gif HTTP/1.1" 304 - "-" "Mozilla/5.0 (compatible; YandexImages/3.0; +http://yandex.com/bots)"
5.199.136.130 - - [11/Jul/2013:04:30:39 +0200] "GET /robots.txt HTTP/1.1" 404 - "-" "Mozilla/5.0 (compatible; Spiderlytics/1.0; +spider@spiderlytics.com)"
5.199.136.130 - - [11/Jul/2013:04:30:39 +0200] "GET /images/pnvtst4m2.gif HTTP/1.1" 200 2630 "-" "Mozilla/5.0 (compatible; Spiderlytics/1.0; +spider@spiderlytics.com)"
5.199.136.130 - - [11/Jul/2013:04:43:05 +0200] "GET /robots.txt HTTP/1.1" 404 - "-" "Mozilla/5.0 (compatible; Spiderlytics/1.0; +spider@spiderlytics.com)"
5.199.136.130 - - [11/Jul/2013:04:43:05 +0200] "GET /images/pmtsm1.gif HTTP/1.1" 200 2156 "-" "Mozilla/5.0 (compatible; Spiderlytics/1.0; +spider@spiderlytics.com)"
37.140.141.34 - - [11/Jul/2013:05:06:53 +0200] "GET /images/pnvtst3m2.gif HTTP/1.1" 304 - "-" "Mozilla/5.0 (compatible; YandexImages/3.0; +http://yandex.com/bots)"
37.140.141.34 - - [11/Jul/2013:05:44:46 +0200] "GET /images/plmb.gif HTTP/1.1" 200 166 "-" "Mozilla/5.0 (compatible; YandexImages/3.0; +http://yandex.com/bots)"
37.140.141.34 - - [11/Jul/2013:07:25:30 +0200] "GET /images/pltp.gif HTTP/1.1" 304 - "-" "Mozilla/5.0 (compatible; YandexImages/3.0; +http://yandex.com/bots)"
65.55.215.36 - - [11/Jul/2013:07:29:00 +0200] "GET /robots.txt HTTP/1.1" 404 - "-" "msnbot-media/1.1 (+http://search.msn.com/msnbot.htm)"
65.55.215.36 - - [11/Jul/2013:07:29:00 +0200] "GET /images/30288.jpg HTTP/1.1" 200 184160 "-" "msnbot-media/1.1 (+http://search.msn.com/msnbot.htm)"
208.115.111.75 - - [11/Jul/2013:07:34:42 +0200] "GET /robots.txt HTTP/1.1" 404 - "-" "Mozilla/5.0 (compatible; Ezooms/1.0; ezooms.bot@gmail.com)"
37.140.141.34 - - [11/Jul/2013:07:39:50 +0200] "GET /images/plma.gif HTTP/1.1" 304 - "-" "Mozilla/5.0 (compatible; YandexImages/3.0; +http://yandex.com/bots)"
37.140.141.34 - - [11/Jul/2013:07:46:41 +0200] "GET /images/pnvtst3m2.gif HTTP/1.1" 304 - "-" "Mozilla/5.0 (compatible; YandexImages/3.0; +http://yandex.com/bots)"
37.140.141.34 - - [11/Jul/2013:07:55:37 +0200] "GET /images/plmb.gif HTTP/1.1" 200 166 "-" "Mozilla/5.0 (compatible; YandexImages/3.0; +http://yandex.com/bots)"
37.140.141.34 - - [11/Jul/2013:08:05:05 +0200] "GET /images/pnvtst4m1.gif HTTP/1.1" 304 - "-" "Mozilla/5.0 (compatible; YandexImages/3.0; +http://yandex.com/bots)"
5.199.136.130 - - [11/Jul/2013:08:10:44 +0200] "GET /robots.txt HTTP/1.1" 404 - "-" "Mozilla/5.0 (compatible; Spiderlytics/1.0; +spider@spiderlytics.com)"
5.199.136.130 - - [11/Jul/2013:08:10:44 +0200] "GET /images/pmtsm5.gif HTTP/1.1" 200 2379 "-" "Mozilla/5.0 (compatible; Spiderlytics/1.0; +spider@spiderlytics.com)"
37.140.141.34 - - [11/Jul/2013:08:33:46 +0200] "GET /images/ss04093_158.jpg HTTP/1.1" 200 9642 "-" "Mozilla/5.0 (compatible; YandexImages/3.0; +http://yandex.com/bots)"
37.140.141.34 - - [11/Jul/2013:08:43:59 +0200] "GET /images/pcmpc2.gif HTTP/1.1" 304 - "-" "Mozilla/5.0 (compatible; YandexImages/3.0; +http://yandex.com/bots)"
37.140.141.34 - - [11/Jul/2013:09:12:45 +0200] "GET /images/pmtm5.gif HTTP/1.1" 200 2185 "-" "Mozilla/5.0 (compatible; YandexImages/3.0; +http://yandex.com/bots)"
66.249.78.44 - - [11/Jul/2013:09:13:43 +0200] "GET /000001985b0e5e29a/000001985f0d1bf04/index.php HTTP/1.1" 200 17290 "-" "SAMSUNG-SGH-E250/1.0 Profile/MIDP-2.0 Configuration/CLDC-1.1 UP.Browser/6.2.3.3.c.1.101 (GUI) MMP/2.0 (compatible; Googlebot-Mobile/2.1; +http://www.google.com/bot.html)"
157.55.36.39 - - [11/Jul/2013:09:17:36 +0200] "GET /robots.txt HTTP/1.1" 404 - "-" "Mozilla/5.0 (compatible; bingbot/2.0; +http://www.bing.com/bingbot.htm)"
37.140.141.34 - - [11/Jul/2013:09:22:58 +0200] "GET /images/plma.gif HTTP/1.1" 304 - "-" "Mozilla/5.0 (compatible; YandexImages/3.0; +http://yandex.com/bots)"
208.115.111.75 - - [11/Jul/2013:09:25:00 +0200] "GET /000001985b0e5e29a/index.php HTTP/1.1" 200 16895 "-" "Mozilla/5.0 (compatible; Ezooms/1.0; ezooms.bot@gmail.com)"
