141.8.147.12 - - [04/Jul/2013:23:23:50 +0200] "GET /000001985b0ce1e49/00000198610d8af28/00000198610da0a31.php HTTP/1.1" 200 14409 "-" "Mozilla/5.0 (compatible; YandexBot/3.0; +http://yandex.com/bots)"
141.8.147.12 - - [05/Jul/2013:00:18:31 +0200] "GET /00000198660c9d618/00000198610cada01/00000198660cc5621.php HTTP/1.1" 200 15941 "-" "Mozilla/5.0 (compatible; YandexBot/3.0; +http://yandex.com/bots)"
141.8.147.12 - - [05/Jul/2013:00:21:23 +0200] "GET /00000398730fce012.php HTTP/1.1" 200 22678 "-" "Mozilla/5.0 (compatible; YandexBot/3.0; +http://yandex.com/bots)"
141.8.147.12 - - [05/Jul/2013:00:54:59 +0200] "GET /robots.txt HTTP/1.1" 404 - "-" "Mozilla/5.0 (compatible; YandexBot/3.0; +http://yandex.com/bots)"
123.125.71.35 - - [05/Jul/2013:01:20:13 +0200] "GET / HTTP/1.1" 200 15277 "-" "Mozilla/5.0 (compatible; Baiduspider/2.0; +http://www.baidu.com/search/spider.html)"
220.181.108.122 - - [05/Jul/2013:01:20:14 +0200] "GET / HTTP/1.1" 200 24056 "-" "Mozilla/5.0 (compatible; Baiduspider/2.0; +http://www.baidu.com/search/spider.html)"
141.8.147.12 - - [05/Jul/2013:01:37:10 +0200] "GET /000001985b0ce1e49/index.php HTTP/1.1" 200 14920 "-" "Mozilla/5.0 (compatible; YandexBot/3.0; +http://yandex.com/bots)"
141.8.147.12 - - [05/Jul/2013:02:05:47 +0200] "GET /000001985b0e5e29a/000001985f0d7940e/index.php HTTP/1.1" 200 17532 "-" "Mozilla/5.0 (compatible; YandexBot/3.0; +http://yandex.com/bots)"
141.8.147.12 - - [05/Jul/2013:02:59:43 +0200] "GET /00000198660b9a703/index.php HTTP/1.1" 200 19288 "-" "Mozilla/5.0 (compatible; YandexBot/3.0; +http://yandex.com/bots)"
173.199.115.75 - - [05/Jul/2013:03:33:44 +0200] "GET /00000198660a80203/index.php HTTP/1.1" 200 12651 "-" "Mozilla/5.0 (compatible; AhrefsBot/4.0; +http://ahrefs.com/robot/)"
141.8.147.12 - - [05/Jul/2013:03:43:41 +0200] "GET /000001985b0ce1e49/00000198610d6501c/index.php HTTP/1.1" 200 15944 "-" "Mozilla/5.0 (compatible; YandexBot/3.0; +http://yandex.com/bots)"
141.8.147.12 - - [05/Jul/2013:04:09:28 +0200] "GET /000001985b0e5e29a/000001985e0778004/index.php HTTP/1.1" 200 17366 "-" "Mozilla/5.0 (compatible; YandexBot/3.0; +http://yandex.com/bots)"
66.249.78.44 - - [05/Jul/2013:04:27:27 +0200] "GET /robots.txt HTTP/1.1" 404 - "-" "Mozilla/5.0 (compatible; Googlebot/2.1; +http://www.google.com/bot.html)"
141.8.147.12 - - [05/Jul/2013:04:54:14 +0200] "GET /00000198660c9d618/index.php HTTP/1.1" 200 15359 "-" "Mozilla/5.0 (compatible; YandexBot/3.0; +http://yandex.com/bots)"
66.249.78.44 - - [05/Jul/2013:04:56:29 +0200] "GET /031d669bf5054cf01/index.php HTTP/1.1" 200 13914 "-" "Mozilla/5.0 (iPhone; U; CPU iPhone OS 4_1 like Mac OS X; en-us) AppleWebKit/532.9 (KHTML, like Gecko) Version/4.0.5 Mobile/8B117 Safari/6531.22.7 (compatible; Googlebot-Mobile/2.1; +http://www.google.com/bot.html)"
157.55.33.146 - - [05/Jul/2013:05:06:44 +0200] "GET /robots.txt HTTP/1.1" 404 - "-" "Mozilla/5.0 (compatible; bingbot/2.0; +http://www.bing.com/bingbot.htm)"
141.8.147.12 - - [05/Jul/2013:05:34:15 +0200] "GET /000001985b0e5e29a/000001985f0d8f113/index.php HTTP/1.1" 200 20340 "-" "Mozilla/5.0 (compatible; YandexBot/3.0; +http://yandex.com/bots)"
157.55.33.146 - - [05/Jul/2013:05:35:31 +0200] "GET /000001985b0ce1e49/00000198610d6501c/index.php HTTP/1.1" 200 15944 "-" "Mozilla/5.0 (compatible; bingbot/2.0; +http://www.bing.com/bingbot.htm)"
141.8.147.12 - - [05/Jul/2013:06:01:53 +0200] "GET /00000198660c9d618/00000198610cada01/index.php HTTP/1.1" 200 18163 "-" "Mozilla/5.0 (compatible; YandexBot/3.0; +http://yandex.com/bots)"
92.75.85.241 - - [05/Jul/2013:09:50:59 +0200] "GET /assets/s.css HTTP/1.1" 200 3386 "http://www.ksbb.de/" "Mozilla/5.0 (X11; U; Linux x86_64; en-US; rv:1.9.2.16) Gecko/20110323 Ubuntu/10.10 (maverick) Firefox/3.6.16"
92.75.85.241 - - [05/Jul/2013:09:50:59 +0200] "GET /assets/ssb.css HTTP/1.1" 200 657 "http://www.ksbb.de/" "Mozilla/5.0 (X11; U; Linux x86_64; en-US; rv:1.9.2.16) Gecko/20110323 Ubuntu/10.10 (maverick) Firefox/3.6.16"
92.75.85.241 - - [05/Jul/2013:09:50:59 +0200] "GET / HTTP/1.1" 200 24284 "-" "Mozilla/5.0 (X11; U; Linux x86_64; en-US; rv:1.9.2.16) Gecko/20110323 Ubuntu/10.10 (maverick) Firefox/3.6.16"
92.75.85.241 - - [05/Jul/2013:09:50:59 +0200] "GET /images/pcmphc1.gif HTTP/1.1" 200 2164 "http://www.ksbb.de/" "Mozilla/5.0 (X11; U; Linux x86_64; en-US; rv:1.9.2.16) Gecko/20110323 Ubuntu/10.10 (maverick) Firefox/3.6.16"
92.75.85.241 - - [05/Jul/2013:09:50:59 +0200] "GET /images/pcmpc1.gif HTTP/1.1" 200 1155 "http://www.ksbb.de/" "Mozilla/5.0 (X11; U; Linux x86_64; en-US; rv:1.9.2.16) Gecko/20110323 Ubuntu/10.10 (maverick) Firefox/3.6.16"
92.75.85.241 - - [05/Jul/2013:09:50:59 +0200] "GET /images/pcmpc2.gif HTTP/1.1" 200 1240 "http://www.ksbb.de/" "Mozilla/5.0 (X11; U; Linux x86_64; en-US; rv:1.9.2.16) Gecko/20110323 Ubuntu/10.10 (maverick) Firefox/3.6.16"
92.75.85.241 - - [05/Jul/2013:09:50:59 +0200] "GET /images/pcp.gif HTTP/1.1" 200 43 "http://www.ksbb.de/" "Mozilla/5.0 (X11; U; Linux x86_64; en-US; rv:1.9.2.16) Gecko/20110323 Ubuntu/10.10 (maverick) Firefox/3.6.16"
92.75.85.241 - - [05/Jul/2013:09:50:59 +0200] "GET /images/phnvmtt1.gif HTTP/1.1" 200 2551 "http://www.ksbb.de/" "Mozilla/5.0 (X11; U; Linux x86_64; en-US; rv:1.9.2.16) Gecko/20110323 Ubuntu/10.10 (maverick) Firefox/3.6.16"
92.75.85.241 - - [05/Jul/2013:09:50:59 +0200] "GET /images/phnvmtht1.gif HTTP/1.1" 200 2613 "http://www.ksbb.de/" "Mozilla/5.0 (X11; U; Linux x86_64; en-US; rv:1.9.2.16) Gecko/20110323 Ubuntu/10.10 (maverick) Firefox/3.6.16"
92.75.85.241 - - [05/Jul/2013:09:50:59 +0200] "GET /images/pltp.gif HTTP/1.1" 200 160 "http://www.ksbb.de/" "Mozilla/5.0 (X11; U; Linux x86_64; en-US; rv:1.9.2.16) Gecko/20110323 Ubuntu/10.10 (maverick) Firefox/3.6.16"
92.75.85.241 - - [05/Jul/2013:09:50:59 +0200] "GET /images/pcmphc2.gif HTTP/1.1" 200 2299 "http://www.ksbb.de/" "Mozilla/5.0 (X11; U; Linux x86_64; en-US; rv:1.9.2.16) Gecko/20110323 Ubuntu/10.10 (maverick) Firefox/3.6.16"
92.75.85.241 - - [05/Jul/2013:09:50:59 +0200] "GET /images/plms.gif HTTP/1.1" 200 68 "http://www.ksbb.de/" "Mozilla/5.0 (X11; U; Linux x86_64; en-US; rv:1.9.2.16) Gecko/20110323 Ubuntu/10.10 (maverick) Firefox/3.6.16"
92.75.85.241 - - [05/Jul/2013:09:50:59 +0200] "GET /images/plma.gif HTTP/1.1" 200 164 "http://www.ksbb.de/" "Mozilla/5.0 (X11; U; Linux x86_64; en-US; rv:1.9.2.16) Gecko/20110323 Ubuntu/10.10 (maverick) Firefox/3.6.16"
92.75.85.241 - - [05/Jul/2013:09:50:59 +0200] "GET /images/plmb.gif HTTP/1.1" 200 166 "http://www.ksbb.de/" "Mozilla/5.0 (X11; U; Linux x86_64; en-US; rv:1.9.2.16) Gecko/20110323 Ubuntu/10.10 (maverick) Firefox/3.6.16"
92.75.85.241 - - [05/Jul/2013:09:50:59 +0200] "GET /images/pl160.gif HTTP/1.1" 200 70 "http://www.ksbb.de/" "Mozilla/5.0 (X11; U; Linux x86_64; en-US; rv:1.9.2.16) Gecko/20110323 Ubuntu/10.10 (maverick) Firefox/3.6.16"
92.75.85.241 - - [05/Jul/2013:09:50:59 +0200] "GET /images/pbx.gif HTTP/1.1" 200 99 "http://www.ksbb.de/" "Mozilla/5.0 (X11; U; Linux x86_64; en-US; rv:1.9.2.16) Gecko/20110323 Ubuntu/10.10 (maverick) Firefox/3.6.16"
92.75.85.241 - - [05/Jul/2013:09:50:59 +0200] "GET /images/plnkn.gif HTTP/1.1" 200 95 "http://www.ksbb.de/" "Mozilla/5.0 (X11; U; Linux x86_64; en-US; rv:1.9.2.16) Gecko/20110323 Ubuntu/10.10 (maverick) Firefox/3.6.16"
92.75.85.241 - - [05/Jul/2013:09:50:59 +0200] "GET /images/mev23003_72.jpg HTTP/1.1" 200 2106 "http://www.ksbb.de/" "Mozilla/5.0 (X11; U; Linux x86_64; en-US; rv:1.9.2.16) Gecko/20110323 Ubuntu/10.10 (maverick) Firefox/3.6.16"
92.75.85.241 - - [05/Jul/2013:09:50:59 +0200] "GET /images/mev14046_72.jpg HTTP/1.1" 200 1662 "http://www.ksbb.de/" "Mozilla/5.0 (X11; U; Linux x86_64; en-US; rv:1.9.2.16) Gecko/20110323 Ubuntu/10.10 (maverick) Firefox/3.6.16"
92.75.85.241 - - [05/Jul/2013:09:50:59 +0200] "GET /images/55275_72.jpg HTTP/1.1" 200 2381 "http://www.ksbb.de/" "Mozilla/5.0 (X11; U; Linux x86_64; en-US; rv:1.9.2.16) Gecko/20110323 Ubuntu/10.10 (maverick) Firefox/3.6.16"
92.75.85.241 - - [05/Jul/2013:09:50:59 +0200] "GET /images/plmc.gif HTTP/1.1" 200 166 "http://www.ksbb.de/" "Mozilla/5.0 (X11; U; Linux x86_64; en-US; rv:1.9.2.16) Gecko/20110323 Ubuntu/10.10 (maverick) Firefox/3.6.16"
92.75.85.241 - - [05/Jul/2013:09:50:59 +0200] "GET /images/plbt.gif HTTP/1.1" 200 161 "http://www.ksbb.de/" "Mozilla/5.0 (X11; U; Linux x86_64; en-US; rv:1.9.2.16) Gecko/20110323 Ubuntu/10.10 (maverick) Firefox/3.6.16"
92.75.85.241 - - [05/Jul/2013:09:50:59 +0200] "GET /images/plogo.gif HTTP/1.1" 200 18153 "http://www.ksbb.de/" "Mozilla/5.0 (X11; U; Linux x86_64; en-US; rv:1.9.2.16) Gecko/20110323 Ubuntu/10.10 (maverick) Firefox/3.6.16"
92.75.85.241 - - [05/Jul/2013:09:50:59 +0200] "GET /images/ksbb1_sbp.jpg HTTP/1.1" 200 3871 "http://www.ksbb.de/" "Mozilla/5.0 (X11; U; Linux x86_64; en-US; rv:1.9.2.16) Gecko/20110323 Ubuntu/10.10 (maverick) Firefox/3.6.16"
92.75.85.241 - - [05/Jul/2013:09:51:00 +0200] "GET /images/logoprofex_sbp.gif HTTP/1.1" 200 3524 "http://www.ksbb.de/" "Mozilla/5.0 (X11; U; Linux x86_64; en-US; rv:1.9.2.16) Gecko/20110323 Ubuntu/10.10 (maverick) Firefox/3.6.16"
92.75.85.241 - - [05/Jul/2013:09:51:00 +0200] "GET /images/ulslogosbp_sbp.jpg HTTP/1.1" 200 1896 "http://www.ksbb.de/" "Mozilla/5.0 (X11; U; Linux x86_64; en-US; rv:1.9.2.16) Gecko/20110323 Ubuntu/10.10 (maverick) Firefox/3.6.16"
92.75.85.241 - - [05/Jul/2013:09:51:00 +0200] "GET /images/phnvmtht2.gif HTTP/1.1" 200 1696 "http://www.ksbb.de/" "Mozilla/5.0 (X11; U; Linux x86_64; en-US; rv:1.9.2.16) Gecko/20110323 Ubuntu/10.10 (maverick) Firefox/3.6.16"
92.75.85.241 - - [05/Jul/2013:09:51:00 +0200] "GET /images/phnvmtt2.gif HTTP/1.1" 200 1637 "http://www.ksbb.de/" "Mozilla/5.0 (X11; U; Linux x86_64; en-US; rv:1.9.2.16) Gecko/20110323 Ubuntu/10.10 (maverick) Firefox/3.6.16"
92.75.85.241 - - [05/Jul/2013:09:51:00 +0200] "GET /images/phnvmtt3.gif HTTP/1.1" 200 2611 "http://www.ksbb.de/" "Mozilla/5.0 (X11; U; Linux x86_64; en-US; rv:1.9.2.16) Gecko/20110323 Ubuntu/10.10 (maverick) Firefox/3.6.16"
92.75.85.241 - - [05/Jul/2013:09:51:00 +0200] "GET /images/iso9001_sbp.jpg HTTP/1.1" 200 4462 "http://www.ksbb.de/" "Mozilla/5.0 (X11; U; Linux x86_64; en-US; rv:1.9.2.16) Gecko/20110323 Ubuntu/10.10 (maverick) Firefox/3.6.16"
92.75.85.241 - - [05/Jul/2013:09:51:00 +0200] "GET /images/phnvmtht3.gif HTTP/1.1" 200 2679 "http://www.ksbb.de/" "Mozilla/5.0 (X11; U; Linux x86_64; en-US; rv:1.9.2.16) Gecko/20110323 Ubuntu/10.10 (maverick) Firefox/3.6.16"
92.75.85.241 - - [05/Jul/2013:09:51:00 +0200] "GET /images/phnvmtt4.gif HTTP/1.1" 200 2685 "http://www.ksbb.de/" "Mozilla/5.0 (X11; U; Linux x86_64; en-US; rv:1.9.2.16) Gecko/20110323 Ubuntu/10.10 (maverick) Firefox/3.6.16"
92.75.85.241 - - [05/Jul/2013:09:51:00 +0200] "GET /images/phnvmtht4.gif HTTP/1.1" 200 2627 "http://www.ksbb.de/" "Mozilla/5.0 (X11; U; Linux x86_64; en-US; rv:1.9.2.16) Gecko/20110323 Ubuntu/10.10 (maverick) Firefox/3.6.16"
92.75.85.241 - - [05/Jul/2013:09:51:00 +0200] "GET /images/phnvmtt6.gif HTTP/1.1" 200 1637 "http://www.ksbb.de/" "Mozilla/5.0 (X11; U; Linux x86_64; en-US; rv:1.9.2.16) Gecko/20110323 Ubuntu/10.10 (maverick) Firefox/3.6.16"
92.75.85.241 - - [05/Jul/2013:09:51:00 +0200] "GET /images/phnvmtt5.gif HTTP/1.1" 200 2563 "http://www.ksbb.de/" "Mozilla/5.0 (X11; U; Linux x86_64; en-US; rv:1.9.2.16) Gecko/20110323 Ubuntu/10.10 (maverick) Firefox/3.6.16"
92.75.85.241 - - [05/Jul/2013:09:51:00 +0200] "GET /images/phnvmtht5.gif HTTP/1.1" 200 2500 "http://www.ksbb.de/" "Mozilla/5.0 (X11; U; Linux x86_64; en-US; rv:1.9.2.16) Gecko/20110323 Ubuntu/10.10 (maverick) Firefox/3.6.16"
92.75.85.241 - - [05/Jul/2013:09:51:00 +0200] "GET /images/phnvmtht6.gif HTTP/1.1" 200 1696 "http://www.ksbb.de/" "Mozilla/5.0 (X11; U; Linux x86_64; en-US; rv:1.9.2.16) Gecko/20110323 Ubuntu/10.10 (maverick) Firefox/3.6.16"
92.75.85.241 - - [05/Jul/2013:09:51:00 +0200] "GET /images/phnvmtt7.gif HTTP/1.1" 200 2552 "http://www.ksbb.de/" "Mozilla/5.0 (X11; U; Linux x86_64; en-US; rv:1.9.2.16) Gecko/20110323 Ubuntu/10.10 (maverick) Firefox/3.6.16"
92.75.85.241 - - [05/Jul/2013:09:51:00 +0200] "GET /images/phnvmtht7.gif HTTP/1.1" 200 2615 "http://www.ksbb.de/" "Mozilla/5.0 (X11; U; Linux x86_64; en-US; rv:1.9.2.16) Gecko/20110323 Ubuntu/10.10 (maverick) Firefox/3.6.16"
92.75.85.241 - - [05/Jul/2013:09:51:00 +0200] "GET /images/phomesm0.gif HTTP/1.1" 200 2239 "http://www.ksbb.de/" "Mozilla/5.0 (X11; U; Linux x86_64; en-US; rv:1.9.2.16) Gecko/20110323 Ubuntu/10.10 (maverick) Firefox/3.6.16"
92.75.85.241 - - [05/Jul/2013:09:51:00 +0200] "GET /images/pmtm1.gif HTTP/1.1" 200 1155 "http://www.ksbb.de/" "Mozilla/5.0 (X11; U; Linux x86_64; en-US; rv:1.9.2.16) Gecko/20110323 Ubuntu/10.10 (maverick) Firefox/3.6.16"
92.75.85.241 - - [05/Jul/2013:09:51:00 +0200] "GET /images/pmtm3.gif HTTP/1.1" 200 2032 "http://www.ksbb.de/" "Mozilla/5.0 (X11; U; Linux x86_64; en-US; rv:1.9.2.16) Gecko/20110323 Ubuntu/10.10 (maverick) Firefox/3.6.16"
92.75.85.241 - - [05/Jul/2013:09:51:00 +0200] "GET /images/pmthm3.gif HTTP/1.1" 200 2275 "http://www.ksbb.de/" "Mozilla/5.0 (X11; U; Linux x86_64; en-US; rv:1.9.2.16) Gecko/20110323 Ubuntu/10.10 (maverick) Firefox/3.6.16"
92.75.85.241 - - [05/Jul/2013:09:51:00 +0200] "GET /images/pmtm4.gif HTTP/1.1" 200 2316 "http://www.ksbb.de/" "Mozilla/5.0 (X11; U; Linux x86_64; en-US; rv:1.9.2.16) Gecko/20110323 Ubuntu/10.10 (maverick) Firefox/3.6.16"
92.75.85.241 - - [05/Jul/2013:09:51:00 +0200] "GET /images/pmthm1.gif HTTP/1.1" 200 2169 "http://www.ksbb.de/" "Mozilla/5.0 (X11; U; Linux x86_64; en-US; rv:1.9.2.16) Gecko/20110323 Ubuntu/10.10 (maverick) Firefox/3.6.16"
92.75.85.241 - - [05/Jul/2013:09:51:00 +0200] "GET /images/pmtm2.gif HTTP/1.1" 200 628 "http://www.ksbb.de/" "Mozilla/5.0 (X11; U; Linux x86_64; en-US; rv:1.9.2.16) Gecko/20110323 Ubuntu/10.10 (maverick) Firefox/3.6.16"
92.75.85.241 - - [05/Jul/2013:09:51:00 +0200] "GET /images/pmthm4.gif HTTP/1.1" 200 2518 "http://www.ksbb.de/" "Mozilla/5.0 (X11; U; Linux x86_64; en-US; rv:1.9.2.16) Gecko/20110323 Ubuntu/10.10 (maverick) Firefox/3.6.16"
92.75.85.241 - - [05/Jul/2013:09:51:00 +0200] "GET /images/pmthm2.gif HTTP/1.1" 200 1209 "http://www.ksbb.de/" "Mozilla/5.0 (X11; U; Linux x86_64; en-US; rv:1.9.2.16) Gecko/20110323 Ubuntu/10.10 (maverick) Firefox/3.6.16"
92.75.85.241 - - [05/Jul/2013:09:51:00 +0200] "GET /images/pmtm5.gif HTTP/1.1" 200 2185 "http://www.ksbb.de/" "Mozilla/5.0 (X11; U; Linux x86_64; en-US; rv:1.9.2.16) Gecko/20110323 Ubuntu/10.10 (maverick) Firefox/3.6.16"
92.75.85.241 - - [05/Jul/2013:09:51:00 +0200] "GET /images/pmthm5.gif HTTP/1.1" 200 2381 "http://www.ksbb.de/" "Mozilla/5.0 (X11; U; Linux x86_64; en-US; rv:1.9.2.16) Gecko/20110323 Ubuntu/10.10 (maverick) Firefox/3.6.16"
92.75.85.241 - - [05/Jul/2013:09:51:00 +0200] "GET /images/pmtm6.gif HTTP/1.1" 200 628 "http://www.ksbb.de/" "Mozilla/5.0 (X11; U; Linux x86_64; en-US; rv:1.9.2.16) Gecko/20110323 Ubuntu/10.10 (maverick) Firefox/3.6.16"
92.75.85.241 - - [05/Jul/2013:09:51:00 +0200] "GET /images/pmthm6.gif HTTP/1.1" 200 1209 "http://www.ksbb.de/" "Mozilla/5.0 (X11; U; Linux x86_64; en-US; rv:1.9.2.16) Gecko/20110323 Ubuntu/10.10 (maverick) Firefox/3.6.16"
92.75.85.241 - - [05/Jul/2013:09:51:00 +0200] "GET /images/pmtm7.gif HTTP/1.1" 200 1174 "http://www.ksbb.de/" "Mozilla/5.0 (X11; U; Linux x86_64; en-US; rv:1.9.2.16) Gecko/20110323 Ubuntu/10.10 (maverick) Firefox/3.6.16"
92.75.85.241 - - [05/Jul/2013:09:51:00 +0200] "GET /images/pmthm7.gif HTTP/1.1" 200 2195 "http://www.ksbb.de/" "Mozilla/5.0 (X11; U; Linux x86_64; en-US; rv:1.9.2.16) Gecko/20110323 Ubuntu/10.10 (maverick) Firefox/3.6.16"
92.75.85.241 - - [05/Jul/2013:09:51:00 +0200] "GET /images/psd.gif HTTP/1.1" 200 111 "http://www.ksbb.de/" "Mozilla/5.0 (X11; U; Linux x86_64; en-US; rv:1.9.2.16) Gecko/20110323 Ubuntu/10.10 (maverick) Firefox/3.6.16"
92.75.85.241 - - [05/Jul/2013:09:51:00 +0200] "GET /images/pd.gif HTTP/1.1" 200 111 "http://www.ksbb.de/" "Mozilla/5.0 (X11; U; Linux x86_64; en-US; rv:1.9.2.16) Gecko/20110323 Ubuntu/10.10 (maverick) Firefox/3.6.16"
92.75.85.241 - - [05/Jul/2013:09:51:00 +0200] "GET /images/pbg.gif HTTP/1.1" 200 52 "http://www.ksbb.de/" "Mozilla/5.0 (X11; U; Linux x86_64; en-US; rv:1.9.2.16) Gecko/20110323 Ubuntu/10.10 (maverick) Firefox/3.6.16"
92.75.85.241 - - [05/Jul/2013:09:51:00 +0200] "GET /images/plvt.gif HTTP/1.1" 200 53 "http://www.ksbb.de/" "Mozilla/5.0 (X11; U; Linux x86_64; en-US; rv:1.9.2.16) Gecko/20110323 Ubuntu/10.10 (maverick) Firefox/3.6.16"
92.75.85.241 - - [05/Jul/2013:09:51:00 +0200] "GET /favicon.ico HTTP/1.1" 404 - "-" "Mozilla/5.0 (X11; U; Linux x86_64; en-US; rv:1.9.2.16) Gecko/20110323 Ubuntu/10.10 (maverick) Firefox/3.6.16"
66.249.78.44 - - [05/Jul/2013:09:56:34 +0200] "GET /000001985b0d93482/000001985c0868401/index.php HTTP/1.1" 200 20292 "-" "SAMSUNG-SGH-E250/1.0 Profile/MIDP-2.0 Configuration/CLDC-1.1 UP.Browser/6.2.3.3.c.1.101 (GUI) MMP/2.0 (compatible; Googlebot-Mobile/2.1; +http://www.google.com/bot.html)"
173.199.115.75 - - [05/Jul/2013:10:03:55 +0200] "GET /000001985b0d93482/000001985b0da2285/index.php HTTP/1.1" 200 16408 "-" "Mozilla/5.0 (compatible; AhrefsBot/4.0; +http://ahrefs.com/robot/)"
173.199.115.75 - - [05/Jul/2013:11:06:00 +0200] "GET /000001985b0e5e29a/000001985e0778004/index.php HTTP/1.1" 200 17366 "-" "Mozilla/5.0 (compatible; AhrefsBot/4.0; +http://ahrefs.com/robot/)"
178.255.215.66 - - [05/Jul/2013:12:21:03 +0200] "GET /robots.txt HTTP/1.1" 404 - "-" "Mozilla/5.0 (compatible; Exabot/3.0; +http://www.exabot.com/go/robot)"
178.255.215.66 - - [05/Jul/2013:12:21:03 +0200] "GET /000001985b0ce1e49/00000198610d8af28/00000198610d9412d.php HTTP/1.1" 200 14307 "-" "Mozilla/5.0 (compatible; Exabot/3.0; +http://www.exabot.com/go/robot)"
173.199.115.75 - - [05/Jul/2013:12:34:35 +0200] "GET /images/mev22050.jpg HTTP/1.1" 200 75047 "-" "Mozilla/5.0 (compatible; AhrefsBot/4.0; +http://ahrefs.com/robot/)"
208.115.113.91 - - [05/Jul/2013:13:38:24 +0200] "GET /robots.txt HTTP/1.1" 404 - "-" "Mozilla/5.0 (compatible; Ezooms/1.0; ezooms.bot@gmail.com)"
141.8.147.12 - - [05/Jul/2013:13:51:35 +0200] "GET /robots.txt HTTP/1.1" 404 - "-" "Mozilla/5.0 (compatible; YandexBot/3.0; +http://yandex.com/bots)"
173.199.115.75 - - [05/Jul/2013:14:46:26 +0200] "GET /000001985b0e5e29a/000001985f0d1bf04/index.php HTTP/1.1" 200 17301 "-" "Mozilla/5.0 (compatible; AhrefsBot/4.0; +http://ahrefs.com/robot/)"
46.223.241.49 - - [05/Jul/2013:15:06:22 +0200] "GET / HTTP/1.1" 200 24284 "-" "Mozilla/5.0 (compatible; MSIE 10.0; Windows NT 6.1; Trident/6.0)"
46.223.241.49 - - [05/Jul/2013:15:06:22 +0200] "GET /assets/s.css HTTP/1.1" 200 3386 "http://www.ksbb.de/" "Mozilla/5.0 (compatible; MSIE 10.0; Windows NT 6.1; Trident/6.0)"
46.223.241.49 - - [05/Jul/2013:15:06:22 +0200] "GET /images/pcp.gif HTTP/1.1" 200 43 "http://www.ksbb.de/" "Mozilla/5.0 (compatible; MSIE 10.0; Windows NT 6.1; Trident/6.0)"
46.223.241.49 - - [05/Jul/2013:15:06:22 +0200] "GET /assets/ssb.css HTTP/1.1" 200 657 "http://www.ksbb.de/" "Mozilla/5.0 (compatible; MSIE 10.0; Windows NT 6.1; Trident/6.0)"
46.223.241.49 - - [05/Jul/2013:15:06:22 +0200] "GET /images/pltp.gif HTTP/1.1" 200 160 "http://www.ksbb.de/" "Mozilla/5.0 (compatible; MSIE 10.0; Windows NT 6.1; Trident/6.0)"
46.223.241.49 - - [05/Jul/2013:15:06:22 +0200] "GET /images/pbg.gif HTTP/1.1" 200 52 "http://www.ksbb.de/" "Mozilla/5.0 (compatible; MSIE 10.0; Windows NT 6.1; Trident/6.0)"
46.223.241.49 - - [05/Jul/2013:15:06:22 +0200] "GET /images/phomesm0.gif HTTP/1.1" 200 2239 "http://www.ksbb.de/" "Mozilla/5.0 (compatible; MSIE 10.0; Windows NT 6.1; Trident/6.0)"
46.223.241.49 - - [05/Jul/2013:15:06:22 +0200] "GET /images/plms.gif HTTP/1.1" 200 68 "http://www.ksbb.de/" "Mozilla/5.0 (compatible; MSIE 10.0; Windows NT 6.1; Trident/6.0)"
46.223.241.49 - - [05/Jul/2013:15:06:22 +0200] "GET /images/pmtm2.gif HTTP/1.1" 200 628 "http://www.ksbb.de/" "Mozilla/5.0 (compatible; MSIE 10.0; Windows NT 6.1; Trident/6.0)"
46.223.241.49 - - [05/Jul/2013:15:06:22 +0200] "GET /images/pmtm1.gif HTTP/1.1" 200 1155 "http://www.ksbb.de/" "Mozilla/5.0 (compatible; MSIE 10.0; Windows NT 6.1; Trident/6.0)"
46.223.241.49 - - [05/Jul/2013:15:06:22 +0200] "GET /images/pmtm3.gif HTTP/1.1" 200 2032 "http://www.ksbb.de/" "Mozilla/5.0 (compatible; MSIE 10.0; Windows NT 6.1; Trident/6.0)"
46.223.241.49 - - [05/Jul/2013:15:06:22 +0200] "GET /images/pmtm4.gif HTTP/1.1" 200 2316 "http://www.ksbb.de/" "Mozilla/5.0 (compatible; MSIE 10.0; Windows NT 6.1; Trident/6.0)"
46.223.241.49 - - [05/Jul/2013:15:06:22 +0200] "GET /images/pmtm5.gif HTTP/1.1" 200 2185 "http://www.ksbb.de/" "Mozilla/5.0 (compatible; MSIE 10.0; Windows NT 6.1; Trident/6.0)"
46.223.241.49 - - [05/Jul/2013:15:06:23 +0200] "GET /images/pmtm7.gif HTTP/1.1" 200 1174 "http://www.ksbb.de/" "Mozilla/5.0 (compatible; MSIE 10.0; Windows NT 6.1; Trident/6.0)"
46.223.241.49 - - [05/Jul/2013:15:06:23 +0200] "GET /images/pmtm6.gif HTTP/1.1" 200 628 "http://www.ksbb.de/" "Mozilla/5.0 (compatible; MSIE 10.0; Windows NT 6.1; Trident/6.0)"
46.223.241.49 - - [05/Jul/2013:15:06:23 +0200] "GET /images/plma.gif HTTP/1.1" 200 164 "http://www.ksbb.de/" "Mozilla/5.0 (compatible; MSIE 10.0; Windows NT 6.1; Trident/6.0)"
46.223.241.49 - - [05/Jul/2013:15:06:23 +0200] "GET /images/plogo.gif HTTP/1.1" 200 18153 "http://www.ksbb.de/" "Mozilla/5.0 (compatible; MSIE 10.0; Windows NT 6.1; Trident/6.0)"
46.223.241.49 - - [05/Jul/2013:15:06:23 +0200] "GET /images/pd.gif HTTP/1.1" 200 111 "http://www.ksbb.de/" "Mozilla/5.0 (compatible; MSIE 10.0; Windows NT 6.1; Trident/6.0)"
46.223.241.49 - - [05/Jul/2013:15:06:23 +0200] "GET /images/plmb.gif HTTP/1.1" 200 166 "http://www.ksbb.de/" "Mozilla/5.0 (compatible; MSIE 10.0; Windows NT 6.1; Trident/6.0)"
46.223.241.49 - - [05/Jul/2013:15:06:23 +0200] "GET /images/pl160.gif HTTP/1.1" 200 70 "http://www.ksbb.de/" "Mozilla/5.0 (compatible; MSIE 10.0; Windows NT 6.1; Trident/6.0)"
46.223.241.49 - - [05/Jul/2013:15:06:23 +0200] "GET /images/phnvmtt2.gif HTTP/1.1" 200 1637 "http://www.ksbb.de/" "Mozilla/5.0 (compatible; MSIE 10.0; Windows NT 6.1; Trident/6.0)"
46.223.241.49 - - [05/Jul/2013:15:06:23 +0200] "GET /images/phnvmtt1.gif HTTP/1.1" 200 2551 "http://www.ksbb.de/" "Mozilla/5.0 (compatible; MSIE 10.0; Windows NT 6.1; Trident/6.0)"
46.223.241.49 - - [05/Jul/2013:15:06:23 +0200] "GET /images/phnvmtt4.gif HTTP/1.1" 200 2685 "http://www.ksbb.de/" "Mozilla/5.0 (compatible; MSIE 10.0; Windows NT 6.1; Trident/6.0)"
46.223.241.49 - - [05/Jul/2013:15:06:23 +0200] "GET /images/phnvmtt3.gif HTTP/1.1" 200 2611 "http://www.ksbb.de/" "Mozilla/5.0 (compatible; MSIE 10.0; Windows NT 6.1; Trident/6.0)"
46.223.241.49 - - [05/Jul/2013:15:06:23 +0200] "GET /images/phnvmtt5.gif HTTP/1.1" 200 2563 "http://www.ksbb.de/" "Mozilla/5.0 (compatible; MSIE 10.0; Windows NT 6.1; Trident/6.0)"
46.223.241.49 - - [05/Jul/2013:15:06:23 +0200] "GET /images/phnvmtt6.gif HTTP/1.1" 200 1637 "http://www.ksbb.de/" "Mozilla/5.0 (compatible; MSIE 10.0; Windows NT 6.1; Trident/6.0)"
46.223.241.49 - - [05/Jul/2013:15:06:23 +0200] "GET /images/phnvmtt7.gif HTTP/1.1" 200 2552 "http://www.ksbb.de/" "Mozilla/5.0 (compatible; MSIE 10.0; Windows NT 6.1; Trident/6.0)"
46.223.241.49 - - [05/Jul/2013:15:06:23 +0200] "GET /images/pbx.gif HTTP/1.1" 200 99 "http://www.ksbb.de/" "Mozilla/5.0 (compatible; MSIE 10.0; Windows NT 6.1; Trident/6.0)"
46.223.241.49 - - [05/Jul/2013:15:06:23 +0200] "GET /images/plnkn.gif HTTP/1.1" 200 95 "http://www.ksbb.de/" "Mozilla/5.0 (compatible; MSIE 10.0; Windows NT 6.1; Trident/6.0)"
46.223.241.49 - - [05/Jul/2013:15:06:23 +0200] "GET /images/mev23003_72.jpg HTTP/1.1" 200 2106 "http://www.ksbb.de/" "Mozilla/5.0 (compatible; MSIE 10.0; Windows NT 6.1; Trident/6.0)"
46.223.241.49 - - [05/Jul/2013:15:06:24 +0200] "GET /images/mev14046_72.jpg HTTP/1.1" 200 1662 "http://www.ksbb.de/" "Mozilla/5.0 (compatible; MSIE 10.0; Windows NT 6.1; Trident/6.0)"
46.223.241.49 - - [05/Jul/2013:15:06:24 +0200] "GET /images/pcmpc1.gif HTTP/1.1" 200 1155 "http://www.ksbb.de/" "Mozilla/5.0 (compatible; MSIE 10.0; Windows NT 6.1; Trident/6.0)"
46.223.241.49 - - [05/Jul/2013:15:06:24 +0200] "GET /images/pcmpc2.gif HTTP/1.1" 200 1240 "http://www.ksbb.de/" "Mozilla/5.0 (compatible; MSIE 10.0; Windows NT 6.1; Trident/6.0)"
46.223.241.49 - - [05/Jul/2013:15:06:24 +0200] "GET /images/plmc.gif HTTP/1.1" 200 166 "http://www.ksbb.de/" "Mozilla/5.0 (compatible; MSIE 10.0; Windows NT 6.1; Trident/6.0)"
46.223.241.49 - - [05/Jul/2013:15:06:24 +0200] "GET /images/plbt.gif HTTP/1.1" 200 161 "http://www.ksbb.de/" "Mozilla/5.0 (compatible; MSIE 10.0; Windows NT 6.1; Trident/6.0)"
46.223.241.49 - - [05/Jul/2013:15:06:24 +0200] "GET /images/ksbb1_sbp.jpg HTTP/1.1" 200 3871 "http://www.ksbb.de/" "Mozilla/5.0 (compatible; MSIE 10.0; Windows NT 6.1; Trident/6.0)"
46.223.241.49 - - [05/Jul/2013:15:06:24 +0200] "GET /images/55275_72.jpg HTTP/1.1" 200 2381 "http://www.ksbb.de/" "Mozilla/5.0 (compatible; MSIE 10.0; Windows NT 6.1; Trident/6.0)"
46.223.241.49 - - [05/Jul/2013:15:06:24 +0200] "GET /images/ulslogosbp_sbp.jpg HTTP/1.1" 200 1896 "http://www.ksbb.de/" "Mozilla/5.0 (compatible; MSIE 10.0; Windows NT 6.1; Trident/6.0)"
46.223.241.49 - - [05/Jul/2013:15:06:24 +0200] "GET /images/iso9001_sbp.jpg HTTP/1.1" 200 4462 "http://www.ksbb.de/" "Mozilla/5.0 (compatible; MSIE 10.0; Windows NT 6.1; Trident/6.0)"
46.223.241.49 - - [05/Jul/2013:15:06:24 +0200] "GET /images/logoprofex_sbp.gif HTTP/1.1" 200 3524 "http://www.ksbb.de/" "Mozilla/5.0 (compatible; MSIE 10.0; Windows NT 6.1; Trident/6.0)"
46.223.241.49 - - [05/Jul/2013:15:06:24 +0200] "GET /images/pcmphc1.gif HTTP/1.1" 200 2164 "http://www.ksbb.de/" "Mozilla/5.0 (compatible; MSIE 10.0; Windows NT 6.1; Trident/6.0)"
46.223.241.49 - - [05/Jul/2013:15:06:24 +0200] "GET /images/phnvmtht1.gif HTTP/1.1" 200 2613 "http://www.ksbb.de/" "Mozilla/5.0 (compatible; MSIE 10.0; Windows NT 6.1; Trident/6.0)"
46.223.241.49 - - [05/Jul/2013:15:06:24 +0200] "GET /images/phnvmtht3.gif HTTP/1.1" 200 2679 "http://www.ksbb.de/" "Mozilla/5.0 (compatible; MSIE 10.0; Windows NT 6.1; Trident/6.0)"
46.223.241.49 - - [05/Jul/2013:15:06:24 +0200] "GET /images/pcmphc2.gif HTTP/1.1" 200 2299 "http://www.ksbb.de/" "Mozilla/5.0 (compatible; MSIE 10.0; Windows NT 6.1; Trident/6.0)"
46.223.241.49 - - [05/Jul/2013:15:06:24 +0200] "GET /images/phnvmtht2.gif HTTP/1.1" 200 1696 "http://www.ksbb.de/" "Mozilla/5.0 (compatible; MSIE 10.0; Windows NT 6.1; Trident/6.0)"
46.223.241.49 - - [05/Jul/2013:15:06:24 +0200] "GET /images/phnvmtht4.gif HTTP/1.1" 200 2627 "http://www.ksbb.de/" "Mozilla/5.0 (compatible; MSIE 10.0; Windows NT 6.1; Trident/6.0)"
46.223.241.49 - - [05/Jul/2013:15:06:24 +0200] "GET /images/phnvmtht5.gif HTTP/1.1" 200 2500 "http://www.ksbb.de/" "Mozilla/5.0 (compatible; MSIE 10.0; Windows NT 6.1; Trident/6.0)"
46.223.241.49 - - [05/Jul/2013:15:06:24 +0200] "GET /images/phnvmtht6.gif HTTP/1.1" 200 1696 "http://www.ksbb.de/" "Mozilla/5.0 (compatible; MSIE 10.0; Windows NT 6.1; Trident/6.0)"
46.223.241.49 - - [05/Jul/2013:15:06:24 +0200] "GET /images/phnvmtht7.gif HTTP/1.1" 200 2615 "http://www.ksbb.de/" "Mozilla/5.0 (compatible; MSIE 10.0; Windows NT 6.1; Trident/6.0)"
46.223.241.49 - - [05/Jul/2013:15:06:24 +0200] "GET /images/pmthm3.gif HTTP/1.1" 200 2275 "http://www.ksbb.de/" "Mozilla/5.0 (compatible; MSIE 10.0; Windows NT 6.1; Trident/6.0)"
46.223.241.49 - - [05/Jul/2013:15:06:24 +0200] "GET /images/pmthm1.gif HTTP/1.1" 200 2169 "http://www.ksbb.de/" "Mozilla/5.0 (compatible; MSIE 10.0; Windows NT 6.1; Trident/6.0)"
46.223.241.49 - - [05/Jul/2013:15:06:24 +0200] "GET /images/pmthm2.gif HTTP/1.1" 200 1209 "http://www.ksbb.de/" "Mozilla/5.0 (compatible; MSIE 10.0; Windows NT 6.1; Trident/6.0)"
46.223.241.49 - - [05/Jul/2013:15:06:24 +0200] "GET /images/pmthm4.gif HTTP/1.1" 200 2518 "http://www.ksbb.de/" "Mozilla/5.0 (compatible; MSIE 10.0; Windows NT 6.1; Trident/6.0)"
46.223.241.49 - - [05/Jul/2013:15:06:24 +0200] "GET /images/pmthm5.gif HTTP/1.1" 200 2381 "http://www.ksbb.de/" "Mozilla/5.0 (compatible; MSIE 10.0; Windows NT 6.1; Trident/6.0)"
46.223.241.49 - - [05/Jul/2013:15:06:24 +0200] "GET /images/pmthm6.gif HTTP/1.1" 200 1209 "http://www.ksbb.de/" "Mozilla/5.0 (compatible; MSIE 10.0; Windows NT 6.1; Trident/6.0)"
46.223.241.49 - - [05/Jul/2013:15:06:24 +0200] "GET /images/pmthm7.gif HTTP/1.1" 200 2195 "http://www.ksbb.de/" "Mozilla/5.0 (compatible; MSIE 10.0; Windows NT 6.1; Trident/6.0)"
46.223.241.49 - - [05/Jul/2013:15:06:25 +0200] "GET /images/plvt.gif HTTP/1.1" 200 53 "http://www.ksbb.de/" "Mozilla/5.0 (compatible; MSIE 10.0; Windows NT 6.1; Trident/6.0)"
46.223.241.49 - - [05/Jul/2013:15:06:25 +0200] "GET /images/psd.gif HTTP/1.1" 200 111 "http://www.ksbb.de/" "Mozilla/5.0 (compatible; MSIE 10.0; Windows NT 6.1; Trident/6.0)"
46.223.241.49 - - [05/Jul/2013:15:06:25 +0200] "GET /favicon.ico HTTP/1.1" 404 - "-" "Mozilla/5.0 (compatible; MSIE 10.0; Windows NT 6.1; Trident/6.0)"
208.115.113.91 - - [05/Jul/2013:15:34:15 +0200] "GET /index.php HTTP/1.1" 200 24284 "-" "Mozilla/5.0 (compatible; Ezooms/1.0; ezooms.bot@gmail.com)"
173.199.115.75 - - [05/Jul/2013:15:34:19 +0200] "GET /000001985b0ce1e49/index.php HTTP/1.1" 200 14912 "-" "Mozilla/5.0 (compatible; AhrefsBot/4.0; +http://ahrefs.com/robot/)"
173.199.115.75 - - [05/Jul/2013:18:43:47 +0200] "GET /00000198660c9d618/00000198610cada01/00000198660cc5621.php HTTP/1.1" 200 15933 "-" "Mozilla/5.0 (compatible; AhrefsBot/4.0; +http://ahrefs.com/robot/)"
66.249.78.44 - - [05/Jul/2013:19:00:34 +0200] "GET /robots.txt HTTP/1.1" 404 - "-" "Mozilla/5.0 (compatible; Googlebot/2.1; +http://www.google.com/bot.html)"
66.249.78.44 - - [05/Jul/2013:19:00:34 +0200] "GET /00000198660b9a703/00000198660bb6a0a/index.php HTTP/1.1" 200 16353 "-" "Mozilla/5.0 (iPhone; U; CPU iPhone OS 4_1 like Mac OS X; en-us) AppleWebKit/532.9 (KHTML, like Gecko) Version/4.0.5 Mobile/8B117 Safari/6531.22.7 (compatible; Googlebot-Mobile/2.1; +http://www.google.com/bot.html)"
66.249.78.44 - - [05/Jul/2013:19:55:10 +0200] "GET / HTTP/1.1" 200 24284 "-" "Mozilla/5.0 (iPhone; U; CPU iPhone OS 4_1 like Mac OS X; en-us) AppleWebKit/532.9 (KHTML, like Gecko) Version/4.0.5 Mobile/8B117 Safari/6531.22.7 (compatible; Googlebot-Mobile/2.1; +http://www.google.com/bot.html)"
141.8.147.12 - - [05/Jul/2013:21:00:01 +0200] "GET / HTTP/1.1" 200 24284 "-" "Mozilla/5.0 (compatible; YandexBot/3.0; +http://yandex.com/bots)"
208.115.113.91 - - [05/Jul/2013:21:40:02 +0200] "GET /robots.txt HTTP/1.1" 404 - "-" "Mozilla/5.0 (compatible; Ezooms/1.0; ezooms.bot@gmail.com)"
66.249.78.44 - - [05/Jul/2013:22:23:17 +0200] "GET /00000398730fcd910.php HTTP/1.1" 200 22413 "-" "Mozilla/5.0 (iPhone; U; CPU iPhone OS 4_1 like Mac OS X; en-us) AppleWebKit/532.9 (KHTML, like Gecko) Version/4.0.5 Mobile/8B117 Safari/6531.22.7 (compatible; Googlebot-Mobile/2.1; +http://www.google.com/bot.html)"
208.115.113.91 - - [05/Jul/2013:23:29:07 +0200] "GET /031d669bf5054cf01/index.php HTTP/1.1" 200 13914 "-" "Mozilla/5.0 (compatible; Ezooms/1.0; ezooms.bot@gmail.com)"
208.115.111.75 - - [05/Jul/2013:23:37:20 +0200] "GET /robots.txt HTTP/1.1" 404 - "-" "Mozilla/5.0 (compatible; Ezooms/1.0; ezooms.bot@gmail.com)"
208.115.111.75 - - [06/Jul/2013:01:19:17 +0200] "GET /00000398730fce012.php HTTP/1.1" 200 22670 "-" "Mozilla/5.0 (compatible; Ezooms/1.0; ezooms.bot@gmail.com)"
66.249.78.44 - - [06/Jul/2013:01:48:59 +0200] "GET / HTTP/1.1" 200 24284 "-" "Mozilla/5.0 (compatible; Googlebot/2.1; +http://www.google.com/bot.html)"
66.249.78.44 - - [06/Jul/2013:01:51:37 +0200] "GET /assets/s.css HTTP/1.1" 200 3386 "-" "Mozilla/5.0 (compatible; Googlebot/2.1; +http://www.google.com/bot.html)"
66.249.78.44 - - [06/Jul/2013:01:51:38 +0200] "GET /assets/ssb.css HTTP/1.1" 200 657 "-" "Mozilla/5.0 (compatible; Googlebot/2.1; +http://www.google.com/bot.html)"
66.249.78.44 - - [06/Jul/2013:02:00:14 +0200] "GET /000001985b0d93482/index.php HTTP/1.1" 200 15586 "-" "Mozilla/5.0 (compatible; Googlebot/2.1; +http://www.google.com/bot.html)"
66.249.78.44 - - [06/Jul/2013:03:38:42 +0200] "GET /000001985b0e5e29a/000001985f0d8f113/index.php HTTP/1.1" 200 20336 "-" "Mozilla/5.0 (compatible; Googlebot/2.1; +http://www.google.com/bot.html)"
66.249.78.44 - - [06/Jul/2013:03:52:46 +0200] "GET /00000198660a80203/index.php HTTP/1.1" 200 12647 "-" "Mozilla/5.0 (compatible; Googlebot/2.1; +http://www.google.com/bot.html)"
66.249.78.44 - - [06/Jul/2013:05:05:03 +0200] "GET /00000198660b9a703/00000198660bb6a0a/index.php HTTP/1.1" 200 16349 "-" "Mozilla/5.0 (compatible; Googlebot/2.1; +http://www.google.com/bot.html)"
66.249.78.44 - - [06/Jul/2013:05:06:04 +0200] "GET /000001985b0ce1e49/00000198610d8af28/index.php HTTP/1.1" 200 15776 "-" "Mozilla/5.0 (iPhone; U; CPU iPhone OS 4_1 like Mac OS X; en-us) AppleWebKit/532.9 (KHTML, like Gecko) Version/4.0.5 Mobile/8B117 Safari/6531.22.7 (compatible; Googlebot-Mobile/2.1; +http://www.google.com/bot.html)"
157.55.33.146 - - [06/Jul/2013:05:52:23 +0200] "GET /robots.txt HTTP/1.1" 404 - "-" "Mozilla/5.0 (compatible; bingbot/2.0; +http://www.bing.com/bingbot.htm)"
157.55.33.146 - - [06/Jul/2013:05:54:08 +0200] "GET / HTTP/1.1" 200 24280 "-" "Mozilla/5.0 (compatible; bingbot/2.0; +http://www.bing.com/bingbot.htm)"
66.249.78.44 - - [06/Jul/2013:05:55:44 +0200] "GET /000001985b0d93482/000001985b0fc8f0b/index.php HTTP/1.1" 200 15384 "-" "Mozilla/5.0 (compatible; Googlebot/2.1; +http://www.google.com/bot.html)"
141.8.147.12 - - [06/Jul/2013:07:01:22 +0200] "GET /robots.txt HTTP/1.1" 404 - "-" "Mozilla/5.0 (compatible; YandexBot/3.0; +http://yandex.com/bots)"
5.199.136.130 - - [06/Jul/2013:07:54:47 +0200] "GET /robots.txt HTTP/1.1" 404 - "-" "Mozilla/5.0 (compatible; Spiderlytics/1.0; +spider@spiderlytics.com)"
5.199.136.130 - - [06/Jul/2013:07:54:47 +0200] "GET /000001985b0ce1e49/00000198610d8af28/index.php HTTP/1.1" 200 15776 "-" "Mozilla/5.0 (compatible; Spiderlytics/1.0; +spider@spiderlytics.com)"
66.249.78.44 - - [06/Jul/2013:08:15:49 +0200] "GET /robots.txt HTTP/1.1" 404 - "-" "Mozilla/5.0 (compatible; Googlebot/2.1; +http://www.google.com/bot.html)"
66.249.78.44 - - [06/Jul/2013:08:15:49 +0200] "GET /031d669bf5054cf01/index.php HTTP/1.1" 200 13910 "-" "Mozilla/5.0 (compatible; Googlebot/2.1; +http://www.google.com/bot.html)"
173.199.115.75 - - [06/Jul/2013:08:20:02 +0200] "GET /images/mev14046.jpg HTTP/1.1" 200 70680 "-" "Mozilla/5.0 (compatible; AhrefsBot/4.0; +http://ahrefs.com/robot/)"
173.199.115.75 - - [06/Jul/2013:08:27:51 +0200] "GET /000001985b0ce1e49/00000198610d6501c/index.php HTTP/1.1" 200 15940 "-" "Mozilla/5.0 (compatible; AhrefsBot/4.0; +http://ahrefs.com/robot/)"
178.255.215.66 - - [06/Jul/2013:08:32:46 +0200] "GET /000001985b0e5e29a/000001985f0d8f113/index.php HTTP/1.1" 200 20336 "-" "Mozilla/5.0 (compatible; Exabot/3.0; +http://www.exabot.com/go/robot)"
173.199.115.75 - - [06/Jul/2013:08:48:19 +0200] "GET /00000398730fcd910.php HTTP/1.1" 200 22409 "-" "Mozilla/5.0 (compatible; AhrefsBot/4.0; +http://ahrefs.com/robot/)"
66.249.78.44 - - [06/Jul/2013:09:08:42 +0200] "GET /000001985b0e5e29a/000001985e0778004/index.php HTTP/1.1" 200 17362 "-" "Mozilla/5.0 (compatible; Googlebot/2.1; +http://www.google.com/bot.html)"
157.55.33.146 - - [06/Jul/2013:09:14:42 +0200] "GET /robots.txt HTTP/1.1" 404 - "-" "Mozilla/5.0 (compatible; bingbot/2.0; +http://www.bing.com/bingbot.htm)"
157.55.33.146 - - [06/Jul/2013:09:21:10 +0200] "GET / HTTP/1.1" 200 24280 "-" "Mozilla/5.0 (compatible; bingbot/2.0; +http://www.bing.com/bingbot.htm)"
173.199.115.75 - - [06/Jul/2013:09:26:32 +0200] "GET /00000198660c9d618/00000198610cada01/index.php HTTP/1.1" 200 18159 "-" "Mozilla/5.0 (compatible; AhrefsBot/4.0; +http://ahrefs.com/robot/)"
84.38.65.176 - - [06/Jul/2013:09:37:10 +0200] "GET / HTTP/1.0" 200 24056 "http://www.domain-reputation.de/www.ksbb.de" "Mozilla/5.0 (Windows; U; Windows NT 6.0; en-US) AppleWebKit/533.4 (KHTML, like Gecko) Chrome/5.0.375.126 Safari/533.4"
66.249.78.44 - - [06/Jul/2013:09:56:00 +0200] "GET /00000198660c9d618/00000198660cdce24/index.php HTTP/1.1" 200 17958 "-" "Mozilla/5.0 (compatible; Googlebot/2.1; +http://www.google.com/bot.html)"
173.199.115.75 - - [06/Jul/2013:10:01:01 +0200] "GET /000001985b0e5e29a/000001985f0d1bf04/000001985f0d57c08/index.php HTTP/1.1" 200 17853 "-" "Mozilla/5.0 (compatible; AhrefsBot/4.0; +http://ahrefs.com/robot/)"
173.199.115.75 - - [06/Jul/2013:10:08:43 +0200] "GET /00000198660c9d618/00000198610cada01/00000198610ccef0b.php HTTP/1.1" 200 15784 "-" "Mozilla/5.0 (compatible; AhrefsBot/4.0; +http://ahrefs.com/robot/)"
157.55.36.39 - - [06/Jul/2013:10:19:18 +0200] "GET /robots.txt HTTP/1.1" 404 - "-" "Mozilla/5.0 (compatible; bingbot/2.0; +http://www.bing.com/bingbot.htm)"
157.55.36.39 - - [06/Jul/2013:10:20:23 +0200] "GET / HTTP/1.1" 200 24280 "-" "Mozilla/5.0 (compatible; bingbot/2.0; +http://www.bing.com/bingbot.htm)"
157.55.36.39 - - [06/Jul/2013:10:21:45 +0200] "GET /images/pmthm2.gif HTTP/1.1" 200 1209 "-" "Mozilla/5.0 (compatible; bingbot/2.0; +http://www.bing.com/bingbot.htm)"
157.55.36.39 - - [06/Jul/2013:10:21:45 +0200] "GET /images/phnvmtht1.gif HTTP/1.1" 200 2613 "-" "Mozilla/5.0 (compatible; bingbot/2.0; +http://www.bing.com/bingbot.htm)"
157.55.36.39 - - [06/Jul/2013:10:21:45 +0200] "GET /images/pd.gif HTTP/1.1" 200 111 "-" "Mozilla/5.0 (compatible; bingbot/2.0; +http://www.bing.com/bingbot.htm)"
157.55.36.39 - - [06/Jul/2013:10:21:45 +0200] "GET /images/phnvmtt2.gif HTTP/1.1" 200 1637 "-" "Mozilla/5.0 (compatible; bingbot/2.0; +http://www.bing.com/bingbot.htm)"
157.56.93.62 - - [06/Jul/2013:10:21:45 +0200] "GET /images/phnvmtht6.gif HTTP/1.1" 200 1696 "-" "Mozilla/5.0 (compatible; bingbot/2.0; +http://www.bing.com/bingbot.htm)"
157.56.93.62 - - [06/Jul/2013:10:21:45 +0200] "GET /assets/ssb.css HTTP/1.1" 200 657 "-" "Mozilla/5.0 (compatible; bingbot/2.0; +http://www.bing.com/bingbot.htm)"
157.55.36.39 - - [06/Jul/2013:10:21:46 +0200] "GET /images/phnvmtht7.gif HTTP/1.1" 200 2615 "-" "Mozilla/5.0 (compatible; bingbot/2.0; +http://www.bing.com/bingbot.htm)"
157.55.36.39 - - [06/Jul/2013:10:21:46 +0200] "GET /images/plma.gif HTTP/1.1" 200 164 "-" "Mozilla/5.0 (compatible; bingbot/2.0; +http://www.bing.com/bingbot.htm)"
157.56.93.62 - - [06/Jul/2013:10:21:47 +0200] "GET /images/pbg.gif HTTP/1.1" 200 52 "-" "Mozilla/5.0 (compatible; bingbot/2.0; +http://www.bing.com/bingbot.htm)"
157.55.36.39 - - [06/Jul/2013:10:21:47 +0200] "GET /images/pmtm1.gif HTTP/1.1" 200 1155 "-" "Mozilla/5.0 (compatible; bingbot/2.0; +http://www.bing.com/bingbot.htm)"
157.55.36.39 - - [06/Jul/2013:10:21:47 +0200] "GET /images/pmtm7.gif HTTP/1.1" 200 1174 "-" "Mozilla/5.0 (compatible; bingbot/2.0; +http://www.bing.com/bingbot.htm)"
157.56.93.62 - - [06/Jul/2013:10:21:47 +0200] "GET /images/pcmphc1.gif HTTP/1.1" 200 2164 "-" "Mozilla/5.0 (compatible; bingbot/2.0; +http://www.bing.com/bingbot.htm)"
157.55.36.39 - - [06/Jul/2013:10:21:47 +0200] "GET /images/phnvmtt4.gif HTTP/1.1" 200 2685 "-" "Mozilla/5.0 (compatible; bingbot/2.0; +http://www.bing.com/bingbot.htm)"
157.55.36.39 - - [06/Jul/2013:10:21:48 +0200] "GET /images/pmthm4.gif HTTP/1.1" 200 2518 "-" "Mozilla/5.0 (compatible; bingbot/2.0; +http://www.bing.com/bingbot.htm)"
157.56.93.62 - - [06/Jul/2013:10:21:48 +0200] "GET /images/phnvmtt3.gif HTTP/1.1" 200 2611 "-" "Mozilla/5.0 (compatible; bingbot/2.0; +http://www.bing.com/bingbot.htm)"
157.56.93.62 - - [06/Jul/2013:10:21:48 +0200] "GET /images/pmthm3.gif HTTP/1.1" 200 2275 "-" "Mozilla/5.0 (compatible; bingbot/2.0; +http://www.bing.com/bingbot.htm)"
157.56.93.62 - - [06/Jul/2013:10:21:48 +0200] "GET /images/phnvmtt5.gif HTTP/1.1" 200 2563 "-" "Mozilla/5.0 (compatible; bingbot/2.0; +http://www.bing.com/bingbot.htm)"
157.56.93.62 - - [06/Jul/2013:10:21:49 +0200] "GET /images/pmthm5.gif HTTP/1.1" 200 2381 "-" "Mozilla/5.0 (compatible; bingbot/2.0; +http://www.bing.com/bingbot.htm)"
157.56.93.62 - - [06/Jul/2013:10:21:49 +0200] "GET /images/pmtm6.gif HTTP/1.1" 200 628 "-" "Mozilla/5.0 (compatible; bingbot/2.0; +http://www.bing.com/bingbot.htm)"
173.199.115.75 - - [06/Jul/2013:10:24:48 +0200] "GET /images/ss04035.jpg HTTP/1.1" 200 144893 "-" "Mozilla/5.0 (compatible; AhrefsBot/4.0; +http://ahrefs.com/robot/)"
66.249.75.72 - - [06/Jul/2013:10:57:43 +0200] "GET /000001985b0d93482/00000198660ae2e07/index.php HTTP/1.1" 200 17560 "-" "SAMSUNG-SGH-E250/1.0 Profile/MIDP-2.0 Configuration/CLDC-1.1 UP.Browser/6.2.3.3.c.1.101 (GUI) MMP/2.0 (compatible; Googlebot-Mobile/2.1; +http://www.google.com/bot.html)"
199.30.24.18 - - [06/Jul/2013:11:21:55 +0200] "GET /assets/s.css HTTP/1.1" 200 3386 "http://www.ksbb.de/" "Mozilla/5.0 (Windows NT 6.1; WOW64) AppleWebKit/534+ (KHTML, like Gecko) BingPreview/1.0b"
199.30.24.18 - - [06/Jul/2013:11:21:56 +0200] "GET /images/pcmphc2.gif HTTP/1.1" 200 2299 "http://www.ksbb.de/" "Mozilla/5.0 (Windows NT 6.1; WOW64) AppleWebKit/534+ (KHTML, like Gecko) BingPreview/1.0b"
199.30.24.18 - - [06/Jul/2013:11:21:56 +0200] "GET /images/phnvmtt1.gif HTTP/1.1" 200 2551 "http://www.ksbb.de/" "Mozilla/5.0 (Windows NT 6.1; WOW64) AppleWebKit/534+ (KHTML, like Gecko) BingPreview/1.0b"
199.30.24.18 - - [06/Jul/2013:11:21:56 +0200] "GET /images/phnvmtht2.gif HTTP/1.1" 200 1696 "http://www.ksbb.de/" "Mozilla/5.0 (Windows NT 6.1; WOW64) AppleWebKit/534+ (KHTML, like Gecko) BingPreview/1.0b"
199.30.24.18 - - [06/Jul/2013:11:21:56 +0200] "GET /images/phnvmtht3.gif HTTP/1.1" 200 2679 "http://www.ksbb.de/" "Mozilla/5.0 (Windows NT 6.1; WOW64) AppleWebKit/534+ (KHTML, like Gecko) BingPreview/1.0b"
199.30.24.18 - - [06/Jul/2013:11:21:58 +0200] "GET /images/phnvmtht4.gif HTTP/1.1" 200 2627 "http://www.ksbb.de/" "Mozilla/5.0 (Windows NT 6.1; WOW64) AppleWebKit/534+ (KHTML, like Gecko) BingPreview/1.0b"
199.30.24.18 - - [06/Jul/2013:11:21:58 +0200] "GET /images/phnvmtt6.gif HTTP/1.1" 200 1637 "http://www.ksbb.de/" "Mozilla/5.0 (Windows NT 6.1; WOW64) AppleWebKit/534+ (KHTML, like Gecko) BingPreview/1.0b"
199.30.24.18 - - [06/Jul/2013:11:21:58 +0200] "GET /images/phnvmtht5.gif HTTP/1.1" 200 2500 "http://www.ksbb.de/" "Mozilla/5.0 (Windows NT 6.1; WOW64) AppleWebKit/534+ (KHTML, like Gecko) BingPreview/1.0b"
199.30.24.18 - - [06/Jul/2013:11:21:59 +0200] "GET /images/phnvmtt7.gif HTTP/1.1" 200 2552 "http://www.ksbb.de/" "Mozilla/5.0 (Windows NT 6.1; WOW64) AppleWebKit/534+ (KHTML, like Gecko) BingPreview/1.0b"
199.30.24.18 - - [06/Jul/2013:11:21:59 +0200] "GET /images/pmthm1.gif HTTP/1.1" 200 2169 "http://www.ksbb.de/" "Mozilla/5.0 (Windows NT 6.1; WOW64) AppleWebKit/534+ (KHTML, like Gecko) BingPreview/1.0b"
199.30.24.18 - - [06/Jul/2013:11:21:59 +0200] "GET /images/pmtm4.gif HTTP/1.1" 200 2316 "http://www.ksbb.de/" "Mozilla/5.0 (Windows NT 6.1; WOW64) AppleWebKit/534+ (KHTML, like Gecko) BingPreview/1.0b"
199.30.24.18 - - [06/Jul/2013:11:21:59 +0200] "GET /images/pmtm5.gif HTTP/1.1" 200 2185 "http://www.ksbb.de/" "Mozilla/5.0 (Windows NT 6.1; WOW64) AppleWebKit/534+ (KHTML, like Gecko) BingPreview/1.0b"
199.30.24.18 - - [06/Jul/2013:11:22:00 +0200] "GET /images/pmthm7.gif HTTP/1.1" 200 2195 "http://www.ksbb.de/" "Mozilla/5.0 (Windows NT 6.1; WOW64) AppleWebKit/534+ (KHTML, like Gecko) BingPreview/1.0b"
199.30.24.18 - - [06/Jul/2013:11:22:00 +0200] "GET /images/pmthm6.gif HTTP/1.1" 200 1209 "http://www.ksbb.de/" "Mozilla/5.0 (Windows NT 6.1; WOW64) AppleWebKit/534+ (KHTML, like Gecko) BingPreview/1.0b"
199.30.24.18 - - [06/Jul/2013:11:22:00 +0200] "GET /images/psd.gif HTTP/1.1" 200 111 "http://www.ksbb.de/" "Mozilla/5.0 (Windows NT 6.1; WOW64) AppleWebKit/534+ (KHTML, like Gecko) BingPreview/1.0b"
199.30.24.18 - - [06/Jul/2013:11:22:00 +0200] "GET /images/pltp.gif HTTP/1.1" 200 160 "http://www.ksbb.de/" "Mozilla/5.0 (Windows NT 6.1; WOW64) AppleWebKit/534+ (KHTML, like Gecko) BingPreview/1.0b"
199.30.24.18 - - [06/Jul/2013:11:22:00 +0200] "GET /images/pcp.gif HTTP/1.1" 200 43 "http://www.ksbb.de/" "Mozilla/5.0 (Windows NT 6.1; WOW64) AppleWebKit/534+ (KHTML, like Gecko) BingPreview/1.0b"
199.30.24.18 - - [06/Jul/2013:11:22:00 +0200] "GET /images/plvt.gif HTTP/1.1" 200 53 "http://www.ksbb.de/" "Mozilla/5.0 (Windows NT 6.1; WOW64) AppleWebKit/534+ (KHTML, like Gecko) BingPreview/1.0b"
199.30.24.18 - - [06/Jul/2013:11:22:02 +0200] "GET /images/pl160.gif HTTP/1.1" 200 70 "http://www.ksbb.de/" "Mozilla/5.0 (Windows NT 6.1; WOW64) AppleWebKit/534+ (KHTML, like Gecko) BingPreview/1.0b"
199.30.24.18 - - [06/Jul/2013:11:22:02 +0200] "GET /images/plogo.gif HTTP/1.1" 200 18153 "http://www.ksbb.de/" "Mozilla/5.0 (Windows NT 6.1; WOW64) AppleWebKit/534+ (KHTML, like Gecko) BingPreview/1.0b"
199.30.24.18 - - [06/Jul/2013:11:22:02 +0200] "GET /images/plmb.gif HTTP/1.1" 200 166 "http://www.ksbb.de/" "Mozilla/5.0 (Windows NT 6.1; WOW64) AppleWebKit/534+ (KHTML, like Gecko) BingPreview/1.0b"
199.30.24.18 - - [06/Jul/2013:11:22:02 +0200] "GET /images/mev23003_72.jpg HTTP/1.1" 200 2106 "http://www.ksbb.de/" "Mozilla/5.0 (Windows NT 6.1; WOW64) AppleWebKit/534+ (KHTML, like Gecko) BingPreview/1.0b"
199.30.24.18 - - [06/Jul/2013:11:22:02 +0200] "GET /images/55275_72.jpg HTTP/1.1" 200 2381 "http://www.ksbb.de/" "Mozilla/5.0 (Windows NT 6.1; WOW64) AppleWebKit/534+ (KHTML, like Gecko) BingPreview/1.0b"
66.249.78.44 - - [06/Jul/2013:11:33:21 +0200] "GET /00000398730fcd910.php HTTP/1.1" 200 22409 "-" "Mozilla/5.0 (compatible; Googlebot/2.1; +http://www.google.com/bot.html)"
5.199.136.130 - - [06/Jul/2013:11:47:40 +0200] "GET /robots.txt HTTP/1.1" 404 - "-" "Mozilla/5.0 (compatible; Spiderlytics/1.0; +spider@spiderlytics.com)"
5.199.136.130 - - [06/Jul/2013:11:47:40 +0200] "GET /images/phnvmtt4.gif HTTP/1.1" 200 2685 "-" "Mozilla/5.0 (compatible; Spiderlytics/1.0; +spider@spiderlytics.com)"
141.8.147.12 - - [06/Jul/2013:11:59:22 +0200] "GET /000001985b0d93482/00000198660ae2e07/00000198660b24011/index.php HTTP/1.1" 200 20681 "-" "Mozilla/5.0 (compatible; YandexBot/3.0; +http://yandex.com/bots)"
173.199.115.75 - - [06/Jul/2013:12:10:07 +0200] "GET /000001985b0e5e29a/000001985f0d7940e/index.php HTTP/1.1" 200 17528 "-" "Mozilla/5.0 (compatible; AhrefsBot/4.0; +http://ahrefs.com/robot/)"
66.249.78.44 - - [06/Jul/2013:12:23:15 +0200] "GET /000001985b0d93482/00000198660ae2e07/index.php HTTP/1.1" 200 17560 "-" "Mozilla/5.0 (compatible; Googlebot/2.1; +http://www.google.com/bot.html)"
173.199.115.75 - - [06/Jul/2013:13:33:35 +0200] "GET /00000198660c9d618/index.php HTTP/1.1" 200 15355 "-" "Mozilla/5.0 (compatible; AhrefsBot/4.0; +http://ahrefs.com/robot/)"
66.249.78.44 - - [06/Jul/2013:13:37:52 +0200] "GET /000001985b0e5e29a/000001985f0d1bf04/index.php HTTP/1.1" 200 17297 "-" "Mozilla/5.0 (compatible; Googlebot/2.1; +http://www.google.com/bot.html)"
66.249.78.44 - - [06/Jul/2013:13:42:42 +0200] "GET /images/pnvtst1m6.gif HTTP/1.1" 304 - "-" "Googlebot-Image/1.0"
66.249.78.44 - - [06/Jul/2013:14:17:15 +0200] "GET /000001985b0e5e29a/index.php HTTP/1.1" 200 16902 "-" "Mozilla/5.0 (compatible; Googlebot/2.1; +http://www.google.com/bot.html)"
173.199.115.75 - - [06/Jul/2013:14:35:55 +0200] "GET /00000198660b9a703/index.php HTTP/1.1" 200 19284 "-" "Mozilla/5.0 (compatible; AhrefsBot/4.0; +http://ahrefs.com/robot/)"
173.199.115.75 - - [06/Jul/2013:14:53:51 +0200] "GET /images/55275.jpg HTTP/1.1" 200 77367 "-" "Mozilla/5.0 (compatible; AhrefsBot/4.0; +http://ahrefs.com/robot/)"
66.249.75.72 - - [06/Jul/2013:16:00:00 +0200] "GET /00000398730fce012.php HTTP/1.1" 200 22666 "-" "Mozilla/5.0 (compatible; Googlebot/2.1; +http://www.google.com/bot.html)"
66.249.78.44 - - [06/Jul/2013:17:13:08 +0200] "GET /000001985b0d93482/000001985c0868401/index.php HTTP/1.1" 200 20288 "-" "Mozilla/5.0 (compatible; Googlebot/2.1; +http://www.google.com/bot.html)"
157.55.32.28 - - [06/Jul/2013:17:32:41 +0200] "GET /robots.txt HTTP/1.1" 404 - "-" "Mozilla/5.0 (compatible; bingbot/2.0; +http://www.bing.com/bingbot.htm)"
157.55.32.28 - - [06/Jul/2013:17:33:26 +0200] "GET /00000198660c9d618/00000198610cada01/index.php HTTP/1.1" 200 18159 "-" "Mozilla/5.0 (compatible; bingbot/2.0; +http://www.bing.com/bingbot.htm)"
5.199.136.130 - - [06/Jul/2013:17:39:32 +0200] "GET /robots.txt HTTP/1.1" 404 - "-" "Mozilla/5.0 (compatible; Spiderlytics/1.0; +spider@spiderlytics.com)"
5.199.136.130 - - [06/Jul/2013:17:39:33 +0200] "GET /00000198660c9d618/00000198610cada01/00000198660cbdd1e.php HTTP/1.1" 200 15922 "-" "Mozilla/5.0 (compatible; Spiderlytics/1.0; +spider@spiderlytics.com)"
173.199.115.75 - - [06/Jul/2013:18:41:23 +0200] "GET /000001985b0ce1e49/00000198610d6501c/00000198610d70421.php HTTP/1.1" 200 14487 "-" "Mozilla/5.0 (compatible; AhrefsBot/4.0; +http://ahrefs.com/robot/)"
173.199.115.75 - - [06/Jul/2013:18:43:08 +0200] "GET /00000198660c9d618/00000198610cada01/00000198610cbe908.php HTTP/1.1" 200 15998 "-" "Mozilla/5.0 (compatible; AhrefsBot/4.0; +http://ahrefs.com/robot/)"
173.199.115.75 - - [06/Jul/2013:19:01:57 +0200] "GET /images/35029.jpg HTTP/1.1" 200 56734 "-" "Mozilla/5.0 (compatible; AhrefsBot/4.0; +http://ahrefs.com/robot/)"
157.56.93.62 - - [06/Jul/2013:20:11:33 +0200] "GET /robots.txt HTTP/1.1" 404 - "-" "Mozilla/5.0 (compatible; bingbot/2.0; +http://www.bing.com/bingbot.htm)"
157.56.93.62 - - [06/Jul/2013:20:12:27 +0200] "GET /000001985b0d93482/index.php HTTP/1.1" 200 15586 "-" "Mozilla/5.0 (compatible; bingbot/2.0; +http://www.bing.com/bingbot.htm)"
173.199.115.75 - - [06/Jul/2013:20:13:06 +0200] "GET /00000398730fce012.php HTTP/1.1" 200 22666 "-" "Mozilla/5.0 (compatible; AhrefsBot/4.0; +http://ahrefs.com/robot/)"
173.199.115.75 - - [06/Jul/2013:20:47:18 +0200] "GET /00000198660b9a703/00000198660bb6a0a/index.php HTTP/1.1" 200 16349 "-" "Mozilla/5.0 (compatible; AhrefsBot/4.0; +http://ahrefs.com/robot/)"
173.199.115.75 - - [06/Jul/2013:21:18:13 +0200] "GET /000001985b0d93482/000001985c0868401/index.php HTTP/1.1" 200 20288 "-" "Mozilla/5.0 (compatible; AhrefsBot/4.0; +http://ahrefs.com/robot/)"
173.199.115.75 - - [06/Jul/2013:21:19:52 +0200] "GET /images/ss04093.jpg HTTP/1.1" 200 160123 "-" "Mozilla/5.0 (compatible; AhrefsBot/4.0; +http://ahrefs.com/robot/)"
173.199.115.75 - - [06/Jul/2013:22:12:06 +0200] "GET /00000198660b9a703/00000198660bb6a0a/00000198660bc480f.php HTTP/1.1" 200 17087 "-" "Mozilla/5.0 (compatible; AhrefsBot/4.0; +http://ahrefs.com/robot/)"
