5.10.83.89 - - [23/Jul/2013:18:49:41 +0200] "GET /000001985b0ce1e49/00000198610d8af28/index.php HTTP/1.1" 200 15769 "-" "Mozilla/5.0 (compatible; AhrefsBot/5.0; +http://ahrefs.com/robot/)"
5.10.83.89 - - [23/Jul/2013:18:51:40 +0200] "GET /index.php HTTP/1.1" 200 24273 "-" "Mozilla/5.0 (compatible; AhrefsBot/5.0; +http://ahrefs.com/robot/)"
5.10.83.89 - - [23/Jul/2013:18:58:33 +0200] "GET /000001985b0ce1e49/00000198610d6501c/index.php HTTP/1.1" 200 15933 "-" "Mozilla/5.0 (compatible; AhrefsBot/5.0; +http://ahrefs.com/robot/)"
5.10.83.89 - - [23/Jul/2013:19:04:27 +0200] "GET /000001985b0e5e29a/000001985f0d7940e/index.php HTTP/1.1" 200 17521 "-" "Mozilla/5.0 (compatible; AhrefsBot/5.0; +http://ahrefs.com/robot/)"
5.10.83.89 - - [23/Jul/2013:19:10:16 +0200] "GET /000001985b0e5e29a/index.php HTTP/1.1" 200 16895 "-" "Mozilla/5.0 (compatible; AhrefsBot/5.0; +http://ahrefs.com/robot/)"
157.55.32.116 - - [23/Jul/2013:19:10:41 +0200] "GET /robots.txt HTTP/1.1" 404 - "-" "Mozilla/5.0 (compatible; bingbot/2.0; +http://www.bing.com/bingbot.htm)"
157.55.32.116 - - [23/Jul/2013:19:11:20 +0200] "GET /00000398730fce012.php HTTP/1.1" 200 22659 "-" "Mozilla/5.0 (compatible; bingbot/2.0; +http://www.bing.com/bingbot.htm)"
157.55.32.116 - - [23/Jul/2013:19:11:22 +0200] "GET /00000198660c9d618/00000198610cada01/00000198660cc5621.php HTTP/1.1" 200 15922 "-" "Mozilla/5.0 (compatible; bingbot/2.0; +http://www.bing.com/bingbot.htm)"
5.10.83.89 - - [23/Jul/2013:19:16:44 +0200] "GET /000001985b0d93482/000001985c0868401/index.php HTTP/1.1" 200 20281 "-" "Mozilla/5.0 (compatible; AhrefsBot/5.0; +http://ahrefs.com/robot/)"
5.10.83.89 - - [23/Jul/2013:19:31:25 +0200] "GET /000001985b0d93482/000001985b0da2285/index.php HTTP/1.1" 200 16397 "-" "Mozilla/5.0 (compatible; AhrefsBot/5.0; +http://ahrefs.com/robot/)"
5.10.83.89 - - [23/Jul/2013:19:35:07 +0200] "GET /000001985b0ce1e49/index.php HTTP/1.1" 200 14901 "-" "Mozilla/5.0 (compatible; AhrefsBot/5.0; +http://ahrefs.com/robot/)"
66.249.78.44 - - [23/Jul/2013:19:35:34 +0200] "GET /000001985b0e5e29a/000001985e0778004/index.php HTTP/1.1" 200 17355 "-" "Mozilla/5.0 (compatible; Googlebot/2.1; +http://www.google.com/bot.html)"
5.10.83.89 - - [23/Jul/2013:19:43:04 +0200] "GET /000001985b0d93482/index.php HTTP/1.1" 200 15579 "-" "Mozilla/5.0 (compatible; AhrefsBot/5.0; +http://ahrefs.com/robot/)"
5.10.83.89 - - [23/Jul/2013:19:43:31 +0200] "GET /000001985b0e5e29a/000001985e0778004/index.php HTTP/1.1" 200 17355 "-" "Mozilla/5.0 (compatible; AhrefsBot/5.0; +http://ahrefs.com/robot/)"
178.255.215.66 - - [23/Jul/2013:19:48:03 +0200] "GET /robots.txt HTTP/1.1" 404 - "-" "Mozilla/5.0 (compatible; Exabot/3.0; +http://www.exabot.com/go/robot)"
178.255.215.66 - - [23/Jul/2013:19:48:03 +0200] "GET / HTTP/1.1" 200 24273 "-" "Mozilla/5.0 (compatible; Exabot/3.0; +http://www.exabot.com/go/robot)"
5.10.83.89 - - [23/Jul/2013:19:49:21 +0200] "GET /000001985b0e5e29a/000001985f0d8f113/index.php HTTP/1.1" 200 20329 "-" "Mozilla/5.0 (compatible; AhrefsBot/5.0; +http://ahrefs.com/robot/)"
66.249.72.72 - - [23/Jul/2013:20:07:43 +0200] "GET /images/52298cols2.jpg HTTP/1.1" 304 - "-" "Googlebot-Image/1.0"
5.10.83.89 - - [23/Jul/2013:20:09:36 +0200] "GET /00000198660c9d618/00000198660cdce24/index.php HTTP/1.1" 200 17951 "-" "Mozilla/5.0 (compatible; AhrefsBot/5.0; +http://ahrefs.com/robot/)"
5.10.83.89 - - [23/Jul/2013:20:14:24 +0200] "GET /000001985b0d93482/00000198660ae2e07/index.php HTTP/1.1" 200 17553 "-" "Mozilla/5.0 (compatible; AhrefsBot/5.0; +http://ahrefs.com/robot/)"
5.10.83.89 - - [23/Jul/2013:20:14:48 +0200] "GET /00000198660c9d618/index.php HTTP/1.1" 200 15348 "-" "Mozilla/5.0 (compatible; AhrefsBot/5.0; +http://ahrefs.com/robot/)"
66.249.78.44 - - [23/Jul/2013:20:15:35 +0200] "GET /00000198660c9d618/00000198660cdce24/index.php HTTP/1.1" 200 17951 "-" "Mozilla/5.0 (compatible; Googlebot/2.1; +http://www.google.com/bot.html)"
5.10.83.89 - - [23/Jul/2013:20:18:24 +0200] "GET /00000198660b9a703/index.php HTTP/1.1" 200 19277 "-" "Mozilla/5.0 (compatible; AhrefsBot/5.0; +http://ahrefs.com/robot/)"
5.10.83.89 - - [23/Jul/2013:20:18:24 +0200] "GET /00000398730fce012.php HTTP/1.1" 200 22659 "-" "Mozilla/5.0 (compatible; AhrefsBot/5.0; +http://ahrefs.com/robot/)"
66.249.78.44 - - [23/Jul/2013:20:19:35 +0200] "GET /000001985b0d93482/00000198660ae2e07/index.php HTTP/1.1" 200 17553 "-" "Mozilla/5.0 (compatible; Googlebot/2.1; +http://www.google.com/bot.html)"
5.10.83.89 - - [23/Jul/2013:20:28:53 +0200] "GET /00000198660c9d618/00000198610cada01/index.php HTTP/1.1" 200 18152 "-" "Mozilla/5.0 (compatible; AhrefsBot/5.0; +http://ahrefs.com/robot/)"
5.10.83.89 - - [23/Jul/2013:20:29:53 +0200] "GET /00000198660b9a703/00000198660bb6a0a/index.php HTTP/1.1" 200 16342 "-" "Mozilla/5.0 (compatible; AhrefsBot/5.0; +http://ahrefs.com/robot/)"
5.10.83.89 - - [23/Jul/2013:20:29:54 +0200] "GET /00000398730fcd910.php HTTP/1.1" 200 22402 "-" "Mozilla/5.0 (compatible; AhrefsBot/5.0; +http://ahrefs.com/robot/)"
66.249.78.44 - - [23/Jul/2013:21:35:15 +0200] "GET /images/pnvtht1m1.gif HTTP/1.1" 304 - "-" "Googlebot-Image/1.0"
66.249.78.44 - - [23/Jul/2013:21:47:36 +0200] "GET /000001985b0e5e29a/000001985f0d1bf04/index.php HTTP/1.1" 200 17290 "-" "Mozilla/5.0 (compatible; Googlebot/2.1; +http://www.google.com/bot.html)"
188.104.186.121 - - [23/Jul/2013:22:02:25 +0200] "GET / HTTP/1.1" 200 24273 "http://www.google.com/url?sa=D&q=http://www.ksbb.de/&usg=AFQjCNGhvoARxsbtaG8fNtSM_6jn8LOUMQ" "Mozilla/5.0 (Windows NT 6.1; WOW64) AppleWebKit/537.36 (KHTML, like Gecko) Chrome/28.0.1500.72 Safari/537.36"
188.104.186.121 - - [23/Jul/2013:22:02:25 +0200] "GET /assets/s.css HTTP/1.1" 200 3386 "http://www.ksbb.de/" "Mozilla/5.0 (Windows NT 6.1; WOW64) AppleWebKit/537.36 (KHTML, like Gecko) Chrome/28.0.1500.72 Safari/537.36"
188.104.186.121 - - [23/Jul/2013:22:02:25 +0200] "GET /assets/ssb.css HTTP/1.1" 200 657 "http://www.ksbb.de/" "Mozilla/5.0 (Windows NT 6.1; WOW64) AppleWebKit/537.36 (KHTML, like Gecko) Chrome/28.0.1500.72 Safari/537.36"
188.104.186.121 - - [23/Jul/2013:22:02:25 +0200] "GET /images/pcp.gif HTTP/1.1" 200 43 "http://www.ksbb.de/" "Mozilla/5.0 (Windows NT 6.1; WOW64) AppleWebKit/537.36 (KHTML, like Gecko) Chrome/28.0.1500.72 Safari/537.36"
188.104.186.121 - - [23/Jul/2013:22:02:25 +0200] "GET /images/pltp.gif HTTP/1.1" 200 160 "http://www.ksbb.de/" "Mozilla/5.0 (Windows NT 6.1; WOW64) AppleWebKit/537.36 (KHTML, like Gecko) Chrome/28.0.1500.72 Safari/537.36"
188.104.186.121 - - [23/Jul/2013:22:02:25 +0200] "GET /images/pmtm3.gif HTTP/1.1" 200 2032 "http://www.ksbb.de/" "Mozilla/5.0 (Windows NT 6.1; WOW64) AppleWebKit/537.36 (KHTML, like Gecko) Chrome/28.0.1500.72 Safari/537.36"
188.104.186.121 - - [23/Jul/2013:22:02:25 +0200] "GET /images/pmtm4.gif HTTP/1.1" 200 2316 "http://www.ksbb.de/" "Mozilla/5.0 (Windows NT 6.1; WOW64) AppleWebKit/537.36 (KHTML, like Gecko) Chrome/28.0.1500.72 Safari/537.36"
188.104.186.121 - - [23/Jul/2013:22:02:25 +0200] "GET /images/phomesm0.gif HTTP/1.1" 200 2239 "http://www.ksbb.de/" "Mozilla/5.0 (Windows NT 6.1; WOW64) AppleWebKit/537.36 (KHTML, like Gecko) Chrome/28.0.1500.72 Safari/537.36"
188.104.186.121 - - [23/Jul/2013:22:02:25 +0200] "GET /images/pmtm5.gif HTTP/1.1" 200 2185 "http://www.ksbb.de/" "Mozilla/5.0 (Windows NT 6.1; WOW64) AppleWebKit/537.36 (KHTML, like Gecko) Chrome/28.0.1500.72 Safari/537.36"
188.104.186.121 - - [23/Jul/2013:22:02:25 +0200] "GET /images/pmtm6.gif HTTP/1.1" 200 628 "http://www.ksbb.de/" "Mozilla/5.0 (Windows NT 6.1; WOW64) AppleWebKit/537.36 (KHTML, like Gecko) Chrome/28.0.1500.72 Safari/537.36"
188.104.186.121 - - [23/Jul/2013:22:02:25 +0200] "GET /images/pcmpc1.gif HTTP/1.1" 200 1155 "http://www.ksbb.de/" "Mozilla/5.0 (Windows NT 6.1; WOW64) AppleWebKit/537.36 (KHTML, like Gecko) Chrome/28.0.1500.72 Safari/537.36"
188.104.186.121 - - [23/Jul/2013:22:02:25 +0200] "GET /images/pcmphc1.gif HTTP/1.1" 200 2164 "http://www.ksbb.de/" "Mozilla/5.0 (Windows NT 6.1; WOW64) AppleWebKit/537.36 (KHTML, like Gecko) Chrome/28.0.1500.72 Safari/537.36"
188.104.186.121 - - [23/Jul/2013:22:02:25 +0200] "GET /images/pcmpc2.gif HTTP/1.1" 200 1240 "http://www.ksbb.de/" "Mozilla/5.0 (Windows NT 6.1; WOW64) AppleWebKit/537.36 (KHTML, like Gecko) Chrome/28.0.1500.72 Safari/537.36"
188.104.186.121 - - [23/Jul/2013:22:02:25 +0200] "GET /images/pcmphc2.gif HTTP/1.1" 200 2299 "http://www.ksbb.de/" "Mozilla/5.0 (Windows NT 6.1; WOW64) AppleWebKit/537.36 (KHTML, like Gecko) Chrome/28.0.1500.72 Safari/537.36"
188.104.186.121 - - [23/Jul/2013:22:02:25 +0200] "GET /images/phnvmtt1.gif HTTP/1.1" 200 2551 "http://www.ksbb.de/" "Mozilla/5.0 (Windows NT 6.1; WOW64) AppleWebKit/537.36 (KHTML, like Gecko) Chrome/28.0.1500.72 Safari/537.36"
188.104.186.121 - - [23/Jul/2013:22:02:26 +0200] "GET /images/phnvmtht1.gif HTTP/1.1" 200 2613 "http://www.ksbb.de/" "Mozilla/5.0 (Windows NT 6.1; WOW64) AppleWebKit/537.36 (KHTML, like Gecko) Chrome/28.0.1500.72 Safari/537.36"
188.104.186.121 - - [23/Jul/2013:22:02:26 +0200] "GET /images/phnvmtt2.gif HTTP/1.1" 200 1637 "http://www.ksbb.de/" "Mozilla/5.0 (Windows NT 6.1; WOW64) AppleWebKit/537.36 (KHTML, like Gecko) Chrome/28.0.1500.72 Safari/537.36"
188.104.186.121 - - [23/Jul/2013:22:02:26 +0200] "GET /images/phnvmtht2.gif HTTP/1.1" 200 1696 "http://www.ksbb.de/" "Mozilla/5.0 (Windows NT 6.1; WOW64) AppleWebKit/537.36 (KHTML, like Gecko) Chrome/28.0.1500.72 Safari/537.36"
188.104.186.121 - - [23/Jul/2013:22:02:26 +0200] "GET /images/phnvmtt3.gif HTTP/1.1" 200 2611 "http://www.ksbb.de/" "Mozilla/5.0 (Windows NT 6.1; WOW64) AppleWebKit/537.36 (KHTML, like Gecko) Chrome/28.0.1500.72 Safari/537.36"
188.104.186.121 - - [23/Jul/2013:22:02:26 +0200] "GET /images/phnvmtht3.gif HTTP/1.1" 200 2679 "http://www.ksbb.de/" "Mozilla/5.0 (Windows NT 6.1; WOW64) AppleWebKit/537.36 (KHTML, like Gecko) Chrome/28.0.1500.72 Safari/537.36"
188.104.186.121 - - [23/Jul/2013:22:02:26 +0200] "GET /images/phnvmtt4.gif HTTP/1.1" 200 2685 "http://www.ksbb.de/" "Mozilla/5.0 (Windows NT 6.1; WOW64) AppleWebKit/537.36 (KHTML, like Gecko) Chrome/28.0.1500.72 Safari/537.36"
188.104.186.121 - - [23/Jul/2013:22:02:26 +0200] "GET /images/phnvmtht4.gif HTTP/1.1" 200 2627 "http://www.ksbb.de/" "Mozilla/5.0 (Windows NT 6.1; WOW64) AppleWebKit/537.36 (KHTML, like Gecko) Chrome/28.0.1500.72 Safari/537.36"
188.104.186.121 - - [23/Jul/2013:22:02:26 +0200] "GET /images/phnvmtt5.gif HTTP/1.1" 200 2563 "http://www.ksbb.de/" "Mozilla/5.0 (Windows NT 6.1; WOW64) AppleWebKit/537.36 (KHTML, like Gecko) Chrome/28.0.1500.72 Safari/537.36"
188.104.186.121 - - [23/Jul/2013:22:02:26 +0200] "GET /images/phnvmtht5.gif HTTP/1.1" 200 2500 "http://www.ksbb.de/" "Mozilla/5.0 (Windows NT 6.1; WOW64) AppleWebKit/537.36 (KHTML, like Gecko) Chrome/28.0.1500.72 Safari/537.36"
188.104.186.121 - - [23/Jul/2013:22:02:26 +0200] "GET /images/phnvmtt6.gif HTTP/1.1" 200 1637 "http://www.ksbb.de/" "Mozilla/5.0 (Windows NT 6.1; WOW64) AppleWebKit/537.36 (KHTML, like Gecko) Chrome/28.0.1500.72 Safari/537.36"
188.104.186.121 - - [23/Jul/2013:22:02:26 +0200] "GET /images/phnvmtht6.gif HTTP/1.1" 200 1696 "http://www.ksbb.de/" "Mozilla/5.0 (Windows NT 6.1; WOW64) AppleWebKit/537.36 (KHTML, like Gecko) Chrome/28.0.1500.72 Safari/537.36"
188.104.186.121 - - [23/Jul/2013:22:02:26 +0200] "GET /images/plms.gif HTTP/1.1" 200 68 "http://www.ksbb.de/" "Mozilla/5.0 (Windows NT 6.1; WOW64) AppleWebKit/537.36 (KHTML, like Gecko) Chrome/28.0.1500.72 Safari/537.36"
188.104.186.121 - - [23/Jul/2013:22:02:26 +0200] "GET /images/phnvmtt7.gif HTTP/1.1" 200 2552 "http://www.ksbb.de/" "Mozilla/5.0 (Windows NT 6.1; WOW64) AppleWebKit/537.36 (KHTML, like Gecko) Chrome/28.0.1500.72 Safari/537.36"
188.104.186.121 - - [23/Jul/2013:22:02:26 +0200] "GET /images/phnvmtht7.gif HTTP/1.1" 200 2615 "http://www.ksbb.de/" "Mozilla/5.0 (Windows NT 6.1; WOW64) AppleWebKit/537.36 (KHTML, like Gecko) Chrome/28.0.1500.72 Safari/537.36"
188.104.186.121 - - [23/Jul/2013:22:02:26 +0200] "GET /images/pmthm1.gif HTTP/1.1" 200 2169 "http://www.ksbb.de/" "Mozilla/5.0 (Windows NT 6.1; WOW64) AppleWebKit/537.36 (KHTML, like Gecko) Chrome/28.0.1500.72 Safari/537.36"
188.104.186.121 - - [23/Jul/2013:22:02:26 +0200] "GET /images/pmthm2.gif HTTP/1.1" 200 1209 "http://www.ksbb.de/" "Mozilla/5.0 (Windows NT 6.1; WOW64) AppleWebKit/537.36 (KHTML, like Gecko) Chrome/28.0.1500.72 Safari/537.36"
188.104.186.121 - - [23/Jul/2013:22:02:26 +0200] "GET /images/pmthm3.gif HTTP/1.1" 200 2275 "http://www.ksbb.de/" "Mozilla/5.0 (Windows NT 6.1; WOW64) AppleWebKit/537.36 (KHTML, like Gecko) Chrome/28.0.1500.72 Safari/537.36"
188.104.186.121 - - [23/Jul/2013:22:02:26 +0200] "GET /images/pmthm4.gif HTTP/1.1" 200 2518 "http://www.ksbb.de/" "Mozilla/5.0 (Windows NT 6.1; WOW64) AppleWebKit/537.36 (KHTML, like Gecko) Chrome/28.0.1500.72 Safari/537.36"
188.104.186.121 - - [23/Jul/2013:22:02:26 +0200] "GET /images/pmthm5.gif HTTP/1.1" 200 2381 "http://www.ksbb.de/" "Mozilla/5.0 (Windows NT 6.1; WOW64) AppleWebKit/537.36 (KHTML, like Gecko) Chrome/28.0.1500.72 Safari/537.36"
188.104.186.121 - - [23/Jul/2013:22:02:26 +0200] "GET /images/pmthm6.gif HTTP/1.1" 200 1209 "http://www.ksbb.de/" "Mozilla/5.0 (Windows NT 6.1; WOW64) AppleWebKit/537.36 (KHTML, like Gecko) Chrome/28.0.1500.72 Safari/537.36"
188.104.186.121 - - [23/Jul/2013:22:02:26 +0200] "GET /images/pmtm7.gif HTTP/1.1" 200 1174 "http://www.ksbb.de/" "Mozilla/5.0 (Windows NT 6.1; WOW64) AppleWebKit/537.36 (KHTML, like Gecko) Chrome/28.0.1500.72 Safari/537.36"
188.104.186.121 - - [23/Jul/2013:22:02:26 +0200] "GET /images/pmthm7.gif HTTP/1.1" 200 2195 "http://www.ksbb.de/" "Mozilla/5.0 (Windows NT 6.1; WOW64) AppleWebKit/537.36 (KHTML, like Gecko) Chrome/28.0.1500.72 Safari/537.36"
188.104.186.121 - - [23/Jul/2013:22:02:26 +0200] "GET /images/pd.gif HTTP/1.1" 200 111 "http://www.ksbb.de/" "Mozilla/5.0 (Windows NT 6.1; WOW64) AppleWebKit/537.36 (KHTML, like Gecko) Chrome/28.0.1500.72 Safari/537.36"
188.104.186.121 - - [23/Jul/2013:22:02:26 +0200] "GET /images/psd.gif HTTP/1.1" 200 111 "http://www.ksbb.de/" "Mozilla/5.0 (Windows NT 6.1; WOW64) AppleWebKit/537.36 (KHTML, like Gecko) Chrome/28.0.1500.72 Safari/537.36"
188.104.186.121 - - [23/Jul/2013:22:02:26 +0200] "GET /images/pbg.gif HTTP/1.1" 200 52 "http://www.ksbb.de/" "Mozilla/5.0 (Windows NT 6.1; WOW64) AppleWebKit/537.36 (KHTML, like Gecko) Chrome/28.0.1500.72 Safari/537.36"
188.104.186.121 - - [23/Jul/2013:22:02:26 +0200] "GET /images/plvt.gif HTTP/1.1" 200 53 "http://www.ksbb.de/" "Mozilla/5.0 (Windows NT 6.1; WOW64) AppleWebKit/537.36 (KHTML, like Gecko) Chrome/28.0.1500.72 Safari/537.36"
188.104.186.121 - - [23/Jul/2013:22:02:26 +0200] "GET /images/plma.gif HTTP/1.1" 200 164 "http://www.ksbb.de/" "Mozilla/5.0 (Windows NT 6.1; WOW64) AppleWebKit/537.36 (KHTML, like Gecko) Chrome/28.0.1500.72 Safari/537.36"
188.104.186.121 - - [23/Jul/2013:22:02:26 +0200] "GET /images/plogo.gif HTTP/1.1" 200 18153 "http://www.ksbb.de/" "Mozilla/5.0 (Windows NT 6.1; WOW64) AppleWebKit/537.36 (KHTML, like Gecko) Chrome/28.0.1500.72 Safari/537.36"
188.104.186.121 - - [23/Jul/2013:22:02:26 +0200] "GET /images/plmb.gif HTTP/1.1" 200 166 "http://www.ksbb.de/" "Mozilla/5.0 (Windows NT 6.1; WOW64) AppleWebKit/537.36 (KHTML, like Gecko) Chrome/28.0.1500.72 Safari/537.36"
188.104.186.121 - - [23/Jul/2013:22:02:26 +0200] "GET /images/pl160.gif HTTP/1.1" 200 70 "http://www.ksbb.de/" "Mozilla/5.0 (Windows NT 6.1; WOW64) AppleWebKit/537.36 (KHTML, like Gecko) Chrome/28.0.1500.72 Safari/537.36"
188.104.186.121 - - [23/Jul/2013:22:02:26 +0200] "GET /images/pbx.gif HTTP/1.1" 200 99 "http://www.ksbb.de/" "Mozilla/5.0 (Windows NT 6.1; WOW64) AppleWebKit/537.36 (KHTML, like Gecko) Chrome/28.0.1500.72 Safari/537.36"
188.104.186.121 - - [23/Jul/2013:22:02:26 +0200] "GET /images/plnkn.gif HTTP/1.1" 200 95 "http://www.ksbb.de/" "Mozilla/5.0 (Windows NT 6.1; WOW64) AppleWebKit/537.36 (KHTML, like Gecko) Chrome/28.0.1500.72 Safari/537.36"
188.104.186.121 - - [23/Jul/2013:22:02:26 +0200] "GET /images/mev23003_72.jpg HTTP/1.1" 200 2106 "http://www.ksbb.de/" "Mozilla/5.0 (Windows NT 6.1; WOW64) AppleWebKit/537.36 (KHTML, like Gecko) Chrome/28.0.1500.72 Safari/537.36"
188.104.186.121 - - [23/Jul/2013:22:02:26 +0200] "GET /images/mev14046_72.jpg HTTP/1.1" 200 1662 "http://www.ksbb.de/" "Mozilla/5.0 (Windows NT 6.1; WOW64) AppleWebKit/537.36 (KHTML, like Gecko) Chrome/28.0.1500.72 Safari/537.36"
188.104.186.121 - - [23/Jul/2013:22:02:26 +0200] "GET /images/55275_72.jpg HTTP/1.1" 200 2381 "http://www.ksbb.de/" "Mozilla/5.0 (Windows NT 6.1; WOW64) AppleWebKit/537.36 (KHTML, like Gecko) Chrome/28.0.1500.72 Safari/537.36"
188.104.186.121 - - [23/Jul/2013:22:02:26 +0200] "GET /images/plmc.gif HTTP/1.1" 200 166 "http://www.ksbb.de/" "Mozilla/5.0 (Windows NT 6.1; WOW64) AppleWebKit/537.36 (KHTML, like Gecko) Chrome/28.0.1500.72 Safari/537.36"
188.104.186.121 - - [23/Jul/2013:22:02:26 +0200] "GET /images/plbt.gif HTTP/1.1" 200 161 "http://www.ksbb.de/" "Mozilla/5.0 (Windows NT 6.1; WOW64) AppleWebKit/537.36 (KHTML, like Gecko) Chrome/28.0.1500.72 Safari/537.36"
188.104.186.121 - - [23/Jul/2013:22:02:26 +0200] "GET /images/ksbb1_sbp.jpg HTTP/1.1" 200 3871 "http://www.ksbb.de/" "Mozilla/5.0 (Windows NT 6.1; WOW64) AppleWebKit/537.36 (KHTML, like Gecko) Chrome/28.0.1500.72 Safari/537.36"
188.104.186.121 - - [23/Jul/2013:22:02:26 +0200] "GET /images/ulslogosbp_sbp.jpg HTTP/1.1" 200 1896 "http://www.ksbb.de/" "Mozilla/5.0 (Windows NT 6.1; WOW64) AppleWebKit/537.36 (KHTML, like Gecko) Chrome/28.0.1500.72 Safari/537.36"
188.104.186.121 - - [23/Jul/2013:22:02:26 +0200] "GET /images/iso9001_sbp.jpg HTTP/1.1" 200 4462 "http://www.ksbb.de/" "Mozilla/5.0 (Windows NT 6.1; WOW64) AppleWebKit/537.36 (KHTML, like Gecko) Chrome/28.0.1500.72 Safari/537.36"
188.104.186.121 - - [23/Jul/2013:22:02:26 +0200] "GET /images/logoprofex_sbp.gif HTTP/1.1" 200 3524 "http://www.ksbb.de/" "Mozilla/5.0 (Windows NT 6.1; WOW64) AppleWebKit/537.36 (KHTML, like Gecko) Chrome/28.0.1500.72 Safari/537.36"
188.104.186.121 - - [23/Jul/2013:22:02:26 +0200] "GET /images/pmtm1.gif HTTP/1.1" 200 1155 "http://www.ksbb.de/" "Mozilla/5.0 (Windows NT 6.1; WOW64) AppleWebKit/537.36 (KHTML, like Gecko) Chrome/28.0.1500.72 Safari/537.36"
188.104.186.121 - - [23/Jul/2013:22:02:26 +0200] "GET /images/pmtm2.gif HTTP/1.1" 200 628 "http://www.ksbb.de/" "Mozilla/5.0 (Windows NT 6.1; WOW64) AppleWebKit/537.36 (KHTML, like Gecko) Chrome/28.0.1500.72 Safari/537.36"
188.104.186.121 - - [23/Jul/2013:22:02:27 +0200] "GET /favicon.ico HTTP/1.1" 404 - "-" "Mozilla/5.0 (Windows NT 6.1; WOW64) AppleWebKit/537.36 (KHTML, like Gecko) Chrome/28.0.1500.72 Safari/537.36"
157.56.92.148 - - [23/Jul/2013:22:36:42 +0200] "GET /robots.txt HTTP/1.1" 404 - "-" "Mozilla/5.0 (compatible; bingbot/2.0; +http://www.bing.com/bingbot.htm)"
157.56.92.148 - - [23/Jul/2013:22:37:54 +0200] "GET / HTTP/1.1" 200 24273 "-" "Mozilla/5.0 (compatible; bingbot/2.0; +http://www.bing.com/bingbot.htm)"
157.56.92.148 - - [23/Jul/2013:22:38:16 +0200] "GET /images/phnvmtht7.gif HTTP/1.1" 200 2615 "-" "Mozilla/5.0 (compatible; bingbot/2.0; +http://www.bing.com/bingbot.htm)"
157.56.92.148 - - [23/Jul/2013:22:38:17 +0200] "GET /images/pmthm2.gif HTTP/1.1" 200 1209 "-" "Mozilla/5.0 (compatible; bingbot/2.0; +http://www.bing.com/bingbot.htm)"
157.56.92.148 - - [23/Jul/2013:22:38:18 +0200] "GET /images/plma.gif HTTP/1.1" 200 164 "-" "Mozilla/5.0 (compatible; bingbot/2.0; +http://www.bing.com/bingbot.htm)"
157.55.32.219 - - [23/Jul/2013:22:38:52 +0200] "GET /assets/s.css HTTP/1.1" 200 3386 "-" "Mozilla/5.0 (compatible; bingbot/2.0; +http://www.bing.com/bingbot.htm)"
157.55.32.219 - - [23/Jul/2013:22:38:53 +0200] "GET /images/pcmphc2.gif HTTP/1.1" 200 2299 "-" "Mozilla/5.0 (compatible; bingbot/2.0; +http://www.bing.com/bingbot.htm)"
157.55.32.219 - - [23/Jul/2013:22:38:54 +0200] "GET /images/phnvmtt6.gif HTTP/1.1" 200 1637 "-" "Mozilla/5.0 (compatible; bingbot/2.0; +http://www.bing.com/bingbot.htm)"
157.55.32.219 - - [23/Jul/2013:22:38:55 +0200] "GET /images/pmthm6.gif HTTP/1.1" 200 1209 "-" "Mozilla/5.0 (compatible; bingbot/2.0; +http://www.bing.com/bingbot.htm)"
157.55.32.219 - - [23/Jul/2013:22:38:56 +0200] "GET /images/pmtm5.gif HTTP/1.1" 200 2185 "-" "Mozilla/5.0 (compatible; bingbot/2.0; +http://www.bing.com/bingbot.htm)"
157.55.32.219 - - [23/Jul/2013:22:38:57 +0200] "GET /images/phnvmtht3.gif HTTP/1.1" 200 2679 "-" "Mozilla/5.0 (compatible; bingbot/2.0; +http://www.bing.com/bingbot.htm)"
157.55.32.219 - - [23/Jul/2013:22:38:58 +0200] "GET /images/pl160.gif HTTP/1.1" 200 70 "-" "Mozilla/5.0 (compatible; bingbot/2.0; +http://www.bing.com/bingbot.htm)"
157.56.92.148 - - [23/Jul/2013:22:39:24 +0200] "GET /images/pd.gif HTTP/1.1" 200 111 "-" "Mozilla/5.0 (compatible; bingbot/2.0; +http://www.bing.com/bingbot.htm)"
157.56.92.148 - - [23/Jul/2013:22:39:25 +0200] "GET /images/phnvmtt4.gif HTTP/1.1" 200 2685 "-" "Mozilla/5.0 (compatible; bingbot/2.0; +http://www.bing.com/bingbot.htm)"
157.56.92.148 - - [23/Jul/2013:22:39:26 +0200] "GET /images/pmtm1.gif HTTP/1.1" 200 1155 "-" "Mozilla/5.0 (compatible; bingbot/2.0; +http://www.bing.com/bingbot.htm)"
157.56.93.84 - - [23/Jul/2013:22:39:53 +0200] "GET /images/pbg.gif HTTP/1.1" 200 52 "-" "Mozilla/5.0 (compatible; bingbot/2.0; +http://www.bing.com/bingbot.htm)"
157.56.93.84 - - [23/Jul/2013:22:39:54 +0200] "GET /images/phnvmtht6.gif HTTP/1.1" 200 1696 "-" "Mozilla/5.0 (compatible; bingbot/2.0; +http://www.bing.com/bingbot.htm)"
157.56.93.84 - - [23/Jul/2013:22:39:55 +0200] "GET /images/phnvmtt3.gif HTTP/1.1" 200 2611 "-" "Mozilla/5.0 (compatible; bingbot/2.0; +http://www.bing.com/bingbot.htm)"
157.56.93.84 - - [23/Jul/2013:22:39:56 +0200] "GET /assets/ssb.css HTTP/1.1" 200 657 "-" "Mozilla/5.0 (compatible; bingbot/2.0; +http://www.bing.com/bingbot.htm)"
157.56.93.84 - - [23/Jul/2013:22:39:57 +0200] "GET /images/pcmphc1.gif HTTP/1.1" 200 2164 "-" "Mozilla/5.0 (compatible; bingbot/2.0; +http://www.bing.com/bingbot.htm)"
157.56.93.84 - - [23/Jul/2013:22:39:58 +0200] "GET /images/phnvmtt5.gif HTTP/1.1" 200 2563 "-" "Mozilla/5.0 (compatible; bingbot/2.0; +http://www.bing.com/bingbot.htm)"
157.56.93.84 - - [23/Jul/2013:22:39:59 +0200] "GET /images/pmthm5.gif HTTP/1.1" 200 2381 "-" "Mozilla/5.0 (compatible; bingbot/2.0; +http://www.bing.com/bingbot.htm)"
157.56.93.84 - - [23/Jul/2013:22:40:00 +0200] "GET /images/pmtm6.gif HTTP/1.1" 200 628 "-" "Mozilla/5.0 (compatible; bingbot/2.0; +http://www.bing.com/bingbot.htm)"
157.55.32.116 - - [23/Jul/2013:22:40:53 +0200] "GET /images/pmthm1.gif HTTP/1.1" 200 2169 "-" "Mozilla/5.0 (compatible; bingbot/2.0; +http://www.bing.com/bingbot.htm)"
157.55.32.116 - - [23/Jul/2013:22:40:54 +0200] "GET /images/pmtm2.gif HTTP/1.1" 200 628 "-" "Mozilla/5.0 (compatible; bingbot/2.0; +http://www.bing.com/bingbot.htm)"
157.55.32.116 - - [23/Jul/2013:22:40:55 +0200] "GET /images/phnvmtht2.gif HTTP/1.1" 200 1696 "-" "Mozilla/5.0 (compatible; bingbot/2.0; +http://www.bing.com/bingbot.htm)"
157.55.32.116 - - [23/Jul/2013:22:40:56 +0200] "GET /images/phnvmtt7.gif HTTP/1.1" 200 2552 "-" "Mozilla/5.0 (compatible; bingbot/2.0; +http://www.bing.com/bingbot.htm)"
157.55.32.116 - - [23/Jul/2013:22:40:57 +0200] "GET /images/plmb.gif HTTP/1.1" 200 166 "-" "Mozilla/5.0 (compatible; bingbot/2.0; +http://www.bing.com/bingbot.htm)"
157.55.32.116 - - [23/Jul/2013:22:40:58 +0200] "GET /images/pltp.gif HTTP/1.1" 200 160 "-" "Mozilla/5.0 (compatible; bingbot/2.0; +http://www.bing.com/bingbot.htm)"
157.55.32.116 - - [23/Jul/2013:22:40:59 +0200] "GET /images/pmthm7.gif HTTP/1.1" 200 2195 "-" "Mozilla/5.0 (compatible; bingbot/2.0; +http://www.bing.com/bingbot.htm)"
157.55.32.116 - - [23/Jul/2013:22:41:00 +0200] "GET /images/pmtm4.gif HTTP/1.1" 200 2316 "-" "Mozilla/5.0 (compatible; bingbot/2.0; +http://www.bing.com/bingbot.htm)"
157.55.32.116 - - [23/Jul/2013:22:41:01 +0200] "GET /images/psd.gif HTTP/1.1" 200 111 "-" "Mozilla/5.0 (compatible; bingbot/2.0; +http://www.bing.com/bingbot.htm)"
157.55.32.116 - - [23/Jul/2013:22:41:02 +0200] "GET /images/phnvmtht4.gif HTTP/1.1" 200 2627 "-" "Mozilla/5.0 (compatible; bingbot/2.0; +http://www.bing.com/bingbot.htm)"
157.55.32.116 - - [23/Jul/2013:22:41:03 +0200] "GET /images/55275_72.jpg HTTP/1.1" 200 2381 "-" "Mozilla/5.0 (compatible; bingbot/2.0; +http://www.bing.com/bingbot.htm)"
157.55.32.116 - - [23/Jul/2013:22:41:03 +0200] "GET /images/phomesm0.gif HTTP/1.1" 200 2239 "-" "Mozilla/5.0 (compatible; bingbot/2.0; +http://www.bing.com/bingbot.htm)"
157.55.32.116 - - [23/Jul/2013:22:41:04 +0200] "GET /images/plvt.gif HTTP/1.1" 200 53 "-" "Mozilla/5.0 (compatible; bingbot/2.0; +http://www.bing.com/bingbot.htm)"
157.55.32.219 - - [23/Jul/2013:22:41:52 +0200] "GET /images/pcp.gif HTTP/1.1" 200 43 "-" "Mozilla/5.0 (compatible; bingbot/2.0; +http://www.bing.com/bingbot.htm)"
157.55.32.219 - - [23/Jul/2013:22:41:53 +0200] "GET /images/plogo.gif HTTP/1.1" 200 18153 "-" "Mozilla/5.0 (compatible; bingbot/2.0; +http://www.bing.com/bingbot.htm)"
157.55.32.219 - - [23/Jul/2013:22:41:54 +0200] "GET /images/pmtm3.gif HTTP/1.1" 200 2032 "-" "Mozilla/5.0 (compatible; bingbot/2.0; +http://www.bing.com/bingbot.htm)"
157.55.32.219 - - [23/Jul/2013:22:41:55 +0200] "GET /images/phnvmtht5.gif HTTP/1.1" 200 2500 "-" "Mozilla/5.0 (compatible; bingbot/2.0; +http://www.bing.com/bingbot.htm)"
157.55.32.219 - - [23/Jul/2013:23:03:23 +0200] "GET /images/mev23003_72.jpg HTTP/1.1" 200 2106 "-" "Mozilla/5.0 (compatible; bingbot/2.0; +http://www.bing.com/bingbot.htm)"
157.56.92.148 - - [23/Jul/2013:23:03:53 +0200] "GET /images/phnvmtt2.gif HTTP/1.1" 200 1637 "-" "Mozilla/5.0 (compatible; bingbot/2.0; +http://www.bing.com/bingbot.htm)"
157.56.92.148 - - [23/Jul/2013:23:03:54 +0200] "GET /images/pmthm4.gif HTTP/1.1" 200 2518 "-" "Mozilla/5.0 (compatible; bingbot/2.0; +http://www.bing.com/bingbot.htm)"
157.56.93.84 - - [23/Jul/2013:23:04:23 +0200] "GET /images/pmthm3.gif HTTP/1.1" 200 2275 "-" "Mozilla/5.0 (compatible; bingbot/2.0; +http://www.bing.com/bingbot.htm)"
66.249.78.44 - - [23/Jul/2013:23:19:37 +0200] "GET /000001985b0e5e29a/index.php HTTP/1.1" 200 16895 "-" "Mozilla/5.0 (compatible; Googlebot/2.1; +http://www.google.com/bot.html)"
199.30.25.120 - - [23/Jul/2013:23:39:31 +0200] "GET /images/phnvmtht1.gif HTTP/1.1" 200 2613 "http://www.ksbb.de/" "Mozilla/5.0 (Windows NT 6.1; WOW64) AppleWebKit/534+ (KHTML, like Gecko) BingPreview/1.0b"
199.30.25.120 - - [23/Jul/2013:23:39:31 +0200] "GET /images/phnvmtt1.gif HTTP/1.1" 200 2551 "http://www.ksbb.de/" "Mozilla/5.0 (Windows NT 6.1; WOW64) AppleWebKit/534+ (KHTML, like Gecko) BingPreview/1.0b"
66.249.78.44 - - [23/Jul/2013:23:51:37 +0200] "GET /00000398730fce012.php HTTP/1.1" 200 22659 "-" "Mozilla/5.0 (compatible; Googlebot/2.1; +http://www.google.com/bot.html)"
178.255.215.66 - - [23/Jul/2013:23:52:11 +0200] "GET /00000198660b9a703/00000198660bb6a0a/index.php HTTP/1.1" 200 16342 "-" "Mozilla/5.0 (compatible; Exabot/3.0; +http://www.exabot.com/go/robot)"
123.125.71.49 - - [24/Jul/2013:00:17:58 +0200] "GET / HTTP/1.1" 200 15277 "-" "Mozilla/5.0 (compatible; Baiduspider/2.0; +http://www.baidu.com/search/spider.html)"
220.181.108.82 - - [24/Jul/2013:00:17:59 +0200] "GET / HTTP/1.1" 200 15277 "-" "Mozilla/5.0 (compatible; Baiduspider/2.0; +http://www.baidu.com/search/spider.html)"
141.8.147.12 - - [24/Jul/2013:01:05:23 +0200] "GET /robots.txt HTTP/1.1" 404 - "-" "Mozilla/5.0 (compatible; YandexBot/3.0; +http://yandex.com/bots)"
141.8.147.12 - - [24/Jul/2013:01:05:31 +0200] "GET /images/baustellegif_72.gif HTTP/1.1" 200 2909 "-" "Mozilla/5.0 (compatible; YandexImages/3.0; +http://yandex.com/bots)"
141.8.147.12 - - [24/Jul/2013:01:09:14 +0200] "GET /images/pmtsm4.gif HTTP/1.1" 200 2502 "-" "Mozilla/5.0 (compatible; YandexImages/3.0; +http://yandex.com/bots)"
141.8.147.12 - - [24/Jul/2013:01:13:55 +0200] "GET /images/pmtm4.gif HTTP/1.1" 200 2316 "-" "Mozilla/5.0 (compatible; YandexImages/3.0; +http://yandex.com/bots)"
66.249.72.72 - - [24/Jul/2013:01:28:46 +0200] "GET /robots.txt HTTP/1.1" 404 - "-" "Mozilla/5.0 (compatible; Googlebot/2.1; +http://www.google.com/bot.html)"
66.249.78.44 - - [24/Jul/2013:01:28:46 +0200] "GET /00000198660b9a703/00000198660bb6a0a/index.php HTTP/1.1" 200 16342 "-" "Mozilla/5.0 (iPhone; U; CPU iPhone OS 4_1 like Mac OS X; en-us) AppleWebKit/532.9 (KHTML, like Gecko) Version/4.0.5 Mobile/8B117 Safari/6531.22.7 (compatible; Googlebot-Mobile/2.1; +http://www.google.com/bot.html)"
141.8.147.12 - - [24/Jul/2013:01:29:00 +0200] "GET /images/pbul.gif HTTP/1.1" 200 97 "-" "Mozilla/5.0 (compatible; YandexImages/3.0; +http://yandex.com/bots)"
141.8.147.12 - - [24/Jul/2013:01:34:54 +0200] "GET /images/pl160.gif HTTP/1.1" 200 70 "-" "Mozilla/5.0 (compatible; YandexImages/3.0; +http://yandex.com/bots)"
66.249.78.44 - - [24/Jul/2013:01:35:39 +0200] "GET /000001985b0d93482/000001985c0868401/index.php HTTP/1.1" 200 20281 "-" "Mozilla/5.0 (compatible; Googlebot/2.1; +http://www.google.com/bot.html)"
141.8.147.12 - - [24/Jul/2013:01:43:05 +0200] "GET /images/pnvtt1m5.gif HTTP/1.1" 200 2706 "-" "Mozilla/5.0 (compatible; YandexImages/3.0; +http://yandex.com/bots)"
141.8.147.12 - - [24/Jul/2013:01:46:26 +0200] "GET /images/pmtsm3.gif HTTP/1.1" 200 2251 "-" "Mozilla/5.0 (compatible; YandexImages/3.0; +http://yandex.com/bots)"
141.8.147.12 - - [24/Jul/2013:01:49:01 +0200] "GET /images/pnvtst4m2.gif HTTP/1.1" 200 2630 "-" "Mozilla/5.0 (compatible; YandexImages/3.0; +http://yandex.com/bots)"
141.8.147.12 - - [24/Jul/2013:01:49:03 +0200] "GET /images/pcp.gif HTTP/1.1" 200 43 "-" "Mozilla/5.0 (compatible; YandexImages/3.0; +http://yandex.com/bots)"
141.8.147.12 - - [24/Jul/2013:01:56:09 +0200] "GET /images/pnvtst1m4.gif HTTP/1.1" 200 2515 "-" "Mozilla/5.0 (compatible; YandexImages/3.0; +http://yandex.com/bots)"
66.249.72.72 - - [24/Jul/2013:01:59:39 +0200] "GET /000001985b0d93482/000001985b0fc8f0b/index.php HTTP/1.1" 200 15377 "-" "Mozilla/5.0 (compatible; Googlebot/2.1; +http://www.google.com/bot.html)"
141.8.147.12 - - [24/Jul/2013:02:01:00 +0200] "GET /images/phomem0.gif HTTP/1.1" 200 2022 "-" "Mozilla/5.0 (compatible; YandexImages/3.0; +http://yandex.com/bots)"
141.8.147.12 - - [24/Jul/2013:02:29:49 +0200] "GET /images/pnvtt4m2.gif HTTP/1.1" 200 2699 "-" "Mozilla/5.0 (compatible; YandexImages/3.0; +http://yandex.com/bots)"
141.8.147.12 - - [24/Jul/2013:02:39:03 +0200] "GET /images/pmtm2.gif HTTP/1.1" 200 628 "-" "Mozilla/5.0 (compatible; YandexImages/3.0; +http://yandex.com/bots)"
141.8.147.12 - - [24/Jul/2013:02:39:50 +0200] "GET /images/pbx.gif HTTP/1.1" 200 99 "-" "Mozilla/5.0 (compatible; YandexImages/3.0; +http://yandex.com/bots)"
66.249.78.44 - - [24/Jul/2013:03:03:40 +0200] "GET /031d669bf5054cf01/index.php HTTP/1.1" 200 13922 "-" "Mozilla/5.0 (compatible; Googlebot/2.1; +http://www.google.com/bot.html)"
141.8.147.12 - - [24/Jul/2013:03:11:12 +0200] "GET /images/pnvtt3m1.gif HTTP/1.1" 200 2508 "-" "Mozilla/5.0 (compatible; YandexImages/3.0; +http://yandex.com/bots)"
141.8.147.12 - - [24/Jul/2013:03:18:24 +0200] "GET /images/pnvtst3m1.gif HTTP/1.1" 200 2814 "-" "Mozilla/5.0 (compatible; YandexImages/3.0; +http://yandex.com/bots)"
141.8.147.12 - - [24/Jul/2013:03:24:12 +0200] "GET /images/pnvtt3m2.gif HTTP/1.1" 200 2723 "-" "Mozilla/5.0 (compatible; YandexImages/3.0; +http://yandex.com/bots)"
141.8.147.12 - - [24/Jul/2013:03:39:19 +0200] "GET /images/pcmpc1.gif HTTP/1.1" 200 1155 "-" "Mozilla/5.0 (compatible; YandexImages/3.0; +http://yandex.com/bots)"
141.8.147.12 - - [24/Jul/2013:03:42:32 +0200] "GET /images/pmtsm7.gif HTTP/1.1" 200 2174 "-" "Mozilla/5.0 (compatible; YandexImages/3.0; +http://yandex.com/bots)"
141.8.147.12 - - [24/Jul/2013:03:46:39 +0200] "GET /images/mev14046_52.jpg HTTP/1.1" 200 1285 "-" "Mozilla/5.0 (compatible; YandexImages/3.0; +http://yandex.com/bots)"
66.249.78.44 - - [24/Jul/2013:04:07:41 +0200] "GET /00000198660b9a703/00000198660bb6a0a/index.php HTTP/1.1" 200 16361 "-" "Mozilla/5.0 (compatible; Googlebot/2.1; +http://www.google.com/bot.html)"
141.8.147.12 - - [24/Jul/2013:04:16:39 +0200] "GET /images/pnvtt1m2.gif HTTP/1.1" 200 2551 "-" "Mozilla/5.0 (compatible; YandexImages/3.0; +http://yandex.com/bots)"
141.8.147.12 - - [24/Jul/2013:04:16:41 +0200] "GET /images/pnvtt2m5.gif HTTP/1.1" 200 2756 "-" "Mozilla/5.0 (compatible; YandexImages/3.0; +http://yandex.com/bots)"
220.181.108.76 - - [24/Jul/2013:04:18:51 +0200] "GET / HTTP/1.1" 200 23735 "-" "Mozilla/5.0 (compatible; Baiduspider/2.0; +http://www.baidu.com/search/spider.html)"
123.125.71.26 - - [24/Jul/2013:04:18:53 +0200] "GET / HTTP/1.1" 200 24056 "-" "Mozilla/5.0 (compatible; Baiduspider/2.0; +http://www.baidu.com/search/spider.html)"
141.8.147.12 - - [24/Jul/2013:04:23:29 +0200] "GET /images/pmtsm5.gif HTTP/1.1" 200 2379 "-" "Mozilla/5.0 (compatible; YandexImages/3.0; +http://yandex.com/bots)"
141.8.147.12 - - [24/Jul/2013:04:25:30 +0200] "GET /images/phnvmtt7.gif HTTP/1.1" 200 2552 "-" "Mozilla/5.0 (compatible; YandexImages/3.0; +http://yandex.com/bots)"
141.8.147.12 - - [24/Jul/2013:04:26:33 +0200] "GET /images/phnvmtt3.gif HTTP/1.1" 200 2611 "-" "Mozilla/5.0 (compatible; YandexImages/3.0; +http://yandex.com/bots)"
141.8.147.12 - - [24/Jul/2013:04:47:57 +0200] "GET /images/pmtsm6.gif HTTP/1.1" 200 1201 "-" "Mozilla/5.0 (compatible; YandexImages/3.0; +http://yandex.com/bots)"
141.8.147.12 - - [24/Jul/2013:04:48:56 +0200] "GET /images/pnvtt2m1.gif HTTP/1.1" 200 2574 "-" "Mozilla/5.0 (compatible; YandexImages/3.0; +http://yandex.com/bots)"
157.55.32.219 - - [24/Jul/2013:05:02:38 +0200] "GET /robots.txt HTTP/1.1" 404 - "-" "Mozilla/5.0 (compatible; bingbot/2.0; +http://www.bing.com/bingbot.htm)"
157.55.32.219 - - [24/Jul/2013:05:03:28 +0200] "GET /00000198660c9d618/index.php HTTP/1.1" 200 15367 "-" "Mozilla/5.0 (compatible; bingbot/2.0; +http://www.bing.com/bingbot.htm)"
141.8.147.12 - - [24/Jul/2013:05:07:33 +0200] "GET /images/pnvtt2m6.gif HTTP/1.1" 200 1847 "-" "Mozilla/5.0 (compatible; YandexImages/3.0; +http://yandex.com/bots)"
141.8.147.12 - - [24/Jul/2013:05:15:20 +0200] "GET /images/pmtsm2.gif HTTP/1.1" 200 1201 "-" "Mozilla/5.0 (compatible; YandexImages/3.0; +http://yandex.com/bots)"
173.199.116.251 - - [24/Jul/2013:05:16:06 +0200] "GET /00000198660c9d618/00000198660cdce24/index.php HTTP/1.1" 200 17970 "-" "Mozilla/5.0 (compatible; AhrefsBot/4.0; +http://ahrefs.com/robot/)"
5.199.136.130 - - [24/Jul/2013:05:38:22 +0200] "GET /robots.txt HTTP/1.1" 404 - "-" "Mozilla/5.0 (compatible; Spiderlytics/1.0; +spider@spiderlytics.com)"
5.199.136.130 - - [24/Jul/2013:05:38:22 +0200] "GET /00000198660c9d618/00000198660cdce24/index.php HTTP/1.1" 200 17970 "-" "Mozilla/5.0 (compatible; Spiderlytics/1.0; +spider@spiderlytics.com)"
77.88.29.247 - - [24/Jul/2013:05:38:36 +0200] "GET /robots.txt HTTP/1.1" 404 - "-" "Mozilla/5.0 (compatible; YandexBot/3.0; +http://yandex.com/bots)"
77.88.29.247 - - [24/Jul/2013:05:38:39 +0200] "GET /images/pnvtst1m6.gif HTTP/1.1" 200 2712 "-" "Mozilla/5.0 (compatible; YandexImages/3.0; +http://yandex.com/bots)"
66.249.78.44 - - [24/Jul/2013:05:39:50 +0200] "GET /00000198660c9d618/index.php HTTP/1.1" 200 15367 "-" "SAMSUNG-SGH-E250/1.0 Profile/MIDP-2.0 Configuration/CLDC-1.1 UP.Browser/6.2.3.3.c.1.101 (GUI) MMP/2.0 (compatible; Googlebot-Mobile/2.1; +http://www.google.com/bot.html)"
66.249.78.44 - - [24/Jul/2013:05:43:42 +0200] "GET / HTTP/1.1" 200 24292 "-" "Mozilla/5.0 (compatible; Googlebot/2.1; +http://www.google.com/bot.html)"
141.8.147.12 - - [24/Jul/2013:05:49:05 +0200] "GET /images/pnvtst2m6.gif HTTP/1.1" 200 1902 "-" "Mozilla/5.0 (compatible; YandexImages/3.0; +http://yandex.com/bots)"
141.8.147.12 - - [24/Jul/2013:05:53:13 +0200] "GET /images/phomesm0.gif HTTP/1.1" 200 2239 "-" "Mozilla/5.0 (compatible; YandexImages/3.0; +http://yandex.com/bots)"
141.8.147.12 - - [24/Jul/2013:06:00:54 +0200] "GET /images/pmtsm1.gif HTTP/1.1" 200 2156 "-" "Mozilla/5.0 (compatible; YandexImages/3.0; +http://yandex.com/bots)"
141.8.147.12 - - [24/Jul/2013:06:08:30 +0200] "GET /images/phnvmtt2.gif HTTP/1.1" 200 1637 "-" "Mozilla/5.0 (compatible; YandexImages/3.0; +http://yandex.com/bots)"
141.8.147.12 - - [24/Jul/2013:06:09:35 +0200] "GET /images/pmtm1.gif HTTP/1.1" 200 1155 "-" "Mozilla/5.0 (compatible; YandexImages/3.0; +http://yandex.com/bots)"
141.8.147.12 - - [24/Jul/2013:06:18:21 +0200] "GET /images/pnvtst1m1.gif HTTP/1.1" 200 2689 "-" "Mozilla/5.0 (compatible; YandexImages/3.0; +http://yandex.com/bots)"
5.199.136.130 - - [24/Jul/2013:06:23:16 +0200] "GET /robots.txt HTTP/1.1" 404 - "-" "Mozilla/5.0 (compatible; Spiderlytics/1.0; +spider@spiderlytics.com)"
5.199.136.130 - - [24/Jul/2013:06:23:16 +0200] "GET /00000198660c9d618/00000198610cada01/00000198610cbe908.php HTTP/1.1" 200 16010 "-" "Mozilla/5.0 (compatible; Spiderlytics/1.0; +spider@spiderlytics.com)"
141.8.147.12 - - [24/Jul/2013:06:23:38 +0200] "GET /images/pnvtt1m1.gif HTTP/1.1" 200 2633 "-" "Mozilla/5.0 (compatible; YandexImages/3.0; +http://yandex.com/bots)"
141.8.147.12 - - [24/Jul/2013:06:36:35 +0200] "GET /images/pd.gif HTTP/1.1" 200 111 "-" "Mozilla/5.0 (compatible; YandexImages/3.0; +http://yandex.com/bots)"
141.8.147.12 - - [24/Jul/2013:06:39:21 +0200] "GET /images/pnvtt1m6.gif HTTP/1.1" 200 2641 "-" "Mozilla/5.0 (compatible; YandexImages/3.0; +http://yandex.com/bots)"
141.8.147.12 - - [24/Jul/2013:06:44:49 +0200] "GET /images/pnvtst2m2.gif HTTP/1.1" 200 2519 "-" "Mozilla/5.0 (compatible; YandexImages/3.0; +http://yandex.com/bots)"
141.8.147.12 - - [24/Jul/2013:07:01:46 +0200] "GET /images/plnkn.gif HTTP/1.1" 200 95 "-" "Mozilla/5.0 (compatible; YandexImages/3.0; +http://yandex.com/bots)"
141.8.147.12 - - [24/Jul/2013:07:02:13 +0200] "GET /images/pmr.gif HTTP/1.1" 200 115 "-" "Mozilla/5.0 (compatible; YandexImages/3.0; +http://yandex.com/bots)"
141.8.147.12 - - [24/Jul/2013:07:14:54 +0200] "GET /images/pnvtst1m2.gif HTTP/1.1" 200 2616 "-" "Mozilla/5.0 (compatible; YandexImages/3.0; +http://yandex.com/bots)"
141.8.147.12 - - [24/Jul/2013:07:16:15 +0200] "GET /images/phnvmtt5.gif HTTP/1.1" 200 2563 "-" "Mozilla/5.0 (compatible; YandexImages/3.0; +http://yandex.com/bots)"
141.8.147.12 - - [24/Jul/2013:07:16:53 +0200] "GET /images/pnvtt4m1.gif HTTP/1.1" 200 2509 "-" "Mozilla/5.0 (compatible; YandexImages/3.0; +http://yandex.com/bots)"
173.199.116.251 - - [24/Jul/2013:07:19:57 +0200] "GET /000001985b0ce1e49/00000198610d8af28/00000198610da0a31.php HTTP/1.1" 200 14409 "-" "Mozilla/5.0 (compatible; AhrefsBot/4.0; +http://ahrefs.com/robot/)"
141.8.147.22 - - [24/Jul/2013:07:42:03 +0200] "GET /robots.txt HTTP/1.1" 404 - "-" "Mozilla/5.0 (compatible; YandexBot/3.0; +http://yandex.com/bots)"
141.8.147.22 - - [24/Jul/2013:07:42:08 +0200] "GET /images/pmtm7.gif HTTP/1.1" 200 1174 "-" "Mozilla/5.0 (compatible; YandexImages/3.0; +http://yandex.com/bots)"
173.199.116.251 - - [24/Jul/2013:07:48:13 +0200] "GET /images/35029.jpg HTTP/1.1" 200 56734 "-" "Mozilla/5.0 (compatible; AhrefsBot/4.0; +http://ahrefs.com/robot/)"
141.8.147.12 - - [24/Jul/2013:08:09:49 +0200] "GET /images/phnvmtt1.gif HTTP/1.1" 200 2551 "-" "Mozilla/5.0 (compatible; YandexImages/3.0; +http://yandex.com/bots)"
141.8.147.12 - - [24/Jul/2013:08:33:20 +0200] "GET /images/pnvtst1m5.gif HTTP/1.1" 200 2769 "-" "Mozilla/5.0 (compatible; YandexImages/3.0; +http://yandex.com/bots)"
173.199.116.251 - - [24/Jul/2013:08:40:32 +0200] "GET /000001985b0e5e29a/000001985f0d1bf04/index.php HTTP/1.1" 200 17309 "-" "Mozilla/5.0 (compatible; AhrefsBot/4.0; +http://ahrefs.com/robot/)"
173.199.116.251 - - [24/Jul/2013:08:43:55 +0200] "GET /00000198660a80203/index.php HTTP/1.1" 200 12659 "-" "Mozilla/5.0 (compatible; AhrefsBot/4.0; +http://ahrefs.com/robot/)"
141.8.147.12 - - [24/Jul/2013:08:44:04 +0200] "GET /images/pnvtt1m4.gif HTTP/1.1" 200 2449 "-" "Mozilla/5.0 (compatible; YandexImages/3.0; +http://yandex.com/bots)"
141.8.147.12 - - [24/Jul/2013:08:48:25 +0200] "GET /images/phnvmtt6.gif HTTP/1.1" 200 1637 "-" "Mozilla/5.0 (compatible; YandexImages/3.0; +http://yandex.com/bots)"
141.8.147.12 - - [24/Jul/2013:08:49:13 +0200] "GET /images/pnvtst2m1.gif HTTP/1.1" 200 2630 "-" "Mozilla/5.0 (compatible; YandexImages/3.0; +http://yandex.com/bots)"
141.8.147.12 - - [24/Jul/2013:08:51:42 +0200] "GET /images/pnvtt2m2.gif HTTP/1.1" 200 2589 "-" "Mozilla/5.0 (compatible; YandexImages/3.0; +http://yandex.com/bots)"
141.8.147.12 - - [24/Jul/2013:09:10:05 +0200] "GET /images/psd.gif HTTP/1.1" 200 111 "-" "Mozilla/5.0 (compatible; YandexImages/3.0; +http://yandex.com/bots)"
141.8.147.12 - - [24/Jul/2013:09:22:30 +0200] "GET /images/pbk.gif HTTP/1.1" 200 112 "-" "Mozilla/5.0 (compatible; YandexImages/3.0; +http://yandex.com/bots)"
157.56.92.148 - - [24/Jul/2013:09:26:08 +0200] "GET /robots.txt HTTP/1.1" 404 - "-" "Mozilla/5.0 (compatible; bingbot/2.0; +http://www.bing.com/bingbot.htm)"
157.56.92.148 - - [24/Jul/2013:09:29:46 +0200] "GET / HTTP/1.1" 200 24292 "-" "Mozilla/5.0 (compatible; bingbot/2.0; +http://www.bing.com/bingbot.htm)"
141.8.147.12 - - [24/Jul/2013:09:31:24 +0200] "GET /images/phnvmtt4.gif HTTP/1.1" 200 2685 "-" "Mozilla/5.0 (compatible; YandexImages/3.0; +http://yandex.com/bots)"
141.8.147.12 - - [24/Jul/2013:09:32:34 +0200] "GET /images/plmc.gif HTTP/1.1" 200 166 "-" "Mozilla/5.0 (compatible; YandexImages/3.0; +http://yandex.com/bots)"
5.10.83.56 - - [24/Jul/2013:10:17:25 +0200] "GET / HTTP/1.1" 200 24292 "-" "Mozilla/5.0 (compatible; AhrefsBot/5.0; +http://ahrefs.com/robot/)"
46.163.117.206 - - [24/Jul/2013:10:19:58 +0200] "GET / HTTP/1.0" 200 24292 "-" "-"
178.4.253.39 - - [24/Jul/2013:10:25:39 +0200] "GET / HTTP/1.1" 200 24292 "-" "Mozilla/5.0 (compatible; MSIE 10.0; Windows NT 6.1; WOW64; Trident/6.0; NP06)"
178.4.253.39 - - [24/Jul/2013:10:25:39 +0200] "GET /assets/s.css HTTP/1.1" 200 3386 "http://www.ksbb.de/" "Mozilla/5.0 (compatible; MSIE 10.0; Windows NT 6.1; WOW64; Trident/6.0; NP06)"
178.4.253.39 - - [24/Jul/2013:10:25:39 +0200] "GET /assets/ssb.css HTTP/1.1" 200 657 "http://www.ksbb.de/" "Mozilla/5.0 (compatible; MSIE 10.0; Windows NT 6.1; WOW64; Trident/6.0; NP06)"
178.4.253.39 - - [24/Jul/2013:10:25:39 +0200] "GET /images/pbg.gif HTTP/1.1" 200 52 "http://www.ksbb.de/" "Mozilla/5.0 (compatible; MSIE 10.0; Windows NT 6.1; WOW64; Trident/6.0; NP06)"
178.4.253.39 - - [24/Jul/2013:10:25:39 +0200] "GET /images/pcp.gif HTTP/1.1" 200 43 "http://www.ksbb.de/" "Mozilla/5.0 (compatible; MSIE 10.0; Windows NT 6.1; WOW64; Trident/6.0; NP06)"
178.4.253.39 - - [24/Jul/2013:10:25:39 +0200] "GET /images/pltp.gif HTTP/1.1" 200 160 "http://www.ksbb.de/" "Mozilla/5.0 (compatible; MSIE 10.0; Windows NT 6.1; WOW64; Trident/6.0; NP06)"
178.4.253.39 - - [24/Jul/2013:10:25:39 +0200] "GET /images/phomesm0.gif HTTP/1.1" 200 2239 "http://www.ksbb.de/" "Mozilla/5.0 (compatible; MSIE 10.0; Windows NT 6.1; WOW64; Trident/6.0; NP06)"
178.4.253.39 - - [24/Jul/2013:10:25:39 +0200] "GET /images/plms.gif HTTP/1.1" 200 68 "http://www.ksbb.de/" "Mozilla/5.0 (compatible; MSIE 10.0; Windows NT 6.1; WOW64; Trident/6.0; NP06)"
178.4.253.39 - - [24/Jul/2013:10:25:39 +0200] "GET /images/pmtm1.gif HTTP/1.1" 200 1155 "http://www.ksbb.de/" "Mozilla/5.0 (compatible; MSIE 10.0; Windows NT 6.1; WOW64; Trident/6.0; NP06)"
178.4.253.39 - - [24/Jul/2013:10:25:39 +0200] "GET /images/pmtm2.gif HTTP/1.1" 200 628 "http://www.ksbb.de/" "Mozilla/5.0 (compatible; MSIE 10.0; Windows NT 6.1; WOW64; Trident/6.0; NP06)"
178.4.253.39 - - [24/Jul/2013:10:25:40 +0200] "GET /images/pmtm4.gif HTTP/1.1" 200 2316 "http://www.ksbb.de/" "Mozilla/5.0 (compatible; MSIE 10.0; Windows NT 6.1; WOW64; Trident/6.0; NP06)"
178.4.253.39 - - [24/Jul/2013:10:25:40 +0200] "GET /images/pmtm3.gif HTTP/1.1" 200 2032 "http://www.ksbb.de/" "Mozilla/5.0 (compatible; MSIE 10.0; Windows NT 6.1; WOW64; Trident/6.0; NP06)"
178.4.253.39 - - [24/Jul/2013:10:25:40 +0200] "GET /images/pmtm6.gif HTTP/1.1" 200 628 "http://www.ksbb.de/" "Mozilla/5.0 (compatible; MSIE 10.0; Windows NT 6.1; WOW64; Trident/6.0; NP06)"
178.4.253.39 - - [24/Jul/2013:10:25:40 +0200] "GET /images/pmtm5.gif HTTP/1.1" 200 2185 "http://www.ksbb.de/" "Mozilla/5.0 (compatible; MSIE 10.0; Windows NT 6.1; WOW64; Trident/6.0; NP06)"
178.4.253.39 - - [24/Jul/2013:10:25:40 +0200] "GET /images/pmtm7.gif HTTP/1.1" 200 1174 "http://www.ksbb.de/" "Mozilla/5.0 (compatible; MSIE 10.0; Windows NT 6.1; WOW64; Trident/6.0; NP06)"
178.4.253.39 - - [24/Jul/2013:10:25:40 +0200] "GET /images/plogo.gif HTTP/1.1" 200 18153 "http://www.ksbb.de/" "Mozilla/5.0 (compatible; MSIE 10.0; Windows NT 6.1; WOW64; Trident/6.0; NP06)"
178.4.253.39 - - [24/Jul/2013:10:25:40 +0200] "GET /images/plma.gif HTTP/1.1" 200 164 "http://www.ksbb.de/" "Mozilla/5.0 (compatible; MSIE 10.0; Windows NT 6.1; WOW64; Trident/6.0; NP06)"
178.4.253.39 - - [24/Jul/2013:10:25:40 +0200] "GET /images/plmb.gif HTTP/1.1" 200 166 "http://www.ksbb.de/" "Mozilla/5.0 (compatible; MSIE 10.0; Windows NT 6.1; WOW64; Trident/6.0; NP06)"
178.4.253.39 - - [24/Jul/2013:10:25:40 +0200] "GET /images/pl160.gif HTTP/1.1" 200 70 "http://www.ksbb.de/" "Mozilla/5.0 (compatible; MSIE 10.0; Windows NT 6.1; WOW64; Trident/6.0; NP06)"
178.4.253.39 - - [24/Jul/2013:10:25:40 +0200] "GET /images/phnvmtt1.gif HTTP/1.1" 200 2551 "http://www.ksbb.de/" "Mozilla/5.0 (compatible; MSIE 10.0; Windows NT 6.1; WOW64; Trident/6.0; NP06)"
178.4.253.39 - - [24/Jul/2013:10:25:40 +0200] "GET /images/pd.gif HTTP/1.1" 200 111 "http://www.ksbb.de/" "Mozilla/5.0 (compatible; MSIE 10.0; Windows NT 6.1; WOW64; Trident/6.0; NP06)"
178.4.253.39 - - [24/Jul/2013:10:25:40 +0200] "GET /images/pcmpc1.gif HTTP/1.1" 200 1155 "http://www.ksbb.de/" "Mozilla/5.0 (compatible; MSIE 10.0; Windows NT 6.1; WOW64; Trident/6.0; NP06)"
178.4.253.39 - - [24/Jul/2013:10:25:40 +0200] "GET /images/phnvmtt2.gif HTTP/1.1" 200 1637 "http://www.ksbb.de/" "Mozilla/5.0 (compatible; MSIE 10.0; Windows NT 6.1; WOW64; Trident/6.0; NP06)"
178.4.253.39 - - [24/Jul/2013:10:25:40 +0200] "GET /images/phnvmtt3.gif HTTP/1.1" 200 2611 "http://www.ksbb.de/" "Mozilla/5.0 (compatible; MSIE 10.0; Windows NT 6.1; WOW64; Trident/6.0; NP06)"
178.4.253.39 - - [24/Jul/2013:10:25:40 +0200] "GET /images/pcmphc1.gif HTTP/1.1" 200 2164 "http://www.ksbb.de/" "Mozilla/5.0 (compatible; MSIE 10.0; Windows NT 6.1; WOW64; Trident/6.0; NP06)"
178.4.253.39 - - [24/Jul/2013:10:25:40 +0200] "GET /images/phnvmtt4.gif HTTP/1.1" 200 2685 "http://www.ksbb.de/" "Mozilla/5.0 (compatible; MSIE 10.0; Windows NT 6.1; WOW64; Trident/6.0; NP06)"
178.4.253.39 - - [24/Jul/2013:10:25:40 +0200] "GET /images/pcmpc2.gif HTTP/1.1" 200 1240 "http://www.ksbb.de/" "Mozilla/5.0 (compatible; MSIE 10.0; Windows NT 6.1; WOW64; Trident/6.0; NP06)"
178.4.253.39 - - [24/Jul/2013:10:25:40 +0200] "GET /images/phnvmtt5.gif HTTP/1.1" 200 2563 "http://www.ksbb.de/" "Mozilla/5.0 (compatible; MSIE 10.0; Windows NT 6.1; WOW64; Trident/6.0; NP06)"
178.4.253.39 - - [24/Jul/2013:10:25:40 +0200] "GET /images/phnvmtt6.gif HTTP/1.1" 200 1637 "http://www.ksbb.de/" "Mozilla/5.0 (compatible; MSIE 10.0; Windows NT 6.1; WOW64; Trident/6.0; NP06)"
178.4.253.39 - - [24/Jul/2013:10:25:40 +0200] "GET /images/pcmphc2.gif HTTP/1.1" 200 2299 "http://www.ksbb.de/" "Mozilla/5.0 (compatible; MSIE 10.0; Windows NT 6.1; WOW64; Trident/6.0; NP06)"
178.4.253.39 - - [24/Jul/2013:10:25:40 +0200] "GET /images/phnvmtt7.gif HTTP/1.1" 200 2552 "http://www.ksbb.de/" "Mozilla/5.0 (compatible; MSIE 10.0; Windows NT 6.1; WOW64; Trident/6.0; NP06)"
178.4.253.39 - - [24/Jul/2013:10:25:40 +0200] "GET /images/phnvmtht1.gif HTTP/1.1" 200 2613 "http://www.ksbb.de/" "Mozilla/5.0 (compatible; MSIE 10.0; Windows NT 6.1; WOW64; Trident/6.0; NP06)"
178.4.253.39 - - [24/Jul/2013:10:25:40 +0200] "GET /images/pbx.gif HTTP/1.1" 200 99 "http://www.ksbb.de/" "Mozilla/5.0 (compatible; MSIE 10.0; Windows NT 6.1; WOW64; Trident/6.0; NP06)"
178.4.253.39 - - [24/Jul/2013:10:25:40 +0200] "GET /images/plnkn.gif HTTP/1.1" 200 95 "http://www.ksbb.de/" "Mozilla/5.0 (compatible; MSIE 10.0; Windows NT 6.1; WOW64; Trident/6.0; NP06)"
178.4.253.39 - - [24/Jul/2013:10:25:40 +0200] "GET /images/phnvmtht2.gif HTTP/1.1" 200 1696 "http://www.ksbb.de/" "Mozilla/5.0 (compatible; MSIE 10.0; Windows NT 6.1; WOW64; Trident/6.0; NP06)"
178.4.253.39 - - [24/Jul/2013:10:25:40 +0200] "GET /images/mev23003_72.jpg HTTP/1.1" 200 2106 "http://www.ksbb.de/" "Mozilla/5.0 (compatible; MSIE 10.0; Windows NT 6.1; WOW64; Trident/6.0; NP06)"
178.4.253.39 - - [24/Jul/2013:10:25:40 +0200] "GET /images/phnvmtht3.gif HTTP/1.1" 200 2679 "http://www.ksbb.de/" "Mozilla/5.0 (compatible; MSIE 10.0; Windows NT 6.1; WOW64; Trident/6.0; NP06)"
178.4.253.39 - - [24/Jul/2013:10:25:40 +0200] "GET /images/mev14046_72.jpg HTTP/1.1" 200 1662 "http://www.ksbb.de/" "Mozilla/5.0 (compatible; MSIE 10.0; Windows NT 6.1; WOW64; Trident/6.0; NP06)"
178.4.253.39 - - [24/Jul/2013:10:25:40 +0200] "GET /images/phnvmtht4.gif HTTP/1.1" 200 2627 "http://www.ksbb.de/" "Mozilla/5.0 (compatible; MSIE 10.0; Windows NT 6.1; WOW64; Trident/6.0; NP06)"
178.4.253.39 - - [24/Jul/2013:10:25:40 +0200] "GET /images/55275_72.jpg HTTP/1.1" 200 2381 "http://www.ksbb.de/" "Mozilla/5.0 (compatible; MSIE 10.0; Windows NT 6.1; WOW64; Trident/6.0; NP06)"
178.4.253.39 - - [24/Jul/2013:10:25:40 +0200] "GET /images/plmc.gif HTTP/1.1" 200 166 "http://www.ksbb.de/" "Mozilla/5.0 (compatible; MSIE 10.0; Windows NT 6.1; WOW64; Trident/6.0; NP06)"
178.4.253.39 - - [24/Jul/2013:10:25:40 +0200] "GET /images/phnvmtht5.gif HTTP/1.1" 200 2500 "http://www.ksbb.de/" "Mozilla/5.0 (compatible; MSIE 10.0; Windows NT 6.1; WOW64; Trident/6.0; NP06)"
178.4.253.39 - - [24/Jul/2013:10:25:40 +0200] "GET /images/plbt.gif HTTP/1.1" 200 161 "http://www.ksbb.de/" "Mozilla/5.0 (compatible; MSIE 10.0; Windows NT 6.1; WOW64; Trident/6.0; NP06)"
178.4.253.39 - - [24/Jul/2013:10:25:40 +0200] "GET /images/phnvmtht6.gif HTTP/1.1" 200 1696 "http://www.ksbb.de/" "Mozilla/5.0 (compatible; MSIE 10.0; Windows NT 6.1; WOW64; Trident/6.0; NP06)"
178.4.253.39 - - [24/Jul/2013:10:25:40 +0200] "GET /images/ksbb1_sbp.jpg HTTP/1.1" 200 3871 "http://www.ksbb.de/" "Mozilla/5.0 (compatible; MSIE 10.0; Windows NT 6.1; WOW64; Trident/6.0; NP06)"
