157.55.35.46 - - [01/Dec/2012:00:03:55 +0100] "GET /robots.txt HTTP/1.1" 404 - "-" "Mozilla/5.0 (compatible; bingbot/2.0; +http://www.bing.com/bingbot.htm)"
157.55.35.46 - - [01/Dec/2012:00:09:27 +0100] "GET / HTTP/1.1" 200 24292 "-" "Mozilla/5.0 (compatible; bingbot/2.0; +http://www.bing.com/bingbot.htm)"
37.140.141.34 - - [01/Dec/2012:00:17:11 +0100] "GET /images/route02.gif HTTP/1.1" 200 47743 "-" "Mozilla/5.0 (compatible; YandexImages/3.0; +http://yandex.com/bots)"
66.249.73.176 - - [01/Dec/2012:00:19:23 +0100] "GET /000001985b0e5e29a/000001985f0d1bf04/index.php HTTP/1.1" 200 17309 "-" "Mozilla/5.0 (compatible; Googlebot/2.1; +http://www.google.com/bot.html)"
157.55.35.46 - - [01/Dec/2012:00:29:27 +0100] "GET /000001985b0d93482/000001985b0da2285/index.php HTTP/1.1" 200 16416 "-" "Mozilla/5.0 (compatible; bingbot/2.0; +http://www.bing.com/bingbot.htm)"
157.55.35.46 - - [01/Dec/2012:00:29:27 +0100] "GET / HTTP/1.1" 200 24292 "-" "Mozilla/5.0 (compatible; bingbot/2.0; +http://www.bing.com/bingbot.htm)"
65.55.52.111 - - [01/Dec/2012:00:32:52 +0100] "GET /index.php HTTP/1.1" 200 24292 "-" "Mozilla/5.0 (compatible; bingbot/2.0; +http://www.bing.com/bingbot.htm)"
37.140.141.34 - - [01/Dec/2012:00:35:04 +0100] "GET /images/mev22050.jpg HTTP/1.1" 200 75047 "-" "Mozilla/5.0 (compatible; YandexImages/3.0; +http://yandex.com/bots)"
81.30.151.218 - - [01/Dec/2012:00:37:20 +0100] "GET /robots.txt HTTP/1.1" 404 - "-" "Pixray-Seeker/2.0 (Pixray-Seeker; +http://www.pixray.com/pixraybot; +crawler@pixray.com)"
81.30.151.218 - - [01/Dec/2012:00:37:20 +0100] "GET /images/pl160.gif HTTP/1.1" 200 70 "-" "Pixray-Seeker/2.0 (Pixray-Seeker; +http://www.pixray.com/pixraybot; +crawler@pixray.com)"
66.249.73.176 - - [01/Dec/2012:00:43:24 +0100] "GET /000001985b0d93482/00000198660ae2e07/index.php HTTP/1.1" 200 17572 "-" "Mozilla/5.0 (compatible; Googlebot/2.1; +http://www.google.com/bot.html)"
37.140.141.34 - - [01/Dec/2012:00:43:34 +0100] "GET /images/phnvmtt2.gif HTTP/1.1" 200 1637 "-" "Mozilla/5.0 (compatible; YandexImages/3.0; +http://yandex.com/bots)"
178.154.179.250 - - [01/Dec/2012:00:44:14 +0100] "GET /00000398730fcd910.php HTTP/1.1" 200 22421 "-" "Mozilla/5.0 (compatible; YandexBot/3.0; +http://yandex.com/bots)"
66.249.73.176 - - [01/Dec/2012:01:04:36 +0100] "GET /000001985b0d93482/000001985b0da2285/index.php HTTP/1.1" 200 16408 "-" "Mozilla/5.0 (compatible; Googlebot/2.1; +http://www.google.com/bot.html)"
157.55.33.111 - - [01/Dec/2012:01:05:22 +0100] "GET /00000198660a80203/index.php HTTP/1.1" 200 12651 "-" "Mozilla/5.0 (compatible; bingbot/2.0; +http://www.bing.com/bingbot.htm)"
37.140.141.34 - - [01/Dec/2012:01:07:57 +0100] "GET /images/mev14046.jpg HTTP/1.1" 200 70680 "-" "Mozilla/5.0 (compatible; YandexImages/3.0; +http://yandex.com/bots)"
66.249.73.176 - - [01/Dec/2012:01:34:37 +0100] "GET /00000198660c9d618/00000198660cdce24/index.php HTTP/1.1" 200 17962 "-" "Mozilla/5.0 (compatible; Googlebot/2.1; +http://www.google.com/bot.html)"
37.140.141.34 - - [01/Dec/2012:01:58:18 +0100] "GET /images/iso9001_sbp.jpg HTTP/1.1" 200 4462 "-" "Mozilla/5.0 (compatible; YandexImages/3.0; +http://yandex.com/bots)"
37.140.141.34 - - [01/Dec/2012:02:45:09 +0100] "GET /images/pnvtt4m2.gif HTTP/1.1" 200 2699 "-" "Mozilla/5.0 (compatible; YandexImages/3.0; +http://yandex.com/bots)"
178.154.179.250 - - [01/Dec/2012:02:50:02 +0100] "GET /000001985b0d93482/00000198660ae2e07/index.php HTTP/1.1" 200 17564 "-" "Mozilla/5.0 (compatible; YandexBot/3.0; +http://yandex.com/bots)"
65.55.52.113 - - [01/Dec/2012:02:54:01 +0100] "GET /robots.txt HTTP/1.1" 404 - "-" "Mozilla/5.0 (compatible; bingbot/2.0; +http://www.bing.com/bingbot.htm)"
65.55.52.113 - - [01/Dec/2012:02:57:54 +0100] "GET /000001985b0d93482/000001985b0fc8f0b/index.php HTTP/1.1" 200 15388 "-" "Mozilla/5.0 (compatible; bingbot/2.0; +http://www.bing.com/bingbot.htm)"
37.140.141.34 - - [01/Dec/2012:03:24:39 +0100] "GET /images/pnvtt2m5.gif HTTP/1.1" 200 2756 "-" "Mozilla/5.0 (compatible; YandexImages/3.0; +http://yandex.com/bots)"
178.154.179.250 - - [01/Dec/2012:03:43:12 +0100] "GET /000001985b0ce1e49/00000198610d6501c/00000198610d71d22.php HTTP/1.1" 200 14337 "-" "Mozilla/5.0 (compatible; YandexBot/3.0; +http://yandex.com/bots)"
37.140.141.34 - - [01/Dec/2012:03:51:35 +0100] "GET /images/psd.gif HTTP/1.1" 200 111 "-" "Mozilla/5.0 (compatible; YandexImages/3.0; +http://yandex.com/bots)"
37.140.141.34 - - [01/Dec/2012:03:58:48 +0100] "GET /images/pmtm3.gif HTTP/1.1" 200 2032 "-" "Mozilla/5.0 (compatible; YandexImages/3.0; +http://yandex.com/bots)"
37.140.141.34 - - [01/Dec/2012:04:12:03 +0100] "GET /images/pmtm6.gif HTTP/1.1" 200 628 "-" "Mozilla/5.0 (compatible; YandexImages/3.0; +http://yandex.com/bots)"
123.125.71.39 - - [01/Dec/2012:04:20:25 +0100] "GET / HTTP/1.1" 200 24056 "-" "Mozilla/5.0 (compatible; Baiduspider/2.0; +http://www.baidu.com/search/spider.html)"
220.181.108.87 - - [01/Dec/2012:04:20:26 +0100] "GET / HTTP/1.1" 200 17356 "-" "Mozilla/5.0 (compatible; Baiduspider/2.0; +http://www.baidu.com/search/spider.html)"
178.154.179.250 - - [01/Dec/2012:04:29:53 +0100] "GET /00000198660b9a703/00000198660bb6a0a/index.php HTTP/1.1" 200 16353 "-" "Mozilla/5.0 (compatible; YandexBot/3.0; +http://yandex.com/bots)"
37.140.141.34 - - [01/Dec/2012:04:39:32 +0100] "GET /images/pnvtt1m2.gif HTTP/1.1" 200 2551 "-" "Mozilla/5.0 (compatible; YandexImages/3.0; +http://yandex.com/bots)"
37.140.141.34 - - [01/Dec/2012:05:07:56 +0100] "GET /images/pmr.gif HTTP/1.1" 200 115 "-" "Mozilla/5.0 (compatible; YandexImages/3.0; +http://yandex.com/bots)"
178.154.179.250 - - [01/Dec/2012:05:08:33 +0100] "GET /00000198660c9d618/00000198660cdce24/index.php HTTP/1.1" 200 17962 "-" "Mozilla/5.0 (compatible; YandexBot/3.0; +http://yandex.com/bots)"
37.140.141.34 - - [01/Dec/2012:05:34:42 +0100] "GET /images/phnvmtt1.gif HTTP/1.1" 200 2551 "-" "Mozilla/5.0 (compatible; YandexImages/3.0; +http://yandex.com/bots)"
37.140.141.34 - - [01/Dec/2012:06:02:39 +0100] "GET /images/ss04093.jpg HTTP/1.1" 200 160123 "-" "Mozilla/5.0 (compatible; YandexImages/3.0; +http://yandex.com/bots)"
178.154.179.250 - - [01/Dec/2012:06:15:01 +0100] "GET /000001985b0e5e29a/index.php HTTP/1.1" 200 16906 "-" "Mozilla/5.0 (compatible; YandexBot/3.0; +http://yandex.com/bots)"
220.181.108.103 - - [01/Dec/2012:06:20:16 +0100] "GET / HTTP/1.1" 200 15277 "-" "Mozilla/5.0 (compatible; Baiduspider/2.0; +http://www.baidu.com/search/spider.html)"
123.125.71.31 - - [01/Dec/2012:06:20:15 +0100] "GET / HTTP/1.1" 200 24056 "-" "Mozilla/5.0 (compatible; Baiduspider/2.0; +http://www.baidu.com/search/spider.html)"
37.140.141.34 - - [01/Dec/2012:06:30:32 +0100] "GET /images/pmtm2.gif HTTP/1.1" 200 628 "-" "Mozilla/5.0 (compatible; YandexImages/3.0; +http://yandex.com/bots)"
81.144.138.34 - - [01/Dec/2012:06:39:42 +0100] "GET /robots.txt HTTP/1.1" 404 - "-" "Wotbox/2.01 (+http://www.wotbox.com/bot/)"
81.144.138.34 - - [01/Dec/2012:06:39:57 +0100] "GET / HTTP/1.1" 200 24284 "-" "Wotbox/2.01 (+http://www.wotbox.com/bot/)"
81.144.138.34 - - [01/Dec/2012:06:40:06 +0100] "GET /index.php HTTP/1.1" 200 24284 "-" "Wotbox/2.01 (+http://www.wotbox.com/bot/)"
81.144.138.34 - - [01/Dec/2012:06:40:16 +0100] "GET /000001985b0d93482/index.php HTTP/1.1" 200 15590 "-" "Wotbox/2.01 (+http://www.wotbox.com/bot/)"
81.144.138.34 - - [01/Dec/2012:06:40:25 +0100] "GET /000001985b0e5e29a/index.php HTTP/1.1" 200 16906 "-" "Wotbox/2.01 (+http://www.wotbox.com/bot/)"
81.144.138.34 - - [01/Dec/2012:06:40:35 +0100] "GET /00000198660a80203/index.php HTTP/1.1" 200 12651 "-" "Wotbox/2.01 (+http://www.wotbox.com/bot/)"
81.144.138.34 - - [01/Dec/2012:06:40:45 +0100] "GET /00000198660b9a703/index.php HTTP/1.1" 200 19288 "-" "Wotbox/2.01 (+http://www.wotbox.com/bot/)"
81.144.138.34 - - [01/Dec/2012:06:40:56 +0100] "GET /00000198660c9d618/index.php HTTP/1.1" 200 15359 "-" "Wotbox/2.01 (+http://www.wotbox.com/bot/)"
81.144.138.34 - - [01/Dec/2012:06:41:04 +0100] "GET /000001985b0ce1e49/index.php HTTP/1.1" 200 14912 "-" "Wotbox/2.01 (+http://www.wotbox.com/bot/)"
81.144.138.34 - - [01/Dec/2012:06:41:14 +0100] "GET /031d669bf5054cf01/index.php HTTP/1.1" 200 13914 "-" "Wotbox/2.01 (+http://www.wotbox.com/bot/)"
81.144.138.34 - - [01/Dec/2012:06:41:26 +0100] "GET /000001985b0d93482/000001985b0da2285/index.php HTTP/1.1" 200 16408 "-" "Wotbox/2.01 (+http://www.wotbox.com/bot/)"
81.144.138.34 - - [01/Dec/2012:06:41:37 +0100] "GET /000001985b0d93482/00000198660ae2e07/index.php HTTP/1.1" 200 17564 "-" "Wotbox/2.01 (+http://www.wotbox.com/bot/)"
81.144.138.34 - - [01/Dec/2012:06:41:47 +0100] "GET /000001985b0d93482/000001985b0fc8f0b/index.php HTTP/1.1" 200 15388 "-" "Wotbox/2.01 (+http://www.wotbox.com/bot/)"
81.144.138.34 - - [01/Dec/2012:06:41:55 +0100] "GET /000001985b0d93482/000001985c0868401/index.php HTTP/1.1" 200 20292 "-" "Wotbox/2.01 (+http://www.wotbox.com/bot/)"
81.144.138.34 - - [01/Dec/2012:06:42:05 +0100] "GET /000001985b0e5e29a/000001985e0778004/index.php HTTP/1.1" 200 17366 "-" "Wotbox/2.01 (+http://www.wotbox.com/bot/)"
81.144.138.34 - - [01/Dec/2012:06:42:16 +0100] "GET /000001985b0e5e29a/000001985f0d1bf04/index.php HTTP/1.1" 200 17301 "-" "Wotbox/2.01 (+http://www.wotbox.com/bot/)"
81.144.138.34 - - [01/Dec/2012:06:42:26 +0100] "GET /000001985b0e5e29a/000001985f0d7940e/index.php HTTP/1.1" 200 17532 "-" "Wotbox/2.01 (+http://www.wotbox.com/bot/)"
81.144.138.34 - - [01/Dec/2012:06:42:34 +0100] "GET /000001985b0e5e29a/000001985f0d8f113/index.php HTTP/1.1" 200 20340 "-" "Wotbox/2.01 (+http://www.wotbox.com/bot/)"
81.144.138.34 - - [01/Dec/2012:06:42:45 +0100] "GET /00000198660b9a703/00000198660bb6a0a/index.php HTTP/1.1" 200 16353 "-" "Wotbox/2.01 (+http://www.wotbox.com/bot/)"
81.144.138.34 - - [01/Dec/2012:06:42:55 +0100] "GET /00000198660c9d618/00000198610cada01/index.php HTTP/1.1" 200 18163 "-" "Wotbox/2.01 (+http://www.wotbox.com/bot/)"
81.144.138.34 - - [01/Dec/2012:06:43:06 +0100] "GET /00000198660c9d618/00000198660cdce24/index.php HTTP/1.1" 200 17962 "-" "Wotbox/2.01 (+http://www.wotbox.com/bot/)"
81.144.138.34 - - [01/Dec/2012:06:43:18 +0100] "GET /000001985b0ce1e49/00000198610d6501c/index.php HTTP/1.1" 200 15944 "-" "Wotbox/2.01 (+http://www.wotbox.com/bot/)"
81.144.138.34 - - [01/Dec/2012:06:43:31 +0100] "GET /000001985b0ce1e49/00000198610d8af28/index.php HTTP/1.1" 200 15780 "-" "Wotbox/2.01 (+http://www.wotbox.com/bot/)"
81.144.138.34 - - [01/Dec/2012:06:43:39 +0100] "GET /00000398730fcd910.php HTTP/1.1" 200 22413 "-" "Wotbox/2.01 (+http://www.wotbox.com/bot/)"
81.144.138.34 - - [01/Dec/2012:06:43:51 +0100] "GET /00000398730fce012.php HTTP/1.1" 200 22670 "-" "Wotbox/2.01 (+http://www.wotbox.com/bot/)"
81.144.138.34 - - [01/Dec/2012:06:43:58 +0100] "GET /000001985b0d93482/00000198660ae2e07/00000198660b24011/index.php HTTP/1.1" 200 20685 "-" "Wotbox/2.01 (+http://www.wotbox.com/bot/)"
81.144.138.34 - - [01/Dec/2012:06:44:11 +0100] "GET /000001985b0e5e29a/000001985f0d1bf04/000001985f0d57c08/index.php HTTP/1.1" 200 17857 "-" "Wotbox/2.01 (+http://www.wotbox.com/bot/)"
81.144.138.34 - - [01/Dec/2012:06:44:19 +0100] "GET /00000198660b9a703/00000198660bb6a0a/00000198660bc480f.php HTTP/1.1" 200 17091 "-" "Wotbox/2.01 (+http://www.wotbox.com/bot/)"
81.144.138.34 - - [01/Dec/2012:06:44:32 +0100] "GET /00000198660c9d618/00000198610cada01/00000198660cb3c1b.php HTTP/1.1" 200 15909 "-" "Wotbox/2.01 (+http://www.wotbox.com/bot/)"
81.144.138.34 - - [01/Dec/2012:06:44:39 +0100] "GET /00000198660c9d618/00000198610cada01/00000198610cb4105.php HTTP/1.1" 200 15910 "-" "Wotbox/2.01 (+http://www.wotbox.com/bot/)"
81.144.138.34 - - [01/Dec/2012:06:44:47 +0100] "GET /00000198660c9d618/00000198610cada01/00000198660cbdd1e.php HTTP/1.1" 200 15926 "-" "Wotbox/2.01 (+http://www.wotbox.com/bot/)"
81.144.138.34 - - [01/Dec/2012:06:44:58 +0100] "GET /00000198660c9d618/00000198610cada01/00000198660cc5621.php HTTP/1.1" 200 15933 "-" "Wotbox/2.01 (+http://www.wotbox.com/bot/)"
81.144.138.34 - - [01/Dec/2012:06:45:05 +0100] "GET /00000198660c9d618/00000198610cada01/00000198610cbe908.php HTTP/1.1" 200 16002 "-" "Wotbox/2.01 (+http://www.wotbox.com/bot/)"
81.144.138.34 - - [01/Dec/2012:06:45:15 +0100] "GET /00000198660c9d618/00000198610cada01/00000198610ccef0b.php HTTP/1.1" 200 15788 "-" "Wotbox/2.01 (+http://www.wotbox.com/bot/)"
37.140.141.34 - - [01/Dec/2012:06:54:11 +0100] "GET /images/pnvtst1m6.gif HTTP/1.1" 200 2712 "-" "Mozilla/5.0 (compatible; YandexImages/3.0; +http://yandex.com/bots)"
178.154.179.250 - - [01/Dec/2012:06:57:52 +0100] "GET /031d669bf5054cf01/index.php HTTP/1.1" 200 13914 "-" "Mozilla/5.0 (compatible; YandexBot/3.0; +http://yandex.com/bots)"
37.140.141.34 - - [01/Dec/2012:07:26:55 +0100] "GET /images/pmtm7.gif HTTP/1.1" 200 1174 "-" "Mozilla/5.0 (compatible; YandexImages/3.0; +http://yandex.com/bots)"
37.140.141.34 - - [01/Dec/2012:07:59:09 +0100] "GET /images/55275_72.jpg HTTP/1.1" 200 2381 "-" "Mozilla/5.0 (compatible; YandexImages/3.0; +http://yandex.com/bots)"
178.154.179.250 - - [01/Dec/2012:08:24:56 +0100] "GET /000001985b0e5e29a/000001985f0d8f113/index.php HTTP/1.1" 200 20340 "-" "Mozilla/5.0 (compatible; YandexBot/3.0; +http://yandex.com/bots)"
37.140.141.34 - - [01/Dec/2012:08:29:16 +0100] "GET /images/pmtsm4.gif HTTP/1.1" 200 2502 "-" "Mozilla/5.0 (compatible; YandexImages/3.0; +http://yandex.com/bots)"
37.140.141.34 - - [01/Dec/2012:09:04:46 +0100] "GET /images/pcp.gif HTTP/1.1" 200 43 "-" "Mozilla/5.0 (compatible; YandexImages/3.0; +http://yandex.com/bots)"
37.140.141.34 - - [01/Dec/2012:09:48:06 +0100] "GET /images/mev23003_72.jpg HTTP/1.1" 200 2106 "-" "Mozilla/5.0 (compatible; YandexImages/3.0; +http://yandex.com/bots)"
178.154.179.250 - - [01/Dec/2012:10:01:30 +0100] "GET /000001985b0d93482/000001985b0da2285/index.php HTTP/1.1" 200 16408 "-" "Mozilla/5.0 (compatible; YandexBot/3.0; +http://yandex.com/bots)"
66.249.74.72 - - [01/Dec/2012:10:04:52 +0100] "GET /robots.txt HTTP/1.1" 404 - "-" "Mozilla/5.0 (compatible; Googlebot/2.1; +http://www.google.com/bot.html)"
66.249.74.72 - - [01/Dec/2012:10:04:52 +0100] "GET /images/pnvtht3m2.gif HTTP/1.1" 304 - "-" "Googlebot-Image/1.0"
37.140.141.34 - - [01/Dec/2012:10:16:25 +0100] "GET /images/pnvtst4m1.gif HTTP/1.1" 200 2465 "-" "Mozilla/5.0 (compatible; YandexImages/3.0; +http://yandex.com/bots)"
178.154.179.250 - - [01/Dec/2012:10:38:12 +0100] "GET /000001985b0e5e29a/000001985f0d7940e/index.php HTTP/1.1" 200 17532 "-" "Mozilla/5.0 (compatible; YandexBot/3.0; +http://yandex.com/bots)"
37.140.141.34 - - [01/Dec/2012:11:09:29 +0100] "GET /images/plnkn.gif HTTP/1.1" 200 95 "-" "Mozilla/5.0 (compatible; YandexImages/3.0; +http://yandex.com/bots)"
178.154.179.250 - - [01/Dec/2012:11:19:48 +0100] "GET /000001985b0d93482/000001985c0868401/index.php HTTP/1.1" 200 20292 "-" "Mozilla/5.0 (compatible; YandexBot/3.0; +http://yandex.com/bots)"
37.140.141.34 - - [01/Dec/2012:11:32:11 +0100] "GET /images/mev09037_158.jpg HTTP/1.1" 200 4414 "-" "Mozilla/5.0 (compatible; YandexImages/3.0; +http://yandex.com/bots)"
66.249.74.72 - - [01/Dec/2012:11:37:50 +0100] "GET /images/pmtsm2.gif HTTP/1.1" 304 - "-" "Googlebot-Image/1.0"
178.154.179.250 - - [01/Dec/2012:11:41:48 +0100] "GET /000001985b0e5e29a/000001985e0778004/index.php HTTP/1.1" 200 17366 "-" "Mozilla/5.0 (compatible; YandexBot/3.0; +http://yandex.com/bots)"
37.140.141.34 - - [01/Dec/2012:12:12:55 +0100] "GET /images/pnvtst1m4.gif HTTP/1.1" 200 2515 "-" "Mozilla/5.0 (compatible; YandexImages/3.0; +http://yandex.com/bots)"
178.154.179.250 - - [01/Dec/2012:12:13:58 +0100] "GET /000001985b0d93482/index.php HTTP/1.1" 200 15590 "-" "Mozilla/5.0 (compatible; YandexBot/3.0; +http://yandex.com/bots)"
157.55.35.46 - - [01/Dec/2012:12:25:56 +0100] "GET /robots.txt HTTP/1.1" 404 - "-" "Mozilla/5.0 (compatible; bingbot/2.0; +http://www.bing.com/bingbot.htm)"
157.55.35.46 - - [01/Dec/2012:12:29:22 +0100] "GET / HTTP/1.1" 200 24284 "-" "Mozilla/5.0 (compatible; bingbot/2.0; +http://www.bing.com/bingbot.htm)"
79.233.204.193 - - [01/Dec/2012:12:31:57 +0100] "GET / HTTP/1.1" 200 24284 "http://www.google.de/url?sa=t&rct=j&q=ksbb&source=web&cd=11&ved=0CDEQFjAAOAo&url=http%3A%2F%2Fwww.ksbb.de%2F&ei=COq5UNjhHsXnswbb5YEg&usg=AFQjCNE3NmuXLiRWyjbCsOVXKCzG0txRnA" "Mozilla/5.0 (iPad; CPU OS 5_1_1 like Mac OS X) AppleWebKit/534.46 (KHTML, like Gecko) Version/5.1 Mobile/9B206 Safari/7534.48.3"
79.233.204.193 - - [01/Dec/2012:12:31:57 +0100] "GET /assets/s.css HTTP/1.1" 200 3386 "http://www.ksbb.de/" "Mozilla/5.0 (iPad; CPU OS 5_1_1 like Mac OS X) AppleWebKit/534.46 (KHTML, like Gecko) Version/5.1 Mobile/9B206 Safari/7534.48.3"
79.233.204.193 - - [01/Dec/2012:12:31:57 +0100] "GET /assets/ssb.css HTTP/1.1" 200 657 "http://www.ksbb.de/" "Mozilla/5.0 (iPad; CPU OS 5_1_1 like Mac OS X) AppleWebKit/534.46 (KHTML, like Gecko) Version/5.1 Mobile/9B206 Safari/7534.48.3"
79.233.204.193 - - [01/Dec/2012:12:31:57 +0100] "GET /images/pcp.gif HTTP/1.1" 200 43 "http://www.ksbb.de/" "Mozilla/5.0 (iPad; CPU OS 5_1_1 like Mac OS X) AppleWebKit/534.46 (KHTML, like Gecko) Version/5.1 Mobile/9B206 Safari/7534.48.3"
79.233.204.193 - - [01/Dec/2012:12:31:57 +0100] "GET /images/pltp.gif HTTP/1.1" 200 160 "http://www.ksbb.de/" "Mozilla/5.0 (iPad; CPU OS 5_1_1 like Mac OS X) AppleWebKit/534.46 (KHTML, like Gecko) Version/5.1 Mobile/9B206 Safari/7534.48.3"
79.233.204.193 - - [01/Dec/2012:12:31:57 +0100] "GET /images/phomesm0.gif HTTP/1.1" 200 2239 "http://www.ksbb.de/" "Mozilla/5.0 (iPad; CPU OS 5_1_1 like Mac OS X) AppleWebKit/534.46 (KHTML, like Gecko) Version/5.1 Mobile/9B206 Safari/7534.48.3"
79.233.204.193 - - [01/Dec/2012:12:31:57 +0100] "GET /images/pmtm3.gif HTTP/1.1" 200 2032 "http://www.ksbb.de/" "Mozilla/5.0 (iPad; CPU OS 5_1_1 like Mac OS X) AppleWebKit/534.46 (KHTML, like Gecko) Version/5.1 Mobile/9B206 Safari/7534.48.3"
79.233.204.193 - - [01/Dec/2012:12:31:57 +0100] "GET /images/pmtm4.gif HTTP/1.1" 200 2316 "http://www.ksbb.de/" "Mozilla/5.0 (iPad; CPU OS 5_1_1 like Mac OS X) AppleWebKit/534.46 (KHTML, like Gecko) Version/5.1 Mobile/9B206 Safari/7534.48.3"
79.233.204.193 - - [01/Dec/2012:12:31:57 +0100] "GET /images/pmtm5.gif HTTP/1.1" 200 2185 "http://www.ksbb.de/" "Mozilla/5.0 (iPad; CPU OS 5_1_1 like Mac OS X) AppleWebKit/534.46 (KHTML, like Gecko) Version/5.1 Mobile/9B206 Safari/7534.48.3"
79.233.204.193 - - [01/Dec/2012:12:31:57 +0100] "GET /images/pmtm6.gif HTTP/1.1" 200 628 "http://www.ksbb.de/" "Mozilla/5.0 (iPad; CPU OS 5_1_1 like Mac OS X) AppleWebKit/534.46 (KHTML, like Gecko) Version/5.1 Mobile/9B206 Safari/7534.48.3"
79.233.204.193 - - [01/Dec/2012:12:31:57 +0100] "GET /images/pmtm7.gif HTTP/1.1" 200 1174 "http://www.ksbb.de/" "Mozilla/5.0 (iPad; CPU OS 5_1_1 like Mac OS X) AppleWebKit/534.46 (KHTML, like Gecko) Version/5.1 Mobile/9B206 Safari/7534.48.3"
79.233.204.193 - - [01/Dec/2012:12:31:57 +0100] "GET /images/plma.gif HTTP/1.1" 200 164 "http://www.ksbb.de/" "Mozilla/5.0 (iPad; CPU OS 5_1_1 like Mac OS X) AppleWebKit/534.46 (KHTML, like Gecko) Version/5.1 Mobile/9B206 Safari/7534.48.3"
79.233.204.193 - - [01/Dec/2012:12:31:57 +0100] "GET /images/plogo.gif HTTP/1.1" 200 18153 "http://www.ksbb.de/" "Mozilla/5.0 (iPad; CPU OS 5_1_1 like Mac OS X) AppleWebKit/534.46 (KHTML, like Gecko) Version/5.1 Mobile/9B206 Safari/7534.48.3"
79.233.204.193 - - [01/Dec/2012:12:31:57 +0100] "GET /images/plmb.gif HTTP/1.1" 200 166 "http://www.ksbb.de/" "Mozilla/5.0 (iPad; CPU OS 5_1_1 like Mac OS X) AppleWebKit/534.46 (KHTML, like Gecko) Version/5.1 Mobile/9B206 Safari/7534.48.3"
79.233.204.193 - - [01/Dec/2012:12:31:57 +0100] "GET /images/pl160.gif HTTP/1.1" 200 70 "http://www.ksbb.de/" "Mozilla/5.0 (iPad; CPU OS 5_1_1 like Mac OS X) AppleWebKit/534.46 (KHTML, like Gecko) Version/5.1 Mobile/9B206 Safari/7534.48.3"
79.233.204.193 - - [01/Dec/2012:12:31:58 +0100] "GET /images/plms.gif HTTP/1.1" 200 68 "http://www.ksbb.de/" "Mozilla/5.0 (iPad; CPU OS 5_1_1 like Mac OS X) AppleWebKit/534.46 (KHTML, like Gecko) Version/5.1 Mobile/9B206 Safari/7534.48.3"
79.233.204.193 - - [01/Dec/2012:12:31:58 +0100] "GET /images/phnvmtt1.gif HTTP/1.1" 200 2551 "http://www.ksbb.de/" "Mozilla/5.0 (iPad; CPU OS 5_1_1 like Mac OS X) AppleWebKit/534.46 (KHTML, like Gecko) Version/5.1 Mobile/9B206 Safari/7534.48.3"
79.233.204.193 - - [01/Dec/2012:12:31:58 +0100] "GET /images/pd.gif HTTP/1.1" 200 111 "http://www.ksbb.de/" "Mozilla/5.0 (iPad; CPU OS 5_1_1 like Mac OS X) AppleWebKit/534.46 (KHTML, like Gecko) Version/5.1 Mobile/9B206 Safari/7534.48.3"
79.233.204.193 - - [01/Dec/2012:12:31:58 +0100] "GET /images/pmtm2.gif HTTP/1.1" 200 628 "http://www.ksbb.de/" "Mozilla/5.0 (iPad; CPU OS 5_1_1 like Mac OS X) AppleWebKit/534.46 (KHTML, like Gecko) Version/5.1 Mobile/9B206 Safari/7534.48.3"
79.233.204.193 - - [01/Dec/2012:12:31:58 +0100] "GET /images/phnvmtt2.gif HTTP/1.1" 200 1637 "http://www.ksbb.de/" "Mozilla/5.0 (iPad; CPU OS 5_1_1 like Mac OS X) AppleWebKit/534.46 (KHTML, like Gecko) Version/5.1 Mobile/9B206 Safari/7534.48.3"
79.233.204.193 - - [01/Dec/2012:12:31:58 +0100] "GET /images/pmtm1.gif HTTP/1.1" 200 1155 "http://www.ksbb.de/" "Mozilla/5.0 (iPad; CPU OS 5_1_1 like Mac OS X) AppleWebKit/534.46 (KHTML, like Gecko) Version/5.1 Mobile/9B206 Safari/7534.48.3"
79.233.204.193 - - [01/Dec/2012:12:31:58 +0100] "GET /images/phnvmtt3.gif HTTP/1.1" 200 2611 "http://www.ksbb.de/" "Mozilla/5.0 (iPad; CPU OS 5_1_1 like Mac OS X) AppleWebKit/534.46 (KHTML, like Gecko) Version/5.1 Mobile/9B206 Safari/7534.48.3"
79.233.204.193 - - [01/Dec/2012:12:31:58 +0100] "GET /images/phnvmtt4.gif HTTP/1.1" 200 2685 "http://www.ksbb.de/" "Mozilla/5.0 (iPad; CPU OS 5_1_1 like Mac OS X) AppleWebKit/534.46 (KHTML, like Gecko) Version/5.1 Mobile/9B206 Safari/7534.48.3"
79.233.204.193 - - [01/Dec/2012:12:31:58 +0100] "GET /images/phnvmtt5.gif HTTP/1.1" 200 2563 "http://www.ksbb.de/" "Mozilla/5.0 (iPad; CPU OS 5_1_1 like Mac OS X) AppleWebKit/534.46 (KHTML, like Gecko) Version/5.1 Mobile/9B206 Safari/7534.48.3"
79.233.204.193 - - [01/Dec/2012:12:31:58 +0100] "GET /images/phnvmtt6.gif HTTP/1.1" 200 1637 "http://www.ksbb.de/" "Mozilla/5.0 (iPad; CPU OS 5_1_1 like Mac OS X) AppleWebKit/534.46 (KHTML, like Gecko) Version/5.1 Mobile/9B206 Safari/7534.48.3"
79.233.204.193 - - [01/Dec/2012:12:31:58 +0100] "GET /images/phnvmtt7.gif HTTP/1.1" 200 2552 "http://www.ksbb.de/" "Mozilla/5.0 (iPad; CPU OS 5_1_1 like Mac OS X) AppleWebKit/534.46 (KHTML, like Gecko) Version/5.1 Mobile/9B206 Safari/7534.48.3"
79.233.204.193 - - [01/Dec/2012:12:31:58 +0100] "GET /images/plnkn.gif HTTP/1.1" 200 95 "http://www.ksbb.de/" "Mozilla/5.0 (iPad; CPU OS 5_1_1 like Mac OS X) AppleWebKit/534.46 (KHTML, like Gecko) Version/5.1 Mobile/9B206 Safari/7534.48.3"
79.233.204.193 - - [01/Dec/2012:12:31:58 +0100] "GET /images/mev23003_72.jpg HTTP/1.1" 200 2106 "http://www.ksbb.de/" "Mozilla/5.0 (iPad; CPU OS 5_1_1 like Mac OS X) AppleWebKit/534.46 (KHTML, like Gecko) Version/5.1 Mobile/9B206 Safari/7534.48.3"
79.233.204.193 - - [01/Dec/2012:12:31:58 +0100] "GET /images/pbx.gif HTTP/1.1" 200 99 "http://www.ksbb.de/" "Mozilla/5.0 (iPad; CPU OS 5_1_1 like Mac OS X) AppleWebKit/534.46 (KHTML, like Gecko) Version/5.1 Mobile/9B206 Safari/7534.48.3"
79.233.204.193 - - [01/Dec/2012:12:31:58 +0100] "GET /images/plmc.gif HTTP/1.1" 200 166 "http://www.ksbb.de/" "Mozilla/5.0 (iPad; CPU OS 5_1_1 like Mac OS X) AppleWebKit/534.46 (KHTML, like Gecko) Version/5.1 Mobile/9B206 Safari/7534.48.3"
79.233.204.193 - - [01/Dec/2012:12:31:58 +0100] "GET /images/mev14046_72.jpg HTTP/1.1" 200 1662 "http://www.ksbb.de/" "Mozilla/5.0 (iPad; CPU OS 5_1_1 like Mac OS X) AppleWebKit/534.46 (KHTML, like Gecko) Version/5.1 Mobile/9B206 Safari/7534.48.3"
79.233.204.193 - - [01/Dec/2012:12:31:58 +0100] "GET /images/55275_72.jpg HTTP/1.1" 200 2381 "http://www.ksbb.de/" "Mozilla/5.0 (iPad; CPU OS 5_1_1 like Mac OS X) AppleWebKit/534.46 (KHTML, like Gecko) Version/5.1 Mobile/9B206 Safari/7534.48.3"
79.233.204.193 - - [01/Dec/2012:12:31:58 +0100] "GET /images/pcmpc1.gif HTTP/1.1" 200 1155 "http://www.ksbb.de/" "Mozilla/5.0 (iPad; CPU OS 5_1_1 like Mac OS X) AppleWebKit/534.46 (KHTML, like Gecko) Version/5.1 Mobile/9B206 Safari/7534.48.3"
79.233.204.193 - - [01/Dec/2012:12:31:58 +0100] "GET /images/pcmpc2.gif HTTP/1.1" 200 1240 "http://www.ksbb.de/" "Mozilla/5.0 (iPad; CPU OS 5_1_1 like Mac OS X) AppleWebKit/534.46 (KHTML, like Gecko) Version/5.1 Mobile/9B206 Safari/7534.48.3"
79.233.204.193 - - [01/Dec/2012:12:31:58 +0100] "GET /images/plbt.gif HTTP/1.1" 200 161 "http://www.ksbb.de/" "Mozilla/5.0 (iPad; CPU OS 5_1_1 like Mac OS X) AppleWebKit/534.46 (KHTML, like Gecko) Version/5.1 Mobile/9B206 Safari/7534.48.3"
79.233.204.193 - - [01/Dec/2012:12:31:58 +0100] "GET /images/ksbb1_sbp.jpg HTTP/1.1" 200 3871 "http://www.ksbb.de/" "Mozilla/5.0 (iPad; CPU OS 5_1_1 like Mac OS X) AppleWebKit/534.46 (KHTML, like Gecko) Version/5.1 Mobile/9B206 Safari/7534.48.3"
79.233.204.193 - - [01/Dec/2012:12:31:58 +0100] "GET /images/iso9001_sbp.jpg HTTP/1.1" 200 4462 "http://www.ksbb.de/" "Mozilla/5.0 (iPad; CPU OS 5_1_1 like Mac OS X) AppleWebKit/534.46 (KHTML, like Gecko) Version/5.1 Mobile/9B206 Safari/7534.48.3"
79.233.204.193 - - [01/Dec/2012:12:31:58 +0100] "GET /images/ulslogosbp_sbp.jpg HTTP/1.1" 200 1896 "http://www.ksbb.de/" "Mozilla/5.0 (iPad; CPU OS 5_1_1 like Mac OS X) AppleWebKit/534.46 (KHTML, like Gecko) Version/5.1 Mobile/9B206 Safari/7534.48.3"
79.233.204.193 - - [01/Dec/2012:12:31:58 +0100] "GET /images/logoprofex_sbp.gif HTTP/1.1" 200 3524 "http://www.ksbb.de/" "Mozilla/5.0 (iPad; CPU OS 5_1_1 like Mac OS X) AppleWebKit/534.46 (KHTML, like Gecko) Version/5.1 Mobile/9B206 Safari/7534.48.3"
79.233.204.193 - - [01/Dec/2012:12:31:58 +0100] "GET /images/pcmphc1.gif HTTP/1.1" 200 2164 "http://www.ksbb.de/" "Mozilla/5.0 (iPad; CPU OS 5_1_1 like Mac OS X) AppleWebKit/534.46 (KHTML, like Gecko) Version/5.1 Mobile/9B206 Safari/7534.48.3"
79.233.204.193 - - [01/Dec/2012:12:31:58 +0100] "GET /images/pcmphc2.gif HTTP/1.1" 200 2299 "http://www.ksbb.de/" "Mozilla/5.0 (iPad; CPU OS 5_1_1 like Mac OS X) AppleWebKit/534.46 (KHTML, like Gecko) Version/5.1 Mobile/9B206 Safari/7534.48.3"
79.233.204.193 - - [01/Dec/2012:12:31:58 +0100] "GET /images/phnvmtht1.gif HTTP/1.1" 200 2613 "http://www.ksbb.de/" "Mozilla/5.0 (iPad; CPU OS 5_1_1 like Mac OS X) AppleWebKit/534.46 (KHTML, like Gecko) Version/5.1 Mobile/9B206 Safari/7534.48.3"
79.233.204.193 - - [01/Dec/2012:12:31:58 +0100] "GET /images/phnvmtht2.gif HTTP/1.1" 200 1696 "http://www.ksbb.de/" "Mozilla/5.0 (iPad; CPU OS 5_1_1 like Mac OS X) AppleWebKit/534.46 (KHTML, like Gecko) Version/5.1 Mobile/9B206 Safari/7534.48.3"
79.233.204.193 - - [01/Dec/2012:12:31:58 +0100] "GET /images/phnvmtht3.gif HTTP/1.1" 200 2679 "http://www.ksbb.de/" "Mozilla/5.0 (iPad; CPU OS 5_1_1 like Mac OS X) AppleWebKit/534.46 (KHTML, like Gecko) Version/5.1 Mobile/9B206 Safari/7534.48.3"
79.233.204.193 - - [01/Dec/2012:12:31:58 +0100] "GET /images/phnvmtht4.gif HTTP/1.1" 200 2627 "http://www.ksbb.de/" "Mozilla/5.0 (iPad; CPU OS 5_1_1 like Mac OS X) AppleWebKit/534.46 (KHTML, like Gecko) Version/5.1 Mobile/9B206 Safari/7534.48.3"
79.233.204.193 - - [01/Dec/2012:12:31:58 +0100] "GET /images/phnvmtht5.gif HTTP/1.1" 200 2500 "http://www.ksbb.de/" "Mozilla/5.0 (iPad; CPU OS 5_1_1 like Mac OS X) AppleWebKit/534.46 (KHTML, like Gecko) Version/5.1 Mobile/9B206 Safari/7534.48.3"
79.233.204.193 - - [01/Dec/2012:12:31:58 +0100] "GET /images/phnvmtht6.gif HTTP/1.1" 200 1696 "http://www.ksbb.de/" "Mozilla/5.0 (iPad; CPU OS 5_1_1 like Mac OS X) AppleWebKit/534.46 (KHTML, like Gecko) Version/5.1 Mobile/9B206 Safari/7534.48.3"
79.233.204.193 - - [01/Dec/2012:12:31:58 +0100] "GET /images/phnvmtht7.gif HTTP/1.1" 200 2615 "http://www.ksbb.de/" "Mozilla/5.0 (iPad; CPU OS 5_1_1 like Mac OS X) AppleWebKit/534.46 (KHTML, like Gecko) Version/5.1 Mobile/9B206 Safari/7534.48.3"
79.233.204.193 - - [01/Dec/2012:12:31:58 +0100] "GET /images/pmthm1.gif HTTP/1.1" 200 2169 "http://www.ksbb.de/" "Mozilla/5.0 (iPad; CPU OS 5_1_1 like Mac OS X) AppleWebKit/534.46 (KHTML, like Gecko) Version/5.1 Mobile/9B206 Safari/7534.48.3"
79.233.204.193 - - [01/Dec/2012:12:31:58 +0100] "GET /images/pmthm2.gif HTTP/1.1" 200 1209 "http://www.ksbb.de/" "Mozilla/5.0 (iPad; CPU OS 5_1_1 like Mac OS X) AppleWebKit/534.46 (KHTML, like Gecko) Version/5.1 Mobile/9B206 Safari/7534.48.3"
79.233.204.193 - - [01/Dec/2012:12:31:58 +0100] "GET /images/pmthm3.gif HTTP/1.1" 200 2275 "http://www.ksbb.de/" "Mozilla/5.0 (iPad; CPU OS 5_1_1 like Mac OS X) AppleWebKit/534.46 (KHTML, like Gecko) Version/5.1 Mobile/9B206 Safari/7534.48.3"
79.233.204.193 - - [01/Dec/2012:12:31:58 +0100] "GET /images/pmthm4.gif HTTP/1.1" 200 2518 "http://www.ksbb.de/" "Mozilla/5.0 (iPad; CPU OS 5_1_1 like Mac OS X) AppleWebKit/534.46 (KHTML, like Gecko) Version/5.1 Mobile/9B206 Safari/7534.48.3"
79.233.204.193 - - [01/Dec/2012:12:31:58 +0100] "GET /images/pmthm5.gif HTTP/1.1" 200 2381 "http://www.ksbb.de/" "Mozilla/5.0 (iPad; CPU OS 5_1_1 like Mac OS X) AppleWebKit/534.46 (KHTML, like Gecko) Version/5.1 Mobile/9B206 Safari/7534.48.3"
79.233.204.193 - - [01/Dec/2012:12:31:58 +0100] "GET /images/pmthm6.gif HTTP/1.1" 200 1209 "http://www.ksbb.de/" "Mozilla/5.0 (iPad; CPU OS 5_1_1 like Mac OS X) AppleWebKit/534.46 (KHTML, like Gecko) Version/5.1 Mobile/9B206 Safari/7534.48.3"
79.233.204.193 - - [01/Dec/2012:12:31:58 +0100] "GET /images/pmthm7.gif HTTP/1.1" 200 2195 "http://www.ksbb.de/" "Mozilla/5.0 (iPad; CPU OS 5_1_1 like Mac OS X) AppleWebKit/534.46 (KHTML, like Gecko) Version/5.1 Mobile/9B206 Safari/7534.48.3"
79.233.204.193 - - [01/Dec/2012:12:31:58 +0100] "GET /images/psd.gif HTTP/1.1" 200 111 "http://www.ksbb.de/" "Mozilla/5.0 (iPad; CPU OS 5_1_1 like Mac OS X) AppleWebKit/534.46 (KHTML, like Gecko) Version/5.1 Mobile/9B206 Safari/7534.48.3"
79.233.204.193 - - [01/Dec/2012:12:31:58 +0100] "GET /images/pbg.gif HTTP/1.1" 200 52 "http://www.ksbb.de/" "Mozilla/5.0 (iPad; CPU OS 5_1_1 like Mac OS X) AppleWebKit/534.46 (KHTML, like Gecko) Version/5.1 Mobile/9B206 Safari/7534.48.3"
79.233.204.193 - - [01/Dec/2012:12:31:58 +0100] "GET /images/plvt.gif HTTP/1.1" 200 53 "http://www.ksbb.de/" "Mozilla/5.0 (iPad; CPU OS 5_1_1 like Mac OS X) AppleWebKit/534.46 (KHTML, like Gecko) Version/5.1 Mobile/9B206 Safari/7534.48.3"
178.154.179.250 - - [01/Dec/2012:12:41:47 +0100] "GET /000001985b0ce1e49/index.php HTTP/1.1" 200 14912 "-" "Mozilla/5.0 (compatible; YandexBot/3.0; +http://yandex.com/bots)"
37.140.141.34 - - [01/Dec/2012:12:45:25 +0100] "GET /images/30288.jpg HTTP/1.1" 200 184160 "-" "Mozilla/5.0 (compatible; YandexImages/3.0; +http://yandex.com/bots)"
178.154.179.250 - - [01/Dec/2012:13:23:24 +0100] "GET /000001985b0ce1e49/00000198610d6501c/00000198610d75024.php HTTP/1.1" 200 14496 "-" "Mozilla/5.0 (compatible; YandexBot/3.0; +http://yandex.com/bots)"
87.78.16.61 - - [01/Dec/2012:13:26:25 +0100] "GET /images/30288.jpg HTTP/1.1" 200 184160 "-" "Mozilla/5.0 (Windows NT 6.1; WOW64; rv:14.0) Gecko/20100101 Firefox/14.0.1"
37.140.141.34 - - [01/Dec/2012:13:27:23 +0100] "GET /images/pnvtt1m5.gif HTTP/1.1" 200 2706 "-" "Mozilla/5.0 (compatible; YandexImages/3.0; +http://yandex.com/bots)"
178.154.179.250 - - [01/Dec/2012:13:30:38 +0100] "GET /robots.txt HTTP/1.1" 404 - "-" "Mozilla/5.0 (compatible; YandexBot/3.0; +http://yandex.com/bots)"
178.154.179.250 - - [01/Dec/2012:13:30:55 +0100] "GET /000001985b0e5e29a/000001985f0d1bf04/index.php HTTP/1.1" 200 17301 "-" "Mozilla/5.0 (compatible; YandexBot/3.0; +http://yandex.com/bots)"
178.154.179.250 - - [01/Dec/2012:13:31:13 +0100] "GET /000001985b0d93482/000001985b0fc8f0b/index.php HTTP/1.1" 200 15388 "-" "Mozilla/5.0 (compatible; YandexBot/3.0; +http://yandex.com/bots)"
123.125.71.38 - - [01/Dec/2012:13:36:56 +0100] "GET /robots.txt HTTP/1.1" 404 - "-" "Mozilla/5.0 (Windows NT 5.1; rv:6.0.2) Gecko/20100101 Firefox/6.0.2"
37.140.141.34 - - [01/Dec/2012:14:06:56 +0100] "GET /images/phnvmtt4.gif HTTP/1.1" 200 2685 "-" "Mozilla/5.0 (compatible; YandexImages/3.0; +http://yandex.com/bots)"
37.140.141.34 - - [01/Dec/2012:14:47:02 +0100] "GET /images/pnvtt1m1.gif HTTP/1.1" 200 2633 "-" "Mozilla/5.0 (compatible; YandexImages/3.0; +http://yandex.com/bots)"
37.140.141.34 - - [01/Dec/2012:15:12:17 +0100] "GET /images/route02_158.gif HTTP/1.1" 200 6033 "-" "Mozilla/5.0 (compatible; YandexImages/3.0; +http://yandex.com/bots)"
123.125.71.50 - - [01/Dec/2012:15:19:21 +0100] "GET / HTTP/1.1" 200 22500 "-" "Mozilla/5.0 (compatible; Baiduspider/2.0; +http://www.baidu.com/search/spider.html)"
220.181.108.120 - - [01/Dec/2012:15:19:26 +0100] "GET / HTTP/1.1" 200 24284 "-" "Mozilla/5.0 (compatible; Baiduspider/2.0; +http://www.baidu.com/search/spider.html)"
66.249.73.176 - - [01/Dec/2012:15:50:36 +0100] "GET /robots.txt HTTP/1.1" 404 - "-" "Mozilla/5.0 (compatible; Googlebot/2.1; +http://www.google.com/bot.html)"
66.249.73.176 - - [01/Dec/2012:15:50:36 +0100] "GET /000001985b0e5e29a/index.php HTTP/1.1" 200 16906 "-" "Mozilla/5.0 (iPhone; U; CPU iPhone OS 4_1 like Mac OS X; en-us) AppleWebKit/532.9 (KHTML, like Gecko) Version/4.0.5 Mobile/8B117 Safari/6531.22.7 (compatible; Googlebot-Mobile/2.1; +http://www.google.com/bot.html)"
66.249.73.176 - - [01/Dec/2012:15:57:55 +0100] "GET /images/pnvtt1m2.gif HTTP/1.1" 200 2551 "-" "Mozilla/5.0 (compatible; Googlebot/2.1; +http://www.google.com/bot.html)"
66.249.73.176 - - [01/Dec/2012:15:57:56 +0100] "GET /images/pnvtht1m2.gif HTTP/1.1" 200 2616 "-" "Mozilla/5.0 (compatible; Googlebot/2.1; +http://www.google.com/bot.html)"
37.140.141.34 - - [01/Dec/2012:15:58:28 +0100] "GET /images/pmtsm5.gif HTTP/1.1" 200 2379 "-" "Mozilla/5.0 (compatible; YandexImages/3.0; +http://yandex.com/bots)"
37.140.141.34 - - [01/Dec/2012:16:55:33 +0100] "GET /images/pnvtt1m6.gif HTTP/1.1" 200 2641 "-" "Mozilla/5.0 (compatible; YandexImages/3.0; +http://yandex.com/bots)"
65.55.211.145 - - [01/Dec/2012:17:07:31 +0100] "GET /robots.txt HTTP/1.1" 404 - "-" "msnbot-media/1.1 (+http://search.msn.com/msnbot.htm)"
65.55.211.145 - - [01/Dec/2012:17:07:31 +0100] "GET /images/35029cols2.jpg HTTP/1.1" 200 14309 "-" "msnbot-media/1.1 (+http://search.msn.com/msnbot.htm)"
66.249.73.176 - - [01/Dec/2012:17:29:52 +0100] "GET / HTTP/1.1" 200 24284 "-" "SAMSUNG-SGH-E250/1.0 Profile/MIDP-2.0 Configuration/CLDC-1.1 UP.Browser/6.2.3.3.c.1.101 (GUI) MMP/2.0 (compatible; Googlebot-Mobile/2.1; +http://www.google.com/bot.html)"
37.140.141.34 - - [01/Dec/2012:17:36:45 +0100] "GET /images/pnvtt4m1.gif HTTP/1.1" 200 2509 "-" "Mozilla/5.0 (compatible; YandexImages/3.0; +http://yandex.com/bots)"
157.55.35.46 - - [01/Dec/2012:17:41:32 +0100] "GET /robots.txt HTTP/1.1" 404 - "-" "Mozilla/5.0 (compatible; bingbot/2.0; +http://www.bing.com/bingbot.htm)"
157.55.35.46 - - [01/Dec/2012:17:43:05 +0100] "GET / HTTP/1.1" 200 24284 "-" "Mozilla/5.0 (compatible; bingbot/2.0; +http://www.bing.com/bingbot.htm)"
157.55.35.46 - - [01/Dec/2012:17:43:05 +0100] "GET /000001985b0d93482/000001985b0da2285/index.php HTTP/1.1" 200 16408 "-" "Mozilla/5.0 (compatible; bingbot/2.0; +http://www.bing.com/bingbot.htm)"
157.55.32.102 - - [01/Dec/2012:17:46:23 +0100] "GET /index.php HTTP/1.1" 200 24284 "-" "Mozilla/5.0 (compatible; bingbot/2.0; +http://www.bing.com/bingbot.htm)"
178.154.179.250 - - [01/Dec/2012:17:58:55 +0100] "GET /000001985b0d93482/00000198660ae2e07/00000198660b24011/index.php HTTP/1.1" 200 20685 "-" "Mozilla/5.0 (compatible; YandexBot/3.0; +http://yandex.com/bots)"
66.249.73.176 - - [01/Dec/2012:17:59:40 +0100] "GET / HTTP/1.1" 200 24284 "-" "DoCoMo/2.0 N905i(c100;TB;W24H16) (compatible; Googlebot-Mobile/2.1; +http://www.google.com/bot.html)"
37.140.141.34 - - [01/Dec/2012:18:12:22 +0100] "GET /images/pnvtt2m6.gif HTTP/1.1" 200 1847 "-" "Mozilla/5.0 (compatible; YandexImages/3.0; +http://yandex.com/bots)"
157.55.33.111 - - [01/Dec/2012:18:16:04 +0100] "GET /00000198660a80203/index.php HTTP/1.1" 200 12651 "-" "Mozilla/5.0 (compatible; bingbot/2.0; +http://www.bing.com/bingbot.htm)"
46.115.120.237 - - [01/Dec/2012:18:40:44 +0100] "GET /assets/ssb.css HTTP/1.1" 200 657 "http://www.ksbb.de/" "Mozilla/5.0 (Linux; U; Android 4.0.3; de-de; LIFETAB_P9514 Build/IML74K) AppleWebKit/534.30 (KHTML, like Gecko) Version/4.0 Safari/534.30"
46.115.120.237 - - [01/Dec/2012:18:40:44 +0100] "GET /assets/s.css HTTP/1.1" 200 3386 "http://www.ksbb.de/" "Mozilla/5.0 (Linux; U; Android 4.0.3; de-de; LIFETAB_P9514 Build/IML74K) AppleWebKit/534.30 (KHTML, like Gecko) Version/4.0 Safari/534.30"
46.115.120.237 - - [01/Dec/2012:18:40:41 +0100] "GET / HTTP/1.1" 200 24284 "-" "Mozilla/5.0 (Linux; U; Android 4.0.3; de-de; LIFETAB_P9514 Build/IML74K) AppleWebKit/534.30 (KHTML, like Gecko) Version/4.0 Safari/534.30"
37.140.141.34 - - [01/Dec/2012:18:59:42 +0100] "GET /images/phomesm0.gif HTTP/1.1" 200 2239 "-" "Mozilla/5.0 (compatible; YandexImages/3.0; +http://yandex.com/bots)"
37.140.141.34 - - [01/Dec/2012:19:47:50 +0100] "GET /images/pl160.gif HTTP/1.1" 200 70 "-" "Mozilla/5.0 (compatible; YandexImages/3.0; +http://yandex.com/bots)"
212.227.58.53 - - [01/Dec/2012:19:58:26 +0100] "GET /robots.txt HTTP/1.0" 404 - "-" "Test Spider/Nutch-2.1"
212.227.58.53 - - [01/Dec/2012:19:58:26 +0100] "GET / HTTP/1.0" 200 24284 "-" "Test Spider/Nutch-2.1"
37.140.141.34 - - [01/Dec/2012:20:52:37 +0100] "GET /robots.txt HTTP/1.1" 404 - "-" "Mozilla/5.0 (compatible; YandexImages/3.0; +http://yandex.com/bots)"
66.249.73.176 - - [01/Dec/2012:21:02:09 +0100] "GET / HTTP/1.1" 200 24284 "-" "DoCoMo/2.0 N905i(c100;TB;W24H16) (compatible; Googlebot-Mobile/2.1; +http://www.google.com/bot.html)"
37.140.141.34 - - [01/Dec/2012:21:32:55 +0100] "GET /images/phnvmtt6.gif HTTP/1.1" 200 1637 "-" "Mozilla/5.0 (compatible; YandexImages/3.0; +http://yandex.com/bots)"
81.30.151.218 - - [01/Dec/2012:21:51:43 +0100] "GET /robots.txt HTTP/1.1" 404 - "-" "Pixray-Seeker/2.0 (Pixray-Seeker; +http://www.pixray.com/pixraybot; +crawler@pixray.com)"
81.30.151.218 - - [01/Dec/2012:21:51:43 +0100] "GET /00000398730fce012.php HTTP/1.1" 200 22670 "-" "Pixray-Seeker/2.0 (Pixray-Seeker; +http://www.pixray.com/pixraybot; +crawler@pixray.com)"
37.140.141.34 - - [01/Dec/2012:22:13:09 +0100] "GET /images/mev14046_72.jpg HTTP/1.1" 200 1662 "-" "Mozilla/5.0 (compatible; YandexImages/3.0; +http://yandex.com/bots)"
157.55.35.46 - - [01/Dec/2012:22:33:11 +0100] "GET /robots.txt HTTP/1.1" 404 - "-" "Mozilla/5.0 (compatible; bingbot/2.0; +http://www.bing.com/bingbot.htm)"
157.55.35.46 - - [01/Dec/2012:22:35:38 +0100] "GET / HTTP/1.1" 200 24284 "-" "Mozilla/5.0 (compatible; bingbot/2.0; +http://www.bing.com/bingbot.htm)"
157.55.35.46 - - [01/Dec/2012:22:35:38 +0100] "GET /000001985b0d93482/000001985b0da2285/index.php HTTP/1.1" 200 16408 "-" "Mozilla/5.0 (compatible; bingbot/2.0; +http://www.bing.com/bingbot.htm)"
157.55.32.102 - - [01/Dec/2012:22:39:15 +0100] "GET /index.php HTTP/1.1" 200 24284 "-" "Mozilla/5.0 (compatible; bingbot/2.0; +http://www.bing.com/bingbot.htm)"
37.140.141.34 - - [01/Dec/2012:22:47:56 +0100] "GET /images/ss04035_158.jpg HTTP/1.1" 200 5837 "-" "Mozilla/5.0 (compatible; YandexImages/3.0; +http://yandex.com/bots)"
157.55.33.111 - - [01/Dec/2012:22:59:08 +0100] "GET /00000198660a80203/index.php HTTP/1.1" 200 12651 "-" "Mozilla/5.0 (compatible; bingbot/2.0; +http://www.bing.com/bingbot.htm)"
37.140.141.34 - - [01/Dec/2012:23:40:35 +0100] "GET /images/pbk.gif HTTP/1.1" 200 112 "-" "Mozilla/5.0 (compatible; YandexImages/3.0; +http://yandex.com/bots)"
37.140.141.34 - - [02/Dec/2012:00:27:57 +0100] "GET /images/30288_158.jpg HTTP/1.1" 200 6435 "-" "Mozilla/5.0 (compatible; YandexImages/3.0; +http://yandex.com/bots)"
37.140.141.34 - - [02/Dec/2012:01:22:50 +0100] "GET /images/55275.jpg HTTP/1.1" 200 77367 "-" "Mozilla/5.0 (compatible; YandexImages/3.0; +http://yandex.com/bots)"
37.140.141.34 - - [02/Dec/2012:02:08:04 +0100] "GET /images/pmtsm6.gif HTTP/1.1" 200 1201 "-" "Mozilla/5.0 (compatible; YandexImages/3.0; +http://yandex.com/bots)"
37.140.141.34 - - [02/Dec/2012:03:08:53 +0100] "GET /images/pmtm1.gif HTTP/1.1" 200 1155 "-" "Mozilla/5.0 (compatible; YandexImages/3.0; +http://yandex.com/bots)"
37.140.141.34 - - [02/Dec/2012:03:53:37 +0100] "GET /images/plmc.gif HTTP/1.1" 200 166 "-" "Mozilla/5.0 (compatible; YandexImages/3.0; +http://yandex.com/bots)"
37.140.141.34 - - [02/Dec/2012:04:48:20 +0100] "GET /images/phnvmtt5.gif HTTP/1.1" 200 2563 "-" "Mozilla/5.0 (compatible; YandexImages/3.0; +http://yandex.com/bots)"
65.55.52.113 - - [02/Dec/2012:05:24:59 +0100] "GET /robots.txt HTTP/1.1" 404 - "-" "Mozilla/5.0 (compatible; bingbot/2.0; +http://www.bing.com/bingbot.htm)"
65.55.52.113 - - [02/Dec/2012:05:26:42 +0100] "GET /00000198660b9a703/00000198660bb6a0a/index.php HTTP/1.1" 200 16349 "-" "Mozilla/5.0 (compatible; bingbot/2.0; +http://www.bing.com/bingbot.htm)"
157.55.32.102 - - [02/Dec/2012:05:34:54 +0100] "GET /index.php HTTP/1.1" 200 24280 "-" "Mozilla/5.0 (compatible; bingbot/2.0; +http://www.bing.com/bingbot.htm)"
37.140.141.34 - - [02/Dec/2012:05:48:21 +0100] "GET /images/mev23003_579.jpg HTTP/1.1" 200 36971 "-" "Mozilla/5.0 (compatible; YandexImages/3.0; +http://yandex.com/bots)"
65.55.52.113 - - [02/Dec/2012:06:16:01 +0100] "GET /robots.txt HTTP/1.1" 404 - "-" "Mozilla/5.0 (compatible; bingbot/2.0; +http://www.bing.com/bingbot.htm)"
65.55.52.113 - - [02/Dec/2012:06:17:49 +0100] "GET /000001985b0d93482/index.php HTTP/1.1" 200 15586 "-" "Mozilla/5.0 (compatible; bingbot/2.0; +http://www.bing.com/bingbot.htm)"
37.140.141.34 - - [02/Dec/2012:06:54:55 +0100] "GET /images/pnvtt2m1.gif HTTP/1.1" 200 2574 "-" "Mozilla/5.0 (compatible; YandexImages/3.0; +http://yandex.com/bots)"
157.55.35.46 - - [02/Dec/2012:06:57:15 +0100] "GET / HTTP/1.1" 200 24280 "-" "Mozilla/5.0 (compatible; bingbot/2.0; +http://www.bing.com/bingbot.htm)"
37.140.141.34 - - [02/Dec/2012:07:46:21 +0100] "GET /images/plbt.gif HTTP/1.1" 200 161 "-" "Mozilla/5.0 (compatible; YandexImages/3.0; +http://yandex.com/bots)"
217.228.26.123 - - [02/Dec/2012:09:04:08 +0100] "GET /assets/s.css HTTP/1.1" 200 3386 "http://www.ksbb.de/" "Mozilla/4.0 (compatible; MSIE 8.0; Windows NT 6.1; WOW64; Trident/4.0; SLCC2; .NET CLR 2.0.50727; .NET CLR 3.5.30729; .NET CLR 3.0.30729; Media Center PC 6.0; InfoPath.3; .NET4.0C; .NET4.0E)"
217.228.26.123 - - [02/Dec/2012:09:04:08 +0100] "GET / HTTP/1.1" 200 24280 "-" "Mozilla/4.0 (compatible; MSIE 8.0; Windows NT 6.1; WOW64; Trident/4.0; SLCC2; .NET CLR 2.0.50727; .NET CLR 3.5.30729; .NET CLR 3.0.30729; Media Center PC 6.0; InfoPath.3; .NET4.0C; .NET4.0E)"
217.228.26.123 - - [02/Dec/2012:09:04:09 +0100] "GET /assets/ssb.css HTTP/1.1" 200 657 "http://www.ksbb.de/" "Mozilla/4.0 (compatible; MSIE 8.0; Windows NT 6.1; WOW64; Trident/4.0; SLCC2; .NET CLR 2.0.50727; .NET CLR 3.5.30729; .NET CLR 3.0.30729; Media Center PC 6.0; InfoPath.3; .NET4.0C; .NET4.0E)"
217.228.26.123 - - [02/Dec/2012:09:04:09 +0100] "GET /images/pcmpc1.gif HTTP/1.1" 200 1155 "http://www.ksbb.de/" "Mozilla/4.0 (compatible; MSIE 8.0; Windows NT 6.1; WOW64; Trident/4.0; SLCC2; .NET CLR 2.0.50727; .NET CLR 3.5.30729; .NET CLR 3.0.30729; Media Center PC 6.0; InfoPath.3; .NET4.0C; .NET4.0E)"
217.228.26.123 - - [02/Dec/2012:09:04:09 +0100] "GET /images/pcmphc1.gif HTTP/1.1" 200 2164 "http://www.ksbb.de/" "Mozilla/4.0 (compatible; MSIE 8.0; Windows NT 6.1; WOW64; Trident/4.0; SLCC2; .NET CLR 2.0.50727; .NET CLR 3.5.30729; .NET CLR 3.0.30729; Media Center PC 6.0; InfoPath.3; .NET4.0C; .NET4.0E)"
217.228.26.123 - - [02/Dec/2012:09:04:09 +0100] "GET /images/pcmpc2.gif HTTP/1.1" 200 1240 "http://www.ksbb.de/" "Mozilla/4.0 (compatible; MSIE 8.0; Windows NT 6.1; WOW64; Trident/4.0; SLCC2; .NET CLR 2.0.50727; .NET CLR 3.5.30729; .NET CLR 3.0.30729; Media Center PC 6.0; InfoPath.3; .NET4.0C; .NET4.0E)"
217.228.26.123 - - [02/Dec/2012:09:04:09 +0100] "GET /images/pcmphc2.gif HTTP/1.1" 200 2299 "http://www.ksbb.de/" "Mozilla/4.0 (compatible; MSIE 8.0; Windows NT 6.1; WOW64; Trident/4.0; SLCC2; .NET CLR 2.0.50727; .NET CLR 3.5.30729; .NET CLR 3.0.30729; Media Center PC 6.0; InfoPath.3; .NET4.0C; .NET4.0E)"
217.228.26.123 - - [02/Dec/2012:09:04:09 +0100] "GET /images/phnvmtt1.gif HTTP/1.1" 200 2551 "http://www.ksbb.de/" "Mozilla/4.0 (compatible; MSIE 8.0; Windows NT 6.1; WOW64; Trident/4.0; SLCC2; .NET CLR 2.0.50727; .NET CLR 3.5.30729; .NET CLR 3.0.30729; Media Center PC 6.0; InfoPath.3; .NET4.0C; .NET4.0E)"
217.228.26.123 - - [02/Dec/2012:09:04:09 +0100] "GET /images/phnvmtht1.gif HTTP/1.1" 200 2613 "http://www.ksbb.de/" "Mozilla/4.0 (compatible; MSIE 8.0; Windows NT 6.1; WOW64; Trident/4.0; SLCC2; .NET CLR 2.0.50727; .NET CLR 3.5.30729; .NET CLR 3.0.30729; Media Center PC 6.0; InfoPath.3; .NET4.0C; .NET4.0E)"
217.228.26.123 - - [02/Dec/2012:09:04:09 +0100] "GET /images/phnvmtt2.gif HTTP/1.1" 200 1637 "http://www.ksbb.de/" "Mozilla/4.0 (compatible; MSIE 8.0; Windows NT 6.1; WOW64; Trident/4.0; SLCC2; .NET CLR 2.0.50727; .NET CLR 3.5.30729; .NET CLR 3.0.30729; Media Center PC 6.0; InfoPath.3; .NET4.0C; .NET4.0E)"
217.228.26.123 - - [02/Dec/2012:09:04:09 +0100] "GET /images/phnvmtht2.gif HTTP/1.1" 200 1696 "http://www.ksbb.de/" "Mozilla/4.0 (compatible; MSIE 8.0; Windows NT 6.1; WOW64; Trident/4.0; SLCC2; .NET CLR 2.0.50727; .NET CLR 3.5.30729; .NET CLR 3.0.30729; Media Center PC 6.0; InfoPath.3; .NET4.0C; .NET4.0E)"
217.228.26.123 - - [02/Dec/2012:09:04:09 +0100] "GET /images/phnvmtt3.gif HTTP/1.1" 200 2611 "http://www.ksbb.de/" "Mozilla/4.0 (compatible; MSIE 8.0; Windows NT 6.1; WOW64; Trident/4.0; SLCC2; .NET CLR 2.0.50727; .NET CLR 3.5.30729; .NET CLR 3.0.30729; Media Center PC 6.0; InfoPath.3; .NET4.0C; .NET4.0E)"
217.228.26.123 - - [02/Dec/2012:09:04:09 +0100] "GET /images/phnvmtht3.gif HTTP/1.1" 200 2679 "http://www.ksbb.de/" "Mozilla/4.0 (compatible; MSIE 8.0; Windows NT 6.1; WOW64; Trident/4.0; SLCC2; .NET CLR 2.0.50727; .NET CLR 3.5.30729; .NET CLR 3.0.30729; Media Center PC 6.0; InfoPath.3; .NET4.0C; .NET4.0E)"
217.228.26.123 - - [02/Dec/2012:09:04:10 +0100] "GET /images/phnvmtt4.gif HTTP/1.1" 200 2685 "http://www.ksbb.de/" "Mozilla/4.0 (compatible; MSIE 8.0; Windows NT 6.1; WOW64; Trident/4.0; SLCC2; .NET CLR 2.0.50727; .NET CLR 3.5.30729; .NET CLR 3.0.30729; Media Center PC 6.0; InfoPath.3; .NET4.0C; .NET4.0E)"
217.228.26.123 - - [02/Dec/2012:09:04:10 +0100] "GET /images/phnvmtht4.gif HTTP/1.1" 200 2627 "http://www.ksbb.de/" "Mozilla/4.0 (compatible; MSIE 8.0; Windows NT 6.1; WOW64; Trident/4.0; SLCC2; .NET CLR 2.0.50727; .NET CLR 3.5.30729; .NET CLR 3.0.30729; Media Center PC 6.0; InfoPath.3; .NET4.0C; .NET4.0E)"
217.228.26.123 - - [02/Dec/2012:09:04:10 +0100] "GET /images/phnvmtt5.gif HTTP/1.1" 200 2563 "http://www.ksbb.de/" "Mozilla/4.0 (compatible; MSIE 8.0; Windows NT 6.1; WOW64; Trident/4.0; SLCC2; .NET CLR 2.0.50727; .NET CLR 3.5.30729; .NET CLR 3.0.30729; Media Center PC 6.0; InfoPath.3; .NET4.0C; .NET4.0E)"
217.228.26.123 - - [02/Dec/2012:09:04:10 +0100] "GET /images/phnvmtht5.gif HTTP/1.1" 200 2500 "http://www.ksbb.de/" "Mozilla/4.0 (compatible; MSIE 8.0; Windows NT 6.1; WOW64; Trident/4.0; SLCC2; .NET CLR 2.0.50727; .NET CLR 3.5.30729; .NET CLR 3.0.30729; Media Center PC 6.0; InfoPath.3; .NET4.0C; .NET4.0E)"
217.228.26.123 - - [02/Dec/2012:09:04:10 +0100] "GET /images/phnvmtt6.gif HTTP/1.1" 200 1637 "http://www.ksbb.de/" "Mozilla/4.0 (compatible; MSIE 8.0; Windows NT 6.1; WOW64; Trident/4.0; SLCC2; .NET CLR 2.0.50727; .NET CLR 3.5.30729; .NET CLR 3.0.30729; Media Center PC 6.0; InfoPath.3; .NET4.0C; .NET4.0E)"
217.228.26.123 - - [02/Dec/2012:09:04:10 +0100] "GET /images/phnvmtht6.gif HTTP/1.1" 200 1696 "http://www.ksbb.de/" "Mozilla/4.0 (compatible; MSIE 8.0; Windows NT 6.1; WOW64; Trident/4.0; SLCC2; .NET CLR 2.0.50727; .NET CLR 3.5.30729; .NET CLR 3.0.30729; Media Center PC 6.0; InfoPath.3; .NET4.0C; .NET4.0E)"
217.228.26.123 - - [02/Dec/2012:09:04:10 +0100] "GET /images/phnvmtt7.gif HTTP/1.1" 200 2552 "http://www.ksbb.de/" "Mozilla/4.0 (compatible; MSIE 8.0; Windows NT 6.1; WOW64; Trident/4.0; SLCC2; .NET CLR 2.0.50727; .NET CLR 3.5.30729; .NET CLR 3.0.30729; Media Center PC 6.0; InfoPath.3; .NET4.0C; .NET4.0E)"
217.228.26.123 - - [02/Dec/2012:09:04:10 +0100] "GET /images/phnvmtht7.gif HTTP/1.1" 200 2615 "http://www.ksbb.de/" "Mozilla/4.0 (compatible; MSIE 8.0; Windows NT 6.1; WOW64; Trident/4.0; SLCC2; .NET CLR 2.0.50727; .NET CLR 3.5.30729; .NET CLR 3.0.30729; Media Center PC 6.0; InfoPath.3; .NET4.0C; .NET4.0E)"
217.228.26.123 - - [02/Dec/2012:09:04:10 +0100] "GET /images/phomesm0.gif HTTP/1.1" 200 2239 "http://www.ksbb.de/" "Mozilla/4.0 (compatible; MSIE 8.0; Windows NT 6.1; WOW64; Trident/4.0; SLCC2; .NET CLR 2.0.50727; .NET CLR 3.5.30729; .NET CLR 3.0.30729; Media Center PC 6.0; InfoPath.3; .NET4.0C; .NET4.0E)"
217.228.26.123 - - [02/Dec/2012:09:04:10 +0100] "GET /images/pmtm1.gif HTTP/1.1" 200 1155 "http://www.ksbb.de/" "Mozilla/4.0 (compatible; MSIE 8.0; Windows NT 6.1; WOW64; Trident/4.0; SLCC2; .NET CLR 2.0.50727; .NET CLR 3.5.30729; .NET CLR 3.0.30729; Media Center PC 6.0; InfoPath.3; .NET4.0C; .NET4.0E)"
217.228.26.123 - - [02/Dec/2012:09:04:10 +0100] "GET /images/pmthm1.gif HTTP/1.1" 200 2169 "http://www.ksbb.de/" "Mozilla/4.0 (compatible; MSIE 8.0; Windows NT 6.1; WOW64; Trident/4.0; SLCC2; .NET CLR 2.0.50727; .NET CLR 3.5.30729; .NET CLR 3.0.30729; Media Center PC 6.0; InfoPath.3; .NET4.0C; .NET4.0E)"
217.228.26.123 - - [02/Dec/2012:09:04:10 +0100] "GET /images/pmtm2.gif HTTP/1.1" 200 628 "http://www.ksbb.de/" "Mozilla/4.0 (compatible; MSIE 8.0; Windows NT 6.1; WOW64; Trident/4.0; SLCC2; .NET CLR 2.0.50727; .NET CLR 3.5.30729; .NET CLR 3.0.30729; Media Center PC 6.0; InfoPath.3; .NET4.0C; .NET4.0E)"
217.228.26.123 - - [02/Dec/2012:09:04:10 +0100] "GET /images/pmthm2.gif HTTP/1.1" 200 1209 "http://www.ksbb.de/" "Mozilla/4.0 (compatible; MSIE 8.0; Windows NT 6.1; WOW64; Trident/4.0; SLCC2; .NET CLR 2.0.50727; .NET CLR 3.5.30729; .NET CLR 3.0.30729; Media Center PC 6.0; InfoPath.3; .NET4.0C; .NET4.0E)"
