78.43.239.124 - - [16/Dec/2012:15:52:53 +0100] "GET /assets/s.css HTTP/1.1" 200 3386 "http://www.ksbb.de/" "Mozilla/5.0 (Windows NT 6.1; rv:17.0) Gecko/20100101 Firefox/17.0"
78.43.239.124 - - [16/Dec/2012:15:52:53 +0100] "GET /assets/ssb.css HTTP/1.1" 200 657 "http://www.ksbb.de/" "Mozilla/5.0 (Windows NT 6.1; rv:17.0) Gecko/20100101 Firefox/17.0"
78.43.239.124 - - [16/Dec/2012:15:52:53 +0100] "GET /images/pcp.gif HTTP/1.1" 200 43 "http://www.ksbb.de/" "Mozilla/5.0 (Windows NT 6.1; rv:17.0) Gecko/20100101 Firefox/17.0"
78.43.239.124 - - [16/Dec/2012:15:52:53 +0100] "GET /images/pltp.gif HTTP/1.1" 200 160 "http://www.ksbb.de/" "Mozilla/5.0 (Windows NT 6.1; rv:17.0) Gecko/20100101 Firefox/17.0"
78.43.239.124 - - [16/Dec/2012:15:52:53 +0100] "GET /images/phomesm0.gif HTTP/1.1" 200 2239 "http://www.ksbb.de/" "Mozilla/5.0 (Windows NT 6.1; rv:17.0) Gecko/20100101 Firefox/17.0"
78.43.239.124 - - [16/Dec/2012:15:52:53 +0100] "GET /images/plms.gif HTTP/1.1" 200 68 "http://www.ksbb.de/" "Mozilla/5.0 (Windows NT 6.1; rv:17.0) Gecko/20100101 Firefox/17.0"
78.43.239.124 - - [16/Dec/2012:15:52:53 +0100] "GET /images/pmtm1.gif HTTP/1.1" 200 1155 "http://www.ksbb.de/" "Mozilla/5.0 (Windows NT 6.1; rv:17.0) Gecko/20100101 Firefox/17.0"
78.43.239.124 - - [16/Dec/2012:15:52:53 +0100] "GET /images/pmtm2.gif HTTP/1.1" 200 628 "http://www.ksbb.de/" "Mozilla/5.0 (Windows NT 6.1; rv:17.0) Gecko/20100101 Firefox/17.0"
78.43.239.124 - - [16/Dec/2012:15:52:53 +0100] "GET /images/pmtm3.gif HTTP/1.1" 200 2032 "http://www.ksbb.de/" "Mozilla/5.0 (Windows NT 6.1; rv:17.0) Gecko/20100101 Firefox/17.0"
78.43.239.124 - - [16/Dec/2012:15:52:53 +0100] "GET /images/pmtm4.gif HTTP/1.1" 200 2316 "http://www.ksbb.de/" "Mozilla/5.0 (Windows NT 6.1; rv:17.0) Gecko/20100101 Firefox/17.0"
78.43.239.124 - - [16/Dec/2012:15:52:53 +0100] "GET /images/pmtm5.gif HTTP/1.1" 200 2185 "http://www.ksbb.de/" "Mozilla/5.0 (Windows NT 6.1; rv:17.0) Gecko/20100101 Firefox/17.0"
78.43.239.124 - - [16/Dec/2012:15:52:53 +0100] "GET /images/pmtm6.gif HTTP/1.1" 200 628 "http://www.ksbb.de/" "Mozilla/5.0 (Windows NT 6.1; rv:17.0) Gecko/20100101 Firefox/17.0"
78.43.239.124 - - [16/Dec/2012:15:52:53 +0100] "GET /images/pmtm7.gif HTTP/1.1" 200 1174 "http://www.ksbb.de/" "Mozilla/5.0 (Windows NT 6.1; rv:17.0) Gecko/20100101 Firefox/17.0"
78.43.239.124 - - [16/Dec/2012:15:52:53 +0100] "GET /images/plma.gif HTTP/1.1" 200 164 "http://www.ksbb.de/" "Mozilla/5.0 (Windows NT 6.1; rv:17.0) Gecko/20100101 Firefox/17.0"
78.43.239.124 - - [16/Dec/2012:15:52:53 +0100] "GET /images/plmb.gif HTTP/1.1" 200 166 "http://www.ksbb.de/" "Mozilla/5.0 (Windows NT 6.1; rv:17.0) Gecko/20100101 Firefox/17.0"
78.43.239.124 - - [16/Dec/2012:15:52:53 +0100] "GET /images/plogo.gif HTTP/1.1" 200 18153 "http://www.ksbb.de/" "Mozilla/5.0 (Windows NT 6.1; rv:17.0) Gecko/20100101 Firefox/17.0"
78.43.239.124 - - [16/Dec/2012:15:52:53 +0100] "GET /images/pl160.gif HTTP/1.1" 200 70 "http://www.ksbb.de/" "Mozilla/5.0 (Windows NT 6.1; rv:17.0) Gecko/20100101 Firefox/17.0"
78.43.239.124 - - [16/Dec/2012:15:52:53 +0100] "GET /images/phnvmtt1.gif HTTP/1.1" 200 2551 "http://www.ksbb.de/" "Mozilla/5.0 (Windows NT 6.1; rv:17.0) Gecko/20100101 Firefox/17.0"
78.43.239.124 - - [16/Dec/2012:15:52:53 +0100] "GET /images/pd.gif HTTP/1.1" 200 111 "http://www.ksbb.de/" "Mozilla/5.0 (Windows NT 6.1; rv:17.0) Gecko/20100101 Firefox/17.0"
78.43.239.124 - - [16/Dec/2012:15:52:53 +0100] "GET /images/phnvmtt2.gif HTTP/1.1" 200 1637 "http://www.ksbb.de/" "Mozilla/5.0 (Windows NT 6.1; rv:17.0) Gecko/20100101 Firefox/17.0"
78.43.239.124 - - [16/Dec/2012:15:52:53 +0100] "GET /images/phnvmtt3.gif HTTP/1.1" 200 2611 "http://www.ksbb.de/" "Mozilla/5.0 (Windows NT 6.1; rv:17.0) Gecko/20100101 Firefox/17.0"
78.43.239.124 - - [16/Dec/2012:15:52:53 +0100] "GET /images/phnvmtt4.gif HTTP/1.1" 200 2685 "http://www.ksbb.de/" "Mozilla/5.0 (Windows NT 6.1; rv:17.0) Gecko/20100101 Firefox/17.0"
78.43.239.124 - - [16/Dec/2012:15:52:53 +0100] "GET /images/phnvmtt6.gif HTTP/1.1" 200 1637 "http://www.ksbb.de/" "Mozilla/5.0 (Windows NT 6.1; rv:17.0) Gecko/20100101 Firefox/17.0"
78.43.239.124 - - [16/Dec/2012:15:52:53 +0100] "GET /images/phnvmtt5.gif HTTP/1.1" 200 2563 "http://www.ksbb.de/" "Mozilla/5.0 (Windows NT 6.1; rv:17.0) Gecko/20100101 Firefox/17.0"
78.43.239.124 - - [16/Dec/2012:15:52:53 +0100] "GET /images/pbx.gif HTTP/1.1" 200 99 "http://www.ksbb.de/" "Mozilla/5.0 (Windows NT 6.1; rv:17.0) Gecko/20100101 Firefox/17.0"
78.43.239.124 - - [16/Dec/2012:15:52:53 +0100] "GET /images/phnvmtt7.gif HTTP/1.1" 200 2552 "http://www.ksbb.de/" "Mozilla/5.0 (Windows NT 6.1; rv:17.0) Gecko/20100101 Firefox/17.0"
78.43.239.124 - - [16/Dec/2012:15:52:53 +0100] "GET /images/mev23003_72.jpg HTTP/1.1" 200 2106 "http://www.ksbb.de/" "Mozilla/5.0 (Windows NT 6.1; rv:17.0) Gecko/20100101 Firefox/17.0"
78.43.239.124 - - [16/Dec/2012:15:52:53 +0100] "GET /images/plnkn.gif HTTP/1.1" 200 95 "http://www.ksbb.de/" "Mozilla/5.0 (Windows NT 6.1; rv:17.0) Gecko/20100101 Firefox/17.0"
78.43.239.124 - - [16/Dec/2012:15:52:53 +0100] "GET /images/55275_72.jpg HTTP/1.1" 200 2381 "http://www.ksbb.de/" "Mozilla/5.0 (Windows NT 6.1; rv:17.0) Gecko/20100101 Firefox/17.0"
78.43.239.124 - - [16/Dec/2012:15:52:53 +0100] "GET /images/mev14046_72.jpg HTTP/1.1" 200 1662 "http://www.ksbb.de/" "Mozilla/5.0 (Windows NT 6.1; rv:17.0) Gecko/20100101 Firefox/17.0"
78.43.239.124 - - [16/Dec/2012:15:52:53 +0100] "GET /images/plmc.gif HTTP/1.1" 200 166 "http://www.ksbb.de/" "Mozilla/5.0 (Windows NT 6.1; rv:17.0) Gecko/20100101 Firefox/17.0"
78.43.239.124 - - [16/Dec/2012:15:52:53 +0100] "GET /images/pcmpc1.gif HTTP/1.1" 200 1155 "http://www.ksbb.de/" "Mozilla/5.0 (Windows NT 6.1; rv:17.0) Gecko/20100101 Firefox/17.0"
78.43.239.124 - - [16/Dec/2012:15:52:53 +0100] "GET /images/pcmpc2.gif HTTP/1.1" 200 1240 "http://www.ksbb.de/" "Mozilla/5.0 (Windows NT 6.1; rv:17.0) Gecko/20100101 Firefox/17.0"
78.43.239.124 - - [16/Dec/2012:15:52:53 +0100] "GET /images/plbt.gif HTTP/1.1" 200 161 "http://www.ksbb.de/" "Mozilla/5.0 (Windows NT 6.1; rv:17.0) Gecko/20100101 Firefox/17.0"
78.43.239.124 - - [16/Dec/2012:15:52:53 +0100] "GET /images/ksbb1_sbp.jpg HTTP/1.1" 200 3871 "http://www.ksbb.de/" "Mozilla/5.0 (Windows NT 6.1; rv:17.0) Gecko/20100101 Firefox/17.0"
78.43.239.124 - - [16/Dec/2012:15:52:53 +0100] "GET /images/ulslogosbp_sbp.jpg HTTP/1.1" 200 1896 "http://www.ksbb.de/" "Mozilla/5.0 (Windows NT 6.1; rv:17.0) Gecko/20100101 Firefox/17.0"
78.43.239.124 - - [16/Dec/2012:15:52:53 +0100] "GET /images/iso9001_sbp.jpg HTTP/1.1" 200 4462 "http://www.ksbb.de/" "Mozilla/5.0 (Windows NT 6.1; rv:17.0) Gecko/20100101 Firefox/17.0"
78.43.239.124 - - [16/Dec/2012:15:52:53 +0100] "GET /images/logoprofex_sbp.gif HTTP/1.1" 200 3524 "http://www.ksbb.de/" "Mozilla/5.0 (Windows NT 6.1; rv:17.0) Gecko/20100101 Firefox/17.0"
78.43.239.124 - - [16/Dec/2012:15:52:53 +0100] "GET /images/pcmphc1.gif HTTP/1.1" 200 2164 "http://www.ksbb.de/" "Mozilla/5.0 (Windows NT 6.1; rv:17.0) Gecko/20100101 Firefox/17.0"
78.43.239.124 - - [16/Dec/2012:15:52:53 +0100] "GET /images/pcmphc2.gif HTTP/1.1" 200 2299 "http://www.ksbb.de/" "Mozilla/5.0 (Windows NT 6.1; rv:17.0) Gecko/20100101 Firefox/17.0"
78.43.239.124 - - [16/Dec/2012:15:52:53 +0100] "GET /images/phnvmtht1.gif HTTP/1.1" 200 2613 "http://www.ksbb.de/" "Mozilla/5.0 (Windows NT 6.1; rv:17.0) Gecko/20100101 Firefox/17.0"
78.43.239.124 - - [16/Dec/2012:15:52:53 +0100] "GET /images/phnvmtht2.gif HTTP/1.1" 200 1696 "http://www.ksbb.de/" "Mozilla/5.0 (Windows NT 6.1; rv:17.0) Gecko/20100101 Firefox/17.0"
78.43.239.124 - - [16/Dec/2012:15:52:53 +0100] "GET /images/phnvmtht3.gif HTTP/1.1" 200 2679 "http://www.ksbb.de/" "Mozilla/5.0 (Windows NT 6.1; rv:17.0) Gecko/20100101 Firefox/17.0"
78.43.239.124 - - [16/Dec/2012:15:52:53 +0100] "GET /images/phnvmtht4.gif HTTP/1.1" 200 2627 "http://www.ksbb.de/" "Mozilla/5.0 (Windows NT 6.1; rv:17.0) Gecko/20100101 Firefox/17.0"
78.43.239.124 - - [16/Dec/2012:15:52:53 +0100] "GET /images/phnvmtht5.gif HTTP/1.1" 200 2500 "http://www.ksbb.de/" "Mozilla/5.0 (Windows NT 6.1; rv:17.0) Gecko/20100101 Firefox/17.0"
78.43.239.124 - - [16/Dec/2012:15:52:53 +0100] "GET /images/phnvmtht6.gif HTTP/1.1" 200 1696 "http://www.ksbb.de/" "Mozilla/5.0 (Windows NT 6.1; rv:17.0) Gecko/20100101 Firefox/17.0"
78.43.239.124 - - [16/Dec/2012:15:52:53 +0100] "GET /images/phnvmtht7.gif HTTP/1.1" 200 2615 "http://www.ksbb.de/" "Mozilla/5.0 (Windows NT 6.1; rv:17.0) Gecko/20100101 Firefox/17.0"
78.43.239.124 - - [16/Dec/2012:15:52:53 +0100] "GET /images/pmthm1.gif HTTP/1.1" 200 2169 "http://www.ksbb.de/" "Mozilla/5.0 (Windows NT 6.1; rv:17.0) Gecko/20100101 Firefox/17.0"
78.43.239.124 - - [16/Dec/2012:15:52:53 +0100] "GET /images/pmthm2.gif HTTP/1.1" 200 1209 "http://www.ksbb.de/" "Mozilla/5.0 (Windows NT 6.1; rv:17.0) Gecko/20100101 Firefox/17.0"
78.43.239.124 - - [16/Dec/2012:15:52:53 +0100] "GET /images/pmthm3.gif HTTP/1.1" 200 2275 "http://www.ksbb.de/" "Mozilla/5.0 (Windows NT 6.1; rv:17.0) Gecko/20100101 Firefox/17.0"
78.43.239.124 - - [16/Dec/2012:15:52:53 +0100] "GET /images/pmthm4.gif HTTP/1.1" 200 2518 "http://www.ksbb.de/" "Mozilla/5.0 (Windows NT 6.1; rv:17.0) Gecko/20100101 Firefox/17.0"
78.43.239.124 - - [16/Dec/2012:15:52:53 +0100] "GET /images/pmthm5.gif HTTP/1.1" 200 2381 "http://www.ksbb.de/" "Mozilla/5.0 (Windows NT 6.1; rv:17.0) Gecko/20100101 Firefox/17.0"
78.43.239.124 - - [16/Dec/2012:15:52:54 +0100] "GET /images/pmthm6.gif HTTP/1.1" 200 1209 "http://www.ksbb.de/" "Mozilla/5.0 (Windows NT 6.1; rv:17.0) Gecko/20100101 Firefox/17.0"
78.43.239.124 - - [16/Dec/2012:15:52:54 +0100] "GET /images/pmthm7.gif HTTP/1.1" 200 2195 "http://www.ksbb.de/" "Mozilla/5.0 (Windows NT 6.1; rv:17.0) Gecko/20100101 Firefox/17.0"
78.43.239.124 - - [16/Dec/2012:15:52:54 +0100] "GET /images/psd.gif HTTP/1.1" 200 111 "http://www.ksbb.de/" "Mozilla/5.0 (Windows NT 6.1; rv:17.0) Gecko/20100101 Firefox/17.0"
78.43.239.124 - - [16/Dec/2012:15:52:54 +0100] "GET /images/pbg.gif HTTP/1.1" 200 52 "http://www.ksbb.de/images/pbg.gif" "Mozilla/5.0 (Windows NT 6.1; rv:17.0) Gecko/20100101 Firefox/17.0"
78.43.239.124 - - [16/Dec/2012:15:52:54 +0100] "GET /images/plvt.gif HTTP/1.1" 200 53 "http://www.ksbb.de/images/plvt.gif" "Mozilla/5.0 (Windows NT 6.1; rv:17.0) Gecko/20100101 Firefox/17.0"
78.43.239.124 - - [16/Dec/2012:15:52:54 +0100] "GET /favicon.ico HTTP/1.1" 404 - "-" "Mozilla/5.0 (Windows NT 6.1; rv:17.0) Gecko/20100101 Firefox/17.0"
78.43.239.124 - - [16/Dec/2012:15:52:54 +0100] "GET /favicon.ico HTTP/1.1" 404 - "-" "Mozilla/5.0 (Windows NT 6.1; rv:17.0) Gecko/20100101 Firefox/17.0"
188.32.134.75 - - [16/Dec/2012:16:35:51 +0100] "GET /images/ss04093.jpg HTTP/1.1" 200 160123 "http://images.yandex.ru/yandsearch?p=12&text=%D1%85%D0%BB%D0%B5%D0%B1%D0%BE%D0%B1%D1%83%D0%BB%D0%BE%D1%87%D0%BD%D1%8B%D0%B5%20%D0%B8%D0%B7%D0%B4%D0%B5%D0%BB%D0%B8%D1%8F&noreask=1&pos=389&rpt=simage&lr=213&img_url=http%3A%2F%2Fs4.images.drive2.ru%2Fuser.blog.photos%2F3840%2F000%2F000%2F03a%2F695%2F88cc08f82315e390-main.jpg" "Mozilla/5.0 (Windows NT 6.1) AppleWebKit/537.11 (KHTML, like Gecko) Chrome/23.0.1271.97 Safari/537.11"
66.249.75.44 - - [16/Dec/2012:17:08:52 +0100] "GET /031d669bf5054cf01/index.php HTTP/1.1" 200 13922 "-" "Mozilla/5.0 (iPhone; U; CPU iPhone OS 4_1 like Mac OS X; en-us) AppleWebKit/532.9 (KHTML, like Gecko) Version/4.0.5 Mobile/8B117 Safari/6531.22.7 (compatible; Googlebot-Mobile/2.1; +http://www.google.com/bot.html)"
66.249.75.44 - - [16/Dec/2012:17:19:49 +0100] "GET /images/w2dsbmt.gif HTTP/1.1" 200 316 "-" "Mozilla/5.0 (compatible; Googlebot/2.1; +http://www.google.com/bot.html)"
66.249.75.44 - - [16/Dec/2012:17:19:50 +0100] "GET /images/pmtsm7.gif HTTP/1.1" 200 2174 "-" "Mozilla/5.0 (compatible; Googlebot/2.1; +http://www.google.com/bot.html)"
83.139.173.164 - - [16/Dec/2012:17:22:42 +0100] "GET /images/ss04093.jpg HTTP/1.1" 200 160123 "http://images.yandex.ru/yandsearch?text=%D0%BA%D1%80%D1%83%D0%B0%D1%81%D1%81%D0%B0%D0%BD&pos=18&isize=large&rpt=simage&img_url=http%3A%2F%2Fwww.traveldeal-s.com%2Fadmin%2Fimages%2FCoffee-Croissant.jpg" "Mozilla/5.0 (Windows NT 5.1) AppleWebKit/537.11 (KHTML, like Gecko) Chrome/23.0.1271.97 Safari/537.11"
123.125.71.57 - - [16/Dec/2012:17:25:04 +0100] "GET / HTTP/1.1" 200 15277 "-" "Mozilla/5.0 (compatible; Baiduspider/2.0; +http://www.baidu.com/search/spider.html)"
220.181.108.110 - - [16/Dec/2012:17:25:06 +0100] "GET / HTTP/1.1" 200 15277 "-" "Mozilla/5.0 (compatible; Baiduspider/2.0; +http://www.baidu.com/search/spider.html)"
176.14.53.147 - - [16/Dec/2012:17:27:30 +0100] "GET /images/ss04093.jpg HTTP/1.1" 200 160123 "http://images.yandex.ru/yandsearch?p=1&text=%D0%BA%D1%80%D1%83%D0%B0%D1%81%D1%81%D0%B0%D0%BD%20%D0%B2%D0%BE%20%D1%84%D1%80%D0%B0%D0%BD%D1%86%D0%B8%D0%B8&pos=43&rpt=simage&img_url=http%3A%2F%2Fmenu.ru%2Fposts%2Fimages%2Fphotos%2F79%2F76%2F64%2Fc4a5dbd66fd35958a9fe8a25df.jpg" "Mozilla/5.0 (Windows NT 5.1; rv:15.0) Gecko/20100101 Firefox/15.0.1"
5.45.192.86 - - [16/Dec/2012:17:36:40 +0100] "GET /images/ss04093.jpg HTTP/1.1" 200 160123 "http://images.yandex.ru/yandsearch?p=42&text=%D0%B6%D0%B0%D0%BB%D1%8E%D0%B7%D0%B8%20%D0%BD%D0%B0%20%D0%BA%D1%83%D1%85%D0%BD%D1%8E%20%D1%84%D0%BE%D1%82%D0%BE&noreask=1&pos=1275&rpt=simage&lr=10987&img_url=http%3A%2F%2Fufa.pulscen.ru%2Fsystem%2Fimages%2Fproduct%2F002%2F453%2F865_medium.jpg" "Mozilla/5.0 (Windows NT 5.1) AppleWebKit/536.5 (KHTML, like Gecko) YaBrowser/1.1.1084.5409 Chrome/19.1.1084.5409 Safari/536.5"
79.224.228.61 - - [16/Dec/2012:18:14:28 +0100] "GET / HTTP/1.1" 200 24292 "-" "Mozilla/5.0 (compatible; MSIE 9.0; Windows NT 6.1; Trident/5.0; MALC)"
79.224.228.61 - - [16/Dec/2012:18:14:28 +0100] "GET /assets/s.css HTTP/1.1" 200 3386 "http://www.ksbb.de/" "Mozilla/5.0 (compatible; MSIE 9.0; Windows NT 6.1; Trident/5.0; MALC)"
79.224.228.61 - - [16/Dec/2012:18:14:28 +0100] "GET /assets/ssb.css HTTP/1.1" 200 657 "http://www.ksbb.de/" "Mozilla/5.0 (compatible; MSIE 9.0; Windows NT 6.1; Trident/5.0; MALC)"
79.224.228.61 - - [16/Dec/2012:18:14:28 +0100] "GET /assets/s.css HTTP/1.1" 200 3386 "http://www.ksbb.de/" "Mozilla/5.0 (compatible; MSIE 9.0; Windows NT 6.1; Trident/5.0; MALC)"
79.224.228.61 - - [16/Dec/2012:18:14:28 +0100] "GET /assets/ssb.css HTTP/1.1" 200 657 "http://www.ksbb.de/" "Mozilla/5.0 (compatible; MSIE 9.0; Windows NT 6.1; Trident/5.0; MALC)"
79.224.228.61 - - [16/Dec/2012:18:14:28 +0100] "GET /images/plms.gif HTTP/1.1" 200 68 "http://www.ksbb.de/" "Mozilla/5.0 (compatible; MSIE 9.0; Windows NT 6.1; Trident/5.0; MALC)"
79.224.228.61 - - [16/Dec/2012:18:14:28 +0100] "GET /images/pltp.gif HTTP/1.1" 200 160 "http://www.ksbb.de/" "Mozilla/5.0 (compatible; MSIE 9.0; Windows NT 6.1; Trident/5.0; MALC)"
79.224.228.61 - - [16/Dec/2012:18:14:28 +0100] "GET /images/pmtm2.gif HTTP/1.1" 200 628 "http://www.ksbb.de/" "Mozilla/5.0 (compatible; MSIE 9.0; Windows NT 6.1; Trident/5.0; MALC)"
79.224.228.61 - - [16/Dec/2012:18:14:29 +0100] "GET /images/pmtm3.gif HTTP/1.1" 200 2032 "http://www.ksbb.de/" "Mozilla/5.0 (compatible; MSIE 9.0; Windows NT 6.1; Trident/5.0; MALC)"
79.224.228.61 - - [16/Dec/2012:18:14:29 +0100] "GET /images/pcp.gif HTTP/1.1" 200 43 "http://www.ksbb.de/" "Mozilla/5.0 (compatible; MSIE 9.0; Windows NT 6.1; Trident/5.0; MALC)"
79.224.228.61 - - [16/Dec/2012:18:14:29 +0100] "GET /images/pmtm4.gif HTTP/1.1" 200 2316 "http://www.ksbb.de/" "Mozilla/5.0 (compatible; MSIE 9.0; Windows NT 6.1; Trident/5.0; MALC)"
79.224.228.61 - - [16/Dec/2012:18:14:29 +0100] "GET /images/phomesm0.gif HTTP/1.1" 200 2239 "http://www.ksbb.de/" "Mozilla/5.0 (compatible; MSIE 9.0; Windows NT 6.1; Trident/5.0; MALC)"
79.224.228.61 - - [16/Dec/2012:18:14:29 +0100] "GET /images/pmtm5.gif HTTP/1.1" 200 2185 "http://www.ksbb.de/" "Mozilla/5.0 (compatible; MSIE 9.0; Windows NT 6.1; Trident/5.0; MALC)"
79.224.228.61 - - [16/Dec/2012:18:14:29 +0100] "GET /images/phnvmtt3.gif HTTP/1.1" 200 2611 "http://www.ksbb.de/" "Mozilla/5.0 (compatible; MSIE 9.0; Windows NT 6.1; Trident/5.0; MALC)"
79.224.228.61 - - [16/Dec/2012:18:14:29 +0100] "GET /images/phnvmtt4.gif HTTP/1.1" 200 2685 "http://www.ksbb.de/" "Mozilla/5.0 (compatible; MSIE 9.0; Windows NT 6.1; Trident/5.0; MALC)"
79.224.228.61 - - [16/Dec/2012:18:14:29 +0100] "GET /images/phnvmtt5.gif HTTP/1.1" 200 2563 "http://www.ksbb.de/" "Mozilla/5.0 (compatible; MSIE 9.0; Windows NT 6.1; Trident/5.0; MALC)"
79.224.228.61 - - [16/Dec/2012:18:14:29 +0100] "GET /images/phnvmtt6.gif HTTP/1.1" 200 1637 "http://www.ksbb.de/" "Mozilla/5.0 (compatible; MSIE 9.0; Windows NT 6.1; Trident/5.0; MALC)"
79.224.228.61 - - [16/Dec/2012:18:14:29 +0100] "GET /images/pbx.gif HTTP/1.1" 200 99 "http://www.ksbb.de/" "Mozilla/5.0 (compatible; MSIE 9.0; Windows NT 6.1; Trident/5.0; MALC)"
79.224.228.61 - - [16/Dec/2012:18:14:29 +0100] "GET /images/plnkn.gif HTTP/1.1" 200 95 "http://www.ksbb.de/" "Mozilla/5.0 (compatible; MSIE 9.0; Windows NT 6.1; Trident/5.0; MALC)"
79.224.228.61 - - [16/Dec/2012:18:14:29 +0100] "GET /images/plogo.gif HTTP/1.1" 200 18153 "http://www.ksbb.de/" "Mozilla/5.0 (compatible; MSIE 9.0; Windows NT 6.1; Trident/5.0; MALC)"
79.224.228.61 - - [16/Dec/2012:18:14:29 +0100] "GET /images/pmtm1.gif HTTP/1.1" 200 1155 "http://www.ksbb.de/" "Mozilla/5.0 (compatible; MSIE 9.0; Windows NT 6.1; Trident/5.0; MALC)"
79.224.228.61 - - [16/Dec/2012:18:14:29 +0100] "GET /images/plmb.gif HTTP/1.1" 200 166 "http://www.ksbb.de/" "Mozilla/5.0 (compatible; MSIE 9.0; Windows NT 6.1; Trident/5.0; MALC)"
79.224.228.61 - - [16/Dec/2012:18:14:29 +0100] "GET /images/pl160.gif HTTP/1.1" 200 70 "http://www.ksbb.de/" "Mozilla/5.0 (compatible; MSIE 9.0; Windows NT 6.1; Trident/5.0; MALC)"
79.224.228.61 - - [16/Dec/2012:18:14:29 +0100] "GET /images/phnvmtt1.gif HTTP/1.1" 200 2551 "http://www.ksbb.de/" "Mozilla/5.0 (compatible; MSIE 9.0; Windows NT 6.1; Trident/5.0; MALC)"
79.224.228.61 - - [16/Dec/2012:18:14:29 +0100] "GET /images/pcmphc1.gif HTTP/1.1" 200 2164 "http://www.ksbb.de/" "Mozilla/5.0 (compatible; MSIE 9.0; Windows NT 6.1; Trident/5.0; MALC)"
79.224.228.61 - - [16/Dec/2012:18:14:29 +0100] "GET /images/pcmpc2.gif HTTP/1.1" 200 1240 "http://www.ksbb.de/" "Mozilla/5.0 (compatible; MSIE 9.0; Windows NT 6.1; Trident/5.0; MALC)"
79.224.228.61 - - [16/Dec/2012:18:14:29 +0100] "GET /images/pcmphc2.gif HTTP/1.1" 200 2299 "http://www.ksbb.de/" "Mozilla/5.0 (compatible; MSIE 9.0; Windows NT 6.1; Trident/5.0; MALC)"
79.224.228.61 - - [16/Dec/2012:18:14:29 +0100] "GET /images/phnvmtht2.gif HTTP/1.1" 200 1696 "http://www.ksbb.de/" "Mozilla/5.0 (compatible; MSIE 9.0; Windows NT 6.1; Trident/5.0; MALC)"
79.224.228.61 - - [16/Dec/2012:18:14:29 +0100] "GET /images/phnvmtht3.gif HTTP/1.1" 200 2679 "http://www.ksbb.de/" "Mozilla/5.0 (compatible; MSIE 9.0; Windows NT 6.1; Trident/5.0; MALC)"
79.224.228.61 - - [16/Dec/2012:18:14:29 +0100] "GET /images/phnvmtht4.gif HTTP/1.1" 200 2627 "http://www.ksbb.de/" "Mozilla/5.0 (compatible; MSIE 9.0; Windows NT 6.1; Trident/5.0; MALC)"
79.224.228.61 - - [16/Dec/2012:18:14:29 +0100] "GET /images/phnvmtht5.gif HTTP/1.1" 200 2500 "http://www.ksbb.de/" "Mozilla/5.0 (compatible; MSIE 9.0; Windows NT 6.1; Trident/5.0; MALC)"
79.224.228.61 - - [16/Dec/2012:18:14:29 +0100] "GET /images/pmthm1.gif HTTP/1.1" 200 2169 "http://www.ksbb.de/" "Mozilla/5.0 (compatible; MSIE 9.0; Windows NT 6.1; Trident/5.0; MALC)"
79.224.228.61 - - [16/Dec/2012:18:14:29 +0100] "GET /images/phnvmtht7.gif HTTP/1.1" 200 2615 "http://www.ksbb.de/" "Mozilla/5.0 (compatible; MSIE 9.0; Windows NT 6.1; Trident/5.0; MALC)"
79.224.228.61 - - [16/Dec/2012:18:14:29 +0100] "GET /images/pmthm3.gif HTTP/1.1" 200 2275 "http://www.ksbb.de/" "Mozilla/5.0 (compatible; MSIE 9.0; Windows NT 6.1; Trident/5.0; MALC)"
79.224.228.61 - - [16/Dec/2012:18:14:29 +0100] "GET /images/pmthm4.gif HTTP/1.1" 200 2518 "http://www.ksbb.de/" "Mozilla/5.0 (compatible; MSIE 9.0; Windows NT 6.1; Trident/5.0; MALC)"
79.224.228.61 - - [16/Dec/2012:18:14:29 +0100] "GET /images/pmthm5.gif HTTP/1.1" 200 2381 "http://www.ksbb.de/" "Mozilla/5.0 (compatible; MSIE 9.0; Windows NT 6.1; Trident/5.0; MALC)"
79.224.228.61 - - [16/Dec/2012:18:14:29 +0100] "GET /images/pmthm6.gif HTTP/1.1" 200 1209 "http://www.ksbb.de/" "Mozilla/5.0 (compatible; MSIE 9.0; Windows NT 6.1; Trident/5.0; MALC)"
79.224.228.61 - - [16/Dec/2012:18:14:29 +0100] "GET /images/pmthm7.gif HTTP/1.1" 200 2195 "http://www.ksbb.de/" "Mozilla/5.0 (compatible; MSIE 9.0; Windows NT 6.1; Trident/5.0; MALC)"
79.224.228.61 - - [16/Dec/2012:18:14:29 +0100] "GET /images/ksbb1_sbp.jpg HTTP/1.1" 200 3871 "http://www.ksbb.de/" "Mozilla/5.0 (compatible; MSIE 9.0; Windows NT 6.1; Trident/5.0; MALC)"
79.224.228.61 - - [16/Dec/2012:18:14:29 +0100] "GET /images/ulslogosbp_sbp.jpg HTTP/1.1" 200 1896 "http://www.ksbb.de/" "Mozilla/5.0 (compatible; MSIE 9.0; Windows NT 6.1; Trident/5.0; MALC)"
79.224.228.61 - - [16/Dec/2012:18:14:29 +0100] "GET /images/iso9001_sbp.jpg HTTP/1.1" 200 4462 "http://www.ksbb.de/" "Mozilla/5.0 (compatible; MSIE 9.0; Windows NT 6.1; Trident/5.0; MALC)"
79.224.228.61 - - [16/Dec/2012:18:14:29 +0100] "GET /images/logoprofex_sbp.gif HTTP/1.1" 200 3524 "http://www.ksbb.de/" "Mozilla/5.0 (compatible; MSIE 9.0; Windows NT 6.1; Trident/5.0; MALC)"
79.224.228.61 - - [16/Dec/2012:18:14:29 +0100] "GET /images/pbg.gif HTTP/1.1" 200 52 "http://www.ksbb.de/" "Mozilla/5.0 (compatible; MSIE 9.0; Windows NT 6.1; Trident/5.0; MALC)"
79.224.228.61 - - [16/Dec/2012:18:14:29 +0100] "GET /images/plvt.gif HTTP/1.1" 200 53 "http://www.ksbb.de/" "Mozilla/5.0 (compatible; MSIE 9.0; Windows NT 6.1; Trident/5.0; MALC)"
79.224.228.61 - - [16/Dec/2012:18:14:29 +0100] "GET /images/pd.gif HTTP/1.1" 200 111 "http://www.ksbb.de/" "Mozilla/5.0 (compatible; MSIE 9.0; Windows NT 6.1; Trident/5.0; MALC)"
79.224.228.61 - - [16/Dec/2012:18:14:29 +0100] "GET /images/phnvmtt2.gif HTTP/1.1" 200 1637 "http://www.ksbb.de/" "Mozilla/5.0 (compatible; MSIE 9.0; Windows NT 6.1; Trident/5.0; MALC)"
79.224.228.61 - - [16/Dec/2012:18:14:29 +0100] "GET /images/mev23003_72.jpg HTTP/1.1" 200 2106 "http://www.ksbb.de/" "Mozilla/5.0 (compatible; MSIE 9.0; Windows NT 6.1; Trident/5.0; MALC)"
79.224.228.61 - - [16/Dec/2012:18:14:29 +0100] "GET /images/mev14046_72.jpg HTTP/1.1" 200 1662 "http://www.ksbb.de/" "Mozilla/5.0 (compatible; MSIE 9.0; Windows NT 6.1; Trident/5.0; MALC)"
79.224.228.61 - - [16/Dec/2012:18:14:29 +0100] "GET /images/55275_72.jpg HTTP/1.1" 200 2381 "http://www.ksbb.de/" "Mozilla/5.0 (compatible; MSIE 9.0; Windows NT 6.1; Trident/5.0; MALC)"
79.224.228.61 - - [16/Dec/2012:18:14:29 +0100] "GET /images/plmc.gif HTTP/1.1" 200 166 "http://www.ksbb.de/" "Mozilla/5.0 (compatible; MSIE 9.0; Windows NT 6.1; Trident/5.0; MALC)"
79.224.228.61 - - [16/Dec/2012:18:14:29 +0100] "GET /images/pmtm6.gif HTTP/1.1" 200 628 "http://www.ksbb.de/" "Mozilla/5.0 (compatible; MSIE 9.0; Windows NT 6.1; Trident/5.0; MALC)"
79.224.228.61 - - [16/Dec/2012:18:14:29 +0100] "GET /images/pmtm7.gif HTTP/1.1" 200 1174 "http://www.ksbb.de/" "Mozilla/5.0 (compatible; MSIE 9.0; Windows NT 6.1; Trident/5.0; MALC)"
79.224.228.61 - - [16/Dec/2012:18:14:29 +0100] "GET /images/plma.gif HTTP/1.1" 200 164 "http://www.ksbb.de/" "Mozilla/5.0 (compatible; MSIE 9.0; Windows NT 6.1; Trident/5.0; MALC)"
79.224.228.61 - - [16/Dec/2012:18:14:29 +0100] "GET /images/phnvmtht1.gif HTTP/1.1" 200 2613 "http://www.ksbb.de/" "Mozilla/5.0 (compatible; MSIE 9.0; Windows NT 6.1; Trident/5.0; MALC)"
79.224.228.61 - - [16/Dec/2012:18:14:29 +0100] "GET /images/phnvmtht6.gif HTTP/1.1" 200 1696 "http://www.ksbb.de/" "Mozilla/5.0 (compatible; MSIE 9.0; Windows NT 6.1; Trident/5.0; MALC)"
79.224.228.61 - - [16/Dec/2012:18:14:29 +0100] "GET /images/pmthm2.gif HTTP/1.1" 200 1209 "http://www.ksbb.de/" "Mozilla/5.0 (compatible; MSIE 9.0; Windows NT 6.1; Trident/5.0; MALC)"
79.224.228.61 - - [16/Dec/2012:18:14:29 +0100] "GET /images/psd.gif HTTP/1.1" 200 111 "http://www.ksbb.de/" "Mozilla/5.0 (compatible; MSIE 9.0; Windows NT 6.1; Trident/5.0; MALC)"
79.224.228.61 - - [16/Dec/2012:18:14:29 +0100] "GET /images/pcmpc1.gif HTTP/1.1" 200 1155 "http://www.ksbb.de/" "Mozilla/5.0 (compatible; MSIE 9.0; Windows NT 6.1; Trident/5.0; MALC)"
79.224.228.61 - - [16/Dec/2012:18:14:29 +0100] "GET /images/phnvmtt7.gif HTTP/1.1" 200 2552 "http://www.ksbb.de/" "Mozilla/5.0 (compatible; MSIE 9.0; Windows NT 6.1; Trident/5.0; MALC)"
79.224.228.61 - - [16/Dec/2012:18:14:29 +0100] "GET /images/plbt.gif HTTP/1.1" 200 161 "http://www.ksbb.de/" "Mozilla/5.0 (compatible; MSIE 9.0; Windows NT 6.1; Trident/5.0; MALC)"
79.224.228.61 - - [16/Dec/2012:18:14:30 +0100] "GET /favicon.ico HTTP/1.1" 404 - "-" "Mozilla/5.0 (compatible; MSIE 9.0; Windows NT 6.1; Trident/5.0; MALC)"
217.66.146.3 - - [16/Dec/2012:20:01:02 +0100] "GET /images/ss04093.jpg HTTP/1.1" 200 160123 "http://images.yandex.ru/yandsearch?text=%D0%BA%D1%80%D1%83%D0%B0%D1%81%D1%81%D0%B0%D0%BD%20%D0%BA%D0%B0%D1%84%D0%B5%20%D0%B3%D0%BE%D1%80%D1%8C%D0%BA%D0%BE%D0%B3%D0%BE%20%D1%84%D0%BE%D1%82%D0%BE&noreask=1&pos=0&rpt=simage&lr=22&img_url=http%3A%2F%2Fcdn2.rugrad.eu%2Fiblock%2Fc8c%2Fc8c0fcb0ee7121bd4197f48a3cbf215d.JPG" "Mozilla/5.0 (Windows NT 6.1; rv:17.0) Gecko/20100101 Firefox/17.0"
37.140.141.34 - - [16/Dec/2012:20:01:09 +0100] "GET /robots.txt HTTP/1.1" 404 - "-" "Mozilla/5.0 (compatible; YandexImages/3.0; +http://yandex.com/bots)"
37.140.141.34 - - [16/Dec/2012:20:18:54 +0100] "GET /images/pcmpc2.gif HTTP/1.1" 200 1240 "-" "Mozilla/5.0 (compatible; YandexImages/3.0; +http://yandex.com/bots)"
123.125.71.48 - - [16/Dec/2012:20:18:54 +0100] "GET / HTTP/1.1" 200 17695 "-" "Mozilla/5.0 (compatible; Baiduspider/2.0; +http://www.baidu.com/search/spider.html)"
220.181.108.85 - - [16/Dec/2012:20:18:55 +0100] "GET / HTTP/1.1" 200 24056 "-" "Mozilla/5.0 (compatible; Baiduspider/2.0; +http://www.baidu.com/search/spider.html)"
37.140.141.34 - - [16/Dec/2012:20:27:55 +0100] "GET /images/plbt.gif HTTP/1.1" 200 161 "-" "Mozilla/5.0 (compatible; YandexImages/3.0; +http://yandex.com/bots)"
37.140.141.34 - - [16/Dec/2012:20:44:59 +0100] "GET /images/pbk.gif HTTP/1.1" 200 112 "-" "Mozilla/5.0 (compatible; YandexImages/3.0; +http://yandex.com/bots)"
157.55.33.181 - - [16/Dec/2012:20:50:24 +0100] "GET /robots.txt HTTP/1.1" 404 - "-" "Mozilla/5.0 (compatible; bingbot/2.0; +http://www.bing.com/bingbot.htm)"
157.55.33.181 - - [16/Dec/2012:20:52:05 +0100] "GET / HTTP/1.1" 200 24292 "-" "Mozilla/5.0 (compatible; bingbot/2.0; +http://www.bing.com/bingbot.htm)"
37.140.141.34 - - [16/Dec/2012:21:10:39 +0100] "GET /images/iso9001_sbp.jpg HTTP/1.1" 200 4462 "-" "Mozilla/5.0 (compatible; YandexImages/3.0; +http://yandex.com/bots)"
37.140.141.34 - - [16/Dec/2012:21:27:51 +0100] "GET /images/pnvtt2m5.gif HTTP/1.1" 200 2756 "-" "Mozilla/5.0 (compatible; YandexImages/3.0; +http://yandex.com/bots)"
37.140.141.34 - - [16/Dec/2012:21:45:11 +0100] "GET /images/mev09037.jpg HTTP/1.1" 200 74301 "-" "Mozilla/5.0 (compatible; YandexImages/3.0; +http://yandex.com/bots)"
188.255.88.123 - - [16/Dec/2012:21:55:38 +0100] "GET /images/ss04093.jpg HTTP/1.1" 200 160123 "http://images.yandex.ru/yandsearch?p=31&text=%D0%A0%D0%B5%D1%82%D1%80%D0%BE%20%D1%84%D0%BE%D1%82%D0%BE%20%D1%81%D0%BF%D0%BE%D1%80%D1%82%D1%81%D0%BC%D0%B5%D0%BD%D0%BE%D0%B2&pos=948&rpt=simage&img_url=http%3A%2F%2Fwww.bicycle-gifts.com%2Fjpg%2Fq45.jpg" "Mozilla/5.0 (iPad; CPU OS 5_1_1 like Mac OS X) AppleWebKit/534.46 (KHTML, like Gecko) Version/5.1 Mobile/9B206 Safari/7534.48.3"
37.140.141.34 - - [16/Dec/2012:22:11:41 +0100] "GET /images/pnvtst2m6.gif HTTP/1.1" 200 1902 "-" "Mozilla/5.0 (compatible; YandexImages/3.0; +http://yandex.com/bots)"
37.140.141.34 - - [16/Dec/2012:22:29:44 +0100] "GET /images/pnvtst2m2.gif HTTP/1.1" 200 2519 "-" "Mozilla/5.0 (compatible; YandexImages/3.0; +http://yandex.com/bots)"
37.140.141.34 - - [16/Dec/2012:22:38:38 +0100] "GET /images/pl160.gif HTTP/1.1" 200 70 "-" "Mozilla/5.0 (compatible; YandexImages/3.0; +http://yandex.com/bots)"
37.140.141.34 - - [16/Dec/2012:22:47:25 +0100] "GET /images/pnvtt3m1.gif HTTP/1.1" 200 2508 "-" "Mozilla/5.0 (compatible; YandexImages/3.0; +http://yandex.com/bots)"
37.140.141.34 - - [16/Dec/2012:23:05:04 +0100] "GET /images/30288_158.jpg HTTP/1.1" 200 6435 "-" "Mozilla/5.0 (compatible; YandexImages/3.0; +http://yandex.com/bots)"
123.125.71.51 - - [16/Dec/2012:23:19:11 +0100] "GET / HTTP/1.1" 200 24056 "-" "Mozilla/5.0 (compatible; Baiduspider/2.0; +http://www.baidu.com/search/spider.html)"
220.181.108.75 - - [16/Dec/2012:23:19:13 +0100] "GET / HTTP/1.1" 200 22500 "-" "Mozilla/5.0 (compatible; Baiduspider/2.0; +http://www.baidu.com/search/spider.html)"
157.55.33.181 - - [16/Dec/2012:23:27:16 +0100] "GET /robots.txt HTTP/1.1" 404 - "-" "Mozilla/5.0 (compatible; bingbot/2.0; +http://www.bing.com/bingbot.htm)"
157.55.33.181 - - [16/Dec/2012:23:29:00 +0100] "GET / HTTP/1.1" 200 24292 "-" "Mozilla/5.0 (compatible; bingbot/2.0; +http://www.bing.com/bingbot.htm)"
157.55.33.181 - - [16/Dec/2012:23:29:00 +0100] "GET /000001985b0d93482/000001985b0da2285/index.php HTTP/1.1" 200 16416 "-" "Mozilla/5.0 (compatible; bingbot/2.0; +http://www.bing.com/bingbot.htm)"
157.55.33.111 - - [16/Dec/2012:23:29:33 +0100] "GET /00000198660a80203/index.php HTTP/1.1" 200 12659 "-" "Mozilla/5.0 (compatible; bingbot/2.0; +http://www.bing.com/bingbot.htm)"
37.140.141.34 - - [16/Dec/2012:23:33:44 +0100] "GET /images/route02.gif HTTP/1.1" 200 47743 "-" "Mozilla/5.0 (compatible; YandexImages/3.0; +http://yandex.com/bots)"
37.140.141.34 - - [17/Dec/2012:00:05:38 +0100] "GET /images/pnvtt2m1.gif HTTP/1.1" 200 2574 "-" "Mozilla/5.0 (compatible; YandexImages/3.0; +http://yandex.com/bots)"
37.140.141.34 - - [17/Dec/2012:00:59:44 +0100] "GET /images/55275_158.jpg HTTP/1.1" 200 5615 "-" "Mozilla/5.0 (compatible; YandexImages/3.0; +http://yandex.com/bots)"
37.140.141.34 - - [17/Dec/2012:01:32:34 +0100] "GET /images/55275.jpg HTTP/1.1" 200 77367 "-" "Mozilla/5.0 (compatible; YandexImages/3.0; +http://yandex.com/bots)"
37.140.141.34 - - [17/Dec/2012:01:43:28 +0100] "GET /images/pcp.gif HTTP/1.1" 200 43 "-" "Mozilla/5.0 (compatible; YandexImages/3.0; +http://yandex.com/bots)"
37.140.141.34 - - [17/Dec/2012:02:06:17 +0100] "GET /images/mev22050_158.jpg HTTP/1.1" 200 3505 "-" "Mozilla/5.0 (compatible; YandexImages/3.0; +http://yandex.com/bots)"
37.140.141.34 - - [17/Dec/2012:02:17:16 +0100] "GET /images/mev14046.jpg HTTP/1.1" 200 70680 "-" "Mozilla/5.0 (compatible; YandexImages/3.0; +http://yandex.com/bots)"
37.140.141.34 - - [17/Dec/2012:02:38:40 +0100] "GET /images/pmtm1.gif HTTP/1.1" 200 1155 "-" "Mozilla/5.0 (compatible; YandexImages/3.0; +http://yandex.com/bots)"
37.140.141.34 - - [17/Dec/2012:03:10:56 +0100] "GET /images/pbx.gif HTTP/1.1" 200 99 "-" "Mozilla/5.0 (compatible; YandexImages/3.0; +http://yandex.com/bots)"
37.140.141.34 - - [17/Dec/2012:03:33:10 +0100] "GET /images/pmtm3.gif HTTP/1.1" 200 2032 "-" "Mozilla/5.0 (compatible; YandexImages/3.0; +http://yandex.com/bots)"
37.140.141.34 - - [17/Dec/2012:03:54:50 +0100] "GET /images/pnvtt2m2.gif HTTP/1.1" 200 2589 "-" "Mozilla/5.0 (compatible; YandexImages/3.0; +http://yandex.com/bots)"
37.140.141.34 - - [17/Dec/2012:04:37:56 +0100] "GET /images/pnvtst2m1.gif HTTP/1.1" 200 2630 "-" "Mozilla/5.0 (compatible; YandexImages/3.0; +http://yandex.com/bots)"
37.140.141.34 - - [17/Dec/2012:04:59:15 +0100] "GET /images/30288.jpg HTTP/1.1" 200 184160 "-" "Mozilla/5.0 (compatible; YandexImages/3.0; +http://yandex.com/bots)"
37.140.141.34 - - [17/Dec/2012:05:10:00 +0100] "GET /images/phnvmtt5.gif HTTP/1.1" 200 2563 "-" "Mozilla/5.0 (compatible; YandexImages/3.0; +http://yandex.com/bots)"
37.140.141.34 - - [17/Dec/2012:05:21:15 +0100] "GET /images/phnvmtt3.gif HTTP/1.1" 200 2611 "-" "Mozilla/5.0 (compatible; YandexImages/3.0; +http://yandex.com/bots)"
123.125.71.74 - - [17/Dec/2012:05:59:20 +0100] "GET /robots.txt HTTP/1.1" 404 - "-" "Mozilla/5.0 (Windows NT 5.1; rv:6.0.2) Gecko/20100101 Firefox/6.0.2"
37.140.141.34 - - [17/Dec/2012:06:04:29 +0100] "GET /images/plnkn.gif HTTP/1.1" 200 95 "-" "Mozilla/5.0 (compatible; YandexImages/3.0; +http://yandex.com/bots)"
37.140.141.34 - - [17/Dec/2012:06:37:13 +0100] "GET /images/pnvtt4m1.gif HTTP/1.1" 200 2509 "-" "Mozilla/5.0 (compatible; YandexImages/3.0; +http://yandex.com/bots)"
178.94.50.14 - - [17/Dec/2012:06:58:09 +0100] "GET /images/ss04093.jpg HTTP/1.1" 200 160123 "http://images.yandex.ua/yandsearch?text=%D0%BA%D1%80%D1%83%D0%B0%D1%81%D1%81%D0%B0%D0%BD&pos=22&isize=large&rpt=simage&img_url=http%3A%2F%2Fwww.traveldeal-s.com%2Fadmin%2Fimages%2FCoffee-Croissant.jpg" "Mozilla/5.0 (Windows NT 6.1; WOW64) AppleWebKit/537.11 (KHTML, like Gecko) Chrome/23.0.1271.97 Safari/537.11"
37.140.141.34 - - [17/Dec/2012:06:59:56 +0100] "GET /images/ss04035_52.jpg HTTP/1.1" 200 1595 "-" "Mozilla/5.0 (compatible; YandexImages/3.0; +http://yandex.com/bots)"
37.140.141.34 - - [17/Dec/2012:07:10:38 +0100] "GET /images/phnvmtt2.gif HTTP/1.1" 200 1637 "-" "Mozilla/5.0 (compatible; YandexImages/3.0; +http://yandex.com/bots)"
123.125.71.59 - - [17/Dec/2012:07:19:48 +0100] "GET / HTTP/1.1" 200 20003 "-" "Mozilla/5.0 (compatible; Baiduspider/2.0; +http://www.baidu.com/search/spider.html)"
220.181.108.82 - - [17/Dec/2012:07:19:49 +0100] "GET / HTTP/1.1" 200 15277 "-" "Mozilla/5.0 (compatible; Baiduspider/2.0; +http://www.baidu.com/search/spider.html)"
37.140.141.34 - - [17/Dec/2012:07:32:46 +0100] "GET /images/pnvtt1m5.gif HTTP/1.1" 200 2706 "-" "Mozilla/5.0 (compatible; YandexImages/3.0; +http://yandex.com/bots)"
37.140.141.34 - - [17/Dec/2012:07:44:33 +0100] "GET /images/pbul.gif HTTP/1.1" 200 97 "-" "Mozilla/5.0 (compatible; YandexImages/3.0; +http://yandex.com/bots)"
37.140.141.34 - - [17/Dec/2012:08:03:08 +0100] "GET /images/pmtsm5.gif HTTP/1.1" 200 2379 "-" "Mozilla/5.0 (compatible; YandexImages/3.0; +http://yandex.com/bots)"
62.231.181.17 - - [17/Dec/2012:08:25:59 +0100] "GET /images/ss04093.jpg HTTP/1.1" 200 160123 "http://images.yandex.ru/" "Mozilla/5.0 (compatible; MSIE 9.0; Windows NT 6.1; Trident/5.0)"
37.140.141.34 - - [17/Dec/2012:08:46:45 +0100] "GET /images/mev09037_158.jpg HTTP/1.1" 200 4414 "-" "Mozilla/5.0 (compatible; YandexImages/3.0; +http://yandex.com/bots)"
37.140.141.34 - - [17/Dec/2012:09:08:22 +0100] "GET /images/ss04093_158.jpg HTTP/1.1" 200 9642 "-" "Mozilla/5.0 (compatible; YandexImages/3.0; +http://yandex.com/bots)"
37.140.141.34 - - [17/Dec/2012:09:19:56 +0100] "GET /images/pnvtst1m1.gif HTTP/1.1" 200 2689 "-" "Mozilla/5.0 (compatible; YandexImages/3.0; +http://yandex.com/bots)"
37.140.141.34 - - [17/Dec/2012:09:41:33 +0100] "GET /images/pmtsm2.gif HTTP/1.1" 200 1201 "-" "Mozilla/5.0 (compatible; YandexImages/3.0; +http://yandex.com/bots)"
37.140.141.34 - - [17/Dec/2012:09:52:10 +0100] "GET /images/phomesm0.gif HTTP/1.1" 200 2239 "-" "Mozilla/5.0 (compatible; YandexImages/3.0; +http://yandex.com/bots)"
37.112.215.170 - - [17/Dec/2012:10:05:12 +0100] "GET /images/ss04093.jpg HTTP/1.1" 200 160123 "http://images.yandex.ru/yandsearch?p=1&text=%D0%BA%D0%B0%D0%BA%20%D0%B4%D0%B5%D0%BB%D0%B0%D1%82%D1%8C%20%D0%BA%D1%80%D1%83%D0%B0%D1%81%D1%81%D0%B0%D0%BD%D1%8B&noreask=1&pos=45&rpt=simage&lr=213&img_url=http%3A%2F%2Fartnow.ru%2Fimg%2F315000%2F315927s.jpg" "Mozilla/5.0 (Windows NT 6.0; rv:17.0) Gecko/20100101 Firefox/17.0"
37.140.141.34 - - [17/Dec/2012:10:35:15 +0100] "GET /images/pmtsm6.gif HTTP/1.1" 200 1201 "-" "Mozilla/5.0 (compatible; YandexImages/3.0; +http://yandex.com/bots)"
37.140.141.34 - - [17/Dec/2012:10:56:22 +0100] "GET /images/pnvtst1m6.gif HTTP/1.1" 200 2712 "-" "Mozilla/5.0 (compatible; YandexImages/3.0; +http://yandex.com/bots)"
37.140.141.34 - - [17/Dec/2012:11:17:31 +0100] "GET /images/mev23003_579.jpg HTTP/1.1" 200 36971 "-" "Mozilla/5.0 (compatible; YandexImages/3.0; +http://yandex.com/bots)"
37.140.141.34 - - [17/Dec/2012:11:38:32 +0100] "GET /images/pnvtst2m5.gif HTTP/1.1" 200 2690 "-" "Mozilla/5.0 (compatible; YandexImages/3.0; +http://yandex.com/bots)"
37.140.141.34 - - [17/Dec/2012:11:58:53 +0100] "GET /images/phnvmtt7.gif HTTP/1.1" 200 2552 "-" "Mozilla/5.0 (compatible; YandexImages/3.0; +http://yandex.com/bots)"
213.238.8.146 - - [17/Dec/2012:12:14:02 +0100] "GET /images/ss04093.jpg HTTP/1.0" 200 160123 "http://images.yandex.ua/yandsearch?text=%D0%BA%D1%80%D1%83%D0%B0%D1%81%D1%81%D0%B0%D0%BD&pos=26&iorient=vertical&rpt=simage&img_url=http%3A%2F%2Fwww.uel.ac.uk%2Fcatering%2Fimages%2Fcappucino.jpg" "Mozilla/5.0 (Windows NT 6.1; rv:16.0) Gecko/20100101 Firefox/16.0"
37.140.141.34 - - [17/Dec/2012:12:19:59 +0100] "GET /images/pcmpc1.gif HTTP/1.1" 200 1155 "-" "Mozilla/5.0 (compatible; YandexImages/3.0; +http://yandex.com/bots)"
37.140.141.34 - - [17/Dec/2012:12:31:44 +0100] "GET /images/pnvtt3m2.gif HTTP/1.1" 200 2723 "-" "Mozilla/5.0 (compatible; YandexImages/3.0; +http://yandex.com/bots)"
37.140.141.34 - - [17/Dec/2012:12:52:12 +0100] "GET /images/pmtm2.gif HTTP/1.1" 200 628 "-" "Mozilla/5.0 (compatible; YandexImages/3.0; +http://yandex.com/bots)"
37.140.141.34 - - [17/Dec/2012:13:02:14 +0100] "GET /images/30288_52.jpg HTTP/1.1" 200 1557 "-" "Mozilla/5.0 (compatible; YandexImages/3.0; +http://yandex.com/bots)"
37.140.141.34 - - [17/Dec/2012:13:22:38 +0100] "GET /images/plogo.gif HTTP/1.1" 200 18153 "-" "Mozilla/5.0 (compatible; YandexImages/3.0; +http://yandex.com/bots)"
37.140.141.34 - - [17/Dec/2012:13:54:26 +0100] "GET /images/pnvtt1m1.gif HTTP/1.1" 200 2633 "-" "Mozilla/5.0 (compatible; YandexImages/3.0; +http://yandex.com/bots)"
37.140.141.34 - - [17/Dec/2012:14:15:13 +0100] "GET /images/mev22050.jpg HTTP/1.1" 200 75047 "-" "Mozilla/5.0 (compatible; YandexImages/3.0; +http://yandex.com/bots)"
37.140.141.34 - - [17/Dec/2012:14:25:34 +0100] "GET /images/phnvmtt1.gif HTTP/1.1" 200 2551 "-" "Mozilla/5.0 (compatible; YandexImages/3.0; +http://yandex.com/bots)"
37.140.141.34 - - [17/Dec/2012:14:45:59 +0100] "GET /images/mev23003_72.jpg HTTP/1.1" 200 2106 "-" "Mozilla/5.0 (compatible; YandexImages/3.0; +http://yandex.com/bots)"
37.140.141.34 - - [17/Dec/2012:15:06:25 +0100] "GET /images/ksbb1_sbp.jpg HTTP/1.1" 200 3871 "-" "Mozilla/5.0 (compatible; YandexImages/3.0; +http://yandex.com/bots)"
37.140.141.34 - - [17/Dec/2012:15:26:40 +0100] "GET /images/pnvtt4m2.gif HTTP/1.1" 200 2699 "-" "Mozilla/5.0 (compatible; YandexImages/3.0; +http://yandex.com/bots)"
66.249.76.44 - - [17/Dec/2012:15:35:04 +0100] "GET /robots.txt HTTP/1.1" 404 - "-" "Mozilla/5.0 (compatible; Googlebot/2.1; +http://www.google.com/bot.html)"
66.249.76.44 - - [17/Dec/2012:15:35:04 +0100] "GET / HTTP/1.1" 200 24284 "-" "DoCoMo/2.0 N905i(c100;TB;W24H16) (compatible; Googlebot-Mobile/2.1; +http://www.google.com/bot.html)"
37.140.141.34 - - [17/Dec/2012:15:38:09 +0100] "GET /images/mev14046_72.jpg HTTP/1.1" 200 1662 "-" "Mozilla/5.0 (compatible; YandexImages/3.0; +http://yandex.com/bots)"
37.140.141.34 - - [17/Dec/2012:15:51:00 +0100] "GET /images/mev14046_52.jpg HTTP/1.1" 200 1285 "-" "Mozilla/5.0 (compatible; YandexImages/3.0; +http://yandex.com/bots)"
92.255.198.124 - - [17/Dec/2012:16:11:10 +0100] "GET /images/ss04093.jpg HTTP/1.1" 200 160123 "http://images.yandex.ru/yandsearch?p=2&text=%D0%BA%D1%80%D1%83%D0%B0%D1%81%D1%81%D0%B0%D0%BD%D1%8B&pos=79&rpt=simage&img_url=http%3A%2F%2Fstat11.privet.ru%2Ftb%2F0801ba1dcea5fb96faa3006ada97a7e6" "Mozilla/5.0 (Windows NT 6.1; WOW64) AppleWebKit/537.11 (KHTML, like Gecko) Chrome/23.0.1271.97 Safari/537.11"
37.140.141.34 - - [17/Dec/2012:16:13:44 +0100] "GET /images/phnvmtt4.gif HTTP/1.1" 200 2685 "-" "Mozilla/5.0 (compatible; YandexImages/3.0; +http://yandex.com/bots)"
92.126.92.13 - - [17/Dec/2012:16:17:23 +0100] "GET /images/ss04093.jpg HTTP/1.1" 200 160123 "http://images.yandex.ru/yandsearch?p=2&text=%D0%BA%D1%80%D1%83%D0%B0%D1%81%D1%81%D0%B0%D0%BD%D1%8B&noreask=1&pos=79&rpt=simage&lr=62&img_url=http%3A%2F%2Fstat11.privet.ru%2Ftb%2F0801ba1dcea5fb96faa3006ada97a7e6" "Mozilla/5.0 (Windows NT 6.1) AppleWebKit/536.5 (KHTML, like Gecko) YaBrowser/1.1.1084.5409 Chrome/19.1.1084.5409 Safari/536.5"
37.140.141.34 - - [17/Dec/2012:16:55:14 +0100] "GET /images/phnvmtt6.gif HTTP/1.1" 200 1637 "-" "Mozilla/5.0 (compatible; YandexImages/3.0; +http://yandex.com/bots)"
37.140.141.34 - - [17/Dec/2012:17:05:11 +0100] "GET /images/pnvtst1m4.gif HTTP/1.1" 200 2515 "-" "Mozilla/5.0 (compatible; YandexImages/3.0; +http://yandex.com/bots)"
37.140.141.34 - - [17/Dec/2012:17:15:43 +0100] "GET /images/route02_158.gif HTTP/1.1" 200 6033 "-" "Mozilla/5.0 (compatible; YandexImages/3.0; +http://yandex.com/bots)"
37.140.141.34 - - [17/Dec/2012:17:37:43 +0100] "GET /images/pnvtt1m2.gif HTTP/1.1" 200 2551 "-" "Mozilla/5.0 (compatible; YandexImages/3.0; +http://yandex.com/bots)"
37.140.141.34 - - [17/Dec/2012:18:08:18 +0100] "GET /images/pnvtt2m6.gif HTTP/1.1" 200 1847 "-" "Mozilla/5.0 (compatible; YandexImages/3.0; +http://yandex.com/bots)"
37.140.141.34 - - [17/Dec/2012:18:20:35 +0100] "GET /images/plms.gif HTTP/1.1" 200 68 "-" "Mozilla/5.0 (compatible; YandexImages/3.0; +http://yandex.com/bots)"
37.140.141.34 - - [17/Dec/2012:18:30:46 +0100] "GET /images/pnvtst4m2.gif HTTP/1.1" 200 2630 "-" "Mozilla/5.0 (compatible; YandexImages/3.0; +http://yandex.com/bots)"
37.140.141.34 - - [17/Dec/2012:18:43:09 +0100] "GET /images/phomem0.gif HTTP/1.1" 200 2022 "-" "Mozilla/5.0 (compatible; YandexImages/3.0; +http://yandex.com/bots)"
37.140.141.34 - - [17/Dec/2012:19:34:16 +0100] "GET /robots.txt HTTP/1.1" 404 - "-" "Mozilla/5.0 (compatible; YandexImages/3.0; +http://yandex.com/bots)"
66.249.76.44 - - [17/Dec/2012:19:47:32 +0100] "GET /000001985b0d93482/000001985c0868401/index.php HTTP/1.1" 200 20292 "-" "Mozilla/5.0 (iPhone; U; CPU iPhone OS 4_1 like Mac OS X; en-us) AppleWebKit/532.9 (KHTML, like Gecko) Version/4.0.5 Mobile/8B117 Safari/6531.22.7 (compatible; Googlebot-Mobile/2.1; +http://www.google.com/bot.html)"
37.140.141.34 - - [17/Dec/2012:19:51:18 +0100] "GET /images/mev14046_158.jpg HTTP/1.1" 200 3375 "-" "Mozilla/5.0 (compatible; YandexImages/3.0; +http://yandex.com/bots)"
66.249.76.44 - - [17/Dec/2012:19:59:31 +0100] "GET /images/pnvtsht4m1.gif HTTP/1.1" 200 2465 "-" "Mozilla/5.0 (compatible; Googlebot/2.1; +http://www.google.com/bot.html)"
66.249.76.44 - - [17/Dec/2012:19:59:31 +0100] "GET /images/route02_158.gif HTTP/1.1" 200 6033 "-" "Mozilla/5.0 (compatible; Googlebot/2.1; +http://www.google.com/bot.html)"
66.249.76.44 - - [17/Dec/2012:19:59:32 +0100] "GET /images/pnvtst4m1.gif HTTP/1.1" 200 2465 "-" "Mozilla/5.0 (compatible; Googlebot/2.1; +http://www.google.com/bot.html)"
66.249.76.44 - - [17/Dec/2012:19:59:32 +0100] "GET /images/pnvtt3m1.gif HTTP/1.1" 200 2508 "-" "Mozilla/5.0 (compatible; Googlebot/2.1; +http://www.google.com/bot.html)"
66.249.76.44 - - [17/Dec/2012:19:59:33 +0100] "GET /assets/ssb.css HTTP/1.1" 200 657 "-" "Mozilla/5.0 (compatible; Googlebot/2.1; +http://www.google.com/bot.html)"
66.249.76.44 - - [17/Dec/2012:19:59:33 +0100] "GET /assets/s.css HTTP/1.1" 200 3386 "-" "Mozilla/5.0 (compatible; Googlebot/2.1; +http://www.google.com/bot.html)"
66.249.76.44 - - [17/Dec/2012:19:59:34 +0100] "GET /images/mev22050_158.jpg HTTP/1.1" 200 3505 "-" "Mozilla/5.0 (compatible; Googlebot/2.1; +http://www.google.com/bot.html)"
66.249.76.44 - - [17/Dec/2012:19:59:34 +0100] "GET /images/mev09037_158.jpg HTTP/1.1" 200 4414 "-" "Mozilla/5.0 (compatible; Googlebot/2.1; +http://www.google.com/bot.html)"
66.249.76.44 - - [17/Dec/2012:19:59:35 +0100] "GET /images/pnvtht3m1.gif HTTP/1.1" 200 2814 "-" "Mozilla/5.0 (compatible; Googlebot/2.1; +http://www.google.com/bot.html)"
66.249.76.44 - - [17/Dec/2012:19:59:35 +0100] "GET /images/pmtsm1.gif HTTP/1.1" 200 2156 "-" "Mozilla/5.0 (compatible; Googlebot/2.1; +http://www.google.com/bot.html)"
37.140.141.34 - - [17/Dec/2012:19:59:54 +0100] "GET /images/psd.gif HTTP/1.1" 200 111 "-" "Mozilla/5.0 (compatible; YandexImages/3.0; +http://yandex.com/bots)"
37.140.141.34 - - [17/Dec/2012:20:19:42 +0100] "GET /images/pd.gif HTTP/1.1" 200 111 "-" "Mozilla/5.0 (compatible; YandexImages/3.0; +http://yandex.com/bots)"
37.140.141.34 - - [17/Dec/2012:20:44:14 +0100] "GET /images/pmtsm1.gif HTTP/1.1" 200 2156 "-" "Mozilla/5.0 (compatible; YandexImages/3.0; +http://yandex.com/bots)"
37.140.141.34 - - [17/Dec/2012:20:52:35 +0100] "GET /images/ulslogosbp_sbp.jpg HTTP/1.1" 200 1896 "-" "Mozilla/5.0 (compatible; YandexImages/3.0; +http://yandex.com/bots)"
37.140.141.34 - - [17/Dec/2012:21:10:21 +0100] "GET /images/55275_72.jpg HTTP/1.1" 200 2381 "-" "Mozilla/5.0 (compatible; YandexImages/3.0; +http://yandex.com/bots)"
37.140.141.34 - - [17/Dec/2012:21:27:10 +0100] "GET /images/ss04035_158.jpg HTTP/1.1" 200 5837 "-" "Mozilla/5.0 (compatible; YandexImages/3.0; +http://yandex.com/bots)"
37.140.141.34 - - [17/Dec/2012:21:35:03 +0100] "GET /images/pnvtst1m5.gif HTTP/1.1" 200 2769 "-" "Mozilla/5.0 (compatible; YandexImages/3.0; +http://yandex.com/bots)"
37.140.141.34 - - [17/Dec/2012:21:43:04 +0100] "GET /images/ss04035.jpg HTTP/1.1" 200 144893 "-" "Mozilla/5.0 (compatible; YandexImages/3.0; +http://yandex.com/bots)"
157.55.33.111 - - [17/Dec/2012:23:40:12 +0100] "GET /robots.txt HTTP/1.1" 404 - "-" "Mozilla/5.0 (compatible; bingbot/2.0; +http://www.bing.com/bingbot.htm)"
157.55.33.111 - - [17/Dec/2012:23:42:22 +0100] "GET /00000198660a80203/index.php HTTP/1.1" 200 12651 "-" "Mozilla/5.0 (compatible; bingbot/2.0; +http://www.bing.com/bingbot.htm)"
157.55.33.181 - - [17/Dec/2012:23:42:25 +0100] "GET /000001985b0d93482/000001985b0da2285/index.php HTTP/1.1" 200 16408 "-" "Mozilla/5.0 (compatible; bingbot/2.0; +http://www.bing.com/bingbot.htm)"
157.55.33.181 - - [17/Dec/2012:23:42:25 +0100] "GET / HTTP/1.1" 200 24284 "-" "Mozilla/5.0 (compatible; bingbot/2.0; +http://www.bing.com/bingbot.htm)"
157.55.33.181 - - [17/Dec/2012:23:49:25 +0100] "GET / HTTP/1.1" 200 24284 "-" "Mozilla/5.0 (compatible; bingbot/2.0; +http://www.bing.com/bingbot.htm)"
157.55.33.181 - - [17/Dec/2012:23:49:25 +0100] "GET /000001985b0d93482/000001985b0da2285/index.php HTTP/1.1" 200 16408 "-" "Mozilla/5.0 (compatible; bingbot/2.0; +http://www.bing.com/bingbot.htm)"
157.55.33.111 - - [17/Dec/2012:23:50:00 +0100] "GET /00000198660a80203/index.php HTTP/1.1" 200 12651 "-" "Mozilla/5.0 (compatible; bingbot/2.0; +http://www.bing.com/bingbot.htm)"
178.255.215.66 - - [17/Dec/2012:23:54:52 +0100] "GET /robots.txt HTTP/1.1" 404 - "-" "Mozilla/5.0 (compatible; Exabot/3.0; +http://www.exabot.com/go/robot)"
178.255.215.66 - - [17/Dec/2012:23:54:52 +0100] "GET /000001985b0d93482/000001985b0fc8f0b/index.php HTTP/1.1" 200 15388 "-" "Mozilla/5.0 (compatible; Exabot/3.0; +http://www.exabot.com/go/robot)"
37.140.141.34 - - [18/Dec/2012:01:51:02 +0100] "GET /images/pnvtt1m6.gif HTTP/1.1" 200 2641 "-" "Mozilla/5.0 (compatible; YandexImages/3.0; +http://yandex.com/bots)"
66.249.76.44 - - [18/Dec/2012:03:02:14 +0100] "GET /robots.txt HTTP/1.1" 404 - "-" "Mozilla/5.0 (compatible; Googlebot/2.1; +http://www.google.com/bot.html)"
66.249.76.44 - - [18/Dec/2012:03:02:14 +0100] "GET / HTTP/1.1" 200 24280 "-" "Mozilla/5.0 (iPhone; U; CPU iPhone OS 4_1 like Mac OS X; en-us) AppleWebKit/532.9 (KHTML, like Gecko) Version/4.0.5 Mobile/8B117 Safari/6531.22.7 (compatible; Googlebot-Mobile/2.1; +http://www.google.com/bot.html)"
157.55.33.181 - - [18/Dec/2012:05:36:31 +0100] "GET /robots.txt HTTP/1.1" 404 - "-" "Mozilla/5.0 (compatible; bingbot/2.0; +http://www.bing.com/bingbot.htm)"
157.55.33.181 - - [18/Dec/2012:05:38:11 +0100] "GET / HTTP/1.1" 200 24280 "-" "Mozilla/5.0 (compatible; bingbot/2.0; +http://www.bing.com/bingbot.htm)"
37.140.141.34 - - [18/Dec/2012:05:48:44 +0100] "GET /images/plma.gif HTTP/1.1" 200 164 "-" "Mozilla/5.0 (compatible; YandexImages/3.0; +http://yandex.com/bots)"
157.55.33.181 - - [18/Dec/2012:07:17:20 +0100] "GET /robots.txt HTTP/1.1" 404 - "-" "Mozilla/5.0 (compatible; bingbot/2.0; +http://www.bing.com/bingbot.htm)"
157.55.33.181 - - [18/Dec/2012:07:19:15 +0100] "GET / HTTP/1.1" 200 24280 "-" "Mozilla/5.0 (compatible; bingbot/2.0; +http://www.bing.com/bingbot.htm)"
95.112.54.47 - - [18/Dec/2012:08:48:56 +0100] "GET / HTTP/1.1" 200 24280 "-" "Mozilla/5.0 (Windows NT 6.1; WOW64; rv:17.0) Gecko/20100101 Firefox/17.0"
95.112.54.47 - - [18/Dec/2012:08:48:56 +0100] "GET /images/pcp.gif HTTP/1.1" 200 43 "http://www.ksbb.de/" "Mozilla/5.0 (Windows NT 6.1; WOW64; rv:17.0) Gecko/20100101 Firefox/17.0"
95.112.54.47 - - [18/Dec/2012:08:48:56 +0100] "GET /images/phomesm0.gif HTTP/1.1" 200 2239 "http://www.ksbb.de/" "Mozilla/5.0 (Windows NT 6.1; WOW64; rv:17.0) Gecko/20100101 Firefox/17.0"
95.112.54.47 - - [18/Dec/2012:08:48:56 +0100] "GET /images/plms.gif HTTP/1.1" 200 68 "http://www.ksbb.de/" "Mozilla/5.0 (Windows NT 6.1; WOW64; rv:17.0) Gecko/20100101 Firefox/17.0"
95.112.54.47 - - [18/Dec/2012:08:48:56 +0100] "GET /images/pltp.gif HTTP/1.1" 200 160 "http://www.ksbb.de/" "Mozilla/5.0 (Windows NT 6.1; WOW64; rv:17.0) Gecko/20100101 Firefox/17.0"
95.112.54.47 - - [18/Dec/2012:08:48:56 +0100] "GET /assets/s.css HTTP/1.1" 200 3386 "http://www.ksbb.de/" "Mozilla/5.0 (Windows NT 6.1; WOW64; rv:17.0) Gecko/20100101 Firefox/17.0"
95.112.54.47 - - [18/Dec/2012:08:48:56 +0100] "GET /assets/ssb.css HTTP/1.1" 200 657 "http://www.ksbb.de/" "Mozilla/5.0 (Windows NT 6.1; WOW64; rv:17.0) Gecko/20100101 Firefox/17.0"
95.112.54.47 - - [18/Dec/2012:08:48:56 +0100] "GET /images/pmtm1.gif HTTP/1.1" 200 1155 "http://www.ksbb.de/" "Mozilla/5.0 (Windows NT 6.1; WOW64; rv:17.0) Gecko/20100101 Firefox/17.0"
95.112.54.47 - - [18/Dec/2012:08:48:56 +0100] "GET /images/pmtm2.gif HTTP/1.1" 200 628 "http://www.ksbb.de/" "Mozilla/5.0 (Windows NT 6.1; WOW64; rv:17.0) Gecko/20100101 Firefox/17.0"
95.112.54.47 - - [18/Dec/2012:08:48:56 +0100] "GET /images/pmtm3.gif HTTP/1.1" 200 2032 "http://www.ksbb.de/" "Mozilla/5.0 (Windows NT 6.1; WOW64; rv:17.0) Gecko/20100101 Firefox/17.0"
95.112.54.47 - - [18/Dec/2012:08:48:56 +0100] "GET /images/pmtm4.gif HTTP/1.1" 200 2316 "http://www.ksbb.de/" "Mozilla/5.0 (Windows NT 6.1; WOW64; rv:17.0) Gecko/20100101 Firefox/17.0"
95.112.54.47 - - [18/Dec/2012:08:48:56 +0100] "GET /images/pmtm5.gif HTTP/1.1" 200 2185 "http://www.ksbb.de/" "Mozilla/5.0 (Windows NT 6.1; WOW64; rv:17.0) Gecko/20100101 Firefox/17.0"
