95.221.208.216 - - [04/Jun/2016:01:27:42 +0200] "GET /jquery.cross-slide.js HTTP/1.1" 200 11724 "http://www.groeger-bauaufzuege.de/leistungen.php" "Mozilla/4.0 (compatible; MSIE 8.0; Windows NT 5.1; Trident/4.0; .NET CLR 1.1.4322; .NET CLR 2.0.50727)"
95.221.208.216 - - [04/Jun/2016:01:27:42 +0200] "GET /jquery-1.4.3.min.js HTTP/1.1" 200 77746 "http://www.groeger-bauaufzuege.de/leistungen.php" "Mozilla/4.0 (compatible; MSIE 8.0; Windows NT 5.1; Trident/4.0; .NET CLR 1.1.4322; .NET CLR 2.0.50727)"
95.221.208.216 - - [04/Jun/2016:01:27:42 +0200] "GET /fancybox/jquery.fancybox-1.3.4.css HTTP/1.1" 200 8494 "http://www.groeger-bauaufzuege.de/leistungen.php" "Mozilla/4.0 (compatible; MSIE 8.0; Windows NT 5.1; Trident/4.0; .NET CLR 1.1.4322; .NET CLR 2.0.50727)"
95.221.208.216 - - [04/Jun/2016:01:27:42 +0200] "GET /fancybox/jquery.fancybox-1.3.4.pack.js HTTP/1.1" 200 15624 "http://www.groeger-bauaufzuege.de/leistungen.php" "Mozilla/4.0 (compatible; MSIE 8.0; Windows NT 5.1; Trident/4.0; .NET CLR 1.1.4322; .NET CLR 2.0.50727)"
95.221.208.216 - - [04/Jun/2016:01:27:43 +0200] "GET /fancybox/fancy_shadow_n.png HTTP/1.1" 200 106 "-" "Mozilla/4.0 (compatible; MSIE 8.0; Windows NT 5.1; Trident/4.0; .NET CLR 1.1.4322; .NET CLR 2.0.50727)"
95.221.208.216 - - [04/Jun/2016:01:27:43 +0200] "GET /fancybox/fancy_shadow_ne.png HTTP/1.1" 200 347 "-" "Mozilla/4.0 (compatible; MSIE 8.0; Windows NT 5.1; Trident/4.0; .NET CLR 1.1.4322; .NET CLR 2.0.50727)"
95.221.208.216 - - [04/Jun/2016:01:27:43 +0200] "GET /fancybox/fancy_shadow_e.png HTTP/1.1" 200 107 "-" "Mozilla/4.0 (compatible; MSIE 8.0; Windows NT 5.1; Trident/4.0; .NET CLR 1.1.4322; .NET CLR 2.0.50727)"
95.221.208.216 - - [04/Jun/2016:01:27:43 +0200] "GET /fancybox/fancy_shadow_se.png HTTP/1.1" 200 352 "-" "Mozilla/4.0 (compatible; MSIE 8.0; Windows NT 5.1; Trident/4.0; .NET CLR 1.1.4322; .NET CLR 2.0.50727)"
95.221.208.216 - - [04/Jun/2016:01:27:43 +0200] "GET /fancybox/fancy_shadow_s.png HTTP/1.1" 200 111 "-" "Mozilla/4.0 (compatible; MSIE 8.0; Windows NT 5.1; Trident/4.0; .NET CLR 1.1.4322; .NET CLR 2.0.50727)"
95.221.208.216 - - [04/Jun/2016:01:27:43 +0200] "GET /fancybox/fancy_shadow_sw.png HTTP/1.1" 200 340 "-" "Mozilla/4.0 (compatible; MSIE 8.0; Windows NT 5.1; Trident/4.0; .NET CLR 1.1.4322; .NET CLR 2.0.50727)"
95.221.208.216 - - [04/Jun/2016:01:27:44 +0200] "GET /fancybox/fancy_shadow_w.png HTTP/1.1" 200 103 "-" "Mozilla/4.0 (compatible; MSIE 8.0; Windows NT 5.1; Trident/4.0; .NET CLR 1.1.4322; .NET CLR 2.0.50727)"
95.221.208.216 - - [04/Jun/2016:01:27:44 +0200] "GET /fancybox/fancy_shadow_nw.png HTTP/1.1" 200 324 "-" "Mozilla/4.0 (compatible; MSIE 8.0; Windows NT 5.1; Trident/4.0; .NET CLR 1.1.4322; .NET CLR 2.0.50727)"
68.180.229.217 - - [04/Jun/2016:01:41:54 +0200] "GET /robots.txt HTTP/1.1" 404 - "-" "Mozilla/5.0 (compatible; Yahoo! Slurp; http://help.yahoo.com/help/us/ysearch/slurp)"
68.180.229.217 - - [04/Jun/2016:01:41:54 +0200] "GET /download/Groeger_Newsletter_2015-12.pdf HTTP/1.1" 200 1201560 "-" "Mozilla/5.0 (compatible; Yahoo! Slurp; http://help.yahoo.com/help/us/ysearch/slurp)"
136.243.152.18 - - [04/Jun/2016:01:44:51 +0200] "GET /robots.txt HTTP/1.0" 404 - "-" "Mozilla/5.0 (compatible; MJ12bot/v1.4.5; http://www.majestic12.co.uk/bot.php?+)"
136.243.152.18 - - [04/Jun/2016:01:44:53 +0200] "GET /kontakt.php HTTP/1.0" 200 6954 "-" "Mozilla/5.0 (compatible; MJ12bot/v1.4.5; http://www.majestic12.co.uk/bot.php?+)"
95.25.37.210 - - [04/Jun/2016:01:51:55 +0200] "GET /index.php HTTP/1.1" 200 6704 "http://yandex.ru/clck/jsredir?from=yandex.ru%3Bsearch%3Bweb%3B%3B&text=&etext=1074.O1KbKgoHLQx7skq9f_YScJSEcT17r77SVOb_6W0wqvQpFZiq1XWNBTRm_vbZBjzv.7982d7b2c647f141d14487a0c45238ecbe6df6de&uuid=&state=_BLhILn4SxNIvvL0W45KSic66uCIg23qh8iRG98qeIXmeppkgUc0YGftRg9cP1erjBfVTUcXDXk&data=UlNrNmk5WktYejR0eWJFYk1LdmtxamFyQlZyV2RPSmRxMEFONXRQSVBaZU1LU29UQWxpX2tzUFRpWWl5X0MyVEJWUTltYkxkb1luUXA1SmNpa0hBMHZmaUJaeGJ2OG1oRVNyaTJjdTB1SWVDcXcxZXl2SGpwYTYxVk83UjFuQ04&b64e=2&sign=99ead199400e9df515441aa3cdca4ef4&keyno=0&cst=AiuY0DBWFJ7IXge4WdYJQaYgAYq7JarrN5wRRKVOc-4sgB9LbjX43MJcRJEYdUJ6qmMM2HfzCviFprQ43xn_xJUgiEFxwUu5wQERRKzNpUjdEzkWs4Gv4QFO_vp-w24a935oOqvX9Ppx3s75oApKZXzWwkiYwGdM&ref=orjY4mGPRjk5boDnW0uvlrrd71vZw9kp5uQozpMtKCXma_RTIh0ntBAfpDhFwBZRuP5Q-5MR9sO7OXDTDaypi51blIW0-6Tq_sUdt7oTMYXh8H2_1nkJbct0Mr6VxzMywxwDRM8prXw&l10n=ru&cts=1464994998693&mc=4.22326975873" "Mozilla/5.0 (compatible; MSIE 10.0; Windows NT 6.2; Trident/6.0; MAAU; MAAU)"
95.25.37.210 - - [04/Jun/2016:01:51:55 +0200] "GET /swfobject.js HTTP/1.1" 200 6880 "http://www.groeger-bauaufzuege.de/index.php" "Mozilla/5.0 (compatible; MSIE 10.0; Windows NT 6.2; Trident/6.0; MAAU; MAAU)"
95.25.37.210 - - [04/Jun/2016:01:51:55 +0200] "GET /css/groeger.css HTTP/1.1" 200 5467 "http://www.groeger-bauaufzuege.de/index.php" "Mozilla/5.0 (compatible; MSIE 10.0; Windows NT 6.2; Trident/6.0; MAAU; MAAU)"
95.25.37.210 - - [04/Jun/2016:01:51:55 +0200] "GET /jquery.cross-slide.js HTTP/1.1" 200 11724 "http://www.groeger-bauaufzuege.de/index.php" "Mozilla/5.0 (compatible; MSIE 10.0; Windows NT 6.2; Trident/6.0; MAAU; MAAU)"
95.25.37.210 - - [04/Jun/2016:01:51:55 +0200] "GET /jquery-1.4.3.min.js HTTP/1.1" 200 77746 "http://www.groeger-bauaufzuege.de/index.php" "Mozilla/5.0 (compatible; MSIE 10.0; Windows NT 6.2; Trident/6.0; MAAU; MAAU)"
95.25.37.210 - - [04/Jun/2016:01:51:55 +0200] "GET /fancybox/jquery.fancybox-1.3.4.pack.js HTTP/1.1" 200 15624 "http://www.groeger-bauaufzuege.de/index.php" "Mozilla/5.0 (compatible; MSIE 10.0; Windows NT 6.2; Trident/6.0; MAAU; MAAU)"
95.25.37.210 - - [04/Jun/2016:01:51:55 +0200] "GET /fancybox/jquery.fancybox-1.3.4.css HTTP/1.1" 200 8494 "http://www.groeger-bauaufzuege.de/index.php" "Mozilla/5.0 (compatible; MSIE 10.0; Windows NT 6.2; Trident/6.0; MAAU; MAAU)"
66.249.69.183 - - [04/Jun/2016:02:46:36 +0200] "GET /robots.txt HTTP/1.1" 404 - "-" "Mozilla/5.0 (compatible; Googlebot/2.1; +http://www.google.com/bot.html)"
66.249.69.178 - - [04/Jun/2016:02:46:36 +0200] "GET /download/Lift_D.pdf HTTP/1.1" 200 1053695 "-" "Mozilla/5.0 (compatible; Googlebot/2.1; +http://www.google.com/bot.html)"
66.249.69.183 - - [04/Jun/2016:03:10:24 +0200] "GET /fancybox/jquery.fancybox-1.3.4.css HTTP/1.1" 200 8494 "http://www.groeger-bauaufzuege.de/" "Mozilla/5.0 (compatible; Googlebot/2.1; +http://www.google.com/bot.html)"
66.249.69.183 - - [04/Jun/2016:03:10:25 +0200] "GET /css/groeger.css HTTP/1.1" 200 5467 "http://www.groeger-bauaufzuege.de/" "Mozilla/5.0 (compatible; Googlebot/2.1; +http://www.google.com/bot.html)"
66.249.69.183 - - [04/Jun/2016:03:45:55 +0200] "GET / HTTP/1.1" 200 6704 "-" "Mozilla/5.0 (compatible; Googlebot/2.1; +http://www.google.com/bot.html)"
46.229.164.101 - - [04/Jun/2016:04:07:28 +0200] "GET /robots.txt HTTP/1.1" 404 - "-" "Mozilla/5.0 (compatible; SemrushBot/1.1~bl; +http://www.semrush.com/bot.html)"
66.249.69.183 - - [04/Jun/2016:05:09:32 +0200] "GET / HTTP/1.1" 200 6704 "-" "Mozilla/5.0 (compatible; Googlebot/2.1; +http://www.google.com/bot.html)"
40.77.167.48 - - [04/Jun/2016:06:11:59 +0200] "GET /robots.txt HTTP/1.1" 404 - "-" "Mozilla/5.0 (compatible; bingbot/2.0; +http://www.bing.com/bingbot.htm)"
136.243.83.16 - - [04/Jun/2016:06:33:31 +0200] "GET /robots.txt HTTP/1.1" 404 - "-" "Mozilla/5.0 (compatible; MetaJobBot; http://www.metajob.de/crawler)"
136.243.83.16 - - [04/Jun/2016:06:33:31 +0200] "GET /unternehmen.php HTTP/1.1" 200 7208 "-" "Mozilla/5.0 (compatible; MetaJobBot; http://www.metajob.de/crawler)"
66.249.69.188 - - [04/Jun/2016:06:35:49 +0200] "GET / HTTP/1.1" 200 6704 "-" "Mozilla/5.0 (compatible; Googlebot/2.1; +http://www.google.com/bot.html)"
87.230.17.72 - - [04/Jun/2016:07:47:46 +0200] "GET / HTTP/1.1" 200 6704 "-" "ImplisenseBot 1.0"
87.230.17.72 - - [04/Jun/2016:07:47:47 +0200] "GET /impressum.php HTTP/1.1" 200 8128 "-" "ImplisenseBot 1.0"
87.230.17.72 - - [04/Jun/2016:07:47:47 +0200] "GET / HTTP/1.1" 200 6704 "-" "ImplisenseBot 1.0"
87.230.17.72 - - [04/Jun/2016:07:47:47 +0200] "GET /robots.txt HTTP/1.1" 404 - "-" "ImplisenseBot 1.0"
87.230.17.72 - - [04/Jun/2016:07:47:48 +0200] "GET /index.php HTTP/1.1" 200 6704 "-" "ImplisenseBot 1.0"
87.230.17.72 - - [04/Jun/2016:07:47:48 +0200] "GET /aktuelles.php HTTP/1.1" 200 6694 "-" "ImplisenseBot 1.0"
87.230.17.72 - - [04/Jun/2016:07:47:49 +0200] "GET /leistungen.php HTTP/1.1" 200 9023 "-" "ImplisenseBot 1.0"
87.230.17.72 - - [04/Jun/2016:07:47:50 +0200] "GET /verkauf.php HTTP/1.1" 200 6662 "-" "ImplisenseBot 1.0"
87.230.17.72 - - [04/Jun/2016:07:47:50 +0200] "GET /vermietung.php HTTP/1.1" 200 6527 "-" "ImplisenseBot 1.0"
87.230.17.72 - - [04/Jun/2016:07:47:51 +0200] "GET /gebrauchtmaschinen.php HTTP/1.1" 200 6356 "-" "ImplisenseBot 1.0"
87.230.17.72 - - [04/Jun/2016:07:47:51 +0200] "GET /unternehmen.php HTTP/1.1" 200 7208 "-" "ImplisenseBot 1.0"
87.230.17.72 - - [04/Jun/2016:07:47:52 +0200] "GET /kontakt.php HTTP/1.1" 200 6954 "-" "ImplisenseBot 1.0"
87.230.17.72 - - [04/Jun/2016:07:47:53 +0200] "GET /impressum.php HTTP/1.1" 200 8128 "-" "ImplisenseBot 1.0"
87.230.17.72 - - [04/Jun/2016:07:47:54 +0200] "GET /angebote.php HTTP/1.1" 200 7198 "-" "ImplisenseBot 1.0"
87.230.17.72 - - [04/Jun/2016:07:47:55 +0200] "GET /aktuelles_alt.php HTTP/1.1" 200 13541 "-" "ImplisenseBot 1.0"
40.77.167.48 - - [04/Jun/2016:08:52:08 +0200] "GET / HTTP/1.1" 200 6704 "-" "Mozilla/5.0 (compatible; bingbot/2.0; +http://www.bing.com/bingbot.htm)"
77.75.78.172 - - [04/Jun/2016:09:08:42 +0200] "GET /robots.txt HTTP/1.1" 404 - "-" "Mozilla/5.0 (compatible; SeznamBot/3.2; +http://napoveda.seznam.cz/en/seznambot-intro/)"
77.75.78.172 - - [04/Jun/2016:09:08:43 +0200] "GET / HTTP/1.1" 200 6704 "-" "Mozilla/5.0 (compatible; SeznamBot/3.2; +http://napoveda.seznam.cz/en/seznambot-intro/)"
51.255.207.27 - - [04/Jun/2016:09:26:47 +0200] "GET /robots.txt HTTP/1.0" 404 - "-" "Mozilla/5.0 (compatible; MJ12bot/v1.4.5; http://www.majestic12.co.uk/bot.php?+)"
51.255.207.27 - - [04/Jun/2016:09:26:49 +0200] "GET /leistungen.php HTTP/1.0" 200 9023 "-" "Mozilla/5.0 (compatible; MJ12bot/v1.4.5; http://www.majestic12.co.uk/bot.php?+)"
51.255.207.27 - - [04/Jun/2016:09:26:50 +0200] "GET /verkauf.php HTTP/1.0" 200 6662 "-" "Mozilla/5.0 (compatible; MJ12bot/v1.4.5; http://www.majestic12.co.uk/bot.php?+)"
51.255.207.27 - - [04/Jun/2016:09:26:52 +0200] "GET /vermietung.php HTTP/1.0" 200 6527 "-" "Mozilla/5.0 (compatible; MJ12bot/v1.4.5; http://www.majestic12.co.uk/bot.php?+)"
212.225.226.25 - - [04/Jun/2016:10:34:33 +0200] "GET / HTTP/1.1" 200 6704 "-" "Java/1.7.0_79"
212.225.226.25 - - [04/Jun/2016:10:34:34 +0200] "GET /index.php HTTP/1.1" 200 6704 "-" "Java/1.7.0_79"
212.225.226.25 - - [04/Jun/2016:10:34:34 +0200] "GET /jquery-1.4.3.min.js HTTP/1.1" 200 77746 "-" "Java/1.7.0_79"
212.225.226.25 - - [04/Jun/2016:10:34:37 +0200] "GET /jquery.cross-slide.js HTTP/1.1" 200 11724 "-" "Java/1.7.0_79"
212.225.226.25 - - [04/Jun/2016:10:34:37 +0200] "GET /swfobject.js HTTP/1.1" 200 6880 "-" "Java/1.7.0_79"
212.225.226.25 - - [04/Jun/2016:10:34:37 +0200] "GET /verkauf.php HTTP/1.1" 200 6662 "-" "Java/1.7.0_79"
212.225.226.25 - - [04/Jun/2016:10:34:38 +0200] "GET /vermietung.php HTTP/1.1" 200 6527 "-" "Java/1.7.0_79"
212.225.226.25 - - [04/Jun/2016:10:34:38 +0200] "GET /)h.html(f?c( HTTP/1.1" 404 - "-" "Java/1.7.0_79"
212.225.226.25 - - [04/Jun/2016:10:34:39 +0200] "GET /]};O.optgroup=O.option;O.tbody=O.tfoot=O.colgroup=O.caption=O.thead;O.th=O.td;if(!c.support.htmlSerialize)O._default=[1, HTTP/1.1" 404 - "-" "Java/1.7.0_79"
212.225.226.25 - - [04/Jun/2016:10:34:39 +0200] "GET /./aktuelles.php HTTP/1.1" 200 6694 "-" "Java/1.7.0_79"
212.225.226.25 - - [04/Jun/2016:10:34:40 +0200] "GET /./angebote.php HTTP/1.1" 200 7198 "-" "Java/1.7.0_79"
212.225.226.25 - - [04/Jun/2016:10:34:40 +0200] "GET /./gebrauchtmaschinen.php HTTP/1.1" 200 6356 "-" "Java/1.7.0_79"
212.225.226.25 - - [04/Jun/2016:10:34:40 +0200] "GET /./impressum.php HTTP/1.1" 200 8128 "-" "Java/1.7.0_79"
212.225.226.25 - - [04/Jun/2016:10:34:41 +0200] "GET /./index.php HTTP/1.1" 200 6704 "-" "Java/1.7.0_79"
212.225.226.25 - - [04/Jun/2016:10:34:41 +0200] "GET /./kontakt.php HTTP/1.1" 200 6954 "-" "Java/1.7.0_79"
212.225.226.25 - - [04/Jun/2016:10:34:41 +0200] "GET /./leistungen.php HTTP/1.1" 200 9023 "-" "Java/1.7.0_79"
212.225.226.25 - - [04/Jun/2016:10:34:42 +0200] "GET /./unternehmen.php HTTP/1.1" 200 7208 "-" "Java/1.7.0_79"
212.225.226.25 - - [04/Jun/2016:10:34:42 +0200] "GET /./verkauf.php HTTP/1.1" 200 6662 "-" "Java/1.7.0_79"
212.225.226.25 - - [04/Jun/2016:10:34:43 +0200] "GET /./vermietung.php HTTP/1.1" 200 6527 "-" "Java/1.7.0_79"
212.225.226.25 - - [04/Jun/2016:10:34:43 +0200] "GET /{0} HTTP/1.1" 404 - "-" "Java/1.7.0_79"
212.225.226.25 - - [04/Jun/2016:10:34:43 +0200] "GET /{1} HTTP/1.1" 404 - "-" "Java/1.7.0_79"
212.225.226.25 - - [04/Jun/2016:10:34:43 +0200] "GET /./aktuelles_alt.php HTTP/1.1" 200 13541 "-" "Java/1.7.0_79"
212.225.226.25 - - [04/Jun/2016:10:34:44 +0200] "GET /./jquery-1.4.3.min.js HTTP/1.1" 200 77746 "-" "Java/1.7.0_79"
212.225.226.25 - - [04/Jun/2016:10:34:46 +0200] "GET /./jquery.cross-slide.js HTTP/1.1" 200 11724 "-" "Java/1.7.0_79"
212.225.226.25 - - [04/Jun/2016:10:34:46 +0200] "GET /./swfobject.js HTTP/1.1" 200 6880 "-" "Java/1.7.0_79"
212.225.226.25 - - [04/Jun/2016:10:34:46 +0200] "GET /./)h.html(f?c( HTTP/1.1" 404 - "-" "Java/1.7.0_79"
212.225.226.25 - - [04/Jun/2016:10:34:47 +0200] "GET /./]};O.optgroup=O.option;O.tbody=O.tfoot=O.colgroup=O.caption=O.thead;O.th=O.td;if(!c.support.htmlSerialize)O._default=[1, HTTP/1.1" 404 - "-" "Java/1.7.0_79"
212.225.226.25 - - [04/Jun/2016:10:34:47 +0200] "GET /./fancybox/jquery.fancybox-1.3.4.pack.js HTTP/1.1" 200 15624 "-" "Java/1.7.0_79"
212.225.226.25 - - [04/Jun/2016:10:34:47 +0200] "GET /./img/pfeil.png HTTP/1.1" 200 840 "-" "Java/1.7.0_79"
212.225.226.25 - - [04/Jun/2016:10:34:48 +0200] "GET /./img/logo_wfw.png HTTP/1.1" 200 2671 "-" "Java/1.7.0_79"
212.225.226.25 - - [04/Jun/2016:10:34:48 +0200] "GET /././aktuelles.php HTTP/1.1" 200 6694 "-" "Java/1.7.0_79"
212.225.226.25 - - [04/Jun/2016:10:34:49 +0200] "GET /././angebote.php HTTP/1.1" 200 7198 "-" "Java/1.7.0_79"
212.225.226.25 - - [04/Jun/2016:10:34:49 +0200] "GET /././gebrauchtmaschinen.php HTTP/1.1" 200 6356 "-" "Java/1.7.0_79"
212.225.226.25 - - [04/Jun/2016:10:34:49 +0200] "GET /././impressum.php HTTP/1.1" 200 8128 "-" "Java/1.7.0_79"
212.225.226.25 - - [04/Jun/2016:10:34:49 +0200] "GET /././index.php HTTP/1.1" 200 6704 "-" "Java/1.7.0_79"
212.225.226.25 - - [04/Jun/2016:10:34:50 +0200] "GET /././kontakt.php HTTP/1.1" 200 6954 "-" "Java/1.7.0_79"
212.225.226.25 - - [04/Jun/2016:10:34:50 +0200] "GET /././leistungen.php HTTP/1.1" 200 9023 "-" "Java/1.7.0_79"
212.225.226.25 - - [04/Jun/2016:10:34:50 +0200] "GET /././unternehmen.php HTTP/1.1" 200 7208 "-" "Java/1.7.0_79"
212.225.226.25 - - [04/Jun/2016:10:34:51 +0200] "GET /././verkauf.php HTTP/1.1" 200 6662 "-" "Java/1.7.0_79"
212.225.226.25 - - [04/Jun/2016:10:34:52 +0200] "GET /././vermietung.php HTTP/1.1" 200 6527 "-" "Java/1.7.0_79"
212.225.226.25 - - [04/Jun/2016:10:34:52 +0200] "GET /./img/Newsletter_Groeger_2013-06.png HTTP/1.1" 200 23068 "-" "Java/1.7.0_79"
212.225.226.25 - - [04/Jun/2016:10:34:53 +0200] "GET /./{0} HTTP/1.1" 404 - "-" "Java/1.7.0_79"
212.225.226.25 - - [04/Jun/2016:10:34:53 +0200] "GET /./{1} HTTP/1.1" 404 - "-" "Java/1.7.0_79"
68.180.229.217 - - [04/Jun/2016:10:48:10 +0200] "GET /unternehmen.php HTTP/1.1" 200 7208 "-" "Mozilla/5.0 (compatible; Yahoo! Slurp; http://help.yahoo.com/help/us/ysearch/slurp)"
157.55.39.37 - - [04/Jun/2016:11:08:53 +0200] "GET /robots.txt HTTP/1.1" 404 - "-" "Mozilla/5.0 (compatible; bingbot/2.0; +http://www.bing.com/bingbot.htm)"
66.249.69.183 - - [04/Jun/2016:12:10:18 +0200] "GET /download/Newsletter_Groeger_11-06_Innung.pdf HTTP/1.1" 200 422119 "-" "Mozilla/5.0 (Linux; Android 6.0.1; Nexus 5X Build/MMB29P) AppleWebKit/537.36 (KHTML, like Gecko) Chrome/41.0.2272.96 Mobile Safari/537.36 (compatible; Googlebot/2.1; +http://www.google.com/bot.html)"
51.255.194.29 - - [04/Jun/2016:12:13:51 +0200] "GET /robots.txt HTTP/1.0" 404 - "-" "Mozilla/5.0 (compatible; MJ12bot/v1.4.5; http://www.majestic12.co.uk/bot.php?+)"
51.255.194.29 - - [04/Jun/2016:12:13:54 +0200] "GET /impressum.php HTTP/1.0" 200 8128 "-" "Mozilla/5.0 (compatible; MJ12bot/v1.4.5; http://www.majestic12.co.uk/bot.php?+)"
66.249.69.183 - - [04/Jun/2016:12:24:30 +0200] "GET / HTTP/1.1" 200 6704 "-" "Mozilla/5.0 (compatible; Googlebot/2.1; +http://www.google.com/bot.html)"
207.46.13.111 - - [04/Jun/2016:12:25:40 +0200] "GET /robots.txt HTTP/1.1" 404 - "-" "Mozilla/5.0 (compatible; bingbot/2.0; +http://www.bing.com/bingbot.htm)"
207.46.13.126 - - [04/Jun/2016:12:30:30 +0200] "GET /link/20130604 HTTP/1.1" 302 - "-" "Mozilla/5.0 (compatible; bingbot/2.0; +http://www.bing.com/bingbot.htm)"
207.46.13.126 - - [04/Jun/2016:12:30:32 +0200] "GET /download/Boecker_Autokrane.pdf HTTP/1.1" 304 - "-" "Mozilla/5.0 (compatible; bingbot/2.0; +http://www.bing.com/bingbot.htm)"
208.115.111.73 - - [04/Jun/2016:12:36:41 +0200] "GET /robots.txt HTTP/1.1" 404 - "-" "Mozilla/5.0 (compatible; DotBot/1.1; http://www.opensiteexplorer.org/dotbot, help@moz.com)"
66.249.69.188 - - [04/Jun/2016:12:41:09 +0200] "GET /link/20130604 HTTP/1.1" 302 - "-" "Mozilla/5.0 (compatible; Googlebot/2.1; +http://www.google.com/bot.html)"
66.249.69.188 - - [04/Jun/2016:12:41:09 +0200] "GET /download/Boecker_Autokrane.pdf HTTP/1.1" 200 1994740 "-" "Mozilla/5.0 (compatible; Googlebot/2.1; +http://www.google.com/bot.html)"
208.115.113.89 - - [04/Jun/2016:13:27:26 +0200] "GET /robots.txt HTTP/1.1" 404 - "-" "Mozilla/5.0 (compatible; DotBot/1.1; http://www.opensiteexplorer.org/dotbot, help@moz.com)"
208.115.111.73 - - [04/Jun/2016:13:51:47 +0200] "GET /unternehmen.php HTTP/1.1" 200 7208 "-" "Mozilla/5.0 (compatible; DotBot/1.1; http://www.opensiteexplorer.org/dotbot, help@moz.com)"
66.249.69.188 - - [04/Jun/2016:14:39:58 +0200] "GET / HTTP/1.1" 200 6704 "-" "Mozilla/5.0 (compatible; Googlebot/2.1; +http://www.google.com/bot.html)"
208.115.113.89 - - [04/Jun/2016:14:43:59 +0200] "GET /index.php HTTP/1.1" 200 6704 "-" "Mozilla/5.0 (compatible; DotBot/1.1; http://www.opensiteexplorer.org/dotbot, help@moz.com)"
207.46.13.111 - - [04/Jun/2016:14:58:08 +0200] "GET / HTTP/1.1" 200 6704 "-" "Mozilla/5.0 (compatible; bingbot/2.0; +http://www.bing.com/bingbot.htm)"
66.249.79.143 - - [04/Jun/2016:15:38:36 +0200] "GET /robots.txt HTTP/1.1" 404 - "-" "Mozilla/5.0 (compatible; Googlebot/2.1; +http://www.google.com/bot.html)"
66.249.79.143 - - [04/Jun/2016:15:38:36 +0200] "GET / HTTP/1.1" 200 6704 "-" "Mozilla/5.0 (Linux; Android 6.0.1; Nexus 5X Build/MMB29P) AppleWebKit/537.36 (KHTML, like Gecko) Chrome/41.0.2272.96 Mobile Safari/537.36 (compatible; Googlebot/2.1; +http://www.google.com/bot.html)"
66.249.79.128 - - [04/Jun/2016:15:54:17 +0200] "GET / HTTP/1.1" 200 6704 "-" "Mozilla/5.0 (compatible; Googlebot/2.1; +http://www.google.com/bot.html)"
46.229.164.101 - - [04/Jun/2016:16:31:14 +0200] "GET /robots.txt HTTP/1.1" 404 - "-" "Mozilla/5.0 (compatible; SemrushBot/1.1~bl; +http://www.semrush.com/bot.html)"
176.9.2.236 - - [04/Jun/2016:17:38:33 +0200] "GET /robots.txt HTTP/1.1" 404 - "-" "Mozilla/4.0 (compatible; MSIE 6.0; Windows NT 5.1; SV1; .NET CLR 1.1.4322)"
176.9.2.236 - - [04/Jun/2016:17:38:33 +0200] "GET / HTTP/1.1" 200 6704 "-" "Mozilla/4.0 (compatible; MSIE 6.0; Windows NT 5.1; SV1; .NET CLR 1.1.4322)"
176.9.2.236 - - [04/Jun/2016:17:38:33 +0200] "GET /index.php HTTP/1.1" 200 6704 "http://www.groeger-bauaufzuege.de/" "Mozilla/4.0 (compatible; MSIE 6.0; Windows NT 5.1; SV1; .NET CLR 1.1.4322)"
176.9.2.236 - - [04/Jun/2016:17:38:33 +0200] "GET /angebote.php HTTP/1.1" 200 7198 "http://www.groeger-bauaufzuege.de/" "Mozilla/4.0 (compatible; MSIE 6.0; Windows NT 5.1; SV1; .NET CLR 1.1.4322)"
176.9.2.236 - - [04/Jun/2016:17:38:34 +0200] "GET /impressum.php HTTP/1.1" 200 8128 "http://www.groeger-bauaufzuege.de/" "Mozilla/4.0 (compatible; MSIE 6.0; Windows NT 5.1; SV1; .NET CLR 1.1.4322)"
176.9.2.236 - - [04/Jun/2016:17:38:34 +0200] "GET /kontakt.php HTTP/1.1" 200 6954 "http://www.groeger-bauaufzuege.de/" "Mozilla/4.0 (compatible; MSIE 6.0; Windows NT 5.1; SV1; .NET CLR 1.1.4322)"
176.9.2.236 - - [04/Jun/2016:17:38:34 +0200] "GET /unternehmen.php HTTP/1.1" 200 7208 "http://www.groeger-bauaufzuege.de/" "Mozilla/4.0 (compatible; MSIE 6.0; Windows NT 5.1; SV1; .NET CLR 1.1.4322)"
176.9.2.236 - - [04/Jun/2016:17:38:34 +0200] "GET /gebrauchtmaschinen.php HTTP/1.1" 200 6356 "http://www.groeger-bauaufzuege.de/" "Mozilla/4.0 (compatible; MSIE 6.0; Windows NT 5.1; SV1; .NET CLR 1.1.4322)"
176.9.2.236 - - [04/Jun/2016:17:38:34 +0200] "GET /vermietung.php HTTP/1.1" 200 6527 "http://www.groeger-bauaufzuege.de/" "Mozilla/4.0 (compatible; MSIE 6.0; Windows NT 5.1; SV1; .NET CLR 1.1.4322)"
176.9.2.236 - - [04/Jun/2016:17:38:35 +0200] "GET /verkauf.php HTTP/1.1" 200 6662 "http://www.groeger-bauaufzuege.de/" "Mozilla/4.0 (compatible; MSIE 6.0; Windows NT 5.1; SV1; .NET CLR 1.1.4322)"
176.9.2.236 - - [04/Jun/2016:17:38:35 +0200] "GET /leistungen.php HTTP/1.1" 200 9023 "http://www.groeger-bauaufzuege.de/" "Mozilla/4.0 (compatible; MSIE 6.0; Windows NT 5.1; SV1; .NET CLR 1.1.4322)"
176.9.2.236 - - [04/Jun/2016:17:38:35 +0200] "GET /aktuelles.php HTTP/1.1" 200 6694 "http://www.groeger-bauaufzuege.de/" "Mozilla/4.0 (compatible; MSIE 6.0; Windows NT 5.1; SV1; .NET CLR 1.1.4322)"
176.9.2.236 - - [04/Jun/2016:17:38:36 +0200] "GET /aktuelles_alt.php HTTP/1.1" 200 13541 "http://www.groeger-bauaufzuege.de/aktuelles.php" "Mozilla/4.0 (compatible; MSIE 6.0; Windows NT 5.1; SV1; .NET CLR 1.1.4322)"
157.55.39.62 - - [04/Jun/2016:18:52:34 +0200] "GET /download/Lift_D.pdf HTTP/1.1" 200 1053695 "-" "Mozilla/5.0 (iPhone; CPU iPhone OS 7_0 like Mac OS X) AppleWebKit/537.51.1 (KHTML, like Gecko) Version/7.0 Mobile/11A465 Safari/9537.53 (compatible; bingbot/2.0; +http://www.bing.com/bingbot.htm)"
66.249.79.143 - - [04/Jun/2016:20:07:44 +0200] "GET /img/favicon.gif HTTP/1.1" 304 - "-" "Googlebot-Image/1.0"
180.76.15.136 - - [04/Jun/2016:20:55:05 +0200] "GET /download/Newsletter_Groeger_2012-06.pdf HTTP/1.1" 200 309498 "-" "Mozilla/5.0 (compatible; Baiduspider/2.0; +http://www.baidu.com/search/spider.html)"
208.115.113.89 - - [04/Jun/2016:23:27:29 +0200] "GET /robots.txt HTTP/1.1" 404 - "-" "Mozilla/5.0 (compatible; DotBot/1.1; http://www.opensiteexplorer.org/dotbot, help@moz.com)"
157.55.39.62 - - [04/Jun/2016:23:41:50 +0200] "GET /robots.txt HTTP/1.1" 404 - "-" "Mozilla/5.0 (compatible; bingbot/2.0; +http://www.bing.com/bingbot.htm)"
157.55.39.62 - - [04/Jun/2016:23:43:38 +0200] "GET / HTTP/1.1" 200 6704 "-" "Mozilla/5.0 (compatible; bingbot/2.0; +http://www.bing.com/bingbot.htm)"
188.103.96.236 - - [04/Jun/2016:23:59:50 +0200] "GET / HTTP/1.1" 200 6704 "https://www.google.de" "Mozilla/5.0 (Windows NT 10.0; WOW64; rv:46.0) Gecko/20100101 Firefox/46.0"
188.103.96.236 - - [04/Jun/2016:23:59:50 +0200] "GET /css/groeger.css HTTP/1.1" 200 5467 "http://www.groeger-bauaufzuege.de/" "Mozilla/5.0 (Windows NT 10.0; WOW64; rv:46.0) Gecko/20100101 Firefox/46.0"
188.103.96.236 - - [04/Jun/2016:23:59:50 +0200] "GET /swfobject.js HTTP/1.1" 200 6880 "http://www.groeger-bauaufzuege.de/" "Mozilla/5.0 (Windows NT 10.0; WOW64; rv:46.0) Gecko/20100101 Firefox/46.0"
188.103.96.236 - - [04/Jun/2016:23:59:50 +0200] "GET /jquery.cross-slide.js HTTP/1.1" 200 11724 "http://www.groeger-bauaufzuege.de/" "Mozilla/5.0 (Windows NT 10.0; WOW64; rv:46.0) Gecko/20100101 Firefox/46.0"
188.103.96.236 - - [04/Jun/2016:23:59:50 +0200] "GET /fancybox/jquery.fancybox-1.3.4.pack.js HTTP/1.1" 200 15624 "http://www.groeger-bauaufzuege.de/" "Mozilla/5.0 (Windows NT 10.0; WOW64; rv:46.0) Gecko/20100101 Firefox/46.0"
188.103.96.236 - - [04/Jun/2016:23:59:50 +0200] "GET /fancybox/jquery.fancybox-1.3.4.css HTTP/1.1" 200 8494 "http://www.groeger-bauaufzuege.de/" "Mozilla/5.0 (Windows NT 10.0; WOW64; rv:46.0) Gecko/20100101 Firefox/46.0"
188.103.96.236 - - [04/Jun/2016:23:59:50 +0200] "GET /img/favicon.gif HTTP/1.1" 200 119 "-" "Mozilla/5.0 (Windows NT 10.0; WOW64; rv:46.0) Gecko/20100101 Firefox/46.0"
188.103.96.236 - - [04/Jun/2016:23:59:50 +0200] "GET /jquery-1.4.3.min.js HTTP/1.1" 200 77746 "http://www.groeger-bauaufzuege.de/" "Mozilla/5.0 (Windows NT 10.0; WOW64; rv:46.0) Gecko/20100101 Firefox/46.0"
188.103.96.236 - - [04/Jun/2016:23:59:50 +0200] "GET /img/logo_groeger.gif HTTP/1.1" 200 3605 "http://www.groeger-bauaufzuege.de/" "Mozilla/5.0 (Windows NT 10.0; WOW64; rv:46.0) Gecko/20100101 Firefox/46.0"
188.103.96.236 - - [04/Jun/2016:23:59:50 +0200] "GET /img/bild_1.jpg HTTP/1.1" 200 34058 "http://www.groeger-bauaufzuege.de/" "Mozilla/5.0 (Windows NT 10.0; WOW64; rv:46.0) Gecko/20100101 Firefox/46.0"
188.103.96.236 - - [04/Jun/2016:23:59:50 +0200] "GET /img/pfeil.png HTTP/1.1" 200 840 "http://www.groeger-bauaufzuege.de/" "Mozilla/5.0 (Windows NT 10.0; WOW64; rv:46.0) Gecko/20100101 Firefox/46.0"
188.103.96.236 - - [04/Jun/2016:23:59:50 +0200] "GET /img/grauverlauf.png HTTP/1.1" 200 3242 "http://www.groeger-bauaufzuege.de/css/groeger.css" "Mozilla/5.0 (Windows NT 10.0; WOW64; rv:46.0) Gecko/20100101 Firefox/46.0"
188.103.96.236 - - [04/Jun/2016:23:59:50 +0200] "GET /img/groeger_web.jpg HTTP/1.1" 200 10877 "http://www.groeger-bauaufzuege.de/css/groeger.css" "Mozilla/5.0 (Windows NT 10.0; WOW64; rv:46.0) Gecko/20100101 Firefox/46.0"
188.103.96.236 - - [04/Jun/2016:23:59:50 +0200] "GET /img/bild_2.jpg HTTP/1.1" 200 37224 "http://www.groeger-bauaufzuege.de/" "Mozilla/5.0 (Windows NT 10.0; WOW64; rv:46.0) Gecko/20100101 Firefox/46.0"
188.103.96.236 - - [04/Jun/2016:23:59:50 +0200] "GET /img/bild_4.jpg HTTP/1.1" 200 31111 "http://www.groeger-bauaufzuege.de/" "Mozilla/5.0 (Windows NT 10.0; WOW64; rv:46.0) Gecko/20100101 Firefox/46.0"
188.103.96.236 - - [04/Jun/2016:23:59:50 +0200] "GET /img/bild_3.jpg HTTP/1.1" 200 38007 "http://www.groeger-bauaufzuege.de/" "Mozilla/5.0 (Windows NT 10.0; WOW64; rv:46.0) Gecko/20100101 Firefox/46.0"
188.103.96.236 - - [05/Jun/2016:00:00:09 +0200] "GET /kontakt.php HTTP/1.1" 200 6954 "http://www.groeger-bauaufzuege.de/" "Mozilla/5.0 (Windows NT 10.0; WOW64; rv:46.0) Gecko/20100101 Firefox/46.0"
66.249.79.136 - - [05/Jun/2016:00:17:50 +0200] "GET /img/pfeil.png HTTP/1.1" 304 - "-" "Googlebot-Image/1.0"
208.115.113.89 - - [05/Jun/2016:00:49:02 +0200] "GET /angebote.php HTTP/1.1" 200 7198 "-" "Mozilla/5.0 (compatible; DotBot/1.1; http://www.opensiteexplorer.org/dotbot, help@moz.com)"
66.249.79.128 - - [05/Jun/2016:01:13:08 +0200] "GET /download/Newsletter_Groeger_11-06_Innung.pdf HTTP/1.1" 200 422119 "-" "Mozilla/5.0 (Linux; Android 6.0.1; Nexus 5X Build/MMB29P) AppleWebKit/537.36 (KHTML, like Gecko) Chrome/41.0.2272.96 Mobile Safari/537.36 (compatible; Googlebot/2.1; +http://www.google.com/bot.html)"
79.242.153.193 - - [05/Jun/2016:01:23:40 +0200] "GET /kontakt.php HTTP/1.1" 200 6954 "https://www.google.de/" "Mozilla/5.0 (Windows NT 6.1; WOW64) AppleWebKit/537.36 (KHTML, like Gecko) Chrome/50.0.2661.102 Safari/537.36"
79.242.153.193 - - [05/Jun/2016:01:23:40 +0200] "GET /css/groeger.css HTTP/1.1" 200 5467 "http://www.groeger-bauaufzuege.de/kontakt.php" "Mozilla/5.0 (Windows NT 6.1; WOW64) AppleWebKit/537.36 (KHTML, like Gecko) Chrome/50.0.2661.102 Safari/537.36"
79.242.153.193 - - [05/Jun/2016:01:23:40 +0200] "GET /swfobject.js HTTP/1.1" 200 6880 "http://www.groeger-bauaufzuege.de/kontakt.php" "Mozilla/5.0 (Windows NT 6.1; WOW64) AppleWebKit/537.36 (KHTML, like Gecko) Chrome/50.0.2661.102 Safari/537.36"
79.242.153.193 - - [05/Jun/2016:01:23:40 +0200] "GET /fancybox/jquery.fancybox-1.3.4.css HTTP/1.1" 200 8494 "http://www.groeger-bauaufzuege.de/kontakt.php" "Mozilla/5.0 (Windows NT 6.1; WOW64) AppleWebKit/537.36 (KHTML, like Gecko) Chrome/50.0.2661.102 Safari/537.36"
79.242.153.193 - - [05/Jun/2016:01:23:40 +0200] "GET /jquery.cross-slide.js HTTP/1.1" 200 11724 "http://www.groeger-bauaufzuege.de/kontakt.php" "Mozilla/5.0 (Windows NT 6.1; WOW64) AppleWebKit/537.36 (KHTML, like Gecko) Chrome/50.0.2661.102 Safari/537.36"
79.242.153.193 - - [05/Jun/2016:01:23:40 +0200] "GET /fancybox/jquery.fancybox-1.3.4.pack.js HTTP/1.1" 200 15624 "http://www.groeger-bauaufzuege.de/kontakt.php" "Mozilla/5.0 (Windows NT 6.1; WOW64) AppleWebKit/537.36 (KHTML, like Gecko) Chrome/50.0.2661.102 Safari/537.36"
79.242.153.193 - - [05/Jun/2016:01:23:40 +0200] "GET /img/logo_groeger.gif HTTP/1.1" 200 3605 "http://www.groeger-bauaufzuege.de/kontakt.php" "Mozilla/5.0 (Windows NT 6.1; WOW64) AppleWebKit/537.36 (KHTML, like Gecko) Chrome/50.0.2661.102 Safari/537.36"
79.242.153.193 - - [05/Jun/2016:01:23:40 +0200] "GET /img/bild_1.jpg HTTP/1.1" 200 34058 "http://www.groeger-bauaufzuege.de/kontakt.php" "Mozilla/5.0 (Windows NT 6.1; WOW64) AppleWebKit/537.36 (KHTML, like Gecko) Chrome/50.0.2661.102 Safari/537.36"
79.242.153.193 - - [05/Jun/2016:01:23:40 +0200] "GET /jquery-1.4.3.min.js HTTP/1.1" 200 77746 "http://www.groeger-bauaufzuege.de/kontakt.php" "Mozilla/5.0 (Windows NT 6.1; WOW64) AppleWebKit/537.36 (KHTML, like Gecko) Chrome/50.0.2661.102 Safari/537.36"
79.242.153.193 - - [05/Jun/2016:01:23:40 +0200] "GET /img/grauverlauf.png HTTP/1.1" 200 3242 "http://www.groeger-bauaufzuege.de/css/groeger.css" "Mozilla/5.0 (Windows NT 6.1; WOW64) AppleWebKit/537.36 (KHTML, like Gecko) Chrome/50.0.2661.102 Safari/537.36"
79.242.153.193 - - [05/Jun/2016:01:23:40 +0200] "GET /img/bild_2.jpg HTTP/1.1" 200 37224 "http://www.groeger-bauaufzuege.de/kontakt.php" "Mozilla/5.0 (Windows NT 6.1; WOW64) AppleWebKit/537.36 (KHTML, like Gecko) Chrome/50.0.2661.102 Safari/537.36"
79.242.153.193 - - [05/Jun/2016:01:23:40 +0200] "GET /img/bild_3.jpg HTTP/1.1" 200 38007 "http://www.groeger-bauaufzuege.de/kontakt.php" "Mozilla/5.0 (Windows NT 6.1; WOW64) AppleWebKit/537.36 (KHTML, like Gecko) Chrome/50.0.2661.102 Safari/537.36"
79.242.153.193 - - [05/Jun/2016:01:23:41 +0200] "GET /img/bild_4.jpg HTTP/1.1" 200 31111 "http://www.groeger-bauaufzuege.de/kontakt.php" "Mozilla/5.0 (Windows NT 6.1; WOW64) AppleWebKit/537.36 (KHTML, like Gecko) Chrome/50.0.2661.102 Safari/537.36"
79.242.153.193 - - [05/Jun/2016:01:23:41 +0200] "GET /img/favicon.gif HTTP/1.1" 200 119 "http://www.groeger-bauaufzuege.de/kontakt.php" "Mozilla/5.0 (Windows NT 6.1; WOW64) AppleWebKit/537.36 (KHTML, like Gecko) Chrome/50.0.2661.102 Safari/537.36"
79.242.153.193 - - [05/Jun/2016:01:23:49 +0200] "GET /unternehmen.php HTTP/1.1" 200 7208 "http://www.groeger-bauaufzuege.de/kontakt.php" "Mozilla/5.0 (Windows NT 6.1; WOW64) AppleWebKit/537.36 (KHTML, like Gecko) Chrome/50.0.2661.102 Safari/537.36"
79.242.153.193 - - [05/Jun/2016:01:23:49 +0200] "GET /img/groeger_web.jpg HTTP/1.1" 200 10877 "http://www.groeger-bauaufzuege.de/css/groeger.css" "Mozilla/5.0 (Windows NT 6.1; WOW64) AppleWebKit/537.36 (KHTML, like Gecko) Chrome/50.0.2661.102 Safari/537.36"
79.242.153.193 - - [05/Jun/2016:01:24:51 +0200] "GET /kontakt.php HTTP/1.1" 200 6954 "http://www.groeger-bauaufzuege.de/kontakt.php" "Mozilla/5.0 (Windows NT 6.1; WOW64) AppleWebKit/537.36 (KHTML, like Gecko) Chrome/50.0.2661.102 Safari/537.36"
207.46.13.126 - - [05/Jun/2016:02:19:33 +0200] "GET /link/20130604 HTTP/1.1" 302 - "-" "Mozilla/5.0 (compatible; bingbot/2.0; +http://www.bing.com/bingbot.htm)"
207.46.13.126 - - [05/Jun/2016:02:19:34 +0200] "GET /download/Boecker_Autokrane.pdf HTTP/1.1" 200 1994740 "-" "Mozilla/5.0 (compatible; bingbot/2.0; +http://www.bing.com/bingbot.htm)"
207.46.13.131 - - [05/Jun/2016:02:38:05 +0200] "GET /kontakt.php HTTP/1.1" 200 6954 "-" "Mozilla/5.0 (compatible; bingbot/2.0; +http://www.bing.com/bingbot.htm)"
207.46.13.131 - - [05/Jun/2016:02:38:05 +0200] "GET /impressum.php HTTP/1.1" 200 8128 "-" "Mozilla/5.0 (compatible; bingbot/2.0; +http://www.bing.com/bingbot.htm)"
207.46.13.131 - - [05/Jun/2016:02:38:06 +0200] "GET /angebote.php HTTP/1.1" 200 7198 "-" "Mozilla/5.0 (compatible; bingbot/2.0; +http://www.bing.com/bingbot.htm)"
207.46.13.131 - - [05/Jun/2016:02:38:06 +0200] "GET / HTTP/1.1" 200 6704 "-" "Mozilla/5.0 (compatible; bingbot/2.0; +http://www.bing.com/bingbot.htm)"
207.46.13.126 - - [05/Jun/2016:02:38:16 +0200] "GET /unternehmen.php HTTP/1.1" 200 7208 "-" "Mozilla/5.0 (compatible; bingbot/2.0; +http://www.bing.com/bingbot.htm)"
157.55.39.37 - - [05/Jun/2016:02:38:52 +0200] "GET /robots.txt HTTP/1.1" 404 - "-" "Mozilla/5.0 (compatible; bingbot/2.0; +http://www.bing.com/bingbot.htm)"
157.55.39.37 - - [05/Jun/2016:02:47:59 +0200] "GET /index.php HTTP/1.1" 200 6704 "-" "Mozilla/5.0 (compatible; bingbot/2.0; +http://www.bing.com/bingbot.htm)"
157.55.39.37 - - [05/Jun/2016:02:48:10 +0200] "GET /leistungen.php HTTP/1.1" 200 9023 "-" "Mozilla/5.0 (compatible; bingbot/2.0; +http://www.bing.com/bingbot.htm)"
157.55.39.37 - - [05/Jun/2016:02:48:14 +0200] "GET /index.php HTTP/1.1" 200 6704 "-" "Mozilla/5.0 (compatible; bingbot/2.0; +http://www.bing.com/bingbot.htm)"
82.230.182.80 - - [05/Jun/2016:02:56:17 +0200] "GET / HTTP/1.1" 200 6704 "-" "Mozilla/5.0 (Windows NT 6.3; WOW64; rv:43.0) Gecko/20100101 Firefox/43.0"
5.9.106.81 - - [05/Jun/2016:03:57:39 +0200] "GET /impressum.php HTTP/1.1" 200 8128 "-" "Mozilla/5.0 (X11; Linux i686; rv:21.0) Gecko/20100101 Firefox/21.0"
66.249.79.128 - - [05/Jun/2016:03:58:47 +0200] "GET /robots.txt HTTP/1.1" 404 - "-" "Mozilla/5.0 (compatible; Googlebot/2.1; +http://www.google.com/bot.html)"
66.249.79.143 - - [05/Jun/2016:03:58:47 +0200] "GET /download/Lift_D.pdf HTTP/1.1" 200 1053695 "-" "Mozilla/5.0 (compatible; Googlebot/2.1; +http://www.google.com/bot.html)"
208.115.111.73 - - [05/Jun/2016:05:00:26 +0200] "GET /robots.txt HTTP/1.1" 404 - "-" "Mozilla/5.0 (compatible; DotBot/1.1; http://www.opensiteexplorer.org/dotbot, help@moz.com)"
66.249.79.128 - - [05/Jun/2016:05:59:21 +0200] "GET /gebrauchtmaschinen.php HTTP/1.1" 200 6356 "-" "Mozilla/5.0 (Linux; Android 6.0.1; Nexus 5X Build/MMB29P) AppleWebKit/537.36 (KHTML, like Gecko) Chrome/41.0.2272.96 Mobile Safari/537.36 (compatible; Googlebot/2.1; +http://www.google.com/bot.html)"
220.181.108.185 - - [05/Jun/2016:05:59:53 +0200] "GET /link/20130401 HTTP/1.1" 302 - "-" "Mozilla/5.0 (compatible; Baiduspider/2.0; +http://www.baidu.com/search/spider.html)"
220.181.108.103 - - [05/Jun/2016:05:59:54 +0200] "GET /download/Boecker_Angebot_AHK_Easyline.pdf HTTP/1.1" 200 454854 "-" "Mozilla/5.0 (compatible; Baiduspider/2.0; +http://www.baidu.com/search/spider.html)"
208.115.111.73 - - [05/Jun/2016:06:14:46 +0200] "GET /vermietung.php HTTP/1.1" 200 6527 "-" "Mozilla/5.0 (compatible; DotBot/1.1; http://www.opensiteexplorer.org/dotbot, help@moz.com)"
66.249.79.136 - - [05/Jun/2016:06:43:11 +0200] "GET / HTTP/1.1" 200 6704 "-" "Mozilla/5.0 (compatible; Googlebot/2.1; +http://www.google.com/bot.html)"
68.180.229.217 - - [05/Jun/2016:06:43:44 +0200] "GET /robots.txt HTTP/1.1" 404 - "-" "Mozilla/5.0 (compatible; Yahoo! Slurp; http://help.yahoo.com/help/us/ysearch/slurp)"
68.180.229.217 - - [05/Jun/2016:06:43:45 +0200] "GET /vermietung.php HTTP/1.1" 200 6527 "-" "Mozilla/5.0 (compatible; Yahoo! Slurp; http://help.yahoo.com/help/us/ysearch/slurp)"
66.249.79.143 - - [05/Jun/2016:06:58:16 +0200] "GET /jquery.cross-slide.js HTTP/1.1" 200 11724 "-" "Mozilla/5.0 (compatible; Googlebot/2.1; +http://www.google.com/bot.html)"
66.249.79.136 - - [05/Jun/2016:06:58:17 +0200] "GET /swfobject.js HTTP/1.1" 200 6880 "-" "Mozilla/5.0 (compatible; Googlebot/2.1; +http://www.google.com/bot.html)"
66.249.79.136 - - [05/Jun/2016:06:58:18 +0200] "GET /fancybox/jquery.fancybox-1.3.4.css HTTP/1.1" 200 8494 "-" "Mozilla/5.0 (compatible; Googlebot/2.1; +http://www.google.com/bot.html)"
66.249.79.136 - - [05/Jun/2016:06:58:18 +0200] "GET /css/groeger.css HTTP/1.1" 200 5467 "-" "Mozilla/5.0 (compatible; Googlebot/2.1; +http://www.google.com/bot.html)"
66.249.79.136 - - [05/Jun/2016:06:58:18 +0200] "GET /fancybox/jquery.fancybox-1.3.4.pack.js HTTP/1.1" 200 15624 "-" "Mozilla/5.0 (compatible; Googlebot/2.1; +http://www.google.com/bot.html)"
66.249.79.136 - - [05/Jun/2016:06:58:19 +0200] "GET /jquery-1.4.3.min.js HTTP/1.1" 200 77746 "-" "Mozilla/5.0 (compatible; Googlebot/2.1; +http://www.google.com/bot.html)"
207.46.13.153 - - [05/Jun/2016:07:43:30 +0200] "GET /vermietung.php HTTP/1.1" 200 6527 "-" "Mozilla/5.0 (compatible; bingbot/2.0; +http://www.bing.com/bingbot.htm)"
207.46.13.131 - - [05/Jun/2016:07:44:05 +0200] "GET /css/groeger.css HTTP/1.1" 200 5467 "-" "Mozilla/5.0 (compatible; bingbot/2.0; +http://www.bing.com/bingbot.htm)"
207.46.13.153 - - [05/Jun/2016:07:44:33 +0200] "GET /fancybox/jquery.fancybox-1.3.4.pack.js HTTP/1.1" 200 15624 "-" "Mozilla/5.0 (compatible; bingbot/2.0; +http://www.bing.com/bingbot.htm)"
207.46.13.153 - - [05/Jun/2016:07:44:33 +0200] "GET /jquery-1.4.3.min.js HTTP/1.1" 200 77746 "-" "Mozilla/5.0 (compatible; bingbot/2.0; +http://www.bing.com/bingbot.htm)"
207.46.13.153 - - [05/Jun/2016:07:44:34 +0200] "GET /jquery.cross-slide.js HTTP/1.1" 200 11724 "-" "Mozilla/5.0 (compatible; bingbot/2.0; +http://www.bing.com/bingbot.htm)"
66.249.79.128 - - [05/Jun/2016:08:15:33 +0200] "GET / HTTP/1.1" 200 6704 "-" "Mozilla/5.0 (compatible; Googlebot/2.1; +http://www.google.com/bot.html)"
136.243.17.161 - - [05/Jun/2016:08:28:49 +0200] "GET / HTTP/1.1" 200 6704 "-" "Mozilla/5.0 (Windows NT 6.2; rv:16.0) Gecko/20100101 Firefox/16.0"
136.243.17.161 - - [05/Jun/2016:08:28:49 +0200] "GET /impressum.php HTTP/1.1" 200 8128 "-" "Mozilla/5.0 (Windows NT 6.0; rv:14.0) Gecko/20100101 Firefox/14.0.1"
136.243.17.161 - - [05/Jun/2016:08:28:50 +0200] "GET /kontakt.php HTTP/1.1" 200 6954 "-" "Mozilla/5.0 (Windows NT 5.1; rv:12.0) Gecko/20120403211507 Firefox/12.0"
79.242.129.66 - - [05/Jun/2016:09:04:47 +0200] "GET /kontakt.php HTTP/1.1" 200 6954 "https://www.google.de/" "Mozilla/5.0 (Windows NT 6.1; WOW64) AppleWebKit/537.36 (KHTML, like Gecko) Chrome/50.0.2661.102 Safari/537.36"
79.242.129.66 - - [05/Jun/2016:09:05:04 +0200] "GET /impressum.php HTTP/1.1" 200 8128 "http://www.groeger-bauaufzuege.de/kontakt.php" "Mozilla/5.0 (Windows NT 6.1; WOW64) AppleWebKit/537.36 (KHTML, like Gecko) Chrome/50.0.2661.102 Safari/537.36"
79.242.129.66 - - [05/Jun/2016:09:05:20 +0200] "GET /index.php HTTP/1.1" 200 6704 "http://www.groeger-bauaufzuege.de/impressum.php" "Mozilla/5.0 (Windows NT 6.1; WOW64) AppleWebKit/537.36 (KHTML, like Gecko) Chrome/50.0.2661.102 Safari/537.36"
79.242.129.66 - - [05/Jun/2016:09:05:20 +0200] "GET /img/pfeil.png HTTP/1.1" 200 840 "http://www.groeger-bauaufzuege.de/index.php" "Mozilla/5.0 (Windows NT 6.1; WOW64) AppleWebKit/537.36 (KHTML, like Gecko) Chrome/50.0.2661.102 Safari/537.36"
66.249.79.128 - - [05/Jun/2016:09:05:31 +0200] "GET /download/Newsletter_Groeger_11-06_Innung.pdf HTTP/1.1" 304 - "-" "Mozilla/5.0 (compatible; Googlebot/2.1; +http://www.google.com/bot.html)"
66.249.79.143 - - [05/Jun/2016:09:05:32 +0200] "GET /download/Newsletter_Groeger_11-06_Innung.pdf HTTP/1.1" 304 - "-" "Mozilla/5.0 (compatible; Googlebot/2.1; +http://www.google.com/bot.html)"
80.153.222.46 - - [05/Jun/2016:10:13:27 +0200] "GET / HTTP/1.1" 200 6704 "http://www.google.de/url?url=http://www.groeger-bauaufzuege.de/&rct=j&frm=1&q=&esrc=s&sa=U&ved=0ahUKEwjdnY2PuJDNAhWFchQKHT-MCXAQFggaMAE&usg=AFQjCNEdhCaBXV0YPWk0xNj3i1rg5sC6zg" "Mozilla/4.0 (compatible; MSIE 8.0; Windows NT 6.1; WOW64; Trident/4.0; SLCC2; .NET CLR 2.0.50727; .NET CLR 3.5.30729; .NET CLR 3.0.30729; Media Center PC 6.0; .NET4.0C; .NET4.0E)"
80.153.222.46 - - [05/Jun/2016:10:13:27 +0200] "GET /css/groeger.css HTTP/1.1" 200 5467 "http://www.groeger-bauaufzuege.de/" "Mozilla/4.0 (compatible; MSIE 8.0; Windows NT 6.1; WOW64; Trident/4.0; SLCC2; .NET CLR 2.0.50727; .NET CLR 3.5.30729; .NET CLR 3.0.30729; Media Center PC 6.0; .NET4.0C; .NET4.0E)"
80.153.222.46 - - [05/Jun/2016:10:13:27 +0200] "GET /swfobject.js HTTP/1.1" 200 6880 "http://www.groeger-bauaufzuege.de/" "Mozilla/4.0 (compatible; MSIE 8.0; Windows NT 6.1; WOW64; Trident/4.0; SLCC2; .NET CLR 2.0.50727; .NET CLR 3.5.30729; .NET CLR 3.0.30729; Media Center PC 6.0; .NET4.0C; .NET4.0E)"
80.153.222.46 - - [05/Jun/2016:10:13:27 +0200] "GET /jquery.cross-slide.js HTTP/1.1" 200 11724 "http://www.groeger-bauaufzuege.de/" "Mozilla/4.0 (compatible; MSIE 8.0; Windows NT 6.1; WOW64; Trident/4.0; SLCC2; .NET CLR 2.0.50727; .NET CLR 3.5.30729; .NET CLR 3.0.30729; Media Center PC 6.0; .NET4.0C; .NET4.0E)"
80.153.222.46 - - [05/Jun/2016:10:13:27 +0200] "GET /fancybox/jquery.fancybox-1.3.4.pack.js HTTP/1.1" 200 15624 "http://www.groeger-bauaufzuege.de/" "Mozilla/4.0 (compatible; MSIE 8.0; Windows NT 6.1; WOW64; Trident/4.0; SLCC2; .NET CLR 2.0.50727; .NET CLR 3.5.30729; .NET CLR 3.0.30729; Media Center PC 6.0; .NET4.0C; .NET4.0E)"
80.153.222.46 - - [05/Jun/2016:10:13:27 +0200] "GET /fancybox/jquery.fancybox-1.3.4.css HTTP/1.1" 200 8494 "http://www.groeger-bauaufzuege.de/" "Mozilla/4.0 (compatible; MSIE 8.0; Windows NT 6.1; WOW64; Trident/4.0; SLCC2; .NET CLR 2.0.50727; .NET CLR 3.5.30729; .NET CLR 3.0.30729; Media Center PC 6.0; .NET4.0C; .NET4.0E)"
80.153.222.46 - - [05/Jun/2016:10:13:27 +0200] "GET /jquery-1.4.3.min.js HTTP/1.1" 200 77746 "http://www.groeger-bauaufzuege.de/" "Mozilla/4.0 (compatible; MSIE 8.0; Windows NT 6.1; WOW64; Trident/4.0; SLCC2; .NET CLR 2.0.50727; .NET CLR 3.5.30729; .NET CLR 3.0.30729; Media Center PC 6.0; .NET4.0C; .NET4.0E)"
80.153.222.46 - - [05/Jun/2016:10:13:28 +0200] "GET /img/logo_groeger.gif HTTP/1.1" 200 3605 "http://www.groeger-bauaufzuege.de/" "Mozilla/4.0 (compatible; MSIE 8.0; Windows NT 6.1; WOW64; Trident/4.0; SLCC2; .NET CLR 2.0.50727; .NET CLR 3.5.30729; .NET CLR 3.0.30729; Media Center PC 6.0; .NET4.0C; .NET4.0E)"
80.153.222.46 - - [05/Jun/2016:10:13:28 +0200] "GET /img/bild_1.jpg HTTP/1.1" 200 34058 "http://www.groeger-bauaufzuege.de/" "Mozilla/4.0 (compatible; MSIE 8.0; Windows NT 6.1; WOW64; Trident/4.0; SLCC2; .NET CLR 2.0.50727; .NET CLR 3.5.30729; .NET CLR 3.0.30729; Media Center PC 6.0; .NET4.0C; .NET4.0E)"
80.153.222.46 - - [05/Jun/2016:10:13:28 +0200] "GET /img/pfeil.png HTTP/1.1" 200 840 "http://www.groeger-bauaufzuege.de/" "Mozilla/4.0 (compatible; MSIE 8.0; Windows NT 6.1; WOW64; Trident/4.0; SLCC2; .NET CLR 2.0.50727; .NET CLR 3.5.30729; .NET CLR 3.0.30729; Media Center PC 6.0; .NET4.0C; .NET4.0E)"
80.153.222.46 - - [05/Jun/2016:10:13:28 +0200] "GET /img/grauverlauf.png HTTP/1.1" 200 3242 "http://www.groeger-bauaufzuege.de/" "Mozilla/4.0 (compatible; MSIE 8.0; Windows NT 6.1; WOW64; Trident/4.0; SLCC2; .NET CLR 2.0.50727; .NET CLR 3.5.30729; .NET CLR 3.0.30729; Media Center PC 6.0; .NET4.0C; .NET4.0E)"
80.153.222.46 - - [05/Jun/2016:10:13:28 +0200] "GET /img/groeger_web.jpg HTTP/1.1" 200 10877 "http://www.groeger-bauaufzuege.de/" "Mozilla/4.0 (compatible; MSIE 8.0; Windows NT 6.1; WOW64; Trident/4.0; SLCC2; .NET CLR 2.0.50727; .NET CLR 3.5.30729; .NET CLR 3.0.30729; Media Center PC 6.0; .NET4.0C; .NET4.0E)"
80.153.222.46 - - [05/Jun/2016:10:13:28 +0200] "GET /fancybox/fancybox.png HTTP/1.1" 200 15287 "http://www.groeger-bauaufzuege.de/" "Mozilla/4.0 (compatible; MSIE 8.0; Windows NT 6.1; WOW64; Trident/4.0; SLCC2; .NET CLR 2.0.50727; .NET CLR 3.5.30729; .NET CLR 3.0.30729; Media Center PC 6.0; .NET4.0C; .NET4.0E)"
80.153.222.46 - - [05/Jun/2016:10:13:28 +0200] "GET /fancybox/blank.gif HTTP/1.1" 200 43 "http://www.groeger-bauaufzuege.de/" "Mozilla/4.0 (compatible; MSIE 8.0; Windows NT 6.1; WOW64; Trident/4.0; SLCC2; .NET CLR 2.0.50727; .NET CLR 3.5.30729; .NET CLR 3.0.30729; Media Center PC 6.0; .NET4.0C; .NET4.0E)"
80.153.222.46 - - [05/Jun/2016:10:13:28 +0200] "GET /img/bild_2.jpg HTTP/1.1" 200 37224 "http://www.groeger-bauaufzuege.de/" "Mozilla/4.0 (compatible; MSIE 8.0; Windows NT 6.1; WOW64; Trident/4.0; SLCC2; .NET CLR 2.0.50727; .NET CLR 3.5.30729; .NET CLR 3.0.30729; Media Center PC 6.0; .NET4.0C; .NET4.0E)"
80.153.222.46 - - [05/Jun/2016:10:13:28 +0200] "GET /img/bild_3.jpg HTTP/1.1" 200 38007 "http://www.groeger-bauaufzuege.de/" "Mozilla/4.0 (compatible; MSIE 8.0; Windows NT 6.1; WOW64; Trident/4.0; SLCC2; .NET CLR 2.0.50727; .NET CLR 3.5.30729; .NET CLR 3.0.30729; Media Center PC 6.0; .NET4.0C; .NET4.0E)"
80.153.222.46 - - [05/Jun/2016:10:13:28 +0200] "GET /img/bild_4.jpg HTTP/1.1" 200 31111 "http://www.groeger-bauaufzuege.de/" "Mozilla/4.0 (compatible; MSIE 8.0; Windows NT 6.1; WOW64; Trident/4.0; SLCC2; .NET CLR 2.0.50727; .NET CLR 3.5.30729; .NET CLR 3.0.30729; Media Center PC 6.0; .NET4.0C; .NET4.0E)"
80.153.222.46 - - [05/Jun/2016:10:13:28 +0200] "GET /img/favicon.gif HTTP/1.1" 200 119 "-" "Mozilla/4.0 (compatible; MSIE 8.0; Windows NT 6.1; WOW64; Trident/4.0; SLCC2; .NET CLR 2.0.50727; .NET CLR 3.5.30729; .NET CLR 3.0.30729; Media Center PC 6.0; .NET4.0C; .NET4.0E)"
80.153.222.46 - - [05/Jun/2016:10:13:28 +0200] "GET /fancybox/fancy_shadow_n.png HTTP/1.1" 200 106 "-" "Mozilla/4.0 (compatible; MSIE 8.0; Windows NT 6.1; WOW64; Trident/4.0; SLCC2; .NET CLR 2.0.50727; .NET CLR 3.5.30729; .NET CLR 3.0.30729; Media Center PC 6.0; .NET4.0C; .NET4.0E)"
80.153.222.46 - - [05/Jun/2016:10:13:28 +0200] "GET /fancybox/fancy_shadow_ne.png HTTP/1.1" 200 347 "-" "Mozilla/4.0 (compatible; MSIE 8.0; Windows NT 6.1; WOW64; Trident/4.0; SLCC2; .NET CLR 2.0.50727; .NET CLR 3.5.30729; .NET CLR 3.0.30729; Media Center PC 6.0; .NET4.0C; .NET4.0E)"
80.153.222.46 - - [05/Jun/2016:10:13:28 +0200] "GET /fancybox/fancy_shadow_e.png HTTP/1.1" 200 107 "-" "Mozilla/4.0 (compatible; MSIE 8.0; Windows NT 6.1; WOW64; Trident/4.0; SLCC2; .NET CLR 2.0.50727; .NET CLR 3.5.30729; .NET CLR 3.0.30729; Media Center PC 6.0; .NET4.0C; .NET4.0E)"
80.153.222.46 - - [05/Jun/2016:10:13:28 +0200] "GET /fancybox/fancy_shadow_se.png HTTP/1.1" 200 352 "-" "Mozilla/4.0 (compatible; MSIE 8.0; Windows NT 6.1; WOW64; Trident/4.0; SLCC2; .NET CLR 2.0.50727; .NET CLR 3.5.30729; .NET CLR 3.0.30729; Media Center PC 6.0; .NET4.0C; .NET4.0E)"
80.153.222.46 - - [05/Jun/2016:10:13:28 +0200] "GET /fancybox/fancy_shadow_s.png HTTP/1.1" 200 111 "-" "Mozilla/4.0 (compatible; MSIE 8.0; Windows NT 6.1; WOW64; Trident/4.0; SLCC2; .NET CLR 2.0.50727; .NET CLR 3.5.30729; .NET CLR 3.0.30729; Media Center PC 6.0; .NET4.0C; .NET4.0E)"
80.153.222.46 - - [05/Jun/2016:10:13:28 +0200] "GET /fancybox/fancy_shadow_sw.png HTTP/1.1" 200 340 "-" "Mozilla/4.0 (compatible; MSIE 8.0; Windows NT 6.1; WOW64; Trident/4.0; SLCC2; .NET CLR 2.0.50727; .NET CLR 3.5.30729; .NET CLR 3.0.30729; Media Center PC 6.0; .NET4.0C; .NET4.0E)"
80.153.222.46 - - [05/Jun/2016:10:13:28 +0200] "GET /fancybox/fancy_shadow_w.png HTTP/1.1" 200 103 "-" "Mozilla/4.0 (compatible; MSIE 8.0; Windows NT 6.1; WOW64; Trident/4.0; SLCC2; .NET CLR 2.0.50727; .NET CLR 3.5.30729; .NET CLR 3.0.30729; Media Center PC 6.0; .NET4.0C; .NET4.0E)"
80.153.222.46 - - [05/Jun/2016:10:13:28 +0200] "GET /fancybox/fancy_shadow_nw.png HTTP/1.1" 200 324 "-" "Mozilla/4.0 (compatible; MSIE 8.0; Windows NT 6.1; WOW64; Trident/4.0; SLCC2; .NET CLR 2.0.50727; .NET CLR 3.5.30729; .NET CLR 3.0.30729; Media Center PC 6.0; .NET4.0C; .NET4.0E)"
80.153.222.46 - - [05/Jun/2016:10:13:35 +0200] "GET /gebrauchtmaschinen.php HTTP/1.1" 200 6356 "http://www.groeger-bauaufzuege.de/" "Mozilla/4.0 (compatible; MSIE 8.0; Windows NT 6.1; WOW64; Trident/4.0; SLCC2; .NET CLR 2.0.50727; .NET CLR 3.5.30729; .NET CLR 3.0.30729; Media Center PC 6.0; .NET4.0C; .NET4.0E)"
80.153.222.46 - - [05/Jun/2016:10:13:35 +0200] "GET /img/favicon.gif HTTP/1.1" 200 119 "-" "Mozilla/4.0 (compatible; MSIE 8.0; Windows NT 6.1; WOW64; Trident/4.0; SLCC2; .NET CLR 2.0.50727; .NET CLR 3.5.30729; .NET CLR 3.0.30729; Media Center PC 6.0; .NET4.0C; .NET4.0E)"
80.153.222.46 - - [05/Jun/2016:10:13:57 +0200] "GET /gebrauchtmaschinen.php HTTP/1.1" 200 6356 "http://www.groeger-bauaufzuege.de/" "Mozilla/4.0 (compatible; MSIE 8.0; Windows NT 6.1; WOW64; Trident/4.0; SLCC2; .NET CLR 2.0.50727; .NET CLR 3.5.30729; .NET CLR 3.0.30729; Media Center PC 6.0; .NET4.0C; .NET4.0E)"
66.249.79.136 - - [05/Jun/2016:11:04:22 +0200] "GET / HTTP/1.1" 200 6704 "-" "Mozilla/5.0 (Linux; Android 6.0.1; Nexus 5X Build/MMB29P) AppleWebKit/537.36 (KHTML, like Gecko) Chrome/41.0.2272.96 Mobile Safari/537.36 (compatible; Googlebot/2.1; +http://www.google.com/bot.html)"
66.249.79.128 - - [05/Jun/2016:11:27:32 +0200] "GET /leistungen.php HTTP/1.1" 200 9023 "-" "Mozilla/5.0 (compatible; Googlebot/2.1; +http://www.google.com/bot.html)"
2.247.247.205 - - [05/Jun/2016:11:40:54 +0200] "GET /kontakt.php HTTP/1.1" 200 6954 "http://www.groeger-bauaufzuege.de/impressum.php" "Mozilla/5.0 (iPhone; CPU iPhone OS 9_3_2 like Mac OS X) AppleWebKit/601.1 (KHTML, like Gecko) CriOS/50.0.2661.95 Mobile/13F69 Safari/601.1.46"
207.46.13.131 - - [05/Jun/2016:11:53:50 +0200] "GET / HTTP/1.1" 200 6704 "-" "Mozilla/5.0 (compatible; bingbot/2.0; +http://www.bing.com/bingbot.htm)"
207.46.13.131 - - [05/Jun/2016:12:31:16 +0200] "GET /impressum.php HTTP/1.1" 200 8128 "-" "Mozilla/5.0 (iPhone; CPU iPhone OS 7_0 like Mac OS X) AppleWebKit/537.51.1 (KHTML, like Gecko) Version/7.0 Mobile/11A465 Safari/9537.53 (compatible; bingbot/2.0; +http://www.bing.com/bingbot.htm)"
95.114.209.229 - - [05/Jun/2016:13:29:49 +0200] "GET /kontakt.php HTTP/1.1" 200 6954 "https://www.google.de" "Mozilla/5.0 (Windows NT 6.1; WOW64; rv:46.0) Gecko/20100101 Firefox/46.0"
95.114.209.229 - - [05/Jun/2016:13:29:49 +0200] "GET /css/groeger.css HTTP/1.1" 200 5467 "http://www.groeger-bauaufzuege.de/kontakt.php" "Mozilla/5.0 (Windows NT 6.1; WOW64; rv:46.0) Gecko/20100101 Firefox/46.0"
95.114.209.229 - - [05/Jun/2016:13:29:49 +0200] "GET /swfobject.js HTTP/1.1" 200 6880 "http://www.groeger-bauaufzuege.de/kontakt.php" "Mozilla/5.0 (Windows NT 6.1; WOW64; rv:46.0) Gecko/20100101 Firefox/46.0"
95.114.209.229 - - [05/Jun/2016:13:29:49 +0200] "GET /jquery.cross-slide.js HTTP/1.1" 200 11724 "http://www.groeger-bauaufzuege.de/kontakt.php" "Mozilla/5.0 (Windows NT 6.1; WOW64; rv:46.0) Gecko/20100101 Firefox/46.0"
95.114.209.229 - - [05/Jun/2016:13:29:49 +0200] "GET /fancybox/jquery.fancybox-1.3.4.pack.js HTTP/1.1" 200 15624 "http://www.groeger-bauaufzuege.de/kontakt.php" "Mozilla/5.0 (Windows NT 6.1; WOW64; rv:46.0) Gecko/20100101 Firefox/46.0"
