78.46.37.41 - - [28/Jun/2016:15:10:12 +0200] "GET /aktuelles.php HTTP/1.1" 200 6694 "-" "Mozilla/5.0 (Windows NT 6.2) AppleWebKit/537.36 (KHTML, like Gecko) Chrome/28.0.1467.0 Safari/537.36"
78.46.37.41 - - [28/Jun/2016:15:10:13 +0200] "GET /leistungen.php HTTP/1.1" 200 9023 "-" "Mozilla/5.0 (compatible; MSIE 10.6; Windows NT 6.1; Trident/5.0; InfoPath.2; SLCC1; .NET CLR 3.0.4506.2152; .NET CLR 3.5.30729; .NET CLR 2.0.50727) 3gpp-gba UNTRUSTED/1.0"
78.46.37.41 - - [28/Jun/2016:15:10:13 +0200] "GET /verkauf.php HTTP/1.1" 200 6662 "-" "Mozilla/5.0 (Macintosh; Intel Mac OS X 10_7_3) AppleWebKit/534.55.3 (KHTML, like Gecko) Version/5.1.3 Safari/534.53.10"
78.46.37.41 - - [28/Jun/2016:15:10:13 +0200] "GET /vermietung.php HTTP/1.1" 200 6527 "-" "Mozilla/5.0 (Macintosh; Intel Mac OS X 10_6_8) AppleWebKit/537.13+ (KHTML, like Gecko) Version/5.1.7 Safari/534.57.2"
78.46.37.41 - - [28/Jun/2016:15:10:13 +0200] "GET /gebrauchtmaschinen.php HTTP/1.1" 200 6356 "-" "Mozilla/5.0 (iPad; CPU OS 6_0 like Mac OS X) AppleWebKit/536.26 (KHTML, like Gecko) Version/6.0 Mobile/10A5355d Safari/8536.25"
78.46.37.41 - - [28/Jun/2016:15:10:13 +0200] "GET /unternehmen.php HTTP/1.1" 200 7208 "-" "Mozilla/5.0 (iPad; CPU OS 6_0 like Mac OS X) AppleWebKit/536.26 (KHTML, like Gecko) Version/6.0 Mobile/10A5355d Safari/8536.25"
78.46.37.41 - - [28/Jun/2016:15:10:13 +0200] "GET /kontakt.php HTTP/1.1" 200 6954 "-" "Mozilla/5.0 (Windows NT 6.1; Win64; x64; rv:23.0) Gecko/20131011 Firefox/23.0"
78.46.37.41 - - [28/Jun/2016:15:10:14 +0200] "GET /impressum.php HTTP/1.1" 200 8128 "-" "Mozilla/5.0 (Macintosh; Intel Mac OS X 10_6_8) AppleWebKit/537.13+ (KHTML, like Gecko) Version/5.1.7 Safari/534.57.2"
78.46.37.41 - - [28/Jun/2016:15:10:14 +0200] "GET /angebote.php HTTP/1.1" 200 7198 "-" "Mozilla/5.0 (compatible; MSIE 10.6; Windows NT 6.1; Trident/5.0; InfoPath.2; SLCC1; .NET CLR 3.0.4506.2152; .NET CLR 3.5.30729; .NET CLR 2.0.50727) 3gpp-gba UNTRUSTED/1.0"
78.46.37.41 - - [28/Jun/2016:15:10:14 +0200] "GET /index.php HTTP/1.1" 200 6704 "-" "Mozilla/5.0 (iPad; CPU OS 5_1 like Mac OS X) AppleWebKit/534.46 (KHTML, like Gecko ) Version/5.1 Mobile/9B176 Safari/7534.48.3"
78.46.37.41 - - [28/Jun/2016:15:10:14 +0200] "GET /aktuelles_alt.php HTTP/1.1" 200 13541 "-" "Mozilla/5.0 (Macintosh; Intel Mac OS X 10_6_8) AppleWebKit/537.13+ (KHTML, like Gecko) Version/5.1.7 Safari/534.57.2"
78.46.37.41 - - [28/Jun/2016:15:10:14 +0200] "GET /index.php HTTP/1.1" 200 6704 "-" "Mozilla/5.0 (Macintosh; Intel Mac OS X 10_7_3) AppleWebKit/534.55.3 (KHTML, like Gecko) Version/5.1.3 Safari/534.53.10"
80.156.181.66 - - [28/Jun/2016:15:22:33 +0200] "GET /robots.txt HTTP/1.1" 404 - "http://www.unserpanketal.de/" "Mozilla/4.5 (compatible; HTTrack 3.0x; Windows 98)"
52.3.127.144 - - [28/Jun/2016:15:25:14 +0200] "GET /robots.txt HTTP/1.1" 404 - "-" "ltx71 - (http://ltx71.com/)"
52.3.127.144 - - [28/Jun/2016:15:25:57 +0200] "GET /vermietung.php HTTP/1.1" 200 6527 "-" "ltx71 - (http://ltx71.com/)"
95.91.215.195 - - [28/Jun/2016:15:34:26 +0200] "GET / HTTP/1.1" 200 6704 "https://www.bing.com" "Mozilla/5.0 (Windows NT 10.0; WOW64; rv:46.0) Gecko/20100101 Firefox/46.0"
95.91.215.195 - - [28/Jun/2016:15:34:27 +0200] "GET / HTTP/1.1" 200 6704 "https://www.bing.com" "Mozilla/5.0 (Windows NT 10.0; WOW64; rv:46.0) Gecko/20100101 Firefox/46.0"
95.91.215.195 - - [28/Jun/2016:15:34:41 +0200] "GET /kontakt.php HTTP/1.1" 200 6954 "http://www.groeger-bauaufzuege.de/" "Mozilla/5.0 (Windows NT 10.0; WOW64; rv:46.0) Gecko/20100101 Firefox/46.0"
66.249.75.192 - - [28/Jun/2016:15:57:01 +0200] "GET /favicon.ico HTTP/1.1" 404 - "-" "Googlebot-Image/1.0"
52.3.127.144 - - [28/Jun/2016:16:02:29 +0200] "GET /robots.txt HTTP/1.1" 404 - "-" "ltx71 - (http://ltx71.com/)"
52.3.127.144 - - [28/Jun/2016:16:03:42 +0200] "GET /swfobject.js HTTP/1.1" 200 6880 "-" "ltx71 - (http://ltx71.com/)"
52.3.127.144 - - [28/Jun/2016:16:14:27 +0200] "GET /robots.txt HTTP/1.1" 404 - "-" "ltx71 - (http://ltx71.com/)"
52.3.127.144 - - [28/Jun/2016:16:15:03 +0200] "GET /aktuelles.php HTTP/1.1" 200 6694 "-" "ltx71 - (http://ltx71.com/)"
66.249.75.208 - - [28/Jun/2016:16:22:45 +0200] "GET /download/Newsletter-Groeger-Dachdecker-2011-04.pdf HTTP/1.1" 200 248596 "-" "Mozilla/5.0 (Linux; Android 6.0.1; Nexus 5X Build/MMB29P) AppleWebKit/537.36 (KHTML, like Gecko) Chrome/41.0.2272.96 Mobile Safari/537.36 (compatible; Googlebot/2.1; +http://www.google.com/bot.html)"
208.115.111.73 - - [28/Jun/2016:16:26:12 +0200] "GET /robots.txt HTTP/1.1" 404 - "-" "Mozilla/5.0 (compatible; DotBot/1.1; http://www.opensiteexplorer.org/dotbot, help@moz.com)"
52.3.127.144 - - [28/Jun/2016:16:36:04 +0200] "GET /robots.txt HTTP/1.1" 404 - "-" "ltx71 - (http://ltx71.com/)"
52.3.127.144 - - [28/Jun/2016:16:37:07 +0200] "GET /img/groeger_aluschweissen.jpg HTTP/1.1" 200 12289 "-" "ltx71 - (http://ltx71.com/)"
157.55.39.103 - - [28/Jun/2016:16:53:43 +0200] "GET /kontakt.php HTTP/1.1" 200 6954 "-" "Mozilla/5.0 (compatible; bingbot/2.0; +http://www.bing.com/bingbot.htm)"
157.55.39.103 - - [28/Jun/2016:16:53:46 +0200] "GET /img/groeger-bautec.png HTTP/1.1" 200 155184 "-" "Mozilla/5.0 (compatible; bingbot/2.0; +http://www.bing.com/bingbot.htm)"
46.229.164.101 - - [28/Jun/2016:16:54:19 +0200] "GET /robots.txt HTTP/1.1" 404 - "-" "Mozilla/5.0 (compatible; SemrushBot/1.1~bl; +http://www.semrush.com/bot.html)"
79.116.27.172 - - [28/Jun/2016:17:12:25 +0200] "GET / HTTP/1.1" 200 6704 "-" "Java/1.6.0_04"
79.116.27.172 - - [28/Jun/2016:17:12:25 +0200] "GET /index.php HTTP/1.1" 200 6704 "-" "Java/1.6.0_04"
79.116.27.172 - - [28/Jun/2016:17:12:25 +0200] "GET /jquery-1.4.3.min.js HTTP/1.1" 200 77746 "-" "Java/1.6.0_04"
79.116.27.172 - - [28/Jun/2016:17:12:26 +0200] "GET /jquery.cross-slide.js HTTP/1.1" 200 11724 "-" "Java/1.6.0_04"
79.116.27.172 - - [28/Jun/2016:17:12:26 +0200] "GET /swfobject.js HTTP/1.1" 200 6880 "-" "Java/1.6.0_04"
79.116.27.172 - - [28/Jun/2016:17:12:26 +0200] "GET /verkauf.php HTTP/1.1" 200 6662 "-" "Java/1.6.0_04"
79.116.27.172 - - [28/Jun/2016:17:12:27 +0200] "GET /vermietung.php HTTP/1.1" 200 6527 "-" "Java/1.6.0_04"
79.116.27.172 - - [28/Jun/2016:17:12:27 +0200] "GET /)h.html(f?c( HTTP/1.1" 404 - "-" "Java/1.6.0_04"
79.116.27.172 - - [28/Jun/2016:17:12:27 +0200] "GET /]};O.optgroup=O.option;O.tbody=O.tfoot=O.colgroup=O.caption=O.thead;O.th=O.td;if(!c.support.htmlSerialize)O._default=[1, HTTP/1.1" 404 - "-" "Java/1.6.0_04"
79.116.27.172 - - [28/Jun/2016:17:12:27 +0200] "GET /./aktuelles.php HTTP/1.1" 200 6694 "-" "Java/1.6.0_04"
79.116.27.172 - - [28/Jun/2016:17:12:28 +0200] "GET /./angebote.php HTTP/1.1" 200 7198 "-" "Java/1.6.0_04"
79.116.27.172 - - [28/Jun/2016:17:12:28 +0200] "GET /./gebrauchtmaschinen.php HTTP/1.1" 200 6356 "-" "Java/1.6.0_04"
79.116.27.172 - - [28/Jun/2016:17:12:28 +0200] "GET /./impressum.php HTTP/1.1" 200 8128 "-" "Java/1.6.0_04"
79.116.27.172 - - [28/Jun/2016:17:12:28 +0200] "GET /./index.php HTTP/1.1" 200 6704 "-" "Java/1.6.0_04"
79.116.27.172 - - [28/Jun/2016:17:12:28 +0200] "GET /./kontakt.php HTTP/1.1" 200 6954 "-" "Java/1.6.0_04"
79.116.27.172 - - [28/Jun/2016:17:12:28 +0200] "GET /./leistungen.php HTTP/1.1" 200 9023 "-" "Java/1.6.0_04"
79.116.27.172 - - [28/Jun/2016:17:12:29 +0200] "GET /./unternehmen.php HTTP/1.1" 200 7208 "-" "Java/1.6.0_04"
79.116.27.172 - - [28/Jun/2016:17:12:29 +0200] "GET /./verkauf.php HTTP/1.1" 200 6662 "-" "Java/1.6.0_04"
79.116.27.172 - - [28/Jun/2016:17:12:29 +0200] "GET /./vermietung.php HTTP/1.1" 200 6527 "-" "Java/1.6.0_04"
79.116.27.172 - - [28/Jun/2016:17:12:29 +0200] "GET /{0} HTTP/1.1" 404 - "-" "Java/1.6.0_04"
79.116.27.172 - - [28/Jun/2016:17:12:29 +0200] "GET /{1} HTTP/1.1" 404 - "-" "Java/1.6.0_04"
79.116.27.172 - - [28/Jun/2016:17:12:29 +0200] "GET /./aktuelles_alt.php HTTP/1.1" 200 13541 "-" "Java/1.6.0_04"
79.116.27.172 - - [28/Jun/2016:17:12:30 +0200] "GET /./jquery-1.4.3.min.js HTTP/1.1" 200 77746 "-" "Java/1.6.0_04"
79.116.27.172 - - [28/Jun/2016:17:12:30 +0200] "GET /./jquery.cross-slide.js HTTP/1.1" 200 11724 "-" "Java/1.6.0_04"
79.116.27.172 - - [28/Jun/2016:17:12:31 +0200] "GET /./swfobject.js HTTP/1.1" 200 6880 "-" "Java/1.6.0_04"
79.116.27.172 - - [28/Jun/2016:17:12:31 +0200] "GET /./)h.html(f?c( HTTP/1.1" 404 - "-" "Java/1.6.0_04"
79.116.27.172 - - [28/Jun/2016:17:12:31 +0200] "GET /./]};O.optgroup=O.option;O.tbody=O.tfoot=O.colgroup=O.caption=O.thead;O.th=O.td;if(!c.support.htmlSerialize)O._default=[1, HTTP/1.1" 404 - "-" "Java/1.6.0_04"
79.116.27.172 - - [28/Jun/2016:17:12:31 +0200] "GET /./fancybox/jquery.fancybox-1.3.4.pack.js HTTP/1.1" 200 15624 "-" "Java/1.6.0_04"
79.116.27.172 - - [28/Jun/2016:17:12:31 +0200] "GET /./img/pfeil.png HTTP/1.1" 200 840 "-" "Java/1.6.0_04"
79.116.27.172 - - [28/Jun/2016:17:12:31 +0200] "GET /./img/logo_wfw.png HTTP/1.1" 200 2671 "-" "Java/1.6.0_04"
79.116.27.172 - - [28/Jun/2016:17:12:31 +0200] "GET /././aktuelles.php HTTP/1.1" 200 6694 "-" "Java/1.6.0_04"
79.116.27.172 - - [28/Jun/2016:17:12:31 +0200] "GET /././angebote.php HTTP/1.1" 200 7198 "-" "Java/1.6.0_04"
79.116.27.172 - - [28/Jun/2016:17:12:32 +0200] "GET /././gebrauchtmaschinen.php HTTP/1.1" 200 6356 "-" "Java/1.6.0_04"
79.116.27.172 - - [28/Jun/2016:17:12:32 +0200] "GET /././impressum.php HTTP/1.1" 200 8128 "-" "Java/1.6.0_04"
79.116.27.172 - - [28/Jun/2016:17:12:32 +0200] "GET /././index.php HTTP/1.1" 200 6704 "-" "Java/1.6.0_04"
79.116.27.172 - - [28/Jun/2016:17:12:32 +0200] "GET /././kontakt.php HTTP/1.1" 200 6954 "-" "Java/1.6.0_04"
79.116.27.172 - - [28/Jun/2016:17:12:32 +0200] "GET /././leistungen.php HTTP/1.1" 200 9023 "-" "Java/1.6.0_04"
79.116.27.172 - - [28/Jun/2016:17:12:32 +0200] "GET /././unternehmen.php HTTP/1.1" 200 7208 "-" "Java/1.6.0_04"
79.116.27.172 - - [28/Jun/2016:17:12:33 +0200] "GET /././verkauf.php HTTP/1.1" 200 6662 "-" "Java/1.6.0_04"
79.116.27.172 - - [28/Jun/2016:17:12:33 +0200] "GET /././vermietung.php HTTP/1.1" 200 6527 "-" "Java/1.6.0_04"
79.116.27.172 - - [28/Jun/2016:17:12:33 +0200] "GET /./img/Newsletter_Groeger_2013-06.png HTTP/1.1" 200 23068 "-" "Java/1.6.0_04"
79.116.27.172 - - [28/Jun/2016:17:12:33 +0200] "GET /./{0} HTTP/1.1" 404 - "-" "Java/1.6.0_04"
79.116.27.172 - - [28/Jun/2016:17:12:33 +0200] "GET /./{1} HTTP/1.1" 404 - "-" "Java/1.6.0_04"
52.3.127.144 - - [28/Jun/2016:17:13:13 +0200] "GET /robots.txt HTTP/1.1" 404 - "-" "ltx71 - (http://ltx71.com/)"
52.3.127.144 - - [28/Jun/2016:17:13:59 +0200] "GET /vermietung.php HTTP/1.1" 200 6527 "-" "ltx71 - (http://ltx71.com/)"
194.187.170.204 - - [28/Jun/2016:17:25:38 +0200] "GET /robots.txt HTTP/1.0" 404 - "-" "Mozilla/5.0 (compatible; Qwantify/2.2w; +https://www.qwant.com/)/*"
194.187.170.204 - - [28/Jun/2016:17:25:38 +0200] "GET / HTTP/1.0" 200 6704 "-" "Mozilla/5.0 (compatible; Qwantify/2.2w; +https://www.qwant.com/)/*"
66.249.75.208 - - [28/Jun/2016:17:28:08 +0200] "GET / HTTP/1.1" 200 6704 "-" "Mozilla/5.0 (compatible; Googlebot/2.1; +http://www.google.com/bot.html)"
52.3.127.144 - - [28/Jun/2016:17:47:44 +0200] "GET /robots.txt HTTP/1.1" 404 - "-" "ltx71 - (http://ltx71.com/)"
52.3.127.144 - - [28/Jun/2016:17:48:06 +0200] "GET /gebrauchtmaschinen.php HTTP/1.1" 200 6356 "-" "ltx71 - (http://ltx71.com/)"
208.115.111.73 - - [28/Jun/2016:17:50:28 +0200] "GET /kontakt.php HTTP/1.1" 200 6954 "-" "Mozilla/5.0 (compatible; DotBot/1.1; http://www.opensiteexplorer.org/dotbot, help@moz.com)"
194.187.170.205 - - [28/Jun/2016:18:02:10 +0200] "GET /robots.txt HTTP/1.0" 404 - "-" "Mozilla/5.0 (compatible; Qwantify/2.2w; +https://www.qwant.com/)/*"
194.187.170.205 - - [28/Jun/2016:18:02:10 +0200] "GET / HTTP/1.0" 200 6704 "-" "Mozilla/5.0 (compatible; Qwantify/2.2w; +https://www.qwant.com/)/*"
66.249.75.192 - - [28/Jun/2016:18:19:26 +0200] "GET / HTTP/1.1" 200 6704 "-" "DoCoMo/2.0 N905i(c100;TB;W24H16) (compatible; Googlebot-Mobile/2.1; +http://www.google.com/bot.html)"
5.9.106.81 - - [28/Jun/2016:18:47:07 +0200] "GET /download/Boecker_Autokrane.pdf HTTP/1.1" 200 1994740 "-" "Mozilla/5.0 (Macintosh; Intel Mac OS X 10_7_5) AppleWebKit/537.36 (KHTML, like Gecko) Chrome/27.0.1453.93 Safari/537.36"
66.249.64.91 - - [28/Jun/2016:18:51:28 +0200] "GET /kontakt.php HTTP/1.1" 200 6954 "-" "Mozilla/5.0 (compatible; Googlebot/2.1; +http://www.google.com/bot.html)"
52.3.127.144 - - [28/Jun/2016:19:14:32 +0200] "GET /robots.txt HTTP/1.1" 404 - "-" "ltx71 - (http://ltx71.com/)"
52.3.127.144 - - [28/Jun/2016:19:15:03 +0200] "GET /aktuelles.php HTTP/1.1" 200 6694 "-" "ltx71 - (http://ltx71.com/)"
194.187.170.210 - - [28/Jun/2016:19:54:21 +0200] "GET /robots.txt HTTP/1.0" 404 - "-" "Mozilla/5.0 (compatible; Qwantify/2.2w; +https://www.qwant.com/)/*"
194.187.170.210 - - [28/Jun/2016:19:54:21 +0200] "GET /leistungen.php HTTP/1.0" 200 9023 "-" "Mozilla/5.0 (compatible; Qwantify/2.2w; +https://www.qwant.com/)/*"
87.189.96.146 - - [28/Jun/2016:19:56:30 +0200] "GET /kontakt.php HTTP/1.1" 200 6954 "https://www.google.de/" "Mozilla/5.0 (iPhone; CPU iPhone OS 9_3_1 like Mac OS X) AppleWebKit/601.1.46 (KHTML, like Gecko) Version/9.0 Mobile/13E238 Safari/601.1"
87.189.96.146 - - [28/Jun/2016:19:56:30 +0200] "GET /css/groeger.css HTTP/1.1" 200 5467 "http://www.groeger-bauaufzuege.de/kontakt.php" "Mozilla/5.0 (iPhone; CPU iPhone OS 9_3_1 like Mac OS X) AppleWebKit/601.1.46 (KHTML, like Gecko) Version/9.0 Mobile/13E238 Safari/601.1"
87.189.96.146 - - [28/Jun/2016:19:56:30 +0200] "GET /swfobject.js HTTP/1.1" 200 6880 "http://www.groeger-bauaufzuege.de/kontakt.php" "Mozilla/5.0 (iPhone; CPU iPhone OS 9_3_1 like Mac OS X) AppleWebKit/601.1.46 (KHTML, like Gecko) Version/9.0 Mobile/13E238 Safari/601.1"
87.189.96.146 - - [28/Jun/2016:19:56:30 +0200] "GET /jquery.cross-slide.js HTTP/1.1" 200 11724 "http://www.groeger-bauaufzuege.de/kontakt.php" "Mozilla/5.0 (iPhone; CPU iPhone OS 9_3_1 like Mac OS X) AppleWebKit/601.1.46 (KHTML, like Gecko) Version/9.0 Mobile/13E238 Safari/601.1"
87.189.96.146 - - [28/Jun/2016:19:56:30 +0200] "GET /fancybox/jquery.fancybox-1.3.4.pack.js HTTP/1.1" 200 15624 "http://www.groeger-bauaufzuege.de/kontakt.php" "Mozilla/5.0 (iPhone; CPU iPhone OS 9_3_1 like Mac OS X) AppleWebKit/601.1.46 (KHTML, like Gecko) Version/9.0 Mobile/13E238 Safari/601.1"
87.189.96.146 - - [28/Jun/2016:19:56:30 +0200] "GET /fancybox/jquery.fancybox-1.3.4.css HTTP/1.1" 200 8494 "http://www.groeger-bauaufzuege.de/kontakt.php" "Mozilla/5.0 (iPhone; CPU iPhone OS 9_3_1 like Mac OS X) AppleWebKit/601.1.46 (KHTML, like Gecko) Version/9.0 Mobile/13E238 Safari/601.1"
87.189.96.146 - - [28/Jun/2016:19:56:30 +0200] "GET /img/logo_groeger.gif HTTP/1.1" 200 3605 "http://www.groeger-bauaufzuege.de/kontakt.php" "Mozilla/5.0 (iPhone; CPU iPhone OS 9_3_1 like Mac OS X) AppleWebKit/601.1.46 (KHTML, like Gecko) Version/9.0 Mobile/13E238 Safari/601.1"
87.189.96.146 - - [28/Jun/2016:19:56:30 +0200] "GET /img/bild_1.jpg HTTP/1.1" 200 34058 "http://www.groeger-bauaufzuege.de/kontakt.php" "Mozilla/5.0 (iPhone; CPU iPhone OS 9_3_1 like Mac OS X) AppleWebKit/601.1.46 (KHTML, like Gecko) Version/9.0 Mobile/13E238 Safari/601.1"
87.189.96.146 - - [28/Jun/2016:19:56:30 +0200] "GET /jquery-1.4.3.min.js HTTP/1.1" 200 77746 "http://www.groeger-bauaufzuege.de/kontakt.php" "Mozilla/5.0 (iPhone; CPU iPhone OS 9_3_1 like Mac OS X) AppleWebKit/601.1.46 (KHTML, like Gecko) Version/9.0 Mobile/13E238 Safari/601.1"
87.189.96.146 - - [28/Jun/2016:19:56:30 +0200] "GET /img/grauverlauf.png HTTP/1.1" 200 3242 "http://www.groeger-bauaufzuege.de/kontakt.php" "Mozilla/5.0 (iPhone; CPU iPhone OS 9_3_1 like Mac OS X) AppleWebKit/601.1.46 (KHTML, like Gecko) Version/9.0 Mobile/13E238 Safari/601.1"
87.189.96.146 - - [28/Jun/2016:19:56:30 +0200] "GET /img/bild_2.jpg HTTP/1.1" 200 37224 "http://www.groeger-bauaufzuege.de/kontakt.php" "Mozilla/5.0 (iPhone; CPU iPhone OS 9_3_1 like Mac OS X) AppleWebKit/601.1.46 (KHTML, like Gecko) Version/9.0 Mobile/13E238 Safari/601.1"
87.189.96.146 - - [28/Jun/2016:19:56:30 +0200] "GET /img/bild_3.jpg HTTP/1.1" 200 38007 "http://www.groeger-bauaufzuege.de/kontakt.php" "Mozilla/5.0 (iPhone; CPU iPhone OS 9_3_1 like Mac OS X) AppleWebKit/601.1.46 (KHTML, like Gecko) Version/9.0 Mobile/13E238 Safari/601.1"
87.189.96.146 - - [28/Jun/2016:19:56:30 +0200] "GET /img/bild_4.jpg HTTP/1.1" 200 31111 "http://www.groeger-bauaufzuege.de/kontakt.php" "Mozilla/5.0 (iPhone; CPU iPhone OS 9_3_1 like Mac OS X) AppleWebKit/601.1.46 (KHTML, like Gecko) Version/9.0 Mobile/13E238 Safari/601.1"
87.189.96.146 - - [28/Jun/2016:19:56:46 +0200] "GET /vermietung.php HTTP/1.1" 200 6527 "http://www.groeger-bauaufzuege.de/kontakt.php" "Mozilla/5.0 (iPhone; CPU iPhone OS 9_3_1 like Mac OS X) AppleWebKit/601.1.46 (KHTML, like Gecko) Version/9.0 Mobile/13E238 Safari/601.1"
87.189.96.146 - - [28/Jun/2016:19:56:46 +0200] "GET /img/logo_geda.gif HTTP/1.1" 200 4337 "http://www.groeger-bauaufzuege.de/vermietung.php" "Mozilla/5.0 (iPhone; CPU iPhone OS 9_3_1 like Mac OS X) AppleWebKit/601.1.46 (KHTML, like Gecko) Version/9.0 Mobile/13E238 Safari/601.1"
87.189.96.146 - - [28/Jun/2016:19:56:46 +0200] "GET /img/logo_steinbach.jpg HTTP/1.1" 200 9601 "http://www.groeger-bauaufzuege.de/vermietung.php" "Mozilla/5.0 (iPhone; CPU iPhone OS 9_3_1 like Mac OS X) AppleWebKit/601.1.46 (KHTML, like Gecko) Version/9.0 Mobile/13E238 Safari/601.1"
87.189.96.146 - - [28/Jun/2016:19:56:46 +0200] "GET /img/logo_boecker.gif HTTP/1.1" 200 2974 "http://www.groeger-bauaufzuege.de/vermietung.php" "Mozilla/5.0 (iPhone; CPU iPhone OS 9_3_1 like Mac OS X) AppleWebKit/601.1.46 (KHTML, like Gecko) Version/9.0 Mobile/13E238 Safari/601.1"
87.189.96.146 - - [28/Jun/2016:19:57:11 +0200] "GET /gebrauchtmaschinen.php HTTP/1.1" 200 6356 "http://www.groeger-bauaufzuege.de/vermietung.php" "Mozilla/5.0 (iPhone; CPU iPhone OS 9_3_1 like Mac OS X) AppleWebKit/601.1.46 (KHTML, like Gecko) Version/9.0 Mobile/13E238 Safari/601.1"
180.76.15.153 - - [28/Jun/2016:19:58:18 +0200] "GET /gebrauchtmaschinen.php HTTP/1.1" 200 6356 "-" "Mozilla/5.0 (compatible; Baiduspider/2.0; +http://www.baidu.com/search/spider.html)"
194.187.170.210 - - [28/Jun/2016:19:59:25 +0200] "GET /vermietung.php HTTP/1.0" 200 6527 "-" "Mozilla/5.0 (compatible; Qwantify/2.2w; +https://www.qwant.com/)/*"
66.249.64.188 - - [28/Jun/2016:20:02:00 +0200] "GET /download/Lift_D.pdf HTTP/1.1" 200 1053695 "-" "Mozilla/5.0 (compatible; Googlebot/2.1; +http://www.google.com/bot.html)"
52.3.127.144 - - [28/Jun/2016:20:09:26 +0200] "GET /robots.txt HTTP/1.1" 404 - "-" "ltx71 - (http://ltx71.com/)"
217.247.78.50 - - [28/Jun/2016:20:12:36 +0200] "GET / HTTP/1.1" 200 6704 "-" "Mozilla/5.0 (Linux; Android 6.0.1; SAMSUNG SM-G930F/G930FXXU1APD1 Build/MMB29K) AppleWebKit/537.36 (KHTML, like Gecko) SamsungBrowser/4.0 Chrome/44.0.2403.133 Mobile Safari/537.36"
217.247.78.50 - - [28/Jun/2016:20:12:36 +0200] "GET /css/groeger.css HTTP/1.1" 200 5467 "http://www.groeger-bauaufzuege.de/" "Mozilla/5.0 (Linux; Android 6.0.1; SAMSUNG SM-G930F/G930FXXU1APD1 Build/MMB29K) AppleWebKit/537.36 (KHTML, like Gecko) SamsungBrowser/4.0 Chrome/44.0.2403.133 Mobile Safari/537.36"
217.247.78.50 - - [28/Jun/2016:20:12:36 +0200] "GET /swfobject.js HTTP/1.1" 200 6880 "http://www.groeger-bauaufzuege.de/" "Mozilla/5.0 (Linux; Android 6.0.1; SAMSUNG SM-G930F/G930FXXU1APD1 Build/MMB29K) AppleWebKit/537.36 (KHTML, like Gecko) SamsungBrowser/4.0 Chrome/44.0.2403.133 Mobile Safari/537.36"
217.247.78.50 - - [28/Jun/2016:20:12:36 +0200] "GET /fancybox/jquery.fancybox-1.3.4.css HTTP/1.1" 200 8494 "http://www.groeger-bauaufzuege.de/" "Mozilla/5.0 (Linux; Android 6.0.1; SAMSUNG SM-G930F/G930FXXU1APD1 Build/MMB29K) AppleWebKit/537.36 (KHTML, like Gecko) SamsungBrowser/4.0 Chrome/44.0.2403.133 Mobile Safari/537.36"
217.247.78.50 - - [28/Jun/2016:20:12:36 +0200] "GET /jquery.cross-slide.js HTTP/1.1" 200 11724 "http://www.groeger-bauaufzuege.de/" "Mozilla/5.0 (Linux; Android 6.0.1; SAMSUNG SM-G930F/G930FXXU1APD1 Build/MMB29K) AppleWebKit/537.36 (KHTML, like Gecko) SamsungBrowser/4.0 Chrome/44.0.2403.133 Mobile Safari/537.36"
217.247.78.50 - - [28/Jun/2016:20:12:36 +0200] "GET /fancybox/jquery.fancybox-1.3.4.pack.js HTTP/1.1" 200 15624 "http://www.groeger-bauaufzuege.de/" "Mozilla/5.0 (Linux; Android 6.0.1; SAMSUNG SM-G930F/G930FXXU1APD1 Build/MMB29K) AppleWebKit/537.36 (KHTML, like Gecko) SamsungBrowser/4.0 Chrome/44.0.2403.133 Mobile Safari/537.36"
217.247.78.50 - - [28/Jun/2016:20:12:36 +0200] "GET /img/logo_groeger.gif HTTP/1.1" 200 3605 "http://www.groeger-bauaufzuege.de/" "Mozilla/5.0 (Linux; Android 6.0.1; SAMSUNG SM-G930F/G930FXXU1APD1 Build/MMB29K) AppleWebKit/537.36 (KHTML, like Gecko) SamsungBrowser/4.0 Chrome/44.0.2403.133 Mobile Safari/537.36"
217.247.78.50 - - [28/Jun/2016:20:12:36 +0200] "GET /img/bild_1.jpg HTTP/1.1" 200 34058 "http://www.groeger-bauaufzuege.de/" "Mozilla/5.0 (Linux; Android 6.0.1; SAMSUNG SM-G930F/G930FXXU1APD1 Build/MMB29K) AppleWebKit/537.36 (KHTML, like Gecko) SamsungBrowser/4.0 Chrome/44.0.2403.133 Mobile Safari/537.36"
217.247.78.50 - - [28/Jun/2016:20:12:36 +0200] "GET /jquery-1.4.3.min.js HTTP/1.1" 200 77746 "http://www.groeger-bauaufzuege.de/" "Mozilla/5.0 (Linux; Android 6.0.1; SAMSUNG SM-G930F/G930FXXU1APD1 Build/MMB29K) AppleWebKit/537.36 (KHTML, like Gecko) SamsungBrowser/4.0 Chrome/44.0.2403.133 Mobile Safari/537.36"
217.247.78.50 - - [28/Jun/2016:20:12:37 +0200] "GET /img/pfeil.png HTTP/1.1" 200 840 "http://www.groeger-bauaufzuege.de/" "Mozilla/5.0 (Linux; Android 6.0.1; SAMSUNG SM-G930F/G930FXXU1APD1 Build/MMB29K) AppleWebKit/537.36 (KHTML, like Gecko) SamsungBrowser/4.0 Chrome/44.0.2403.133 Mobile Safari/537.36"
217.247.78.50 - - [28/Jun/2016:20:12:37 +0200] "GET /img/grauverlauf.png HTTP/1.1" 200 3242 "http://www.groeger-bauaufzuege.de/css/groeger.css" "Mozilla/5.0 (Linux; Android 6.0.1; SAMSUNG SM-G930F/G930FXXU1APD1 Build/MMB29K) AppleWebKit/537.36 (KHTML, like Gecko) SamsungBrowser/4.0 Chrome/44.0.2403.133 Mobile Safari/537.36"
217.247.78.50 - - [28/Jun/2016:20:12:37 +0200] "GET /img/groeger_web.jpg HTTP/1.1" 200 10877 "http://www.groeger-bauaufzuege.de/css/groeger.css" "Mozilla/5.0 (Linux; Android 6.0.1; SAMSUNG SM-G930F/G930FXXU1APD1 Build/MMB29K) AppleWebKit/537.36 (KHTML, like Gecko) SamsungBrowser/4.0 Chrome/44.0.2403.133 Mobile Safari/537.36"
217.247.78.50 - - [28/Jun/2016:20:12:37 +0200] "GET /img/bild_2.jpg HTTP/1.1" 200 37224 "http://www.groeger-bauaufzuege.de/" "Mozilla/5.0 (Linux; Android 6.0.1; SAMSUNG SM-G930F/G930FXXU1APD1 Build/MMB29K) AppleWebKit/537.36 (KHTML, like Gecko) SamsungBrowser/4.0 Chrome/44.0.2403.133 Mobile Safari/537.36"
217.247.78.50 - - [28/Jun/2016:20:12:37 +0200] "GET /img/bild_4.jpg HTTP/1.1" 200 31111 "http://www.groeger-bauaufzuege.de/" "Mozilla/5.0 (Linux; Android 6.0.1; SAMSUNG SM-G930F/G930FXXU1APD1 Build/MMB29K) AppleWebKit/537.36 (KHTML, like Gecko) SamsungBrowser/4.0 Chrome/44.0.2403.133 Mobile Safari/537.36"
217.247.78.50 - - [28/Jun/2016:20:12:37 +0200] "GET /img/bild_3.jpg HTTP/1.1" 200 38007 "http://www.groeger-bauaufzuege.de/" "Mozilla/5.0 (Linux; Android 6.0.1; SAMSUNG SM-G930F/G930FXXU1APD1 Build/MMB29K) AppleWebKit/537.36 (KHTML, like Gecko) SamsungBrowser/4.0 Chrome/44.0.2403.133 Mobile Safari/537.36"
217.247.78.50 - - [28/Jun/2016:20:12:37 +0200] "GET /img/favicon.gif HTTP/1.1" 200 119 "http://www.groeger-bauaufzuege.de/" "Mozilla/5.0 (Linux; Android 6.0.1; SAMSUNG SM-G930F/G930FXXU1APD1 Build/MMB29K) AppleWebKit/537.36 (KHTML, like Gecko) SamsungBrowser/4.0 Chrome/44.0.2403.133 Mobile Safari/537.36"
217.247.78.50 - - [28/Jun/2016:20:12:59 +0200] "GET /impressum.php HTTP/1.1" 200 8128 "http://www.groeger-bauaufzuege.de/" "Mozilla/5.0 (Linux; Android 6.0.1; SAMSUNG SM-G930F/G930FXXU1APD1 Build/MMB29K) AppleWebKit/537.36 (KHTML, like Gecko) SamsungBrowser/4.0 Chrome/44.0.2403.133 Mobile Safari/537.36"
217.247.78.50 - - [28/Jun/2016:20:13:09 +0200] "GET /kontakt.php HTTP/1.1" 200 6954 "http://www.groeger-bauaufzuege.de/impressum.php" "Mozilla/5.0 (Linux; Android 6.0.1; SAMSUNG SM-G930F/G930FXXU1APD1 Build/MMB29K) AppleWebKit/537.36 (KHTML, like Gecko) SamsungBrowser/4.0 Chrome/44.0.2403.133 Mobile Safari/537.36"
194.187.170.210 - - [28/Jun/2016:20:16:58 +0200] "GET /impressum.php HTTP/1.0" 200 8128 "-" "Mozilla/5.0 (compatible; Qwantify/2.2w; +https://www.qwant.com/)/*"
194.187.170.210 - - [28/Jun/2016:20:18:05 +0200] "GET /angebote.php HTTP/1.0" 200 7198 "-" "Mozilla/5.0 (compatible; Qwantify/2.2w; +https://www.qwant.com/)/*"
66.249.75.200 - - [28/Jun/2016:20:19:21 +0200] "GET /robots.txt HTTP/1.1" 404 - "-" "Mozilla/5.0 (compatible; Googlebot/2.1; +http://www.google.com/bot.html)"
66.249.75.192 - - [28/Jun/2016:20:19:21 +0200] "GET /download/Groeger-Newsletter-Dachdecker11.pdf HTTP/1.1" 200 357192 "-" "Mozilla/5.0 (compatible; Googlebot/2.1; +http://www.google.com/bot.html)"
194.187.170.210 - - [28/Jun/2016:20:25:58 +0200] "GET /index.php HTTP/1.0" 200 6704 "-" "Mozilla/5.0 (compatible; Qwantify/2.2w; +https://www.qwant.com/)/*"
194.187.170.210 - - [28/Jun/2016:20:26:24 +0200] "GET /verkauf.php HTTP/1.0" 200 6662 "-" "Mozilla/5.0 (compatible; Qwantify/2.2w; +https://www.qwant.com/)/*"
194.187.170.210 - - [28/Jun/2016:20:42:45 +0200] "GET /aktuelles.php HTTP/1.0" 200 6694 "-" "Mozilla/5.0 (compatible; Qwantify/2.2w; +https://www.qwant.com/)/*"
194.187.170.210 - - [28/Jun/2016:20:47:17 +0200] "GET /kontakt.php HTTP/1.0" 200 6954 "-" "Mozilla/5.0 (compatible; Qwantify/2.2w; +https://www.qwant.com/)/*"
194.187.170.210 - - [28/Jun/2016:20:53:30 +0200] "GET /gebrauchtmaschinen.php HTTP/1.0" 200 6356 "-" "Mozilla/5.0 (compatible; Qwantify/2.2w; +https://www.qwant.com/)/*"
194.187.170.210 - - [28/Jun/2016:20:56:03 +0200] "GET /unternehmen.php HTTP/1.0" 200 7208 "-" "Mozilla/5.0 (compatible; Qwantify/2.2w; +https://www.qwant.com/)/*"
52.3.127.144 - - [28/Jun/2016:20:59:58 +0200] "GET /robots.txt HTTP/1.1" 404 - "-" "ltx71 - (http://ltx71.com/)"
66.249.64.178 - - [28/Jun/2016:21:27:17 +0200] "GET /robots.txt HTTP/1.1" 404 - "-" "Mozilla/5.0 (compatible; Googlebot/2.1; +http://www.google.com/bot.html)"
66.249.64.91 - - [28/Jun/2016:21:27:18 +0200] "GET / HTTP/1.1" 200 6704 "-" "Mozilla/5.0 (compatible; Googlebot/2.1; +http://www.google.com/bot.html)"
52.3.127.144 - - [28/Jun/2016:21:48:02 +0200] "GET /robots.txt HTTP/1.1" 404 - "-" "ltx71 - (http://ltx71.com/)"
52.3.127.144 - - [28/Jun/2016:21:48:20 +0200] "GET /index.php HTTP/1.1" 200 6704 "-" "ltx71 - (http://ltx71.com/)"
220.181.51.76 - - [28/Jun/2016:21:53:15 +0200] "GET /robots.txt HTTP/1.1" 404 - "-" "Mozilla/5.0 (Windows NT 10.0; WOW64) AppleWebKit/537.36 (KHTML, like Gecko) Chrome/45.0.2454.93 Safari/537.36"
220.181.108.161 - - [28/Jun/2016:21:53:24 +0200] "GET /link/20130401 HTTP/1.1" 302 - "-" "Mozilla/5.0 (compatible; Baiduspider/2.0; +http://www.baidu.com/search/spider.html)"
220.181.108.119 - - [28/Jun/2016:21:53:25 +0200] "GET /download/Boecker_Angebot_AHK_Easyline.pdf HTTP/1.1" 200 454854 "-" "Mozilla/5.0 (compatible; Baiduspider/2.0; +http://www.baidu.com/search/spider.html)"
178.255.215.83 - - [28/Jun/2016:22:06:13 +0200] "GET /robots.txt HTTP/1.1" 404 - "-" "Mozilla/5.0 (compatible; Exabot/3.0; +http://www.exabot.com/go/robot)"
178.255.215.83 - - [28/Jun/2016:22:06:13 +0200] "GET / HTTP/1.1" 200 6704 "-" "Mozilla/5.0 (compatible; Exabot/3.0; +http://www.exabot.com/go/robot)"
66.249.64.183 - - [28/Jun/2016:22:25:57 +0200] "GET /aktuelles.php HTTP/1.1" 200 6694 "-" "Mozilla/5.0 (compatible; Googlebot/2.1; +http://www.google.com/bot.html)"
40.77.167.16 - - [28/Jun/2016:22:32:23 +0200] "GET /robots.txt HTTP/1.1" 404 - "-" "Mozilla/5.0 (compatible; bingbot/2.0; +http://www.bing.com/bingbot.htm)"
40.77.167.16 - - [28/Jun/2016:22:32:27 +0200] "GET /vermietung.php HTTP/1.1" 200 6527 "-" "Mozilla/5.0 (compatible; bingbot/2.0; +http://www.bing.com/bingbot.htm)"
52.3.127.144 - - [28/Jun/2016:22:34:43 +0200] "GET /robots.txt HTTP/1.1" 404 - "-" "ltx71 - (http://ltx71.com/)"
52.3.127.144 - - [28/Jun/2016:22:35:28 +0200] "GET /impressum.php HTTP/1.1" 200 8128 "-" "ltx71 - (http://ltx71.com/)"
66.249.64.91 - - [28/Jun/2016:22:44:26 +0200] "GET /download/Lift_D.pdf HTTP/1.1" 200 1053695 "-" "Mozilla/5.0 (compatible; Googlebot/2.1; +http://www.google.com/bot.html)"
66.249.64.86 - - [28/Jun/2016:23:46:49 +0200] "GET / HTTP/1.1" 200 6704 "-" "Mozilla/5.0 (compatible; Googlebot/2.1; +http://www.google.com/bot.html)"
66.249.64.81 - - [28/Jun/2016:23:49:48 +0200] "GET /kontakt.php HTTP/1.1" 200 6954 "-" "Mozilla/5.0 (compatible; Googlebot/2.1; +http://www.google.com/bot.html)"
66.249.64.188 - - [29/Jun/2016:00:14:19 +0200] "GET /aktuelles.php HTTP/1.1" 200 6694 "-" "Mozilla/5.0 (compatible; Googlebot/2.1; +http://www.google.com/bot.html)"
66.249.64.178 - - [29/Jun/2016:01:36:18 +0200] "GET / HTTP/1.1" 200 6704 "-" "Mozilla/5.0 (compatible; Googlebot/2.1; +http://www.google.com/bot.html)"
66.249.75.200 - - [29/Jun/2016:03:34:46 +0200] "GET /download/Newsletter-Groeger-Dachdecker-2011-04.pdf HTTP/1.1" 200 248596 "-" "Mozilla/5.0 (compatible; Googlebot/2.1; +http://www.google.com/bot.html)"
52.3.127.144 - - [29/Jun/2016:04:03:00 +0200] "GET /robots.txt HTTP/1.1" 404 - "-" "ltx71 - (http://ltx71.com/)"
52.3.127.144 - - [29/Jun/2016:04:03:41 +0200] "GET /jquery.cross-slide.js HTTP/1.1" 200 11724 "-" "ltx71 - (http://ltx71.com/)"
40.77.167.16 - - [29/Jun/2016:04:04:57 +0200] "GET /gebrauchtmaschinen.php HTTP/1.1" 200 6356 "-" "Mozilla/5.0 (compatible; bingbot/2.0; +http://www.bing.com/bingbot.htm)"
66.249.64.178 - - [29/Jun/2016:04:13:59 +0200] "GET /download/Lift_D.pdf HTTP/1.1" 200 1053695 "-" "Mozilla/5.0 (compatible; Googlebot/2.1; +http://www.google.com/bot.html)"
52.3.127.144 - - [29/Jun/2016:04:19:57 +0200] "GET /robots.txt HTTP/1.1" 404 - "-" "ltx71 - (http://ltx71.com/)"
52.3.127.144 - - [29/Jun/2016:04:20:23 +0200] "GET /impressum.php HTTP/1.1" 200 8128 "-" "ltx71 - (http://ltx71.com/)"
185.138.241.45 - - [29/Jun/2016:05:00:56 +0200] "GET /robots.txt HTTP/1.0" 404 - "-" "Mozilla/4.0 (compatible; Vagabondo/4.0/EU; http://webagent.wise-guys.nl/)"
185.138.241.45 - - [29/Jun/2016:05:00:57 +0200] "GET /angebote.php HTTP/1.1" 200 7198 "http://www.groeger-bauaufzuege.de/index.php" "Mozilla/4.0 (compatible; Vagabondo/4.0/EU; http://www.wise-guys.nl/)"
68.180.229.217 - - [29/Jun/2016:05:02:00 +0200] "GET /robots.txt HTTP/1.1" 404 - "-" "Mozilla/5.0 (compatible; Yahoo! Slurp; http://help.yahoo.com/help/us/ysearch/slurp)"
68.180.229.217 - - [29/Jun/2016:05:02:00 +0200] "GET /download/Newsletter_Groeger_2012-06.pdf HTTP/1.1" 200 309498 "-" "Mozilla/5.0 (compatible; Yahoo! Slurp; http://help.yahoo.com/help/us/ysearch/slurp)"
66.249.64.91 - - [29/Jun/2016:05:09:17 +0200] "GET /kontakt.php HTTP/1.1" 200 6954 "-" "Mozilla/5.0 (compatible; Googlebot/2.1; +http://www.google.com/bot.html)"
46.229.164.101 - - [29/Jun/2016:05:34:55 +0200] "GET /robots.txt HTTP/1.1" 404 - "-" "Mozilla/5.0 (compatible; SemrushBot/1.1~bl; +http://www.semrush.com/bot.html)"
66.249.64.178 - - [29/Jun/2016:05:55:17 +0200] "GET /download/Lift_D.pdf HTTP/1.1" 200 1053695 "-" "Mozilla/5.0 (compatible; Googlebot/2.1; +http://www.google.com/bot.html)"
207.46.13.169 - - [29/Jun/2016:05:56:50 +0200] "GET /css/groeger.css HTTP/1.1" 200 5467 "-" "Mozilla/5.0 (compatible; bingbot/2.0; +http://www.bing.com/bingbot.htm)"
40.77.167.16 - - [29/Jun/2016:05:57:15 +0200] "GET /fancybox/jquery.fancybox-1.3.4.pack.js HTTP/1.1" 200 15624 "-" "Mozilla/5.0 (compatible; bingbot/2.0; +http://www.bing.com/bingbot.htm)"
40.77.167.16 - - [29/Jun/2016:05:57:16 +0200] "GET /jquery-1.4.3.min.js HTTP/1.1" 200 77746 "-" "Mozilla/5.0 (compatible; bingbot/2.0; +http://www.bing.com/bingbot.htm)"
40.77.167.16 - - [29/Jun/2016:05:57:17 +0200] "GET /jquery.cross-slide.js HTTP/1.1" 200 11724 "-" "Mozilla/5.0 (compatible; bingbot/2.0; +http://www.bing.com/bingbot.htm)"
157.55.39.158 - - [29/Jun/2016:05:57:25 +0200] "GET /robots.txt HTTP/1.1" 404 - "-" "Mozilla/5.0 (compatible; bingbot/2.0; +http://www.bing.com/bingbot.htm)"
157.55.39.158 - - [29/Jun/2016:05:57:25 +0200] "GET /robots.txt HTTP/1.1" 404 - "-" "Mozilla/5.0 (compatible; bingbot/2.0; +http://www.bing.com/bingbot.htm)"
157.55.39.158 - - [29/Jun/2016:05:57:25 +0200] "GET /fancybox/jquery.fancybox-1.3.4.css HTTP/1.1" 200 8494 "-" "Mozilla/5.0 (compatible; bingbot/2.0; +http://www.bing.com/bingbot.htm)"
157.55.39.158 - - [29/Jun/2016:05:57:26 +0200] "GET /swfobject.js HTTP/1.1" 200 6880 "-" "Mozilla/5.0 (compatible; bingbot/2.0; +http://www.bing.com/bingbot.htm)"
66.249.64.188 - - [29/Jun/2016:05:58:28 +0200] "GET / HTTP/1.1" 200 6704 "-" "Mozilla/5.0 (compatible; Googlebot/2.1; +http://www.google.com/bot.html)"
84.179.155.68 - - [29/Jun/2016:06:55:11 +0200] "GET /angebote.php HTTP/1.1" 200 7198 "https://www.bing.com/" "Mozilla/5.0 (Windows NT 6.1; WOW64; Trident/7.0; rv:11.0) like Gecko"
84.179.155.68 - - [29/Jun/2016:06:55:11 +0200] "GET /css/groeger.css HTTP/1.1" 200 5467 "http://www.groeger-bauaufzuege.de/angebote.php" "Mozilla/5.0 (Windows NT 6.1; WOW64; Trident/7.0; rv:11.0) like Gecko"
84.179.155.68 - - [29/Jun/2016:06:55:11 +0200] "GET /swfobject.js HTTP/1.1" 200 6880 "http://www.groeger-bauaufzuege.de/angebote.php" "Mozilla/5.0 (Windows NT 6.1; WOW64; Trident/7.0; rv:11.0) like Gecko"
84.179.155.68 - - [29/Jun/2016:06:55:11 +0200] "GET /jquery.cross-slide.js HTTP/1.1" 200 11724 "http://www.groeger-bauaufzuege.de/angebote.php" "Mozilla/5.0 (Windows NT 6.1; WOW64; Trident/7.0; rv:11.0) like Gecko"
84.179.155.68 - - [29/Jun/2016:06:55:11 +0200] "GET /fancybox/jquery.fancybox-1.3.4.pack.js HTTP/1.1" 200 15624 "http://www.groeger-bauaufzuege.de/angebote.php" "Mozilla/5.0 (Windows NT 6.1; WOW64; Trident/7.0; rv:11.0) like Gecko"
84.179.155.68 - - [29/Jun/2016:06:55:11 +0200] "GET /fancybox/jquery.fancybox-1.3.4.css HTTP/1.1" 200 8494 "http://www.groeger-bauaufzuege.de/angebote.php" "Mozilla/5.0 (Windows NT 6.1; WOW64; Trident/7.0; rv:11.0) like Gecko"
84.179.155.68 - - [29/Jun/2016:06:55:11 +0200] "GET /img/logo_groeger.gif HTTP/1.1" 200 3605 "http://www.groeger-bauaufzuege.de/angebote.php" "Mozilla/5.0 (Windows NT 6.1; WOW64; Trident/7.0; rv:11.0) like Gecko"
84.179.155.68 - - [29/Jun/2016:06:55:11 +0200] "GET /img/bild_1.jpg HTTP/1.1" 200 34058 "http://www.groeger-bauaufzuege.de/angebote.php" "Mozilla/5.0 (Windows NT 6.1; WOW64; Trident/7.0; rv:11.0) like Gecko"
84.179.155.68 - - [29/Jun/2016:06:55:11 +0200] "GET /jquery-1.4.3.min.js HTTP/1.1" 200 77746 "http://www.groeger-bauaufzuege.de/angebote.php" "Mozilla/5.0 (Windows NT 6.1; WOW64; Trident/7.0; rv:11.0) like Gecko"
84.179.155.68 - - [29/Jun/2016:06:55:12 +0200] "GET /img/bild_2.jpg HTTP/1.1" 200 37224 "http://www.groeger-bauaufzuege.de/angebote.php" "Mozilla/5.0 (Windows NT 6.1; WOW64; Trident/7.0; rv:11.0) like Gecko"
84.179.155.68 - - [29/Jun/2016:06:55:12 +0200] "GET /img/bild_3.jpg HTTP/1.1" 200 38007 "http://www.groeger-bauaufzuege.de/angebote.php" "Mozilla/5.0 (Windows NT 6.1; WOW64; Trident/7.0; rv:11.0) like Gecko"
84.179.155.68 - - [29/Jun/2016:06:55:12 +0200] "GET /img/bild_4.jpg HTTP/1.1" 200 31111 "http://www.groeger-bauaufzuege.de/angebote.php" "Mozilla/5.0 (Windows NT 6.1; WOW64; Trident/7.0; rv:11.0) like Gecko"
84.179.155.68 - - [29/Jun/2016:06:55:12 +0200] "GET /fancybox/blank.gif HTTP/1.1" 200 43 "http://www.groeger-bauaufzuege.de/angebote.php" "Mozilla/5.0 (Windows NT 6.1; WOW64; Trident/7.0; rv:11.0) like Gecko"
84.179.155.68 - - [29/Jun/2016:06:55:12 +0200] "GET /img/grauverlauf.png HTTP/1.1" 200 3242 "http://www.groeger-bauaufzuege.de/angebote.php" "Mozilla/5.0 (Windows NT 6.1; WOW64; Trident/7.0; rv:11.0) like Gecko"
84.179.155.68 - - [29/Jun/2016:06:55:12 +0200] "GET /img/favicon.gif HTTP/1.1" 200 119 "-" "Mozilla/5.0 (Windows NT 6.1; Win64; x64; Trident/7.0; rv:11.0) like Gecko"
84.179.155.68 - - [29/Jun/2016:06:55:46 +0200] "GET /angebote.php HTTP/1.1" 200 7198 "https://www.bing.com/" "Mozilla/5.0 (Windows NT 6.1; WOW64; Trident/7.0; rv:11.0) like Gecko"
84.179.155.68 - - [29/Jun/2016:06:55:52 +0200] "GET /verkauf.php HTTP/1.1" 200 6662 "http://www.groeger-bauaufzuege.de/angebote.php" "Mozilla/5.0 (Windows NT 6.1; WOW64; Trident/7.0; rv:11.0) like Gecko"
84.179.155.68 - - [29/Jun/2016:06:55:52 +0200] "GET /img/logo_geda.gif HTTP/1.1" 200 4337 "http://www.groeger-bauaufzuege.de/verkauf.php" "Mozilla/5.0 (Windows NT 6.1; WOW64; Trident/7.0; rv:11.0) like Gecko"
84.179.155.68 - - [29/Jun/2016:06:55:52 +0200] "GET /img/logo_boecker.gif HTTP/1.1" 200 2974 "http://www.groeger-bauaufzuege.de/verkauf.php" "Mozilla/5.0 (Windows NT 6.1; WOW64; Trident/7.0; rv:11.0) like Gecko"
84.179.155.68 - - [29/Jun/2016:06:55:53 +0200] "GET /img/logo_steinbach.jpg HTTP/1.1" 200 9601 "http://www.groeger-bauaufzuege.de/verkauf.php" "Mozilla/5.0 (Windows NT 6.1; WOW64; Trident/7.0; rv:11.0) like Gecko"
84.179.155.68 - - [29/Jun/2016:06:55:53 +0200] "GET /img/logo_wfw.png HTTP/1.1" 200 2671 "http://www.groeger-bauaufzuege.de/verkauf.php" "Mozilla/5.0 (Windows NT 6.1; WOW64; Trident/7.0; rv:11.0) like Gecko"
66.249.64.178 - - [29/Jun/2016:07:21:49 +0200] "GET /angebote.php HTTP/1.1" 200 7198 "-" "Mozilla/5.0 (compatible; Googlebot/2.1; +http://www.google.com/bot.html)"
66.249.64.188 - - [29/Jun/2016:07:28:09 +0200] "GET /kontakt.php HTTP/1.1" 200 6954 "-" "Mozilla/5.0 (compatible; Googlebot/2.1; +http://www.google.com/bot.html)"
62.210.148.247 - - [29/Jun/2016:07:58:19 +0200] "GET /robots.txt HTTP/1.0" 404 - "-" "Mozilla/5.0 (compatible; MJ12bot/v1.4.5; http://www.majestic12.co.uk/bot.php?+)"
62.210.148.247 - - [29/Jun/2016:07:58:21 +0200] "GET / HTTP/1.0" 200 6704 "-" "Mozilla/5.0 (compatible; MJ12bot/v1.4.5; http://www.majestic12.co.uk/bot.php?+)"
66.249.64.183 - - [29/Jun/2016:08:08:06 +0200] "GET / HTTP/1.1" 200 6704 "-" "Mozilla/5.0 (Linux; Android 6.0.1; Nexus 5X Build/MMB29P) AppleWebKit/537.36 (KHTML, like Gecko) Chrome/41.0.2272.96 Mobile Safari/537.36 (compatible; Googlebot/2.1; +http://www.google.com/bot.html)"
208.115.111.73 - - [29/Jun/2016:08:24:29 +0200] "GET /robots.txt HTTP/1.1" 404 - "-" "Mozilla/5.0 (compatible; DotBot/1.1; http://www.opensiteexplorer.org/dotbot, help@moz.com)"
66.249.64.178 - - [29/Jun/2016:08:45:18 +0200] "GET / HTTP/1.1" 200 6704 "-" "Mozilla/5.0 (compatible; Googlebot/2.1; +http://www.google.com/bot.html)"
151.80.31.164 - - [29/Jun/2016:08:48:03 +0200] "GET /robots.txt HTTP/1.1" 404 - "-" "Mozilla/5.0 (compatible; AhrefsBot/5.1; +http://ahrefs.com/robot/)"
164.132.161.25 - - [29/Jun/2016:08:48:07 +0200] "GET /vermietung.php HTTP/1.1" 200 6527 "-" "Mozilla/5.0 (compatible; AhrefsBot/5.1; +http://ahrefs.com/robot/)"
66.249.75.192 - - [29/Jun/2016:08:54:39 +0200] "GET /robots.txt HTTP/1.1" 404 - "-" "Mozilla/5.0 (compatible; Googlebot/2.1; +http://www.google.com/bot.html)"
66.249.75.200 - - [29/Jun/2016:08:54:39 +0200] "GET /link/20130604 HTTP/1.1" 302 - "-" "Mozilla/5.0 (compatible; Googlebot/2.1; +http://www.google.com/bot.html)"
66.249.69.178 - - [29/Jun/2016:08:54:59 +0200] "GET /download/Boecker_Autokrane.pdf HTTP/1.1" 200 1994740 "-" "Mozilla/5.0 (compatible; Googlebot/2.1; +http://www.google.com/bot.html)"
66.249.64.188 - - [29/Jun/2016:08:57:40 +0200] "GET /aktuelles.php HTTP/1.1" 200 6694 "-" "Mozilla/5.0 (compatible; Googlebot/2.1; +http://www.google.com/bot.html)"
188.146.74.117 - - [29/Jun/2016:09:03:13 +0200] "GET / HTTP/1.1" 200 6704 "https://www.google.pl" "Mozilla/5.0 (Windows NT 6.1; WOW64; rv:47.0) Gecko/20100101 Firefox/47.0"
188.146.74.117 - - [29/Jun/2016:09:03:14 +0200] "GET /css/groeger.css HTTP/1.1" 200 5467 "http://www.groeger-bauaufzuege.de/" "Mozilla/5.0 (Windows NT 6.1; WOW64; rv:47.0) Gecko/20100101 Firefox/47.0"
188.146.74.117 - - [29/Jun/2016:09:03:14 +0200] "GET /swfobject.js HTTP/1.1" 200 6880 "http://www.groeger-bauaufzuege.de/" "Mozilla/5.0 (Windows NT 6.1; WOW64; rv:47.0) Gecko/20100101 Firefox/47.0"
188.146.74.117 - - [29/Jun/2016:09:03:14 +0200] "GET /jquery.cross-slide.js HTTP/1.1" 200 11724 "http://www.groeger-bauaufzuege.de/" "Mozilla/5.0 (Windows NT 6.1; WOW64; rv:47.0) Gecko/20100101 Firefox/47.0"
188.146.74.117 - - [29/Jun/2016:09:03:14 +0200] "GET /fancybox/jquery.fancybox-1.3.4.pack.js HTTP/1.1" 200 15624 "http://www.groeger-bauaufzuege.de/" "Mozilla/5.0 (Windows NT 6.1; WOW64; rv:47.0) Gecko/20100101 Firefox/47.0"
188.146.74.117 - - [29/Jun/2016:09:03:14 +0200] "GET /fancybox/jquery.fancybox-1.3.4.css HTTP/1.1" 200 8494 "http://www.groeger-bauaufzuege.de/" "Mozilla/5.0 (Windows NT 6.1; WOW64; rv:47.0) Gecko/20100101 Firefox/47.0"
188.146.74.117 - - [29/Jun/2016:09:03:14 +0200] "GET /img/favicon.gif HTTP/1.1" 200 119 "-" "Mozilla/5.0 (Windows NT 6.1; WOW64; rv:47.0) Gecko/20100101 Firefox/47.0"
188.146.74.117 - - [29/Jun/2016:09:03:14 +0200] "GET /jquery-1.4.3.min.js HTTP/1.1" 200 77746 "http://www.groeger-bauaufzuege.de/" "Mozilla/5.0 (Windows NT 6.1; WOW64; rv:47.0) Gecko/20100101 Firefox/47.0"
188.146.74.117 - - [29/Jun/2016:09:03:15 +0200] "GET /img/logo_groeger.gif HTTP/1.1" 200 3605 "http://www.groeger-bauaufzuege.de/" "Mozilla/5.0 (Windows NT 6.1; WOW64; rv:47.0) Gecko/20100101 Firefox/47.0"
188.146.74.117 - - [29/Jun/2016:09:03:15 +0200] "GET /img/pfeil.png HTTP/1.1" 200 840 "http://www.groeger-bauaufzuege.de/" "Mozilla/5.0 (Windows NT 6.1; WOW64; rv:47.0) Gecko/20100101 Firefox/47.0"
188.146.74.117 - - [29/Jun/2016:09:03:15 +0200] "GET /img/grauverlauf.png HTTP/1.1" 200 3242 "http://www.groeger-bauaufzuege.de/css/groeger.css" "Mozilla/5.0 (Windows NT 6.1; WOW64; rv:47.0) Gecko/20100101 Firefox/47.0"
188.146.74.117 - - [29/Jun/2016:09:03:15 +0200] "GET /img/groeger_web.jpg HTTP/1.1" 200 10877 "http://www.groeger-bauaufzuege.de/css/groeger.css" "Mozilla/5.0 (Windows NT 6.1; WOW64; rv:47.0) Gecko/20100101 Firefox/47.0"
188.146.74.117 - - [29/Jun/2016:09:03:15 +0200] "GET /img/bild_1.jpg HTTP/1.1" 200 34058 "http://www.groeger-bauaufzuege.de/" "Mozilla/5.0 (Windows NT 6.1; WOW64; rv:47.0) Gecko/20100101 Firefox/47.0"
188.146.74.117 - - [29/Jun/2016:09:03:15 +0200] "GET /img/bild_2.jpg HTTP/1.1" 200 37224 "http://www.groeger-bauaufzuege.de/" "Mozilla/5.0 (Windows NT 6.1; WOW64; rv:47.0) Gecko/20100101 Firefox/47.0"
188.146.74.117 - - [29/Jun/2016:09:03:15 +0200] "GET /img/bild_3.jpg HTTP/1.1" 200 38007 "http://www.groeger-bauaufzuege.de/" "Mozilla/5.0 (Windows NT 6.1; WOW64; rv:47.0) Gecko/20100101 Firefox/47.0"
188.146.74.117 - - [29/Jun/2016:09:03:15 +0200] "GET /img/bild_4.jpg HTTP/1.1" 200 31111 "http://www.groeger-bauaufzuege.de/" "Mozilla/5.0 (Windows NT 6.1; WOW64; rv:47.0) Gecko/20100101 Firefox/47.0"
66.249.93.79 - - [29/Jun/2016:09:10:30 +0200] "GET / HTTP/1.1" 200 6704 "-" "Mozilla/5.0 (Windows NT 6.1; WOW64; rv:47.0) Gecko/20100101 Firefox/47.0,gzip(gfe)"
66.249.93.74 - - [29/Jun/2016:09:10:30 +0200] "GET /jquery.cross-slide.js HTTP/1.1" 200 11724 "https://translate.googleusercontent.com/translate_c?depth=1&hl=pl&prev=search&rurl=translate.google.pl&sl=de&u=http://www.groeger-bauaufzuege.de/&usg=ALkJrhi4ItvAYShXh_WV7TaniQt-Az7r8A" "Mozilla/5.0 (Windows NT 6.1; WOW64; rv:47.0) Gecko/20100101 Firefox/47.0,gzip(gfe)"
66.249.93.79 - - [29/Jun/2016:09:10:30 +0200] "GET /css/groeger.css HTTP/1.1" 200 5467 "https://translate.googleusercontent.com/translate_c?depth=1&hl=pl&prev=search&rurl=translate.google.pl&sl=de&u=http://www.groeger-bauaufzuege.de/&usg=ALkJrhi4ItvAYShXh_WV7TaniQt-Az7r8A" "Mozilla/5.0 (Windows NT 6.1; WOW64; rv:47.0) Gecko/20100101 Firefox/47.0,gzip(gfe)"
66.249.93.74 - - [29/Jun/2016:09:10:30 +0200] "GET /fancybox/jquery.fancybox-1.3.4.css HTTP/1.1" 200 8494 "https://translate.googleusercontent.com/translate_c?depth=1&hl=pl&prev=search&rurl=translate.google.pl&sl=de&u=http://www.groeger-bauaufzuege.de/&usg=ALkJrhi4ItvAYShXh_WV7TaniQt-Az7r8A" "Mozilla/5.0 (Windows NT 6.1; WOW64; rv:47.0) Gecko/20100101 Firefox/47.0,gzip(gfe)"
66.249.93.79 - - [29/Jun/2016:09:10:30 +0200] "GET /jquery-1.4.3.min.js HTTP/1.1" 200 77746 "https://translate.googleusercontent.com/translate_c?depth=1&hl=pl&prev=search&rurl=translate.google.pl&sl=de&u=http://www.groeger-bauaufzuege.de/&usg=ALkJrhi4ItvAYShXh_WV7TaniQt-Az7r8A" "Mozilla/5.0 (Windows NT 6.1; WOW64; rv:47.0) Gecko/20100101 Firefox/47.0,gzip(gfe)"
66.249.93.74 - - [29/Jun/2016:09:10:30 +0200] "GET /fancybox/jquery.fancybox-1.3.4.pack.js HTTP/1.1" 200 15624 "https://translate.googleusercontent.com/translate_c?depth=1&hl=pl&prev=search&rurl=translate.google.pl&sl=de&u=http://www.groeger-bauaufzuege.de/&usg=ALkJrhi4ItvAYShXh_WV7TaniQt-Az7r8A" "Mozilla/5.0 (Windows NT 6.1; WOW64; rv:47.0) Gecko/20100101 Firefox/47.0,gzip(gfe)"
66.249.93.85 - - [29/Jun/2016:09:10:30 +0200] "GET /swfobject.js HTTP/1.1" 200 6880 "https://translate.googleusercontent.com/translate_c?depth=1&hl=pl&prev=search&rurl=translate.google.pl&sl=de&u=http://www.groeger-bauaufzuege.de/&usg=ALkJrhi4ItvAYShXh_WV7TaniQt-Az7r8A" "Mozilla/5.0 (Windows NT 6.1; WOW64; rv:47.0) Gecko/20100101 Firefox/47.0,gzip(gfe)"
66.249.93.74 - - [29/Jun/2016:09:10:44 +0200] "GET /verkauf.php HTTP/1.1" 200 6662 "https://translate.googleusercontent.com/translate_c?depth=1&hl=pl&prev=search&rurl=translate.google.pl&sl=de&u=http://www.groeger-bauaufzuege.de/&usg=ALkJrhi4ItvAYShXh_WV7TaniQt-Az7r8A" "Mozilla/5.0 (Windows NT 6.1; WOW64; rv:47.0) Gecko/20100101 Firefox/47.0,gzip(gfe)"
66.249.93.74 - - [29/Jun/2016:09:10:44 +0200] "GET /css/groeger.css HTTP/1.1" 200 5467 "https://translate.googleusercontent.com/translate_c?depth=1&hl=pl&prev=search&rurl=translate.google.pl&sl=de&u=http://www.groeger-bauaufzuege.de/verkauf.php&usg=ALkJrhidkuCb03rjGAwVnLHgDFooMTzryA" "Mozilla/5.0 (Windows NT 6.1; WOW64; rv:47.0) Gecko/20100101 Firefox/47.0,gzip(gfe)"
66.249.93.85 - - [29/Jun/2016:09:10:44 +0200] "GET /swfobject.js HTTP/1.1" 200 6880 "https://translate.googleusercontent.com/translate_c?depth=1&hl=pl&prev=search&rurl=translate.google.pl&sl=de&u=http://www.groeger-bauaufzuege.de/verkauf.php&usg=ALkJrhidkuCb03rjGAwVnLHgDFooMTzryA" "Mozilla/5.0 (Windows NT 6.1; WOW64; rv:47.0) Gecko/20100101 Firefox/47.0,gzip(gfe)"
66.249.93.79 - - [29/Jun/2016:09:10:44 +0200] "GET /jquery-1.4.3.min.js HTTP/1.1" 200 77746 "https://translate.googleusercontent.com/translate_c?depth=1&hl=pl&prev=search&rurl=translate.google.pl&sl=de&u=http://www.groeger-bauaufzuege.de/verkauf.php&usg=ALkJrhidkuCb03rjGAwVnLHgDFooMTzryA" "Mozilla/5.0 (Windows NT 6.1; WOW64; rv:47.0) Gecko/20100101 Firefox/47.0,gzip(gfe)"
66.249.93.74 - - [29/Jun/2016:09:10:44 +0200] "GET /jquery.cross-slide.js HTTP/1.1" 200 11724 "https://translate.googleusercontent.com/translate_c?depth=1&hl=pl&prev=search&rurl=translate.google.pl&sl=de&u=http://www.groeger-bauaufzuege.de/verkauf.php&usg=ALkJrhidkuCb03rjGAwVnLHgDFooMTzryA" "Mozilla/5.0 (Windows NT 6.1; WOW64; rv:47.0) Gecko/20100101 Firefox/47.0,gzip(gfe)"
66.249.93.74 - - [29/Jun/2016:09:10:44 +0200] "GET /fancybox/jquery.fancybox-1.3.4.pack.js HTTP/1.1" 200 15624 "https://translate.googleusercontent.com/translate_c?depth=1&hl=pl&prev=search&rurl=translate.google.pl&sl=de&u=http://www.groeger-bauaufzuege.de/verkauf.php&usg=ALkJrhidkuCb03rjGAwVnLHgDFooMTzryA" "Mozilla/5.0 (Windows NT 6.1; WOW64; rv:47.0) Gecko/20100101 Firefox/47.0,gzip(gfe)"
66.249.93.85 - - [29/Jun/2016:09:10:44 +0200] "GET /fancybox/jquery.fancybox-1.3.4.css HTTP/1.1" 200 8494 "https://translate.googleusercontent.com/translate_c?depth=1&hl=pl&prev=search&rurl=translate.google.pl&sl=de&u=http://www.groeger-bauaufzuege.de/verkauf.php&usg=ALkJrhidkuCb03rjGAwVnLHgDFooMTzryA" "Mozilla/5.0 (Windows NT 6.1; WOW64; rv:47.0) Gecko/20100101 Firefox/47.0,gzip(gfe)"
188.146.74.117 - - [29/Jun/2016:09:10:44 +0200] "GET /img/logo_geda.gif HTTP/1.1" 200 4337 "-" "Mozilla/5.0 (Windows NT 6.1; WOW64; rv:47.0) Gecko/20100101 Firefox/47.0"
188.146.74.117 - - [29/Jun/2016:09:10:44 +0200] "GET /img/logo_boecker.gif HTTP/1.1" 200 2974 "-" "Mozilla/5.0 (Windows NT 6.1; WOW64; rv:47.0) Gecko/20100101 Firefox/47.0"
188.146.74.117 - - [29/Jun/2016:09:10:44 +0200] "GET /img/logo_steinbach.jpg HTTP/1.1" 200 9601 "-" "Mozilla/5.0 (Windows NT 6.1; WOW64; rv:47.0) Gecko/20100101 Firefox/47.0"
188.146.74.117 - - [29/Jun/2016:09:10:44 +0200] "GET /img/logo_wfw.png HTTP/1.1" 200 2671 "-" "Mozilla/5.0 (Windows NT 6.1; WOW64; rv:47.0) Gecko/20100101 Firefox/47.0"
66.249.93.74 - - [29/Jun/2016:09:11:22 +0200] "GET /verkauf.php HTTP/1.1" 200 6662 "https://translate.googleusercontent.com/translate_c?depth=1&hl=pl&prev=search&rurl=translate.google.pl&sl=de&u=http://www.groeger-bauaufzuege.de/verkauf.php&usg=ALkJrhidkuCb03rjGAwVnLHgDFooMTzryA" "Mozilla/5.0 (Windows NT 6.1; WOW64; rv:47.0) Gecko/20100101 Firefox/47.0,gzip(gfe)"
66.249.93.74 - - [29/Jun/2016:09:11:22 +0200] "GET /fancybox/jquery.fancybox-1.3.4.pack.js HTTP/1.1" 200 15624 "https://translate.googleusercontent.com/translate_c?depth=1&hl=pl&prev=search&rurl=translate.google.pl&sl=de&u=http://www.groeger-bauaufzuege.de/verkauf.php&usg=ALkJrhidkuCb03rjGAwVnLHgDFooMTzryA" "Mozilla/5.0 (Windows NT 6.1; WOW64; rv:47.0) Gecko/20100101 Firefox/47.0,gzip(gfe)"
66.249.93.79 - - [29/Jun/2016:09:11:22 +0200] "GET /css/groeger.css HTTP/1.1" 200 5467 "https://translate.googleusercontent.com/translate_c?depth=1&hl=pl&prev=search&rurl=translate.google.pl&sl=de&u=http://www.groeger-bauaufzuege.de/verkauf.php&usg=ALkJrhidkuCb03rjGAwVnLHgDFooMTzryA" "Mozilla/5.0 (Windows NT 6.1; WOW64; rv:47.0) Gecko/20100101 Firefox/47.0,gzip(gfe)"
66.249.93.79 - - [29/Jun/2016:09:11:22 +0200] "GET /swfobject.js HTTP/1.1" 200 6880 "https://translate.googleusercontent.com/translate_c?depth=1&hl=pl&prev=search&rurl=translate.google.pl&sl=de&u=http://www.groeger-bauaufzuege.de/verkauf.php&usg=ALkJrhidkuCb03rjGAwVnLHgDFooMTzryA" "Mozilla/5.0 (Windows NT 6.1; WOW64; rv:47.0) Gecko/20100101 Firefox/47.0,gzip(gfe)"
66.249.93.74 - - [29/Jun/2016:09:11:22 +0200] "GET /jquery.cross-slide.js HTTP/1.1" 200 11724 "https://translate.googleusercontent.com/translate_c?depth=1&hl=pl&prev=search&rurl=translate.google.pl&sl=de&u=http://www.groeger-bauaufzuege.de/verkauf.php&usg=ALkJrhidkuCb03rjGAwVnLHgDFooMTzryA" "Mozilla/5.0 (Windows NT 6.1; WOW64; rv:47.0) Gecko/20100101 Firefox/47.0,gzip(gfe)"
