85.25.236.93 - - [11/Jun/2016:14:19:42 +0200] "GET /img/bild_1.jpg HTTP/1.1" 200 34058 "http://www.groeger-bauaufzuege.de/leistungen.php" "Mozilla/5.0 (X11; U; Linux Core i7-4980HQ; de; rv:32.0; compatible; JobboerseBot; https://www.jobboerse.com/bot.htm) Gecko/20100101 Firefox/38.0"
85.25.236.93 - - [11/Jun/2016:14:19:42 +0200] "GET /img/bild_2.jpg HTTP/1.1" 200 37224 "http://www.groeger-bauaufzuege.de/leistungen.php" "Mozilla/5.0 (X11; U; Linux Core i7-4980HQ; de; rv:32.0; compatible; JobboerseBot; https://www.jobboerse.com/bot.htm) Gecko/20100101 Firefox/38.0"
85.25.236.93 - - [11/Jun/2016:14:19:42 +0200] "GET /img/bild_3.jpg HTTP/1.1" 200 38007 "http://www.groeger-bauaufzuege.de/leistungen.php" "Mozilla/5.0 (X11; U; Linux Core i7-4980HQ; de; rv:32.0; compatible; JobboerseBot; https://www.jobboerse.com/bot.htm) Gecko/20100101 Firefox/38.0"
85.25.236.93 - - [11/Jun/2016:14:19:42 +0200] "GET /img/bild_4.jpg HTTP/1.1" 200 31111 "http://www.groeger-bauaufzuege.de/leistungen.php" "Mozilla/5.0 (X11; U; Linux Core i7-4980HQ; de; rv:32.0; compatible; JobboerseBot; https://www.jobboerse.com/bot.htm) Gecko/20100101 Firefox/38.0"
85.25.236.93 - - [11/Jun/2016:14:19:45 +0200] "GET /index.php HTTP/1.1" 200 6704 "-" "Mozilla/5.0 (X11; U; Linux Core i7-4980HQ; de; rv:32.0; compatible; JobboerseBot; https://www.jobboerse.com/bot.htm) Gecko/20100101 Firefox/38.0"
85.25.236.93 - - [11/Jun/2016:14:19:46 +0200] "GET /swfobject.js HTTP/1.1" 200 6880 "http://www.groeger-bauaufzuege.de/index.php" "Mozilla/5.0 (X11; U; Linux Core i7-4980HQ; de; rv:32.0; compatible; JobboerseBot; https://www.jobboerse.com/bot.htm) Gecko/20100101 Firefox/38.0"
85.25.236.93 - - [11/Jun/2016:14:19:46 +0200] "GET /jquery-1.4.3.min.js HTTP/1.1" 200 77746 "http://www.groeger-bauaufzuege.de/index.php" "Mozilla/5.0 (X11; U; Linux Core i7-4980HQ; de; rv:32.0; compatible; JobboerseBot; https://www.jobboerse.com/bot.htm) Gecko/20100101 Firefox/38.0"
85.25.236.93 - - [11/Jun/2016:14:19:46 +0200] "GET /jquery.cross-slide.js HTTP/1.1" 200 11724 "http://www.groeger-bauaufzuege.de/index.php" "Mozilla/5.0 (X11; U; Linux Core i7-4980HQ; de; rv:32.0; compatible; JobboerseBot; https://www.jobboerse.com/bot.htm) Gecko/20100101 Firefox/38.0"
85.25.236.93 - - [11/Jun/2016:14:19:46 +0200] "GET /fancybox/jquery.fancybox-1.3.4.pack.js HTTP/1.1" 200 15624 "http://www.groeger-bauaufzuege.de/index.php" "Mozilla/5.0 (X11; U; Linux Core i7-4980HQ; de; rv:32.0; compatible; JobboerseBot; https://www.jobboerse.com/bot.htm) Gecko/20100101 Firefox/38.0"
85.25.236.93 - - [11/Jun/2016:14:19:46 +0200] "GET /css/groeger.css HTTP/1.1" 200 5467 "http://www.groeger-bauaufzuege.de/index.php" "Mozilla/5.0 (X11; U; Linux Core i7-4980HQ; de; rv:32.0; compatible; JobboerseBot; https://www.jobboerse.com/bot.htm) Gecko/20100101 Firefox/38.0"
85.25.236.93 - - [11/Jun/2016:14:19:46 +0200] "GET /fancybox/jquery.fancybox-1.3.4.css HTTP/1.1" 200 8494 "http://www.groeger-bauaufzuege.de/index.php" "Mozilla/5.0 (X11; U; Linux Core i7-4980HQ; de; rv:32.0; compatible; JobboerseBot; https://www.jobboerse.com/bot.htm) Gecko/20100101 Firefox/38.0"
85.25.236.93 - - [11/Jun/2016:14:19:47 +0200] "GET /img/bild_1.jpg HTTP/1.1" 200 34058 "http://www.groeger-bauaufzuege.de/index.php" "Mozilla/5.0 (X11; U; Linux Core i7-4980HQ; de; rv:32.0; compatible; JobboerseBot; https://www.jobboerse.com/bot.htm) Gecko/20100101 Firefox/38.0"
85.25.236.93 - - [11/Jun/2016:14:19:47 +0200] "GET /img/bild_2.jpg HTTP/1.1" 200 37224 "http://www.groeger-bauaufzuege.de/index.php" "Mozilla/5.0 (X11; U; Linux Core i7-4980HQ; de; rv:32.0; compatible; JobboerseBot; https://www.jobboerse.com/bot.htm) Gecko/20100101 Firefox/38.0"
85.25.236.93 - - [11/Jun/2016:14:19:47 +0200] "GET /img/bild_3.jpg HTTP/1.1" 200 38007 "http://www.groeger-bauaufzuege.de/index.php" "Mozilla/5.0 (X11; U; Linux Core i7-4980HQ; de; rv:32.0; compatible; JobboerseBot; https://www.jobboerse.com/bot.htm) Gecko/20100101 Firefox/38.0"
85.25.236.93 - - [11/Jun/2016:14:19:47 +0200] "GET /img/bild_4.jpg HTTP/1.1" 200 31111 "http://www.groeger-bauaufzuege.de/index.php" "Mozilla/5.0 (X11; U; Linux Core i7-4980HQ; de; rv:32.0; compatible; JobboerseBot; https://www.jobboerse.com/bot.htm) Gecko/20100101 Firefox/38.0"
66.249.66.184 - - [11/Jun/2016:14:25:15 +0200] "GET /aktuelles.php HTTP/1.1" 200 6694 "-" "Mozilla/5.0 (compatible; Googlebot/2.1; +http://www.google.com/bot.html)"
5.9.89.170 - - [11/Jun/2016:14:29:16 +0200] "GET /robots.txt HTTP/1.0" 404 - "-" "Mozilla/5.0 (compatible; MJ12bot/v1.4.5; http://www.majestic12.co.uk/bot.php?+)"
5.9.89.170 - - [11/Jun/2016:14:29:17 +0200] "GET /aktuelles_alt.php HTTP/1.0" 200 13541 "-" "Mozilla/5.0 (compatible; MJ12bot/v1.4.5; http://www.majestic12.co.uk/bot.php?+)"
66.249.66.184 - - [11/Jun/2016:14:35:59 +0200] "GET / HTTP/1.1" 200 6704 "-" "Mozilla/5.0 (Linux; Android 6.0.1; Nexus 5X Build/MMB29P) AppleWebKit/537.36 (KHTML, like Gecko) Chrome/41.0.2272.96 Mobile Safari/537.36 (compatible; Googlebot/2.1; +http://www.google.com/bot.html)"
157.55.39.2 - - [11/Jun/2016:14:38:02 +0200] "GET / HTTP/1.1" 200 6704 "-" "Mozilla/5.0 (compatible; bingbot/2.0; +http://www.bing.com/bingbot.htm)"
87.135.27.147 - - [11/Jun/2016:15:05:08 +0200] "GET /download/Newsletter_Groeger_11-06_Innung.pdf HTTP/1.1" 200 422119 "https://www.google.de/" "Mozilla/5.0 (Windows NT 10.0; Win64; x64) AppleWebKit/537.36 (KHTML, like Gecko) Chrome/46.0.2486.0 Safari/537.36 Edge/13.10586"
87.135.27.147 - - [11/Jun/2016:15:05:08 +0200] "GET /favicon.ico HTTP/1.1" 404 - "-" "Mozilla/5.0 (Windows NT 10.0; Win64; x64) AppleWebKit/537.36 (KHTML, like Gecko) Chrome/46.0.2486.0 Safari/537.36 Edge/13.10586"
87.135.27.147 - - [11/Jun/2016:15:05:08 +0200] "GET /download/Newsletter_Groeger_11-06_Innung.pdf HTTP/1.1" 206 419758 "-" "Mozilla/5.0 (Windows NT 10.0; Win64; x64) AppleWebKit/537.36 (KHTML, like Gecko) Chrome/46.0.2486.0 Safari/537.36 Edge/13.10586"
87.135.27.147 - - [11/Jun/2016:15:05:08 +0200] "GET /download/Newsletter_Groeger_11-06_Innung.pdf HTTP/1.1" 206 127207 "-" "Mozilla/5.0 (Windows NT 10.0; Win64; x64) AppleWebKit/537.36 (KHTML, like Gecko) Chrome/46.0.2486.0 Safari/537.36 Edge/13.10586"
87.135.27.147 - - [11/Jun/2016:15:05:08 +0200] "GET /download/Newsletter_Groeger_11-06_Innung.pdf HTTP/1.1" 206 32768 "-" "Mozilla/5.0 (Windows NT 10.0; Win64; x64) AppleWebKit/537.36 (KHTML, like Gecko) Chrome/46.0.2486.0 Safari/537.36 Edge/13.10586"
87.135.27.147 - - [11/Jun/2016:15:05:09 +0200] "GET /download/Newsletter_Groeger_11-06_Innung.pdf HTTP/1.1" 206 196608 "-" "Mozilla/5.0 (Windows NT 10.0; Win64; x64) AppleWebKit/537.36 (KHTML, like Gecko) Chrome/46.0.2486.0 Safari/537.36 Edge/13.10586"
87.135.27.147 - - [11/Jun/2016:15:05:09 +0200] "GET /download/Newsletter_Groeger_11-06_Innung.pdf HTTP/1.1" 206 110823 "-" "Mozilla/5.0 (Windows NT 10.0; Win64; x64) AppleWebKit/537.36 (KHTML, like Gecko) Chrome/46.0.2486.0 Safari/537.36 Edge/13.10586"
87.135.27.147 - - [11/Jun/2016:15:05:09 +0200] "GET /download/Newsletter_Groeger_11-06_Innung.pdf HTTP/1.1" 206 4096 "-" "Mozilla/5.0 (Windows NT 10.0; Win64; x64) AppleWebKit/537.36 (KHTML, like Gecko) Chrome/46.0.2486.0 Safari/537.36 Edge/13.10586"
87.135.27.147 - - [11/Jun/2016:15:05:09 +0200] "GET /download/Newsletter_Groeger_11-06_Innung.pdf HTTP/1.1" 206 12288 "-" "Mozilla/5.0 (Windows NT 10.0; Win64; x64) AppleWebKit/537.36 (KHTML, like Gecko) Chrome/46.0.2486.0 Safari/537.36 Edge/13.10586"
87.135.27.147 - - [11/Jun/2016:15:05:09 +0200] "GET /download/Newsletter_Groeger_11-06_Innung.pdf HTTP/1.1" 206 352939 "-" "Mozilla/5.0 (Windows NT 10.0; Win64; x64) AppleWebKit/537.36 (KHTML, like Gecko) Chrome/46.0.2486.0 Safari/537.36 Edge/13.10586"
87.135.27.147 - - [11/Jun/2016:15:05:10 +0200] "GET /download/Newsletter_Groeger_11-06_Innung.pdf HTTP/1.1" 206 4327 "-" "Mozilla/5.0 (Windows NT 10.0; Win64; x64) AppleWebKit/537.36 (KHTML, like Gecko) Chrome/46.0.2486.0 Safari/537.36 Edge/13.10586"
87.135.27.147 - - [11/Jun/2016:15:05:10 +0200] "GET /download/Newsletter_Groeger_11-06_Innung.pdf HTTP/1.1" 206 188416 "-" "Mozilla/5.0 (Windows NT 10.0; Win64; x64) AppleWebKit/537.36 (KHTML, like Gecko) Chrome/46.0.2486.0 Safari/537.36 Edge/13.10586"
87.135.27.147 - - [11/Jun/2016:15:05:10 +0200] "GET /download/Newsletter_Groeger_11-06_Innung.pdf HTTP/1.1" 206 69863 "-" "Mozilla/5.0 (Windows NT 10.0; Win64; x64) AppleWebKit/537.36 (KHTML, like Gecko) Chrome/46.0.2486.0 Safari/537.36 Edge/13.10586"
66.249.79.136 - - [11/Jun/2016:15:57:04 +0200] "GET /download/Newsletter_Groeger_11-06_Innung.pdf HTTP/1.1" 304 - "-" "Mozilla/5.0 (compatible; Googlebot/2.1; +http://www.google.com/bot.html)"
66.249.79.143 - - [11/Jun/2016:16:03:16 +0200] "GET /download/Groeger_Newsletter_2015-12.pdf HTTP/1.1" 304 - "-" "Mozilla/5.0 (compatible; Googlebot/2.1; +http://www.google.com/bot.html)"
87.159.223.126 - - [11/Jun/2016:17:58:18 +0200] "GET / HTTP/1.1" 200 6704 "http://www.bigfinder.de/?c=ws&q=shop&v=1" "Mozilla/5.0 (Windows NT 6.1; WOW64; rv:19.0) Gecko/20100101 Firefox/41.0"
66.249.79.128 - - [11/Jun/2016:18:29:46 +0200] "GET / HTTP/1.1" 200 6704 "-" "Mozilla/5.0 (compatible; Googlebot/2.1; +http://www.google.com/bot.html)"
77.248.252.113 - - [11/Jun/2016:19:08:02 +0200] "GET /robots.txt HTTP/1.0" 404 - "-" "Mozilla/5.0 (compatible; MJ12bot/v1.4.5; http://www.majestic12.co.uk/bot.php?+)"
77.248.252.113 - - [11/Jun/2016:19:08:03 +0200] "GET /aktuelles.php HTTP/1.0" 200 6694 "-" "Mozilla/5.0 (compatible; MJ12bot/v1.4.5; http://www.majestic12.co.uk/bot.php?+)"
77.248.252.113 - - [11/Jun/2016:19:08:05 +0200] "GET /angebote.php HTTP/1.0" 200 7198 "-" "Mozilla/5.0 (compatible; MJ12bot/v1.4.5; http://www.majestic12.co.uk/bot.php?+)"
77.248.252.113 - - [11/Jun/2016:19:08:06 +0200] "GET /gebrauchtmaschinen.php HTTP/1.0" 200 6356 "-" "Mozilla/5.0 (compatible; MJ12bot/v1.4.5; http://www.majestic12.co.uk/bot.php?+)"
68.180.229.217 - - [11/Jun/2016:20:56:55 +0200] "GET /robots.txt HTTP/1.1" 404 - "-" "Mozilla/5.0 (compatible; Yahoo! Slurp; http://help.yahoo.com/help/us/ysearch/slurp)"
68.180.229.217 - - [11/Jun/2016:20:56:56 +0200] "GET /aktuelles_alt.php HTTP/1.1" 200 13541 "-" "Mozilla/5.0 (compatible; Yahoo! Slurp; http://help.yahoo.com/help/us/ysearch/slurp)"
123.125.71.29 - - [11/Jun/2016:22:33:30 +0200] "GET /link/20130401 HTTP/1.1" 302 - "-" "Mozilla/5.0 (compatible; Baiduspider/2.0; +http://www.baidu.com/search/spider.html)"
123.125.71.17 - - [11/Jun/2016:22:33:32 +0200] "GET /download/Boecker_Angebot_AHK_Easyline.pdf HTTP/1.1" 200 454854 "-" "Mozilla/5.0 (compatible; Baiduspider/2.0; +http://www.baidu.com/search/spider.html)"
180.76.15.139 - - [11/Jun/2016:22:41:46 +0200] "GET /link/20130401 HTTP/1.1" 302 - "-" "Mozilla/5.0 (compatible; Baiduspider/2.0; +http://www.baidu.com/search/spider.html)"
180.76.15.20 - - [11/Jun/2016:22:41:46 +0200] "GET /download/Boecker_Angebot_AHK_Easyline.pdf HTTP/1.1" 200 454854 "-" "Mozilla/5.0 (compatible; Baiduspider/2.0; +http://www.baidu.com/search/spider.html)"
66.249.79.136 - - [11/Jun/2016:22:45:25 +0200] "GET /robots.txt HTTP/1.1" 404 - "-" "Mozilla/5.0 (compatible; Googlebot/2.1; +http://www.google.com/bot.html)"
66.249.79.128 - - [11/Jun/2016:22:45:25 +0200] "GET /leistungen.php HTTP/1.1" 200 9023 "-" "SAMSUNG-SGH-E250/1.0 Profile/MIDP-2.0 Configuration/CLDC-1.1 UP.Browser/6.2.3.3.c.1.101 (GUI) MMP/2.0 (compatible; Googlebot-Mobile/2.1; +http://www.google.com/bot.html)"
66.249.79.128 - - [11/Jun/2016:23:01:05 +0200] "GET /aktuelles.php HTTP/1.1" 200 6694 "-" "Mozilla/5.0 (compatible; Googlebot/2.1; +http://www.google.com/bot.html)"
66.249.79.128 - - [11/Jun/2016:23:01:37 +0200] "GET /swfobject.js HTTP/1.1" 200 6880 "-" "Mozilla/5.0 (compatible; Googlebot/2.1; +http://www.google.com/bot.html)"
66.249.79.128 - - [11/Jun/2016:23:01:37 +0200] "GET /jquery.cross-slide.js HTTP/1.1" 200 11724 "-" "Mozilla/5.0 (compatible; Googlebot/2.1; +http://www.google.com/bot.html)"
66.249.79.128 - - [11/Jun/2016:23:01:37 +0200] "GET /jquery-1.4.3.min.js HTTP/1.1" 200 77746 "-" "Mozilla/5.0 (compatible; Googlebot/2.1; +http://www.google.com/bot.html)"
66.249.79.136 - - [11/Jun/2016:23:01:38 +0200] "GET /css/groeger.css HTTP/1.1" 200 5467 "-" "Mozilla/5.0 (compatible; Googlebot/2.1; +http://www.google.com/bot.html)"
66.249.79.136 - - [11/Jun/2016:23:01:38 +0200] "GET /fancybox/jquery.fancybox-1.3.4.css HTTP/1.1" 200 8494 "-" "Mozilla/5.0 (compatible; Googlebot/2.1; +http://www.google.com/bot.html)"
66.249.79.136 - - [11/Jun/2016:23:01:39 +0200] "GET /fancybox/jquery.fancybox-1.3.4.pack.js HTTP/1.1" 200 15624 "-" "Mozilla/5.0 (compatible; Googlebot/2.1; +http://www.google.com/bot.html)"
66.249.79.143 - - [11/Jun/2016:23:07:08 +0200] "GET /download/Newsletter_Groeger_11-06_Innung.pdf HTTP/1.1" 304 - "-" "Mozilla/5.0 (compatible; Googlebot/2.1; +http://www.google.com/bot.html)"
157.55.39.48 - - [12/Jun/2016:00:04:38 +0200] "GET /angebote.php HTTP/1.1" 200 7198 "-" "Mozilla/5.0 (compatible; bingbot/2.0; +http://www.bing.com/bingbot.htm)"
157.55.39.48 - - [12/Jun/2016:00:04:39 +0200] "GET / HTTP/1.1" 200 6704 "-" "Mozilla/5.0 (compatible; bingbot/2.0; +http://www.bing.com/bingbot.htm)"
157.55.39.48 - - [12/Jun/2016:00:04:39 +0200] "GET /impressum.php HTTP/1.1" 200 8128 "-" "Mozilla/5.0 (compatible; bingbot/2.0; +http://www.bing.com/bingbot.htm)"
157.55.39.48 - - [12/Jun/2016:00:04:40 +0200] "GET /kontakt.php HTTP/1.1" 200 6954 "-" "Mozilla/5.0 (compatible; bingbot/2.0; +http://www.bing.com/bingbot.htm)"
207.46.13.83 - - [12/Jun/2016:00:05:00 +0200] "GET /unternehmen.php HTTP/1.1" 200 7208 "-" "Mozilla/5.0 (compatible; bingbot/2.0; +http://www.bing.com/bingbot.htm)"
207.46.13.28 - - [12/Jun/2016:00:05:12 +0200] "GET /leistungen.php HTTP/1.1" 200 9023 "-" "Mozilla/5.0 (compatible; bingbot/2.0; +http://www.bing.com/bingbot.htm)"
207.46.13.28 - - [12/Jun/2016:00:05:13 +0200] "GET /index.php HTTP/1.1" 200 6704 "-" "Mozilla/5.0 (compatible; bingbot/2.0; +http://www.bing.com/bingbot.htm)"
207.46.13.79 - - [12/Jun/2016:00:06:14 +0200] "GET /robots.txt HTTP/1.1" 404 - "-" "Mozilla/5.0 (compatible; bingbot/2.0; +http://www.bing.com/bingbot.htm)"
144.76.71.83 - - [12/Jun/2016:00:24:31 +0200] "GET / HTTP/1.1" 200 6704 "-" "Mozilla/5.0 (Windows NT 6.1; WOW64) AppleWebKit/537.11 (KHTML, like Gecko) Chrome/23.0.1271.97 Safari/537.11"
144.76.71.83 - - [12/Jun/2016:00:24:34 +0200] "GET /unternehmen.php HTTP/1.1" 200 7208 "-" "Mozilla/5.0 (Windows NT 6.1; WOW64; rv:21.0) Gecko/20130331 Firefox/21.0"
144.76.71.83 - - [12/Jun/2016:00:24:34 +0200] "GET /leistungen.php HTTP/1.1" 200 9023 "-" "Mozilla/5.0 (X11; Ubuntu; Linux x86_64; rv:21.0) Gecko/20100101 Firefox/21.0"
144.76.71.83 - - [12/Jun/2016:00:24:34 +0200] "GET /angebote.php HTTP/1.1" 200 7198 "-" "Mozilla/5.0 (X11; U; Linux i686; en-US; rv:1.9.1.16) Gecko/20120421 Firefox/11.0"
144.76.71.83 - - [12/Jun/2016:00:24:34 +0200] "GET /kontakt.php HTTP/1.1" 200 6954 "-" "Mozilla/5.0 (Macintosh; Intel Mac OS X 10.8; rv:21.0) Gecko/20100101 Firefox/21.0"
144.76.71.83 - - [12/Jun/2016:00:24:34 +0200] "GET /impressum.php HTTP/1.1" 200 8128 "-" "Mozilla/5.0 (Windows NT 6.1; WOW64; rv:21.0) Gecko/20130330 Firefox/21.0"
144.76.71.83 - - [12/Jun/2016:00:24:35 +0200] "GET /index.php HTTP/1.1" 200 6704 "-" "Mozilla/5.0 (Macintosh; Intel Mac OS X 10_7_5) AppleWebKit/537.31 (KHTML, like Gecko) Chrome/26.0.1410.65 Safari/537.31"
208.115.111.73 - - [12/Jun/2016:01:01:46 +0200] "GET /robots.txt HTTP/1.1" 404 - "-" "Mozilla/5.0 (compatible; DotBot/1.1; http://www.opensiteexplorer.org/dotbot, help@moz.com)"
51.254.32.67 - - [12/Jun/2016:01:02:18 +0200] "GET /robots.txt HTTP/1.0" 404 - "-" "Mozilla/5.0 (compatible; MJ12bot/v1.4.5; http://www.majestic12.co.uk/bot.php?+)"
51.254.32.67 - - [12/Jun/2016:01:02:21 +0200] "GET /leistungen.php HTTP/1.0" 200 9023 "-" "Mozilla/5.0 (compatible; MJ12bot/v1.4.5; http://www.majestic12.co.uk/bot.php?+)"
51.254.32.67 - - [12/Jun/2016:01:02:23 +0200] "GET /unternehmen.php HTTP/1.0" 200 7208 "-" "Mozilla/5.0 (compatible; MJ12bot/v1.4.5; http://www.majestic12.co.uk/bot.php?+)"
51.254.32.67 - - [12/Jun/2016:01:02:25 +0200] "GET /verkauf.php HTTP/1.0" 200 6662 "-" "Mozilla/5.0 (compatible; MJ12bot/v1.4.5; http://www.majestic12.co.uk/bot.php?+)"
180.76.15.159 - - [12/Jun/2016:01:08:24 +0200] "GET / HTTP/1.1" 200 6704 "-" "Mozilla/5.0 (compatible; Baiduspider/2.0; +http://www.baidu.com/search/spider.html)"
208.115.113.89 - - [12/Jun/2016:01:25:40 +0200] "GET /robots.txt HTTP/1.1" 404 - "-" "Mozilla/5.0 (compatible; DotBot/1.1; http://www.opensiteexplorer.org/dotbot, help@moz.com)"
217.103.97.99 - - [12/Jun/2016:02:02:33 +0200] "GET /robots.txt HTTP/1.0" 404 - "-" "Mozilla/5.0 (compatible; MJ12bot/v1.4.5; http://www.majestic12.co.uk/bot.php?+)"
217.103.97.99 - - [12/Jun/2016:02:02:35 +0200] "GET /index.php HTTP/1.1" 200 6704 "-" "Mozilla/5.0 (compatible; MJ12bot/v1.4.5; http://www.majestic12.co.uk/bot.php?+)"
157.55.39.48 - - [12/Jun/2016:02:04:25 +0200] "GET / HTTP/1.1" 200 6704 "-" "Mozilla/5.0 (compatible; bingbot/2.0; +http://www.bing.com/bingbot.htm)"
208.115.111.73 - - [12/Jun/2016:02:14:42 +0200] "GET /unternehmen.php HTTP/1.1" 200 7208 "-" "Mozilla/5.0 (compatible; DotBot/1.1; http://www.opensiteexplorer.org/dotbot, help@moz.com)"
208.115.113.89 - - [12/Jun/2016:02:47:48 +0200] "GET /index.php HTTP/1.1" 200 6704 "-" "Mozilla/5.0 (compatible; DotBot/1.1; http://www.opensiteexplorer.org/dotbot, help@moz.com)"
207.46.13.79 - - [12/Jun/2016:02:50:04 +0200] "GET /verkauf.php HTTP/1.1" 200 6662 "-" "Mozilla/5.0 (compatible; bingbot/2.0; +http://www.bing.com/bingbot.htm)"
207.46.13.79 - - [12/Jun/2016:02:50:05 +0200] "GET /vermietung.php HTTP/1.1" 200 6527 "-" "Mozilla/5.0 (compatible; bingbot/2.0; +http://www.bing.com/bingbot.htm)"
207.46.13.79 - - [12/Jun/2016:02:50:05 +0200] "GET /aktuelles.php HTTP/1.1" 200 6694 "-" "Mozilla/5.0 (compatible; bingbot/2.0; +http://www.bing.com/bingbot.htm)"
207.46.13.79 - - [12/Jun/2016:02:50:06 +0200] "GET /gebrauchtmaschinen.php HTTP/1.1" 200 6356 "-" "Mozilla/5.0 (compatible; bingbot/2.0; +http://www.bing.com/bingbot.htm)"
188.40.112.210 - - [12/Jun/2016:02:54:46 +0200] "GET /link/20130605 HTTP/1.1" 302 - "-" "Mozilla/5.0 (Macintosh; Intel Mac OS X 10_6_8) AppleWebKit/535.19 (KHTML, like Gecko) Chrome/18.0.1025.166 Safari/535.19"
188.40.112.210 - - [12/Jun/2016:02:54:46 +0200] "GET /download/Boecker_Anhaengerkrane.pdf HTTP/1.1" 200 2136456 "http://www.groeger-bauaufzuege.de/link/20130605" "Mozilla/5.0 (Macintosh; Intel Mac OS X 10_6_8) AppleWebKit/535.19 (KHTML, like Gecko) Chrome/18.0.1025.166 Safari/535.19"
5.9.85.4 - - [12/Jun/2016:03:23:45 +0200] "GET /robots.txt HTTP/1.0" 404 - "-" "Mozilla/5.0 (compatible; MJ12bot/v1.4.5; http://www.majestic12.co.uk/bot.php?+)"
5.9.85.4 - - [12/Jun/2016:03:23:47 +0200] "GET /kontakt.php HTTP/1.0" 200 6954 "-" "Mozilla/5.0 (compatible; MJ12bot/v1.4.5; http://www.majestic12.co.uk/bot.php?+)"
5.9.85.4 - - [12/Jun/2016:03:23:54 +0200] "GET /unternehmen.php HTTP/1.0" 200 7208 "-" "Mozilla/5.0 (compatible; MJ12bot/v1.4.5; http://www.majestic12.co.uk/bot.php?+)"
85.14.244.113 - - [12/Jun/2016:04:45:01 +0200] "GET /robots.txt HTTP/1.0" 404 - "-" "Mozilla/5.0 (compatible; MJ12bot/v1.4.5; http://www.majestic12.co.uk/bot.php?+)"
193.111.140.106 - - [12/Jun/2016:04:45:02 +0200] "GET / HTTP/1.0" 200 6704 "-" "Mozilla/5.0 (compatible; MJ12bot/v1.4.5; http://www.majestic12.co.uk/bot.php?+)"
66.249.79.128 - - [12/Jun/2016:04:53:04 +0200] "GET /download/Newsletter_Groeger_11-06_Innung.pdf HTTP/1.1" 304 - "-" "Mozilla/5.0 (compatible; Googlebot/2.1; +http://www.google.com/bot.html)"
66.249.79.143 - - [12/Jun/2016:06:49:36 +0200] "GET /download/Newsletter_Groeger_11-06_Innung.pdf HTTP/1.1" 304 - "-" "Mozilla/5.0 (compatible; Googlebot/2.1; +http://www.google.com/bot.html)"
208.115.113.89 - - [12/Jun/2016:11:18:22 +0200] "GET /robots.txt HTTP/1.1" 404 - "-" "Mozilla/5.0 (compatible; DotBot/1.1; http://www.opensiteexplorer.org/dotbot, help@moz.com)"
157.55.39.48 - - [12/Jun/2016:12:26:15 +0200] "GET /css/groeger.css HTTP/1.1" 200 5467 "-" "Mozilla/5.0 (compatible; bingbot/2.0; +http://www.bing.com/bingbot.htm)"
157.55.39.238 - - [12/Jun/2016:12:26:21 +0200] "GET /jquery-1.4.3.min.js HTTP/1.1" 200 77746 "-" "Mozilla/5.0 (compatible; bingbot/2.0; +http://www.bing.com/bingbot.htm)"
157.55.39.238 - - [12/Jun/2016:12:26:22 +0200] "GET /fancybox/jquery.fancybox-1.3.4.pack.js HTTP/1.1" 200 15624 "-" "Mozilla/5.0 (compatible; bingbot/2.0; +http://www.bing.com/bingbot.htm)"
157.55.39.238 - - [12/Jun/2016:12:26:22 +0200] "GET /jquery.cross-slide.js HTTP/1.1" 304 - "-" "Mozilla/5.0 (compatible; bingbot/2.0; +http://www.bing.com/bingbot.htm)"
66.249.79.128 - - [12/Jun/2016:12:26:43 +0200] "GET /robots.txt HTTP/1.1" 404 - "-" "Mozilla/5.0 (compatible; Googlebot/2.1; +http://www.google.com/bot.html)"
66.249.79.136 - - [12/Jun/2016:12:26:44 +0200] "GET / HTTP/1.1" 200 6704 "-" "Mozilla/5.0 (compatible; Googlebot/2.1; +http://www.google.com/bot.html)"
207.46.13.28 - - [12/Jun/2016:12:33:16 +0200] "GET /robots.txt HTTP/1.1" 404 - "-" "Mozilla/5.0 (compatible; bingbot/2.0; +http://www.bing.com/bingbot.htm)"
208.115.113.89 - - [12/Jun/2016:12:49:00 +0200] "GET /angebote.php HTTP/1.1" 200 7198 "-" "Mozilla/5.0 (compatible; DotBot/1.1; http://www.opensiteexplorer.org/dotbot, help@moz.com)"
157.55.39.48 - - [12/Jun/2016:13:28:51 +0200] "GET / HTTP/1.1" 200 6704 "-" "Mozilla/5.0 (compatible; bingbot/2.0; +http://www.bing.com/bingbot.htm)"
66.249.79.136 - - [12/Jun/2016:13:30:34 +0200] "GET / HTTP/1.1" 200 6704 "-" "Mozilla/5.0 (compatible; Googlebot/2.1; +http://www.google.com/bot.html)"
207.46.13.28 - - [12/Jun/2016:13:56:37 +0200] "GET /robots.txt HTTP/1.1" 404 - "-" "Mozilla/5.0 (compatible; bingbot/2.0; +http://www.bing.com/bingbot.htm)"
207.46.13.28 - - [12/Jun/2016:13:56:39 +0200] "GET /robots.txt HTTP/1.1" 404 - "-" "Mozilla/5.0 (compatible; bingbot/2.0; +http://www.bing.com/bingbot.htm)"
207.46.13.28 - - [12/Jun/2016:13:56:39 +0200] "GET /swfobject.js HTTP/1.1" 200 6880 "-" "Mozilla/5.0 (compatible; bingbot/2.0; +http://www.bing.com/bingbot.htm)"
207.46.13.28 - - [12/Jun/2016:13:56:40 +0200] "GET /fancybox/jquery.fancybox-1.3.4.css HTTP/1.1" 304 - "-" "Mozilla/5.0 (compatible; bingbot/2.0; +http://www.bing.com/bingbot.htm)"
178.9.72.244 - - [12/Jun/2016:15:42:26 +0200] "GET / HTTP/1.1" 200 6704 "https://www.google.de/" "Mozilla/5.0 (Windows NT 10.0; Win64; x64) AppleWebKit/537.36 (KHTML, like Gecko) Chrome/52.0.2743.33 Safari/537.36"
178.9.72.244 - - [12/Jun/2016:15:42:26 +0200] "GET /css/groeger.css HTTP/1.1" 200 5467 "http://www.groeger-bauaufzuege.de/" "Mozilla/5.0 (Windows NT 10.0; Win64; x64) AppleWebKit/537.36 (KHTML, like Gecko) Chrome/52.0.2743.33 Safari/537.36"
178.9.72.244 - - [12/Jun/2016:15:42:26 +0200] "GET /swfobject.js HTTP/1.1" 200 6880 "http://www.groeger-bauaufzuege.de/" "Mozilla/5.0 (Windows NT 10.0; Win64; x64) AppleWebKit/537.36 (KHTML, like Gecko) Chrome/52.0.2743.33 Safari/537.36"
178.9.72.244 - - [12/Jun/2016:15:42:27 +0200] "GET /fancybox/jquery.fancybox-1.3.4.css HTTP/1.1" 200 8494 "http://www.groeger-bauaufzuege.de/" "Mozilla/5.0 (Windows NT 10.0; Win64; x64) AppleWebKit/537.36 (KHTML, like Gecko) Chrome/52.0.2743.33 Safari/537.36"
178.9.72.244 - - [12/Jun/2016:15:42:27 +0200] "GET /jquery.cross-slide.js HTTP/1.1" 200 11724 "http://www.groeger-bauaufzuege.de/" "Mozilla/5.0 (Windows NT 10.0; Win64; x64) AppleWebKit/537.36 (KHTML, like Gecko) Chrome/52.0.2743.33 Safari/537.36"
178.9.72.244 - - [12/Jun/2016:15:42:27 +0200] "GET /fancybox/jquery.fancybox-1.3.4.pack.js HTTP/1.1" 200 15624 "http://www.groeger-bauaufzuege.de/" "Mozilla/5.0 (Windows NT 10.0; Win64; x64) AppleWebKit/537.36 (KHTML, like Gecko) Chrome/52.0.2743.33 Safari/537.36"
178.9.72.244 - - [12/Jun/2016:15:42:27 +0200] "GET /jquery-1.4.3.min.js HTTP/1.1" 200 77746 "http://www.groeger-bauaufzuege.de/" "Mozilla/5.0 (Windows NT 10.0; Win64; x64) AppleWebKit/537.36 (KHTML, like Gecko) Chrome/52.0.2743.33 Safari/537.36"
178.9.72.244 - - [12/Jun/2016:15:42:27 +0200] "GET /img/logo_groeger.gif HTTP/1.1" 200 3605 "http://www.groeger-bauaufzuege.de/" "Mozilla/5.0 (Windows NT 10.0; Win64; x64) AppleWebKit/537.36 (KHTML, like Gecko) Chrome/52.0.2743.33 Safari/537.36"
178.9.72.244 - - [12/Jun/2016:15:42:27 +0200] "GET /img/bild_1.jpg HTTP/1.1" 200 34058 "http://www.groeger-bauaufzuege.de/" "Mozilla/5.0 (Windows NT 10.0; Win64; x64) AppleWebKit/537.36 (KHTML, like Gecko) Chrome/52.0.2743.33 Safari/537.36"
178.9.72.244 - - [12/Jun/2016:15:42:27 +0200] "GET /img/pfeil.png HTTP/1.1" 200 840 "http://www.groeger-bauaufzuege.de/" "Mozilla/5.0 (Windows NT 10.0; Win64; x64) AppleWebKit/537.36 (KHTML, like Gecko) Chrome/52.0.2743.33 Safari/537.36"
178.9.72.244 - - [12/Jun/2016:15:42:27 +0200] "GET /img/grauverlauf.png HTTP/1.1" 200 3242 "http://www.groeger-bauaufzuege.de/css/groeger.css" "Mozilla/5.0 (Windows NT 10.0; Win64; x64) AppleWebKit/537.36 (KHTML, like Gecko) Chrome/52.0.2743.33 Safari/537.36"
178.9.72.244 - - [12/Jun/2016:15:42:27 +0200] "GET /img/groeger_web.jpg HTTP/1.1" 200 10877 "http://www.groeger-bauaufzuege.de/css/groeger.css" "Mozilla/5.0 (Windows NT 10.0; Win64; x64) AppleWebKit/537.36 (KHTML, like Gecko) Chrome/52.0.2743.33 Safari/537.36"
178.9.72.244 - - [12/Jun/2016:15:42:28 +0200] "GET /img/bild_4.jpg HTTP/1.1" 200 31111 "http://www.groeger-bauaufzuege.de/" "Mozilla/5.0 (Windows NT 10.0; Win64; x64) AppleWebKit/537.36 (KHTML, like Gecko) Chrome/52.0.2743.33 Safari/537.36"
178.9.72.244 - - [12/Jun/2016:15:42:28 +0200] "GET /img/bild_3.jpg HTTP/1.1" 200 38007 "http://www.groeger-bauaufzuege.de/" "Mozilla/5.0 (Windows NT 10.0; Win64; x64) AppleWebKit/537.36 (KHTML, like Gecko) Chrome/52.0.2743.33 Safari/537.36"
178.9.72.244 - - [12/Jun/2016:15:42:28 +0200] "GET /img/bild_2.jpg HTTP/1.1" 200 37224 "http://www.groeger-bauaufzuege.de/" "Mozilla/5.0 (Windows NT 10.0; Win64; x64) AppleWebKit/537.36 (KHTML, like Gecko) Chrome/52.0.2743.33 Safari/537.36"
178.9.72.244 - - [12/Jun/2016:15:42:28 +0200] "GET /img/favicon.gif HTTP/1.1" 200 119 "http://www.groeger-bauaufzuege.de/" "Mozilla/5.0 (Windows NT 10.0; Win64; x64) AppleWebKit/537.36 (KHTML, like Gecko) Chrome/52.0.2743.33 Safari/537.36"
178.9.72.244 - - [12/Jun/2016:15:42:33 +0200] "GET /gebrauchtmaschinen.php HTTP/1.1" 200 6356 "http://www.groeger-bauaufzuege.de/" "Mozilla/5.0 (Windows NT 10.0; Win64; x64) AppleWebKit/537.36 (KHTML, like Gecko) Chrome/52.0.2743.33 Safari/537.36"
178.9.72.244 - - [12/Jun/2016:15:42:35 +0200] "GET /gebrauchtmaschinen.php HTTP/1.1" 200 6356 "http://www.groeger-bauaufzuege.de/gebrauchtmaschinen.php" "Mozilla/5.0 (Windows NT 10.0; Win64; x64) AppleWebKit/537.36 (KHTML, like Gecko) Chrome/52.0.2743.33 Safari/537.36"
178.9.72.244 - - [12/Jun/2016:15:42:41 +0200] "GET /gebrauchtmaschinen.php HTTP/1.1" 200 6356 "http://www.groeger-bauaufzuege.de/gebrauchtmaschinen.php" "Mozilla/5.0 (Windows NT 10.0; Win64; x64) AppleWebKit/537.36 (KHTML, like Gecko) Chrome/52.0.2743.33 Safari/537.36"
157.55.39.48 - - [12/Jun/2016:16:13:05 +0200] "GET / HTTP/1.1" 200 6704 "-" "Mozilla/5.0 (compatible; bingbot/2.0; +http://www.bing.com/bingbot.htm)"
207.46.13.95 - - [12/Jun/2016:16:13:18 +0200] "GET /fancybox/jquery.fancybox-1.3.4.css HTTP/1.1" 200 8494 "-" "Mozilla/5.0 (compatible; bingbot/2.0; +http://www.bing.com/bingbot.htm)"
207.46.13.95 - - [12/Jun/2016:16:13:18 +0200] "GET /swfobject.js HTTP/1.1" 200 6880 "-" "Mozilla/5.0 (compatible; bingbot/2.0; +http://www.bing.com/bingbot.htm)"
66.249.66.181 - - [12/Jun/2016:16:13:21 +0200] "GET / HTTP/1.1" 200 6704 "-" "Mozilla/5.0 (compatible; Googlebot/2.1; +http://www.google.com/bot.html)"
157.55.39.238 - - [12/Jun/2016:16:13:34 +0200] "GET /fancybox/jquery.fancybox-1.3.4.pack.js HTTP/1.1" 200 15624 "-" "Mozilla/5.0 (compatible; bingbot/2.0; +http://www.bing.com/bingbot.htm)"
157.55.39.238 - - [12/Jun/2016:16:13:35 +0200] "GET /jquery-1.4.3.min.js HTTP/1.1" 200 77746 "-" "Mozilla/5.0 (compatible; bingbot/2.0; +http://www.bing.com/bingbot.htm)"
157.55.39.238 - - [12/Jun/2016:16:13:36 +0200] "GET /jquery.cross-slide.js HTTP/1.1" 200 11724 "-" "Mozilla/5.0 (compatible; bingbot/2.0; +http://www.bing.com/bingbot.htm)"
208.115.111.73 - - [12/Jun/2016:16:24:15 +0200] "GET /robots.txt HTTP/1.1" 404 - "-" "Mozilla/5.0 (compatible; DotBot/1.1; http://www.opensiteexplorer.org/dotbot, help@moz.com)"
157.55.39.48 - - [12/Jun/2016:16:40:12 +0200] "GET /download/Lift_D.pdf HTTP/1.1" 200 1053695 "-" "Mozilla/5.0 (iPhone; CPU iPhone OS 7_0 like Mac OS X) AppleWebKit/537.51.1 (KHTML, like Gecko) Version/7.0 Mobile/11A465 Safari/9537.53 (compatible; bingbot/2.0; +http://www.bing.com/bingbot.htm)"
157.55.39.48 - - [12/Jun/2016:17:03:10 +0200] "GET /download/Lift_D.pdf HTTP/1.1" 200 1053695 "-" "Mozilla/5.0 (compatible; bingbot/2.0; +http://www.bing.com/bingbot.htm)"
208.115.111.73 - - [12/Jun/2016:17:46:03 +0200] "GET /vermietung.php HTTP/1.1" 200 6527 "-" "Mozilla/5.0 (compatible; DotBot/1.1; http://www.opensiteexplorer.org/dotbot, help@moz.com)"
128.199.52.10 - - [12/Jun/2016:17:46:49 +0200] "GET /robots.txt HTTP/1.0" 404 - "-" "SafeDNSBot (https://www.safedns.com/searchbot)"
128.199.52.10 - - [12/Jun/2016:17:46:49 +0200] "GET / HTTP/1.0" 200 6704 "-" "SafeDNSBot (https://www.safedns.com/searchbot)"
128.199.52.10 - - [12/Jun/2016:17:52:24 +0200] "GET /angebote.php HTTP/1.0" 200 7198 "-" "SafeDNSBot (https://www.safedns.com/searchbot)"
128.199.52.10 - - [12/Jun/2016:17:54:51 +0200] "GET /index.php HTTP/1.0" 200 6704 "-" "SafeDNSBot (https://www.safedns.com/searchbot)"
128.199.52.10 - - [12/Jun/2016:17:55:01 +0200] "GET /verkauf.php HTTP/1.0" 200 6662 "-" "SafeDNSBot (https://www.safedns.com/searchbot)"
128.199.52.10 - - [12/Jun/2016:18:05:29 +0200] "GET /unternehmen.php HTTP/1.0" 200 7208 "-" "SafeDNSBot (https://www.safedns.com/searchbot)"
180.76.15.147 - - [12/Jun/2016:18:59:41 +0200] "GET /download/Newsletter_Groeger_2013-04.pdf HTTP/1.1" 200 839295 "-" "Mozilla/5.0 (compatible; Baiduspider/2.0; +http://www.baidu.com/search/spider.html)"
151.80.31.164 - - [12/Jun/2016:19:09:11 +0200] "GET /robots.txt HTTP/1.1" 404 - "-" "Mozilla/5.0 (compatible; AhrefsBot/5.1; +http://ahrefs.com/robot/)"
164.132.161.45 - - [12/Jun/2016:19:09:13 +0200] "GET /leistungen.php HTTP/1.1" 200 9023 "-" "Mozilla/5.0 (compatible; AhrefsBot/5.1; +http://ahrefs.com/robot/)"
157.55.39.238 - - [12/Jun/2016:19:43:19 +0200] "GET /download/Newsletter_Groeger_2013-04.pdf HTTP/1.1" 200 839295 "-" "Mozilla/5.0 (compatible; bingbot/2.0; +http://www.bing.com/bingbot.htm)"
66.249.66.184 - - [13/Jun/2016:00:51:08 +0200] "GET /robots.txt HTTP/1.1" 404 - "-" "Mozilla/5.0 (compatible; Googlebot/2.1; +http://www.google.com/bot.html)"
66.249.66.181 - - [13/Jun/2016:00:51:08 +0200] "GET /download/Newsletter_Groeger_2013-04.pdf HTTP/1.1" 200 839295 "-" "Mozilla/5.0 (compatible; Googlebot/2.1; +http://www.google.com/bot.html)"
157.55.39.48 - - [13/Jun/2016:02:07:55 +0200] "GET / HTTP/1.1" 200 6704 "-" "Mozilla/5.0 (compatible; bingbot/2.0; +http://www.bing.com/bingbot.htm)"
192.243.55.133 - - [13/Jun/2016:06:57:57 +0200] "GET /verkauf.php HTTP/1.1" 200 6662 "-" "Mozilla/5.0 (compatible; SemrushBot/1.1~bl; +http://www.semrush.com/bot.html)"
45.55.133.236 - - [13/Jun/2016:08:29:44 +0200] "GET / HTTP/1.1" 200 6704 "-" "Mozilla/5.0 (Macintosh; Intel Mac OS X 10_9_2) AppleWebKit/537.36 (KHTML, like Gecko) Chrome/34.0.1847.131 Safari/537.36"
45.55.133.236 - - [13/Jun/2016:08:29:44 +0200] "GET /swfobject.js HTTP/1.1" 200 6880 "http://www.groeger-bauaufzuege.de/" "Mozilla/5.0 (Macintosh; Intel Mac OS X 10_9_2) AppleWebKit/537.36 (KHTML, like Gecko) Chrome/34.0.1847.131 Safari/537.36"
45.55.133.236 - - [13/Jun/2016:08:29:44 +0200] "GET /fancybox/jquery.fancybox-1.3.4.pack.js HTTP/1.1" 200 15624 "http://www.groeger-bauaufzuege.de/" "Mozilla/5.0 (Macintosh; Intel Mac OS X 10_9_2) AppleWebKit/537.36 (KHTML, like Gecko) Chrome/34.0.1847.131 Safari/537.36"
45.55.133.236 - - [13/Jun/2016:08:29:44 +0200] "GET /jquery.cross-slide.js HTTP/1.1" 200 11724 "http://www.groeger-bauaufzuege.de/" "Mozilla/5.0 (Macintosh; Intel Mac OS X 10_9_2) AppleWebKit/537.36 (KHTML, like Gecko) Chrome/34.0.1847.131 Safari/537.36"
45.55.133.236 - - [13/Jun/2016:08:29:44 +0200] "GET /jquery-1.4.3.min.js HTTP/1.1" 200 77746 "http://www.groeger-bauaufzuege.de/" "Mozilla/5.0 (Macintosh; Intel Mac OS X 10_9_2) AppleWebKit/537.36 (KHTML, like Gecko) Chrome/34.0.1847.131 Safari/537.36"
146.120.166.59 - - [13/Jun/2016:09:03:59 +0200] "GET /./kontakt.php HTTP/1.1" 200 6954 "-" "Mozilla/5.0 (Windows; U; Windows NT 5.1; en-US; rv:1.9.2.3) Gecko/20100401 Mozilla/5.0 (X11; U; Linux i686; it-IT; rv:1.9.0.2) Gecko/2008092313 Ubuntu/9.25 (jaunty) Firefox/3.8"
217.92.217.159 - - [13/Jun/2016:09:32:02 +0200] "GET / HTTP/1.1" 200 6704 "https://www.google.de/" "Mozilla/5.0 (Windows NT 6.1; WOW64) AppleWebKit/537.36 (KHTML, like Gecko) Chrome/51.0.2704.84 Safari/537.36"
217.92.217.159 - - [13/Jun/2016:09:32:03 +0200] "GET /css/groeger.css HTTP/1.1" 200 5467 "http://www.groeger-bauaufzuege.de/" "Mozilla/5.0 (Windows NT 6.1; WOW64) AppleWebKit/537.36 (KHTML, like Gecko) Chrome/51.0.2704.84 Safari/537.36"
217.92.217.159 - - [13/Jun/2016:09:32:03 +0200] "GET /swfobject.js HTTP/1.1" 200 6880 "http://www.groeger-bauaufzuege.de/" "Mozilla/5.0 (Windows NT 6.1; WOW64) AppleWebKit/537.36 (KHTML, like Gecko) Chrome/51.0.2704.84 Safari/537.36"
217.92.217.159 - - [13/Jun/2016:09:32:03 +0200] "GET /jquery.cross-slide.js HTTP/1.1" 200 11724 "http://www.groeger-bauaufzuege.de/" "Mozilla/5.0 (Windows NT 6.1; WOW64) AppleWebKit/537.36 (KHTML, like Gecko) Chrome/51.0.2704.84 Safari/537.36"
217.92.217.159 - - [13/Jun/2016:09:32:03 +0200] "GET /fancybox/jquery.fancybox-1.3.4.pack.js HTTP/1.1" 200 15624 "http://www.groeger-bauaufzuege.de/" "Mozilla/5.0 (Windows NT 6.1; WOW64) AppleWebKit/537.36 (KHTML, like Gecko) Chrome/51.0.2704.84 Safari/537.36"
217.92.217.159 - - [13/Jun/2016:09:32:03 +0200] "GET /fancybox/jquery.fancybox-1.3.4.css HTTP/1.1" 200 8494 "http://www.groeger-bauaufzuege.de/" "Mozilla/5.0 (Windows NT 6.1; WOW64) AppleWebKit/537.36 (KHTML, like Gecko) Chrome/51.0.2704.84 Safari/537.36"
217.92.217.159 - - [13/Jun/2016:09:32:03 +0200] "GET /img/logo_groeger.gif HTTP/1.1" 200 3605 "http://www.groeger-bauaufzuege.de/" "Mozilla/5.0 (Windows NT 6.1; WOW64) AppleWebKit/537.36 (KHTML, like Gecko) Chrome/51.0.2704.84 Safari/537.36"
217.92.217.159 - - [13/Jun/2016:09:32:03 +0200] "GET /img/bild_1.jpg HTTP/1.1" 200 34058 "http://www.groeger-bauaufzuege.de/" "Mozilla/5.0 (Windows NT 6.1; WOW64) AppleWebKit/537.36 (KHTML, like Gecko) Chrome/51.0.2704.84 Safari/537.36"
217.92.217.159 - - [13/Jun/2016:09:32:03 +0200] "GET /img/pfeil.png HTTP/1.1" 200 840 "http://www.groeger-bauaufzuege.de/" "Mozilla/5.0 (Windows NT 6.1; WOW64) AppleWebKit/537.36 (KHTML, like Gecko) Chrome/51.0.2704.84 Safari/537.36"
217.92.217.159 - - [13/Jun/2016:09:32:03 +0200] "GET /jquery-1.4.3.min.js HTTP/1.1" 200 77746 "http://www.groeger-bauaufzuege.de/" "Mozilla/5.0 (Windows NT 6.1; WOW64) AppleWebKit/537.36 (KHTML, like Gecko) Chrome/51.0.2704.84 Safari/537.36"
217.92.217.159 - - [13/Jun/2016:09:32:03 +0200] "GET /img/grauverlauf.png HTTP/1.1" 200 3242 "http://www.groeger-bauaufzuege.de/css/groeger.css" "Mozilla/5.0 (Windows NT 6.1; WOW64) AppleWebKit/537.36 (KHTML, like Gecko) Chrome/51.0.2704.84 Safari/537.36"
217.92.217.159 - - [13/Jun/2016:09:32:03 +0200] "GET /img/groeger_web.jpg HTTP/1.1" 200 10877 "http://www.groeger-bauaufzuege.de/css/groeger.css" "Mozilla/5.0 (Windows NT 6.1; WOW64) AppleWebKit/537.36 (KHTML, like Gecko) Chrome/51.0.2704.84 Safari/537.36"
217.92.217.159 - - [13/Jun/2016:09:32:03 +0200] "GET /img/bild_2.jpg HTTP/1.1" 200 37224 "http://www.groeger-bauaufzuege.de/" "Mozilla/5.0 (Windows NT 6.1; WOW64) AppleWebKit/537.36 (KHTML, like Gecko) Chrome/51.0.2704.84 Safari/537.36"
217.92.217.159 - - [13/Jun/2016:09:32:03 +0200] "GET /img/bild_3.jpg HTTP/1.1" 200 38007 "http://www.groeger-bauaufzuege.de/" "Mozilla/5.0 (Windows NT 6.1; WOW64) AppleWebKit/537.36 (KHTML, like Gecko) Chrome/51.0.2704.84 Safari/537.36"
217.92.217.159 - - [13/Jun/2016:09:32:03 +0200] "GET /img/bild_4.jpg HTTP/1.1" 200 31111 "http://www.groeger-bauaufzuege.de/" "Mozilla/5.0 (Windows NT 6.1; WOW64) AppleWebKit/537.36 (KHTML, like Gecko) Chrome/51.0.2704.84 Safari/537.36"
217.92.217.159 - - [13/Jun/2016:09:32:03 +0200] "GET /img/favicon.gif HTTP/1.1" 200 119 "http://www.groeger-bauaufzuege.de/" "Mozilla/5.0 (Windows NT 6.1; WOW64) AppleWebKit/537.36 (KHTML, like Gecko) Chrome/51.0.2704.84 Safari/537.36"
217.92.217.159 - - [13/Jun/2016:09:32:07 +0200] "GET /vermietung.php HTTP/1.1" 200 6527 "http://www.groeger-bauaufzuege.de/" "Mozilla/5.0 (Windows NT 6.1; WOW64) AppleWebKit/537.36 (KHTML, like Gecko) Chrome/51.0.2704.84 Safari/537.36"
217.92.217.159 - - [13/Jun/2016:09:32:07 +0200] "GET /img/logo_boecker.gif HTTP/1.1" 200 2974 "http://www.groeger-bauaufzuege.de/vermietung.php" "Mozilla/5.0 (Windows NT 6.1; WOW64) AppleWebKit/537.36 (KHTML, like Gecko) Chrome/51.0.2704.84 Safari/537.36"
217.92.217.159 - - [13/Jun/2016:09:32:07 +0200] "GET /img/logo_geda.gif HTTP/1.1" 200 4337 "http://www.groeger-bauaufzuege.de/vermietung.php" "Mozilla/5.0 (Windows NT 6.1; WOW64) AppleWebKit/537.36 (KHTML, like Gecko) Chrome/51.0.2704.84 Safari/537.36"
217.92.217.159 - - [13/Jun/2016:09:32:07 +0200] "GET /img/logo_steinbach.jpg HTTP/1.1" 200 9601 "http://www.groeger-bauaufzuege.de/vermietung.php" "Mozilla/5.0 (Windows NT 6.1; WOW64) AppleWebKit/537.36 (KHTML, like Gecko) Chrome/51.0.2704.84 Safari/537.36"
66.249.66.184 - - [13/Jun/2016:09:32:49 +0200] "GET /download/Newsletter_Groeger_11-06_Innung.pdf HTTP/1.1" 304 - "-" "Mozilla/5.0 (compatible; Googlebot/2.1; +http://www.google.com/bot.html)"
217.92.217.159 - - [13/Jun/2016:09:41:19 +0200] "GET /impressum.php HTTP/1.1" 200 8128 "http://www.groeger-bauaufzuege.de/vermietung.php" "Mozilla/5.0 (Windows NT 6.1; WOW64) AppleWebKit/537.36 (KHTML, like Gecko) Chrome/51.0.2704.84 Safari/537.36"
217.92.217.159 - - [13/Jun/2016:09:53:24 +0200] "GET /vermietung.php HTTP/1.1" 200 6527 "http://www.groeger-bauaufzuege.de/impressum.php" "Mozilla/5.0 (Windows NT 6.1; WOW64) AppleWebKit/537.36 (KHTML, like Gecko) Chrome/51.0.2704.84 Safari/537.36"
217.92.217.159 - - [13/Jun/2016:09:53:28 +0200] "GET /gebrauchtmaschinen.php HTTP/1.1" 200 6356 "http://www.groeger-bauaufzuege.de/vermietung.php" "Mozilla/5.0 (Windows NT 6.1; WOW64) AppleWebKit/537.36 (KHTML, like Gecko) Chrome/51.0.2704.84 Safari/537.36"
217.92.217.159 - - [13/Jun/2016:09:53:56 +0200] "GET /impressum.php HTTP/1.1" 200 8128 "http://www.groeger-bauaufzuege.de/gebrauchtmaschinen.php" "Mozilla/5.0 (Windows NT 6.1; WOW64) AppleWebKit/537.36 (KHTML, like Gecko) Chrome/51.0.2704.84 Safari/537.36"
157.55.39.48 - - [13/Jun/2016:10:01:40 +0200] "GET /kontakt.php HTTP/1.1" 200 6954 "-" "Mozilla/5.0 (compatible; bingbot/2.0; +http://www.bing.com/bingbot.htm)"
207.46.13.171 - - [13/Jun/2016:10:01:49 +0200] "GET /robots.txt HTTP/1.1" 404 - "-" "Mozilla/5.0 (compatible; bingbot/2.0; +http://www.bing.com/bingbot.htm)"
192.243.55.134 - - [13/Jun/2016:10:32:23 +0200] "GET /kontakt.php HTTP/1.1" 200 6954 "-" "Mozilla/5.0 (compatible; SemrushBot/1.1~bl; +http://www.semrush.com/bot.html)"
62.245.156.101 - - [13/Jun/2016:10:40:16 +0200] "GET /angebote.php HTTP/1.1" 200 7198 "http://www.google.de/url?sa=t&rct=j&q=&esrc=s&source=web&cd=4&ved=0ahUKEwjG1ayXzaTNAhUE2BoKHSXXCmsQFgguMAM&url=http%3A%2F%2Fwww.groeger-bauaufzuege.de%2Fangebote.php&usg=AFQjCNFJW7Xse8uUtuVCzqwvObwiSf0Ljw" "Mozilla/5.0 (Windows NT 6.3; WOW64; Trident/7.0; rv:11.0) like Gecko"
62.245.156.101 - - [13/Jun/2016:10:40:17 +0200] "GET /css/groeger.css HTTP/1.1" 200 5467 "http://www.groeger-bauaufzuege.de/angebote.php" "Mozilla/5.0 (Windows NT 6.3; WOW64; Trident/7.0; rv:11.0) like Gecko"
62.245.156.101 - - [13/Jun/2016:10:40:17 +0200] "GET /jquery.cross-slide.js HTTP/1.1" 200 11724 "http://www.groeger-bauaufzuege.de/angebote.php" "Mozilla/5.0 (Windows NT 6.3; WOW64; Trident/7.0; rv:11.0) like Gecko"
62.245.156.101 - - [13/Jun/2016:10:40:17 +0200] "GET /fancybox/jquery.fancybox-1.3.4.pack.js HTTP/1.1" 200 15624 "http://www.groeger-bauaufzuege.de/angebote.php" "Mozilla/5.0 (Windows NT 6.3; WOW64; Trident/7.0; rv:11.0) like Gecko"
62.245.156.101 - - [13/Jun/2016:10:40:17 +0200] "GET /img/logo_groeger.gif HTTP/1.1" 200 3605 "http://www.groeger-bauaufzuege.de/angebote.php" "Mozilla/5.0 (Windows NT 6.3; WOW64; Trident/7.0; rv:11.0) like Gecko"
62.245.156.101 - - [13/Jun/2016:10:40:17 +0200] "GET /swfobject.js HTTP/1.1" 200 6880 "http://www.groeger-bauaufzuege.de/angebote.php" "Mozilla/5.0 (Windows NT 6.3; WOW64; Trident/7.0; rv:11.0) like Gecko"
62.245.156.101 - - [13/Jun/2016:10:40:17 +0200] "GET /img/bild_1.jpg HTTP/1.1" 200 34058 "http://www.groeger-bauaufzuege.de/angebote.php" "Mozilla/5.0 (Windows NT 6.3; WOW64; Trident/7.0; rv:11.0) like Gecko"
62.245.156.101 - - [13/Jun/2016:10:40:17 +0200] "GET /fancybox/jquery.fancybox-1.3.4.css HTTP/1.1" 200 8494 "http://www.groeger-bauaufzuege.de/angebote.php" "Mozilla/5.0 (Windows NT 6.3; WOW64; Trident/7.0; rv:11.0) like Gecko"
62.245.156.101 - - [13/Jun/2016:10:40:17 +0200] "GET /jquery-1.4.3.min.js HTTP/1.1" 200 77746 "http://www.groeger-bauaufzuege.de/angebote.php" "Mozilla/5.0 (Windows NT 6.3; WOW64; Trident/7.0; rv:11.0) like Gecko"
62.245.156.101 - - [13/Jun/2016:10:40:17 +0200] "GET /img/bild_2.jpg HTTP/1.1" 200 37224 "http://www.groeger-bauaufzuege.de/angebote.php" "Mozilla/5.0 (Windows NT 6.3; WOW64; Trident/7.0; rv:11.0) like Gecko"
62.245.156.101 - - [13/Jun/2016:10:40:17 +0200] "GET /img/bild_3.jpg HTTP/1.1" 200 38007 "http://www.groeger-bauaufzuege.de/angebote.php" "Mozilla/5.0 (Windows NT 6.3; WOW64; Trident/7.0; rv:11.0) like Gecko"
62.245.156.101 - - [13/Jun/2016:10:40:17 +0200] "GET /img/bild_4.jpg HTTP/1.1" 200 31111 "http://www.groeger-bauaufzuege.de/angebote.php" "Mozilla/5.0 (Windows NT 6.3; WOW64; Trident/7.0; rv:11.0) like Gecko"
62.245.156.101 - - [13/Jun/2016:10:40:17 +0200] "GET /img/favicon.gif HTTP/1.1" 200 119 "-" "Mozilla/5.0 (Windows NT 6.3; WOW64; Trident/7.0; rv:11.0) like Gecko"
62.245.156.101 - - [13/Jun/2016:10:40:17 +0200] "GET /fancybox/blank.gif HTTP/1.1" 200 43 "http://www.groeger-bauaufzuege.de/angebote.php" "Mozilla/5.0 (Windows NT 6.3; WOW64; Trident/7.0; rv:11.0) like Gecko"
62.245.156.101 - - [13/Jun/2016:10:40:17 +0200] "GET /img/grauverlauf.png HTTP/1.1" 200 3242 "http://www.groeger-bauaufzuege.de/angebote.php" "Mozilla/5.0 (Windows NT 6.3; WOW64; Trident/7.0; rv:11.0) like Gecko"
109.45.2.25 - - [13/Jun/2016:10:43:29 +0200] "GET / HTTP/1.1" 200 6704 "https://www.google.de/" "Mozilla/5.0 (Linux; Android 5.0.1; ALE-L21 Build/HuaweiALE-L21) AppleWebKit/537.36 (KHTML, like Gecko) Chrome/51.0.2704.81 Mobile Safari/537.36"
109.45.2.25 - - [13/Jun/2016:10:43:29 +0200] "GET /css/groeger.css HTTP/1.1" 200 5467 "http://www.groeger-bauaufzuege.de/" "Mozilla/5.0 (Linux; Android 5.0.1; ALE-L21 Build/HuaweiALE-L21) AppleWebKit/537.36 (KHTML, like Gecko) Chrome/51.0.2704.81 Mobile Safari/537.36"
109.45.2.25 - - [13/Jun/2016:10:43:29 +0200] "GET /fancybox/jquery.fancybox-1.3.4.css HTTP/1.1" 200 8494 "http://www.groeger-bauaufzuege.de/" "Mozilla/5.0 (Linux; Android 5.0.1; ALE-L21 Build/HuaweiALE-L21) AppleWebKit/537.36 (KHTML, like Gecko) Chrome/51.0.2704.81 Mobile Safari/537.36"
109.45.2.25 - - [13/Jun/2016:10:43:29 +0200] "GET /swfobject.js HTTP/1.1" 200 6880 "http://www.groeger-bauaufzuege.de/" "Mozilla/5.0 (Linux; Android 5.0.1; ALE-L21 Build/HuaweiALE-L21) AppleWebKit/537.36 (KHTML, like Gecko) Chrome/51.0.2704.81 Mobile Safari/537.36"
109.45.2.25 - - [13/Jun/2016:10:43:29 +0200] "GET /jquery.cross-slide.js HTTP/1.1" 200 11724 "http://www.groeger-bauaufzuege.de/" "Mozilla/5.0 (Linux; Android 5.0.1; ALE-L21 Build/HuaweiALE-L21) AppleWebKit/537.36 (KHTML, like Gecko) Chrome/51.0.2704.81 Mobile Safari/537.36"
109.45.2.25 - - [13/Jun/2016:10:43:29 +0200] "GET /fancybox/jquery.fancybox-1.3.4.pack.js HTTP/1.1" 200 15624 "http://www.groeger-bauaufzuege.de/" "Mozilla/5.0 (Linux; Android 5.0.1; ALE-L21 Build/HuaweiALE-L21) AppleWebKit/537.36 (KHTML, like Gecko) Chrome/51.0.2704.81 Mobile Safari/537.36"
109.45.2.25 - - [13/Jun/2016:10:43:29 +0200] "GET /img/logo_groeger.gif HTTP/1.1" 200 3605 "http://www.groeger-bauaufzuege.de/" "Mozilla/5.0 (Linux; Android 5.0.1; ALE-L21 Build/HuaweiALE-L21) AppleWebKit/537.36 (KHTML, like Gecko) Chrome/51.0.2704.81 Mobile Safari/537.36"
109.45.2.25 - - [13/Jun/2016:10:43:29 +0200] "GET /jquery-1.4.3.min.js HTTP/1.1" 200 77746 "http://www.groeger-bauaufzuege.de/" "Mozilla/5.0 (Linux; Android 5.0.1; ALE-L21 Build/HuaweiALE-L21) AppleWebKit/537.36 (KHTML, like Gecko) Chrome/51.0.2704.81 Mobile Safari/537.36"
109.45.2.25 - - [13/Jun/2016:10:43:30 +0200] "GET /img/bild_1.jpg HTTP/1.1" 200 34058 "http://www.groeger-bauaufzuege.de/" "Mozilla/5.0 (Linux; Android 5.0.1; ALE-L21 Build/HuaweiALE-L21) AppleWebKit/537.36 (KHTML, like Gecko) Chrome/51.0.2704.81 Mobile Safari/537.36"
109.45.2.25 - - [13/Jun/2016:10:43:30 +0200] "GET /img/pfeil.png HTTP/1.1" 200 840 "http://www.groeger-bauaufzuege.de/" "Mozilla/5.0 (Linux; Android 5.0.1; ALE-L21 Build/HuaweiALE-L21) AppleWebKit/537.36 (KHTML, like Gecko) Chrome/51.0.2704.81 Mobile Safari/537.36"
109.45.2.25 - - [13/Jun/2016:10:43:30 +0200] "GET /img/grauverlauf.png HTTP/1.1" 200 3242 "http://www.groeger-bauaufzuege.de/css/groeger.css" "Mozilla/5.0 (Linux; Android 5.0.1; ALE-L21 Build/HuaweiALE-L21) AppleWebKit/537.36 (KHTML, like Gecko) Chrome/51.0.2704.81 Mobile Safari/537.36"
109.45.2.25 - - [13/Jun/2016:10:43:30 +0200] "GET /img/groeger_web.jpg HTTP/1.1" 200 10877 "http://www.groeger-bauaufzuege.de/css/groeger.css" "Mozilla/5.0 (Linux; Android 5.0.1; ALE-L21 Build/HuaweiALE-L21) AppleWebKit/537.36 (KHTML, like Gecko) Chrome/51.0.2704.81 Mobile Safari/537.36"
109.45.2.25 - - [13/Jun/2016:10:43:30 +0200] "GET /img/bild_1.jpg HTTP/1.1" 200 34058 "http://www.groeger-bauaufzuege.de/" "Mozilla/5.0 (Linux; Android 5.0.1; ALE-L21 Build/HuaweiALE-L21) AppleWebKit/537.36 (KHTML, like Gecko) Chrome/51.0.2704.81 Mobile Safari/537.36"
109.45.2.25 - - [13/Jun/2016:10:43:30 +0200] "GET /img/bild_4.jpg HTTP/1.1" 200 31111 "http://www.groeger-bauaufzuege.de/" "Mozilla/5.0 (Linux; Android 5.0.1; ALE-L21 Build/HuaweiALE-L21) AppleWebKit/537.36 (KHTML, like Gecko) Chrome/51.0.2704.81 Mobile Safari/537.36"
109.45.2.25 - - [13/Jun/2016:10:43:30 +0200] "GET /img/bild_2.jpg HTTP/1.1" 200 37224 "http://www.groeger-bauaufzuege.de/" "Mozilla/5.0 (Linux; Android 5.0.1; ALE-L21 Build/HuaweiALE-L21) AppleWebKit/537.36 (KHTML, like Gecko) Chrome/51.0.2704.81 Mobile Safari/537.36"
109.45.2.25 - - [13/Jun/2016:10:43:30 +0200] "GET /img/bild_3.jpg HTTP/1.1" 200 38007 "http://www.groeger-bauaufzuege.de/" "Mozilla/5.0 (Linux; Android 5.0.1; ALE-L21 Build/HuaweiALE-L21) AppleWebKit/537.36 (KHTML, like Gecko) Chrome/51.0.2704.81 Mobile Safari/537.36"
109.45.2.25 - - [13/Jun/2016:10:43:30 +0200] "GET /img/favicon.gif HTTP/1.1" 200 119 "http://www.groeger-bauaufzuege.de/" "Mozilla/5.0 (Linux; Android 5.0.1; ALE-L21 Build/HuaweiALE-L21) AppleWebKit/537.36 (KHTML, like Gecko) Chrome/51.0.2704.81 Mobile Safari/537.36"
109.45.2.25 - - [13/Jun/2016:10:43:39 +0200] "GET /unternehmen.php HTTP/1.1" 200 7208 "http://www.groeger-bauaufzuege.de/" "Mozilla/5.0 (Linux; Android 5.0.1; ALE-L21 Build/HuaweiALE-L21) AppleWebKit/537.36 (KHTML, like Gecko) Chrome/51.0.2704.81 Mobile Safari/537.36"
109.45.2.25 - - [13/Jun/2016:10:43:41 +0200] "GET /kontakt.php HTTP/1.1" 200 6954 "http://www.groeger-bauaufzuege.de/unternehmen.php" "Mozilla/5.0 (Linux; Android 5.0.1; ALE-L21 Build/HuaweiALE-L21) AppleWebKit/537.36 (KHTML, like Gecko) Chrome/51.0.2704.81 Mobile Safari/537.36"
80.187.97.163 - - [13/Jun/2016:10:46:24 +0200] "GET / HTTP/1.1" 200 6704 "http://branchenbuch.meinestadt.de/panketal/company/11849686" "Mozilla/5.0 (Linux; Android 6.0.1; SM-G920F Build/MMB29K) AppleWebKit/537.36 (KHTML, like Gecko) Chrome/51.0.2704.81 Mobile Safari/537.36"
80.187.97.163 - - [13/Jun/2016:10:46:24 +0200] "GET /css/groeger.css HTTP/1.1" 200 5467 "http://www.groeger-bauaufzuege.de/" "Mozilla/5.0 (Linux; Android 6.0.1; SM-G920F Build/MMB29K) AppleWebKit/537.36 (KHTML, like Gecko) Chrome/51.0.2704.81 Mobile Safari/537.36"
80.187.97.163 - - [13/Jun/2016:10:46:24 +0200] "GET /fancybox/jquery.fancybox-1.3.4.css HTTP/1.1" 200 8494 "http://www.groeger-bauaufzuege.de/" "Mozilla/5.0 (Linux; Android 6.0.1; SM-G920F Build/MMB29K) AppleWebKit/537.36 (KHTML, like Gecko) Chrome/51.0.2704.81 Mobile Safari/537.36"
80.187.97.163 - - [13/Jun/2016:10:46:24 +0200] "GET /swfobject.js HTTP/1.1" 200 6880 "http://www.groeger-bauaufzuege.de/" "Mozilla/5.0 (Linux; Android 6.0.1; SM-G920F Build/MMB29K) AppleWebKit/537.36 (KHTML, like Gecko) Chrome/51.0.2704.81 Mobile Safari/537.36"
80.187.97.163 - - [13/Jun/2016:10:46:24 +0200] "GET /jquery.cross-slide.js HTTP/1.1" 200 11724 "http://www.groeger-bauaufzuege.de/" "Mozilla/5.0 (Linux; Android 6.0.1; SM-G920F Build/MMB29K) AppleWebKit/537.36 (KHTML, like Gecko) Chrome/51.0.2704.81 Mobile Safari/537.36"
80.187.97.163 - - [13/Jun/2016:10:46:24 +0200] "GET /fancybox/jquery.fancybox-1.3.4.pack.js HTTP/1.1" 200 15624 "http://www.groeger-bauaufzuege.de/" "Mozilla/5.0 (Linux; Android 6.0.1; SM-G920F Build/MMB29K) AppleWebKit/537.36 (KHTML, like Gecko) Chrome/51.0.2704.81 Mobile Safari/537.36"
80.187.97.163 - - [13/Jun/2016:10:46:24 +0200] "GET /img/logo_groeger.gif HTTP/1.1" 200 3605 "http://www.groeger-bauaufzuege.de/" "Mozilla/5.0 (Linux; Android 6.0.1; SM-G920F Build/MMB29K) AppleWebKit/537.36 (KHTML, like Gecko) Chrome/51.0.2704.81 Mobile Safari/537.36"
80.187.97.163 - - [13/Jun/2016:10:46:24 +0200] "GET /jquery-1.4.3.min.js HTTP/1.1" 200 77746 "http://www.groeger-bauaufzuege.de/" "Mozilla/5.0 (Linux; Android 6.0.1; SM-G920F Build/MMB29K) AppleWebKit/537.36 (KHTML, like Gecko) Chrome/51.0.2704.81 Mobile Safari/537.36"
