109.45.2.188 - - [09/Jun/2016:13:05:58 +0200] "GET /impressum.php HTTP/1.1" 200 8128 "http://www.groeger-bauaufzuege.de/leistungen.php" "Mozilla/5.0 (Linux; Android 6.0.1; D6603 Build/23.5.A.0.575) AppleWebKit/537.36 (KHTML, like Gecko) Chrome/51.0.2704.81 Mobile Safari/537.36"
157.55.39.88 - - [09/Jun/2016:13:39:33 +0200] "GET / HTTP/1.1" 200 6704 "-" "Mozilla/5.0 (compatible; bingbot/2.0; +http://www.bing.com/bingbot.htm)"
66.249.79.136 - - [09/Jun/2016:14:04:35 +0200] "GET /css/groeger.css HTTP/1.1" 200 5467 "-" "Mozilla/5.0 (compatible; Googlebot/2.1; +http://www.google.com/bot.html)"
66.249.79.143 - - [09/Jun/2016:14:04:36 +0200] "GET /fancybox/jquery.fancybox-1.3.4.pack.js HTTP/1.1" 200 15624 "-" "Mozilla/5.0 (compatible; Googlebot/2.1; +http://www.google.com/bot.html)"
66.249.79.128 - - [09/Jun/2016:14:04:36 +0200] "GET /jquery.cross-slide.js HTTP/1.1" 200 11724 "-" "Mozilla/5.0 (compatible; Googlebot/2.1; +http://www.google.com/bot.html)"
66.249.79.143 - - [09/Jun/2016:14:04:37 +0200] "GET /jquery-1.4.3.min.js HTTP/1.1" 200 77746 "-" "Mozilla/5.0 (compatible; Googlebot/2.1; +http://www.google.com/bot.html)"
66.249.79.128 - - [09/Jun/2016:14:04:37 +0200] "GET /swfobject.js HTTP/1.1" 200 6880 "-" "Mozilla/5.0 (compatible; Googlebot/2.1; +http://www.google.com/bot.html)"
157.55.39.88 - - [09/Jun/2016:14:12:26 +0200] "GET /download/Lift_D.pdf HTTP/1.1" 200 1053695 "-" "Mozilla/5.0 (compatible; bingbot/2.0; +http://www.bing.com/bingbot.htm)"
70.39.157.193 - - [09/Jun/2016:15:14:59 +0200] "GET / HTTP/1.1" 200 6704 "-" "Mozilla/5.0 (compatible; MSIE 9.0; Windows NT 6.1; WOW64; Trident/5.0)"
138.201.59.34 - - [09/Jun/2016:15:26:13 +0200] "GET /robots.txt HTTP/1.0" 404 - "-" "Mozilla/5.0 (compatible; SEOkicks-Robot; +http://www.seokicks.de/robot.html)"
138.201.59.34 - - [09/Jun/2016:15:26:14 +0200] "GET / HTTP/1.0" 200 6704 "-" "Mozilla/5.0 (compatible; SEOkicks-Robot; +http://www.seokicks.de/robot.html)"
138.201.59.34 - - [09/Jun/2016:15:26:16 +0200] "GET /css/groeger.css HTTP/1.0" 200 5467 "http://www.groeger-bauaufzuege.de/" "Mozilla/5.0 (compatible; SEOkicks-Robot; +http://www.seokicks.de/robot.html)"
138.201.59.34 - - [09/Jun/2016:15:26:19 +0200] "GET /swfobject.js HTTP/1.0" 200 6880 "http://www.groeger-bauaufzuege.de/" "Mozilla/5.0 (compatible; SEOkicks-Robot; +http://www.seokicks.de/robot.html)"
138.201.59.34 - - [09/Jun/2016:15:26:20 +0200] "GET /jquery-1.4.3.min.js HTTP/1.0" 200 77746 "http://www.groeger-bauaufzuege.de/" "Mozilla/5.0 (compatible; SEOkicks-Robot; +http://www.seokicks.de/robot.html)"
138.201.59.34 - - [09/Jun/2016:15:26:21 +0200] "GET /jquery.cross-slide.js HTTP/1.0" 200 11724 "http://www.groeger-bauaufzuege.de/" "Mozilla/5.0 (compatible; SEOkicks-Robot; +http://www.seokicks.de/robot.html)"
138.201.59.34 - - [09/Jun/2016:15:26:23 +0200] "GET /fancybox/jquery.fancybox-1.3.4.pack.js HTTP/1.0" 200 15624 "http://www.groeger-bauaufzuege.de/" "Mozilla/5.0 (compatible; SEOkicks-Robot; +http://www.seokicks.de/robot.html)"
138.201.59.34 - - [09/Jun/2016:15:26:25 +0200] "GET /fancybox/jquery.fancybox-1.3.4.css HTTP/1.0" 200 8494 "http://www.groeger-bauaufzuege.de/" "Mozilla/5.0 (compatible; SEOkicks-Robot; +http://www.seokicks.de/robot.html)"
138.201.59.34 - - [09/Jun/2016:15:26:26 +0200] "GET /index.php HTTP/1.0" 200 6704 "http://www.groeger-bauaufzuege.de/" "Mozilla/5.0 (compatible; SEOkicks-Robot; +http://www.seokicks.de/robot.html)"
70.39.157.195 - - [09/Jun/2016:15:30:55 +0200] "GET / HTTP/1.1" 200 6704 "-" "Mozilla/5.0 (compatible; MSIE 9.0; Windows NT 6.1; WOW64; Trident/5.0)"
180.76.15.136 - - [09/Jun/2016:17:04:22 +0200] "GET / HTTP/1.1" 200 6704 "-" "Mozilla/5.0 (compatible; Baiduspider/2.0; +http://www.baidu.com/search/spider.html)"
180.76.15.142 - - [09/Jun/2016:17:37:51 +0200] "GET /download/Newsletter_Groeger_2013-06.pdf HTTP/1.1" 200 531601 "-" "Mozilla/5.0 (compatible; Baiduspider/2.0; +http://www.baidu.com/search/spider.html)"
62.210.162.209 - - [09/Jun/2016:17:43:32 +0200] "GET /assets/plugins/jquery-file-upload/index.html HTTP/1.1" 404 - "http://www.groeger-bauaufzuege.de/assets/plugins/jquery-file-upload/index.html" "Mozilla/5.0 (Windows NT 6.1; WOW64) AppleWebKit/537.36 (KHTML, like Gecko) Chrome/42.0.2311.152 Safari/537.36"
180.97.221.32 - - [09/Jun/2016:18:02:40 +0200] "GET /news/html/?0'union/**/select/**/1/**/from/**/(select/**/count(*),concat(floor(rand(0)*2),0x3a,(select/**/concat(user,0x3a,password)/**/from/**/pwn_base_admin/**/limit/**/0,1),0x3a)a/**/from/**/information_schema.tables/**/group/**/by/**/a)b/**/where'1'='1.html HTTP/1.1" 404 - "-" "Mozilla/5.0 (compatible; MSIE 9.0; Windows NT 6.1; WOW64; Trident/5.0)"
192.243.55.135 - - [09/Jun/2016:18:06:09 +0200] "GET /kontakt.php HTTP/1.1" 200 6954 "-" "Mozilla/5.0 (compatible; SemrushBot/1.1~bl; +http://www.semrush.com/bot.html)"
80.187.113.164 - - [09/Jun/2016:18:27:27 +0200] "GET / HTTP/1.1" 200 6704 "http://www.google.de/url?sa=t&rct=j&q=&esrc=s&source=web&cd=15&ved=0ahUKEwjd_o6lrpvNAhWFWhQKHfWgC3sQFgh9MA4&url=http%3A%2F%2Fwww.groeger-bauaufzuege.de%2F&usg=AFQjCNFBXgtaJQ5GEULKJBrc_pmJTjvlmQ" "Mozilla/5.0 (Windows NT 6.1; WOW64; Trident/7.0; rv:11.0) like Gecko"
80.187.113.164 - - [09/Jun/2016:18:27:28 +0200] "GET /css/groeger.css HTTP/1.1" 200 5467 "http://www.groeger-bauaufzuege.de/" "Mozilla/5.0 (Windows NT 6.1; WOW64; Trident/7.0; rv:11.0) like Gecko"
80.187.113.164 - - [09/Jun/2016:18:27:28 +0200] "GET /swfobject.js HTTP/1.1" 200 6880 "http://www.groeger-bauaufzuege.de/" "Mozilla/5.0 (Windows NT 6.1; WOW64; Trident/7.0; rv:11.0) like Gecko"
80.187.113.164 - - [09/Jun/2016:18:27:28 +0200] "GET /img/logo_groeger.gif HTTP/1.1" 200 3605 "http://www.groeger-bauaufzuege.de/" "Mozilla/5.0 (Windows NT 6.1; WOW64; Trident/7.0; rv:11.0) like Gecko"
80.187.113.164 - - [09/Jun/2016:18:27:28 +0200] "GET /fancybox/jquery.fancybox-1.3.4.pack.js HTTP/1.1" 200 15624 "http://www.groeger-bauaufzuege.de/" "Mozilla/5.0 (Windows NT 6.1; WOW64; Trident/7.0; rv:11.0) like Gecko"
80.187.113.164 - - [09/Jun/2016:18:27:28 +0200] "GET /jquery.cross-slide.js HTTP/1.1" 200 11724 "http://www.groeger-bauaufzuege.de/" "Mozilla/5.0 (Windows NT 6.1; WOW64; Trident/7.0; rv:11.0) like Gecko"
80.187.113.164 - - [09/Jun/2016:18:27:28 +0200] "GET /fancybox/jquery.fancybox-1.3.4.css HTTP/1.1" 200 8494 "http://www.groeger-bauaufzuege.de/" "Mozilla/5.0 (Windows NT 6.1; WOW64; Trident/7.0; rv:11.0) like Gecko"
80.187.113.164 - - [09/Jun/2016:18:27:28 +0200] "GET /img/pfeil.png HTTP/1.1" 200 840 "http://www.groeger-bauaufzuege.de/" "Mozilla/5.0 (Windows NT 6.1; WOW64; Trident/7.0; rv:11.0) like Gecko"
80.187.113.164 - - [09/Jun/2016:18:27:28 +0200] "GET /img/bild_1.jpg HTTP/1.1" 200 34058 "http://www.groeger-bauaufzuege.de/" "Mozilla/5.0 (Windows NT 6.1; WOW64; Trident/7.0; rv:11.0) like Gecko"
80.187.113.164 - - [09/Jun/2016:18:27:28 +0200] "GET /jquery-1.4.3.min.js HTTP/1.1" 200 77746 "http://www.groeger-bauaufzuege.de/" "Mozilla/5.0 (Windows NT 6.1; WOW64; Trident/7.0; rv:11.0) like Gecko"
80.187.113.164 - - [09/Jun/2016:18:27:28 +0200] "GET /img/groeger_web.jpg HTTP/1.1" 200 10877 "http://www.groeger-bauaufzuege.de/" "Mozilla/5.0 (Windows NT 6.1; WOW64; Trident/7.0; rv:11.0) like Gecko"
80.187.113.164 - - [09/Jun/2016:18:27:28 +0200] "GET /img/bild_2.jpg HTTP/1.1" 200 37224 "http://www.groeger-bauaufzuege.de/" "Mozilla/5.0 (Windows NT 6.1; WOW64; Trident/7.0; rv:11.0) like Gecko"
80.187.113.164 - - [09/Jun/2016:18:27:28 +0200] "GET /img/bild_4.jpg HTTP/1.1" 200 31111 "http://www.groeger-bauaufzuege.de/" "Mozilla/5.0 (Windows NT 6.1; WOW64; Trident/7.0; rv:11.0) like Gecko"
80.187.113.164 - - [09/Jun/2016:18:27:28 +0200] "GET /img/grauverlauf.png HTTP/1.1" 200 3242 "http://www.groeger-bauaufzuege.de/" "Mozilla/5.0 (Windows NT 6.1; WOW64; Trident/7.0; rv:11.0) like Gecko"
80.187.113.164 - - [09/Jun/2016:18:27:28 +0200] "GET /fancybox/blank.gif HTTP/1.1" 200 43 "http://www.groeger-bauaufzuege.de/" "Mozilla/5.0 (Windows NT 6.1; WOW64; Trident/7.0; rv:11.0) like Gecko"
80.187.113.164 - - [09/Jun/2016:18:27:28 +0200] "GET /img/bild_3.jpg HTTP/1.1" 200 38007 "http://www.groeger-bauaufzuege.de/" "Mozilla/5.0 (Windows NT 6.1; WOW64; Trident/7.0; rv:11.0) like Gecko"
80.187.113.164 - - [09/Jun/2016:18:27:28 +0200] "GET /img/favicon.gif HTTP/1.1" 200 119 "-" "Mozilla/5.0 (Windows NT 6.1; WOW64; Trident/7.0; rv:11.0) like Gecko"
80.187.113.164 - - [09/Jun/2016:18:27:31 +0200] "GET /verkauf.php HTTP/1.1" 200 6662 "http://www.groeger-bauaufzuege.de/" "Mozilla/5.0 (Windows NT 6.1; WOW64; Trident/7.0; rv:11.0) like Gecko"
80.187.113.164 - - [09/Jun/2016:18:27:31 +0200] "GET /img/logo_wfw.png HTTP/1.1" 200 2671 "http://www.groeger-bauaufzuege.de/verkauf.php" "Mozilla/5.0 (Windows NT 6.1; WOW64; Trident/7.0; rv:11.0) like Gecko"
80.187.113.164 - - [09/Jun/2016:18:27:31 +0200] "GET /img/logo_steinbach.jpg HTTP/1.1" 200 9601 "http://www.groeger-bauaufzuege.de/verkauf.php" "Mozilla/5.0 (Windows NT 6.1; WOW64; Trident/7.0; rv:11.0) like Gecko"
80.187.113.164 - - [09/Jun/2016:18:27:31 +0200] "GET /img/logo_geda.gif HTTP/1.1" 200 4337 "http://www.groeger-bauaufzuege.de/verkauf.php" "Mozilla/5.0 (Windows NT 6.1; WOW64; Trident/7.0; rv:11.0) like Gecko"
80.187.113.164 - - [09/Jun/2016:18:27:31 +0200] "GET /img/logo_boecker.gif HTTP/1.1" 200 2974 "http://www.groeger-bauaufzuege.de/verkauf.php" "Mozilla/5.0 (Windows NT 6.1; WOW64; Trident/7.0; rv:11.0) like Gecko"
192.243.55.138 - - [09/Jun/2016:18:36:43 +0200] "GET /img/IMG_3777_800px_sw.jpg HTTP/1.1" 200 202388 "-" "Mozilla/5.0 (compatible; SemrushBot/1.1~bl; +http://www.semrush.com/bot.html)"
157.55.39.88 - - [09/Jun/2016:18:47:53 +0200] "GET / HTTP/1.1" 200 6704 "-" "Mozilla/5.0 (compatible; bingbot/2.0; +http://www.bing.com/bingbot.htm)"
192.243.55.135 - - [09/Jun/2016:18:58:40 +0200] "GET /gebrauchtmaschinen.php HTTP/1.1" 200 6356 "-" "Mozilla/5.0 (compatible; SemrushBot/1.1~bl; +http://www.semrush.com/bot.html)"
66.249.79.136 - - [09/Jun/2016:19:09:05 +0200] "GET /robots.txt HTTP/1.1" 404 - "-" "Mozilla/5.0 (compatible; Googlebot/2.1; +http://www.google.com/bot.html)"
66.249.79.128 - - [09/Jun/2016:19:09:05 +0200] "GET / HTTP/1.1" 200 6704 "-" "DoCoMo/2.0 N905i(c100;TB;W24H16) (compatible; Googlebot-Mobile/2.1; +http://www.google.com/bot.html)"
180.76.15.150 - - [09/Jun/2016:19:10:46 +0200] "GET /angebote.php HTTP/1.1" 200 7198 "-" "Mozilla/5.0 (compatible; Baiduspider/2.0; +http://www.baidu.com/search/spider.html)"
192.243.55.129 - - [09/Jun/2016:19:16:46 +0200] "GET /verkauf.php HTTP/1.1" 200 6662 "-" "Mozilla/5.0 (compatible; SemrushBot/1.1~bl; +http://www.semrush.com/bot.html)"
192.243.55.135 - - [09/Jun/2016:19:28:58 +0200] "GET /img/boecker_junior-hd18.jpg HTTP/1.1" 200 14822 "-" "Mozilla/5.0 (compatible; SemrushBot/1.1~bl; +http://www.semrush.com/bot.html)"
142.4.211.228 - - [09/Jun/2016:21:24:25 +0200] "GET / HTTP/1.1" 200 6704 "-" "Mozilla/5.0 (Macintosh; Intel Mac OS X 10_10; rv:33.0) Gecko/20100101 Firefox/33.0"
123.125.71.83 - - [09/Jun/2016:21:27:04 +0200] "GET /link/20130401 HTTP/1.1" 302 - "-" "Mozilla/5.0 (compatible; Baiduspider/2.0; +http://www.baidu.com/search/spider.html)"
123.125.71.79 - - [09/Jun/2016:21:27:05 +0200] "GET /download/Boecker_Angebot_AHK_Easyline.pdf HTTP/1.1" 200 454854 "-" "Mozilla/5.0 (compatible; Baiduspider/2.0; +http://www.baidu.com/search/spider.html)"
69.30.198.242 - - [09/Jun/2016:21:53:41 +0200] "GET /robots.txt HTTP/1.0" 404 - "-" "Mozilla/5.0 (compatible; MJ12bot/v1.4.5; http://www.majestic12.co.uk/bot.php?+)"
69.30.198.242 - - [09/Jun/2016:21:53:43 +0200] "GET /aktuelles.php HTTP/1.0" 200 6694 "-" "Mozilla/5.0 (compatible; MJ12bot/v1.4.5; http://www.majestic12.co.uk/bot.php?+)"
69.30.198.242 - - [09/Jun/2016:21:53:44 +0200] "GET /angebote.php HTTP/1.0" 200 7198 "-" "Mozilla/5.0 (compatible; MJ12bot/v1.4.5; http://www.majestic12.co.uk/bot.php?+)"
69.30.198.242 - - [09/Jun/2016:21:53:47 +0200] "GET /gebrauchtmaschinen.php HTTP/1.0" 200 6356 "-" "Mozilla/5.0 (compatible; MJ12bot/v1.4.5; http://www.majestic12.co.uk/bot.php?+)"
66.249.79.128 - - [09/Jun/2016:22:53:55 +0200] "GET /download/Newsletter_Groeger_2012-06.pdf HTTP/1.1" 200 309498 "-" "Mozilla/5.0 (compatible; Googlebot/2.1; +http://www.google.com/bot.html)"
95.128.200.200 - - [09/Jun/2016:23:32:11 +0200] "GET / HTTP/1.1" 200 6704 "-" "Mozilla/5.0 (Windows NT 6.3; WOW64; rv:46.0) Gecko/20100101 Firefox/46.0"
95.128.200.200 - - [09/Jun/2016:23:32:11 +0200] "GET / HTTP/1.1" 200 6704 "-" "Mozilla/5.0 (Windows NT 6.3; WOW64; rv:46.0) Gecko/20100101 Firefox/46.0"
157.55.39.88 - - [10/Jun/2016:00:18:46 +0200] "GET /impressum.php HTTP/1.1" 200 8128 "-" "Mozilla/5.0 (compatible; bingbot/2.0; +http://www.bing.com/bingbot.htm)"
66.249.79.136 - - [10/Jun/2016:01:54:00 +0200] "GET /img/bild_4.jpg HTTP/1.1" 304 - "-" "Googlebot-Image/1.0"
207.46.13.174 - - [10/Jun/2016:02:02:46 +0200] "GET /aktuelles.php HTTP/1.1" 200 6694 "-" "Mozilla/5.0 (compatible; bingbot/2.0; +http://www.bing.com/bingbot.htm)"
207.46.13.174 - - [10/Jun/2016:02:15:35 +0200] "GET /download/Newsletter_Groeger_2012-11.pdf HTTP/1.1" 200 527614 "-" "Mozilla/5.0 (compatible; bingbot/2.0; +http://www.bing.com/bingbot.htm)"
78.158.11.226 - - [10/Jun/2016:03:16:29 +0200] "GET / HTTP/1.0" 200 6704 "http://www.google.com/url?sa=t&rct=j&q=www.groeger-bauaufzuege.de&source=web&cd=5&ved=0CF0QFjAE&url=http:%2F%2Fwww.groeger-bauaufzuege.de%2F&cad=rja" "Lynx/2.8.5rel.1 libwww-FM/2.15FC SSL-MM/1.4.1c OpenSSL/0.9.7e-dev"
78.158.11.226 - - [10/Jun/2016:03:16:29 +0200] "GET /./kontakt.php HTTP/1.0" 200 6954 "http://www.groeger-bauaufzuege.de/" "Lynx/2.8.5rel.1 libwww-FM/2.15FC SSL-MM/1.4.1c OpenSSL/0.9.7e-dev"
78.158.11.226 - - [10/Jun/2016:03:16:30 +0200] "GET /./gebrauchtmaschinen.php HTTP/1.0" 200 6356 "http://www.groeger-bauaufzuege.de/" "Lynx/2.8.5rel.1 libwww-FM/2.15FC SSL-MM/1.4.1c OpenSSL/0.9.7e-dev"
208.115.113.89 - - [10/Jun/2016:03:27:58 +0200] "GET /robots.txt HTTP/1.1" 404 - "-" "Mozilla/5.0 (compatible; DotBot/1.1; http://www.opensiteexplorer.org/dotbot, help@moz.com)"
173.234.159.250 - - [10/Jun/2016:03:33:31 +0200] "GET /robots.txt HTTP/1.0" 404 - "-" "Mozilla/5.0 (compatible; MJ12bot/v1.4.5; http://www.majestic12.co.uk/bot.php?+)"
173.234.159.250 - - [10/Jun/2016:03:33:33 +0200] "GET /aktuelles.php HTTP/1.0" 200 6694 "-" "Mozilla/5.0 (compatible; MJ12bot/v1.4.5; http://www.majestic12.co.uk/bot.php?+)"
173.234.159.250 - - [10/Jun/2016:03:33:35 +0200] "GET /angebote.php HTTP/1.0" 200 7198 "-" "Mozilla/5.0 (compatible; MJ12bot/v1.4.5; http://www.majestic12.co.uk/bot.php?+)"
173.234.159.250 - - [10/Jun/2016:03:33:41 +0200] "GET /verkauf.php HTTP/1.0" 200 6662 "-" "Mozilla/5.0 (compatible; MJ12bot/v1.4.5; http://www.majestic12.co.uk/bot.php?+)"
46.235.201.48 - - [10/Jun/2016:04:02:30 +0200] "GET / HTTP/1.1" 200 6704 "-" "Mozilla/5.0 (Windows NT 6.3; WOW64; rv:46.0) Gecko/20100101 Firefox/46.0"
148.251.54.44 - - [10/Jun/2016:04:14:24 +0200] "GET /link/20130604 HTTP/1.1" 302 - "-" "Mozilla/5.0 (Macintosh; Intel Mac OS X 10_5_8) AppleWebKit/534.50.2 (KHTML, like Gecko) Version/5.0.6 Safari/533.22.3"
148.251.54.44 - - [10/Jun/2016:04:14:25 +0200] "GET /download/Boecker_Autokrane.pdf HTTP/1.1" 200 1994740 "http://www.groeger-bauaufzuege.de/link/20130604" "Mozilla/5.0 (Macintosh; Intel Mac OS X 10_5_8) AppleWebKit/534.50.2 (KHTML, like Gecko) Version/5.0.6 Safari/533.22.3"
208.115.113.89 - - [10/Jun/2016:04:32:08 +0200] "GET /aktuelles.php HTTP/1.1" 200 6694 "-" "Mozilla/5.0 (compatible; DotBot/1.1; http://www.opensiteexplorer.org/dotbot, help@moz.com)"
69.30.211.2 - - [10/Jun/2016:05:06:09 +0200] "GET /robots.txt HTTP/1.0" 404 - "-" "Mozilla/5.0 (compatible; MJ12bot/v1.4.5; http://www.majestic12.co.uk/bot.php?+)"
69.30.211.2 - - [10/Jun/2016:05:06:11 +0200] "GET /leistungen.php HTTP/1.0" 200 9023 "-" "Mozilla/5.0 (compatible; MJ12bot/v1.4.5; http://www.majestic12.co.uk/bot.php?+)"
69.30.211.2 - - [10/Jun/2016:05:06:13 +0200] "GET /unternehmen.php HTTP/1.0" 200 7208 "-" "Mozilla/5.0 (compatible; MJ12bot/v1.4.5; http://www.majestic12.co.uk/bot.php?+)"
69.30.211.2 - - [10/Jun/2016:05:06:16 +0200] "GET /verkauf.php HTTP/1.0" 200 6662 "-" "Mozilla/5.0 (compatible; MJ12bot/v1.4.5; http://www.majestic12.co.uk/bot.php?+)"
157.55.39.94 - - [10/Jun/2016:07:11:08 +0200] "GET /unternehmen.php HTTP/1.1" 200 7208 "-" "Mozilla/5.0 (compatible; bingbot/2.0; +http://www.bing.com/bingbot.htm)"
157.55.39.19 - - [10/Jun/2016:07:27:24 +0200] "GET / HTTP/1.1" 200 6704 "-" "Mozilla/5.0 (compatible; bingbot/2.0; +http://www.bing.com/bingbot.htm)"
157.55.39.19 - - [10/Jun/2016:07:32:55 +0200] "GET /robots.txt HTTP/1.1" 404 - "-" "Mozilla/5.0 (compatible; bingbot/2.0; +http://www.bing.com/bingbot.htm)"
157.55.39.19 - - [10/Jun/2016:07:33:10 +0200] "GET /kontakt.php HTTP/1.1" 200 6954 "-" "Mozilla/5.0 (compatible; bingbot/2.0; +http://www.bing.com/bingbot.htm)"
207.46.13.174 - - [10/Jun/2016:07:33:31 +0200] "GET /fancybox/jquery.fancybox-1.3.4.pack.js HTTP/1.1" 200 15624 "-" "Mozilla/5.0 (compatible; bingbot/2.0; +http://www.bing.com/bingbot.htm)"
207.46.13.174 - - [10/Jun/2016:07:33:31 +0200] "GET /jquery-1.4.3.min.js HTTP/1.1" 200 77746 "-" "Mozilla/5.0 (compatible; bingbot/2.0; +http://www.bing.com/bingbot.htm)"
207.46.13.174 - - [10/Jun/2016:07:33:32 +0200] "GET /jquery.cross-slide.js HTTP/1.1" 200 11724 "-" "Mozilla/5.0 (compatible; bingbot/2.0; +http://www.bing.com/bingbot.htm)"
157.55.39.19 - - [10/Jun/2016:07:33:57 +0200] "GET /css/groeger.css HTTP/1.1" 200 5467 "-" "Mozilla/5.0 (compatible; bingbot/2.0; +http://www.bing.com/bingbot.htm)"
157.55.39.19 - - [10/Jun/2016:07:33:58 +0200] "GET /img/logo_groeger.gif HTTP/1.1" 200 3605 "-" "Mozilla/5.0 (compatible; bingbot/2.0; +http://www.bing.com/bingbot.htm)"
194.187.168.193 - - [10/Jun/2016:08:12:08 +0200] "GET /robots.txt HTTP/1.0" 404 - "-" "Mozilla/5.0 (compatible; Qwantify/2.2w; +https://www.qwant.com/)/*"
194.187.168.193 - - [10/Jun/2016:08:12:08 +0200] "GET /index.php HTTP/1.0" 200 6704 "-" "Mozilla/5.0 (compatible; Qwantify/2.2w; +https://www.qwant.com/)/*"
66.249.79.136 - - [10/Jun/2016:08:19:03 +0200] "GET /robots.txt HTTP/1.1" 404 - "-" "Mozilla/5.0 (compatible; Googlebot/2.1; +http://www.google.com/bot.html)"
66.249.79.143 - - [10/Jun/2016:08:19:03 +0200] "GET / HTTP/1.1" 200 6704 "-" "Mozilla/5.0 (compatible; Googlebot/2.1; +http://www.google.com/bot.html)"
194.187.168.193 - - [10/Jun/2016:08:19:11 +0200] "GET /verkauf.php HTTP/1.0" 200 6662 "-" "Mozilla/5.0 (compatible; Qwantify/2.2w; +https://www.qwant.com/)/*"
199.30.24.82 - - [10/Jun/2016:08:34:28 +0200] "GET /swfobject.js HTTP/1.1" 200 6880 "http://www.groeger-bauaufzuege.de/kontakt.php" "Mozilla/5.0 (Windows NT 6.1; WOW64) AppleWebKit/534+ (KHTML, like Gecko) BingPreview/1.0b"
199.30.24.82 - - [10/Jun/2016:08:34:29 +0200] "GET /fancybox/jquery.fancybox-1.3.4.css HTTP/1.1" 200 8494 "http://www.groeger-bauaufzuege.de/kontakt.php" "Mozilla/5.0 (Windows NT 6.1; WOW64) AppleWebKit/534+ (KHTML, like Gecko) BingPreview/1.0b"
199.30.24.82 - - [10/Jun/2016:08:34:29 +0200] "GET /img/bild_1.jpg HTTP/1.1" 200 34058 "http://www.groeger-bauaufzuege.de/kontakt.php" "Mozilla/5.0 (Windows NT 6.1; WOW64) AppleWebKit/534+ (KHTML, like Gecko) BingPreview/1.0b"
199.30.24.82 - - [10/Jun/2016:08:34:30 +0200] "GET /img/bild_2.jpg HTTP/1.1" 200 37224 "http://www.groeger-bauaufzuege.de/kontakt.php" "Mozilla/5.0 (Windows NT 6.1; WOW64) AppleWebKit/534+ (KHTML, like Gecko) BingPreview/1.0b"
199.30.24.82 - - [10/Jun/2016:08:34:30 +0200] "GET /img/grauverlauf.png HTTP/1.1" 200 3242 "http://www.groeger-bauaufzuege.de/kontakt.php" "Mozilla/5.0 (Windows NT 6.1; WOW64) AppleWebKit/534+ (KHTML, like Gecko) BingPreview/1.0b"
199.30.24.82 - - [10/Jun/2016:08:34:30 +0200] "GET /img/bild_3.jpg HTTP/1.1" 200 38007 "http://www.groeger-bauaufzuege.de/kontakt.php" "Mozilla/5.0 (Windows NT 6.1; WOW64) AppleWebKit/534+ (KHTML, like Gecko) BingPreview/1.0b"
199.30.24.82 - - [10/Jun/2016:08:34:30 +0200] "GET /img/bild_4.jpg HTTP/1.1" 200 31111 "http://www.groeger-bauaufzuege.de/kontakt.php" "Mozilla/5.0 (Windows NT 6.1; WOW64) AppleWebKit/534+ (KHTML, like Gecko) BingPreview/1.0b"
94.79.137.114 - - [10/Jun/2016:09:01:51 +0200] "GET / HTTP/1.1" 200 6704 "https://www.google.de/" "Mozilla/5.0 (Windows NT 6.1; WOW64) AppleWebKit/537.36 (KHTML, like Gecko) Chrome/50.0.2661.102 Safari/537.36"
94.79.137.114 - - [10/Jun/2016:09:01:51 +0200] "GET /css/groeger.css HTTP/1.1" 200 5467 "http://www.groeger-bauaufzuege.de/" "Mozilla/5.0 (Windows NT 6.1; WOW64) AppleWebKit/537.36 (KHTML, like Gecko) Chrome/50.0.2661.102 Safari/537.36"
94.79.137.114 - - [10/Jun/2016:09:01:51 +0200] "GET /swfobject.js HTTP/1.1" 200 6880 "http://www.groeger-bauaufzuege.de/" "Mozilla/5.0 (Windows NT 6.1; WOW64) AppleWebKit/537.36 (KHTML, like Gecko) Chrome/50.0.2661.102 Safari/537.36"
94.79.137.114 - - [10/Jun/2016:09:01:51 +0200] "GET /jquery.cross-slide.js HTTP/1.1" 200 11724 "http://www.groeger-bauaufzuege.de/" "Mozilla/5.0 (Windows NT 6.1; WOW64) AppleWebKit/537.36 (KHTML, like Gecko) Chrome/50.0.2661.102 Safari/537.36"
94.79.137.114 - - [10/Jun/2016:09:01:51 +0200] "GET /fancybox/jquery.fancybox-1.3.4.pack.js HTTP/1.1" 200 15624 "http://www.groeger-bauaufzuege.de/" "Mozilla/5.0 (Windows NT 6.1; WOW64) AppleWebKit/537.36 (KHTML, like Gecko) Chrome/50.0.2661.102 Safari/537.36"
94.79.137.114 - - [10/Jun/2016:09:01:51 +0200] "GET /fancybox/jquery.fancybox-1.3.4.css HTTP/1.1" 200 8494 "http://www.groeger-bauaufzuege.de/" "Mozilla/5.0 (Windows NT 6.1; WOW64) AppleWebKit/537.36 (KHTML, like Gecko) Chrome/50.0.2661.102 Safari/537.36"
94.79.137.114 - - [10/Jun/2016:09:01:51 +0200] "GET /img/logo_groeger.gif HTTP/1.1" 200 3605 "http://www.groeger-bauaufzuege.de/" "Mozilla/5.0 (Windows NT 6.1; WOW64) AppleWebKit/537.36 (KHTML, like Gecko) Chrome/50.0.2661.102 Safari/537.36"
94.79.137.114 - - [10/Jun/2016:09:01:51 +0200] "GET /img/bild_1.jpg HTTP/1.1" 200 34058 "http://www.groeger-bauaufzuege.de/" "Mozilla/5.0 (Windows NT 6.1; WOW64) AppleWebKit/537.36 (KHTML, like Gecko) Chrome/50.0.2661.102 Safari/537.36"
94.79.137.114 - - [10/Jun/2016:09:01:51 +0200] "GET /img/pfeil.png HTTP/1.1" 200 840 "http://www.groeger-bauaufzuege.de/" "Mozilla/5.0 (Windows NT 6.1; WOW64) AppleWebKit/537.36 (KHTML, like Gecko) Chrome/50.0.2661.102 Safari/537.36"
94.79.137.114 - - [10/Jun/2016:09:01:51 +0200] "GET /jquery-1.4.3.min.js HTTP/1.1" 200 77746 "http://www.groeger-bauaufzuege.de/" "Mozilla/5.0 (Windows NT 6.1; WOW64) AppleWebKit/537.36 (KHTML, like Gecko) Chrome/50.0.2661.102 Safari/537.36"
94.79.137.114 - - [10/Jun/2016:09:01:52 +0200] "GET /img/grauverlauf.png HTTP/1.1" 200 3242 "http://www.groeger-bauaufzuege.de/css/groeger.css" "Mozilla/5.0 (Windows NT 6.1; WOW64) AppleWebKit/537.36 (KHTML, like Gecko) Chrome/50.0.2661.102 Safari/537.36"
94.79.137.114 - - [10/Jun/2016:09:01:52 +0200] "GET /img/groeger_web.jpg HTTP/1.1" 200 10877 "http://www.groeger-bauaufzuege.de/css/groeger.css" "Mozilla/5.0 (Windows NT 6.1; WOW64) AppleWebKit/537.36 (KHTML, like Gecko) Chrome/50.0.2661.102 Safari/537.36"
94.79.137.114 - - [10/Jun/2016:09:01:52 +0200] "GET /img/bild_2.jpg HTTP/1.1" 200 37224 "http://www.groeger-bauaufzuege.de/" "Mozilla/5.0 (Windows NT 6.1; WOW64) AppleWebKit/537.36 (KHTML, like Gecko) Chrome/50.0.2661.102 Safari/537.36"
94.79.137.114 - - [10/Jun/2016:09:01:52 +0200] "GET /img/bild_3.jpg HTTP/1.1" 200 38007 "http://www.groeger-bauaufzuege.de/" "Mozilla/5.0 (Windows NT 6.1; WOW64) AppleWebKit/537.36 (KHTML, like Gecko) Chrome/50.0.2661.102 Safari/537.36"
94.79.137.114 - - [10/Jun/2016:09:01:52 +0200] "GET /img/bild_4.jpg HTTP/1.1" 200 31111 "http://www.groeger-bauaufzuege.de/" "Mozilla/5.0 (Windows NT 6.1; WOW64) AppleWebKit/537.36 (KHTML, like Gecko) Chrome/50.0.2661.102 Safari/537.36"
94.79.137.114 - - [10/Jun/2016:09:01:52 +0200] "GET /img/favicon.gif HTTP/1.1" 200 119 "http://www.groeger-bauaufzuege.de/" "Mozilla/5.0 (Windows NT 6.1; WOW64) AppleWebKit/537.36 (KHTML, like Gecko) Chrome/50.0.2661.102 Safari/537.36"
144.76.7.107 - - [10/Jun/2016:10:20:07 +0200] "GET /robots.txt HTTP/1.0" 404 - "-" "Mozilla/5.0 (compatible; MJ12bot/v1.4.5; http://www.majestic12.co.uk/bot.php?+)"
144.76.7.107 - - [10/Jun/2016:10:20:08 +0200] "GET /index.php HTTP/1.0" 200 6704 "-" "Mozilla/5.0 (compatible; MJ12bot/v1.4.5; http://www.majestic12.co.uk/bot.php?+)"
77.20.175.110 - - [10/Jun/2016:10:28:07 +0200] "GET / HTTP/1.1" 200 6704 "https://www.google.de" "Mozilla/5.0 (Windows NT 6.1; WOW64; rv:46.0) Gecko/20100101 Firefox/46.0"
77.20.175.110 - - [10/Jun/2016:10:28:07 +0200] "GET /css/groeger.css HTTP/1.1" 200 5467 "http://www.groeger-bauaufzuege.de/" "Mozilla/5.0 (Windows NT 6.1; WOW64; rv:46.0) Gecko/20100101 Firefox/46.0"
77.20.175.110 - - [10/Jun/2016:10:28:07 +0200] "GET /swfobject.js HTTP/1.1" 200 6880 "http://www.groeger-bauaufzuege.de/" "Mozilla/5.0 (Windows NT 6.1; WOW64; rv:46.0) Gecko/20100101 Firefox/46.0"
77.20.175.110 - - [10/Jun/2016:10:28:07 +0200] "GET /jquery.cross-slide.js HTTP/1.1" 200 11724 "http://www.groeger-bauaufzuege.de/" "Mozilla/5.0 (Windows NT 6.1; WOW64; rv:46.0) Gecko/20100101 Firefox/46.0"
77.20.175.110 - - [10/Jun/2016:10:28:07 +0200] "GET /fancybox/jquery.fancybox-1.3.4.pack.js HTTP/1.1" 200 15624 "http://www.groeger-bauaufzuege.de/" "Mozilla/5.0 (Windows NT 6.1; WOW64; rv:46.0) Gecko/20100101 Firefox/46.0"
77.20.175.110 - - [10/Jun/2016:10:28:07 +0200] "GET /fancybox/jquery.fancybox-1.3.4.css HTTP/1.1" 200 8494 "http://www.groeger-bauaufzuege.de/" "Mozilla/5.0 (Windows NT 6.1; WOW64; rv:46.0) Gecko/20100101 Firefox/46.0"
77.20.175.110 - - [10/Jun/2016:10:28:07 +0200] "GET /img/favicon.gif HTTP/1.1" 200 119 "-" "Mozilla/5.0 (Windows NT 6.1; WOW64; rv:46.0) Gecko/20100101 Firefox/46.0"
77.20.175.110 - - [10/Jun/2016:10:28:07 +0200] "GET /jquery-1.4.3.min.js HTTP/1.1" 200 77746 "http://www.groeger-bauaufzuege.de/" "Mozilla/5.0 (Windows NT 6.1; WOW64; rv:46.0) Gecko/20100101 Firefox/46.0"
77.20.175.110 - - [10/Jun/2016:10:28:08 +0200] "GET /img/bild_1.jpg HTTP/1.1" 200 34058 "http://www.groeger-bauaufzuege.de/" "Mozilla/5.0 (Windows NT 6.1; WOW64; rv:46.0) Gecko/20100101 Firefox/46.0"
77.20.175.110 - - [10/Jun/2016:10:28:08 +0200] "GET /img/logo_groeger.gif HTTP/1.1" 200 3605 "http://www.groeger-bauaufzuege.de/" "Mozilla/5.0 (Windows NT 6.1; WOW64; rv:46.0) Gecko/20100101 Firefox/46.0"
77.20.175.110 - - [10/Jun/2016:10:28:08 +0200] "GET /img/pfeil.png HTTP/1.1" 200 840 "http://www.groeger-bauaufzuege.de/" "Mozilla/5.0 (Windows NT 6.1; WOW64; rv:46.0) Gecko/20100101 Firefox/46.0"
77.20.175.110 - - [10/Jun/2016:10:28:09 +0200] "GET /img/grauverlauf.png HTTP/1.1" 200 3242 "http://www.groeger-bauaufzuege.de/css/groeger.css" "Mozilla/5.0 (Windows NT 6.1; WOW64; rv:46.0) Gecko/20100101 Firefox/46.0"
77.20.175.110 - - [10/Jun/2016:10:28:09 +0200] "GET /img/groeger_web.jpg HTTP/1.1" 200 10877 "http://www.groeger-bauaufzuege.de/css/groeger.css" "Mozilla/5.0 (Windows NT 6.1; WOW64; rv:46.0) Gecko/20100101 Firefox/46.0"
77.20.175.110 - - [10/Jun/2016:10:28:09 +0200] "GET /img/bild_4.jpg HTTP/1.1" 200 31111 "http://www.groeger-bauaufzuege.de/" "Mozilla/5.0 (Windows NT 6.1; WOW64; rv:46.0) Gecko/20100101 Firefox/46.0"
77.20.175.110 - - [10/Jun/2016:10:28:09 +0200] "GET /img/bild_3.jpg HTTP/1.1" 200 38007 "http://www.groeger-bauaufzuege.de/" "Mozilla/5.0 (Windows NT 6.1; WOW64; rv:46.0) Gecko/20100101 Firefox/46.0"
77.20.175.110 - - [10/Jun/2016:10:28:09 +0200] "GET /img/bild_2.jpg HTTP/1.1" 200 37224 "http://www.groeger-bauaufzuege.de/" "Mozilla/5.0 (Windows NT 6.1; WOW64; rv:46.0) Gecko/20100101 Firefox/46.0"
77.20.175.110 - - [10/Jun/2016:10:34:48 +0200] "GET /verkauf.php HTTP/1.1" 200 6662 "http://www.groeger-bauaufzuege.de/" "Mozilla/5.0 (Windows NT 6.1; WOW64; rv:46.0) Gecko/20100101 Firefox/46.0"
77.20.175.110 - - [10/Jun/2016:10:34:49 +0200] "GET /img/logo_geda.gif HTTP/1.1" 200 4337 "http://www.groeger-bauaufzuege.de/verkauf.php" "Mozilla/5.0 (Windows NT 6.1; WOW64; rv:46.0) Gecko/20100101 Firefox/46.0"
77.20.175.110 - - [10/Jun/2016:10:34:49 +0200] "GET /img/logo_boecker.gif HTTP/1.1" 200 2974 "http://www.groeger-bauaufzuege.de/verkauf.php" "Mozilla/5.0 (Windows NT 6.1; WOW64; rv:46.0) Gecko/20100101 Firefox/46.0"
77.20.175.110 - - [10/Jun/2016:10:34:49 +0200] "GET /img/logo_wfw.png HTTP/1.1" 200 2671 "http://www.groeger-bauaufzuege.de/verkauf.php" "Mozilla/5.0 (Windows NT 6.1; WOW64; rv:46.0) Gecko/20100101 Firefox/46.0"
77.20.175.110 - - [10/Jun/2016:10:34:49 +0200] "GET /img/logo_steinbach.jpg HTTP/1.1" 200 9601 "http://www.groeger-bauaufzuege.de/verkauf.php" "Mozilla/5.0 (Windows NT 6.1; WOW64; rv:46.0) Gecko/20100101 Firefox/46.0"
88.198.16.153 - - [10/Jun/2016:10:36:38 +0200] "GET /robots.txt HTTP/1.0" 404 - "-" "Mozilla/5.0 (compatible; MJ12bot/v1.4.5; http://www.majestic12.co.uk/bot.php?+)"
88.198.16.153 - - [10/Jun/2016:10:36:40 +0200] "GET / HTTP/1.0" 200 6704 "-" "Mozilla/5.0 (compatible; MJ12bot/v1.4.5; http://www.majestic12.co.uk/bot.php?+)"
207.46.13.174 - - [10/Jun/2016:10:40:43 +0200] "GET /download/boecker_auf_achse_2011.pdf HTTP/1.1" 200 1766601 "-" "Mozilla/5.0 (compatible; bingbot/2.0; +http://www.bing.com/bingbot.htm)"
91.121.211.59 - - [10/Jun/2016:10:45:44 +0200] "GET /robots.txt HTTP/1.0" 404 - "-" "Mozilla/5.0 (compatible; MJ12bot/v1.4.5; http://www.majestic12.co.uk/bot.php?+)"
91.121.211.59 - - [10/Jun/2016:10:45:45 +0200] "GET /kontakt.php HTTP/1.0" 200 6954 "-" "Mozilla/5.0 (compatible; MJ12bot/v1.4.5; http://www.majestic12.co.uk/bot.php?+)"
91.121.211.59 - - [10/Jun/2016:10:45:46 +0200] "GET /unternehmen.php HTTP/1.0" 200 7208 "-" "Mozilla/5.0 (compatible; MJ12bot/v1.4.5; http://www.majestic12.co.uk/bot.php?+)"
66.249.79.128 - - [10/Jun/2016:10:54:03 +0200] "GET / HTTP/1.1" 200 6704 "-" "Mozilla/5.0 (Linux; Android 6.0.1; Nexus 5X Build/MMB29P) AppleWebKit/537.36 (KHTML, like Gecko) Chrome/41.0.2272.96 Mobile Safari/537.36 (compatible; Googlebot/2.1; +http://www.google.com/bot.html)"
62.210.75.243 - - [10/Jun/2016:11:07:43 +0200] "GET / HTTP/1.1" 200 6704 "-" "Mozilla/5.0 (X11; Linux x86_64) AppleWebKit/537.36 (KHTML, like Gecko) Chrome/28.0.1500.71 Safari/537.36"
62.210.75.243 - - [10/Jun/2016:11:07:44 +0200] "GET /swfobject.js HTTP/1.1" 200 6880 "http://www.groeger-bauaufzuege.de/" "Mozilla/5.0 (X11; Linux x86_64) AppleWebKit/537.36 (KHTML, like Gecko) Chrome/28.0.1500.71 Safari/537.36"
62.210.75.243 - - [10/Jun/2016:11:07:44 +0200] "GET /jquery.cross-slide.js HTTP/1.1" 200 11724 "http://www.groeger-bauaufzuege.de/" "Mozilla/5.0 (X11; Linux x86_64) AppleWebKit/537.36 (KHTML, like Gecko) Chrome/28.0.1500.71 Safari/537.36"
62.210.75.243 - - [10/Jun/2016:11:07:44 +0200] "GET /fancybox/jquery.fancybox-1.3.4.pack.js HTTP/1.1" 200 15624 "http://www.groeger-bauaufzuege.de/" "Mozilla/5.0 (X11; Linux x86_64) AppleWebKit/537.36 (KHTML, like Gecko) Chrome/28.0.1500.71 Safari/537.36"
62.210.75.243 - - [10/Jun/2016:11:07:44 +0200] "GET /jquery-1.4.3.min.js HTTP/1.1" 200 77746 "http://www.groeger-bauaufzuege.de/" "Mozilla/5.0 (X11; Linux x86_64) AppleWebKit/537.36 (KHTML, like Gecko) Chrome/28.0.1500.71 Safari/537.36"
107.170.55.169 - - [10/Jun/2016:11:19:55 +0200] "GET / HTTP/1.1" 200 6704 "-" "Mozilla/5.0 (compatible; spbot/5.0.2; +http://OpenLinkProfiler.org/bot )"
107.170.55.169 - - [10/Jun/2016:11:19:57 +0200] "GET /index.php HTTP/1.1" 200 6704 "http://www.groeger-bauaufzuege.de/" "Mozilla/5.0 (compatible; spbot/5.0.2; +http://OpenLinkProfiler.org/bot )"
107.170.55.169 - - [10/Jun/2016:11:20:00 +0200] "GET /kontakt.php HTTP/1.1" 200 6954 "http://www.groeger-bauaufzuege.de/" "Mozilla/5.0 (compatible; spbot/5.0.2; +http://OpenLinkProfiler.org/bot )"
104.250.226.116 - - [10/Jun/2016:11:20:01 +0200] "GET / HTTP/1.1" 200 6704 "-" "Mozilla/5.0 (X11; Linux x86_64) AppleWebKit/537.36 (KHTML, like Gecko) Chrome/28.0.1500.71 Safari/537.36"
107.170.55.169 - - [10/Jun/2016:11:20:06 +0200] "GET /verkauf.php HTTP/1.1" 200 6662 "http://www.groeger-bauaufzuege.de/" "Mozilla/5.0 (compatible; spbot/5.0.2; +http://OpenLinkProfiler.org/bot )"
107.170.55.169 - - [10/Jun/2016:11:20:10 +0200] "GET /angebote.php HTTP/1.1" 200 7198 "http://www.groeger-bauaufzuege.de/" "Mozilla/5.0 (compatible; spbot/5.0.2; +http://OpenLinkProfiler.org/bot )"
107.170.55.169 - - [10/Jun/2016:11:20:16 +0200] "GET /impressum.php HTTP/1.1" 200 8128 "http://www.groeger-bauaufzuege.de/" "Mozilla/5.0 (compatible; spbot/5.0.2; +http://OpenLinkProfiler.org/bot )"
107.170.55.169 - - [10/Jun/2016:11:20:20 +0200] "GET /aktuelles.php HTTP/1.1" 200 6694 "http://www.groeger-bauaufzuege.de/" "Mozilla/5.0 (compatible; spbot/5.0.2; +http://OpenLinkProfiler.org/bot )"
107.170.55.169 - - [10/Jun/2016:11:20:24 +0200] "GET /leistungen.php HTTP/1.1" 200 9023 "http://www.groeger-bauaufzuege.de/" "Mozilla/5.0 (compatible; spbot/5.0.2; +http://OpenLinkProfiler.org/bot )"
107.170.55.169 - - [10/Jun/2016:11:20:30 +0200] "GET /vermietung.php HTTP/1.1" 200 6527 "http://www.groeger-bauaufzuege.de/" "Mozilla/5.0 (compatible; spbot/5.0.2; +http://OpenLinkProfiler.org/bot )"
107.170.55.169 - - [10/Jun/2016:11:20:35 +0200] "GET /unternehmen.php HTTP/1.1" 200 7208 "http://www.groeger-bauaufzuege.de/" "Mozilla/5.0 (compatible; spbot/5.0.2; +http://OpenLinkProfiler.org/bot )"
107.170.55.169 - - [10/Jun/2016:11:20:40 +0200] "GET /aktuelles_alt.php HTTP/1.1" 200 13541 "http://www.groeger-bauaufzuege.de/aktuelles.php" "Mozilla/5.0 (compatible; spbot/5.0.2; +http://OpenLinkProfiler.org/bot )"
107.170.55.169 - - [10/Jun/2016:11:20:45 +0200] "GET /gebrauchtmaschinen.php HTTP/1.1" 200 6356 "http://www.groeger-bauaufzuege.de/" "Mozilla/5.0 (compatible; spbot/5.0.2; +http://OpenLinkProfiler.org/bot )"
80.157.168.156 - - [10/Jun/2016:11:49:38 +0200] "GET / HTTP/1.1" 200 6704 "-" "Mozilla/5.0 (Linux; Android 5.0.1; SAMSUNG GT-I9505 Build/LRX22C) AppleWebKit/537.36 (KHTML, like Gecko) SamsungBrowser/4.0 Chrome/44.0.2403.133 Mobile Safari/537.36"
80.157.168.156 - - [10/Jun/2016:11:49:38 +0200] "GET /css/groeger.css HTTP/1.1" 200 5467 "http://www.groeger-bauaufzuege.de/" "Mozilla/5.0 (Linux; Android 5.0.1; SAMSUNG GT-I9505 Build/LRX22C) AppleWebKit/537.36 (KHTML, like Gecko) SamsungBrowser/4.0 Chrome/44.0.2403.133 Mobile Safari/537.36"
80.157.168.156 - - [10/Jun/2016:11:49:38 +0200] "GET /swfobject.js HTTP/1.1" 200 6880 "http://www.groeger-bauaufzuege.de/" "Mozilla/5.0 (Linux; Android 5.0.1; SAMSUNG GT-I9505 Build/LRX22C) AppleWebKit/537.36 (KHTML, like Gecko) SamsungBrowser/4.0 Chrome/44.0.2403.133 Mobile Safari/537.36"
80.157.168.156 - - [10/Jun/2016:11:49:39 +0200] "GET /fancybox/jquery.fancybox-1.3.4.css HTTP/1.1" 200 8494 "http://www.groeger-bauaufzuege.de/" "Mozilla/5.0 (Linux; Android 5.0.1; SAMSUNG GT-I9505 Build/LRX22C) AppleWebKit/537.36 (KHTML, like Gecko) SamsungBrowser/4.0 Chrome/44.0.2403.133 Mobile Safari/537.36"
80.157.168.156 - - [10/Jun/2016:11:49:39 +0200] "GET /jquery.cross-slide.js HTTP/1.1" 200 11724 "http://www.groeger-bauaufzuege.de/" "Mozilla/5.0 (Linux; Android 5.0.1; SAMSUNG GT-I9505 Build/LRX22C) AppleWebKit/537.36 (KHTML, like Gecko) SamsungBrowser/4.0 Chrome/44.0.2403.133 Mobile Safari/537.36"
80.157.168.156 - - [10/Jun/2016:11:49:39 +0200] "GET /fancybox/jquery.fancybox-1.3.4.pack.js HTTP/1.1" 200 15624 "http://www.groeger-bauaufzuege.de/" "Mozilla/5.0 (Linux; Android 5.0.1; SAMSUNG GT-I9505 Build/LRX22C) AppleWebKit/537.36 (KHTML, like Gecko) SamsungBrowser/4.0 Chrome/44.0.2403.133 Mobile Safari/537.36"
80.157.168.156 - - [10/Jun/2016:11:49:39 +0200] "GET /img/logo_groeger.gif HTTP/1.1" 200 3605 "http://www.groeger-bauaufzuege.de/" "Mozilla/5.0 (Linux; Android 5.0.1; SAMSUNG GT-I9505 Build/LRX22C) AppleWebKit/537.36 (KHTML, like Gecko) SamsungBrowser/4.0 Chrome/44.0.2403.133 Mobile Safari/537.36"
80.157.168.156 - - [10/Jun/2016:11:49:39 +0200] "GET /img/bild_1.jpg HTTP/1.1" 200 34058 "http://www.groeger-bauaufzuege.de/" "Mozilla/5.0 (Linux; Android 5.0.1; SAMSUNG GT-I9505 Build/LRX22C) AppleWebKit/537.36 (KHTML, like Gecko) SamsungBrowser/4.0 Chrome/44.0.2403.133 Mobile Safari/537.36"
80.157.168.156 - - [10/Jun/2016:11:49:39 +0200] "GET /jquery-1.4.3.min.js HTTP/1.1" 200 77746 "http://www.groeger-bauaufzuege.de/" "Mozilla/5.0 (Linux; Android 5.0.1; SAMSUNG GT-I9505 Build/LRX22C) AppleWebKit/537.36 (KHTML, like Gecko) SamsungBrowser/4.0 Chrome/44.0.2403.133 Mobile Safari/537.36"
80.157.168.156 - - [10/Jun/2016:11:49:39 +0200] "GET /img/pfeil.png HTTP/1.1" 200 840 "http://www.groeger-bauaufzuege.de/" "Mozilla/5.0 (Linux; Android 5.0.1; SAMSUNG GT-I9505 Build/LRX22C) AppleWebKit/537.36 (KHTML, like Gecko) SamsungBrowser/4.0 Chrome/44.0.2403.133 Mobile Safari/537.36"
80.157.168.156 - - [10/Jun/2016:11:49:39 +0200] "GET /img/groeger_web.jpg HTTP/1.1" 200 10877 "http://www.groeger-bauaufzuege.de/css/groeger.css" "Mozilla/5.0 (Linux; Android 5.0.1; SAMSUNG GT-I9505 Build/LRX22C) AppleWebKit/537.36 (KHTML, like Gecko) SamsungBrowser/4.0 Chrome/44.0.2403.133 Mobile Safari/537.36"
80.157.168.156 - - [10/Jun/2016:11:49:39 +0200] "GET /img/grauverlauf.png HTTP/1.1" 200 3242 "http://www.groeger-bauaufzuege.de/css/groeger.css" "Mozilla/5.0 (Linux; Android 5.0.1; SAMSUNG GT-I9505 Build/LRX22C) AppleWebKit/537.36 (KHTML, like Gecko) SamsungBrowser/4.0 Chrome/44.0.2403.133 Mobile Safari/537.36"
80.157.168.156 - - [10/Jun/2016:11:49:39 +0200] "GET /img/bild_2.jpg HTTP/1.1" 200 37224 "http://www.groeger-bauaufzuege.de/" "Mozilla/5.0 (Linux; Android 5.0.1; SAMSUNG GT-I9505 Build/LRX22C) AppleWebKit/537.36 (KHTML, like Gecko) SamsungBrowser/4.0 Chrome/44.0.2403.133 Mobile Safari/537.36"
80.157.168.156 - - [10/Jun/2016:11:49:39 +0200] "GET /img/bild_3.jpg HTTP/1.1" 200 38007 "http://www.groeger-bauaufzuege.de/" "Mozilla/5.0 (Linux; Android 5.0.1; SAMSUNG GT-I9505 Build/LRX22C) AppleWebKit/537.36 (KHTML, like Gecko) SamsungBrowser/4.0 Chrome/44.0.2403.133 Mobile Safari/537.36"
80.157.168.156 - - [10/Jun/2016:11:49:39 +0200] "GET /img/bild_4.jpg HTTP/1.1" 200 31111 "http://www.groeger-bauaufzuege.de/" "Mozilla/5.0 (Linux; Android 5.0.1; SAMSUNG GT-I9505 Build/LRX22C) AppleWebKit/537.36 (KHTML, like Gecko) SamsungBrowser/4.0 Chrome/44.0.2403.133 Mobile Safari/537.36"
80.157.168.156 - - [10/Jun/2016:11:49:40 +0200] "GET /img/favicon.gif HTTP/1.1" 200 119 "http://www.groeger-bauaufzuege.de/" "Mozilla/5.0 (Linux; Android 5.0.1; SAMSUNG GT-I9505 Build/LRX22C) AppleWebKit/537.36 (KHTML, like Gecko) SamsungBrowser/4.0 Chrome/44.0.2403.133 Mobile Safari/537.36"
80.157.168.156 - - [10/Jun/2016:11:49:51 +0200] "GET /kontakt.php HTTP/1.1" 200 6954 "http://www.groeger-bauaufzuege.de/" "Mozilla/5.0 (Linux; Android 5.0.1; SAMSUNG GT-I9505 Build/LRX22C) AppleWebKit/537.36 (KHTML, like Gecko) SamsungBrowser/4.0 Chrome/44.0.2403.133 Mobile Safari/537.36"
66.249.79.128 - - [10/Jun/2016:12:16:46 +0200] "GET / HTTP/1.1" 200 6704 "-" "Mozilla/5.0 (compatible; Googlebot/2.1; +http://www.google.com/bot.html)"
66.249.79.143 - - [10/Jun/2016:15:03:08 +0200] "GET / HTTP/1.1" 200 6704 "-" "SAMSUNG-SGH-E250/1.0 Profile/MIDP-2.0 Configuration/CLDC-1.1 UP.Browser/6.2.3.3.c.1.101 (GUI) MMP/2.0 (compatible; Googlebot-Mobile/2.1; +http://www.google.com/bot.html)"
157.55.39.19 - - [10/Jun/2016:15:20:45 +0200] "GET /download/Lift_D.pdf HTTP/1.1" 200 1053695 "-" "Mozilla/5.0 (iPhone; CPU iPhone OS 7_0 like Mac OS X) AppleWebKit/537.51.1 (KHTML, like Gecko) Version/7.0 Mobile/11A465 Safari/9537.53 (compatible; bingbot/2.0; +http://www.bing.com/bingbot.htm)"
66.249.66.187 - - [10/Jun/2016:15:40:46 +0200] "GET /img/1.DeutscheGeruestbaumesse-1.jpg HTTP/1.1" 200 313146 "-" "Googlebot-Image/1.0"
66.249.79.128 - - [10/Jun/2016:15:42:32 +0200] "GET /css/groeger.css HTTP/1.1" 200 5467 "http://www.groeger-bauaufzuege.de/" "Mozilla/5.0 (compatible; Googlebot/2.1; +http://www.google.com/bot.html)"
66.249.79.128 - - [10/Jun/2016:15:42:32 +0200] "GET /fancybox/jquery.fancybox-1.3.4.css HTTP/1.1" 200 8494 "http://www.groeger-bauaufzuege.de/" "Mozilla/5.0 (compatible; Googlebot/2.1; +http://www.google.com/bot.html)"
66.249.66.187 - - [10/Jun/2016:15:50:14 +0200] "GET /img/1.DeutscheGeruestbaumesse-4.jpg HTTP/1.1" 200 406513 "-" "Googlebot-Image/1.0"
66.249.66.184 - - [10/Jun/2016:15:51:33 +0200] "GET /img/1.DeutscheGeruestbaumesse-2.jpg HTTP/1.1" 200 334747 "-" "Googlebot-Image/1.0"
66.249.66.187 - - [10/Jun/2016:16:05:35 +0200] "GET /img/Geda_500_ZZP_im_Einsatz.jpg HTTP/1.1" 200 53268 "-" "Googlebot-Image/1.0"
5.255.251.7 - - [10/Jun/2016:16:08:08 +0200] "GET /robots.txt HTTP/1.1" 404 - "-" "Mozilla/5.0 (compatible; YandexBot/3.0; +http://yandex.com/bots)"
5.255.251.7 - - [10/Jun/2016:16:08:10 +0200] "GET /img/bild_1.jpg HTTP/1.1" 304 - "-" "Mozilla/5.0 (compatible; YandexImages/3.0; +http://yandex.com/bots)"
66.249.66.187 - - [10/Jun/2016:16:11:11 +0200] "GET /img/boecker_junior_im_einsatz.jpg HTTP/1.1" 200 76241 "-" "Googlebot-Image/1.0"
88.122.183.65 - - [10/Jun/2016:16:49:26 +0200] "GET /favicon.ico HTTP/1.1" 404 - "http://www.groeger-bauaufzuege.de/download/Newsletter_Groeger_11-06_Innung.pdf" "Mozilla/5.0 (X11; Linux i686) AppleWebKit/537.36 (KHTML, like Gecko) Ubuntu Chromium/50.0.2661.102 Chrome/50.0.2661.102 Safari/537.36"
88.122.183.65 - - [10/Jun/2016:16:49:26 +0200] "GET /download/Newsletter_Groeger_11-06_Innung.pdf HTTP/1.1" 200 422119 "https://www.google.fr/" "Mozilla/5.0 (X11; Linux i686) AppleWebKit/537.36 (KHTML, like Gecko) Ubuntu Chromium/50.0.2661.102 Chrome/50.0.2661.102 Safari/537.36"
66.249.79.143 - - [10/Jun/2016:17:36:02 +0200] "GET /img/bild_3.jpg HTTP/1.1" 304 - "-" "Googlebot-Image/1.0"
194.187.170.100 - - [10/Jun/2016:17:42:39 +0200] "GET /robots.txt HTTP/1.0" 404 - "-" "Mozilla/5.0 (compatible; Qwantify/2.2w; +https://www.qwant.com/)/*"
194.187.170.100 - - [10/Jun/2016:17:42:39 +0200] "GET / HTTP/1.0" 200 6704 "-" "Mozilla/5.0 (compatible; Qwantify/2.2w; +https://www.qwant.com/)/*"
157.55.39.19 - - [10/Jun/2016:18:52:00 +0200] "GET / HTTP/1.1" 200 6704 "-" "Mozilla/5.0 (compatible; bingbot/2.0; +http://www.bing.com/bingbot.htm)"
180.76.15.143 - - [10/Jun/2016:19:44:48 +0200] "GET /angebote.php HTTP/1.1" 200 7198 "-" "Mozilla/5.0 (compatible; Baiduspider/2.0; +http://www.baidu.com/search/spider.html)"
64.246.187.42 - - [10/Jun/2016:20:47:56 +0200] "GET /robots.txt HTTP/1.0" 404 - "-" "Mozilla/5.0 (Windows; U; Windows NT 5.1; en; rv:1.9.0.13) Gecko/2009073022 Firefox/3.5.2 (.NET CLR 3.5.30729) SurveyBot/2.3 (DomainTools)"
64.246.187.42 - - [10/Jun/2016:20:47:56 +0200] "GET / HTTP/1.1" 200 6704 "http://whois.domaintools.com/groeger-bauaufzuege.de" "Mozilla/5.0 (Windows; U; Windows NT 5.1; en; rv:1.9.0.13) Gecko/2009073022 Firefox/3.5.2 (.NET CLR 3.5.30729) SurveyBot/2.3 (DomainTools)"
66.249.79.128 - - [10/Jun/2016:21:49:59 +0200] "GET /robots.txt HTTP/1.1" 404 - "-" "Mozilla/5.0 (compatible; Googlebot/2.1; +http://www.google.com/bot.html)"
66.249.66.184 - - [10/Jun/2016:21:49:59 +0200] "GET /robots.txt HTTP/1.1" 404 - "-" "Mozilla/5.0 (compatible; Googlebot/2.1; +http://www.google.com/bot.html)"
66.249.79.136 - - [10/Jun/2016:21:49:59 +0200] "GET / HTTP/1.1" 200 6704 "-" "Mozilla/5.0 (compatible; Googlebot/2.1; +http://www.google.com/bot.html)"
66.249.66.181 - - [10/Jun/2016:21:49:59 +0200] "GET / HTTP/1.1" 200 6704 "-" "Mozilla/5.0 (compatible; Googlebot/2.1; +http://www.google.com/bot.html)"
66.249.79.128 - - [10/Jun/2016:21:54:53 +0200] "GET /img/1.DeutscheGeruestbaumesse-1.jpg HTTP/1.1" 200 313146 "-" "Googlebot-Image/1.0"
66.249.79.128 - - [10/Jun/2016:21:54:55 +0200] "GET /img/1.DeutscheGeruestbaumesse-4.jpg HTTP/1.1" 200 406513 "-" "Googlebot-Image/1.0"
66.249.79.136 - - [10/Jun/2016:22:01:24 +0200] "GET /download/Boecker_Anhaengerkrane.pdf HTTP/1.1" 200 2136456 "-" "Googlebot/2.1 (+http://www.google.com/bot.html)"
194.187.170.93 - - [10/Jun/2016:22:05:15 +0200] "GET /robots.txt HTTP/1.0" 404 - "-" "Mozilla/5.0 (compatible; Qwantify/2.2w; +https://www.qwant.com/)/*"
194.187.170.93 - - [10/Jun/2016:22:05:15 +0200] "GET /leistungen.php HTTP/1.0" 200 9023 "-" "Mozilla/5.0 (compatible; Qwantify/2.2w; +https://www.qwant.com/)/*"
194.187.170.93 - - [10/Jun/2016:22:16:11 +0200] "GET /vermietung.php HTTP/1.0" 200 6527 "-" "Mozilla/5.0 (compatible; Qwantify/2.2w; +https://www.qwant.com/)/*"
220.181.108.116 - - [10/Jun/2016:22:25:03 +0200] "GET /download/boecker_auf_achse_2011.pdf HTTP/1.1" 200 1766601 "-" "Mozilla/5.0 (compatible; Baiduspider/2.0; +http://www.baidu.com/search/spider.html)"
66.249.79.136 - - [11/Jun/2016:01:07:35 +0200] "GET / HTTP/1.1" 200 6704 "-" "Mozilla/5.0 (compatible; Googlebot/2.1; +http://www.google.com/bot.html)"
66.249.79.136 - - [11/Jun/2016:01:14:03 +0200] "GET /download/Lift_D.pdf HTTP/1.1" 200 1053695 "-" "Mozilla/5.0 (compatible; Googlebot/2.1; +http://www.google.com/bot.html)"
66.249.79.136 - - [11/Jun/2016:01:27:44 +0200] "GET /favicon.ico HTTP/1.1" 404 - "-" "Googlebot-Image/1.0"
208.115.111.73 - - [11/Jun/2016:02:59:22 +0200] "GET /robots.txt HTTP/1.1" 404 - "-" "Mozilla/5.0 (compatible; DotBot/1.1; http://www.opensiteexplorer.org/dotbot, help@moz.com)"
66.249.79.128 - - [11/Jun/2016:03:01:29 +0200] "GET /download/Newsletter_Groeger_11-06_Innung.pdf HTTP/1.1" 304 - "-" "Mozilla/5.0 (compatible; Googlebot/2.1; +http://www.google.com/bot.html)"
40.77.167.45 - - [11/Jun/2016:03:04:46 +0200] "GET /robots.txt HTTP/1.1" 404 - "-" "Mozilla/5.0 (compatible; bingbot/2.0; +http://www.bing.com/bingbot.htm)"
40.77.167.45 - - [11/Jun/2016:03:05:01 +0200] "GET / HTTP/1.1" 200 6704 "-" "Mozilla/5.0 (compatible; bingbot/2.0; +http://www.bing.com/bingbot.htm)"
208.115.111.73 - - [11/Jun/2016:04:06:16 +0200] "GET /verkauf.php HTTP/1.1" 200 6662 "-" "Mozilla/5.0 (compatible; DotBot/1.1; http://www.opensiteexplorer.org/dotbot, help@moz.com)"
66.249.66.181 - - [11/Jun/2016:06:03:08 +0200] "GET /aktuelles.php HTTP/1.1" 200 6694 "-" "Mozilla/5.0 (compatible; Googlebot/2.1; +http://www.google.com/bot.html)"
207.46.13.171 - - [11/Jun/2016:06:22:39 +0200] "GET /angebote.php HTTP/1.1" 200 7198 "-" "Mozilla/5.0 (compatible; bingbot/2.0; +http://www.bing.com/bingbot.htm)"
77.75.78.161 - - [11/Jun/2016:06:29:57 +0200] "GET /robots.txt HTTP/1.1" 404 - "-" "Mozilla/5.0 (compatible; SeznamBot/3.2; +http://napoveda.seznam.cz/en/seznambot-intro/)"
77.75.78.161 - - [11/Jun/2016:06:29:58 +0200] "GET /unternehmen.php HTTP/1.1" 200 7208 "-" "Mozilla/5.0 (compatible; SeznamBot/3.2; +http://napoveda.seznam.cz/en/seznambot-intro/)"
207.46.13.174 - - [11/Jun/2016:07:24:04 +0200] "GET /verkauf.php HTTP/1.1" 200 6662 "-" "Mozilla/5.0 (compatible; bingbot/2.0; +http://www.bing.com/bingbot.htm)"
157.55.39.202 - - [11/Jun/2016:07:24:55 +0200] "GET /img/bild_1.jpg HTTP/1.1" 200 34058 "-" "Mozilla/5.0 (compatible; bingbot/2.0; +http://www.bing.com/bingbot.htm)"
157.55.39.202 - - [11/Jun/2016:07:24:57 +0200] "GET /img/logo_boecker.gif HTTP/1.1" 200 2974 "-" "Mozilla/5.0 (compatible; bingbot/2.0; +http://www.bing.com/bingbot.htm)"
207.46.13.171 - - [11/Jun/2016:07:29:02 +0200] "GET /javascript; HTTP/1.1" 404 - "-" "Mozilla/5.0 (compatible; bingbot/2.0; +http://www.bing.com/bingbot.htm)"
66.249.66.181 - - [11/Jun/2016:07:44:50 +0200] "GET /download/Lift_D.pdf HTTP/1.1" 200 1053695 "-" "Mozilla/5.0 (compatible; Googlebot/2.1; +http://www.google.com/bot.html)"
42.96.149.69 - - [11/Jun/2016:07:52:50 +0200] "GET / HTTP/1.1" 200 6704 "-" "-"
42.96.149.69 - - [11/Jun/2016:07:52:52 +0200] "GET /xmlrpc.php HTTP/1.1" 404 - "-" "-"
42.96.149.69 - - [11/Jun/2016:07:52:52 +0200] "HEAD /wp-login.php HTTP/1.1" 404 - "-" "-"
65.55.210.127 - - [11/Jun/2016:08:25:18 +0200] "GET /img/logo_geda.gif HTTP/1.1" 200 4337 "http://www.groeger-bauaufzuege.de/verkauf.php" "Mozilla/5.0 (Windows NT 6.1; WOW64) AppleWebKit/534+ (KHTML, like Gecko) BingPreview/1.0b"
65.55.210.127 - - [11/Jun/2016:08:25:18 +0200] "GET /img/logo_wfw.png HTTP/1.1" 200 2671 "http://www.groeger-bauaufzuege.de/verkauf.php" "Mozilla/5.0 (Windows NT 6.1; WOW64) AppleWebKit/534+ (KHTML, like Gecko) BingPreview/1.0b"
65.55.210.127 - - [11/Jun/2016:08:25:18 +0200] "GET /img/logo_steinbach.jpg HTTP/1.1" 200 9601 "http://www.groeger-bauaufzuege.de/verkauf.php" "Mozilla/5.0 (Windows NT 6.1; WOW64) AppleWebKit/534+ (KHTML, like Gecko) BingPreview/1.0b"
208.115.111.73 - - [11/Jun/2016:09:15:18 +0200] "GET /robots.txt HTTP/1.1" 404 - "-" "Mozilla/5.0 (compatible; DotBot/1.1; http://www.opensiteexplorer.org/dotbot, help@moz.com)"
69.30.215.130 - - [11/Jun/2016:09:24:29 +0200] "GET /robots.txt HTTP/1.0" 404 - "-" "Mozilla/5.0 (compatible; MJ12bot/v1.4.5; http://www.majestic12.co.uk/bot.php?+)"
69.30.215.130 - - [11/Jun/2016:09:24:31 +0200] "GET / HTTP/1.0" 200 6704 "-" "Mozilla/5.0 (compatible; MJ12bot/v1.4.5; http://www.majestic12.co.uk/bot.php?+)"
74.91.26.114 - - [11/Jun/2016:09:27:20 +0200] "GET / HTTP/1.1" 200 6704 "http://www.groeger-bauaufzuege.de" "Mozilla/5.0 (Windows NT 6.1; WOW64; rv:34.0) Gecko/20100101 Firefox/34.0"
66.249.66.181 - - [11/Jun/2016:09:36:20 +0200] "GET / HTTP/1.1" 200 6704 "-" "Mozilla/5.0 (compatible; Googlebot/2.1; +http://www.google.com/bot.html)"
66.249.66.187 - - [11/Jun/2016:10:12:43 +0200] "GET /robots.txt HTTP/1.1" 404 - "-" "Mozilla/5.0 (compatible; Googlebot/2.1; +http://www.google.com/bot.html)"
66.249.66.181 - - [11/Jun/2016:10:12:43 +0200] "GET /download/Lift_D.pdf HTTP/1.1" 200 1053695 "-" "Mozilla/5.0 (compatible; Googlebot/2.1; +http://www.google.com/bot.html)"
87.159.223.126 - - [11/Jun/2016:10:17:45 +0200] "GET / HTTP/1.1" 200 6704 "http://www.bigfinder.de/?c=ws&q=online&v=1" "Mozilla/5.0 (Windows NT 6.1; WOW64; Trident/7.0; rv:11.0) like Gecko"
66.249.66.181 - - [11/Jun/2016:10:25:27 +0200] "GET /swfobject.js HTTP/1.1" 200 6880 "http://www.groeger-bauaufzuege.de/" "Mozilla/5.0 (compatible; Googlebot/2.1; +http://www.google.com/bot.html)"
66.249.66.187 - - [11/Jun/2016:10:25:28 +0200] "GET /jquery.cross-slide.js HTTP/1.1" 200 11724 "http://www.groeger-bauaufzuege.de/" "Mozilla/5.0 (compatible; Googlebot/2.1; +http://www.google.com/bot.html)"
66.249.66.184 - - [11/Jun/2016:10:25:29 +0200] "GET /fancybox/jquery.fancybox-1.3.4.pack.js HTTP/1.1" 200 15624 "http://www.groeger-bauaufzuege.de/" "Mozilla/5.0 (compatible; Googlebot/2.1; +http://www.google.com/bot.html)"
