84.149.131.75 - - [27/Jun/2016:08:10:03 +0200] "GET /favicon.ico HTTP/1.1" 404 - "http://www.groeger-bauaufzuege.de/download/Boecker_Autokrane.pdf" "Mozilla/5.0 (Windows NT 6.1; WOW64) AppleWebKit/537.36 (KHTML, like Gecko) Chrome/51.0.2704.103 Safari/537.36"
84.149.131.75 - - [27/Jun/2016:08:10:02 +0200] "GET /download/Boecker_Autokrane.pdf HTTP/1.1" 200 1994740 "https://www.google.de/" "Mozilla/5.0 (Windows NT 6.1; WOW64) AppleWebKit/537.36 (KHTML, like Gecko) Chrome/51.0.2704.103 Safari/537.36"
84.149.131.75 - - [27/Jun/2016:08:10:03 +0200] "GET /download/Boecker_Autokrane.pdf HTTP/1.1" 206 1289396 "http://www.groeger-bauaufzuege.de/download/Boecker_Autokrane.pdf" "Mozilla/5.0 (Windows NT 6.1; WOW64) AppleWebKit/537.36 (KHTML, like Gecko) Chrome/51.0.2704.103 Safari/537.36"
66.249.75.1 - - [27/Jun/2016:08:23:43 +0200] "GET /download/Newsletter_Groeger_2012-06.pdf HTTP/1.1" 200 309498 "-" "Mozilla/5.0 (compatible; Googlebot/2.1; +http://www.google.com/bot.html)"
212.118.203.138 - - [27/Jun/2016:08:25:47 +0200] "GET / HTTP/1.1" 200 6704 "http://www.bing.com/search?q=groeger&qs=n&pq=groeger&sc=8-6&sp=-1&sk=&cvid=5FCF144E6727403591F2510AD4EB1DAE&first=11&FORM=PERE" "Mozilla/5.0 (Windows NT 6.1; WOW64; Trident/7.0; rv:11.0) like Gecko"
212.118.203.138 - - [27/Jun/2016:08:25:47 +0200] "GET /css/groeger.css HTTP/1.1" 200 5467 "http://www.groeger-bauaufzuege.de/" "Mozilla/5.0 (Windows NT 6.1; WOW64; Trident/7.0; rv:11.0) like Gecko"
212.118.203.138 - - [27/Jun/2016:08:25:47 +0200] "GET /swfobject.js HTTP/1.1" 200 6880 "http://www.groeger-bauaufzuege.de/" "Mozilla/5.0 (Windows NT 6.1; WOW64; Trident/7.0; rv:11.0) like Gecko"
212.118.203.138 - - [27/Jun/2016:08:25:47 +0200] "GET /jquery.cross-slide.js HTTP/1.1" 200 11724 "http://www.groeger-bauaufzuege.de/" "Mozilla/5.0 (Windows NT 6.1; WOW64; Trident/7.0; rv:11.0) like Gecko"
212.118.203.138 - - [27/Jun/2016:08:25:47 +0200] "GET /img/pfeil.png HTTP/1.1" 200 840 "http://www.groeger-bauaufzuege.de/" "Mozilla/5.0 (Windows NT 6.1; WOW64; Trident/7.0; rv:11.0) like Gecko"
212.118.203.138 - - [27/Jun/2016:08:25:47 +0200] "GET /fancybox/jquery.fancybox-1.3.4.css HTTP/1.1" 200 8494 "http://www.groeger-bauaufzuege.de/" "Mozilla/5.0 (Windows NT 6.1; WOW64; Trident/7.0; rv:11.0) like Gecko"
212.118.203.138 - - [27/Jun/2016:08:25:47 +0200] "GET /img/logo_groeger.gif HTTP/1.1" 200 3605 "http://www.groeger-bauaufzuege.de/" "Mozilla/5.0 (Windows NT 6.1; WOW64; Trident/7.0; rv:11.0) like Gecko"
212.118.203.138 - - [27/Jun/2016:08:25:47 +0200] "GET /img/bild_1.jpg HTTP/1.1" 200 34058 "http://www.groeger-bauaufzuege.de/" "Mozilla/5.0 (Windows NT 6.1; WOW64; Trident/7.0; rv:11.0) like Gecko"
212.118.203.138 - - [27/Jun/2016:08:25:47 +0200] "GET /fancybox/jquery.fancybox-1.3.4.pack.js HTTP/1.1" 200 15624 "http://www.groeger-bauaufzuege.de/" "Mozilla/5.0 (Windows NT 6.1; WOW64; Trident/7.0; rv:11.0) like Gecko"
212.118.203.138 - - [27/Jun/2016:08:25:47 +0200] "GET /jquery-1.4.3.min.js HTTP/1.1" 200 77746 "http://www.groeger-bauaufzuege.de/" "Mozilla/5.0 (Windows NT 6.1; WOW64; Trident/7.0; rv:11.0) like Gecko"
212.118.203.138 - - [27/Jun/2016:08:25:48 +0200] "GET /img/bild_3.jpg HTTP/1.1" 200 38007 "http://www.groeger-bauaufzuege.de/" "Mozilla/5.0 (Windows NT 6.1; WOW64; Trident/7.0; rv:11.0) like Gecko"
212.118.203.138 - - [27/Jun/2016:08:25:48 +0200] "GET /img/bild_4.jpg HTTP/1.1" 200 31111 "http://www.groeger-bauaufzuege.de/" "Mozilla/5.0 (Windows NT 6.1; WOW64; Trident/7.0; rv:11.0) like Gecko"
212.118.203.138 - - [27/Jun/2016:08:25:48 +0200] "GET /img/groeger_web.jpg HTTP/1.1" 200 10877 "http://www.groeger-bauaufzuege.de/" "Mozilla/5.0 (Windows NT 6.1; WOW64; Trident/7.0; rv:11.0) like Gecko"
212.118.203.138 - - [27/Jun/2016:08:25:48 +0200] "GET /fancybox/blank.gif HTTP/1.1" 200 43 "http://www.groeger-bauaufzuege.de/" "Mozilla/5.0 (Windows NT 6.1; WOW64; Trident/7.0; rv:11.0) like Gecko"
212.118.203.138 - - [27/Jun/2016:08:25:48 +0200] "GET /img/grauverlauf.png HTTP/1.1" 200 3242 "http://www.groeger-bauaufzuege.de/" "Mozilla/5.0 (Windows NT 6.1; WOW64; Trident/7.0; rv:11.0) like Gecko"
212.118.203.138 - - [27/Jun/2016:08:25:48 +0200] "GET /img/bild_2.jpg HTTP/1.1" 200 37224 "http://www.groeger-bauaufzuege.de/" "Mozilla/5.0 (Windows NT 6.1; WOW64; Trident/7.0; rv:11.0) like Gecko"
212.118.203.138 - - [27/Jun/2016:08:25:49 +0200] "GET /img/favicon.gif HTTP/1.1" 200 119 "-" "Mozilla/5.0 (Windows NT 6.1; Win64; x64; Trident/7.0; rv:11.0) like Gecko"
212.118.203.138 - - [27/Jun/2016:08:26:03 +0200] "GET /verkauf.php HTTP/1.1" 200 6662 "http://www.groeger-bauaufzuege.de/" "Mozilla/5.0 (Windows NT 6.1; WOW64; Trident/7.0; rv:11.0) like Gecko"
212.118.203.138 - - [27/Jun/2016:08:26:03 +0200] "GET /img/logo_boecker.gif HTTP/1.1" 200 2974 "http://www.groeger-bauaufzuege.de/verkauf.php" "Mozilla/5.0 (Windows NT 6.1; WOW64; Trident/7.0; rv:11.0) like Gecko"
212.118.203.138 - - [27/Jun/2016:08:26:03 +0200] "GET /img/logo_geda.gif HTTP/1.1" 200 4337 "http://www.groeger-bauaufzuege.de/verkauf.php" "Mozilla/5.0 (Windows NT 6.1; WOW64; Trident/7.0; rv:11.0) like Gecko"
212.118.203.138 - - [27/Jun/2016:08:26:03 +0200] "GET /img/logo_steinbach.jpg HTTP/1.1" 200 9601 "http://www.groeger-bauaufzuege.de/verkauf.php" "Mozilla/5.0 (Windows NT 6.1; WOW64; Trident/7.0; rv:11.0) like Gecko"
212.118.203.138 - - [27/Jun/2016:08:26:03 +0200] "GET /img/logo_wfw.png HTTP/1.1" 200 2671 "http://www.groeger-bauaufzuege.de/verkauf.php" "Mozilla/5.0 (Windows NT 6.1; WOW64; Trident/7.0; rv:11.0) like Gecko"
212.118.203.138 - - [27/Jun/2016:08:26:23 +0200] "GET /index.php HTTP/1.1" 200 6704 "http://www.groeger-bauaufzuege.de/verkauf.php" "Mozilla/5.0 (Windows NT 6.1; WOW64; Trident/7.0; rv:11.0) like Gecko"
212.118.203.138 - - [27/Jun/2016:08:26:27 +0200] "GET /aktuelles.php HTTP/1.1" 200 6694 "http://www.groeger-bauaufzuege.de/index.php" "Mozilla/5.0 (Windows NT 6.1; WOW64; Trident/7.0; rv:11.0) like Gecko"
212.118.203.138 - - [27/Jun/2016:08:26:27 +0200] "GET /img/groeger-bautec.png HTTP/1.1" 200 155184 "http://www.groeger-bauaufzuege.de/aktuelles.php" "Mozilla/5.0 (Windows NT 6.1; WOW64; Trident/7.0; rv:11.0) like Gecko"
212.118.203.138 - - [27/Jun/2016:08:26:41 +0200] "GET /leistungen.php HTTP/1.1" 200 9023 "http://www.groeger-bauaufzuege.de/aktuelles.php" "Mozilla/5.0 (Windows NT 6.1; WOW64; Trident/7.0; rv:11.0) like Gecko"
212.118.203.138 - - [27/Jun/2016:08:26:42 +0200] "GET /img/groeger_wartung.jpg HTTP/1.1" 200 15313 "http://www.groeger-bauaufzuege.de/leistungen.php" "Mozilla/5.0 (Windows NT 6.1; WOW64; Trident/7.0; rv:11.0) like Gecko"
212.118.203.138 - - [27/Jun/2016:08:26:42 +0200] "GET /img/boecker_junior-hd18.jpg HTTP/1.1" 200 14822 "http://www.groeger-bauaufzuege.de/leistungen.php" "Mozilla/5.0 (Windows NT 6.1; WOW64; Trident/7.0; rv:11.0) like Gecko"
212.118.203.138 - - [27/Jun/2016:08:26:42 +0200] "GET /img/groeger_aluschweissen.jpg HTTP/1.1" 200 12289 "http://www.groeger-bauaufzuege.de/leistungen.php" "Mozilla/5.0 (Windows NT 6.1; WOW64; Trident/7.0; rv:11.0) like Gecko"
212.118.203.138 - - [27/Jun/2016:08:26:42 +0200] "GET /img/geda_maxi.jpg HTTP/1.1" 200 12151 "http://www.groeger-bauaufzuege.de/leistungen.php" "Mozilla/5.0 (Windows NT 6.1; WOW64; Trident/7.0; rv:11.0) like Gecko"
212.118.203.138 - - [27/Jun/2016:08:26:42 +0200] "GET /img/IMG_3777_800px_sw.jpg HTTP/1.1" 200 202388 "http://www.groeger-bauaufzuege.de/leistungen.php" "Mozilla/5.0 (Windows NT 6.1; WOW64; Trident/7.0; rv:11.0) like Gecko"
212.118.203.138 - - [27/Jun/2016:08:26:53 +0200] "GET /gebrauchtmaschinen.php HTTP/1.1" 200 6356 "http://www.groeger-bauaufzuege.de/verkauf.php" "Mozilla/5.0 (Windows NT 6.1; WOW64; Trident/7.0; rv:11.0) like Gecko"
212.118.203.138 - - [27/Jun/2016:08:26:56 +0200] "GET /unternehmen.php HTTP/1.1" 200 7208 "http://www.groeger-bauaufzuege.de/gebrauchtmaschinen.php" "Mozilla/5.0 (Windows NT 6.1; WOW64; Trident/7.0; rv:11.0) like Gecko"
212.118.203.138 - - [27/Jun/2016:08:26:58 +0200] "GET /kontakt.php HTTP/1.1" 200 6954 "http://www.groeger-bauaufzuege.de/unternehmen.php" "Mozilla/5.0 (Windows NT 6.1; WOW64; Trident/7.0; rv:11.0) like Gecko"
212.118.203.138 - - [27/Jun/2016:08:27:00 +0200] "GET /impressum.php HTTP/1.1" 200 8128 "http://www.groeger-bauaufzuege.de/kontakt.php" "Mozilla/5.0 (Windows NT 6.1; WOW64; Trident/7.0; rv:11.0) like Gecko"
212.118.203.138 - - [27/Jun/2016:08:27:03 +0200] "GET /angebote.php HTTP/1.1" 200 7198 "http://www.groeger-bauaufzuege.de/impressum.php" "Mozilla/5.0 (Windows NT 6.1; WOW64; Trident/7.0; rv:11.0) like Gecko"
66.249.66.187 - - [27/Jun/2016:08:29:37 +0200] "GET /img/bild_3.jpg HTTP/1.1" 304 - "-" "Googlebot-Image/1.0"
66.249.66.184 - - [27/Jun/2016:09:03:33 +0200] "GET /download/Lift_D.pdf HTTP/1.1" 200 1053695 "-" "Mozilla/5.0 (compatible; Googlebot/2.1; +http://www.google.com/bot.html)"
68.180.229.217 - - [27/Jun/2016:09:25:03 +0200] "GET /verkauf.php HTTP/1.1" 200 6662 "-" "Mozilla/5.0 (compatible; Yahoo! Slurp; http://help.yahoo.com/help/us/ysearch/slurp)"
136.243.48.84 - - [27/Jun/2016:09:40:41 +0200] "GET /angebote.php HTTP/1.1" 200 7198 "-" "Mozilla/5.0 (X11; Linux x86_64) AppleWebKit/537.36 (KHTML, like Gecko) Chrome/37.0.2062.120 Safari/537.36"
66.249.66.181 - - [27/Jun/2016:09:40:43 +0200] "GET /aktuelles.php HTTP/1.1" 200 6694 "-" "Mozilla/5.0 (compatible; Googlebot/2.1; +http://www.google.com/bot.html)"
66.249.66.184 - - [27/Jun/2016:09:40:48 +0200] "GET /fancybox/jquery.fancybox-1.3.4.css HTTP/1.1" 200 8494 "-" "Mozilla/5.0 (compatible; Googlebot/2.1; +http://www.google.com/bot.html)"
66.249.66.181 - - [27/Jun/2016:09:53:04 +0200] "GET /kontakt.php HTTP/1.1" 200 6954 "-" "Mozilla/5.0 (compatible; Googlebot/2.1; +http://www.google.com/bot.html)"
217.73.209.140 - - [27/Jun/2016:10:33:08 +0200] "GET / HTTP/1.1" 200 6704 "-" "Mozilla/5.0 (X11; Linux i686; rv:13.0) Gecko/20100101 Firefox/13.0.1"
66.249.66.187 - - [27/Jun/2016:10:51:12 +0200] "GET /download/Lift_D.pdf HTTP/1.1" 200 1053695 "-" "Mozilla/5.0 (compatible; Googlebot/2.1; +http://www.google.com/bot.html)"
85.115.58.180 - - [27/Jun/2016:11:10:24 +0200] "GET / HTTP/1.1" 200 6704 "https://www.google.pl" "Mozilla/5.0 (Windows NT 6.1; WOW64; rv:47.0) Gecko/20100101 Firefox/47.0"
85.115.58.180 - - [27/Jun/2016:11:10:24 +0200] "GET /css/groeger.css HTTP/1.1" 200 5467 "http://www.groeger-bauaufzuege.de/" "Mozilla/5.0 (Windows NT 6.1; WOW64; rv:47.0) Gecko/20100101 Firefox/47.0"
85.115.58.180 - - [27/Jun/2016:11:10:24 +0200] "GET /swfobject.js HTTP/1.1" 200 6880 "http://www.groeger-bauaufzuege.de/" "Mozilla/5.0 (Windows NT 6.1; WOW64; rv:47.0) Gecko/20100101 Firefox/47.0"
85.115.58.180 - - [27/Jun/2016:11:10:25 +0200] "GET /jquery.cross-slide.js HTTP/1.1" 200 11724 "http://www.groeger-bauaufzuege.de/" "Mozilla/5.0 (Windows NT 6.1; WOW64; rv:47.0) Gecko/20100101 Firefox/47.0"
85.115.58.180 - - [27/Jun/2016:11:10:25 +0200] "GET /fancybox/jquery.fancybox-1.3.4.css HTTP/1.1" 200 8494 "http://www.groeger-bauaufzuege.de/" "Mozilla/5.0 (Windows NT 6.1; WOW64; rv:47.0) Gecko/20100101 Firefox/47.0"
85.115.58.180 - - [27/Jun/2016:11:10:25 +0200] "GET /fancybox/jquery.fancybox-1.3.4.pack.js HTTP/1.1" 200 15624 "http://www.groeger-bauaufzuege.de/" "Mozilla/5.0 (Windows NT 6.1; WOW64; rv:47.0) Gecko/20100101 Firefox/47.0"
85.115.58.180 - - [27/Jun/2016:11:10:25 +0200] "GET /img/favicon.gif HTTP/1.1" 200 119 "-" "Mozilla/5.0 (Windows NT 6.1; WOW64; rv:47.0) Gecko/20100101 Firefox/47.0"
85.115.58.180 - - [27/Jun/2016:11:10:25 +0200] "GET /jquery-1.4.3.min.js HTTP/1.1" 200 77746 "http://www.groeger-bauaufzuege.de/" "Mozilla/5.0 (Windows NT 6.1; WOW64; rv:47.0) Gecko/20100101 Firefox/47.0"
85.115.58.180 - - [27/Jun/2016:11:10:25 +0200] "GET /img/logo_groeger.gif HTTP/1.1" 200 3605 "http://www.groeger-bauaufzuege.de/" "Mozilla/5.0 (Windows NT 6.1; WOW64; rv:47.0) Gecko/20100101 Firefox/47.0"
85.115.58.180 - - [27/Jun/2016:11:10:25 +0200] "GET /img/pfeil.png HTTP/1.1" 200 840 "http://www.groeger-bauaufzuege.de/" "Mozilla/5.0 (Windows NT 6.1; WOW64; rv:47.0) Gecko/20100101 Firefox/47.0"
85.115.58.180 - - [27/Jun/2016:11:10:25 +0200] "GET /img/bild_1.jpg HTTP/1.1" 200 34058 "http://www.groeger-bauaufzuege.de/" "Mozilla/5.0 (Windows NT 6.1; WOW64; rv:47.0) Gecko/20100101 Firefox/47.0"
85.115.58.180 - - [27/Jun/2016:11:10:25 +0200] "GET /img/grauverlauf.png HTTP/1.1" 200 3242 "http://www.groeger-bauaufzuege.de/css/groeger.css" "Mozilla/5.0 (Windows NT 6.1; WOW64; rv:47.0) Gecko/20100101 Firefox/47.0"
85.115.58.180 - - [27/Jun/2016:11:10:25 +0200] "GET /img/groeger_web.jpg HTTP/1.1" 200 10877 "http://www.groeger-bauaufzuege.de/css/groeger.css" "Mozilla/5.0 (Windows NT 6.1; WOW64; rv:47.0) Gecko/20100101 Firefox/47.0"
85.115.58.180 - - [27/Jun/2016:11:10:25 +0200] "GET /img/bild_2.jpg HTTP/1.1" 200 37224 "http://www.groeger-bauaufzuege.de/" "Mozilla/5.0 (Windows NT 6.1; WOW64; rv:47.0) Gecko/20100101 Firefox/47.0"
85.115.58.180 - - [27/Jun/2016:11:10:25 +0200] "GET /img/bild_3.jpg HTTP/1.1" 200 38007 "http://www.groeger-bauaufzuege.de/" "Mozilla/5.0 (Windows NT 6.1; WOW64; rv:47.0) Gecko/20100101 Firefox/47.0"
85.115.58.180 - - [27/Jun/2016:11:10:25 +0200] "GET /img/bild_4.jpg HTTP/1.1" 200 31111 "http://www.groeger-bauaufzuege.de/" "Mozilla/5.0 (Windows NT 6.1; WOW64; rv:47.0) Gecko/20100101 Firefox/47.0"
85.115.58.180 - - [27/Jun/2016:11:10:34 +0200] "GET /index.php HTTP/1.1" 200 6704 "http://www.groeger-bauaufzuege.de/" "Mozilla/5.0 (Windows NT 6.1; WOW64; rv:47.0) Gecko/20100101 Firefox/47.0"
85.115.58.180 - - [27/Jun/2016:11:10:39 +0200] "GET /unternehmen.php HTTP/1.1" 200 7208 "http://www.groeger-bauaufzuege.de/index.php" "Mozilla/5.0 (Windows NT 6.1; WOW64; rv:47.0) Gecko/20100101 Firefox/47.0"
85.115.58.180 - - [27/Jun/2016:11:11:08 +0200] "GET /unternehmen.php HTTP/1.1" 200 7208 "http://www.groeger-bauaufzuege.de/unternehmen.php" "Mozilla/5.0 (Windows NT 6.1; WOW64; rv:47.0) Gecko/20100101 Firefox/47.0"
85.115.58.180 - - [27/Jun/2016:11:11:09 +0200] "GET /vermietung.php HTTP/1.1" 200 6527 "http://www.groeger-bauaufzuege.de/unternehmen.php" "Mozilla/5.0 (Windows NT 6.1; WOW64; rv:47.0) Gecko/20100101 Firefox/47.0"
85.115.58.180 - - [27/Jun/2016:11:11:09 +0200] "GET /img/logo_geda.gif HTTP/1.1" 200 4337 "http://www.groeger-bauaufzuege.de/vermietung.php" "Mozilla/5.0 (Windows NT 6.1; WOW64; rv:47.0) Gecko/20100101 Firefox/47.0"
85.115.58.180 - - [27/Jun/2016:11:11:09 +0200] "GET /img/logo_boecker.gif HTTP/1.1" 200 2974 "http://www.groeger-bauaufzuege.de/vermietung.php" "Mozilla/5.0 (Windows NT 6.1; WOW64; rv:47.0) Gecko/20100101 Firefox/47.0"
85.115.58.180 - - [27/Jun/2016:11:11:09 +0200] "GET /img/logo_steinbach.jpg HTTP/1.1" 200 9601 "http://www.groeger-bauaufzuege.de/vermietung.php" "Mozilla/5.0 (Windows NT 6.1; WOW64; rv:47.0) Gecko/20100101 Firefox/47.0"
85.115.58.180 - - [27/Jun/2016:11:11:10 +0200] "GET /leistungen.php HTTP/1.1" 200 9023 "http://www.groeger-bauaufzuege.de/vermietung.php" "Mozilla/5.0 (Windows NT 6.1; WOW64; rv:47.0) Gecko/20100101 Firefox/47.0"
85.115.58.180 - - [27/Jun/2016:11:11:10 +0200] "GET /img/boecker_junior-hd18.jpg HTTP/1.1" 200 14822 "http://www.groeger-bauaufzuege.de/leistungen.php" "Mozilla/5.0 (Windows NT 6.1; WOW64; rv:47.0) Gecko/20100101 Firefox/47.0"
85.115.58.180 - - [27/Jun/2016:11:11:11 +0200] "GET /img/groeger_wartung.jpg HTTP/1.1" 200 15313 "http://www.groeger-bauaufzuege.de/leistungen.php" "Mozilla/5.0 (Windows NT 6.1; WOW64; rv:47.0) Gecko/20100101 Firefox/47.0"
85.115.58.180 - - [27/Jun/2016:11:11:11 +0200] "GET /img/geda_maxi.jpg HTTP/1.1" 200 12151 "http://www.groeger-bauaufzuege.de/leistungen.php" "Mozilla/5.0 (Windows NT 6.1; WOW64; rv:47.0) Gecko/20100101 Firefox/47.0"
85.115.58.180 - - [27/Jun/2016:11:11:11 +0200] "GET /img/groeger_aluschweissen.jpg HTTP/1.1" 200 12289 "http://www.groeger-bauaufzuege.de/leistungen.php" "Mozilla/5.0 (Windows NT 6.1; WOW64; rv:47.0) Gecko/20100101 Firefox/47.0"
85.115.58.180 - - [27/Jun/2016:11:11:11 +0200] "GET /img/IMG_3777_800px_sw.jpg HTTP/1.1" 200 202388 "http://www.groeger-bauaufzuege.de/leistungen.php" "Mozilla/5.0 (Windows NT 6.1; WOW64; rv:47.0) Gecko/20100101 Firefox/47.0"
208.115.113.89 - - [27/Jun/2016:11:20:45 +0200] "GET /robots.txt HTTP/1.1" 404 - "-" "Mozilla/5.0 (compatible; DotBot/1.1; http://www.opensiteexplorer.org/dotbot, help@moz.com)"
84.190.146.177 - - [27/Jun/2016:11:27:19 +0200] "GET / HTTP/1.1" 200 6704 "http://www.google.de/url?sa=t&rct=j&q=&esrc=s&frm=1&source=web&cd=15&ved=0ahUKEwi-k4bN8cfNAhXHAxoKHS3AB8sQ_BcIejAO&url=http%3A%2F%2Fwww.groeger-bauaufzuege.de%2F&usg=AFQjCNFBXgtaJQ5GEULKJBrc_pmJTjvlmQ" "Mozilla/5.0 (compatible; MSIE 10.0; Windows NT 6.2; WOW64; Trident/6.0; ASJB)"
84.190.146.177 - - [27/Jun/2016:11:27:19 +0200] "GET /css/groeger.css HTTP/1.1" 200 5467 "http://www.groeger-bauaufzuege.de/" "Mozilla/5.0 (compatible; MSIE 10.0; Windows NT 6.2; WOW64; Trident/6.0; ASJB)"
84.190.146.177 - - [27/Jun/2016:11:27:19 +0200] "GET /swfobject.js HTTP/1.1" 200 6880 "http://www.groeger-bauaufzuege.de/" "Mozilla/5.0 (compatible; MSIE 10.0; Windows NT 6.2; WOW64; Trident/6.0; ASJB)"
84.190.146.177 - - [27/Jun/2016:11:27:19 +0200] "GET /fancybox/jquery.fancybox-1.3.4.pack.js HTTP/1.1" 200 15624 "http://www.groeger-bauaufzuege.de/" "Mozilla/5.0 (compatible; MSIE 10.0; Windows NT 6.2; WOW64; Trident/6.0; ASJB)"
84.190.146.177 - - [27/Jun/2016:11:27:19 +0200] "GET /jquery.cross-slide.js HTTP/1.1" 200 11724 "http://www.groeger-bauaufzuege.de/" "Mozilla/5.0 (compatible; MSIE 10.0; Windows NT 6.2; WOW64; Trident/6.0; ASJB)"
84.190.146.177 - - [27/Jun/2016:11:27:19 +0200] "GET /fancybox/jquery.fancybox-1.3.4.css HTTP/1.1" 200 8494 "http://www.groeger-bauaufzuege.de/" "Mozilla/5.0 (compatible; MSIE 10.0; Windows NT 6.2; WOW64; Trident/6.0; ASJB)"
84.190.146.177 - - [27/Jun/2016:11:27:19 +0200] "GET /img/logo_groeger.gif HTTP/1.1" 200 3605 "http://www.groeger-bauaufzuege.de/" "Mozilla/5.0 (compatible; MSIE 10.0; Windows NT 6.2; WOW64; Trident/6.0; ASJB)"
84.190.146.177 - - [27/Jun/2016:11:27:19 +0200] "GET /img/bild_1.jpg HTTP/1.1" 200 34058 "http://www.groeger-bauaufzuege.de/" "Mozilla/5.0 (compatible; MSIE 10.0; Windows NT 6.2; WOW64; Trident/6.0; ASJB)"
84.190.146.177 - - [27/Jun/2016:11:27:19 +0200] "GET /img/pfeil.png HTTP/1.1" 200 840 "http://www.groeger-bauaufzuege.de/" "Mozilla/5.0 (compatible; MSIE 10.0; Windows NT 6.2; WOW64; Trident/6.0; ASJB)"
84.190.146.177 - - [27/Jun/2016:11:27:19 +0200] "GET /jquery-1.4.3.min.js HTTP/1.1" 200 77746 "http://www.groeger-bauaufzuege.de/" "Mozilla/5.0 (compatible; MSIE 10.0; Windows NT 6.2; WOW64; Trident/6.0; ASJB)"
84.190.146.177 - - [27/Jun/2016:11:27:20 +0200] "GET /img/bild_2.jpg HTTP/1.1" 200 37224 "http://www.groeger-bauaufzuege.de/" "Mozilla/5.0 (compatible; MSIE 10.0; Windows NT 6.2; WOW64; Trident/6.0; ASJB)"
84.190.146.177 - - [27/Jun/2016:11:27:20 +0200] "GET /img/bild_3.jpg HTTP/1.1" 200 38007 "http://www.groeger-bauaufzuege.de/" "Mozilla/5.0 (compatible; MSIE 10.0; Windows NT 6.2; WOW64; Trident/6.0; ASJB)"
84.190.146.177 - - [27/Jun/2016:11:27:20 +0200] "GET /img/bild_4.jpg HTTP/1.1" 200 31111 "http://www.groeger-bauaufzuege.de/" "Mozilla/5.0 (compatible; MSIE 10.0; Windows NT 6.2; WOW64; Trident/6.0; ASJB)"
84.190.146.177 - - [27/Jun/2016:11:27:20 +0200] "GET /img/groeger_web.jpg HTTP/1.1" 200 10877 "http://www.groeger-bauaufzuege.de/" "Mozilla/5.0 (compatible; MSIE 10.0; Windows NT 6.2; WOW64; Trident/6.0; ASJB)"
84.190.146.177 - - [27/Jun/2016:11:27:20 +0200] "GET /img/grauverlauf.png HTTP/1.1" 200 3242 "http://www.groeger-bauaufzuege.de/" "Mozilla/5.0 (compatible; MSIE 10.0; Windows NT 6.2; WOW64; Trident/6.0; ASJB)"
84.190.146.177 - - [27/Jun/2016:11:27:20 +0200] "GET /img/favicon.gif HTTP/1.1" 200 119 "-" "Mozilla/5.0 (compatible; MSIE 10.0; Windows NT 6.2; Win64; x64; Trident/6.0; ASJB)"
84.190.146.177 - - [27/Jun/2016:11:27:26 +0200] "GET /vermietung.php HTTP/1.1" 200 6527 "http://www.groeger-bauaufzuege.de/" "Mozilla/5.0 (compatible; MSIE 10.0; Windows NT 6.2; WOW64; Trident/6.0; ASJB)"
84.190.146.177 - - [27/Jun/2016:11:27:26 +0200] "GET /img/logo_geda.gif HTTP/1.1" 200 4337 "http://www.groeger-bauaufzuege.de/vermietung.php" "Mozilla/5.0 (compatible; MSIE 10.0; Windows NT 6.2; WOW64; Trident/6.0; ASJB)"
84.190.146.177 - - [27/Jun/2016:11:27:26 +0200] "GET /img/logo_boecker.gif HTTP/1.1" 200 2974 "http://www.groeger-bauaufzuege.de/vermietung.php" "Mozilla/5.0 (compatible; MSIE 10.0; Windows NT 6.2; WOW64; Trident/6.0; ASJB)"
84.190.146.177 - - [27/Jun/2016:11:27:26 +0200] "GET /img/logo_steinbach.jpg HTTP/1.1" 200 9601 "http://www.groeger-bauaufzuege.de/vermietung.php" "Mozilla/5.0 (compatible; MSIE 10.0; Windows NT 6.2; WOW64; Trident/6.0; ASJB)"
84.190.146.177 - - [27/Jun/2016:11:27:26 +0200] "GET /img/favicon.gif HTTP/1.1" 200 119 "-" "Mozilla/5.0 (compatible; MSIE 10.0; Windows NT 6.2; Win64; x64; Trident/6.0; ASJB)"
84.190.146.177 - - [27/Jun/2016:11:27:29 +0200] "GET /kontakt.php HTTP/1.1" 200 6954 "http://www.groeger-bauaufzuege.de/vermietung.php" "Mozilla/5.0 (compatible; MSIE 10.0; Windows NT 6.2; WOW64; Trident/6.0; ASJB)"
84.190.146.177 - - [27/Jun/2016:11:28:56 +0200] "GET /fancybox/blank.gif HTTP/1.1" 200 43 "http://www.groeger-bauaufzuege.de/kontakt.php" "Mozilla/5.0 (compatible; MSIE 10.0; Windows NT 6.2; WOW64; Trident/6.0; ASJB)"
84.190.146.177 - - [27/Jun/2016:11:28:56 +0200] "GET /fancybox/fancybox-y.png HTTP/1.1" 200 176 "http://www.groeger-bauaufzuege.de/kontakt.php" "Mozilla/5.0 (compatible; MSIE 10.0; Windows NT 6.2; WOW64; Trident/6.0; ASJB)"
84.190.146.177 - - [27/Jun/2016:11:28:57 +0200] "GET /fancybox/fancybox-x.png HTTP/1.1" 200 203 "http://www.groeger-bauaufzuege.de/kontakt.php" "Mozilla/5.0 (compatible; MSIE 10.0; Windows NT 6.2; WOW64; Trident/6.0; ASJB)"
84.190.146.177 - - [27/Jun/2016:11:28:57 +0200] "GET /fancybox/fancybox.png HTTP/1.1" 200 15287 "http://www.groeger-bauaufzuege.de/kontakt.php" "Mozilla/5.0 (compatible; MSIE 10.0; Windows NT 6.2; WOW64; Trident/6.0; ASJB)"
84.190.146.177 - - [27/Jun/2016:11:34:54 +0200] "GET /vermietung.php HTTP/1.1" 200 6527 "http://www.groeger-bauaufzuege.de/kontakt.php" "Mozilla/5.0 (compatible; MSIE 10.0; Windows NT 6.2; WOW64; Trident/6.0; ASJB)"
84.190.146.177 - - [27/Jun/2016:11:35:03 +0200] "GET /kontakt.php HTTP/1.1" 200 6954 "http://www.groeger-bauaufzuege.de/vermietung.php" "Mozilla/5.0 (compatible; MSIE 10.0; Windows NT 6.2; WOW64; Trident/6.0; ASJB)"
136.243.48.83 - - [27/Jun/2016:11:42:30 +0200] "GET /unternehmen.php HTTP/1.1" 200 7208 "-" "Mozilla/5.0 (X11; Linux x86_64) AppleWebKit/537.36 (KHTML, like Gecko) Chrome/37.0.2062.120 Safari/537.36"
69.30.198.186 - - [27/Jun/2016:12:12:21 +0200] "GET /robots.txt HTTP/1.0" 404 - "-" "Mozilla/5.0 (compatible; MJ12bot/v1.4.5; http://www.majestic12.co.uk/bot.php?+)"
69.30.198.186 - - [27/Jun/2016:12:12:22 +0200] "GET / HTTP/1.0" 200 6704 "-" "Mozilla/5.0 (compatible; MJ12bot/v1.4.5; http://www.majestic12.co.uk/bot.php?+)"
208.115.113.89 - - [27/Jun/2016:12:49:48 +0200] "GET /angebote.php HTTP/1.1" 200 7198 "-" "Mozilla/5.0 (compatible; DotBot/1.1; http://www.opensiteexplorer.org/dotbot, help@moz.com)"
192.243.55.131 - - [27/Jun/2016:12:49:54 +0200] "GET /img/geda_maxi.jpg HTTP/1.1" 200 12151 "-" "Mozilla/5.0 (compatible; SemrushBot/1.1~bl; +http://www.semrush.com/bot.html)"
66.249.66.181 - - [27/Jun/2016:13:50:50 +0200] "GET /robots.txt HTTP/1.1" 404 - "-" "Mozilla/5.0 (compatible; Googlebot/2.1; +http://www.google.com/bot.html)"
66.249.66.187 - - [27/Jun/2016:13:50:51 +0200] "GET /download/Lift_D.pdf HTTP/1.1" 200 1053695 "-" "Mozilla/5.0 (compatible; Googlebot/2.1; +http://www.google.com/bot.html)"
192.243.55.132 - - [27/Jun/2016:13:55:29 +0200] "GET /img/groeger_wartung.jpg HTTP/1.1" 200 15313 "-" "Mozilla/5.0 (compatible; SemrushBot/1.1~bl; +http://www.semrush.com/bot.html)"
192.243.55.131 - - [27/Jun/2016:14:14:08 +0200] "GET /angebote.php HTTP/1.1" 200 7198 "-" "Mozilla/5.0 (compatible; SemrushBot/1.1~bl; +http://www.semrush.com/bot.html)"
144.76.29.162 - - [27/Jun/2016:14:29:27 +0200] "GET /robots.txt HTTP/1.0" 404 - "-" "Mozilla/5.0 (compatible; MJ12bot/v1.4.5; http://www.majestic12.co.uk/bot.php?+)"
144.76.29.162 - - [27/Jun/2016:14:29:29 +0200] "GET /aktuelles_alt.php HTTP/1.0" 200 13541 "-" "Mozilla/5.0 (compatible; MJ12bot/v1.4.5; http://www.majestic12.co.uk/bot.php?+)"
157.55.39.181 - - [27/Jun/2016:14:35:05 +0200] "GET /download/Boecker_Autokrane.pdf HTTP/1.1" 200 1994740 "-" "Mozilla/5.0 (iPhone; CPU iPhone OS 7_0 like Mac OS X) AppleWebKit/537.51.1 (KHTML, like Gecko) Version/7.0 Mobile/11A465 Safari/9537.53 (compatible; bingbot/2.0; +http://www.bing.com/bingbot.htm)"
157.55.39.181 - - [27/Jun/2016:14:35:16 +0200] "GET /robots.txt HTTP/1.1" 404 - "-" "Mozilla/5.0 (compatible; bingbot/2.0; +http://www.bing.com/bingbot.htm)"
157.55.39.181 - - [27/Jun/2016:14:35:16 +0200] "GET /robots.txt HTTP/1.1" 404 - "-" "Mozilla/5.0 (compatible; bingbot/2.0; +http://www.bing.com/bingbot.htm)"
92.238.122.46 - - [27/Jun/2016:14:37:22 +0200] "GET /robots.txt HTTP/1.0" 404 - "-" "Mozilla/5.0 (compatible; MJ12bot/v1.4.5; http://www.majestic12.co.uk/bot.php?+)"
92.238.122.46 - - [27/Jun/2016:14:37:24 +0200] "GET /impressum.php HTTP/1.0" 200 8128 "-" "Mozilla/5.0 (compatible; MJ12bot/v1.4.5; http://www.majestic12.co.uk/bot.php?+)"
66.249.75.200 - - [27/Jun/2016:14:38:11 +0200] "GET /robots.txt HTTP/1.1" 404 - "-" "Mozilla/5.0 (compatible; Googlebot/2.1; +http://www.google.com/bot.html)"
66.249.75.200 - - [27/Jun/2016:14:38:11 +0200] "GET /download/Newsletter_Groeger_2012-09.pdf HTTP/1.1" 200 492501 "-" "Mozilla/5.0 (compatible; Googlebot/2.1; +http://www.google.com/bot.html)"
207.46.13.72 - - [27/Jun/2016:15:45:53 +0200] "GET /download/Newsletter_Groeger_2014-03.pdf HTTP/1.1" 304 - "-" "Mozilla/5.0 (compatible; bingbot/2.0; +http://www.bing.com/bingbot.htm)"
46.229.164.98 - - [27/Jun/2016:16:11:20 +0200] "GET /robots.txt HTTP/1.1" 404 - "-" "Mozilla/5.0 (compatible; SemrushBot/1.1~bl; +http://www.semrush.com/bot.html)"
66.249.66.181 - - [27/Jun/2016:16:15:50 +0200] "GET /download/Lift_D.pdf HTTP/1.1" 200 1053695 "-" "Mozilla/5.0 (compatible; Googlebot/2.1; +http://www.google.com/bot.html)"
180.76.15.22 - - [27/Jun/2016:17:25:25 +0200] "GET /unternehmen.php HTTP/1.1" 200 7208 "-" "Mozilla/5.0 (compatible; Baiduspider/2.0; +http://www.baidu.com/search/spider.html)"
136.243.48.83 - - [27/Jun/2016:17:33:47 +0200] "GET /verkauf.php HTTP/1.1" 200 6662 "-" "Mozilla/5.0 (X11; Linux x86_64) AppleWebKit/537.36 (KHTML, like Gecko) Chrome/37.0.2062.120 Safari/537.36"
91.61.89.4 - - [27/Jun/2016:18:28:37 +0200] "GET / HTTP/1.1" 200 6704 "-" "Mozilla/5.0 (Macintosh; Intel Mac OS X 10.6; rv:47.0) Gecko/20100101 Firefox/47.0"
207.46.13.72 - - [27/Jun/2016:18:30:46 +0200] "GET /download/boecker_auf_achse_2011.pdf HTTP/1.1" 200 1766601 "-" "Mozilla/5.0 (iPhone; CPU iPhone OS 7_0 like Mac OS X) AppleWebKit/537.51.1 (KHTML, like Gecko) Version/7.0 Mobile/11A465 Safari/9537.53 (compatible; bingbot/2.0; +http://www.bing.com/bingbot.htm)"
40.77.167.6 - - [27/Jun/2016:19:17:08 +0200] "GET / HTTP/1.1" 200 6704 "-" "Mozilla/5.0 (iPhone; CPU iPhone OS 7_0 like Mac OS X) AppleWebKit/537.51.1 (KHTML, like Gecko) Version/7.0 Mobile/11A465 Safari/9537.53 (compatible; bingbot/2.0; +http://www.bing.com/bingbot.htm)"
66.249.66.184 - - [27/Jun/2016:20:05:52 +0200] "GET /download/Newsletter_Groeger_2013-06.pdf HTTP/1.1" 200 531601 "-" "Mozilla/5.0 (compatible; Googlebot/2.1; +http://www.google.com/bot.html)"
157.55.2.180 - - [27/Jun/2016:20:18:17 +0200] "GET /css/groeger.css HTTP/1.1" 200 5467 "http://www.groeger-bauaufzuege.de/" "Mozilla/5.0 (iPhone; CPU iPhone OS 7_0 like Mac OS X) AppleWebKit/537.51.1 (KHTML, like Gecko) Version/7.0 Mobile/11A465 Safari/9537.53 BingPreview/1.0b"
85.25.202.18 - - [27/Jun/2016:20:30:38 +0200] "GET / HTTP/1.1" 200 6704 "http://www.sumaja.de/?such_wert=groeger" "Mozilla/5.0 (Windows; U; Windows NT 6.1; de; rv:1.9.2.8) Gecko/20100722 Firefox/3.6.8 GTB7.1"
180.76.15.162 - - [27/Jun/2016:20:47:07 +0200] "GET /download/Newsletter_Groeger_2012-06.pdf HTTP/1.1" 200 309498 "-" "Mozilla/5.0 (compatible; Baiduspider/2.0; +http://www.baidu.com/search/spider.html)"
40.77.167.6 - - [27/Jun/2016:22:16:39 +0200] "GET / HTTP/1.1" 200 6704 "-" "Mozilla/5.0 (compatible; bingbot/2.0; +http://www.bing.com/bingbot.htm)"
40.77.167.6 - - [27/Jun/2016:23:50:13 +0200] "GET /download/Lift_D.pdf HTTP/1.1" 200 1053695 "-" "Mozilla/5.0 (iPhone; CPU iPhone OS 7_0 like Mac OS X) AppleWebKit/537.51.1 (KHTML, like Gecko) Version/7.0 Mobile/11A465 Safari/9537.53 (compatible; bingbot/2.0; +http://www.bing.com/bingbot.htm)"
157.55.39.182 - - [28/Jun/2016:00:20:06 +0200] "GET /download/Boecker_Angebote_Easyline.pdf HTTP/1.1" 200 649684 "-" "Mozilla/5.0 (iPhone; CPU iPhone OS 7_0 like Mac OS X) AppleWebKit/537.51.1 (KHTML, like Gecko) Version/7.0 Mobile/11A465 Safari/9537.53 (compatible; bingbot/2.0; +http://www.bing.com/bingbot.htm)"
66.249.75.208 - - [28/Jun/2016:01:26:14 +0200] "GET /img/boecker_junior_im_einsatz.jpg HTTP/1.1" 200 76241 "-" "Googlebot-Image/1.0"
66.249.75.192 - - [28/Jun/2016:01:35:37 +0200] "GET /download/Lift_D.pdf HTTP/1.1" 200 1053695 "-" "Mozilla/5.0 (compatible; Googlebot/2.1; +http://www.google.com/bot.html)"
157.55.39.81 - - [28/Jun/2016:01:43:12 +0200] "GET /verkauf.php HTTP/1.1" 200 6662 "-" "Mozilla/5.0 (compatible; bingbot/2.0; +http://www.bing.com/bingbot.htm)"
82.211.19.50 - - [28/Jun/2016:02:30:11 +0200] "GET /link/20130605 HTTP/1.1" 302 - "-" "Mozilla/5.0 (Windows; U; Windows NT 5.1; en-US; rv:1.9.1) Gecko/20090624 Firefox/3.5"
82.211.19.50 - - [28/Jun/2016:02:30:11 +0200] "GET /download/Boecker_Anhaengerkrane.pdf HTTP/1.1" 200 2136456 "-" "Mozilla/5.0 (Windows; U; Windows NT 5.1; en-US; rv:1.9.1) Gecko/20090624 Firefox/3.5"
66.249.66.181 - - [28/Jun/2016:02:45:17 +0200] "GET /robots.txt HTTP/1.1" 404 - "-" "Mozilla/5.0 (compatible; Googlebot/2.1; +http://www.google.com/bot.html)"
66.249.66.187 - - [28/Jun/2016:02:45:17 +0200] "GET /download/Newsletter_Groeger_2014-02.pdf HTTP/1.1" 200 815846 "-" "Mozilla/5.0 (compatible; Googlebot/2.1; +http://www.google.com/bot.html)"
46.229.164.98 - - [28/Jun/2016:04:21:33 +0200] "GET /robots.txt HTTP/1.1" 404 - "-" "Mozilla/5.0 (compatible; SemrushBot/1.1~bl; +http://www.semrush.com/bot.html)"
66.249.66.187 - - [28/Jun/2016:04:42:55 +0200] "GET /img/Geda_500_ZZP_im_Einsatz.jpg HTTP/1.1" 200 53268 "-" "Googlebot-Image/1.0"
136.243.48.82 - - [28/Jun/2016:07:05:46 +0200] "GET /gebrauchtmaschinen.php HTTP/1.1" 200 6356 "-" "Mozilla/5.0 (X11; Linux x86_64) AppleWebKit/537.36 (KHTML, like Gecko) Chrome/37.0.2062.120 Safari/537.36"
5.9.123.116 - - [28/Jun/2016:07:13:55 +0200] "GET /robots.txt HTTP/1.0" 404 - "-" "Mozilla/5.0 (compatible; MJ12bot/v1.4.5; http://www.majestic12.co.uk/bot.php?+)"
5.9.123.116 - - [28/Jun/2016:07:13:57 +0200] "GET /aktuelles.php HTTP/1.0" 200 6694 "-" "Mozilla/5.0 (compatible; MJ12bot/v1.4.5; http://www.majestic12.co.uk/bot.php?+)"
5.9.123.116 - - [28/Jun/2016:07:13:59 +0200] "GET /angebote.php HTTP/1.0" 200 7198 "-" "Mozilla/5.0 (compatible; MJ12bot/v1.4.5; http://www.majestic12.co.uk/bot.php?+)"
5.9.123.116 - - [28/Jun/2016:07:14:02 +0200] "GET /gebrauchtmaschinen.php HTTP/1.0" 200 6356 "-" "Mozilla/5.0 (compatible; MJ12bot/v1.4.5; http://www.majestic12.co.uk/bot.php?+)"
66.249.66.184 - - [28/Jun/2016:07:53:38 +0200] "GET /img/1.DeutscheGeruestbaumesse-2.jpg HTTP/1.1" 200 334747 "-" "Googlebot-Image/1.0"
66.249.75.200 - - [28/Jun/2016:08:07:53 +0200] "GET /robots.txt HTTP/1.1" 404 - "-" "Mozilla/5.0 (compatible; Googlebot/2.1; +http://www.google.com/bot.html)"
66.249.75.200 - - [28/Jun/2016:08:07:54 +0200] "GET / HTTP/1.1" 200 6704 "-" "Mozilla/5.0 (Linux; Android 6.0.1; Nexus 5X Build/MMB29P) AppleWebKit/537.36 (KHTML, like Gecko) Chrome/41.0.2272.96 Mobile Safari/537.36 (compatible; Googlebot/2.1; +http://www.google.com/bot.html)"
66.249.66.187 - - [28/Jun/2016:08:15:39 +0200] "GET /download/Newsletter_Groeger_2012-11.pdf HTTP/1.1" 200 527614 "-" "Mozilla/5.0 (compatible; Googlebot/2.1; +http://www.google.com/bot.html)"
52.3.127.144 - - [28/Jun/2016:08:18:31 +0200] "GET /robots.txt HTTP/1.1" 404 - "-" "ltx71 - (http://ltx71.com/)"
52.3.127.144 - - [28/Jun/2016:08:19:07 +0200] "GET / HTTP/1.1" 200 6704 "-" "ltx71 - (http://ltx71.com/)"
52.3.127.144 - - [28/Jun/2016:08:38:48 +0200] "GET /robots.txt HTTP/1.1" 404 - "-" "ltx71 - (http://ltx71.com/)"
52.3.127.144 - - [28/Jun/2016:08:39:08 +0200] "GET /verkauf.php HTTP/1.1" 200 6662 "-" "ltx71 - (http://ltx71.com/)"
68.180.229.217 - - [28/Jun/2016:08:48:14 +0200] "GET /robots.txt HTTP/1.1" 404 - "-" "Mozilla/5.0 (compatible; Yahoo! Slurp; http://help.yahoo.com/help/us/ysearch/slurp)"
68.180.229.217 - - [28/Jun/2016:08:48:15 +0200] "GET /download/Newsletter_Groeger_2013-09.pdf HTTP/1.1" 200 584966 "-" "Mozilla/5.0 (compatible; Yahoo! Slurp; http://help.yahoo.com/help/us/ysearch/slurp)"
66.249.66.184 - - [28/Jun/2016:09:00:51 +0200] "GET /img/1.DeutscheGeruestbaumesse-4.jpg HTTP/1.1" 200 406513 "-" "Googlebot-Image/1.0"
52.3.127.144 - - [28/Jun/2016:09:07:16 +0200] "GET /robots.txt HTTP/1.1" 404 - "-" "ltx71 - (http://ltx71.com/)"
207.46.13.100 - - [28/Jun/2016:09:07:46 +0200] "GET /impressum.php HTTP/1.1" 200 8128 "-" "Mozilla/5.0 (compatible; bingbot/2.0; +http://www.bing.com/bingbot.htm)"
52.3.127.144 - - [28/Jun/2016:09:07:49 +0200] "GET /fancybox/jquery.fancybox-1.3.4.pack.js HTTP/1.1" 200 15624 "-" "ltx71 - (http://ltx71.com/)"
207.46.13.100 - - [28/Jun/2016:09:07:57 +0200] "GET /css/groeger.css HTTP/1.1" 200 5467 "-" "Mozilla/5.0 (compatible; bingbot/2.0; +http://www.bing.com/bingbot.htm)"
40.77.167.16 - - [28/Jun/2016:09:08:01 +0200] "GET /jquery-1.4.3.min.js HTTP/1.1" 200 77746 "-" "Mozilla/5.0 (compatible; bingbot/2.0; +http://www.bing.com/bingbot.htm)"
40.77.167.16 - - [28/Jun/2016:09:08:01 +0200] "GET /jquery.cross-slide.js HTTP/1.1" 200 11724 "-" "Mozilla/5.0 (compatible; bingbot/2.0; +http://www.bing.com/bingbot.htm)"
157.55.39.158 - - [28/Jun/2016:09:08:08 +0200] "GET /fancybox/jquery.fancybox-1.3.4.css HTTP/1.1" 200 8494 "-" "Mozilla/5.0 (compatible; bingbot/2.0; +http://www.bing.com/bingbot.htm)"
157.55.39.158 - - [28/Jun/2016:09:08:09 +0200] "GET /swfobject.js HTTP/1.1" 200 6880 "-" "Mozilla/5.0 (compatible; bingbot/2.0; +http://www.bing.com/bingbot.htm)"
157.55.39.158 - - [28/Jun/2016:09:48:13 +0200] "GET /index.php HTTP/1.1" 200 6704 "-" "Mozilla/5.0 (compatible; bingbot/2.0; +http://www.bing.com/bingbot.htm)"
207.46.13.100 - - [28/Jun/2016:09:48:30 +0200] "GET /img/bild_3.jpg HTTP/1.1" 200 38007 "-" "Mozilla/5.0 (compatible; bingbot/2.0; +http://www.bing.com/bingbot.htm)"
207.46.13.100 - - [28/Jun/2016:09:48:31 +0200] "GET /img/grauverlauf.png HTTP/1.1" 200 3242 "-" "Mozilla/5.0 (compatible; bingbot/2.0; +http://www.bing.com/bingbot.htm)"
207.46.13.100 - - [28/Jun/2016:09:48:31 +0200] "GET /img/logo_groeger.gif HTTP/1.1" 200 3605 "-" "Mozilla/5.0 (compatible; bingbot/2.0; +http://www.bing.com/bingbot.htm)"
40.77.167.16 - - [28/Jun/2016:09:48:34 +0200] "GET /fancybox/jquery.fancybox-1.3.4.pack.js HTTP/1.1" 200 15624 "-" "Mozilla/5.0 (compatible; bingbot/2.0; +http://www.bing.com/bingbot.htm)"
40.77.167.16 - - [28/Jun/2016:09:48:35 +0200] "GET /img/bild_2.jpg HTTP/1.1" 200 37224 "-" "Mozilla/5.0 (compatible; bingbot/2.0; +http://www.bing.com/bingbot.htm)"
40.77.167.16 - - [28/Jun/2016:09:48:35 +0200] "GET /img/bild_4.jpg HTTP/1.1" 200 31111 "-" "Mozilla/5.0 (compatible; bingbot/2.0; +http://www.bing.com/bingbot.htm)"
207.46.13.100 - - [28/Jun/2016:09:54:40 +0200] "GET /download/Lift_D.pdf HTTP/1.1" 200 1053695 "-" "Mozilla/5.0 (compatible; bingbot/2.0; +http://www.bing.com/bingbot.htm)"
207.46.13.100 - - [28/Jun/2016:10:02:51 +0200] "GET / HTTP/1.1" 200 6704 "-" "Mozilla/5.0 (compatible; bingbot/2.0; +http://www.bing.com/bingbot.htm)"
40.77.167.16 - - [28/Jun/2016:10:09:11 +0200] "GET /fancybox/jquery.fancybox-1.3.4.pack.js HTTP/1.1" 200 15624 "-" "Mozilla/5.0 (compatible; bingbot/2.0; +http://www.bing.com/bingbot.htm)"
52.3.127.144 - - [28/Jun/2016:10:13:41 +0200] "GET /robots.txt HTTP/1.1" 404 - "-" "ltx71 - (http://ltx71.com/)"
52.3.127.144 - - [28/Jun/2016:10:26:01 +0200] "GET /robots.txt HTTP/1.1" 404 - "-" "ltx71 - (http://ltx71.com/)"
52.3.127.144 - - [28/Jun/2016:10:26:12 +0200] "GET /angebote.php HTTP/1.1" 200 7198 "-" "ltx71 - (http://ltx71.com/)"
52.3.127.144 - - [28/Jun/2016:10:36:38 +0200] "GET /robots.txt HTTP/1.1" 404 - "-" "ltx71 - (http://ltx71.com/)"
52.3.127.144 - - [28/Jun/2016:10:37:01 +0200] "GET /jquery.cross-slide.js HTTP/1.1" 200 11724 "-" "ltx71 - (http://ltx71.com/)"
199.30.25.9 - - [28/Jun/2016:10:49:27 +0200] "GET /img/bild_1.jpg HTTP/1.1" 200 34058 "http://www.groeger-bauaufzuege.de/index.php" "Mozilla/5.0 (Windows NT 6.1; WOW64) AppleWebKit/534+ (KHTML, like Gecko) BingPreview/1.0b"
52.3.127.144 - - [28/Jun/2016:10:50:27 +0200] "GET /robots.txt HTTP/1.1" 404 - "-" "ltx71 - (http://ltx71.com/)"
52.3.127.144 - - [28/Jun/2016:10:51:04 +0200] "GET /gebrauchtmaschinen.php HTTP/1.1" 200 6356 "-" "ltx71 - (http://ltx71.com/)"
144.76.12.78 - - [28/Jun/2016:10:59:14 +0200] "GET /robots.txt HTTP/1.0" 404 - "-" "Mozilla/5.0 (compatible; MJ12bot/v1.4.5; http://www.majestic12.co.uk/bot.php?+)"
144.76.12.78 - - [28/Jun/2016:10:59:15 +0200] "GET / HTTP/1.0" 200 6704 "-" "Mozilla/5.0 (compatible; MJ12bot/v1.4.5; http://www.majestic12.co.uk/bot.php?+)"
52.3.127.144 - - [28/Jun/2016:11:18:31 +0200] "GET /robots.txt HTTP/1.1" 404 - "-" "ltx71 - (http://ltx71.com/)"
52.3.127.144 - - [28/Jun/2016:11:19:56 +0200] "GET /vermietung.php HTTP/1.1" 200 6527 "-" "ltx71 - (http://ltx71.com/)"
40.77.167.16 - - [28/Jun/2016:11:22:13 +0200] "GET /aktuelles.php HTTP/1.1" 200 6694 "-" "Mozilla/5.0 (compatible; bingbot/2.0; +http://www.bing.com/bingbot.htm)"
91.51.102.111 - - [28/Jun/2016:11:36:01 +0200] "GET /aktuelles.php HTTP/1.1" 200 6694 "https://www.bing.com/" "Mozilla/5.0 (Windows NT 10.0; Win64; x64) AppleWebKit/537.36 (KHTML, like Gecko) Chrome/46.0.2486.0 Safari/537.36 Edge/13.10586"
91.51.102.111 - - [28/Jun/2016:11:36:01 +0200] "GET /css/groeger.css HTTP/1.1" 200 5467 "http://www.groeger-bauaufzuege.de/aktuelles.php" "Mozilla/5.0 (Windows NT 10.0; Win64; x64) AppleWebKit/537.36 (KHTML, like Gecko) Chrome/46.0.2486.0 Safari/537.36 Edge/13.10586"
91.51.102.111 - - [28/Jun/2016:11:36:01 +0200] "GET /jquery.cross-slide.js HTTP/1.1" 200 11724 "http://www.groeger-bauaufzuege.de/aktuelles.php" "Mozilla/5.0 (Windows NT 10.0; Win64; x64) AppleWebKit/537.36 (KHTML, like Gecko) Chrome/46.0.2486.0 Safari/537.36 Edge/13.10586"
91.51.102.111 - - [28/Jun/2016:11:36:01 +0200] "GET /swfobject.js HTTP/1.1" 200 6880 "http://www.groeger-bauaufzuege.de/aktuelles.php" "Mozilla/5.0 (Windows NT 10.0; Win64; x64) AppleWebKit/537.36 (KHTML, like Gecko) Chrome/46.0.2486.0 Safari/537.36 Edge/13.10586"
91.51.102.111 - - [28/Jun/2016:11:36:01 +0200] "GET /fancybox/jquery.fancybox-1.3.4.pack.js HTTP/1.1" 200 15624 "http://www.groeger-bauaufzuege.de/aktuelles.php" "Mozilla/5.0 (Windows NT 10.0; Win64; x64) AppleWebKit/537.36 (KHTML, like Gecko) Chrome/46.0.2486.0 Safari/537.36 Edge/13.10586"
91.51.102.111 - - [28/Jun/2016:11:36:01 +0200] "GET /fancybox/jquery.fancybox-1.3.4.css HTTP/1.1" 200 8494 "http://www.groeger-bauaufzuege.de/aktuelles.php" "Mozilla/5.0 (Windows NT 10.0; Win64; x64) AppleWebKit/537.36 (KHTML, like Gecko) Chrome/46.0.2486.0 Safari/537.36 Edge/13.10586"
91.51.102.111 - - [28/Jun/2016:11:36:01 +0200] "GET /img/logo_groeger.gif HTTP/1.1" 200 3605 "http://www.groeger-bauaufzuege.de/aktuelles.php" "Mozilla/5.0 (Windows NT 10.0; Win64; x64) AppleWebKit/537.36 (KHTML, like Gecko) Chrome/46.0.2486.0 Safari/537.36 Edge/13.10586"
91.51.102.111 - - [28/Jun/2016:11:36:01 +0200] "GET /img/bild_1.jpg HTTP/1.1" 200 34058 "http://www.groeger-bauaufzuege.de/aktuelles.php" "Mozilla/5.0 (Windows NT 10.0; Win64; x64) AppleWebKit/537.36 (KHTML, like Gecko) Chrome/46.0.2486.0 Safari/537.36 Edge/13.10586"
91.51.102.111 - - [28/Jun/2016:11:36:01 +0200] "GET /jquery-1.4.3.min.js HTTP/1.1" 200 77746 "http://www.groeger-bauaufzuege.de/aktuelles.php" "Mozilla/5.0 (Windows NT 10.0; Win64; x64) AppleWebKit/537.36 (KHTML, like Gecko) Chrome/46.0.2486.0 Safari/537.36 Edge/13.10586"
91.51.102.111 - - [28/Jun/2016:11:36:01 +0200] "GET /img/groeger-bautec.png HTTP/1.1" 200 155184 "http://www.groeger-bauaufzuege.de/aktuelles.php" "Mozilla/5.0 (Windows NT 10.0; Win64; x64) AppleWebKit/537.36 (KHTML, like Gecko) Chrome/46.0.2486.0 Safari/537.36 Edge/13.10586"
91.51.102.111 - - [28/Jun/2016:11:36:01 +0200] "GET /img/bild_3.jpg HTTP/1.1" 200 38007 "http://www.groeger-bauaufzuege.de/aktuelles.php" "Mozilla/5.0 (Windows NT 10.0; Win64; x64) AppleWebKit/537.36 (KHTML, like Gecko) Chrome/46.0.2486.0 Safari/537.36 Edge/13.10586"
91.51.102.111 - - [28/Jun/2016:11:36:01 +0200] "GET /img/bild_2.jpg HTTP/1.1" 200 37224 "http://www.groeger-bauaufzuege.de/aktuelles.php" "Mozilla/5.0 (Windows NT 10.0; Win64; x64) AppleWebKit/537.36 (KHTML, like Gecko) Chrome/46.0.2486.0 Safari/537.36 Edge/13.10586"
91.51.102.111 - - [28/Jun/2016:11:36:01 +0200] "GET /img/bild_4.jpg HTTP/1.1" 200 31111 "http://www.groeger-bauaufzuege.de/aktuelles.php" "Mozilla/5.0 (Windows NT 10.0; Win64; x64) AppleWebKit/537.36 (KHTML, like Gecko) Chrome/46.0.2486.0 Safari/537.36 Edge/13.10586"
91.51.102.111 - - [28/Jun/2016:11:36:01 +0200] "GET /fancybox/blank.gif HTTP/1.1" 200 43 "http://www.groeger-bauaufzuege.de/aktuelles.php" "Mozilla/5.0 (Windows NT 10.0; Win64; x64) AppleWebKit/537.36 (KHTML, like Gecko) Chrome/46.0.2486.0 Safari/537.36 Edge/13.10586"
91.51.102.111 - - [28/Jun/2016:11:36:01 +0200] "GET /img/grauverlauf.png HTTP/1.1" 200 3242 "http://www.groeger-bauaufzuege.de/aktuelles.php" "Mozilla/5.0 (Windows NT 10.0; Win64; x64) AppleWebKit/537.36 (KHTML, like Gecko) Chrome/46.0.2486.0 Safari/537.36 Edge/13.10586"
91.51.102.111 - - [28/Jun/2016:11:36:01 +0200] "GET /img/favicon.gif HTTP/1.1" 200 119 "-" "Mozilla/5.0 (Windows NT 10.0; Win64; x64) AppleWebKit/537.36 (KHTML, like Gecko) Chrome/46.0.2486.0 Safari/537.36 Edge/13.10586"
91.51.102.111 - - [28/Jun/2016:11:36:02 +0200] "GET /fancybox/fancybox.png HTTP/1.1" 200 15287 "http://www.groeger-bauaufzuege.de/aktuelles.php" "Mozilla/5.0 (Windows NT 10.0; Win64; x64) AppleWebKit/537.36 (KHTML, like Gecko) Chrome/46.0.2486.0 Safari/537.36 Edge/13.10586"
91.51.102.111 - - [28/Jun/2016:11:36:02 +0200] "GET /fancybox/fancybox-y.png HTTP/1.1" 200 176 "http://www.groeger-bauaufzuege.de/aktuelles.php" "Mozilla/5.0 (Windows NT 10.0; Win64; x64) AppleWebKit/537.36 (KHTML, like Gecko) Chrome/46.0.2486.0 Safari/537.36 Edge/13.10586"
91.51.102.111 - - [28/Jun/2016:11:36:02 +0200] "GET /fancybox/fancybox-x.png HTTP/1.1" 200 203 "http://www.groeger-bauaufzuege.de/aktuelles.php" "Mozilla/5.0 (Windows NT 10.0; Win64; x64) AppleWebKit/537.36 (KHTML, like Gecko) Chrome/46.0.2486.0 Safari/537.36 Edge/13.10586"
91.51.102.111 - - [28/Jun/2016:11:36:06 +0200] "GET /kontakt.php HTTP/1.1" 200 6954 "http://www.groeger-bauaufzuege.de/aktuelles.php" "Mozilla/5.0 (Windows NT 10.0; Win64; x64) AppleWebKit/537.36 (KHTML, like Gecko) Chrome/46.0.2486.0 Safari/537.36 Edge/13.10586"
52.3.127.144 - - [28/Jun/2016:11:37:21 +0200] "GET /robots.txt HTTP/1.1" 404 - "-" "ltx71 - (http://ltx71.com/)"
52.3.127.144 - - [28/Jun/2016:11:37:48 +0200] "GET /aktuelles.php HTTP/1.1" 200 6694 "-" "ltx71 - (http://ltx71.com/)"
52.3.127.144 - - [28/Jun/2016:11:43:56 +0200] "GET /robots.txt HTTP/1.1" 404 - "-" "ltx71 - (http://ltx71.com/)"
52.3.127.144 - - [28/Jun/2016:11:44:07 +0200] "GET /leistungen.php HTTP/1.1" 200 9023 "-" "ltx71 - (http://ltx71.com/)"
69.30.236.2 - - [28/Jun/2016:11:45:15 +0200] "GET /robots.txt HTTP/1.0" 404 - "-" "Mozilla/5.0 (compatible; MJ12bot/v1.4.5; http://www.majestic12.co.uk/bot.php?+)"
69.30.236.2 - - [28/Jun/2016:11:45:17 +0200] "GET /kontakt.php HTTP/1.0" 200 6954 "-" "Mozilla/5.0 (compatible; MJ12bot/v1.4.5; http://www.majestic12.co.uk/bot.php?+)"
69.30.236.2 - - [28/Jun/2016:11:45:19 +0200] "GET /unternehmen.php HTTP/1.0" 200 7208 "-" "Mozilla/5.0 (compatible; MJ12bot/v1.4.5; http://www.majestic12.co.uk/bot.php?+)"
66.249.66.187 - - [28/Jun/2016:12:03:36 +0200] "GET /img/1.DeutscheGeruestbaumesse-1.jpg HTTP/1.1" 200 313146 "-" "Googlebot-Image/1.0"
52.3.127.144 - - [28/Jun/2016:12:04:31 +0200] "GET /robots.txt HTTP/1.1" 404 - "-" "ltx71 - (http://ltx71.com/)"
52.3.127.144 - - [28/Jun/2016:12:05:33 +0200] "GET /swfobject.js HTTP/1.1" 200 6880 "-" "ltx71 - (http://ltx71.com/)"
91.51.102.111 - - [28/Jun/2016:12:42:52 +0200] "GET /aktuelles.php HTTP/1.1" 200 6694 "https://www.bing.com/" "Mozilla/5.0 (Windows NT 10.0; Win64; x64) AppleWebKit/537.36 (KHTML, like Gecko) Chrome/46.0.2486.0 Safari/537.36 Edge/13.10586"
91.51.102.111 - - [28/Jun/2016:12:42:55 +0200] "GET /kontakt.php HTTP/1.1" 200 6954 "http://www.groeger-bauaufzuege.de/aktuelles.php" "Mozilla/5.0 (Windows NT 10.0; Win64; x64) AppleWebKit/537.36 (KHTML, like Gecko) Chrome/46.0.2486.0 Safari/537.36 Edge/13.10586"
52.3.127.144 - - [28/Jun/2016:12:48:41 +0200] "GET /robots.txt HTTP/1.1" 404 - "-" "ltx71 - (http://ltx71.com/)"
52.3.127.144 - - [28/Jun/2016:12:49:09 +0200] "GET /aktuelles.php HTTP/1.1" 200 6694 "-" "ltx71 - (http://ltx71.com/)"
52.3.127.144 - - [28/Jun/2016:12:50:53 +0200] "GET /vermietung.php HTTP/1.1" 200 6527 "-" "ltx71 - (http://ltx71.com/)"
52.3.127.144 - - [28/Jun/2016:12:51:51 +0200] "GET /jquery-1.4.3.min.js HTTP/1.1" 200 77746 "-" "ltx71 - (http://ltx71.com/)"
91.51.102.111 - - [28/Jun/2016:13:08:23 +0200] "GET /aktuelles.php HTTP/1.1" 200 6694 "https://www.bing.com/" "Mozilla/5.0 (Windows NT 10.0; Win64; x64) AppleWebKit/537.36 (KHTML, like Gecko) Chrome/46.0.2486.0 Safari/537.36 Edge/13.10586"
91.51.102.111 - - [28/Jun/2016:13:08:25 +0200] "GET /kontakt.php HTTP/1.1" 200 6954 "http://www.groeger-bauaufzuege.de/aktuelles.php" "Mozilla/5.0 (Windows NT 10.0; Win64; x64) AppleWebKit/537.36 (KHTML, like Gecko) Chrome/46.0.2486.0 Safari/537.36 Edge/13.10586"
52.3.127.144 - - [28/Jun/2016:13:09:47 +0200] "GET /robots.txt HTTP/1.1" 404 - "-" "ltx71 - (http://ltx71.com/)"
52.3.127.144 - - [28/Jun/2016:13:10:34 +0200] "GET /img/12042013641.jpg HTTP/1.1" 200 116307 "-" "ltx71 - (http://ltx71.com/)"
52.3.127.144 - - [28/Jun/2016:13:15:27 +0200] "GET /robots.txt HTTP/1.1" 404 - "-" "ltx71 - (http://ltx71.com/)"
52.3.127.144 - - [28/Jun/2016:13:15:49 +0200] "GET /impressum.php HTTP/1.1" 200 8128 "-" "ltx71 - (http://ltx71.com/)"
52.3.127.144 - - [28/Jun/2016:13:35:58 +0200] "GET /robots.txt HTTP/1.1" 404 - "-" "ltx71 - (http://ltx71.com/)"
52.3.127.144 - - [28/Jun/2016:13:36:31 +0200] "GET /index.php HTTP/1.1" 200 6704 "-" "ltx71 - (http://ltx71.com/)"
138.201.59.34 - - [28/Jun/2016:13:46:17 +0200] "GET /robots.txt HTTP/1.0" 404 - "-" "Mozilla/5.0 (compatible; SEOkicks-Robot; +http://www.seokicks.de/robot.html)"
138.201.59.34 - - [28/Jun/2016:13:46:19 +0200] "GET / HTTP/1.0" 200 6704 "-" "Mozilla/5.0 (compatible; SEOkicks-Robot; +http://www.seokicks.de/robot.html)"
138.201.59.34 - - [28/Jun/2016:13:46:21 +0200] "GET /css/groeger.css HTTP/1.0" 200 5467 "http://www.groeger-bauaufzuege.de/" "Mozilla/5.0 (compatible; SEOkicks-Robot; +http://www.seokicks.de/robot.html)"
138.201.59.34 - - [28/Jun/2016:13:46:23 +0200] "GET /swfobject.js HTTP/1.0" 200 6880 "http://www.groeger-bauaufzuege.de/" "Mozilla/5.0 (compatible; SEOkicks-Robot; +http://www.seokicks.de/robot.html)"
138.201.59.34 - - [28/Jun/2016:13:46:24 +0200] "GET /jquery-1.4.3.min.js HTTP/1.0" 200 77746 "http://www.groeger-bauaufzuege.de/" "Mozilla/5.0 (compatible; SEOkicks-Robot; +http://www.seokicks.de/robot.html)"
138.201.59.34 - - [28/Jun/2016:13:46:26 +0200] "GET /jquery.cross-slide.js HTTP/1.0" 200 11724 "http://www.groeger-bauaufzuege.de/" "Mozilla/5.0 (compatible; SEOkicks-Robot; +http://www.seokicks.de/robot.html)"
138.201.59.34 - - [28/Jun/2016:13:46:28 +0200] "GET /fancybox/jquery.fancybox-1.3.4.pack.js HTTP/1.0" 200 15624 "http://www.groeger-bauaufzuege.de/" "Mozilla/5.0 (compatible; SEOkicks-Robot; +http://www.seokicks.de/robot.html)"
138.201.59.34 - - [28/Jun/2016:13:46:30 +0200] "GET /fancybox/jquery.fancybox-1.3.4.css HTTP/1.0" 200 8494 "http://www.groeger-bauaufzuege.de/" "Mozilla/5.0 (compatible; SEOkicks-Robot; +http://www.seokicks.de/robot.html)"
138.201.59.34 - - [28/Jun/2016:13:46:31 +0200] "GET /index.php HTTP/1.0" 200 6704 "http://www.groeger-bauaufzuege.de/" "Mozilla/5.0 (compatible; SEOkicks-Robot; +http://www.seokicks.de/robot.html)"
52.3.127.144 - - [28/Jun/2016:13:52:01 +0200] "GET /robots.txt HTTP/1.1" 404 - "-" "ltx71 - (http://ltx71.com/)"
66.249.66.181 - - [28/Jun/2016:14:13:35 +0200] "GET /download/Newsletter_Groeger_2014-03.pdf HTTP/1.1" 200 857282 "-" "Mozilla/5.0 (compatible; Googlebot/2.1; +http://www.google.com/bot.html)"
52.3.127.144 - - [28/Jun/2016:14:20:27 +0200] "GET /robots.txt HTTP/1.1" 404 - "-" "ltx71 - (http://ltx71.com/)"
52.3.127.144 - - [28/Jun/2016:14:21:58 +0200] "GET /index.php HTTP/1.1" 200 6704 "-" "ltx71 - (http://ltx71.com/)"
157.55.39.158 - - [28/Jun/2016:14:34:02 +0200] "GET /robots.txt HTTP/1.1" 404 - "-" "Mozilla/5.0 (compatible; bingbot/2.0; +http://www.bing.com/bingbot.htm)"
157.55.39.158 - - [28/Jun/2016:14:34:07 +0200] "GET /leistungen.php HTTP/1.1" 200 9023 "-" "Mozilla/5.0 (compatible; bingbot/2.0; +http://www.bing.com/bingbot.htm)"
52.3.127.144 - - [28/Jun/2016:14:42:50 +0200] "GET /robots.txt HTTP/1.1" 404 - "-" "ltx71 - (http://ltx71.com/)"
52.3.127.144 - - [28/Jun/2016:14:44:27 +0200] "GET /index.php HTTP/1.1" 200 6704 "-" "ltx71 - (http://ltx71.com/)"
157.55.39.103 - - [28/Jun/2016:14:49:53 +0200] "GET /robots.txt HTTP/1.1" 404 - "-" "Mozilla/5.0 (compatible; bingbot/2.0; +http://www.bing.com/bingbot.htm)"
78.46.37.41 - - [28/Jun/2016:15:10:12 +0200] "GET / HTTP/1.1" 200 6704 "-" "Mozilla/5.0 (compatible; MSIE 10.0; Windows NT 6.1; WOW64; Trident/6.0)"
78.46.37.41 - - [28/Jun/2016:15:10:12 +0200] "GET /index.php HTTP/1.1" 200 6704 "-" "Mozilla/5.0 (Macintosh; Intel Mac OS X 10_7_3) AppleWebKit/534.55.3 (KHTML, like Gecko) Version/5.1.3 Safari/534.53.10"
