188.202.30.90 - - [11/Jul/2013:10:43:49 +0200] "GET /verkauf.php HTTP/1.1" 200 6239 "http://www.groeger-bauaufzuege.de/leistungen.php" "Mozilla/5.0 (compatible; MSIE 9.0; Windows NT 6.1; WOW64; Trident/5.0)"
188.202.30.90 - - [11/Jul/2013:10:43:49 +0200] "GET /img/logo_boecker.gif HTTP/1.1" 200 2974 "http://www.groeger-bauaufzuege.de/verkauf.php" "Mozilla/5.0 (compatible; MSIE 9.0; Windows NT 6.1; WOW64; Trident/5.0)"
188.202.30.90 - - [11/Jul/2013:10:43:49 +0200] "GET /img/logo_geda.gif HTTP/1.1" 200 4337 "http://www.groeger-bauaufzuege.de/verkauf.php" "Mozilla/5.0 (compatible; MSIE 9.0; Windows NT 6.1; WOW64; Trident/5.0)"
188.202.30.90 - - [11/Jul/2013:10:43:49 +0200] "GET /img/logo_steinbach.jpg HTTP/1.1" 200 9601 "http://www.groeger-bauaufzuege.de/verkauf.php" "Mozilla/5.0 (compatible; MSIE 9.0; Windows NT 6.1; WOW64; Trident/5.0)"
188.202.30.90 - - [11/Jul/2013:10:43:54 +0200] "GET /verkauf.php HTTP/1.1" 200 6239 "http://www.groeger-bauaufzuege.de/verkauf.php" "Mozilla/5.0 (compatible; MSIE 9.0; Windows NT 6.1; WOW64; Trident/5.0)"
188.202.30.90 - - [11/Jul/2013:10:44:09 +0200] "GET /gebrauchtmaschinen.php HTTP/1.1" 200 6062 "http://www.groeger-bauaufzuege.de/verkauf.php" "Mozilla/5.0 (compatible; MSIE 9.0; Windows NT 6.1; WOW64; Trident/5.0)"
188.202.30.90 - - [11/Jul/2013:10:44:18 +0200] "GET /unternehmen.php HTTP/1.1" 200 6859 "http://www.groeger-bauaufzuege.de/gebrauchtmaschinen.php" "Mozilla/5.0 (compatible; MSIE 9.0; Windows NT 6.1; WOW64; Trident/5.0)"
188.202.30.90 - - [11/Jul/2013:10:44:59 +0200] "GET /kontakt.php HTTP/1.1" 200 6666 "http://www.groeger-bauaufzuege.de/unternehmen.php" "Mozilla/5.0 (compatible; MSIE 9.0; Windows NT 6.1; WOW64; Trident/5.0)"
188.202.30.90 - - [11/Jul/2013:10:45:22 +0200] "GET /index.php HTTP/1.1" 200 6430 "http://www.groeger-bauaufzuege.de/kontakt.php" "Mozilla/5.0 (compatible; MSIE 9.0; Windows NT 6.1; WOW64; Trident/5.0)"
188.202.30.90 - - [11/Jul/2013:10:45:27 +0200] "GET /vermietung.php HTTP/1.1" 200 6318 "http://www.groeger-bauaufzuege.de/index.php" "Mozilla/5.0 (compatible; MSIE 9.0; Windows NT 6.1; WOW64; Trident/5.0)"
188.202.30.90 - - [11/Jul/2013:10:46:18 +0200] "GET /kontakt.php HTTP/1.1" 200 6666 "-" "Mozilla/5.0 (compatible; MSIE 9.0; Windows NT 6.1; WOW64; Trident/5.0)"
188.202.30.90 - - [11/Jul/2013:10:47:57 +0200] "GET /kontakt.php HTTP/1.1" 200 6666 "-" "Mozilla/5.0 (compatible; MSIE 9.0; Windows NT 6.1; WOW64; Trident/5.0)"
188.202.30.90 - - [11/Jul/2013:10:50:27 +0200] "GET /kontakt.php HTTP/1.1" 200 6666 "-" "Mozilla/5.0 (compatible; MSIE 9.0; Windows NT 6.1; WOW64; Trident/5.0)"
188.202.30.90 - - [11/Jul/2013:10:50:33 +0200] "GET /impressum.php HTTP/1.1" 200 7582 "http://www.groeger-bauaufzuege.de/kontakt.php" "Mozilla/5.0 (compatible; MSIE 9.0; Windows NT 6.1; WOW64; Trident/5.0)"
188.202.30.90 - - [11/Jul/2013:10:50:44 +0200] "GET /unternehmen.php HTTP/1.1" 200 6859 "http://www.groeger-bauaufzuege.de/impressum.php" "Mozilla/5.0 (compatible; MSIE 9.0; Windows NT 6.1; WOW64; Trident/5.0)"
173.199.116.235 - - [11/Jul/2013:11:44:14 +0200] "GET /vermietung.php HTTP/1.1" 200 6318 "-" "Mozilla/5.0 (compatible; AhrefsBot/4.0; +http://ahrefs.com/robot/)"
188.202.30.90 - - [11/Jul/2013:13:07:22 +0200] "GET /kontakt.php HTTP/1.1" 200 6666 "-" "Mozilla/5.0 (compatible; MSIE 9.0; Windows NT 6.1; WOW64; Trident/5.0)"
188.202.30.90 - - [11/Jul/2013:13:07:22 +0200] "GET /css/groeger.css HTTP/1.1" 200 5363 "http://www.groeger-bauaufzuege.de/kontakt.php" "Mozilla/5.0 (compatible; MSIE 9.0; Windows NT 6.1; WOW64; Trident/5.0)"
188.202.30.90 - - [11/Jul/2013:13:07:22 +0200] "GET /swfobject.js HTTP/1.1" 200 6880 "http://www.groeger-bauaufzuege.de/kontakt.php" "Mozilla/5.0 (compatible; MSIE 9.0; Windows NT 6.1; WOW64; Trident/5.0)"
188.202.30.90 - - [11/Jul/2013:13:07:22 +0200] "GET /jquery.cross-slide.js HTTP/1.1" 200 11724 "http://www.groeger-bauaufzuege.de/kontakt.php" "Mozilla/5.0 (compatible; MSIE 9.0; Windows NT 6.1; WOW64; Trident/5.0)"
188.202.30.90 - - [11/Jul/2013:13:07:22 +0200] "GET /fancybox/jquery.fancybox-1.3.4.pack.js HTTP/1.1" 200 15624 "http://www.groeger-bauaufzuege.de/kontakt.php" "Mozilla/5.0 (compatible; MSIE 9.0; Windows NT 6.1; WOW64; Trident/5.0)"
188.202.30.90 - - [11/Jul/2013:13:07:22 +0200] "GET /jquery-1.4.3.min.js HTTP/1.1" 200 77746 "http://www.groeger-bauaufzuege.de/kontakt.php" "Mozilla/5.0 (compatible; MSIE 9.0; Windows NT 6.1; WOW64; Trident/5.0)"
188.202.30.90 - - [11/Jul/2013:13:07:23 +0200] "GET /img/logo_groeger.gif HTTP/1.1" 200 3605 "http://www.groeger-bauaufzuege.de/kontakt.php" "Mozilla/5.0 (compatible; MSIE 9.0; Windows NT 6.1; WOW64; Trident/5.0)"
188.202.30.90 - - [11/Jul/2013:13:07:23 +0200] "GET /fancybox/jquery.fancybox-1.3.4.css HTTP/1.1" 200 8494 "http://www.groeger-bauaufzuege.de/kontakt.php" "Mozilla/5.0 (compatible; MSIE 9.0; Windows NT 6.1; WOW64; Trident/5.0)"
188.202.30.90 - - [11/Jul/2013:13:07:23 +0200] "GET /img/grauverlauf.png HTTP/1.1" 200 3242 "http://www.groeger-bauaufzuege.de/kontakt.php" "Mozilla/5.0 (compatible; MSIE 9.0; Windows NT 6.1; WOW64; Trident/5.0)"
188.202.30.90 - - [11/Jul/2013:13:07:23 +0200] "GET /fancybox/fancybox.png HTTP/1.1" 200 15287 "http://www.groeger-bauaufzuege.de/kontakt.php" "Mozilla/5.0 (compatible; MSIE 9.0; Windows NT 6.1; WOW64; Trident/5.0)"
188.202.30.90 - - [11/Jul/2013:13:07:23 +0200] "GET /fancybox/fancybox-x.png HTTP/1.1" 200 203 "http://www.groeger-bauaufzuege.de/kontakt.php" "Mozilla/5.0 (compatible; MSIE 9.0; Windows NT 6.1; WOW64; Trident/5.0)"
188.202.30.90 - - [11/Jul/2013:13:07:23 +0200] "GET /fancybox/fancybox-y.png HTTP/1.1" 200 176 "http://www.groeger-bauaufzuege.de/kontakt.php" "Mozilla/5.0 (compatible; MSIE 9.0; Windows NT 6.1; WOW64; Trident/5.0)"
188.202.30.90 - - [11/Jul/2013:13:07:23 +0200] "GET /img/bild_2.jpg HTTP/1.1" 200 53191 "http://www.groeger-bauaufzuege.de/kontakt.php" "Mozilla/5.0 (compatible; MSIE 9.0; Windows NT 6.1; WOW64; Trident/5.0)"
188.202.30.90 - - [11/Jul/2013:13:07:23 +0200] "GET /img/bild_4.jpg HTTP/1.1" 200 45325 "http://www.groeger-bauaufzuege.de/kontakt.php" "Mozilla/5.0 (compatible; MSIE 9.0; Windows NT 6.1; WOW64; Trident/5.0)"
188.202.30.90 - - [11/Jul/2013:13:07:23 +0200] "GET /img/bild_3.jpg HTTP/1.1" 200 57915 "http://www.groeger-bauaufzuege.de/kontakt.php" "Mozilla/5.0 (compatible; MSIE 9.0; Windows NT 6.1; WOW64; Trident/5.0)"
188.202.30.90 - - [11/Jul/2013:13:07:24 +0200] "GET /fancybox/blank.gif HTTP/1.1" 200 43 "http://www.groeger-bauaufzuege.de/kontakt.php" "Mozilla/5.0 (compatible; MSIE 9.0; Windows NT 6.1; WOW64; Trident/5.0)"
188.202.30.90 - - [11/Jul/2013:13:07:24 +0200] "GET /img/bild_1.jpg HTTP/1.1" 200 44440 "http://www.groeger-bauaufzuege.de/kontakt.php" "Mozilla/5.0 (compatible; MSIE 9.0; Windows NT 6.1; WOW64; Trident/5.0)"
188.202.30.90 - - [11/Jul/2013:13:07:24 +0200] "GET /img/favicon.gif HTTP/1.1" 200 119 "-" "Mozilla/5.0 (compatible; MSIE 9.0; Windows NT 6.1; WOW64; Trident/5.0)"
188.202.30.90 - - [11/Jul/2013:13:07:45 +0200] "GET /kontakt.php HTTP/1.1" 200 6666 "-" "Mozilla/5.0 (compatible; MSIE 9.0; Windows NT 6.1; WOW64; Trident/5.0)"
188.202.30.90 - - [11/Jul/2013:13:07:45 +0200] "GET /img/favicon.gif HTTP/1.1" 200 119 "-" "Mozilla/5.0 (compatible; MSIE 9.0; Windows NT 6.1; WOW64; Trident/5.0)"
192.168.10.18 - - [11/Jul/2013:13:19:23 +0200] "GET / HTTP/1.1" 200 6430 "http://www.google.de/url?sa=t&rct=j&q=groeger&source=web&cd=1&ved=0CC0QFjAA&url=http%3A%2F%2Fwww.groeger-bauaufzuege.de%2F&ei=pZTeUdfrDs7UPLSqgOAM&usg=AFQjCNFBXgtaJQ5GEULKJBrc_pmJTjvlmQ&bvm=bv.48705608,d.ZWU" "Mozilla/5.0 (compatible; MSIE 9.0; Windows NT 6.1; WOW64; Trident/5.0)"
192.168.10.18 - - [11/Jul/2013:13:19:23 +0200] "GET /css/groeger.css HTTP/1.1" 304 - "http://www.groeger-bauaufzuege.de/" "Mozilla/5.0 (compatible; MSIE 9.0; Windows NT 6.1; WOW64; Trident/5.0)"
192.168.10.18 - - [11/Jul/2013:13:19:24 +0200] "GET /img/pfeil.png HTTP/1.1" 200 840 "http://www.groeger-bauaufzuege.de/" "Mozilla/5.0 (compatible; MSIE 9.0; Windows NT 6.1; WOW64; Trident/5.0)"
192.168.10.18 - - [11/Jul/2013:13:19:24 +0200] "GET /img/groeger_web.jpg HTTP/1.1" 200 10877 "http://www.groeger-bauaufzuege.de/" "Mozilla/5.0 (compatible; MSIE 9.0; Windows NT 6.1; WOW64; Trident/5.0)"
188.102.98.26 - - [11/Jul/2013:14:09:44 +0200] "GET / HTTP/1.1" 200 6430 "http://www.google.de/url?sa=t&rct=j&q=gr%C3%B6ger&source=web&cd=2&ved=0CDgQFjAB&url=http%3A%2F%2Fwww.groeger-bauaufzuege.de%2F&ei=caDeUZ7OMozIsgaCt4EI&usg=AFQjCNFBXgtaJQ5GEULKJBrc_pmJTjvlmQ&bvm=bv.48705608,d.Yms" "Mozilla/5.0 (Windows NT 6.1; rv:22.0) Gecko/20100101 Firefox/22.0"
188.102.98.26 - - [11/Jul/2013:14:09:44 +0200] "GET /css/groeger.css HTTP/1.1" 200 5363 "http://www.groeger-bauaufzuege.de/" "Mozilla/5.0 (Windows NT 6.1; rv:22.0) Gecko/20100101 Firefox/22.0"
188.102.98.26 - - [11/Jul/2013:14:09:44 +0200] "GET /swfobject.js HTTP/1.1" 200 6880 "http://www.groeger-bauaufzuege.de/" "Mozilla/5.0 (Windows NT 6.1; rv:22.0) Gecko/20100101 Firefox/22.0"
188.102.98.26 - - [11/Jul/2013:14:09:44 +0200] "GET /jquery.cross-slide.js HTTP/1.1" 200 11724 "http://www.groeger-bauaufzuege.de/" "Mozilla/5.0 (Windows NT 6.1; rv:22.0) Gecko/20100101 Firefox/22.0"
188.102.98.26 - - [11/Jul/2013:14:09:44 +0200] "GET /fancybox/jquery.fancybox-1.3.4.pack.js HTTP/1.1" 200 15624 "http://www.groeger-bauaufzuege.de/" "Mozilla/5.0 (Windows NT 6.1; rv:22.0) Gecko/20100101 Firefox/22.0"
188.102.98.26 - - [11/Jul/2013:14:09:44 +0200] "GET /fancybox/jquery.fancybox-1.3.4.css HTTP/1.1" 200 8494 "http://www.groeger-bauaufzuege.de/" "Mozilla/5.0 (Windows NT 6.1; rv:22.0) Gecko/20100101 Firefox/22.0"
188.102.98.26 - - [11/Jul/2013:14:09:44 +0200] "GET /img/favicon.gif HTTP/1.1" 200 119 "-" "Mozilla/5.0 (Windows NT 6.1; rv:22.0) Gecko/20100101 Firefox/22.0"
188.102.98.26 - - [11/Jul/2013:14:09:44 +0200] "GET /jquery-1.4.3.min.js HTTP/1.1" 200 77746 "http://www.groeger-bauaufzuege.de/" "Mozilla/5.0 (Windows NT 6.1; rv:22.0) Gecko/20100101 Firefox/22.0"
188.102.98.26 - - [11/Jul/2013:14:09:44 +0200] "GET /img/logo_groeger.gif HTTP/1.1" 200 3605 "http://www.groeger-bauaufzuege.de/" "Mozilla/5.0 (Windows NT 6.1; rv:22.0) Gecko/20100101 Firefox/22.0"
188.102.98.26 - - [11/Jul/2013:14:09:44 +0200] "GET /img/pfeil.png HTTP/1.1" 200 840 "http://www.groeger-bauaufzuege.de/" "Mozilla/5.0 (Windows NT 6.1; rv:22.0) Gecko/20100101 Firefox/22.0"
188.102.98.26 - - [11/Jul/2013:14:09:44 +0200] "GET /img/grauverlauf.png HTTP/1.1" 200 3242 "http://www.groeger-bauaufzuege.de/css/groeger.css" "Mozilla/5.0 (Windows NT 6.1; rv:22.0) Gecko/20100101 Firefox/22.0"
188.102.98.26 - - [11/Jul/2013:14:09:44 +0200] "GET /img/groeger_web.jpg HTTP/1.1" 200 10877 "http://www.groeger-bauaufzuege.de/css/groeger.css" "Mozilla/5.0 (Windows NT 6.1; rv:22.0) Gecko/20100101 Firefox/22.0"
188.102.98.26 - - [11/Jul/2013:14:09:44 +0200] "GET /img/bild_1.jpg HTTP/1.1" 200 44440 "http://www.groeger-bauaufzuege.de/" "Mozilla/5.0 (Windows NT 6.1; rv:22.0) Gecko/20100101 Firefox/22.0"
188.102.98.26 - - [11/Jul/2013:14:09:44 +0200] "GET /img/bild_2.jpg HTTP/1.1" 200 53191 "http://www.groeger-bauaufzuege.de/" "Mozilla/5.0 (Windows NT 6.1; rv:22.0) Gecko/20100101 Firefox/22.0"
188.102.98.26 - - [11/Jul/2013:14:09:44 +0200] "GET /img/bild_3.jpg HTTP/1.1" 200 57915 "http://www.groeger-bauaufzuege.de/" "Mozilla/5.0 (Windows NT 6.1; rv:22.0) Gecko/20100101 Firefox/22.0"
188.102.98.26 - - [11/Jul/2013:14:09:44 +0200] "GET /img/bild_4.jpg HTTP/1.1" 200 45325 "http://www.groeger-bauaufzuege.de/" "Mozilla/5.0 (Windows NT 6.1; rv:22.0) Gecko/20100101 Firefox/22.0"
188.102.98.26 - - [11/Jul/2013:14:09:53 +0200] "GET /verkauf.php HTTP/1.1" 200 6239 "http://www.groeger-bauaufzuege.de/" "Mozilla/5.0 (Windows NT 6.1; rv:22.0) Gecko/20100101 Firefox/22.0"
188.102.98.26 - - [11/Jul/2013:14:09:53 +0200] "GET /img/logo_geda.gif HTTP/1.1" 200 4337 "http://www.groeger-bauaufzuege.de/verkauf.php" "Mozilla/5.0 (Windows NT 6.1; rv:22.0) Gecko/20100101 Firefox/22.0"
188.102.98.26 - - [11/Jul/2013:14:09:53 +0200] "GET /img/logo_boecker.gif HTTP/1.1" 200 2974 "http://www.groeger-bauaufzuege.de/verkauf.php" "Mozilla/5.0 (Windows NT 6.1; rv:22.0) Gecko/20100101 Firefox/22.0"
188.102.98.26 - - [11/Jul/2013:14:09:53 +0200] "GET /img/logo_steinbach.jpg HTTP/1.1" 200 9601 "http://www.groeger-bauaufzuege.de/verkauf.php" "Mozilla/5.0 (Windows NT 6.1; rv:22.0) Gecko/20100101 Firefox/22.0"
188.102.98.26 - - [11/Jul/2013:14:09:58 +0200] "GET /verkauf.php HTTP/1.1" 200 6239 "http://www.groeger-bauaufzuege.de/verkauf.php" "Mozilla/5.0 (Windows NT 6.1; rv:22.0) Gecko/20100101 Firefox/22.0"
66.249.75.88 - - [11/Jul/2013:14:27:14 +0200] "GET /robots.txt HTTP/1.1" 404 - "-" "Mozilla/5.0 (compatible; Googlebot/2.1; +http://www.google.com/bot.html)"
66.249.78.76 - - [11/Jul/2013:14:27:14 +0200] "GET /ufylcodnesmckmq.html HTTP/1.1" 404 - "-" "Mozilla/5.0 (compatible; Googlebot/2.1; +http://www.google.com/bot.html)"
87.139.31.219 - - [11/Jul/2013:14:30:21 +0200] "GET / HTTP/1.1" 200 6430 "http://www.google.de/url?sa=t&rct=j&q=gr%C3%B6ger%20bauaufz%C3%BCge&source=web&cd=1&ved=0CDcQFjAA&url=http%3A%2F%2Fwww.groeger-bauaufzuege.de%2F&ei=LKXeUbHnH6Kg0wXdsoHwBA&usg=AFQjCNFBXgtaJQ5GEULKJBrc_pmJTjvlmQ&bvm=bv.48705608,d.Yms" "Mozilla/5.0 (Windows NT 6.1; WOW64; rv:22.0) Gecko/20100101 Firefox/22.0"
87.139.31.219 - - [11/Jul/2013:14:30:21 +0200] "GET /fancybox/jquery.fancybox-1.3.4.css HTTP/1.1" 200 8494 "http://www.groeger-bauaufzuege.de/" "Mozilla/5.0 (Windows NT 6.1; WOW64; rv:22.0) Gecko/20100101 Firefox/22.0"
87.139.31.219 - - [11/Jul/2013:14:30:21 +0200] "GET /css/groeger.css HTTP/1.1" 200 5363 "http://www.groeger-bauaufzuege.de/" "Mozilla/5.0 (Windows NT 6.1; WOW64; rv:22.0) Gecko/20100101 Firefox/22.0"
87.139.31.219 - - [11/Jul/2013:14:30:21 +0200] "GET /swfobject.js HTTP/1.1" 200 6880 "http://www.groeger-bauaufzuege.de/" "Mozilla/5.0 (Windows NT 6.1; WOW64; rv:22.0) Gecko/20100101 Firefox/22.0"
87.139.31.219 - - [11/Jul/2013:14:30:21 +0200] "GET /jquery.cross-slide.js HTTP/1.1" 200 11724 "http://www.groeger-bauaufzuege.de/" "Mozilla/5.0 (Windows NT 6.1; WOW64; rv:22.0) Gecko/20100101 Firefox/22.0"
87.139.31.219 - - [11/Jul/2013:14:30:21 +0200] "GET /fancybox/jquery.fancybox-1.3.4.pack.js HTTP/1.1" 200 15624 "http://www.groeger-bauaufzuege.de/" "Mozilla/5.0 (Windows NT 6.1; WOW64; rv:22.0) Gecko/20100101 Firefox/22.0"
87.139.31.219 - - [11/Jul/2013:14:30:21 +0200] "GET /img/favicon.gif HTTP/1.1" 200 119 "-" "Mozilla/5.0 (Windows NT 6.1; WOW64; rv:22.0) Gecko/20100101 Firefox/22.0"
87.139.31.219 - - [11/Jul/2013:14:30:21 +0200] "GET /jquery-1.4.3.min.js HTTP/1.1" 200 77746 "http://www.groeger-bauaufzuege.de/" "Mozilla/5.0 (Windows NT 6.1; WOW64; rv:22.0) Gecko/20100101 Firefox/22.0"
87.139.31.219 - - [11/Jul/2013:14:30:21 +0200] "GET /img/logo_groeger.gif HTTP/1.1" 200 3605 "http://www.groeger-bauaufzuege.de/" "Mozilla/5.0 (Windows NT 6.1; WOW64; rv:22.0) Gecko/20100101 Firefox/22.0"
87.139.31.219 - - [11/Jul/2013:14:30:21 +0200] "GET /img/pfeil.png HTTP/1.1" 200 840 "http://www.groeger-bauaufzuege.de/" "Mozilla/5.0 (Windows NT 6.1; WOW64; rv:22.0) Gecko/20100101 Firefox/22.0"
87.139.31.219 - - [11/Jul/2013:14:30:21 +0200] "GET /img/groeger_web.jpg HTTP/1.1" 200 10877 "http://www.groeger-bauaufzuege.de/css/groeger.css" "Mozilla/5.0 (Windows NT 6.1; WOW64; rv:22.0) Gecko/20100101 Firefox/22.0"
87.139.31.219 - - [11/Jul/2013:14:30:21 +0200] "GET /img/grauverlauf.png HTTP/1.1" 200 3242 "http://www.groeger-bauaufzuege.de/css/groeger.css" "Mozilla/5.0 (Windows NT 6.1; WOW64; rv:22.0) Gecko/20100101 Firefox/22.0"
87.139.31.219 - - [11/Jul/2013:14:30:21 +0200] "GET /img/bild_1.jpg HTTP/1.1" 200 44440 "http://www.groeger-bauaufzuege.de/" "Mozilla/5.0 (Windows NT 6.1; WOW64; rv:22.0) Gecko/20100101 Firefox/22.0"
87.139.31.219 - - [11/Jul/2013:14:30:21 +0200] "GET /img/bild_2.jpg HTTP/1.1" 200 53191 "http://www.groeger-bauaufzuege.de/" "Mozilla/5.0 (Windows NT 6.1; WOW64; rv:22.0) Gecko/20100101 Firefox/22.0"
87.139.31.219 - - [11/Jul/2013:14:30:21 +0200] "GET /img/bild_3.jpg HTTP/1.1" 200 57915 "http://www.groeger-bauaufzuege.de/" "Mozilla/5.0 (Windows NT 6.1; WOW64; rv:22.0) Gecko/20100101 Firefox/22.0"
87.139.31.219 - - [11/Jul/2013:14:30:21 +0200] "GET /img/bild_4.jpg HTTP/1.1" 200 45325 "http://www.groeger-bauaufzuege.de/" "Mozilla/5.0 (Windows NT 6.1; WOW64; rv:22.0) Gecko/20100101 Firefox/22.0"
87.139.31.219 - - [11/Jul/2013:14:30:35 +0200] "GET /impressum.php HTTP/1.1" 200 7582 "http://www.groeger-bauaufzuege.de/" "Mozilla/5.0 (Windows NT 6.1; WOW64; rv:22.0) Gecko/20100101 Firefox/22.0"
87.139.31.219 - - [11/Jul/2013:14:31:25 +0200] "GET /kontakt.php HTTP/1.1" 200 6666 "http://www.groeger-bauaufzuege.de/impressum.php" "Mozilla/5.0 (Windows NT 6.1; WOW64; rv:22.0) Gecko/20100101 Firefox/22.0"
150.70.97.113 - - [11/Jul/2013:14:33:12 +0200] "GET / HTTP/1.1" 200 6430 "-" "Mozilla/4.0 (compatible; MSIE 8.0; Windows NT 5.1; Trident/4.0)"
150.70.75.38 - - [11/Jul/2013:14:55:44 +0200] "GET / HTTP/1.0" 200 6430 "-" "Mozilla/4.0 (compatible; MSIE 6.0; Windows NT 5.1)"
5.199.136.130 - - [11/Jul/2013:15:15:07 +0200] "GET /robots.txt HTTP/1.1" 404 - "-" "Mozilla/5.0 (compatible; Spiderlytics/1.0; +spider@spiderlytics.com)"
5.199.136.130 - - [11/Jul/2013:15:15:07 +0200] "GET /./kontakt.php HTTP/1.1" 200 6666 "-" "Mozilla/5.0 (compatible; Spiderlytics/1.0; +spider@spiderlytics.com)"
66.249.78.76 - - [11/Jul/2013:16:10:22 +0200] "GET /download/Boecker_Angebote_Easyline.pdf HTTP/1.1" 304 - "-" "Mozilla/5.0 (iPhone; U; CPU iPhone OS 4_1 like Mac OS X; en-us) AppleWebKit/532.9 (KHTML, like Gecko) Version/4.0.5 Mobile/8B117 Safari/6531.22.7 (compatible; Googlebot-Mobile/2.1; +http://www.google.com/bot.html)"
5.199.136.130 - - [11/Jul/2013:20:47:45 +0200] "GET /robots.txt HTTP/1.1" 404 - "-" "Mozilla/5.0 (compatible; Spiderlytics/1.0; +spider@spiderlytics.com)"
5.199.136.130 - - [11/Jul/2013:20:47:45 +0200] "GET /img/logo_boecker.gif HTTP/1.1" 200 2974 "-" "Mozilla/5.0 (compatible; Spiderlytics/1.0; +spider@spiderlytics.com)"
173.199.116.235 - - [11/Jul/2013:22:16:56 +0200] "GET /index.php HTTP/1.1" 200 6430 "-" "Mozilla/5.0 (compatible; AhrefsBot/4.0; +http://ahrefs.com/robot/)"
5.199.136.130 - - [11/Jul/2013:23:23:42 +0200] "GET /robots.txt HTTP/1.1" 404 - "-" "Mozilla/5.0 (compatible; Spiderlytics/1.0; +spider@spiderlytics.com)"
5.199.136.130 - - [11/Jul/2013:23:23:42 +0200] "GET /img/logo_geda.gif HTTP/1.1" 200 4337 "-" "Mozilla/5.0 (compatible; Spiderlytics/1.0; +spider@spiderlytics.com)"
157.56.92.158 - - [12/Jul/2013:00:47:38 +0200] "GET /robots.txt HTTP/1.1" 404 - "-" "Mozilla/5.0 (compatible; bingbot/2.0; +http://www.bing.com/bingbot.htm)"
157.56.92.158 - - [12/Jul/2013:00:58:10 +0200] "GET /kontakt.php HTTP/1.1" 200 6666 "-" "Mozilla/5.0 (compatible; bingbot/2.0; +http://www.bing.com/bingbot.htm)"
157.55.35.99 - - [12/Jul/2013:02:07:51 +0200] "GET /robots.txt HTTP/1.1" 404 - "-" "Mozilla/5.0 (compatible; bingbot/2.0; +http://www.bing.com/bingbot.htm)"
37.59.16.211 - - [12/Jul/2013:02:16:16 +0200] "GET /download/Newsletter_Groeger_11-06_Innung.pdf HTTP/1.1" 200 422119 "-" "Mozilla/5.0 (X11; Linux i686; rv:6.0) Gecko/20100101 Firefox/6.0"
193.111.141.44 - - [12/Jul/2013:02:16:16 +0200] "GET /download/Groeger-Newsletter-Dachdecker11.pdf HTTP/1.1" 200 357192 "-" "Mozilla/5.0 (X11; Linux i686; rv:6.0) Gecko/20100101 Firefox/6.0"
37.59.16.73 - - [12/Jul/2013:02:16:17 +0200] "GET /download/Newsletter-Groeger-Dachdecker-2011-04.pdf HTTP/1.1" 200 248596 "-" "Mozilla/5.0 (X11; Linux i686; rv:6.0) Gecko/20100101 Firefox/6.0"
157.55.35.99 - - [12/Jul/2013:03:05:53 +0200] "GET /download/Newsletter_Groeger_2012-06.pdf HTTP/1.1" 200 309498 "-" "Mozilla/5.0 (compatible; bingbot/2.0; +http://www.bing.com/bingbot.htm)"
66.249.78.76 - - [12/Jul/2013:03:25:58 +0200] "GET /robots.txt HTTP/1.1" 404 - "-" "Mozilla/5.0 (compatible; Googlebot/2.1; +http://www.google.com/bot.html)"
66.249.78.76 - - [12/Jul/2013:03:33:23 +0200] "GET /download/Newsletter-Groeger-Dachdecker-2011-04.pdf HTTP/1.1" 200 248596 "-" "Mozilla/5.0 (iPhone; U; CPU iPhone OS 4_1 like Mac OS X; en-us) AppleWebKit/532.9 (KHTML, like Gecko) Version/4.0.5 Mobile/8B117 Safari/6531.22.7 (compatible; Googlebot-Mobile/2.1; +http://www.google.com/bot.html)"
5.199.136.130 - - [12/Jul/2013:04:15:24 +0200] "GET /robots.txt HTTP/1.1" 404 - "-" "Mozilla/5.0 (compatible; Spiderlytics/1.0; +spider@spiderlytics.com)"
5.199.136.130 - - [12/Jul/2013:04:15:24 +0200] "GET /img/bild_1.jpg HTTP/1.1" 200 44440 "-" "Mozilla/5.0 (compatible; Spiderlytics/1.0; +spider@spiderlytics.com)"
66.249.75.88 - - [12/Jul/2013:05:32:29 +0200] "GET /download/Lift_D.pdf HTTP/1.1" 304 - "-" "DoCoMo/2.0 N905i(c100;TB;W24H16) (compatible; Googlebot-Mobile/2.1; +http://www.google.com/bot.html)"
66.249.78.76 - - [12/Jul/2013:05:34:55 +0200] "GET /download/Lift_D.pdf HTTP/1.1" 200 1178879 "-" "SAMSUNG-SGH-E250/1.0 Profile/MIDP-2.0 Configuration/CLDC-1.1 UP.Browser/6.2.3.3.c.1.101 (GUI) MMP/2.0 (compatible; Googlebot-Mobile/2.1; +http://www.google.com/bot.html)"
80.187.107.84 - - [12/Jul/2013:12:12:18 +0200] "GET /kontakt.php HTTP/1.1" 200 6666 "http://www.google.de/" "Mozilla/5.0 (iPhone; CPU iPhone OS 6_1_3 like Mac OS X) AppleWebKit/536.26 (KHTML, like Gecko) Mobile/10B329"
80.187.107.84 - - [12/Jul/2013:12:12:19 +0200] "GET /css/groeger.css HTTP/1.1" 200 5363 "http://www.groeger-bauaufzuege.de/kontakt.php" "Mozilla/5.0 (iPhone; CPU iPhone OS 6_1_3 like Mac OS X) AppleWebKit/536.26 (KHTML, like Gecko) Mobile/10B329"
80.187.107.84 - - [12/Jul/2013:12:12:19 +0200] "GET /swfobject.js HTTP/1.1" 200 6880 "http://www.groeger-bauaufzuege.de/kontakt.php" "Mozilla/5.0 (iPhone; CPU iPhone OS 6_1_3 like Mac OS X) AppleWebKit/536.26 (KHTML, like Gecko) Mobile/10B329"
80.187.107.84 - - [12/Jul/2013:12:12:19 +0200] "GET /jquery.cross-slide.js HTTP/1.1" 200 11724 "http://www.groeger-bauaufzuege.de/kontakt.php" "Mozilla/5.0 (iPhone; CPU iPhone OS 6_1_3 like Mac OS X) AppleWebKit/536.26 (KHTML, like Gecko) Mobile/10B329"
80.187.107.84 - - [12/Jul/2013:12:12:19 +0200] "GET /fancybox/jquery.fancybox-1.3.4.pack.js HTTP/1.1" 200 15624 "http://www.groeger-bauaufzuege.de/kontakt.php" "Mozilla/5.0 (iPhone; CPU iPhone OS 6_1_3 like Mac OS X) AppleWebKit/536.26 (KHTML, like Gecko) Mobile/10B329"
80.187.107.84 - - [12/Jul/2013:12:12:19 +0200] "GET /fancybox/jquery.fancybox-1.3.4.css HTTP/1.1" 200 8494 "http://www.groeger-bauaufzuege.de/kontakt.php" "Mozilla/5.0 (iPhone; CPU iPhone OS 6_1_3 like Mac OS X) AppleWebKit/536.26 (KHTML, like Gecko) Mobile/10B329"
80.187.107.84 - - [12/Jul/2013:12:12:19 +0200] "GET /jquery-1.4.3.min.js HTTP/1.1" 200 77746 "http://www.groeger-bauaufzuege.de/kontakt.php" "Mozilla/5.0 (iPhone; CPU iPhone OS 6_1_3 like Mac OS X) AppleWebKit/536.26 (KHTML, like Gecko) Mobile/10B329"
80.187.107.84 - - [12/Jul/2013:12:12:19 +0200] "GET /img/logo_groeger.gif HTTP/1.1" 200 3605 "http://www.groeger-bauaufzuege.de/kontakt.php" "Mozilla/5.0 (iPhone; CPU iPhone OS 6_1_3 like Mac OS X) AppleWebKit/536.26 (KHTML, like Gecko) Mobile/10B329"
80.187.107.84 - - [12/Jul/2013:12:12:19 +0200] "GET /img/grauverlauf.png HTTP/1.1" 200 3242 "http://www.groeger-bauaufzuege.de/kontakt.php" "Mozilla/5.0 (iPhone; CPU iPhone OS 6_1_3 like Mac OS X) AppleWebKit/536.26 (KHTML, like Gecko) Mobile/10B329"
80.187.107.84 - - [12/Jul/2013:12:12:19 +0200] "GET /img/bild_1.jpg HTTP/1.1" 200 44440 "http://www.groeger-bauaufzuege.de/kontakt.php" "Mozilla/5.0 (iPhone; CPU iPhone OS 6_1_3 like Mac OS X) AppleWebKit/536.26 (KHTML, like Gecko) Mobile/10B329"
80.187.107.84 - - [12/Jul/2013:12:12:20 +0200] "GET /img/bild_3.jpg HTTP/1.1" 200 57915 "http://www.groeger-bauaufzuege.de/kontakt.php" "Mozilla/5.0 (iPhone; CPU iPhone OS 6_1_3 like Mac OS X) AppleWebKit/536.26 (KHTML, like Gecko) Mobile/10B329"
80.187.107.84 - - [12/Jul/2013:12:12:20 +0200] "GET /img/bild_4.jpg HTTP/1.1" 200 45325 "http://www.groeger-bauaufzuege.de/kontakt.php" "Mozilla/5.0 (iPhone; CPU iPhone OS 6_1_3 like Mac OS X) AppleWebKit/536.26 (KHTML, like Gecko) Mobile/10B329"
80.187.107.84 - - [12/Jul/2013:12:12:20 +0200] "GET /img/bild_2.jpg HTTP/1.1" 200 53191 "http://www.groeger-bauaufzuege.de/kontakt.php" "Mozilla/5.0 (iPhone; CPU iPhone OS 6_1_3 like Mac OS X) AppleWebKit/536.26 (KHTML, like Gecko) Mobile/10B329"
80.187.107.84 - - [12/Jul/2013:12:12:20 +0200] "GET /img/bild_1.jpg HTTP/1.1" 200 44440 "http://www.groeger-bauaufzuege.de/kontakt.php" "Mozilla/5.0 (iPhone; CPU iPhone OS 6_1_3 like Mac OS X) AppleWebKit/536.26 (KHTML, like Gecko) Mobile/10B329"
130.83.167.153 - - [12/Jul/2013:12:12:33 +0200] "GET /robots.txt HTTP/1.1" 404 - "-" "findlinks/2.6 (+http://wortschatz.uni-leipzig.de/findlinks/)"
157.56.92.158 - - [12/Jul/2013:12:52:22 +0200] "GET /robots.txt HTTP/1.1" 404 - "-" "Mozilla/5.0 (compatible; bingbot/2.0; +http://www.bing.com/bingbot.htm)"
157.56.92.158 - - [12/Jul/2013:12:53:09 +0200] "GET /javascript; HTTP/1.1" 404 - "-" "Mozilla/5.0 (compatible; bingbot/2.0; +http://www.bing.com/bingbot.htm)"
208.115.113.89 - - [12/Jul/2013:13:12:03 +0200] "GET /robots.txt HTTP/1.1" 404 - "-" "Mozilla/5.0 (compatible; Ezooms/1.0; ezooms.bot@gmail.com)"
66.249.78.76 - - [12/Jul/2013:14:33:38 +0200] "GET /robots.txt HTTP/1.1" 404 - "-" "Mozilla/5.0 (compatible; Googlebot/2.1; +http://www.google.com/bot.html)"
66.249.78.76 - - [12/Jul/2013:14:33:39 +0200] "GET / HTTP/1.1" 200 6430 "-" "Mozilla/5.0 (iPhone; U; CPU iPhone OS 4_1 like Mac OS X; en-us) AppleWebKit/532.9 (KHTML, like Gecko) Version/4.0.5 Mobile/8B117 Safari/6531.22.7 (compatible; Googlebot-Mobile/2.1; +http://www.google.com/bot.html)"
208.115.113.89 - - [12/Jul/2013:15:01:43 +0200] "GET /gebrauchtmaschinen.php HTTP/1.1" 200 6062 "-" "Mozilla/5.0 (compatible; Ezooms/1.0; ezooms.bot@gmail.com)"
66.249.75.88 - - [12/Jul/2013:16:55:38 +0200] "GET /download/Newsletter_Groeger_2013-04.pdf HTTP/1.1" 304 - "-" "Mozilla/5.0 (iPhone; U; CPU iPhone OS 4_1 like Mac OS X; en-us) AppleWebKit/532.9 (KHTML, like Gecko) Version/4.0.5 Mobile/8B117 Safari/6531.22.7 (compatible; Googlebot-Mobile/2.1; +http://www.google.com/bot.html)"
157.55.35.99 - - [12/Jul/2013:18:14:28 +0200] "GET /robots.txt HTTP/1.1" 404 - "-" "Mozilla/5.0 (compatible; bingbot/2.0; +http://www.bing.com/bingbot.htm)"
157.55.35.99 - - [12/Jul/2013:18:15:06 +0200] "GET /download/Newsletter_Groeger_11-06_Innung.pdf HTTP/1.1" 200 422119 "-" "Mozilla/5.0 (compatible; bingbot/2.0; +http://www.bing.com/bingbot.htm)"
130.83.167.153 - - [12/Jul/2013:20:35:33 +0200] "GET /gebrauchtmaschinen.php HTTP/1.1" 200 6062 "-" "findlinks/2.6 (+http://wortschatz.uni-leipzig.de/findlinks/)"
72.20.5.10 - - [12/Jul/2013:21:13:09 +0200] "GET //wp-login.php HTTP/1.1" 404 - "-" "Mozilla/4.0 (compatible; MSIE 6.0; Windows 98)"
157.55.35.99 - - [12/Jul/2013:21:40:44 +0200] "GET /robots.txt HTTP/1.1" 404 - "-" "Mozilla/5.0 (compatible; bingbot/2.0; +http://www.bing.com/bingbot.htm)"
157.55.35.99 - - [12/Jul/2013:21:41:36 +0200] "GET /verkauf.php HTTP/1.1" 200 6239 "-" "Mozilla/5.0 (compatible; bingbot/2.0; +http://www.bing.com/bingbot.htm)"
139.18.2.209 - - [12/Jul/2013:22:15:15 +0200] "GET /angebote.php HTTP/1.1" 200 9943 "-" "findlinks/2.6 (+http://wortschatz.uni-leipzig.de/findlinks/)"
37.140.141.34 - - [13/Jul/2013:00:44:20 +0200] "GET /robots.txt HTTP/1.1" 404 - "-" "Mozilla/5.0 (compatible; YandexImages/3.0; +http://yandex.com/bots)"
157.56.92.158 - - [13/Jul/2013:01:53:05 +0200] "GET /robots.txt HTTP/1.1" 404 - "-" "Mozilla/5.0 (compatible; bingbot/2.0; +http://www.bing.com/bingbot.htm)"
157.56.92.158 - - [13/Jul/2013:01:54:13 +0200] "GET / HTTP/1.1" 200 6430 "-" "Mozilla/5.0 (compatible; bingbot/2.0; +http://www.bing.com/bingbot.htm)"
37.140.141.34 - - [13/Jul/2013:02:00:25 +0200] "GET /img/12042013641.jpg HTTP/1.1" 200 116307 "-" "Mozilla/5.0 (compatible; YandexImages/3.0; +http://yandex.com/bots)"
66.249.78.76 - - [13/Jul/2013:02:51:59 +0200] "GET /robots.txt HTTP/1.1" 404 - "-" "Mozilla/5.0 (compatible; Googlebot/2.1; +http://www.google.com/bot.html)"
66.249.78.76 - - [13/Jul/2013:02:51:59 +0200] "GET /leistungen.php HTTP/1.1" 200 7141 "-" "Mozilla/5.0 (iPhone; U; CPU iPhone OS 4_1 like Mac OS X; en-us) AppleWebKit/532.9 (KHTML, like Gecko) Version/4.0.5 Mobile/8B117 Safari/6531.22.7 (compatible; Googlebot-Mobile/2.1; +http://www.google.com/bot.html)"
66.249.78.76 - - [13/Jul/2013:03:15:16 +0200] "GET /gebrauchtmaschinen.php HTTP/1.1" 200 6062 "-" "SAMSUNG-SGH-E250/1.0 Profile/MIDP-2.0 Configuration/CLDC-1.1 UP.Browser/6.2.3.3.c.1.101 (GUI) MMP/2.0 (compatible; Googlebot-Mobile/2.1; +http://www.google.com/bot.html)"
66.249.78.76 - - [13/Jul/2013:04:44:35 +0200] "GET / HTTP/1.1" 200 6430 "-" "Mozilla/5.0 (compatible; Googlebot/2.1; +http://www.google.com/bot.html)"
130.83.167.153 - - [13/Jul/2013:08:11:48 +0200] "GET /verkauf.php HTTP/1.1" 200 6239 "-" "findlinks/2.6 (+http://wortschatz.uni-leipzig.de/findlinks/)"
130.83.167.153 - - [13/Jul/2013:09:55:21 +0200] "GET /aktuelles.php HTTP/1.1" 200 10521 "-" "findlinks/2.6 (+http://wortschatz.uni-leipzig.de/findlinks/)"
85.114.142.245 - - [13/Jul/2013:11:07:49 +0200] "GET /kontakt.php HTTP/1.1" 200 6666 "-" "findlinks/2.6 (+http://wortschatz.uni-leipzig.de/findlinks/)"
85.114.142.245 - - [13/Jul/2013:11:28:34 +0200] "GET /vermietung.php HTTP/1.1" 200 6318 "-" "findlinks/2.6 (+http://wortschatz.uni-leipzig.de/findlinks/)"
157.56.92.158 - - [13/Jul/2013:13:00:33 +0200] "GET /robots.txt HTTP/1.1" 404 - "-" "Mozilla/5.0 (compatible; bingbot/2.0; +http://www.bing.com/bingbot.htm)"
157.56.92.158 - - [13/Jul/2013:13:02:09 +0200] "GET /angebote.php HTTP/1.1" 200 9943 "-" "Mozilla/5.0 (compatible; bingbot/2.0; +http://www.bing.com/bingbot.htm)"
66.249.72.88 - - [13/Jul/2013:13:03:54 +0200] "GET /robots.txt HTTP/1.1" 404 - "-" "Mozilla/5.0 (compatible; Googlebot/2.1; +http://www.google.com/bot.html)"
66.249.78.76 - - [13/Jul/2013:13:03:54 +0200] "GET /aktuelles.php HTTP/1.1" 200 10521 "-" "Mozilla/5.0 (iPhone; U; CPU iPhone OS 4_1 like Mac OS X; en-us) AppleWebKit/532.9 (KHTML, like Gecko) Version/4.0.5 Mobile/8B117 Safari/6531.22.7 (compatible; Googlebot-Mobile/2.1; +http://www.google.com/bot.html)"
85.114.142.245 - - [13/Jul/2013:14:35:10 +0200] "GET /leistungen.php HTTP/1.1" 200 7141 "-" "findlinks/2.6 (+http://wortschatz.uni-leipzig.de/findlinks/)"
66.249.72.88 - - [13/Jul/2013:16:32:02 +0200] "GET /fancybox/jquery.fancybox-1.3.4.css HTTP/1.1" 200 8494 "-" "Mozilla/5.0 (compatible; Googlebot/2.1; +http://www.google.com/bot.html)"
66.249.78.76 - - [13/Jul/2013:16:32:02 +0200] "GET /css/groeger.css HTTP/1.1" 200 5363 "-" "Mozilla/5.0 (compatible; Googlebot/2.1; +http://www.google.com/bot.html)"
5.10.83.105 - - [13/Jul/2013:16:38:51 +0200] "GET / HTTP/1.1" 200 6430 "-" "Mozilla/5.0 (compatible; AhrefsBot/5.0; +http://ahrefs.com/robot/)"
66.249.78.76 - - [13/Jul/2013:20:09:35 +0200] "GET / HTTP/1.1" 200 6430 "-" "SAMSUNG-SGH-E250/1.0 Profile/MIDP-2.0 Configuration/CLDC-1.1 UP.Browser/6.2.3.3.c.1.101 (GUI) MMP/2.0 (compatible; Googlebot-Mobile/2.1; +http://www.google.com/bot.html)"
199.189.87.151 - - [13/Jul/2013:20:59:25 +0200] "GET / HTTP/1.1" 200 6430 "-" "Mozilla/4.0 (compatible; MSIE 6.0; Windows 98; Win 9x4.90)"
91.20.42.115 - - [13/Jul/2013:21:40:43 +0200] "GET / HTTP/1.1" 200 6430 "http://www.google.de/url?sa=t&rct=j&q=%20%20baulift%20senkrecht&source=web&cd=6&ved=0CHAQFjAF&url=http%3A%2F%2Fwww.groeger-bauaufzuege.de%2F&ei=5qzhUZmxKcfrPOmEgfgB&usg=AFQjCNFBXgtaJQ5GEULKJBrc_pmJTjvlmQ" "Mozilla/5.0 (compatible; MSIE 9.0; Windows NT 6.1; WOW64; Trident/5.0; MASBJS)"
91.20.42.115 - - [13/Jul/2013:21:40:44 +0200] "GET /css/groeger.css HTTP/1.1" 200 5363 "http://www.groeger-bauaufzuege.de/" "Mozilla/5.0 (compatible; MSIE 9.0; Windows NT 6.1; WOW64; Trident/5.0; MASBJS)"
91.20.42.115 - - [13/Jul/2013:21:40:44 +0200] "GET /swfobject.js HTTP/1.1" 200 6880 "http://www.groeger-bauaufzuege.de/" "Mozilla/5.0 (compatible; MSIE 9.0; Windows NT 6.1; WOW64; Trident/5.0; MASBJS)"
91.20.42.115 - - [13/Jul/2013:21:40:44 +0200] "GET /jquery.cross-slide.js HTTP/1.1" 200 11724 "http://www.groeger-bauaufzuege.de/" "Mozilla/5.0 (compatible; MSIE 9.0; Windows NT 6.1; WOW64; Trident/5.0; MASBJS)"
91.20.42.115 - - [13/Jul/2013:21:40:44 +0200] "GET /fancybox/jquery.fancybox-1.3.4.pack.js HTTP/1.1" 200 15624 "http://www.groeger-bauaufzuege.de/" "Mozilla/5.0 (compatible; MSIE 9.0; Windows NT 6.1; WOW64; Trident/5.0; MASBJS)"
91.20.42.115 - - [13/Jul/2013:21:40:44 +0200] "GET /fancybox/jquery.fancybox-1.3.4.css HTTP/1.1" 200 8494 "http://www.groeger-bauaufzuege.de/" "Mozilla/5.0 (compatible; MSIE 9.0; Windows NT 6.1; WOW64; Trident/5.0; MASBJS)"
91.20.42.115 - - [13/Jul/2013:21:40:44 +0200] "GET /img/logo_groeger.gif HTTP/1.1" 200 3605 "http://www.groeger-bauaufzuege.de/" "Mozilla/5.0 (compatible; MSIE 9.0; Windows NT 6.1; WOW64; Trident/5.0; MASBJS)"
91.20.42.115 - - [13/Jul/2013:21:40:44 +0200] "GET /img/pfeil.png HTTP/1.1" 200 840 "http://www.groeger-bauaufzuege.de/" "Mozilla/5.0 (compatible; MSIE 9.0; Windows NT 6.1; WOW64; Trident/5.0; MASBJS)"
91.20.42.115 - - [13/Jul/2013:21:40:44 +0200] "GET /img/bild_1.jpg HTTP/1.1" 200 44440 "http://www.groeger-bauaufzuege.de/" "Mozilla/5.0 (compatible; MSIE 9.0; Windows NT 6.1; WOW64; Trident/5.0; MASBJS)"
91.20.42.115 - - [13/Jul/2013:21:40:44 +0200] "GET /jquery-1.4.3.min.js HTTP/1.1" 200 77746 "http://www.groeger-bauaufzuege.de/" "Mozilla/5.0 (compatible; MSIE 9.0; Windows NT 6.1; WOW64; Trident/5.0; MASBJS)"
91.20.42.115 - - [13/Jul/2013:21:40:46 +0200] "GET /img/grauverlauf.png HTTP/1.1" 200 3242 "http://www.groeger-bauaufzuege.de/" "Mozilla/5.0 (compatible; MSIE 9.0; Windows NT 6.1; WOW64; Trident/5.0; MASBJS)"
91.20.42.115 - - [13/Jul/2013:21:40:46 +0200] "GET /img/groeger_web.jpg HTTP/1.1" 200 10877 "http://www.groeger-bauaufzuege.de/" "Mozilla/5.0 (compatible; MSIE 9.0; Windows NT 6.1; WOW64; Trident/5.0; MASBJS)"
91.20.42.115 - - [13/Jul/2013:21:40:46 +0200] "GET /img/bild_4.jpg HTTP/1.1" 200 45325 "http://www.groeger-bauaufzuege.de/" "Mozilla/5.0 (compatible; MSIE 9.0; Windows NT 6.1; WOW64; Trident/5.0; MASBJS)"
91.20.42.115 - - [13/Jul/2013:21:40:47 +0200] "GET /fancybox/fancybox-y.png HTTP/1.1" 200 176 "http://www.groeger-bauaufzuege.de/" "Mozilla/5.0 (compatible; MSIE 9.0; Windows NT 6.1; WOW64; Trident/5.0; MASBJS)"
91.20.42.115 - - [13/Jul/2013:21:40:47 +0200] "GET /fancybox/fancybox-x.png HTTP/1.1" 200 203 "http://www.groeger-bauaufzuege.de/" "Mozilla/5.0 (compatible; MSIE 9.0; Windows NT 6.1; WOW64; Trident/5.0; MASBJS)"
91.20.42.115 - - [13/Jul/2013:21:40:47 +0200] "GET /fancybox/blank.gif HTTP/1.1" 200 43 "http://www.groeger-bauaufzuege.de/" "Mozilla/5.0 (compatible; MSIE 9.0; Windows NT 6.1; WOW64; Trident/5.0; MASBJS)"
91.20.42.115 - - [13/Jul/2013:21:40:46 +0200] "GET /img/bild_2.jpg HTTP/1.1" 200 53191 "http://www.groeger-bauaufzuege.de/" "Mozilla/5.0 (compatible; MSIE 9.0; Windows NT 6.1; WOW64; Trident/5.0; MASBJS)"
91.20.42.115 - - [13/Jul/2013:21:40:48 +0200] "GET /fancybox/fancybox.png HTTP/1.1" 200 15287 "http://www.groeger-bauaufzuege.de/" "Mozilla/5.0 (compatible; MSIE 9.0; Windows NT 6.1; WOW64; Trident/5.0; MASBJS)"
91.20.42.115 - - [13/Jul/2013:21:40:46 +0200] "GET /img/bild_3.jpg HTTP/1.1" 200 57915 "http://www.groeger-bauaufzuege.de/" "Mozilla/5.0 (compatible; MSIE 9.0; Windows NT 6.1; WOW64; Trident/5.0; MASBJS)"
91.20.42.115 - - [13/Jul/2013:21:40:49 +0200] "GET /img/favicon.gif HTTP/1.1" 200 119 "-" "Mozilla/5.0 (compatible; MSIE 9.0; Windows NT 6.1; WOW64; Trident/5.0; MASBJS)"
91.20.42.115 - - [13/Jul/2013:21:41:17 +0200] "GET /index.php HTTP/1.1" 200 6430 "http://www.groeger-bauaufzuege.de/" "Mozilla/5.0 (compatible; MSIE 9.0; Windows NT 6.1; WOW64; Trident/5.0; MASBJS)"
91.20.42.115 - - [13/Jul/2013:21:41:17 +0200] "GET /img/favicon.gif HTTP/1.1" 200 119 "-" "Mozilla/5.0 (compatible; MSIE 9.0; Windows NT 6.1; WOW64; Trident/5.0; MASBJS)"
91.20.42.115 - - [13/Jul/2013:21:41:19 +0200] "GET /aktuelles.php HTTP/1.1" 200 10521 "http://www.groeger-bauaufzuege.de/index.php" "Mozilla/5.0 (compatible; MSIE 9.0; Windows NT 6.1; WOW64; Trident/5.0; MASBJS)"
91.20.42.115 - - [13/Jul/2013:21:41:20 +0200] "GET /img/Newsletter_Groeger_2013-06.png HTTP/1.1" 200 23068 "http://www.groeger-bauaufzuege.de/aktuelles.php" "Mozilla/5.0 (compatible; MSIE 9.0; Windows NT 6.1; WOW64; Trident/5.0; MASBJS)"
91.20.42.115 - - [13/Jul/2013:21:41:24 +0200] "GET /verkauf.php HTTP/1.1" 200 6239 "http://www.groeger-bauaufzuege.de/aktuelles.php" "Mozilla/5.0 (compatible; MSIE 9.0; Windows NT 6.1; WOW64; Trident/5.0; MASBJS)"
91.20.42.115 - - [13/Jul/2013:21:41:24 +0200] "GET /img/logo_geda.gif HTTP/1.1" 200 4337 "http://www.groeger-bauaufzuege.de/verkauf.php" "Mozilla/5.0 (compatible; MSIE 9.0; Windows NT 6.1; WOW64; Trident/5.0; MASBJS)"
91.20.42.115 - - [13/Jul/2013:21:41:24 +0200] "GET /img/logo_boecker.gif HTTP/1.1" 200 2974 "http://www.groeger-bauaufzuege.de/verkauf.php" "Mozilla/5.0 (compatible; MSIE 9.0; Windows NT 6.1; WOW64; Trident/5.0; MASBJS)"
91.20.42.115 - - [13/Jul/2013:21:41:24 +0200] "GET /img/logo_steinbach.jpg HTTP/1.1" 200 9601 "http://www.groeger-bauaufzuege.de/verkauf.php" "Mozilla/5.0 (compatible; MSIE 9.0; Windows NT 6.1; WOW64; Trident/5.0; MASBJS)"
157.55.35.99 - - [13/Jul/2013:22:21:58 +0200] "GET /robots.txt HTTP/1.1" 404 - "-" "Mozilla/5.0 (compatible; bingbot/2.0; +http://www.bing.com/bingbot.htm)"
157.55.35.99 - - [13/Jul/2013:22:23:03 +0200] "GET /verkauf.php HTTP/1.1" 200 6239 "-" "Mozilla/5.0 (compatible; bingbot/2.0; +http://www.bing.com/bingbot.htm)"
85.114.142.245 - - [13/Jul/2013:22:43:34 +0200] "GET /unternehmen.php HTTP/1.1" 200 6859 "-" "findlinks/2.6 (+http://wortschatz.uni-leipzig.de/findlinks/)"
46.115.58.30 - - [13/Jul/2013:22:50:42 +0200] "GET /download/Newsletter_Groeger_2013-06.pdf HTTP/1.1" 200 531601 "-" "Dalvik/1.6.0 (Linux; U; Android 4.1.2; GT-N8000 Build/JZO54K)"
46.115.58.30 - - [13/Jul/2013:22:51:53 +0200] "GET /link/20130605 HTTP/1.1" 302 - "-" "Mozilla/5.0 (Linux; U; Android 4.1.2; de-de; GT-N8000 Build/JZO54K) AppleWebKit/534.30 (KHTML, like Gecko) Version/4.0 Safari/534.30"
46.115.58.30 - - [13/Jul/2013:22:51:56 +0200] "GET /download/Boecker_Anhaengerkrane.pdf HTTP/1.1" 200 2136456 "-" "Dalvik/1.6.0 (Linux; U; Android 4.1.2; GT-N8000 Build/JZO54K)"
83.133.125.202 - - [13/Jul/2013:23:02:56 +0200] "GET / HTTP/1.0" 200 6430 "-" "-"
83.133.125.202 - - [13/Jul/2013:23:02:57 +0200] "GET / HTTP/1.0" 200 6430 "-" "Mozilla/5.0 (Windows NT 6.1; WOW64; rv:19.0) Gecko/20100101 Firefox/19.0"
83.133.125.202 - - [13/Jul/2013:23:02:57 +0200] "GET / HTTP/1.0" 200 6430 "-" "-"
66.249.72.88 - - [14/Jul/2013:00:32:15 +0200] "GET /download/Boecker_Angebote_Easyline.pdf HTTP/1.1" 200 649684 "-" "DoCoMo/2.0 N905i(c100;TB;W24H16) (compatible; Googlebot-Mobile/2.1; +http://www.google.com/bot.html)"
130.83.167.153 - - [14/Jul/2013:00:38:33 +0200] "GET /impressum.php HTTP/1.1" 200 7582 "-" "findlinks/2.6 (+http://wortschatz.uni-leipzig.de/findlinks/)"
66.249.72.88 - - [14/Jul/2013:01:40:31 +0200] "GET /robots.txt HTTP/1.1" 404 - "-" "Mozilla/5.0 (compatible; Googlebot/2.1; +http://www.google.com/bot.html)"
66.249.78.76 - - [14/Jul/2013:01:40:32 +0200] "GET / HTTP/1.1" 200 6430 "-" "Mozilla/5.0 (iPhone; U; CPU iPhone OS 4_1 like Mac OS X; en-us) AppleWebKit/532.9 (KHTML, like Gecko) Version/4.0.5 Mobile/8B117 Safari/6531.22.7 (compatible; Googlebot-Mobile/2.1; +http://www.google.com/bot.html)"
66.249.78.76 - - [14/Jul/2013:02:37:03 +0200] "GET /link/20130402 HTTP/1.1" 302 - "-" "SAMSUNG-SGH-E250/1.0 Profile/MIDP-2.0 Configuration/CLDC-1.1 UP.Browser/6.2.3.3.c.1.101 (GUI) MMP/2.0 (compatible; Googlebot-Mobile/2.1; +http://www.google.com/bot.html)"
66.249.78.76 - - [14/Jul/2013:02:37:04 +0200] "GET /download/Boecker_Angebot_JuniorHD18_EasyLine.pdf HTTP/1.1" 200 202821 "-" "SAMSUNG-SGH-E250/1.0 Profile/MIDP-2.0 Configuration/CLDC-1.1 UP.Browser/6.2.3.3.c.1.101 (GUI) MMP/2.0 (compatible; Googlebot-Mobile/2.1; +http://www.google.com/bot.html)"
157.55.32.106 - - [14/Jul/2013:02:39:27 +0200] "GET /robots.txt HTTP/1.1" 404 - "-" "Mozilla/5.0 (compatible; bingbot/2.0; +http://www.bing.com/bingbot.htm)"
157.55.32.106 - - [14/Jul/2013:02:40:08 +0200] "GET /index.php HTTP/1.1" 200 6430 "-" "Mozilla/5.0 (compatible; bingbot/2.0; +http://www.bing.com/bingbot.htm)"
66.249.78.76 - - [14/Jul/2013:02:43:59 +0200] "GET /leistungen.php HTTP/1.1" 200 7141 "-" "Mozilla/5.0 (iPhone; U; CPU iPhone OS 4_1 like Mac OS X; en-us) AppleWebKit/532.9 (KHTML, like Gecko) Version/4.0.5 Mobile/8B117 Safari/6531.22.7 (compatible; Googlebot-Mobile/2.1; +http://www.google.com/bot.html)"
5.10.83.49 - - [14/Jul/2013:02:53:38 +0200] "GET /leistungen.php HTTP/1.1" 200 7141 "-" "Mozilla/5.0 (compatible; AhrefsBot/5.0; +http://ahrefs.com/robot/)"
5.10.83.49 - - [14/Jul/2013:02:56:48 +0200] "GET /aktuelles.php HTTP/1.1" 200 10521 "-" "Mozilla/5.0 (compatible; AhrefsBot/5.0; +http://ahrefs.com/robot/)"
5.10.83.49 - - [14/Jul/2013:02:59:03 +0200] "GET /unternehmen.php HTTP/1.1" 200 6859 "-" "Mozilla/5.0 (compatible; AhrefsBot/5.0; +http://ahrefs.com/robot/)"
5.10.83.49 - - [14/Jul/2013:03:07:52 +0200] "GET /impressum.php HTTP/1.1" 200 7582 "-" "Mozilla/5.0 (compatible; AhrefsBot/5.0; +http://ahrefs.com/robot/)"
208.115.111.73 - - [14/Jul/2013:03:09:42 +0200] "GET /robots.txt HTTP/1.1" 404 - "-" "Mozilla/5.0 (compatible; Ezooms/1.0; ezooms.bot@gmail.com)"
5.10.83.49 - - [14/Jul/2013:03:15:55 +0200] "GET /gebrauchtmaschinen.php HTTP/1.1" 200 6062 "-" "Mozilla/5.0 (compatible; AhrefsBot/5.0; +http://ahrefs.com/robot/)"
5.10.83.49 - - [14/Jul/2013:03:22:40 +0200] "GET /index.php HTTP/1.1" 200 6430 "-" "Mozilla/5.0 (compatible; AhrefsBot/5.0; +http://ahrefs.com/robot/)"
5.10.83.49 - - [14/Jul/2013:03:40:39 +0200] "GET /angebote.php HTTP/1.1" 200 9943 "-" "Mozilla/5.0 (compatible; AhrefsBot/5.0; +http://ahrefs.com/robot/)"
5.10.83.49 - - [14/Jul/2013:04:06:33 +0200] "GET /verkauf.php HTTP/1.1" 200 6239 "-" "Mozilla/5.0 (compatible; AhrefsBot/5.0; +http://ahrefs.com/robot/)"
5.10.83.49 - - [14/Jul/2013:04:16:27 +0200] "GET /kontakt.php HTTP/1.1" 200 6666 "-" "Mozilla/5.0 (compatible; AhrefsBot/5.0; +http://ahrefs.com/robot/)"
5.10.83.49 - - [14/Jul/2013:04:18:51 +0200] "GET /vermietung.php HTTP/1.1" 200 6318 "-" "Mozilla/5.0 (compatible; AhrefsBot/5.0; +http://ahrefs.com/robot/)"
66.249.72.88 - - [14/Jul/2013:04:34:18 +0200] "GET /angebote.php HTTP/1.1" 200 9943 "-" "Mozilla/5.0 (iPhone; U; CPU iPhone OS 4_1 like Mac OS X; en-us) AppleWebKit/532.9 (KHTML, like Gecko) Version/4.0.5 Mobile/8B117 Safari/6531.22.7 (compatible; Googlebot-Mobile/2.1; +http://www.google.com/bot.html)"
208.115.111.73 - - [14/Jul/2013:04:51:38 +0200] "GET /leistungen.php HTTP/1.1" 200 7141 "-" "Mozilla/5.0 (compatible; Ezooms/1.0; ezooms.bot@gmail.com)"
66.249.78.76 - - [14/Jul/2013:05:11:10 +0200] "GET /img/bild_1.jpg HTTP/1.1" 304 - "-" "Googlebot-Image/1.0"
157.55.35.99 - - [14/Jul/2013:05:29:33 +0200] "GET /robots.txt HTTP/1.1" 404 - "-" "Mozilla/5.0 (compatible; bingbot/2.0; +http://www.bing.com/bingbot.htm)"
157.55.35.99 - - [14/Jul/2013:05:30:08 +0200] "GET /download/Newsletter_Groeger_2013-04.pdf HTTP/1.1" 200 839295 "-" "Mozilla/5.0 (compatible; bingbot/2.0; +http://www.bing.com/bingbot.htm)"
157.55.32.49 - - [14/Jul/2013:07:06:07 +0200] "GET /robots.txt HTTP/1.1" 404 - "-" "Mozilla/5.0 (compatible; bingbot/2.0; +http://www.bing.com/bingbot.htm)"
157.55.32.49 - - [14/Jul/2013:07:06:38 +0200] "GET /download/Boecker_Angebote_Easyline.pdf HTTP/1.1" 200 649684 "-" "Mozilla/5.0 (compatible; bingbot/2.0; +http://www.bing.com/bingbot.htm)"
66.249.72.88 - - [14/Jul/2013:07:45:51 +0200] "GET /aktuelles.php HTTP/1.1" 200 10521 "-" "Mozilla/5.0 (compatible; Googlebot/2.1; +http://www.google.com/bot.html)"
66.249.78.76 - - [14/Jul/2013:08:13:59 +0200] "GET /gebrauchtmaschinen.php HTTP/1.1" 200 6062 "-" "Mozilla/5.0 (compatible; Googlebot/2.1; +http://www.google.com/bot.html)"
157.56.92.158 - - [14/Jul/2013:08:45:47 +0200] "GET /robots.txt HTTP/1.1" 404 - "-" "Mozilla/5.0 (compatible; bingbot/2.0; +http://www.bing.com/bingbot.htm)"
157.56.92.158 - - [14/Jul/2013:08:46:38 +0200] "GET / HTTP/1.1" 200 6430 "-" "Mozilla/5.0 (compatible; bingbot/2.0; +http://www.bing.com/bingbot.htm)"
37.140.141.34 - - [14/Jul/2013:08:57:17 +0200] "GET /robots.txt HTTP/1.1" 404 - "-" "Mozilla/5.0 (compatible; YandexImages/3.0; +http://yandex.com/bots)"
130.83.167.153 - - [14/Jul/2013:09:05:41 +0200] "GET /index.php HTTP/1.1" 200 6430 "-" "findlinks/2.6 (+http://wortschatz.uni-leipzig.de/findlinks/)"
37.140.141.34 - - [14/Jul/2013:09:52:47 +0200] "GET /img/DSC01494.jpg HTTP/1.1" 304 - "-" "Mozilla/5.0 (compatible; YandexImages/3.0; +http://yandex.com/bots)"
5.10.83.36 - - [14/Jul/2013:10:15:11 +0200] "GET /robots.txt HTTP/1.1" 404 - "-" "Mozilla/5.0 (compatible; AhrefsBot/5.0; +http://ahrefs.com/robot/)"
66.249.78.76 - - [14/Jul/2013:10:28:59 +0200] "GET /kontakt.php HTTP/1.1" 200 6666 "-" "Mozilla/5.0 (compatible; Googlebot/2.1; +http://www.google.com/bot.html)"
37.140.141.34 - - [14/Jul/2013:10:35:01 +0200] "GET /img/aktionen/nl4-2012-09.jpg HTTP/1.1" 304 - "-" "Mozilla/5.0 (compatible; YandexImages/3.0; +http://yandex.com/bots)"
66.249.78.76 - - [14/Jul/2013:11:08:22 +0200] "GET /vermietung.php HTTP/1.1" 200 6318 "-" "Mozilla/5.0 (compatible; Googlebot/2.1; +http://www.google.com/bot.html)"
37.140.141.34 - - [14/Jul/2013:11:57:01 +0200] "GET /img/aktionen/nl4-2012-09.jpg HTTP/1.1" 304 - "-" "Mozilla/5.0 (compatible; YandexImages/3.0; +http://yandex.com/bots)"
66.249.72.88 - - [14/Jul/2013:12:32:44 +0200] "GET /link/20130604 HTTP/1.1" 302 - "-" "Mozilla/5.0 (compatible; Googlebot/2.1; +http://www.google.com/bot.html)"
66.249.72.88 - - [14/Jul/2013:12:32:45 +0200] "GET /download/Boecker_Autokrane.pdf HTTP/1.1" 200 1994740 "-" "Mozilla/5.0 (compatible; Googlebot/2.1; +http://www.google.com/bot.html)"
109.45.0.20 - - [14/Jul/2013:12:38:24 +0200] "GET / HTTP/1.1" 200 6430 "http://www1.search-results.com/web?l=dis&q=Bauaufz%C3%BCge&o=APN10645&apn_dtid=^BND406^YY^DE&shad=s_0033,s_0041&apn_uid=1212221408864148&gct=ds&apn_ptnrs=AG6&lang=de&atb=sysid%3D406%3Aappid%3D362%3Auid%3De95657d45e264d19%3Auc%3D1373301205%3Asrc%3Dieb%3Ao%3DAPN10645" "Mozilla/4.0 (compatible; MSIE 8.0; Windows NT 5.1; Trident/4.0; BTRS99219; .NET CLR 2.0.50727; .NET CLR 1.1.4322; .NET CLR 3.0.4506.2152; .NET CLR 3.5.30729; .NET4.0C)"
109.45.0.20 - - [14/Jul/2013:12:38:24 +0200] "GET /swfobject.js HTTP/1.1" 200 6880 "http://www.groeger-bauaufzuege.de/" "Mozilla/4.0 (compatible; MSIE 8.0; Windows NT 5.1; Trident/4.0; BTRS99219; .NET CLR 2.0.50727; .NET CLR 1.1.4322; .NET CLR 3.0.4506.2152; .NET CLR 3.5.30729; .NET4.0C)"
109.45.0.20 - - [14/Jul/2013:12:38:24 +0200] "GET /fancybox/jquery.fancybox-1.3.4.pack.js HTTP/1.1" 200 15624 "http://www.groeger-bauaufzuege.de/" "Mozilla/4.0 (compatible; MSIE 8.0; Windows NT 5.1; Trident/4.0; BTRS99219; .NET CLR 2.0.50727; .NET CLR 1.1.4322; .NET CLR 3.0.4506.2152; .NET CLR 3.5.30729; .NET4.0C)"
109.45.0.20 - - [14/Jul/2013:12:38:24 +0200] "GET /jquery.cross-slide.js HTTP/1.1" 200 11724 "http://www.groeger-bauaufzuege.de/" "Mozilla/4.0 (compatible; MSIE 8.0; Windows NT 5.1; Trident/4.0; BTRS99219; .NET CLR 2.0.50727; .NET CLR 1.1.4322; .NET CLR 3.0.4506.2152; .NET CLR 3.5.30729; .NET4.0C)"
109.45.0.20 - - [14/Jul/2013:12:38:24 +0200] "GET /css/groeger.css HTTP/1.1" 200 5363 "http://www.groeger-bauaufzuege.de/" "Mozilla/4.0 (compatible; MSIE 8.0; Windows NT 5.1; Trident/4.0; BTRS99219; .NET CLR 2.0.50727; .NET CLR 1.1.4322; .NET CLR 3.0.4506.2152; .NET CLR 3.5.30729; .NET4.0C)"
109.45.0.20 - - [14/Jul/2013:12:38:24 +0200] "GET /fancybox/jquery.fancybox-1.3.4.css HTTP/1.1" 200 8494 "http://www.groeger-bauaufzuege.de/" "Mozilla/4.0 (compatible; MSIE 8.0; Windows NT 5.1; Trident/4.0; BTRS99219; .NET CLR 2.0.50727; .NET CLR 1.1.4322; .NET CLR 3.0.4506.2152; .NET CLR 3.5.30729; .NET4.0C)"
109.45.0.20 - - [14/Jul/2013:12:38:24 +0200] "GET /jquery-1.4.3.min.js HTTP/1.1" 200 77746 "http://www.groeger-bauaufzuege.de/" "Mozilla/4.0 (compatible; MSIE 8.0; Windows NT 5.1; Trident/4.0; BTRS99219; .NET CLR 2.0.50727; .NET CLR 1.1.4322; .NET CLR 3.0.4506.2152; .NET CLR 3.5.30729; .NET4.0C)"
109.45.0.20 - - [14/Jul/2013:12:38:24 +0200] "GET /jquery-1.4.3.min.js HTTP/1.1" 200 77746 "http://www.groeger-bauaufzuege.de/" "Mozilla/4.0 (compatible; MSIE 8.0; Windows NT 5.1; Trident/4.0; BTRS99219; .NET CLR 2.0.50727; .NET CLR 1.1.4322; .NET CLR 3.0.4506.2152; .NET CLR 3.5.30729; .NET4.0C)"
109.45.0.20 - - [14/Jul/2013:12:38:25 +0200] "GET /img/grauverlauf.png HTTP/1.1" 200 3242 "http://www.groeger-bauaufzuege.de/" "Mozilla/4.0 (compatible; MSIE 8.0; Windows NT 5.1; Trident/4.0; BTRS99219; .NET CLR 2.0.50727; .NET CLR 1.1.4322; .NET CLR 3.0.4506.2152; .NET CLR 3.5.30729; .NET4.0C)"
109.45.0.20 - - [14/Jul/2013:12:38:25 +0200] "GET /img/groeger_web.jpg HTTP/1.1" 200 10877 "http://www.groeger-bauaufzuege.de/" "Mozilla/4.0 (compatible; MSIE 8.0; Windows NT 5.1; Trident/4.0; BTRS99219; .NET CLR 2.0.50727; .NET CLR 1.1.4322; .NET CLR 3.0.4506.2152; .NET CLR 3.5.30729; .NET4.0C)"
109.45.0.20 - - [14/Jul/2013:12:38:25 +0200] "GET /img/pfeil.png HTTP/1.1" 200 840 "http://www.groeger-bauaufzuege.de/" "Mozilla/4.0 (compatible; MSIE 8.0; Windows NT 5.1; Trident/4.0; BTRS99219; .NET CLR 2.0.50727; .NET CLR 1.1.4322; .NET CLR 3.0.4506.2152; .NET CLR 3.5.30729; .NET4.0C)"
109.45.0.20 - - [14/Jul/2013:12:38:25 +0200] "GET /fancybox/fancybox.png HTTP/1.1" 200 15287 "http://www.groeger-bauaufzuege.de/" "Mozilla/4.0 (compatible; MSIE 8.0; Windows NT 5.1; Trident/4.0; BTRS99219; .NET CLR 2.0.50727; .NET CLR 1.1.4322; .NET CLR 3.0.4506.2152; .NET CLR 3.5.30729; .NET4.0C)"
109.45.0.20 - - [14/Jul/2013:12:38:25 +0200] "GET /img/logo_groeger.gif HTTP/1.1" 200 3605 "http://www.groeger-bauaufzuege.de/" "Mozilla/4.0 (compatible; MSIE 8.0; Windows NT 5.1; Trident/4.0; BTRS99219; .NET CLR 2.0.50727; .NET CLR 1.1.4322; .NET CLR 3.0.4506.2152; .NET CLR 3.5.30729; .NET4.0C)"
