91.61.74.53 - - [05/Jul/2013:14:38:29 +0200] "GET /css/groeger.css HTTP/1.1" 304 - "http://www.groeger-bauaufzuege.de/angebote.php" "Mozilla/4.0 (compatible; MSIE 8.0; Windows NT 5.1; Trident/4.0; .NET CLR 2.0.50727; .NET CLR 3.0.4506.2152; .NET CLR 3.5.30729; .NET4.0C)"
91.61.74.53 - - [05/Jul/2013:14:38:29 +0200] "GET /swfobject.js HTTP/1.1" 304 - "http://www.groeger-bauaufzuege.de/angebote.php" "Mozilla/4.0 (compatible; MSIE 8.0; Windows NT 5.1; Trident/4.0; .NET CLR 2.0.50727; .NET CLR 3.0.4506.2152; .NET CLR 3.5.30729; .NET4.0C)"
91.61.74.53 - - [05/Jul/2013:14:38:29 +0200] "GET /jquery-1.4.3.min.js HTTP/1.1" 304 - "http://www.groeger-bauaufzuege.de/angebote.php" "Mozilla/4.0 (compatible; MSIE 8.0; Windows NT 5.1; Trident/4.0; .NET CLR 2.0.50727; .NET CLR 3.0.4506.2152; .NET CLR 3.5.30729; .NET4.0C)"
91.61.74.53 - - [05/Jul/2013:14:38:29 +0200] "GET /fancybox/jquery.fancybox-1.3.4.pack.js HTTP/1.1" 304 - "http://www.groeger-bauaufzuege.de/angebote.php" "Mozilla/4.0 (compatible; MSIE 8.0; Windows NT 5.1; Trident/4.0; .NET CLR 2.0.50727; .NET CLR 3.0.4506.2152; .NET CLR 3.5.30729; .NET4.0C)"
91.61.74.53 - - [05/Jul/2013:14:38:29 +0200] "GET /jquery.cross-slide.js HTTP/1.1" 304 - "http://www.groeger-bauaufzuege.de/angebote.php" "Mozilla/4.0 (compatible; MSIE 8.0; Windows NT 5.1; Trident/4.0; .NET CLR 2.0.50727; .NET CLR 3.0.4506.2152; .NET CLR 3.5.30729; .NET4.0C)"
91.61.74.53 - - [05/Jul/2013:14:38:29 +0200] "GET /fancybox/jquery.fancybox-1.3.4.css HTTP/1.1" 304 - "http://www.groeger-bauaufzuege.de/angebote.php" "Mozilla/4.0 (compatible; MSIE 8.0; Windows NT 5.1; Trident/4.0; .NET CLR 2.0.50727; .NET CLR 3.0.4506.2152; .NET CLR 3.5.30729; .NET4.0C)"
91.61.74.53 - - [05/Jul/2013:14:38:29 +0200] "GET /img/logo_groeger.gif HTTP/1.1" 304 - "http://www.groeger-bauaufzuege.de/angebote.php" "Mozilla/4.0 (compatible; MSIE 8.0; Windows NT 5.1; Trident/4.0; .NET CLR 2.0.50727; .NET CLR 3.0.4506.2152; .NET CLR 3.5.30729; .NET4.0C)"
91.61.74.53 - - [05/Jul/2013:14:38:29 +0200] "GET /img/aktionen/nl-2013-04.jpg HTTP/1.1" 304 - "http://www.groeger-bauaufzuege.de/angebote.php" "Mozilla/4.0 (compatible; MSIE 8.0; Windows NT 5.1; Trident/4.0; .NET CLR 2.0.50727; .NET CLR 3.0.4506.2152; .NET CLR 3.5.30729; .NET4.0C)"
91.61.74.53 - - [05/Jul/2013:14:38:29 +0200] "GET /img/bild_1.jpg HTTP/1.1" 304 - "http://www.groeger-bauaufzuege.de/angebote.php" "Mozilla/4.0 (compatible; MSIE 8.0; Windows NT 5.1; Trident/4.0; .NET CLR 2.0.50727; .NET CLR 3.0.4506.2152; .NET CLR 3.5.30729; .NET4.0C)"
91.61.74.53 - - [05/Jul/2013:14:38:29 +0200] "GET /img/aktionen/nl4-2012-09.jpg HTTP/1.1" 304 - "http://www.groeger-bauaufzuege.de/angebote.php" "Mozilla/4.0 (compatible; MSIE 8.0; Windows NT 5.1; Trident/4.0; .NET CLR 2.0.50727; .NET CLR 3.0.4506.2152; .NET CLR 3.5.30729; .NET4.0C)"
91.61.74.53 - - [05/Jul/2013:14:38:29 +0200] "GET /img/grauverlauf.png HTTP/1.1" 304 - "http://www.groeger-bauaufzuege.de/angebote.php" "Mozilla/4.0 (compatible; MSIE 8.0; Windows NT 5.1; Trident/4.0; .NET CLR 2.0.50727; .NET CLR 3.0.4506.2152; .NET CLR 3.5.30729; .NET4.0C)"
91.61.74.53 - - [05/Jul/2013:14:38:29 +0200] "GET /fancybox/fancybox.png HTTP/1.1" 304 - "http://www.groeger-bauaufzuege.de/angebote.php" "Mozilla/4.0 (compatible; MSIE 8.0; Windows NT 5.1; Trident/4.0; .NET CLR 2.0.50727; .NET CLR 3.0.4506.2152; .NET CLR 3.5.30729; .NET4.0C)"
91.61.74.53 - - [05/Jul/2013:14:38:29 +0200] "GET /fancybox/blank.gif HTTP/1.1" 304 - "http://www.groeger-bauaufzuege.de/angebote.php" "Mozilla/4.0 (compatible; MSIE 8.0; Windows NT 5.1; Trident/4.0; .NET CLR 2.0.50727; .NET CLR 3.0.4506.2152; .NET CLR 3.5.30729; .NET4.0C)"
91.61.74.53 - - [05/Jul/2013:14:38:29 +0200] "GET /img/bild_3.jpg HTTP/1.1" 304 - "http://www.groeger-bauaufzuege.de/angebote.php" "Mozilla/4.0 (compatible; MSIE 8.0; Windows NT 5.1; Trident/4.0; .NET CLR 2.0.50727; .NET CLR 3.0.4506.2152; .NET CLR 3.5.30729; .NET4.0C)"
91.61.74.53 - - [05/Jul/2013:14:38:29 +0200] "GET /img/bild_2.jpg HTTP/1.1" 304 - "http://www.groeger-bauaufzuege.de/angebote.php" "Mozilla/4.0 (compatible; MSIE 8.0; Windows NT 5.1; Trident/4.0; .NET CLR 2.0.50727; .NET CLR 3.0.4506.2152; .NET CLR 3.5.30729; .NET4.0C)"
91.61.74.53 - - [05/Jul/2013:14:38:29 +0200] "GET /img/bild_4.jpg HTTP/1.1" 304 - "http://www.groeger-bauaufzuege.de/angebote.php" "Mozilla/4.0 (compatible; MSIE 8.0; Windows NT 5.1; Trident/4.0; .NET CLR 2.0.50727; .NET CLR 3.0.4506.2152; .NET CLR 3.5.30729; .NET4.0C)"
91.61.74.53 - - [05/Jul/2013:14:38:29 +0200] "GET /fancybox/fancy_shadow_n.png HTTP/1.1" 304 - "-" "Mozilla/4.0 (compatible; MSIE 8.0; Windows NT 5.1; Trident/4.0; .NET CLR 2.0.50727; .NET CLR 3.0.4506.2152; .NET CLR 3.5.30729; .NET4.0C)"
91.61.74.53 - - [05/Jul/2013:14:38:29 +0200] "GET /fancybox/fancy_shadow_ne.png HTTP/1.1" 304 - "-" "Mozilla/4.0 (compatible; MSIE 8.0; Windows NT 5.1; Trident/4.0; .NET CLR 2.0.50727; .NET CLR 3.0.4506.2152; .NET CLR 3.5.30729; .NET4.0C)"
91.61.74.53 - - [05/Jul/2013:14:38:29 +0200] "GET /fancybox/fancy_shadow_e.png HTTP/1.1" 304 - "-" "Mozilla/4.0 (compatible; MSIE 8.0; Windows NT 5.1; Trident/4.0; .NET CLR 2.0.50727; .NET CLR 3.0.4506.2152; .NET CLR 3.5.30729; .NET4.0C)"
91.61.74.53 - - [05/Jul/2013:14:38:29 +0200] "GET /fancybox/fancy_shadow_se.png HTTP/1.1" 304 - "-" "Mozilla/4.0 (compatible; MSIE 8.0; Windows NT 5.1; Trident/4.0; .NET CLR 2.0.50727; .NET CLR 3.0.4506.2152; .NET CLR 3.5.30729; .NET4.0C)"
91.61.74.53 - - [05/Jul/2013:14:38:29 +0200] "GET /fancybox/fancy_shadow_s.png HTTP/1.1" 304 - "-" "Mozilla/4.0 (compatible; MSIE 8.0; Windows NT 5.1; Trident/4.0; .NET CLR 2.0.50727; .NET CLR 3.0.4506.2152; .NET CLR 3.5.30729; .NET4.0C)"
91.61.74.53 - - [05/Jul/2013:14:38:30 +0200] "GET /fancybox/fancy_shadow_sw.png HTTP/1.1" 304 - "-" "Mozilla/4.0 (compatible; MSIE 8.0; Windows NT 5.1; Trident/4.0; .NET CLR 2.0.50727; .NET CLR 3.0.4506.2152; .NET CLR 3.5.30729; .NET4.0C)"
91.61.74.53 - - [05/Jul/2013:14:38:30 +0200] "GET /fancybox/fancy_shadow_w.png HTTP/1.1" 304 - "-" "Mozilla/4.0 (compatible; MSIE 8.0; Windows NT 5.1; Trident/4.0; .NET CLR 2.0.50727; .NET CLR 3.0.4506.2152; .NET CLR 3.5.30729; .NET4.0C)"
91.61.74.53 - - [05/Jul/2013:14:38:30 +0200] "GET /fancybox/fancy_shadow_nw.png HTTP/1.1" 304 - "-" "Mozilla/4.0 (compatible; MSIE 8.0; Windows NT 5.1; Trident/4.0; .NET CLR 2.0.50727; .NET CLR 3.0.4506.2152; .NET CLR 3.5.30729; .NET4.0C)"
91.61.74.53 - - [05/Jul/2013:14:38:50 +0200] "GET /aktuelles.php HTTP/1.1" 200 10521 "http://www.groeger-bauaufzuege.de/angebote.php" "Mozilla/4.0 (compatible; MSIE 8.0; Windows NT 5.1; Trident/4.0; .NET CLR 2.0.50727; .NET CLR 3.0.4506.2152; .NET CLR 3.5.30729; .NET4.0C)"
91.61.74.53 - - [05/Jul/2013:14:38:50 +0200] "GET /img/Newsletter_Groeger_2013-06.png HTTP/1.1" 304 - "http://www.groeger-bauaufzuege.de/aktuelles.php" "Mozilla/4.0 (compatible; MSIE 8.0; Windows NT 5.1; Trident/4.0; .NET CLR 2.0.50727; .NET CLR 3.0.4506.2152; .NET CLR 3.5.30729; .NET4.0C)"
131.253.24.57 - - [05/Jul/2013:15:25:21 +0200] "GET / HTTP/1.1" 200 6430 "-" "Mozilla/4.0 (compatible; MSIE 7.0; Windows NT 5.2; SLCC1; .NET CLR 1.1.4325; .NET CLR 2.0.40607; .NET CLR 3.0.30729; .NET CLR 3.5.30729)"
131.253.24.57 - - [05/Jul/2013:15:25:22 +0200] "GET /swfobject.js HTTP/1.1" 200 6880 "http://www.groeger-bauaufzuege.de/" "Mozilla/4.0 (compatible; MSIE 7.0; Windows NT 5.2; SLCC1; .NET CLR 1.1.4325; .NET CLR 2.0.40607; .NET CLR 3.0.30729; .NET CLR 3.5.30729)"
131.253.24.57 - - [05/Jul/2013:15:25:22 +0200] "GET /css/groeger.css HTTP/1.1" 200 5363 "http://www.groeger-bauaufzuege.de/" "Mozilla/4.0 (compatible; MSIE 7.0; Windows NT 5.2; SLCC1; .NET CLR 1.1.4325; .NET CLR 2.0.40607; .NET CLR 3.0.30729; .NET CLR 3.5.30729)"
131.253.24.57 - - [05/Jul/2013:15:25:23 +0200] "GET /jquery-1.4.3.min.js HTTP/1.1" 200 77746 "http://www.groeger-bauaufzuege.de/" "Mozilla/4.0 (compatible; MSIE 7.0; Windows NT 5.2; SLCC1; .NET CLR 1.1.4325; .NET CLR 2.0.40607; .NET CLR 3.0.30729; .NET CLR 3.5.30729)"
131.253.24.57 - - [05/Jul/2013:15:25:24 +0200] "GET /jquery.cross-slide.js HTTP/1.1" 200 11724 "http://www.groeger-bauaufzuege.de/" "Mozilla/4.0 (compatible; MSIE 7.0; Windows NT 5.2; SLCC1; .NET CLR 1.1.4325; .NET CLR 2.0.40607; .NET CLR 3.0.30729; .NET CLR 3.5.30729)"
131.253.24.57 - - [05/Jul/2013:15:25:25 +0200] "GET /fancybox/jquery.fancybox-1.3.4.pack.js HTTP/1.1" 200 15624 "http://www.groeger-bauaufzuege.de/" "Mozilla/4.0 (compatible; MSIE 7.0; Windows NT 5.2; SLCC1; .NET CLR 1.1.4325; .NET CLR 2.0.40607; .NET CLR 3.0.30729; .NET CLR 3.5.30729)"
131.253.24.57 - - [05/Jul/2013:15:25:25 +0200] "GET /fancybox/jquery.fancybox-1.3.4.css HTTP/1.1" 200 8494 "http://www.groeger-bauaufzuege.de/" "Mozilla/4.0 (compatible; MSIE 7.0; Windows NT 5.2; SLCC1; .NET CLR 1.1.4325; .NET CLR 2.0.40607; .NET CLR 3.0.30729; .NET CLR 3.5.30729)"
91.39.246.251 - - [05/Jul/2013:15:52:00 +0200] "GET /favicon.ico HTTP/1.1" 404 - "-" "T-Online Browser"
91.39.246.251 - - [05/Jul/2013:15:52:00 +0200] "GET /download/Newsletter_Groeger_11-06_Innung.pdf HTTP/1.1" 200 422119 "http://suche.t-online.de/fast-cgi/tsc?mandant=toi&device=html&portallanguage=de&userlanguage=de&dia=adr&context=internet-tab&tpc=internet&ptl=std&classification=internet-tab_internet_std&start=0&num=10&type=all&lang=any&more=none&q=B%C3%B6cker+HD+31" "Mozilla/5.0 (compatible; MSIE 10.0; TOB 6.13; Windows NT 6.1; WOW64; Trident/6.0)"
91.39.246.251 - - [05/Jul/2013:15:52:02 +0200] "GET /download/Newsletter_Groeger_11-06_Innung.pdf HTTP/1.1" 206 743 "-" "Mozilla/5.0 (compatible; MSIE 10.0; TOB 6.13; Windows NT 6.1; WOW64; Trident/6.0)"
91.39.246.251 - - [05/Jul/2013:15:52:02 +0200] "GET /download/Newsletter_Groeger_11-06_Innung.pdf HTTP/1.1" 206 2048 "-" "Mozilla/5.0 (compatible; MSIE 10.0; TOB 6.13; Windows NT 6.1; WOW64; Trident/6.0)"
91.39.246.251 - - [05/Jul/2013:15:52:02 +0200] "GET /download/Newsletter_Groeger_11-06_Innung.pdf HTTP/1.1" 206 12800 "-" "Mozilla/5.0 (compatible; MSIE 10.0; TOB 6.13; Windows NT 6.1; WOW64; Trident/6.0)"
91.39.246.251 - - [05/Jul/2013:15:52:03 +0200] "GET /download/Newsletter_Groeger_11-06_Innung.pdf HTTP/1.1" 206 15872 "-" "Mozilla/5.0 (compatible; MSIE 10.0; TOB 6.13; Windows NT 6.1; WOW64; Trident/6.0)"
91.39.246.251 - - [05/Jul/2013:15:52:03 +0200] "GET /download/Newsletter_Groeger_11-06_Innung.pdf HTTP/1.1" 206 512 "-" "Mozilla/5.0 (compatible; MSIE 10.0; TOB 6.13; Windows NT 6.1; WOW64; Trident/6.0)"
91.39.246.251 - - [05/Jul/2013:15:52:03 +0200] "GET /download/Newsletter_Groeger_11-06_Innung.pdf HTTP/1.1" 206 16384 "-" "Mozilla/5.0 (compatible; MSIE 10.0; TOB 6.13; Windows NT 6.1; WOW64; Trident/6.0)"
91.39.246.251 - - [05/Jul/2013:15:52:03 +0200] "GET /download/Newsletter_Groeger_11-06_Innung.pdf HTTP/1.1" 206 15872 "-" "Mozilla/5.0 (compatible; MSIE 10.0; TOB 6.13; Windows NT 6.1; WOW64; Trident/6.0)"
91.39.246.251 - - [05/Jul/2013:15:52:03 +0200] "GET /download/Newsletter_Groeger_11-06_Innung.pdf HTTP/1.1" 206 512 "-" "Mozilla/5.0 (compatible; MSIE 10.0; TOB 6.13; Windows NT 6.1; WOW64; Trident/6.0)"
91.39.246.251 - - [05/Jul/2013:15:52:03 +0200] "GET /download/Newsletter_Groeger_11-06_Innung.pdf HTTP/1.1" 206 11776 "-" "Mozilla/5.0 (compatible; MSIE 10.0; TOB 6.13; Windows NT 6.1; WOW64; Trident/6.0)"
139.18.2.209 - - [05/Jul/2013:17:18:16 +0200] "GET /vermietung.php HTTP/1.1" 200 6318 "-" "findlinks/2.6 (+http://wortschatz.uni-leipzig.de/findlinks/)"
66.249.78.76 - - [05/Jul/2013:18:34:01 +0200] "GET /robots.txt HTTP/1.1" 404 - "-" "Mozilla/5.0 (compatible; Googlebot/2.1; +http://www.google.com/bot.html)"
66.249.78.76 - - [05/Jul/2013:18:34:01 +0200] "GET / HTTP/1.1" 200 6430 "-" "Mozilla/5.0 (iPhone; U; CPU iPhone OS 4_1 like Mac OS X; en-us) AppleWebKit/532.9 (KHTML, like Gecko) Version/4.0.5 Mobile/8B117 Safari/6531.22.7 (compatible; Googlebot-Mobile/2.1; +http://www.google.com/bot.html)"
66.249.78.76 - - [05/Jul/2013:18:58:32 +0200] "GET / HTTP/1.1" 200 6430 "-" "Mozilla/5.0 (compatible; Googlebot/2.1; +http://www.google.com/bot.html)"
66.249.78.76 - - [05/Jul/2013:19:01:29 +0200] "GET /fancybox/jquery.fancybox-1.3.4.css HTTP/1.1" 200 8494 "-" "Mozilla/5.0 (compatible; Googlebot/2.1; +http://www.google.com/bot.html)"
66.249.78.76 - - [05/Jul/2013:19:01:29 +0200] "GET /css/groeger.css HTTP/1.1" 200 5363 "-" "Mozilla/5.0 (compatible; Googlebot/2.1; +http://www.google.com/bot.html)"
80.187.106.28 - - [05/Jul/2013:20:08:45 +0200] "GET /aktuelles.php HTTP/1.1" 200 10521 "-" "Mozilla/5.0 (iPhone; CPU iPhone OS 6_1_4 like Mac OS X) AppleWebKit/536.26 (KHTML, like Gecko) CriOS/27.0.1453.10 Mobile/10B350 Safari/8536.25"
80.187.106.28 - - [05/Jul/2013:20:08:46 +0200] "GET /css/groeger.css HTTP/1.1" 200 5363 "http://www.groeger-bauaufzuege.de/aktuelles.php" "Mozilla/5.0 (iPhone; CPU iPhone OS 6_1_4 like Mac OS X) AppleWebKit/536.26 (KHTML, like Gecko) CriOS/27.0.1453.10 Mobile/10B350 Safari/8536.25"
80.187.106.28 - - [05/Jul/2013:20:08:46 +0200] "GET /swfobject.js HTTP/1.1" 200 6880 "http://www.groeger-bauaufzuege.de/aktuelles.php" "Mozilla/5.0 (iPhone; CPU iPhone OS 6_1_4 like Mac OS X) AppleWebKit/536.26 (KHTML, like Gecko) CriOS/27.0.1453.10 Mobile/10B350 Safari/8536.25"
80.187.106.28 - - [05/Jul/2013:20:08:46 +0200] "GET /jquery.cross-slide.js HTTP/1.1" 200 11724 "http://www.groeger-bauaufzuege.de/aktuelles.php" "Mozilla/5.0 (iPhone; CPU iPhone OS 6_1_4 like Mac OS X) AppleWebKit/536.26 (KHTML, like Gecko) CriOS/27.0.1453.10 Mobile/10B350 Safari/8536.25"
80.187.106.28 - - [05/Jul/2013:20:08:46 +0200] "GET /jquery-1.4.3.min.js HTTP/1.1" 200 77746 "http://www.groeger-bauaufzuege.de/aktuelles.php" "Mozilla/5.0 (iPhone; CPU iPhone OS 6_1_4 like Mac OS X) AppleWebKit/536.26 (KHTML, like Gecko) CriOS/27.0.1453.10 Mobile/10B350 Safari/8536.25"
80.187.106.28 - - [05/Jul/2013:20:08:46 +0200] "GET /fancybox/jquery.fancybox-1.3.4.pack.js HTTP/1.1" 200 15624 "http://www.groeger-bauaufzuege.de/aktuelles.php" "Mozilla/5.0 (iPhone; CPU iPhone OS 6_1_4 like Mac OS X) AppleWebKit/536.26 (KHTML, like Gecko) CriOS/27.0.1453.10 Mobile/10B350 Safari/8536.25"
80.187.106.28 - - [05/Jul/2013:20:08:47 +0200] "GET /fancybox/jquery.fancybox-1.3.4.css HTTP/1.1" 200 8494 "http://www.groeger-bauaufzuege.de/aktuelles.php" "Mozilla/5.0 (iPhone; CPU iPhone OS 6_1_4 like Mac OS X) AppleWebKit/536.26 (KHTML, like Gecko) CriOS/27.0.1453.10 Mobile/10B350 Safari/8536.25"
80.187.106.28 - - [05/Jul/2013:20:08:47 +0200] "GET /img/bild_1.jpg HTTP/1.1" 200 44440 "http://www.groeger-bauaufzuege.de/aktuelles.php" "Mozilla/5.0 (iPhone; CPU iPhone OS 6_1_4 like Mac OS X) AppleWebKit/536.26 (KHTML, like Gecko) CriOS/27.0.1453.10 Mobile/10B350 Safari/8536.25"
80.187.106.28 - - [05/Jul/2013:20:08:47 +0200] "GET /img/Newsletter_Groeger_2013-06.png HTTP/1.1" 200 23068 "http://www.groeger-bauaufzuege.de/aktuelles.php" "Mozilla/5.0 (iPhone; CPU iPhone OS 6_1_4 like Mac OS X) AppleWebKit/536.26 (KHTML, like Gecko) CriOS/27.0.1453.10 Mobile/10B350 Safari/8536.25"
80.187.106.28 - - [05/Jul/2013:20:08:47 +0200] "GET /img/logo_groeger.gif HTTP/1.1" 200 3605 "http://www.groeger-bauaufzuege.de/aktuelles.php" "Mozilla/5.0 (iPhone; CPU iPhone OS 6_1_4 like Mac OS X) AppleWebKit/536.26 (KHTML, like Gecko) CriOS/27.0.1453.10 Mobile/10B350 Safari/8536.25"
80.187.106.28 - - [05/Jul/2013:20:08:50 +0200] "GET /img/grauverlauf.png HTTP/1.1" 200 3242 "http://www.groeger-bauaufzuege.de/aktuelles.php" "Mozilla/5.0 (iPhone; CPU iPhone OS 6_1_4 like Mac OS X) AppleWebKit/536.26 (KHTML, like Gecko) CriOS/27.0.1453.10 Mobile/10B350 Safari/8536.25"
80.187.106.28 - - [05/Jul/2013:20:08:50 +0200] "GET /img/bild_1.jpg HTTP/1.1" 200 44440 "http://www.groeger-bauaufzuege.de/aktuelles.php" "Mozilla/5.0 (iPhone; CPU iPhone OS 6_1_4 like Mac OS X) AppleWebKit/536.26 (KHTML, like Gecko) CriOS/27.0.1453.10 Mobile/10B350 Safari/8536.25"
80.187.106.28 - - [05/Jul/2013:20:08:54 +0200] "GET /img/bild_2.jpg HTTP/1.1" 200 53191 "http://www.groeger-bauaufzuege.de/aktuelles.php" "Mozilla/5.0 (iPhone; CPU iPhone OS 6_1_4 like Mac OS X) AppleWebKit/536.26 (KHTML, like Gecko) CriOS/27.0.1453.10 Mobile/10B350 Safari/8536.25"
80.187.106.28 - - [05/Jul/2013:20:08:54 +0200] "GET /img/bild_3.jpg HTTP/1.1" 200 57915 "http://www.groeger-bauaufzuege.de/aktuelles.php" "Mozilla/5.0 (iPhone; CPU iPhone OS 6_1_4 like Mac OS X) AppleWebKit/536.26 (KHTML, like Gecko) CriOS/27.0.1453.10 Mobile/10B350 Safari/8536.25"
80.187.106.28 - - [05/Jul/2013:20:08:54 +0200] "GET /img/bild_4.jpg HTTP/1.1" 200 45325 "http://www.groeger-bauaufzuege.de/aktuelles.php" "Mozilla/5.0 (iPhone; CPU iPhone OS 6_1_4 like Mac OS X) AppleWebKit/536.26 (KHTML, like Gecko) CriOS/27.0.1453.10 Mobile/10B350 Safari/8536.25"
80.187.106.28 - - [05/Jul/2013:20:08:55 +0200] "GET /vermietung.php HTTP/1.1" 200 6318 "http://www.groeger-bauaufzuege.de/aktuelles.php" "Mozilla/5.0 (iPhone; CPU iPhone OS 6_1_4 like Mac OS X) AppleWebKit/536.26 (KHTML, like Gecko) CriOS/27.0.1453.10 Mobile/10B350 Safari/8536.25"
80.187.106.28 - - [05/Jul/2013:20:08:55 +0200] "GET /img/logo_steinbach.jpg HTTP/1.1" 200 9601 "http://www.groeger-bauaufzuege.de/vermietung.php" "Mozilla/5.0 (iPhone; CPU iPhone OS 6_1_4 like Mac OS X) AppleWebKit/536.26 (KHTML, like Gecko) CriOS/27.0.1453.10 Mobile/10B350 Safari/8536.25"
80.187.106.28 - - [05/Jul/2013:20:08:55 +0200] "GET /img/logo_geda.gif HTTP/1.1" 200 4337 "http://www.groeger-bauaufzuege.de/vermietung.php" "Mozilla/5.0 (iPhone; CPU iPhone OS 6_1_4 like Mac OS X) AppleWebKit/536.26 (KHTML, like Gecko) CriOS/27.0.1453.10 Mobile/10B350 Safari/8536.25"
80.187.106.28 - - [05/Jul/2013:20:08:55 +0200] "GET /img/logo_boecker.gif HTTP/1.1" 200 2974 "http://www.groeger-bauaufzuege.de/vermietung.php" "Mozilla/5.0 (iPhone; CPU iPhone OS 6_1_4 like Mac OS X) AppleWebKit/536.26 (KHTML, like Gecko) CriOS/27.0.1453.10 Mobile/10B350 Safari/8536.25"
80.187.106.28 - - [05/Jul/2013:20:08:56 +0200] "GET /apple-touch-icon-precomposed.png HTTP/1.1" 404 - "-" "Mozilla/5.0 (iPhone; CPU iPhone OS 6_1_4 like Mac OS X) AppleWebKit/536.26 (KHTML, like Gecko) CriOS/27.0.1453.10 Mobile/10B350 Safari/8536.25"
80.187.106.28 - - [05/Jul/2013:20:08:56 +0200] "GET /favicon.ico HTTP/1.1" 404 - "-" "Mozilla/5.0 (iPhone; CPU iPhone OS 6_1_4 like Mac OS X) AppleWebKit/536.26 (KHTML, like Gecko) CriOS/27.0.1453.10 Mobile/10B350 Safari/8536.25"
80.187.106.28 - - [05/Jul/2013:20:08:56 +0200] "GET /img/favicon.gif HTTP/1.1" 200 119 "-" "Mozilla/5.0 (iPhone; CPU iPhone OS 6_1_4 like Mac OS X) AppleWebKit/536.26 (KHTML, like Gecko) CriOS/27.0.1453.10 Mobile/10B350 Safari/8536.25"
80.187.106.28 - - [05/Jul/2013:20:09:23 +0200] "GET /verkauf.php HTTP/1.1" 200 6239 "http://www.groeger-bauaufzuege.de/vermietung.php" "Mozilla/5.0 (iPhone; CPU iPhone OS 6_1_4 like Mac OS X) AppleWebKit/536.26 (KHTML, like Gecko) CriOS/27.0.1453.10 Mobile/10B350 Safari/8536.25"
66.249.78.76 - - [05/Jul/2013:20:23:16 +0200] "GET /impressum.php HTTP/1.1" 200 7582 "-" "Mozilla/5.0 (iPhone; U; CPU iPhone OS 4_1 like Mac OS X; en-us) AppleWebKit/532.9 (KHTML, like Gecko) Version/4.0.5 Mobile/8B117 Safari/6531.22.7 (compatible; Googlebot-Mobile/2.1; +http://www.google.com/bot.html)"
85.19.205.124 - - [05/Jul/2013:20:56:23 +0200] "GET /robots.txt HTTP/1.0" 404 - "-" "Mozilla/5.0 (compatible; MJ12bot/v1.4.3; http://www.majestic12.co.uk/bot.php?+)"
85.19.205.124 - - [05/Jul/2013:20:56:25 +0200] "GET /aktuelles.php HTTP/1.0" 200 10521 "-" "Mozilla/5.0 (compatible; MJ12bot/v1.4.3; http://www.majestic12.co.uk/bot.php?+)"
85.19.205.124 - - [05/Jul/2013:20:56:28 +0200] "GET /angebote.php HTTP/1.0" 200 9943 "-" "Mozilla/5.0 (compatible; MJ12bot/v1.4.3; http://www.majestic12.co.uk/bot.php?+)"
85.19.205.124 - - [05/Jul/2013:20:56:30 +0200] "GET /gebrauchtmaschinen.php HTTP/1.0" 200 6062 "-" "Mozilla/5.0 (compatible; MJ12bot/v1.4.3; http://www.majestic12.co.uk/bot.php?+)"
85.19.205.124 - - [05/Jul/2013:20:56:39 +0200] "GET /impressum.php HTTP/1.0" 200 7582 "-" "Mozilla/5.0 (compatible; MJ12bot/v1.4.3; http://www.majestic12.co.uk/bot.php?+)"
85.19.205.124 - - [05/Jul/2013:20:56:41 +0200] "GET /index.php HTTP/1.0" 200 6430 "-" "Mozilla/5.0 (compatible; MJ12bot/v1.4.3; http://www.majestic12.co.uk/bot.php?+)"
85.19.205.124 - - [05/Jul/2013:20:56:42 +0200] "GET /leistungen.php HTTP/1.0" 200 7141 "-" "Mozilla/5.0 (compatible; MJ12bot/v1.4.3; http://www.majestic12.co.uk/bot.php?+)"
198.143.187.114 - - [05/Jul/2013:21:34:57 +0200] "GET /robots.txt HTTP/1.1" 404 - "-" "Mozilla/5.0 (compatible; BLEXBot/1.0; +http://webmeup.com/crawler.html)"
198.143.187.114 - - [05/Jul/2013:21:34:58 +0200] "GET / HTTP/1.1" 200 6430 "-" "Mozilla/5.0 (compatible; BLEXBot/1.0; +http://webmeup.com/crawler.html)"
198.143.187.114 - - [05/Jul/2013:21:34:59 +0200] "GET /unternehmen.php HTTP/1.1" 200 6859 "-" "Mozilla/5.0 (compatible; BLEXBot/1.0; +http://webmeup.com/crawler.html)"
198.143.187.114 - - [05/Jul/2013:21:35:00 +0200] "GET /vermietung.php HTTP/1.1" 200 6318 "-" "Mozilla/5.0 (compatible; BLEXBot/1.0; +http://webmeup.com/crawler.html)"
198.143.187.114 - - [05/Jul/2013:21:35:01 +0200] "GET /gebrauchtmaschinen.php HTTP/1.1" 200 6062 "-" "Mozilla/5.0 (compatible; BLEXBot/1.0; +http://webmeup.com/crawler.html)"
198.143.187.114 - - [05/Jul/2013:21:35:03 +0200] "GET /angebote.php HTTP/1.1" 200 9943 "-" "Mozilla/5.0 (compatible; BLEXBot/1.0; +http://webmeup.com/crawler.html)"
198.143.187.114 - - [05/Jul/2013:21:35:04 +0200] "GET /index.php HTTP/1.1" 200 6430 "-" "Mozilla/5.0 (compatible; BLEXBot/1.0; +http://webmeup.com/crawler.html)"
198.143.187.114 - - [05/Jul/2013:21:35:05 +0200] "GET /leistungen.php HTTP/1.1" 200 7141 "-" "Mozilla/5.0 (compatible; BLEXBot/1.0; +http://webmeup.com/crawler.html)"
198.143.187.114 - - [05/Jul/2013:21:35:06 +0200] "GET /aktuelles.php HTTP/1.1" 200 10521 "-" "Mozilla/5.0 (compatible; BLEXBot/1.0; +http://webmeup.com/crawler.html)"
198.143.187.114 - - [05/Jul/2013:21:35:08 +0200] "GET /impressum.php HTTP/1.1" 200 7582 "-" "Mozilla/5.0 (compatible; BLEXBot/1.0; +http://webmeup.com/crawler.html)"
198.143.187.114 - - [05/Jul/2013:21:35:09 +0200] "GET /kontakt.php HTTP/1.1" 200 6666 "-" "Mozilla/5.0 (compatible; BLEXBot/1.0; +http://webmeup.com/crawler.html)"
198.143.187.114 - - [05/Jul/2013:21:35:10 +0200] "GET /verkauf.php HTTP/1.1" 200 6239 "-" "Mozilla/5.0 (compatible; BLEXBot/1.0; +http://webmeup.com/crawler.html)"
79.194.244.245 - - [05/Jul/2013:22:07:01 +0200] "GET /download/Newsletter_Groeger_11-06_Innung.pdf HTTP/1.1" 200 422119 "http://www.google.de/url?sa=t&rct=j&q=b%C3%B6cker%20hd%2031%20k&source=web&cd=8&ved=0CDwQFjAH&url=http%3A%2F%2Fwww.groeger-bauaufzuege.de%2Fdownload%2FNewsletter_Groeger_11-06_Innung.pdf&ei=EifXUY_jLIaVswb6-oDIBg&usg=AFQjCNEfuinCCRyydnIblcQ8R1Vgz1boPA&bvm=bv.48705608,d.Yms" "Mozilla/5.0 (iPad; CPU OS 6_1_3 like Mac OS X) AppleWebKit/536.26 (KHTML, like Gecko) Version/6.0 Mobile/10B329 Safari/8536.25"
157.56.92.158 - - [05/Jul/2013:23:14:17 +0200] "GET /robots.txt HTTP/1.1" 404 - "-" "Mozilla/5.0 (compatible; bingbot/2.0; +http://www.bing.com/bingbot.htm)"
157.56.92.158 - - [05/Jul/2013:23:17:36 +0200] "GET / HTTP/1.1" 200 6430 "-" "Mozilla/5.0 (compatible; bingbot/2.0; +http://www.bing.com/bingbot.htm)"
208.115.111.73 - - [05/Jul/2013:23:59:05 +0200] "GET /robots.txt HTTP/1.1" 404 - "-" "Mozilla/5.0 (compatible; Ezooms/1.0; ezooms.bot@gmail.com)"
176.57.143.60 - - [06/Jul/2013:00:37:00 +0200] "GET /kontakt.php HTTP/1.1" 200 6666 "-" "Mozilla/5.0 (X11; Linux i686; rv:6.0) Gecko/20100101 Firefox/6.0"
157.56.92.158 - - [06/Jul/2013:00:46:41 +0200] "GET /robots.txt HTTP/1.1" 404 - "-" "Mozilla/5.0 (compatible; bingbot/2.0; +http://www.bing.com/bingbot.htm)"
157.56.92.158 - - [06/Jul/2013:01:07:04 +0200] "GET / HTTP/1.1" 200 6430 "-" "Mozilla/5.0 (compatible; bingbot/2.0; +http://www.bing.com/bingbot.htm)"
208.115.111.73 - - [06/Jul/2013:01:32:32 +0200] "GET /kontakt.php HTTP/1.1" 200 6666 "-" "Mozilla/5.0 (compatible; Ezooms/1.0; ezooms.bot@gmail.com)"
94.23.220.161 - - [06/Jul/2013:03:11:39 +0200] "GET /kontakt.php HTTP/1.1" 200 6666 "-" "Mozilla/5.0 (X11; Linux i686; rv:6.0) Gecko/20100101 Firefox/6.0"
176.57.142.28 - - [06/Jul/2013:03:11:39 +0200] "GET /download/Newsletter-Groeger-Dachdecker-2011-04.pdf HTTP/1.1" 200 248596 "-" "Mozilla/5.0 (X11; Linux i686; rv:6.0) Gecko/20100101 Firefox/6.0"
94.23.220.161 - - [06/Jul/2013:03:11:39 +0200] "GET /download/Groeger-Newsletter-Dachdecker11.pdf HTTP/1.1" 200 357192 "-" "Mozilla/5.0 (X11; Linux i686; rv:6.0) Gecko/20100101 Firefox/6.0"
178.33.122.74 - - [06/Jul/2013:03:11:39 +0200] "GET /download/Newsletter_Groeger_2012-06.pdf HTTP/1.1" 200 309498 "-" "Mozilla/5.0 (X11; Linux i686; rv:6.0) Gecko/20100101 Firefox/6.0"
157.55.32.106 - - [06/Jul/2013:03:34:57 +0200] "GET /robots.txt HTTP/1.1" 404 - "-" "Mozilla/5.0 (compatible; bingbot/2.0; +http://www.bing.com/bingbot.htm)"
157.55.32.106 - - [06/Jul/2013:03:36:21 +0200] "GET /index.php HTTP/1.1" 200 6430 "-" "Mozilla/5.0 (compatible; bingbot/2.0; +http://www.bing.com/bingbot.htm)"
66.249.75.88 - - [06/Jul/2013:04:15:39 +0200] "GET /robots.txt HTTP/1.1" 404 - "-" "Mozilla/5.0 (compatible; Googlebot/2.1; +http://www.google.com/bot.html)"
66.249.78.76 - - [06/Jul/2013:04:15:39 +0200] "GET /unternehmen.php HTTP/1.1" 200 6859 "-" "Mozilla/5.0 (iPhone; U; CPU iPhone OS 4_1 like Mac OS X; en-us) AppleWebKit/532.9 (KHTML, like Gecko) Version/4.0.5 Mobile/8B117 Safari/6531.22.7 (compatible; Googlebot-Mobile/2.1; +http://www.google.com/bot.html)"
130.83.167.153 - - [06/Jul/2013:06:01:08 +0200] "GET /robots.txt HTTP/1.1" 404 - "-" "findlinks/2.6 (+http://wortschatz.uni-leipzig.de/findlinks/)"
157.56.92.158 - - [06/Jul/2013:06:54:26 +0200] "GET /robots.txt HTTP/1.1" 404 - "-" "Mozilla/5.0 (compatible; bingbot/2.0; +http://www.bing.com/bingbot.htm)"
157.56.92.158 - - [06/Jul/2013:07:13:20 +0200] "GET /impressum.php HTTP/1.1" 200 7582 "-" "Mozilla/5.0 (compatible; bingbot/2.0; +http://www.bing.com/bingbot.htm)"
157.56.92.158 - - [06/Jul/2013:07:16:50 +0200] "GET / HTTP/1.1" 200 6430 "-" "Mozilla/5.0 (compatible; bingbot/2.0; +http://www.bing.com/bingbot.htm)"
173.31.74.145 - - [06/Jul/2013:10:03:15 +0200] "GET /robots.txt HTTP/1.0" 404 - "-" "Mozilla/5.0 (compatible; MJ12bot/v1.4.3; http://www.majestic12.co.uk/bot.php?+)"
173.31.74.145 - - [06/Jul/2013:10:03:17 +0200] "GET /unternehmen.php HTTP/1.1" 200 6859 "-" "Mozilla/5.0 (compatible; MJ12bot/v1.4.3; http://www.majestic12.co.uk/bot.php?+)"
157.56.92.158 - - [06/Jul/2013:11:06:32 +0200] "GET /robots.txt HTTP/1.1" 404 - "-" "Mozilla/5.0 (compatible; bingbot/2.0; +http://www.bing.com/bingbot.htm)"
157.56.92.158 - - [06/Jul/2013:11:07:58 +0200] "GET / HTTP/1.1" 200 6430 "-" "Mozilla/5.0 (compatible; bingbot/2.0; +http://www.bing.com/bingbot.htm)"
85.114.142.245 - - [06/Jul/2013:14:13:07 +0200] "GET /angebote.php HTTP/1.1" 200 9943 "-" "findlinks/2.6 (+http://wortschatz.uni-leipzig.de/findlinks/)"
66.249.78.76 - - [06/Jul/2013:17:03:54 +0200] "GET /robots.txt HTTP/1.1" 404 - "-" "Mozilla/5.0 (compatible; Googlebot/2.1; +http://www.google.com/bot.html)"
38.111.147.84 - - [06/Jul/2013:17:04:54 +0200] "GET /robots.txt HTTP/1.0" 404 - "-" "TurnitinBot/2.1 (http://www.turnitin.com/robot/crawlerinfo.html)"
38.111.147.84 - - [06/Jul/2013:17:04:59 +0200] "GET /download/Newsletter_Groeger_2012-11.pdf HTTP/1.0" 304 - "-" "TurnitinBot/2.1 (http://www.turnitin.com/robot/crawlerinfo.html)"
38.111.147.84 - - [06/Jul/2013:17:05:29 +0200] "GET /download/Newsletter_Groeger_2012-09.pdf HTTP/1.0" 304 - "-" "TurnitinBot/2.1 (http://www.turnitin.com/robot/crawlerinfo.html)"
38.111.147.84 - - [06/Jul/2013:17:05:59 +0200] "GET /download/Newsletter_Groeger_2012-06.pdf HTTP/1.0" 304 - "-" "TurnitinBot/2.1 (http://www.turnitin.com/robot/crawlerinfo.html)"
38.111.147.84 - - [06/Jul/2013:17:06:29 +0200] "GET /download/Newsletter_Groeger_11-06_Innung.pdf HTTP/1.0" 304 - "-" "TurnitinBot/2.1 (http://www.turnitin.com/robot/crawlerinfo.html)"
38.111.147.84 - - [06/Jul/2013:17:06:59 +0200] "GET /download/Newsletter-Groeger-Dachdecker-2011-04.pdf HTTP/1.0" 304 - "-" "TurnitinBot/2.1 (http://www.turnitin.com/robot/crawlerinfo.html)"
38.111.147.84 - - [06/Jul/2013:17:07:29 +0200] "GET /download/Groeger-Newsletter-Dachdecker11.pdf HTTP/1.0" 304 - "-" "TurnitinBot/2.1 (http://www.turnitin.com/robot/crawlerinfo.html)"
38.111.147.84 - - [06/Jul/2013:17:07:59 +0200] "GET /download/Lift_D.pdf HTTP/1.0" 304 - "-" "TurnitinBot/2.1 (http://www.turnitin.com/robot/crawlerinfo.html)"
38.111.147.84 - - [06/Jul/2013:17:08:29 +0200] "GET /download/Geda-Zubehoer.pdf HTTP/1.0" 304 - "-" "TurnitinBot/2.1 (http://www.turnitin.com/robot/crawlerinfo.html)"
38.111.147.84 - - [06/Jul/2013:17:08:59 +0200] "GET /angebote.php HTTP/1.0" 200 9943 "-" "TurnitinBot/2.1 (http://www.turnitin.com/robot/crawlerinfo.html)"
38.111.147.84 - - [06/Jul/2013:17:09:29 +0200] "GET /download/Newsletter_Groeger_2013-04.pdf HTTP/1.0" 304 - "-" "TurnitinBot/2.1 (http://www.turnitin.com/robot/crawlerinfo.html)"
38.111.147.84 - - [06/Jul/2013:17:09:59 +0200] "GET /aktuelles.php HTTP/1.0" 200 10521 "-" "TurnitinBot/2.1 (http://www.turnitin.com/robot/crawlerinfo.html)"
66.249.78.76 - - [06/Jul/2013:19:08:12 +0200] "GET /verkauf.php HTTP/1.1" 200 6239 "-" "Mozilla/5.0 (iPhone; U; CPU iPhone OS 4_1 like Mac OS X; en-us) AppleWebKit/532.9 (KHTML, like Gecko) Version/4.0.5 Mobile/8B117 Safari/6531.22.7 (compatible; Googlebot-Mobile/2.1; +http://www.google.com/bot.html)"
85.114.142.245 - - [06/Jul/2013:20:08:08 +0200] "GET /unternehmen.php HTTP/1.1" 200 6859 "-" "findlinks/2.6 (+http://wortschatz.uni-leipzig.de/findlinks/)"
85.114.142.245 - - [06/Jul/2013:20:37:37 +0200] "GET /verkauf.php HTTP/1.1" 200 6239 "-" "findlinks/2.6 (+http://wortschatz.uni-leipzig.de/findlinks/)"
157.56.92.158 - - [06/Jul/2013:21:25:43 +0200] "GET /robots.txt HTTP/1.1" 404 - "-" "Mozilla/5.0 (compatible; bingbot/2.0; +http://www.bing.com/bingbot.htm)"
157.56.92.158 - - [06/Jul/2013:21:26:32 +0200] "GET / HTTP/1.1" 200 6430 "-" "Mozilla/5.0 (compatible; bingbot/2.0; +http://www.bing.com/bingbot.htm)"
157.56.92.158 - - [06/Jul/2013:22:07:39 +0200] "GET / HTTP/1.1" 200 6430 "-" "Mozilla/5.0 (compatible; bingbot/2.0; +http://www.bing.com/bingbot.htm)"
85.114.142.245 - - [07/Jul/2013:00:25:25 +0200] "GET /impressum.php HTTP/1.1" 200 7582 "-" "findlinks/2.6 (+http://wortschatz.uni-leipzig.de/findlinks/)"
208.115.113.89 - - [07/Jul/2013:01:13:29 +0200] "GET /robots.txt HTTP/1.1" 404 - "-" "Mozilla/5.0 (compatible; Ezooms/1.0; ezooms.bot@gmail.com)"
66.249.75.88 - - [07/Jul/2013:02:44:29 +0200] "GET /img/aktionen/nl-2013-04.jpg HTTP/1.1" 304 - "-" "Googlebot-Image/1.0"
208.115.113.89 - - [07/Jul/2013:03:01:14 +0200] "GET /angebote.php HTTP/1.1" 200 9943 "-" "Mozilla/5.0 (compatible; Ezooms/1.0; ezooms.bot@gmail.com)"
46.229.160.208 - - [07/Jul/2013:03:30:28 +0200] "GET /download/Newsletter-Groeger-Dachdecker-2011-04.pdf HTTP/1.1" 200 248596 "-" "Mozilla/4.0 (compatible; MSIE 7.0; Windows NT 6.0; GTB5; SLCC1; .NET CLR 2.0.50727; Media Center PC 5.0; .NET CLR 3.0.04506)"
157.55.35.99 - - [07/Jul/2013:04:15:20 +0200] "GET /robots.txt HTTP/1.1" 404 - "-" "Mozilla/5.0 (compatible; bingbot/2.0; +http://www.bing.com/bingbot.htm)"
157.55.35.99 - - [07/Jul/2013:04:16:03 +0200] "GET /download/boecker_auf_achse_2011.pdf HTTP/1.1" 200 1766601 "-" "Mozilla/5.0 (compatible; bingbot/2.0; +http://www.bing.com/bingbot.htm)"
79.220.112.131 - - [07/Jul/2013:04:29:01 +0200] "GET /leistungen.php HTTP/1.1" 200 7141 "http://search.conduit.com/ResultsExt.aspx?ctid=CT2504091&SearchSource=3&q=groeger+baumaschinen" "Mozilla/5.0 (Windows NT 6.0; rv:19.0) Gecko/20100101 Firefox/19.0"
79.220.112.131 - - [07/Jul/2013:04:29:01 +0200] "GET /jquery.cross-slide.js HTTP/1.1" 200 11724 "http://www.groeger-bauaufzuege.de/leistungen.php" "Mozilla/5.0 (Windows NT 6.0; rv:19.0) Gecko/20100101 Firefox/19.0"
79.220.112.131 - - [07/Jul/2013:04:29:01 +0200] "GET /swfobject.js HTTP/1.1" 200 6880 "http://www.groeger-bauaufzuege.de/leistungen.php" "Mozilla/5.0 (Windows NT 6.0; rv:19.0) Gecko/20100101 Firefox/19.0"
79.220.112.131 - - [07/Jul/2013:04:29:01 +0200] "GET /fancybox/jquery.fancybox-1.3.4.pack.js HTTP/1.1" 200 15624 "http://www.groeger-bauaufzuege.de/leistungen.php" "Mozilla/5.0 (Windows NT 6.0; rv:19.0) Gecko/20100101 Firefox/19.0"
79.220.112.131 - - [07/Jul/2013:04:29:01 +0200] "GET /css/groeger.css HTTP/1.1" 200 5363 "http://www.groeger-bauaufzuege.de/leistungen.php" "Mozilla/5.0 (Windows NT 6.0; rv:19.0) Gecko/20100101 Firefox/19.0"
79.220.112.131 - - [07/Jul/2013:04:29:01 +0200] "GET /fancybox/jquery.fancybox-1.3.4.css HTTP/1.1" 200 8494 "http://www.groeger-bauaufzuege.de/leistungen.php" "Mozilla/5.0 (Windows NT 6.0; rv:19.0) Gecko/20100101 Firefox/19.0"
79.220.112.131 - - [07/Jul/2013:04:29:01 +0200] "GET /img/logo_groeger.gif HTTP/1.1" 200 3605 "http://www.groeger-bauaufzuege.de/leistungen.php" "Mozilla/5.0 (Windows NT 6.0; rv:19.0) Gecko/20100101 Firefox/19.0"
79.220.112.131 - - [07/Jul/2013:04:29:01 +0200] "GET /img/favicon.gif HTTP/1.1" 200 119 "-" "Mozilla/5.0 (Windows NT 6.0; rv:19.0) Gecko/20100101 Firefox/19.0"
79.220.112.131 - - [07/Jul/2013:04:29:01 +0200] "GET /img/leist_geda_02.jpg HTTP/1.1" 200 9528 "http://www.groeger-bauaufzuege.de/leistungen.php" "Mozilla/5.0 (Windows NT 6.0; rv:19.0) Gecko/20100101 Firefox/19.0"
79.220.112.131 - - [07/Jul/2013:04:29:01 +0200] "GET /img/bild_1.jpg HTTP/1.1" 200 44440 "http://www.groeger-bauaufzuege.de/leistungen.php" "Mozilla/5.0 (Windows NT 6.0; rv:19.0) Gecko/20100101 Firefox/19.0"
79.220.112.131 - - [07/Jul/2013:04:29:01 +0200] "GET /jquery-1.4.3.min.js HTTP/1.1" 200 77746 "http://www.groeger-bauaufzuege.de/leistungen.php" "Mozilla/5.0 (Windows NT 6.0; rv:19.0) Gecko/20100101 Firefox/19.0"
79.220.112.131 - - [07/Jul/2013:04:29:02 +0200] "GET /img/grauverlauf.png HTTP/1.1" 200 3242 "http://www.groeger-bauaufzuege.de/css/groeger.css" "Mozilla/5.0 (Windows NT 6.0; rv:19.0) Gecko/20100101 Firefox/19.0"
79.220.112.131 - - [07/Jul/2013:04:29:02 +0200] "GET /img/bild_2.jpg HTTP/1.1" 200 53191 "http://www.groeger-bauaufzuege.de/leistungen.php" "Mozilla/5.0 (Windows NT 6.0; rv:19.0) Gecko/20100101 Firefox/19.0"
79.220.112.131 - - [07/Jul/2013:04:29:02 +0200] "GET /img/bild_4.jpg HTTP/1.1" 200 45325 "http://www.groeger-bauaufzuege.de/leistungen.php" "Mozilla/5.0 (Windows NT 6.0; rv:19.0) Gecko/20100101 Firefox/19.0"
79.220.112.131 - - [07/Jul/2013:04:29:02 +0200] "GET /img/bild_3.jpg HTTP/1.1" 200 57915 "http://www.groeger-bauaufzuege.de/leistungen.php" "Mozilla/5.0 (Windows NT 6.0; rv:19.0) Gecko/20100101 Firefox/19.0"
66.249.78.76 - - [07/Jul/2013:04:55:55 +0200] "GET /link/20130604 HTTP/1.1" 302 - "-" "Mozilla/5.0 (iPhone; U; CPU iPhone OS 4_1 like Mac OS X; en-us) AppleWebKit/532.9 (KHTML, like Gecko) Version/4.0.5 Mobile/8B117 Safari/6531.22.7 (compatible; Googlebot-Mobile/2.1; +http://www.google.com/bot.html)"
66.249.78.76 - - [07/Jul/2013:04:55:55 +0200] "GET /download/Boecker_Autokrane.pdf HTTP/1.1" 200 1994740 "-" "Mozilla/5.0 (iPhone; U; CPU iPhone OS 4_1 like Mac OS X; en-us) AppleWebKit/532.9 (KHTML, like Gecko) Version/4.0.5 Mobile/8B117 Safari/6531.22.7 (compatible; Googlebot-Mobile/2.1; +http://www.google.com/bot.html)"
81.7.13.161 - - [07/Jul/2013:05:47:13 +0200] "GET /kontakt.php HTTP/1.1" 200 6666 "-" "Mozilla/5.0 (X11; Linux i686; rv:6.0) Gecko/20100101 Firefox/6.0"
208.115.111.73 - - [07/Jul/2013:07:09:58 +0200] "GET /robots.txt HTTP/1.1" 404 - "-" "Mozilla/5.0 (compatible; Ezooms/1.0; ezooms.bot@gmail.com)"
66.249.78.76 - - [07/Jul/2013:07:14:45 +0200] "GET /robots.txt HTTP/1.1" 404 - "-" "Mozilla/5.0 (compatible; Googlebot/2.1; +http://www.google.com/bot.html)"
66.249.78.76 - - [07/Jul/2013:07:14:45 +0200] "GET /aktuelles.php HTTP/1.1" 200 10521 "-" "SAMSUNG-SGH-E250/1.0 Profile/MIDP-2.0 Configuration/CLDC-1.1 UP.Browser/6.2.3.3.c.1.101 (GUI) MMP/2.0 (compatible; Googlebot-Mobile/2.1; +http://www.google.com/bot.html)"
208.115.111.73 - - [07/Jul/2013:08:54:14 +0200] "GET /unternehmen.php HTTP/1.1" 200 6859 "-" "Mozilla/5.0 (compatible; Ezooms/1.0; ezooms.bot@gmail.com)"
139.18.2.209 - - [07/Jul/2013:09:11:29 +0200] "GET /leistungen.php HTTP/1.1" 200 7141 "-" "findlinks/2.6 (+http://wortschatz.uni-leipzig.de/findlinks/)"
157.56.92.158 - - [07/Jul/2013:10:21:08 +0200] "GET /robots.txt HTTP/1.1" 404 - "-" "Mozilla/5.0 (compatible; bingbot/2.0; +http://www.bing.com/bingbot.htm)"
157.56.92.158 - - [07/Jul/2013:10:26:24 +0200] "GET / HTTP/1.1" 200 6430 "-" "Mozilla/5.0 (compatible; bingbot/2.0; +http://www.bing.com/bingbot.htm)"
157.55.32.106 - - [07/Jul/2013:13:20:20 +0200] "GET /robots.txt HTTP/1.1" 404 - "-" "Mozilla/5.0 (compatible; bingbot/2.0; +http://www.bing.com/bingbot.htm)"
157.55.32.106 - - [07/Jul/2013:13:21:07 +0200] "GET /leistungen.php HTTP/1.1" 200 7141 "-" "Mozilla/5.0 (compatible; bingbot/2.0; +http://www.bing.com/bingbot.htm)"
66.249.78.76 - - [07/Jul/2013:14:15:28 +0200] "GET /robots.txt HTTP/1.1" 404 - "-" "Mozilla/5.0 (compatible; Googlebot/2.1; +http://www.google.com/bot.html)"
66.249.78.76 - - [07/Jul/2013:14:15:28 +0200] "GET /aktuelles.php HTTP/1.1" 200 10521 "-" "Mozilla/5.0 (compatible; Googlebot/2.1; +http://www.google.com/bot.html)"
66.249.78.76 - - [07/Jul/2013:14:22:13 +0200] "GET /css/groeger.css HTTP/1.1" 200 5363 "-" "Mozilla/5.0 (compatible; Googlebot/2.1; +http://www.google.com/bot.html)"
66.249.78.76 - - [07/Jul/2013:14:22:14 +0200] "GET /fancybox/jquery.fancybox-1.3.4.css HTTP/1.1" 200 8494 "-" "Mozilla/5.0 (compatible; Googlebot/2.1; +http://www.google.com/bot.html)"
66.249.75.88 - - [07/Jul/2013:14:56:22 +0200] "GET /link/20130604 HTTP/1.1" 302 - "-" "Mozilla/5.0 (compatible; Googlebot/2.1; +http://www.google.com/bot.html)"
66.249.75.88 - - [07/Jul/2013:14:56:23 +0200] "GET /download/Boecker_Autokrane.pdf HTTP/1.1" 200 1994740 "-" "Mozilla/5.0 (compatible; Googlebot/2.1; +http://www.google.com/bot.html)"
66.249.78.76 - - [07/Jul/2013:15:18:31 +0200] "GET /kontakt.php HTTP/1.1" 200 6666 "-" "Mozilla/5.0 (compatible; Googlebot/2.1; +http://www.google.com/bot.html)"
66.249.78.76 - - [07/Jul/2013:16:00:30 +0200] "GET /download/Newsletter_Groeger_11-06_Innung.pdf HTTP/1.1" 304 - "-" "Mozilla/5.0 (compatible; Googlebot/2.1; +http://www.google.com/bot.html)"
66.249.75.88 - - [07/Jul/2013:16:27:14 +0200] "GET /download/Lift_D.pdf HTTP/1.1" 304 - "-" "Mozilla/5.0 (compatible; Googlebot/2.1; +http://www.google.com/bot.html)"
85.114.142.245 - - [07/Jul/2013:16:34:43 +0200] "GET /kontakt.php HTTP/1.1" 200 6666 "-" "findlinks/2.6 (+http://wortschatz.uni-leipzig.de/findlinks/)"
66.249.78.76 - - [07/Jul/2013:17:28:00 +0200] "GET /leistungen.php HTTP/1.1" 200 7141 "-" "Mozilla/5.0 (compatible; Googlebot/2.1; +http://www.google.com/bot.html)"
66.249.78.76 - - [07/Jul/2013:18:20:47 +0200] "GET /download/boecker_auf_achse_2011.pdf HTTP/1.1" 304 - "-" "Mozilla/5.0 (iPhone; U; CPU iPhone OS 4_1 like Mac OS X; en-us) AppleWebKit/532.9 (KHTML, like Gecko) Version/4.0.5 Mobile/8B117 Safari/6531.22.7 (compatible; Googlebot-Mobile/2.1; +http://www.google.com/bot.html)"
66.249.75.88 - - [07/Jul/2013:18:22:05 +0200] "GET / HTTP/1.1" 200 6430 "-" "Mozilla/5.0 (compatible; Googlebot/2.1; +http://www.google.com/bot.html)"
66.249.78.76 - - [07/Jul/2013:18:51:40 +0200] "GET /link/20130402 HTTP/1.1" 302 - "-" "Mozilla/5.0 (compatible; Googlebot/2.1; +http://www.google.com/bot.html)"
66.249.78.76 - - [07/Jul/2013:18:51:41 +0200] "GET /download/Boecker_Angebot_JuniorHD18_EasyLine.pdf HTTP/1.1" 200 202821 "-" "Mozilla/5.0 (compatible; Googlebot/2.1; +http://www.google.com/bot.html)"
46.165.197.141 - - [07/Jul/2013:19:43:16 +0200] "GET /robots.txt HTTP/1.0" 404 - "-" "Mozilla/5.0 (compatible; MJ12bot/v1.4.3; http://www.majestic12.co.uk/bot.php?+)"
46.165.197.141 - - [07/Jul/2013:19:43:17 +0200] "GET /kontakt.php HTTP/1.0" 200 6666 "-" "Mozilla/5.0 (compatible; MJ12bot/v1.4.3; http://www.majestic12.co.uk/bot.php?+)"
46.165.197.141 - - [07/Jul/2013:19:43:19 +0200] "GET /verkauf.php HTTP/1.0" 200 6239 "-" "Mozilla/5.0 (compatible; MJ12bot/v1.4.3; http://www.majestic12.co.uk/bot.php?+)"
46.165.197.141 - - [07/Jul/2013:19:43:21 +0200] "GET /vermietung.php HTTP/1.0" 200 6318 "-" "Mozilla/5.0 (compatible; MJ12bot/v1.4.3; http://www.majestic12.co.uk/bot.php?+)"
66.249.78.76 - - [07/Jul/2013:20:31:23 +0200] "GET /download/boecker_auf_achse_2011.pdf HTTP/1.1" 304 - "-" "Mozilla/5.0 (compatible; Googlebot/2.1; +http://www.google.com/bot.html)"
66.249.78.76 - - [07/Jul/2013:21:01:51 +0200] "GET /download/Boecker_Angebote_Easyline.pdf HTTP/1.1" 304 - "-" "Mozilla/5.0 (compatible; Googlebot/2.1; +http://www.google.com/bot.html)"
157.56.92.158 - - [07/Jul/2013:21:15:03 +0200] "GET /robots.txt HTTP/1.1" 404 - "-" "Mozilla/5.0 (compatible; bingbot/2.0; +http://www.bing.com/bingbot.htm)"
157.56.92.158 - - [07/Jul/2013:21:17:55 +0200] "GET / HTTP/1.1" 200 6430 "-" "Mozilla/5.0 (compatible; bingbot/2.0; +http://www.bing.com/bingbot.htm)"
77.12.93.57 - - [07/Jul/2013:21:20:47 +0200] "GET /kontakt.php HTTP/1.1" 200 6666 "http://www.google.de/url?sa=t&rct=j&q=groeger%20bauaufz%C3%BCge&source=web&cd=2&ved=0CDgQFjAB&url=http%3A%2F%2Fwww.groeger-bauaufzuege.de%2Fkontakt.php&ei=LL_ZUZOVF5HasgaboIGwDw&usg=AFQjCNHDVrcsUtKeFmiq0WZyos2ucumfmQ&bvm=bv.48705608,d.Yms" "Mozilla/5.0 (Windows NT 6.1; rv:22.0) Gecko/20100101 Firefox/22.0"
77.12.93.57 - - [07/Jul/2013:21:20:48 +0200] "GET /css/groeger.css HTTP/1.1" 200 5363 "http://www.groeger-bauaufzuege.de/kontakt.php" "Mozilla/5.0 (Windows NT 6.1; rv:22.0) Gecko/20100101 Firefox/22.0"
77.12.93.57 - - [07/Jul/2013:21:20:48 +0200] "GET /swfobject.js HTTP/1.1" 200 6880 "http://www.groeger-bauaufzuege.de/kontakt.php" "Mozilla/5.0 (Windows NT 6.1; rv:22.0) Gecko/20100101 Firefox/22.0"
77.12.93.57 - - [07/Jul/2013:21:20:48 +0200] "GET /jquery.cross-slide.js HTTP/1.1" 200 11724 "http://www.groeger-bauaufzuege.de/kontakt.php" "Mozilla/5.0 (Windows NT 6.1; rv:22.0) Gecko/20100101 Firefox/22.0"
77.12.93.57 - - [07/Jul/2013:21:20:48 +0200] "GET /fancybox/jquery.fancybox-1.3.4.pack.js HTTP/1.1" 200 15624 "http://www.groeger-bauaufzuege.de/kontakt.php" "Mozilla/5.0 (Windows NT 6.1; rv:22.0) Gecko/20100101 Firefox/22.0"
77.12.93.57 - - [07/Jul/2013:21:20:48 +0200] "GET /fancybox/jquery.fancybox-1.3.4.css HTTP/1.1" 200 8494 "http://www.groeger-bauaufzuege.de/kontakt.php" "Mozilla/5.0 (Windows NT 6.1; rv:22.0) Gecko/20100101 Firefox/22.0"
77.12.93.57 - - [07/Jul/2013:21:20:48 +0200] "GET /img/favicon.gif HTTP/1.1" 200 119 "-" "Mozilla/5.0 (Windows NT 6.1; rv:22.0) Gecko/20100101 Firefox/22.0"
77.12.93.57 - - [07/Jul/2013:21:20:48 +0200] "GET /jquery-1.4.3.min.js HTTP/1.1" 200 77746 "http://www.groeger-bauaufzuege.de/kontakt.php" "Mozilla/5.0 (Windows NT 6.1; rv:22.0) Gecko/20100101 Firefox/22.0"
77.12.93.57 - - [07/Jul/2013:21:20:48 +0200] "GET /img/logo_groeger.gif HTTP/1.1" 200 3605 "http://www.groeger-bauaufzuege.de/kontakt.php" "Mozilla/5.0 (Windows NT 6.1; rv:22.0) Gecko/20100101 Firefox/22.0"
77.12.93.57 - - [07/Jul/2013:21:20:48 +0200] "GET /img/grauverlauf.png HTTP/1.1" 200 3242 "http://www.groeger-bauaufzuege.de/css/groeger.css" "Mozilla/5.0 (Windows NT 6.1; rv:22.0) Gecko/20100101 Firefox/22.0"
77.12.93.57 - - [07/Jul/2013:21:20:48 +0200] "GET /img/bild_1.jpg HTTP/1.1" 200 44440 "http://www.groeger-bauaufzuege.de/kontakt.php" "Mozilla/5.0 (Windows NT 6.1; rv:22.0) Gecko/20100101 Firefox/22.0"
77.12.93.57 - - [07/Jul/2013:21:20:48 +0200] "GET /img/bild_2.jpg HTTP/1.1" 200 53191 "http://www.groeger-bauaufzuege.de/kontakt.php" "Mozilla/5.0 (Windows NT 6.1; rv:22.0) Gecko/20100101 Firefox/22.0"
77.12.93.57 - - [07/Jul/2013:21:20:48 +0200] "GET /img/bild_3.jpg HTTP/1.1" 200 57915 "http://www.groeger-bauaufzuege.de/kontakt.php" "Mozilla/5.0 (Windows NT 6.1; rv:22.0) Gecko/20100101 Firefox/22.0"
77.12.93.57 - - [07/Jul/2013:21:20:48 +0200] "GET /img/bild_4.jpg HTTP/1.1" 200 45325 "http://www.groeger-bauaufzuege.de/kontakt.php" "Mozilla/5.0 (Windows NT 6.1; rv:22.0) Gecko/20100101 Firefox/22.0"
77.12.93.57 - - [07/Jul/2013:21:21:14 +0200] "GET /kontakt.php HTTP/1.1" 200 6666 "http://www.groeger-bauaufzuege.de/kontakt.php" "Mozilla/5.0 (Windows NT 6.1; rv:22.0) Gecko/20100101 Firefox/22.0"
77.12.93.57 - - [07/Jul/2013:21:21:22 +0200] "GET /kontakt.php HTTP/1.1" 200 6666 "http://www.groeger-bauaufzuege.de/kontakt.php" "Mozilla/5.0 (Windows NT 6.1; rv:22.0) Gecko/20100101 Firefox/22.0"
77.12.93.57 - - [07/Jul/2013:21:21:27 +0200] "GET /gebrauchtmaschinen.php HTTP/1.1" 200 6062 "http://www.groeger-bauaufzuege.de/kontakt.php" "Mozilla/5.0 (Windows NT 6.1; rv:22.0) Gecko/20100101 Firefox/22.0"
77.12.93.57 - - [07/Jul/2013:21:21:43 +0200] "GET /aktuelles.php HTTP/1.1" 200 10521 "http://www.groeger-bauaufzuege.de/gebrauchtmaschinen.php" "Mozilla/5.0 (Windows NT 6.1; rv:22.0) Gecko/20100101 Firefox/22.0"
77.12.93.57 - - [07/Jul/2013:21:21:44 +0200] "GET /img/Newsletter_Groeger_2013-06.png HTTP/1.1" 200 23068 "http://www.groeger-bauaufzuege.de/aktuelles.php" "Mozilla/5.0 (Windows NT 6.1; rv:22.0) Gecko/20100101 Firefox/22.0"
77.12.93.57 - - [07/Jul/2013:21:21:48 +0200] "GET /kontakt.php HTTP/1.1" 200 6666 "http://www.groeger-bauaufzuege.de/aktuelles.php" "Mozilla/5.0 (Windows NT 6.1; rv:22.0) Gecko/20100101 Firefox/22.0"
77.12.93.57 - - [07/Jul/2013:21:23:00 +0200] "GET /kontakt.php HTTP/1.1" 200 6666 "http://www.groeger-bauaufzuege.de/kontakt.php" "Mozilla/5.0 (Windows NT 6.1; rv:22.0) Gecko/20100101 Firefox/22.0"
77.12.93.57 - - [07/Jul/2013:21:23:03 +0200] "GET /kontakt.php HTTP/1.1" 200 6666 "http://www.groeger-bauaufzuege.de/kontakt.php" "Mozilla/5.0 (Windows NT 6.1; rv:22.0) Gecko/20100101 Firefox/22.0"
66.249.78.76 - - [07/Jul/2013:22:37:55 +0200] "GET /download/Newsletter_Groeger_2013-04.pdf HTTP/1.1" 304 - "-" "Mozilla/5.0 (compatible; Googlebot/2.1; +http://www.google.com/bot.html)"
66.249.78.76 - - [07/Jul/2013:22:58:00 +0200] "GET /img/pfeil.png HTTP/1.1" 304 - "-" "Googlebot-Image/1.0"
130.83.167.153 - - [07/Jul/2013:23:58:32 +0200] "GET /gebrauchtmaschinen.php HTTP/1.1" 200 6062 "-" "findlinks/2.6 (+http://wortschatz.uni-leipzig.de/findlinks/)"
66.249.78.76 - - [08/Jul/2013:04:00:03 +0200] "GET /robots.txt HTTP/1.1" 404 - "-" "Mozilla/5.0 (compatible; Googlebot/2.1; +http://www.google.com/bot.html)"
66.249.78.76 - - [08/Jul/2013:04:00:03 +0200] "GET /img/aktionen/nl-2013-04.jpg HTTP/1.1" 304 - "-" "Googlebot-Image/1.0"
5.199.136.130 - - [08/Jul/2013:04:05:28 +0200] "GET /robots.txt HTTP/1.1" 404 - "-" "Mozilla/5.0 (compatible; Spiderlytics/1.0; +spider@spiderlytics.com)"
5.199.136.130 - - [08/Jul/2013:04:05:28 +0200] "GET /img/12042013641.jpg HTTP/1.1" 200 116307 "-" "Mozilla/5.0 (compatible; Spiderlytics/1.0; +spider@spiderlytics.com)"
66.249.78.76 - - [08/Jul/2013:04:12:19 +0200] "GET /angebote.php HTTP/1.1" 200 9943 "-" "SAMSUNG-SGH-E250/1.0 Profile/MIDP-2.0 Configuration/CLDC-1.1 UP.Browser/6.2.3.3.c.1.101 (GUI) MMP/2.0 (compatible; Googlebot-Mobile/2.1; +http://www.google.com/bot.html)"
157.55.35.99 - - [08/Jul/2013:04:40:17 +0200] "GET /robots.txt HTTP/1.1" 404 - "-" "Mozilla/5.0 (compatible; bingbot/2.0; +http://www.bing.com/bingbot.htm)"
157.55.35.99 - - [08/Jul/2013:04:41:20 +0200] "GET /gebrauchtmaschinen.php HTTP/1.1" 200 6062 "-" "Mozilla/5.0 (compatible; bingbot/2.0; +http://www.bing.com/bingbot.htm)"
139.18.2.209 - - [08/Jul/2013:05:02:29 +0200] "GET /index.php HTTP/1.1" 200 6430 "-" "findlinks/2.6 (+http://wortschatz.uni-leipzig.de/findlinks/)"
157.55.35.99 - - [08/Jul/2013:05:05:17 +0200] "GET /gebrauchtmaschinen.php HTTP/1.1" 200 6062 "-" "Mozilla/5.0 (compatible; bingbot/2.0; +http://www.bing.com/bingbot.htm)"
157.55.32.49 - - [08/Jul/2013:05:59:58 +0200] "GET /robots.txt HTTP/1.1" 404 - "-" "Mozilla/5.0 (compatible; bingbot/2.0; +http://www.bing.com/bingbot.htm)"
157.55.32.49 - - [08/Jul/2013:06:03:13 +0200] "GET /unternehmen.php HTTP/1.1" 200 6859 "-" "Mozilla/5.0 (compatible; bingbot/2.0; +http://www.bing.com/bingbot.htm)"
66.249.78.76 - - [08/Jul/2013:06:19:29 +0200] "GET /vermietung.php HTTP/1.1" 200 6318 "-" "Mozilla/5.0 (iPhone; U; CPU iPhone OS 4_1 like Mac OS X; en-us) AppleWebKit/532.9 (KHTML, like Gecko) Version/4.0.5 Mobile/8B117 Safari/6531.22.7 (compatible; Googlebot-Mobile/2.1; +http://www.google.com/bot.html)"
157.56.92.158 - - [08/Jul/2013:07:49:08 +0200] "GET /robots.txt HTTP/1.1" 404 - "-" "Mozilla/5.0 (compatible; bingbot/2.0; +http://www.bing.com/bingbot.htm)"
157.56.92.158 - - [08/Jul/2013:07:49:53 +0200] "GET /kontakt.php HTTP/1.1" 200 6666 "-" "Mozilla/5.0 (compatible; bingbot/2.0; +http://www.bing.com/bingbot.htm)"
199.30.20.88 - - [08/Jul/2013:07:51:51 +0200] "GET /robots.txt HTTP/1.1" 404 - "-" "msnbot-media/1.1 (+http://search.msn.com/msnbot.htm)"
199.30.20.88 - - [08/Jul/2013:07:51:51 +0200] "GET /img/aktionen/nl4-2012-09.jpg HTTP/1.1" 200 42401 "-" "msnbot-media/1.1 (+http://search.msn.com/msnbot.htm)"
157.56.92.158 - - [08/Jul/2013:08:36:06 +0200] "GET /robots.txt HTTP/1.1" 404 - "-" "Mozilla/5.0 (compatible; bingbot/2.0; +http://www.bing.com/bingbot.htm)"
157.56.92.158 - - [08/Jul/2013:08:36:51 +0200] "GET / HTTP/1.1" 200 6430 "-" "Mozilla/5.0 (compatible; bingbot/2.0; +http://www.bing.com/bingbot.htm)"
5.199.136.130 - - [08/Jul/2013:12:07:08 +0200] "GET /robots.txt HTTP/1.1" 404 - "-" "Mozilla/5.0 (compatible; Spiderlytics/1.0; +spider@spiderlytics.com)"
5.199.136.130 - - [08/Jul/2013:12:07:08 +0200] "GET /img/DSC01494.jpg HTTP/1.1" 200 141092 "-" "Mozilla/5.0 (compatible; Spiderlytics/1.0; +spider@spiderlytics.com)"
199.30.16.23 - - [08/Jul/2013:12:53:16 +0200] "GET /robots.txt HTTP/1.1" 404 - "-" "msnbot-media/1.1 (+http://search.msn.com/msnbot.htm)"
199.30.16.23 - - [08/Jul/2013:12:53:16 +0200] "GET /img/logo_steinbach.jpg HTTP/1.1" 200 9601 "-" "msnbot-media/1.1 (+http://search.msn.com/msnbot.htm)"
192.168.10.44 - - [08/Jul/2013:14:05:11 +0200] "GET / HTTP/1.1" 200 6430 "-" "Mozilla/5.0 (Windows NT 6.1; WOW64; rv:22.0) Gecko/20100101 Firefox/22.0"
192.168.10.44 - - [08/Jul/2013:14:05:12 +0200] "GET /css/groeger.css HTTP/1.1" 304 - "http://www.groeger-bauaufzuege.de/" "Mozilla/5.0 (Windows NT 6.1; WOW64; rv:22.0) Gecko/20100101 Firefox/22.0"
