82.94.179.38 - - [18/Jul/2013:21:51:12 +0200] "GET /kontakt.php HTTP/1.1" 200 6666 "http://www.groeger-bauaufzuege.de" "Mozilla/4.0 (compatible; Vagabondo/4.0/EU; http://www.wise-guys.nl/)"
82.94.179.38 - - [18/Jul/2013:21:51:22 +0200] "GET /leistungen.php HTTP/1.1" 200 7141 "http://www.groeger-bauaufzuege.de" "Mozilla/4.0 (compatible; Vagabondo/4.0/EU; http://www.wise-guys.nl/)"
82.94.179.38 - - [18/Jul/2013:21:51:32 +0200] "GET /impressum.php HTTP/1.1" 200 7582 "http://www.groeger-bauaufzuege.de" "Mozilla/4.0 (compatible; Vagabondo/4.0/EU; http://www.wise-guys.nl/)"
5.10.83.95 - - [18/Jul/2013:21:56:31 +0200] "GET /vermietung.php HTTP/1.1" 200 6318 "-" "Mozilla/5.0 (compatible; AhrefsBot/5.0; +http://ahrefs.com/robot/)"
5.10.83.95 - - [18/Jul/2013:21:56:39 +0200] "GET /impressum.php HTTP/1.1" 200 7582 "-" "Mozilla/5.0 (compatible; AhrefsBot/5.0; +http://ahrefs.com/robot/)"
5.10.83.95 - - [18/Jul/2013:22:04:19 +0200] "GET /angebote.php HTTP/1.1" 200 9943 "-" "Mozilla/5.0 (compatible; AhrefsBot/5.0; +http://ahrefs.com/robot/)"
66.249.78.76 - - [18/Jul/2013:22:05:59 +0200] "GET /robots.txt HTTP/1.1" 404 - "-" "Mozilla/5.0 (compatible; Googlebot/2.1; +http://www.google.com/bot.html)"
66.249.78.76 - - [18/Jul/2013:22:05:59 +0200] "GET /download/Newsletter_Groeger_2012-06.pdf HTTP/1.1" 200 309498 "-" "Mozilla/5.0 (compatible; Googlebot/2.1; +http://www.google.com/bot.html)"
5.10.83.95 - - [18/Jul/2013:22:12:51 +0200] "GET /unternehmen.php HTTP/1.1" 200 6859 "-" "Mozilla/5.0 (compatible; AhrefsBot/5.0; +http://ahrefs.com/robot/)"
173.199.115.187 - - [18/Jul/2013:22:44:17 +0200] "GET /javascript; HTTP/1.1" 404 - "-" "Mozilla/5.0 (compatible; AhrefsBot/4.0; +http://ahrefs.com/robot/)"
5.10.83.95 - - [18/Jul/2013:22:53:25 +0200] "GET /verkauf.php HTTP/1.1" 200 6239 "-" "Mozilla/5.0 (compatible; AhrefsBot/5.0; +http://ahrefs.com/robot/)"
5.10.83.95 - - [18/Jul/2013:23:05:49 +0200] "GET /index.php HTTP/1.1" 200 6430 "-" "Mozilla/5.0 (compatible; AhrefsBot/5.0; +http://ahrefs.com/robot/)"
5.10.83.95 - - [18/Jul/2013:23:11:26 +0200] "GET /gebrauchtmaschinen.php HTTP/1.1" 200 6062 "-" "Mozilla/5.0 (compatible; AhrefsBot/5.0; +http://ahrefs.com/robot/)"
5.10.83.95 - - [18/Jul/2013:23:16:13 +0200] "GET /aktuelles.php HTTP/1.1" 200 10521 "-" "Mozilla/5.0 (compatible; AhrefsBot/5.0; +http://ahrefs.com/robot/)"
66.249.78.76 - - [19/Jul/2013:00:09:10 +0200] "GET /download/boecker_auf_achse_2011.pdf HTTP/1.1" 304 - "-" "Mozilla/5.0 (compatible; Googlebot/2.1; +http://www.google.com/bot.html)"
66.249.78.76 - - [19/Jul/2013:01:06:01 +0200] "GET /impressum.php HTTP/1.1" 200 7582 "-" "Mozilla/5.0 (compatible; Googlebot/2.1; +http://www.google.com/bot.html)"
66.249.78.76 - - [19/Jul/2013:01:11:05 +0200] "GET /fancybox/jquery.fancybox-1.3.4.css HTTP/1.1" 200 8494 "-" "Mozilla/5.0 (compatible; Googlebot/2.1; +http://www.google.com/bot.html)"
66.249.78.76 - - [19/Jul/2013:01:11:05 +0200] "GET /css/groeger.css HTTP/1.1" 200 5363 "-" "Mozilla/5.0 (compatible; Googlebot/2.1; +http://www.google.com/bot.html)"
208.115.113.89 - - [19/Jul/2013:01:15:14 +0200] "GET /robots.txt HTTP/1.1" 404 - "-" "Mozilla/5.0 (compatible; Ezooms/1.0; ezooms.bot@gmail.com)"
66.249.75.88 - - [19/Jul/2013:01:29:42 +0200] "GET /aktuelles.php HTTP/1.1" 200 10521 "-" "Mozilla/5.0 (compatible; Googlebot/2.1; +http://www.google.com/bot.html)"
66.249.78.76 - - [19/Jul/2013:01:34:24 +0200] "GET /gebrauchtmaschinen.php HTTP/1.1" 200 6062 "-" "Mozilla/5.0 (iPhone; U; CPU iPhone OS 4_1 like Mac OS X; en-us) AppleWebKit/532.9 (KHTML, like Gecko) Version/4.0.5 Mobile/8B117 Safari/6531.22.7 (compatible; Googlebot-Mobile/2.1; +http://www.google.com/bot.html)"
66.249.78.76 - - [19/Jul/2013:02:07:36 +0200] "GET /kontakt.php HTTP/1.1" 200 6666 "-" "Mozilla/5.0 (compatible; Googlebot/2.1; +http://www.google.com/bot.html)"
66.249.78.76 - - [19/Jul/2013:03:00:53 +0200] "GET / HTTP/1.1" 200 6430 "-" "Mozilla/5.0 (compatible; Googlebot/2.1; +http://www.google.com/bot.html)"
208.115.113.89 - - [19/Jul/2013:03:04:32 +0200] "GET /index.php HTTP/1.1" 200 6430 "-" "Mozilla/5.0 (compatible; Ezooms/1.0; ezooms.bot@gmail.com)"
66.249.78.76 - - [19/Jul/2013:03:28:09 +0200] "GET /verkauf.php HTTP/1.1" 200 6239 "-" "Mozilla/5.0 (compatible; Googlebot/2.1; +http://www.google.com/bot.html)"
66.249.75.88 - - [19/Jul/2013:03:51:54 +0200] "GET /download/Newsletter_Groeger_2012-06.pdf HTTP/1.1" 200 309498 "-" "SAMSUNG-SGH-E250/1.0 Profile/MIDP-2.0 Configuration/CLDC-1.1 UP.Browser/6.2.3.3.c.1.101 (GUI) MMP/2.0 (compatible; Googlebot-Mobile/2.1; +http://www.google.com/bot.html)"
141.8.147.12 - - [19/Jul/2013:04:08:12 +0200] "GET /robots.txt HTTP/1.1" 404 - "-" "Mozilla/5.0 (compatible; YandexBot/3.0; +http://yandex.com/bots)"
141.8.147.12 - - [19/Jul/2013:04:08:15 +0200] "GET /img/aktionen/nl-2013-04.jpg HTTP/1.1" 304 - "-" "Mozilla/5.0 (compatible; YandexImages/3.0; +http://yandex.com/bots)"
157.56.92.158 - - [19/Jul/2013:05:29:33 +0200] "GET /robots.txt HTTP/1.1" 404 - "-" "Mozilla/5.0 (compatible; bingbot/2.0; +http://www.bing.com/bingbot.htm)"
157.56.92.158 - - [19/Jul/2013:05:31:06 +0200] "GET / HTTP/1.1" 200 6430 "-" "Mozilla/5.0 (compatible; bingbot/2.0; +http://www.bing.com/bingbot.htm)"
66.249.78.76 - - [19/Jul/2013:05:31:20 +0200] "GET /download/Newsletter_Groeger_11-06_Innung.pdf HTTP/1.1" 200 422119 "-" "Mozilla/5.0 (compatible; Googlebot/2.1; +http://www.google.com/bot.html)"
66.249.75.88 - - [19/Jul/2013:05:38:43 +0200] "GET /aktuelles.php HTTP/1.1" 200 10521 "-" "DoCoMo/2.0 N905i(c100;TB;W24H16) (compatible; Googlebot-Mobile/2.1; +http://www.google.com/bot.html)"
66.249.78.76 - - [19/Jul/2013:05:40:38 +0200] "GET /download/Newsletter_Groeger_11-06_Dachdecker_rz2.pdf HTTP/1.1" 404 - "-" "Mozilla/5.0 (compatible; Googlebot/2.1; +http://www.google.com/bot.html)"
66.249.78.76 - - [19/Jul/2013:05:40:48 +0200] "GET /link/20130604 HTTP/1.1" 302 - "-" "Mozilla/5.0 (compatible; Googlebot/2.1; +http://www.google.com/bot.html)"
66.249.78.76 - - [19/Jul/2013:05:40:49 +0200] "GET /download/Boecker_Autokrane.pdf HTTP/1.1" 200 1994740 "-" "Mozilla/5.0 (compatible; Googlebot/2.1; +http://www.google.com/bot.html)"
94.109.23.25 - - [19/Jul/2013:05:49:09 +0200] "GET / HTTP/1.1" 200 6430 "-" "Java/1.4.1_04"
94.109.23.25 - - [19/Jul/2013:05:49:10 +0200] "GET /index.php HTTP/1.1" 200 6430 "-" "Java/1.4.1_04"
94.109.23.25 - - [19/Jul/2013:05:49:11 +0200] "GET /jquery-1.4.3.min.js HTTP/1.1" 200 77746 "-" "Java/1.4.1_04"
94.109.23.25 - - [19/Jul/2013:05:49:13 +0200] "GET /jquery.cross-slide.js HTTP/1.1" 200 11724 "-" "Java/1.4.1_04"
94.109.23.25 - - [19/Jul/2013:05:49:15 +0200] "GET /swfobject.js HTTP/1.1" 200 6880 "-" "Java/1.4.1_04"
94.109.23.25 - - [19/Jul/2013:05:49:16 +0200] "GET /verkauf.php HTTP/1.1" 200 6239 "-" "Java/1.4.1_04"
94.109.23.25 - - [19/Jul/2013:05:49:17 +0200] "GET /vermietung.php HTTP/1.1" 200 6318 "-" "Java/1.4.1_04"
94.109.23.25 - - [19/Jul/2013:05:49:18 +0200] "GET /)h.html(f?c( HTTP/1.1" 404 - "-" "Java/1.4.1_04"
94.109.23.25 - - [19/Jul/2013:05:49:20 +0200] "GET /]};O.optgroup=O.option;O.tbody=O.tfoot=O.colgroup=O.caption=O.thead;O.th=O.td;if(!c.support.htmlSerialize)O._default=[1, HTTP/1.1" 404 - "-" "Java/1.4.1_04"
94.109.23.25 - - [19/Jul/2013:05:53:20 +0200] "GET /{1} HTTP/1.1" 404 - "-" "Java/1.4.1_04"
94.109.23.25 - - [19/Jul/2013:05:53:47 +0200] "GET /./img/pfeil.png HTTP/1.1" 200 840 "-" "Java/1.4.1_04"
66.249.78.76 - - [19/Jul/2013:06:37:39 +0200] "GET /download/Groeger-Newsletter-Dachdecker11.pdf HTTP/1.1" 200 357192 "-" "Mozilla/5.0 (compatible; Googlebot/2.1; +http://www.google.com/bot.html)"
66.249.78.76 - - [19/Jul/2013:06:42:24 +0200] "GET /download/Boecker_Angebote_Easyline.pdf HTTP/1.1" 304 - "-" "Mozilla/5.0 (compatible; Googlebot/2.1; +http://www.google.com/bot.html)"
173.199.115.187 - - [19/Jul/2013:07:48:07 +0200] "GET /leistungen.php HTTP/1.1" 200 7141 "-" "Mozilla/5.0 (compatible; AhrefsBot/4.0; +http://ahrefs.com/robot/)"
66.249.78.76 - - [19/Jul/2013:07:48:43 +0200] "GET /download/Newsletter_Groeger_2012-09.pdf HTTP/1.1" 304 - "-" "Mozilla/5.0 (compatible; Googlebot/2.1; +http://www.google.com/bot.html)"
66.249.78.76 - - [19/Jul/2013:07:58:12 +0200] "GET /download/Lift_D.pdf HTTP/1.1" 304 - "-" "Mozilla/5.0 (compatible; Googlebot/2.1; +http://www.google.com/bot.html)"
66.249.75.88 - - [19/Jul/2013:08:17:09 +0200] "GET /download/Newsletter_Groeger_2012-11.pdf HTTP/1.1" 304 - "-" "Mozilla/5.0 (compatible; Googlebot/2.1; +http://www.google.com/bot.html)"
66.249.78.76 - - [19/Jul/2013:08:40:50 +0200] "GET /leistungen.php HTTP/1.1" 200 7141 "-" "Mozilla/5.0 (compatible; Googlebot/2.1; +http://www.google.com/bot.html)"
141.8.147.12 - - [19/Jul/2013:08:41:08 +0200] "GET / HTTP/1.1" 200 6430 "-" "Mozilla/5.0 (compatible; YandexBot/3.0; +http://yandex.com/bots)"
141.8.147.12 - - [19/Jul/2013:08:41:14 +0200] "GET /img/aktionen/nl-2013-04.jpg HTTP/1.1" 304 - "-" "Mozilla/5.0 (compatible; YandexImages/3.0; +http://yandex.com/bots)"
199.30.16.18 - - [19/Jul/2013:12:45:16 +0200] "GET /robots.txt HTTP/1.1" 404 - "-" "msnbot-media/1.1 (+http://search.msn.com/msnbot.htm)"
199.30.16.18 - - [19/Jul/2013:12:45:16 +0200] "GET /img/logo_groeger.gif HTTP/1.1" 200 3605 "-" "msnbot-media/1.1 (+http://search.msn.com/msnbot.htm)"
87.160.144.124 - - [19/Jul/2013:13:08:25 +0200] "GET / HTTP/1.1" 200 6430 "http://suche.t-online.de/fast-cgi/tsc?q=dachdecker+aufz%C3%BCge&tstmp=1374231730994&adtest=&mandant=toi&dia=suche&context=internet-tab&ptl=std&start=0&num=10&cr=&sb=top" "Mozilla/5.0 (compatible; MSIE 9.0; Windows NT 6.1; Win64; x64; Trident/5.0)"
87.160.144.124 - - [19/Jul/2013:13:08:25 +0200] "GET /css/groeger.css HTTP/1.1" 200 5363 "http://www.groeger-bauaufzuege.de/" "Mozilla/5.0 (compatible; MSIE 9.0; Windows NT 6.1; Win64; x64; Trident/5.0)"
87.160.144.124 - - [19/Jul/2013:13:08:25 +0200] "GET /fancybox/jquery.fancybox-1.3.4.css HTTP/1.1" 200 8494 "http://www.groeger-bauaufzuege.de/" "Mozilla/5.0 (compatible; MSIE 9.0; Windows NT 6.1; Win64; x64; Trident/5.0)"
87.160.144.124 - - [19/Jul/2013:13:08:25 +0200] "GET /fancybox/jquery.fancybox-1.3.4.pack.js HTTP/1.1" 200 15624 "http://www.groeger-bauaufzuege.de/" "Mozilla/5.0 (compatible; MSIE 9.0; Windows NT 6.1; Win64; x64; Trident/5.0)"
87.160.144.124 - - [19/Jul/2013:13:08:25 +0200] "GET /img/logo_groeger.gif HTTP/1.1" 200 3605 "http://www.groeger-bauaufzuege.de/" "Mozilla/5.0 (compatible; MSIE 9.0; Windows NT 6.1; Win64; x64; Trident/5.0)"
87.160.144.124 - - [19/Jul/2013:13:08:25 +0200] "GET /jquery.cross-slide.js HTTP/1.1" 200 11724 "http://www.groeger-bauaufzuege.de/" "Mozilla/5.0 (compatible; MSIE 9.0; Windows NT 6.1; Win64; x64; Trident/5.0)"
87.160.144.124 - - [19/Jul/2013:13:08:25 +0200] "GET /img/pfeil.png HTTP/1.1" 200 840 "http://www.groeger-bauaufzuege.de/" "Mozilla/5.0 (compatible; MSIE 9.0; Windows NT 6.1; Win64; x64; Trident/5.0)"
87.160.144.124 - - [19/Jul/2013:13:08:25 +0200] "GET /swfobject.js HTTP/1.1" 200 6880 "http://www.groeger-bauaufzuege.de/" "Mozilla/5.0 (compatible; MSIE 9.0; Windows NT 6.1; Win64; x64; Trident/5.0)"
87.160.144.124 - - [19/Jul/2013:13:08:25 +0200] "GET /img/bild_1.jpg HTTP/1.1" 200 44440 "http://www.groeger-bauaufzuege.de/" "Mozilla/5.0 (compatible; MSIE 9.0; Windows NT 6.1; Win64; x64; Trident/5.0)"
87.160.144.124 - - [19/Jul/2013:13:08:25 +0200] "GET /jquery-1.4.3.min.js HTTP/1.1" 200 77746 "http://www.groeger-bauaufzuege.de/" "Mozilla/5.0 (compatible; MSIE 9.0; Windows NT 6.1; Win64; x64; Trident/5.0)"
87.160.144.124 - - [19/Jul/2013:13:08:26 +0200] "GET /img/groeger_web.jpg HTTP/1.1" 200 10877 "http://www.groeger-bauaufzuege.de/" "Mozilla/5.0 (compatible; MSIE 9.0; Windows NT 6.1; Win64; x64; Trident/5.0)"
87.160.144.124 - - [19/Jul/2013:13:08:26 +0200] "GET /img/grauverlauf.png HTTP/1.1" 200 3242 "http://www.groeger-bauaufzuege.de/" "Mozilla/5.0 (compatible; MSIE 9.0; Windows NT 6.1; Win64; x64; Trident/5.0)"
87.160.144.124 - - [19/Jul/2013:13:08:26 +0200] "GET /img/bild_2.jpg HTTP/1.1" 200 53191 "http://www.groeger-bauaufzuege.de/" "Mozilla/5.0 (compatible; MSIE 9.0; Windows NT 6.1; Win64; x64; Trident/5.0)"
87.160.144.124 - - [19/Jul/2013:13:08:26 +0200] "GET /img/bild_3.jpg HTTP/1.1" 200 57915 "http://www.groeger-bauaufzuege.de/" "Mozilla/5.0 (compatible; MSIE 9.0; Windows NT 6.1; Win64; x64; Trident/5.0)"
87.160.144.124 - - [19/Jul/2013:13:08:26 +0200] "GET /img/bild_4.jpg HTTP/1.1" 200 45325 "http://www.groeger-bauaufzuege.de/" "Mozilla/5.0 (compatible; MSIE 9.0; Windows NT 6.1; Win64; x64; Trident/5.0)"
87.160.144.124 - - [19/Jul/2013:13:08:26 +0200] "GET /fancybox/fancybox-x.png HTTP/1.1" 200 203 "http://www.groeger-bauaufzuege.de/" "Mozilla/5.0 (compatible; MSIE 9.0; Windows NT 6.1; Win64; x64; Trident/5.0)"
87.160.144.124 - - [19/Jul/2013:13:08:26 +0200] "GET /fancybox/fancybox.png HTTP/1.1" 200 15287 "http://www.groeger-bauaufzuege.de/" "Mozilla/5.0 (compatible; MSIE 9.0; Windows NT 6.1; Win64; x64; Trident/5.0)"
87.160.144.124 - - [19/Jul/2013:13:08:26 +0200] "GET /fancybox/fancybox-y.png HTTP/1.1" 200 176 "http://www.groeger-bauaufzuege.de/" "Mozilla/5.0 (compatible; MSIE 9.0; Windows NT 6.1; Win64; x64; Trident/5.0)"
87.160.144.124 - - [19/Jul/2013:13:08:26 +0200] "GET /fancybox/blank.gif HTTP/1.1" 200 43 "http://www.groeger-bauaufzuege.de/" "Mozilla/5.0 (compatible; MSIE 9.0; Windows NT 6.1; Win64; x64; Trident/5.0)"
87.160.144.124 - - [19/Jul/2013:13:08:26 +0200] "GET /img/favicon.gif HTTP/1.1" 200 119 "-" "Mozilla/5.0 (compatible; MSIE 9.0; Windows NT 6.1; Win64; x64; Trident/5.0)"
87.160.144.124 - - [19/Jul/2013:13:08:39 +0200] "GET /verkauf.php HTTP/1.1" 200 6239 "http://www.groeger-bauaufzuege.de/" "Mozilla/5.0 (compatible; MSIE 9.0; Windows NT 6.1; Win64; x64; Trident/5.0)"
87.160.144.124 - - [19/Jul/2013:13:08:39 +0200] "GET /img/logo_geda.gif HTTP/1.1" 200 4337 "http://www.groeger-bauaufzuege.de/verkauf.php" "Mozilla/5.0 (compatible; MSIE 9.0; Windows NT 6.1; Win64; x64; Trident/5.0)"
87.160.144.124 - - [19/Jul/2013:13:08:39 +0200] "GET /img/logo_boecker.gif HTTP/1.1" 200 2974 "http://www.groeger-bauaufzuege.de/verkauf.php" "Mozilla/5.0 (compatible; MSIE 9.0; Windows NT 6.1; Win64; x64; Trident/5.0)"
87.160.144.124 - - [19/Jul/2013:13:08:39 +0200] "GET /img/logo_steinbach.jpg HTTP/1.1" 200 9601 "http://www.groeger-bauaufzuege.de/verkauf.php" "Mozilla/5.0 (compatible; MSIE 9.0; Windows NT 6.1; Win64; x64; Trident/5.0)"
87.160.144.124 - - [19/Jul/2013:13:08:40 +0200] "GET /img/favicon.gif HTTP/1.1" 200 119 "-" "Mozilla/5.0 (compatible; MSIE 9.0; Windows NT 6.1; Win64; x64; Trident/5.0)"
66.249.78.76 - - [19/Jul/2013:14:26:51 +0200] "GET /robots.txt HTTP/1.1" 404 - "-" "Mozilla/5.0 (compatible; Googlebot/2.1; +http://www.google.com/bot.html)"
66.249.78.76 - - [19/Jul/2013:14:26:51 +0200] "GET /download/Newsletter_Groeger_2012-06.pdf HTTP/1.1" 304 - "-" "Mozilla/5.0 (iPhone; U; CPU iPhone OS 4_1 like Mac OS X; en-us) AppleWebKit/532.9 (KHTML, like Gecko) Version/4.0.5 Mobile/8B117 Safari/6531.22.7 (compatible; Googlebot-Mobile/2.1; +http://www.google.com/bot.html)"
5.10.83.39 - - [19/Jul/2013:16:22:49 +0200] "GET / HTTP/1.1" 200 6430 "-" "Mozilla/5.0 (compatible; AhrefsBot/5.0; +http://ahrefs.com/robot/)"
157.56.92.158 - - [19/Jul/2013:17:33:46 +0200] "GET /robots.txt HTTP/1.1" 404 - "-" "Mozilla/5.0 (compatible; bingbot/2.0; +http://www.bing.com/bingbot.htm)"
157.56.92.158 - - [19/Jul/2013:17:34:48 +0200] "GET / HTTP/1.1" 200 6430 "-" "Mozilla/5.0 (compatible; bingbot/2.0; +http://www.bing.com/bingbot.htm)"
173.199.115.187 - - [19/Jul/2013:18:17:48 +0200] "GET /img/leist_geda_02.jpg HTTP/1.1" 200 9528 "-" "Mozilla/5.0 (compatible; AhrefsBot/4.0; +http://ahrefs.com/robot/)"
206.253.226.12 - - [19/Jul/2013:18:59:22 +0200] "GET /robots.txt HTTP/1.1" 404 - "-" "Mozilla/5.0 (compatible; oBot/2.3.1; +http://www-935.ibm.com/services/us/index.wss/detail/iss/a1029077?cntxt=a1027244)"
206.253.226.12 - - [19/Jul/2013:18:59:22 +0200] "HEAD /img/aktion_133px.gif HTTP/1.1" 200 - "-" "Mozilla/5.0 (compatible; oBot/2.3.1; +http://www-935.ibm.com/services/us/index.wss/detail/iss/a1029077?cntxt=a1027244)"
206.253.226.12 - - [19/Jul/2013:18:59:22 +0200] "HEAD /img/logo_groeger.gif HTTP/1.1" 200 - "-" "Mozilla/5.0 (compatible; oBot/2.3.1; +http://www-935.ibm.com/services/us/index.wss/detail/iss/a1029077?cntxt=a1027244)"
206.253.226.12 - - [19/Jul/2013:18:59:22 +0200] "HEAD /img/logo_boecker.gif HTTP/1.1" 200 - "-" "Mozilla/5.0 (compatible; oBot/2.3.1; +http://www-935.ibm.com/services/us/index.wss/detail/iss/a1029077?cntxt=a1027244)"
206.253.226.12 - - [19/Jul/2013:18:59:23 +0200] "HEAD /img/leist_geda_02.jpg HTTP/1.1" 200 - "-" "Mozilla/5.0 (compatible; oBot/2.3.1; +http://www-935.ibm.com/services/us/index.wss/detail/iss/a1029077?cntxt=a1027244)"
206.253.226.12 - - [19/Jul/2013:18:59:23 +0200] "HEAD /img/logo_steinbach.jpg HTTP/1.1" 200 - "-" "Mozilla/5.0 (compatible; oBot/2.3.1; +http://www-935.ibm.com/services/us/index.wss/detail/iss/a1029077?cntxt=a1027244)"
206.253.226.12 - - [19/Jul/2013:18:59:23 +0200] "HEAD /img/DSC01494.JPG HTTP/1.1" 404 - "-" "Mozilla/5.0 (compatible; oBot/2.3.1; +http://www-935.ibm.com/services/us/index.wss/detail/iss/a1029077?cntxt=a1027244)"
206.253.226.12 - - [19/Jul/2013:18:59:24 +0200] "HEAD /img/aktionen/nl4-2012-09.jpg HTTP/1.1" 200 - "-" "Mozilla/5.0 (compatible; oBot/2.3.1; +http://www-935.ibm.com/services/us/index.wss/detail/iss/a1029077?cntxt=a1027244)"
206.253.226.12 - - [19/Jul/2013:18:59:24 +0200] "HEAD /img/logo_geda.gif HTTP/1.1" 200 - "-" "Mozilla/5.0 (compatible; oBot/2.3.1; +http://www-935.ibm.com/services/us/index.wss/detail/iss/a1029077?cntxt=a1027244)"
206.253.226.12 - - [19/Jul/2013:18:59:24 +0200] "HEAD /img/bild_1.jpg HTTP/1.1" 200 - "-" "Mozilla/5.0 (compatible; oBot/2.3.1; +http://www-935.ibm.com/services/us/index.wss/detail/iss/a1029077?cntxt=a1027244)"
206.253.226.12 - - [19/Jul/2013:18:59:24 +0200] "HEAD /img/pfeil.png HTTP/1.1" 200 - "-" "Mozilla/5.0 (compatible; oBot/2.3.1; +http://www-935.ibm.com/services/us/index.wss/detail/iss/a1029077?cntxt=a1027244)"
5.10.83.52 - - [19/Jul/2013:19:00:31 +0200] "GET /kontakt.php HTTP/1.1" 200 6666 "-" "Mozilla/5.0 (compatible; AhrefsBot/5.0; +http://ahrefs.com/robot/)"
5.10.83.52 - - [19/Jul/2013:19:14:43 +0200] "GET /unternehmen.php HTTP/1.1" 200 6859 "-" "Mozilla/5.0 (compatible; AhrefsBot/5.0; +http://ahrefs.com/robot/)"
5.10.83.52 - - [19/Jul/2013:19:14:48 +0200] "GET /vermietung.php HTTP/1.1" 200 6318 "-" "Mozilla/5.0 (compatible; AhrefsBot/5.0; +http://ahrefs.com/robot/)"
5.10.83.52 - - [19/Jul/2013:19:20:44 +0200] "GET /impressum.php HTTP/1.1" 200 7582 "-" "Mozilla/5.0 (compatible; AhrefsBot/5.0; +http://ahrefs.com/robot/)"
5.10.83.52 - - [19/Jul/2013:19:23:00 +0200] "GET /angebote.php HTTP/1.1" 200 9943 "-" "Mozilla/5.0 (compatible; AhrefsBot/5.0; +http://ahrefs.com/robot/)"
5.10.83.52 - - [19/Jul/2013:20:24:56 +0200] "GET /leistungen.php HTTP/1.1" 200 7141 "-" "Mozilla/5.0 (compatible; AhrefsBot/5.0; +http://ahrefs.com/robot/)"
5.10.83.52 - - [19/Jul/2013:20:33:36 +0200] "GET /aktuelles.php HTTP/1.1" 200 10521 "-" "Mozilla/5.0 (compatible; AhrefsBot/5.0; +http://ahrefs.com/robot/)"
66.249.78.76 - - [19/Jul/2013:21:32:51 +0200] "GET /robots.txt HTTP/1.1" 404 - "-" "Mozilla/5.0 (compatible; Googlebot/2.1; +http://www.google.com/bot.html)"
66.249.78.76 - - [19/Jul/2013:21:32:51 +0200] "GET / HTTP/1.1" 200 6430 "http://web2.cylex.de/reviews/viewcompanywebsite.aspx?firmaName=groeger---bauaufzuege---hebetechnik&companyId=7429492" "Mozilla/5.0 (compatible; Googlebot/2.1; +http://www.google.com/bot.html)"
206.253.226.22 - - [19/Jul/2013:23:17:03 +0200] "GET /robots.txt HTTP/1.1" 404 - "-" "Mozilla/5.0 (compatible; oBot/2.3.1; +http://www-935.ibm.com/services/us/index.wss/detail/iss/a1029077?cntxt=a1027244)"
206.253.226.22 - - [19/Jul/2013:23:17:03 +0200] "HEAD /img/DSC01494.JPG HTTP/1.1" 404 - "-" "Mozilla/5.0 (compatible; oBot/2.3.1; +http://www-935.ibm.com/services/us/index.wss/detail/iss/a1029077?cntxt=a1027244)"
69.58.178.57 - - [19/Jul/2013:23:24:35 +0200] "GET /robots.txt HTTP/1.1" 404 - "-" "Mozilla/5.0 (X11; Ubuntu; Linux i686; rv:14.0; ips-agent) Gecko/20100101 Firefox/14.0.1"
69.58.178.57 - - [19/Jul/2013:23:24:36 +0200] "GET / HTTP/1.1" 200 6430 "-" "Mozilla/5.0 (X11; Ubuntu; Linux i686; rv:14.0; ips-agent) Gecko/20100101 Firefox/14.0.1"
69.58.178.57 - - [19/Jul/2013:23:24:38 +0200] "GET /index.php HTTP/1.1" 200 6430 "-" "Mozilla/5.0 (X11; Ubuntu; Linux i686; rv:14.0; ips-agent) Gecko/20100101 Firefox/14.0.1"
69.58.178.57 - - [19/Jul/2013:23:24:39 +0200] "GET /aktuelles.php HTTP/1.1" 200 10521 "-" "Mozilla/5.0 (X11; Ubuntu; Linux i686; rv:14.0; ips-agent) Gecko/20100101 Firefox/14.0.1"
69.58.178.57 - - [19/Jul/2013:23:24:40 +0200] "GET /leistungen.php HTTP/1.1" 200 7141 "-" "Mozilla/5.0 (X11; Ubuntu; Linux i686; rv:14.0; ips-agent) Gecko/20100101 Firefox/14.0.1"
69.58.178.57 - - [19/Jul/2013:23:24:42 +0200] "GET /verkauf.php HTTP/1.1" 200 6239 "-" "Mozilla/5.0 (X11; Ubuntu; Linux i686; rv:14.0; ips-agent) Gecko/20100101 Firefox/14.0.1"
69.58.178.57 - - [19/Jul/2013:23:24:43 +0200] "GET /vermietung.php HTTP/1.1" 200 6318 "-" "Mozilla/5.0 (X11; Ubuntu; Linux i686; rv:14.0; ips-agent) Gecko/20100101 Firefox/14.0.1"
69.58.178.57 - - [19/Jul/2013:23:24:44 +0200] "GET /gebrauchtmaschinen.php HTTP/1.1" 200 6062 "-" "Mozilla/5.0 (X11; Ubuntu; Linux i686; rv:14.0; ips-agent) Gecko/20100101 Firefox/14.0.1"
69.58.178.57 - - [19/Jul/2013:23:24:45 +0200] "GET /unternehmen.php HTTP/1.1" 200 6859 "-" "Mozilla/5.0 (X11; Ubuntu; Linux i686; rv:14.0; ips-agent) Gecko/20100101 Firefox/14.0.1"
69.58.178.57 - - [19/Jul/2013:23:24:47 +0200] "GET /kontakt.php HTTP/1.1" 200 6666 "-" "Mozilla/5.0 (X11; Ubuntu; Linux i686; rv:14.0; ips-agent) Gecko/20100101 Firefox/14.0.1"
69.58.178.57 - - [19/Jul/2013:23:24:48 +0200] "GET /impressum.php HTTP/1.1" 200 7582 "-" "Mozilla/5.0 (X11; Ubuntu; Linux i686; rv:14.0; ips-agent) Gecko/20100101 Firefox/14.0.1"
157.56.92.158 - - [19/Jul/2013:23:37:02 +0200] "GET /robots.txt HTTP/1.1" 404 - "-" "Mozilla/5.0 (compatible; bingbot/2.0; +http://www.bing.com/bingbot.htm)"
157.56.92.158 - - [19/Jul/2013:23:38:48 +0200] "GET /impressum.php HTTP/1.1" 200 7582 "-" "Mozilla/5.0 (compatible; bingbot/2.0; +http://www.bing.com/bingbot.htm)"
157.56.92.158 - - [19/Jul/2013:23:38:57 +0200] "GET /css/groeger.css HTTP/1.1" 200 5363 "-" "Mozilla/5.0 (compatible; bingbot/2.0; +http://www.bing.com/bingbot.htm)"
157.55.32.189 - - [19/Jul/2013:23:49:16 +0200] "GET /fancybox/jquery.fancybox-1.3.4.pack.js HTTP/1.1" 200 15624 "-" "Mozilla/5.0 (compatible; bingbot/2.0; +http://www.bing.com/bingbot.htm)"
66.249.78.76 - - [20/Jul/2013:00:16:17 +0200] "GET /download/Newsletter_Groeger_11-06_Innung.pdf HTTP/1.1" 304 - "-" "Mozilla/5.0 (iPhone; U; CPU iPhone OS 4_1 like Mac OS X; en-us) AppleWebKit/532.9 (KHTML, like Gecko) Version/4.0.5 Mobile/8B117 Safari/6531.22.7 (compatible; Googlebot-Mobile/2.1; +http://www.google.com/bot.html)"
130.83.167.153 - - [20/Jul/2013:00:37:39 +0200] "GET /robots.txt HTTP/1.1" 404 - "-" "findlinks/2.6 (+http://wortschatz.uni-leipzig.de/findlinks/)"
157.55.32.189 - - [20/Jul/2013:00:40:07 +0200] "GET /robots.txt HTTP/1.1" 404 - "-" "Mozilla/5.0 (compatible; bingbot/2.0; +http://www.bing.com/bingbot.htm)"
157.55.32.189 - - [20/Jul/2013:00:41:16 +0200] "GET /jquery-1.4.3.min.js HTTP/1.1" 200 77746 "-" "Mozilla/5.0 (compatible; bingbot/2.0; +http://www.bing.com/bingbot.htm)"
66.249.75.88 - - [20/Jul/2013:02:13:18 +0200] "GET /kontakt.php HTTP/1.1" 200 6666 "-" "SAMSUNG-SGH-E250/1.0 Profile/MIDP-2.0 Configuration/CLDC-1.1 UP.Browser/6.2.3.3.c.1.101 (GUI) MMP/2.0 (compatible; Googlebot-Mobile/2.1; +http://www.google.com/bot.html)"
84.38.65.176 - - [20/Jul/2013:03:06:00 +0200] "GET / HTTP/1.0" 200 6430 "http://www.backlink-webkatalog.de/" "Mozilla/5.0 (Windows; U; Windows NT 6.0; en-US) AppleWebKit/533.4 (KHTML, like Gecko) Chrome/5.0.375.126 Safari/533.4"
192.196.206.246 - - [20/Jul/2013:03:57:22 +0200] "GET / HTTP/1.1" 200 6430 "-" "Mozilla/4.0 (Windows NT 5.1; en-US; rv:0.2.2.4) Gecko/20131012 Firefox/3.1.4"
66.249.75.88 - - [20/Jul/2013:04:23:43 +0200] "GET /angebote.php HTTP/1.1" 200 9943 "-" "DoCoMo/2.0 N905i(c100;TB;W24H16) (compatible; Googlebot-Mobile/2.1; +http://www.google.com/bot.html)"
157.56.92.158 - - [20/Jul/2013:05:13:49 +0200] "GET /robots.txt HTTP/1.1" 404 - "-" "Mozilla/5.0 (compatible; bingbot/2.0; +http://www.bing.com/bingbot.htm)"
157.56.92.158 - - [20/Jul/2013:05:14:51 +0200] "GET / HTTP/1.1" 200 6430 "-" "Mozilla/5.0 (compatible; bingbot/2.0; +http://www.bing.com/bingbot.htm)"
66.249.78.76 - - [20/Jul/2013:06:28:50 +0200] "GET /download/Newsletter_Groeger_2012-09.pdf HTTP/1.1" 304 - "-" "Mozilla/5.0 (compatible; Googlebot/2.1; +http://www.google.com/bot.html)"
217.254.24.236 - - [20/Jul/2013:08:27:47 +0200] "GET /link/20130402 HTTP/1.1" 302 - "http://www.google.de/url?sa=t&rct=j&q=hd18%20easyline&source=web&cd=5&ved=0CFYQFjAE&url=http%3A%2F%2Fwww.groeger-bauaufzuege.de%2Flink%2F20130402&ei=kC3qUdfgG8eotAaOvoCgDA&usg=AFQjCNGHgbZzcH5XJ3lMzrzYcTVcNqU8oQ&bvm=bv.49478099,d.Yms" "Mozilla/4.0 (compatible; MSIE 8.0; Windows NT 5.1; Trident/4.0; GTB7.5; .NET4.0C; .NET4.0E)"
217.254.24.236 - - [20/Jul/2013:08:27:47 +0200] "GET /download/Boecker_Angebot_JuniorHD18_EasyLine.pdf HTTP/1.1" 200 202821 "http://www.google.de/url?sa=t&rct=j&q=hd18%20easyline&source=web&cd=5&ved=0CFYQFjAE&url=http%3A%2F%2Fwww.groeger-bauaufzuege.de%2Flink%2F20130402&ei=kC3qUdfgG8eotAaOvoCgDA&usg=AFQjCNGHgbZzcH5XJ3lMzrzYcTVcNqU8oQ&bvm=bv.49478099,d.Yms" "Mozilla/4.0 (compatible; MSIE 8.0; Windows NT 5.1; Trident/4.0; GTB7.5; .NET4.0C; .NET4.0E)"
217.254.24.236 - - [20/Jul/2013:08:28:59 +0200] "GET /download/Boecker_Angebote_Easyline.pdf HTTP/1.1" 200 649684 "http://www.google.de/url?sa=t&rct=j&q=hd18%20easyline&source=web&cd=4&ved=0CFEQFjAD&url=http%3A%2F%2Fwww.groeger-bauaufzuege.de%2Fdownload%2FBoecker_Angebote_Easyline.pdf&ei=kC3qUdfgG8eotAaOvoCgDA&usg=AFQjCNFptKrOUbseWr-7hj8jGHbvWxHF7w" "Mozilla/4.0 (compatible; MSIE 8.0; Windows NT 5.1; Trident/4.0; GTB7.5; .NET4.0C; .NET4.0E)"
91.224.226.196 - - [20/Jul/2013:11:00:23 +0200] "GET /img/favicon.gif HTTP/1.1" 304 - "-" "Mozilla/4.0 (compatible;)"
157.56.92.158 - - [20/Jul/2013:11:23:10 +0200] "GET /robots.txt HTTP/1.1" 404 - "-" "Mozilla/5.0 (compatible; bingbot/2.0; +http://www.bing.com/bingbot.htm)"
157.56.92.158 - - [20/Jul/2013:11:23:55 +0200] "GET / HTTP/1.1" 200 6430 "-" "Mozilla/5.0 (compatible; bingbot/2.0; +http://www.bing.com/bingbot.htm)"
66.249.78.76 - - [20/Jul/2013:11:50:32 +0200] "GET /robots.txt HTTP/1.1" 404 - "-" "Mozilla/5.0 (compatible; Googlebot/2.1; +http://www.google.com/bot.html)"
66.249.78.76 - - [20/Jul/2013:11:50:33 +0200] "GET /img/1.DeutscheGeruestbaumesse-4.jpg HTTP/1.1" 304 - "-" "Googlebot-Image/1.0"
141.8.147.12 - - [20/Jul/2013:13:19:38 +0200] "GET /robots.txt HTTP/1.1" 404 - "-" "Mozilla/5.0 (compatible; YandexBot/3.0; +http://yandex.com/bots)"
66.249.78.76 - - [20/Jul/2013:13:20:21 +0200] "GET / HTTP/1.1" 200 6430 "-" "Mozilla/5.0 (iPhone; U; CPU iPhone OS 4_1 like Mac OS X; en-us) AppleWebKit/532.9 (KHTML, like Gecko) Version/4.0.5 Mobile/8B117 Safari/6531.22.7 (compatible; Googlebot-Mobile/2.1; +http://www.google.com/bot.html)"
141.8.147.12 - - [20/Jul/2013:13:38:25 +0200] "GET / HTTP/1.1" 200 6430 "-" "Mozilla/5.0 (compatible; YandexBot/3.0; +http://yandex.com/bots)"
130.83.167.153 - - [20/Jul/2013:14:19:03 +0200] "GET /leistungen.php HTTP/1.1" 200 7141 "-" "findlinks/2.6 (+http://wortschatz.uni-leipzig.de/findlinks/)"
193.111.141.44 - - [20/Jul/2013:14:43:59 +0200] "GET /kontakt.php HTTP/1.1" 200 6666 "-" "Mozilla/5.0 (X11; Linux i686; rv:6.0) Gecko/20100101 Firefox/6.0"
176.57.141.254 - - [20/Jul/2013:14:43:59 +0200] "GET / HTTP/1.1" 200 6430 "-" "Mozilla/5.0 (X11; Linux i686; rv:6.0) Gecko/20100101 Firefox/6.0"
81.7.13.161 - - [20/Jul/2013:14:43:59 +0200] "GET /vermietung.php HTTP/1.1" 200 6318 "-" "Mozilla/5.0 (X11; Linux i686; rv:6.0) Gecko/20100101 Firefox/6.0"
176.57.141.193 - - [20/Jul/2013:14:43:59 +0200] "GET /verkauf.php HTTP/1.1" 200 6239 "-" "Mozilla/5.0 (X11; Linux i686; rv:6.0) Gecko/20100101 Firefox/6.0"
46.105.114.127 - - [20/Jul/2013:14:43:59 +0200] "GET /angebote.php HTTP/1.1" 200 9943 "-" "Mozilla/5.0 (X11; Linux i686; rv:6.0) Gecko/20100101 Firefox/6.0"
91.224.226.196 - - [20/Jul/2013:14:48:31 +0200] "GET /img/bild_3.jpg HTTP/1.1" 304 - "-" "Mozilla/4.0 (compatible;)"
66.249.78.76 - - [20/Jul/2013:15:24:48 +0200] "GET /download/Boecker_Angebote_Easyline.pdf HTTP/1.1" 200 649684 "-" "Mozilla/5.0 (iPhone; U; CPU iPhone OS 4_1 like Mac OS X; en-us) AppleWebKit/532.9 (KHTML, like Gecko) Version/4.0.5 Mobile/8B117 Safari/6531.22.7 (compatible; Googlebot-Mobile/2.1; +http://www.google.com/bot.html)"
85.114.142.245 - - [20/Jul/2013:16:48:51 +0200] "GET /vermietung.php HTTP/1.1" 200 6318 "-" "findlinks/2.6 (+http://wortschatz.uni-leipzig.de/findlinks/)"
66.249.78.76 - - [20/Jul/2013:17:41:17 +0200] "GET /leistungen.php HTTP/1.1" 200 7141 "-" "SAMSUNG-SGH-E250/1.0 Profile/MIDP-2.0 Configuration/CLDC-1.1 UP.Browser/6.2.3.3.c.1.101 (GUI) MMP/2.0 (compatible; Googlebot-Mobile/2.1; +http://www.google.com/bot.html)"
66.249.78.76 - - [20/Jul/2013:17:55:43 +0200] "GET /mgxmcjsufwcrxg.html HTTP/1.1" 404 - "-" "Mozilla/5.0 (compatible; Googlebot/2.1; +http://www.google.com/bot.html)"
141.8.147.12 - - [20/Jul/2013:19:07:54 +0200] "GET /img/12042013641.jpg HTTP/1.1" 304 - "-" "Mozilla/5.0 (compatible; YandexImages/3.0; +http://yandex.com/bots)"
66.249.75.88 - - [20/Jul/2013:22:32:57 +0200] "GET /robots.txt HTTP/1.1" 404 - "-" "Mozilla/5.0 (compatible; Googlebot/2.1; +http://www.google.com/bot.html)"
66.249.75.88 - - [20/Jul/2013:22:32:57 +0200] "GET / HTTP/1.1" 200 6430 "-" "DoCoMo/2.0 N905i(c100;TB;W24H16) (compatible; Googlebot-Mobile/2.1; +http://www.google.com/bot.html)"
157.56.92.158 - - [20/Jul/2013:23:05:17 +0200] "GET /robots.txt HTTP/1.1" 404 - "-" "Mozilla/5.0 (compatible; bingbot/2.0; +http://www.bing.com/bingbot.htm)"
157.56.92.158 - - [20/Jul/2013:23:09:05 +0200] "GET / HTTP/1.1" 200 6430 "-" "Mozilla/5.0 (compatible; bingbot/2.0; +http://www.bing.com/bingbot.htm)"
66.249.78.76 - - [20/Jul/2013:23:10:53 +0200] "GET /download/Newsletter-Groeger-Dachdecker-2011-04.pdf HTTP/1.1" 304 - "-" "Mozilla/5.0 (iPhone; U; CPU iPhone OS 4_1 like Mac OS X; en-us) AppleWebKit/532.9 (KHTML, like Gecko) Version/4.0.5 Mobile/8B117 Safari/6531.22.7 (compatible; Googlebot-Mobile/2.1; +http://www.google.com/bot.html)"
91.224.226.196 - - [21/Jul/2013:01:18:56 +0200] "GET /jquery.cross-slide.js HTTP/1.1" 304 - "-" "Mozilla/4.0 (compatible;)"
66.249.75.88 - - [21/Jul/2013:02:26:08 +0200] "GET / HTTP/1.1" 200 6430 "-" "Mozilla/5.0 (compatible; Googlebot/2.1; +http://www.google.com/bot.html)"
66.249.78.76 - - [21/Jul/2013:02:31:46 +0200] "GET /fancybox/jquery.fancybox-1.3.4.css HTTP/1.1" 200 8494 "-" "Mozilla/5.0 (compatible; Googlebot/2.1; +http://www.google.com/bot.html)"
66.249.78.76 - - [21/Jul/2013:02:31:46 +0200] "GET /css/groeger.css HTTP/1.1" 200 5363 "-" "Mozilla/5.0 (compatible; Googlebot/2.1; +http://www.google.com/bot.html)"
91.224.226.196 - - [21/Jul/2013:02:33:35 +0200] "GET /img/bild_1.jpg HTTP/1.1" 304 - "-" "Mozilla/4.0 (compatible;)"
91.224.226.196 - - [21/Jul/2013:04:11:53 +0200] "GET /img/logo_groeger.gif HTTP/1.1" 304 - "-" "Mozilla/4.0 (compatible;)"
85.114.142.245 - - [21/Jul/2013:05:38:47 +0200] "GET /gebrauchtmaschinen.php HTTP/1.1" 200 6062 "-" "findlinks/2.6 (+http://wortschatz.uni-leipzig.de/findlinks/)"
173.192.235.226 - - [21/Jul/2013:05:58:12 +0200] "GET /robots.txt HTTP/1.1" 404 - "-" "Mozilla/5.0 (compatible; SiteExplorer/1.0b; +http://siteexplorer.info/)"
173.192.235.226 - - [21/Jul/2013:05:58:16 +0200] "GET /leistungen.php HTTP/1.1" 200 7141 "-" "Mozilla/5.0 (compatible; SiteExplorer/1.0b; +http://siteexplorer.info/)"
173.192.235.226 - - [21/Jul/2013:05:58:26 +0200] "GET /impressum.php HTTP/1.1" 200 7582 "-" "Mozilla/5.0 (compatible; SiteExplorer/1.0b; +http://siteexplorer.info/)"
173.192.235.226 - - [21/Jul/2013:05:58:37 +0200] "GET /aktuelles.php HTTP/1.1" 200 10521 "-" "Mozilla/5.0 (compatible; SiteExplorer/1.0b; +http://siteexplorer.info/)"
157.56.92.158 - - [21/Jul/2013:06:27:12 +0200] "GET /robots.txt HTTP/1.1" 404 - "-" "Mozilla/5.0 (compatible; bingbot/2.0; +http://www.bing.com/bingbot.htm)"
157.56.92.158 - - [21/Jul/2013:06:30:09 +0200] "GET /download/Newsletter-Groeger-Dachdecker-2011-04.pdf HTTP/1.1" 200 248596 "-" "Mozilla/5.0 (compatible; bingbot/2.0; +http://www.bing.com/bingbot.htm)"
157.56.92.158 - - [21/Jul/2013:06:39:45 +0200] "GET /download/Newsletter-Groeger-Dachdecker-2011-04.pdf HTTP/1.1" 200 248596 "-" "Mozilla/5.0 (compatible; bingbot/2.0; +http://www.bing.com/bingbot.htm)"
208.115.111.73 - - [21/Jul/2013:07:07:24 +0200] "GET /robots.txt HTTP/1.1" 404 - "-" "Mozilla/5.0 (compatible; Ezooms/1.0; ezooms.bot@gmail.com)"
139.18.2.209 - - [21/Jul/2013:07:39:02 +0200] "GET /index.php HTTP/1.1" 200 6430 "-" "findlinks/2.6 (+http://wortschatz.uni-leipzig.de/findlinks/)"
208.115.111.73 - - [21/Jul/2013:08:51:12 +0200] "GET /kontakt.php HTTP/1.1" 200 6666 "-" "Mozilla/5.0 (compatible; Ezooms/1.0; ezooms.bot@gmail.com)"
157.55.32.189 - - [21/Jul/2013:09:04:25 +0200] "GET /robots.txt HTTP/1.1" 404 - "-" "Mozilla/5.0 (compatible; bingbot/2.0; +http://www.bing.com/bingbot.htm)"
157.55.32.189 - - [21/Jul/2013:09:05:37 +0200] "GET /download/Newsletter_Groeger_2012-11.pdf HTTP/1.1" 200 527614 "-" "Mozilla/5.0 (compatible; bingbot/2.0; +http://www.bing.com/bingbot.htm)"
157.56.92.158 - - [21/Jul/2013:10:14:29 +0200] "GET /robots.txt HTTP/1.1" 404 - "-" "Mozilla/5.0 (compatible; bingbot/2.0; +http://www.bing.com/bingbot.htm)"
157.56.92.158 - - [21/Jul/2013:10:15:09 +0200] "GET / HTTP/1.1" 200 6430 "-" "Mozilla/5.0 (compatible; bingbot/2.0; +http://www.bing.com/bingbot.htm)"
178.197.227.200 - - [21/Jul/2013:10:38:30 +0200] "GET / HTTP/1.1" 200 6430 "-" "Mozilla/5.0 (iPhone; CPU iPhone OS 6_1_4 like Mac OS X) AppleWebKit/536.26 (KHTML, like Gecko) Version/6.0 Mobile/10B350 Safari/8536.25"
178.197.227.200 - - [21/Jul/2013:10:38:30 +0200] "GET /css/groeger.css HTTP/1.1" 200 5363 "http://www.groeger-bauaufzuege.de/" "Mozilla/5.0 (iPhone; CPU iPhone OS 6_1_4 like Mac OS X) AppleWebKit/536.26 (KHTML, like Gecko) Version/6.0 Mobile/10B350 Safari/8536.25"
178.197.227.200 - - [21/Jul/2013:10:38:30 +0200] "GET /fancybox/jquery.fancybox-1.3.4.css HTTP/1.1" 200 8494 "http://www.groeger-bauaufzuege.de/" "Mozilla/5.0 (iPhone; CPU iPhone OS 6_1_4 like Mac OS X) AppleWebKit/536.26 (KHTML, like Gecko) Version/6.0 Mobile/10B350 Safari/8536.25"
178.197.227.200 - - [21/Jul/2013:10:38:30 +0200] "GET /swfobject.js HTTP/1.1" 200 6880 "http://www.groeger-bauaufzuege.de/" "Mozilla/5.0 (iPhone; CPU iPhone OS 6_1_4 like Mac OS X) AppleWebKit/536.26 (KHTML, like Gecko) Version/6.0 Mobile/10B350 Safari/8536.25"
178.197.227.200 - - [21/Jul/2013:10:38:30 +0200] "GET /jquery.cross-slide.js HTTP/1.1" 200 11724 "http://www.groeger-bauaufzuege.de/" "Mozilla/5.0 (iPhone; CPU iPhone OS 6_1_4 like Mac OS X) AppleWebKit/536.26 (KHTML, like Gecko) Version/6.0 Mobile/10B350 Safari/8536.25"
178.197.227.200 - - [21/Jul/2013:10:38:30 +0200] "GET /fancybox/jquery.fancybox-1.3.4.pack.js HTTP/1.1" 200 15624 "http://www.groeger-bauaufzuege.de/" "Mozilla/5.0 (iPhone; CPU iPhone OS 6_1_4 like Mac OS X) AppleWebKit/536.26 (KHTML, like Gecko) Version/6.0 Mobile/10B350 Safari/8536.25"
178.197.227.200 - - [21/Jul/2013:10:38:30 +0200] "GET /jquery-1.4.3.min.js HTTP/1.1" 200 77746 "http://www.groeger-bauaufzuege.de/" "Mozilla/5.0 (iPhone; CPU iPhone OS 6_1_4 like Mac OS X) AppleWebKit/536.26 (KHTML, like Gecko) Version/6.0 Mobile/10B350 Safari/8536.25"
178.197.227.200 - - [21/Jul/2013:10:38:31 +0200] "GET /img/logo_groeger.gif HTTP/1.1" 200 3605 "http://www.groeger-bauaufzuege.de/" "Mozilla/5.0 (iPhone; CPU iPhone OS 6_1_4 like Mac OS X) AppleWebKit/536.26 (KHTML, like Gecko) Version/6.0 Mobile/10B350 Safari/8536.25"
178.197.227.200 - - [21/Jul/2013:10:38:31 +0200] "GET /img/pfeil.png HTTP/1.1" 200 840 "http://www.groeger-bauaufzuege.de/" "Mozilla/5.0 (iPhone; CPU iPhone OS 6_1_4 like Mac OS X) AppleWebKit/536.26 (KHTML, like Gecko) Version/6.0 Mobile/10B350 Safari/8536.25"
178.197.227.200 - - [21/Jul/2013:10:38:31 +0200] "GET /img/bild_1.jpg HTTP/1.1" 200 44440 "http://www.groeger-bauaufzuege.de/" "Mozilla/5.0 (iPhone; CPU iPhone OS 6_1_4 like Mac OS X) AppleWebKit/536.26 (KHTML, like Gecko) Version/6.0 Mobile/10B350 Safari/8536.25"
178.197.227.200 - - [21/Jul/2013:10:38:31 +0200] "GET /img/grauverlauf.png HTTP/1.1" 200 3242 "http://www.groeger-bauaufzuege.de/" "Mozilla/5.0 (iPhone; CPU iPhone OS 6_1_4 like Mac OS X) AppleWebKit/536.26 (KHTML, like Gecko) Version/6.0 Mobile/10B350 Safari/8536.25"
178.197.227.200 - - [21/Jul/2013:10:38:31 +0200] "GET /img/groeger_web.jpg HTTP/1.1" 200 10877 "http://www.groeger-bauaufzuege.de/" "Mozilla/5.0 (iPhone; CPU iPhone OS 6_1_4 like Mac OS X) AppleWebKit/536.26 (KHTML, like Gecko) Version/6.0 Mobile/10B350 Safari/8536.25"
178.197.227.200 - - [21/Jul/2013:10:38:31 +0200] "GET /img/bild_2.jpg HTTP/1.1" 200 53191 "http://www.groeger-bauaufzuege.de/" "Mozilla/5.0 (iPhone; CPU iPhone OS 6_1_4 like Mac OS X) AppleWebKit/536.26 (KHTML, like Gecko) Version/6.0 Mobile/10B350 Safari/8536.25"
178.197.227.200 - - [21/Jul/2013:10:38:31 +0200] "GET /img/bild_3.jpg HTTP/1.1" 200 57915 "http://www.groeger-bauaufzuege.de/" "Mozilla/5.0 (iPhone; CPU iPhone OS 6_1_4 like Mac OS X) AppleWebKit/536.26 (KHTML, like Gecko) Version/6.0 Mobile/10B350 Safari/8536.25"
178.197.227.200 - - [21/Jul/2013:10:38:31 +0200] "GET /img/bild_4.jpg HTTP/1.1" 200 45325 "http://www.groeger-bauaufzuege.de/" "Mozilla/5.0 (iPhone; CPU iPhone OS 6_1_4 like Mac OS X) AppleWebKit/536.26 (KHTML, like Gecko) Version/6.0 Mobile/10B350 Safari/8536.25"
178.197.227.200 - - [21/Jul/2013:10:38:49 +0200] "GET /verkauf.php HTTP/1.1" 200 6239 "http://www.groeger-bauaufzuege.de/" "Mozilla/5.0 (iPhone; CPU iPhone OS 6_1_4 like Mac OS X) AppleWebKit/536.26 (KHTML, like Gecko) Version/6.0 Mobile/10B350 Safari/8536.25"
178.197.227.200 - - [21/Jul/2013:10:38:52 +0200] "GET /img/logo_geda.gif HTTP/1.1" 200 4337 "http://www.groeger-bauaufzuege.de/verkauf.php" "Mozilla/5.0 (iPhone; CPU iPhone OS 6_1_4 like Mac OS X) AppleWebKit/536.26 (KHTML, like Gecko) Version/6.0 Mobile/10B350 Safari/8536.25"
178.197.227.200 - - [21/Jul/2013:10:38:52 +0200] "GET /img/logo_steinbach.jpg HTTP/1.1" 200 9601 "http://www.groeger-bauaufzuege.de/verkauf.php" "Mozilla/5.0 (iPhone; CPU iPhone OS 6_1_4 like Mac OS X) AppleWebKit/536.26 (KHTML, like Gecko) Version/6.0 Mobile/10B350 Safari/8536.25"
178.197.227.200 - - [21/Jul/2013:10:38:52 +0200] "GET /img/logo_boecker.gif HTTP/1.1" 200 2974 "http://www.groeger-bauaufzuege.de/verkauf.php" "Mozilla/5.0 (iPhone; CPU iPhone OS 6_1_4 like Mac OS X) AppleWebKit/536.26 (KHTML, like Gecko) Version/6.0 Mobile/10B350 Safari/8536.25"
157.55.32.189 - - [21/Jul/2013:11:13:05 +0200] "GET /robots.txt HTTP/1.1" 404 - "-" "Mozilla/5.0 (compatible; bingbot/2.0; +http://www.bing.com/bingbot.htm)"
131.253.24.67 - - [21/Jul/2013:11:12:29 +0200] "GET /download/Newsletter_Groeger_2013-06.pdf HTTP/1.1" 200 531601 "-" "Mozilla/4.0 (compatible; MSIE 7.0; Windows NT 5.2; SV1; .NET CLR 1.1.4325; .NET CLR 2.0.40607; .NET CLR 3.0.04506.648)"
157.55.32.189 - - [21/Jul/2013:11:16:40 +0200] "GET /aktuelles.php HTTP/1.1" 200 10521 "-" "Mozilla/5.0 (compatible; bingbot/2.0; +http://www.bing.com/bingbot.htm)"
188.165.195.156 - - [21/Jul/2013:11:49:45 +0200] "HEAD / HTTP/1.1" 200 - "-" "Mozilla/4.0 (compatible; MSIE 5.01; Windows NT 5.0)"
5.10.83.45 - - [21/Jul/2013:12:08:41 +0200] "GET /img/DSC01494.jpg HTTP/1.1" 200 141092 "-" "Mozilla/5.0 (compatible; AhrefsBot/5.0; +http://ahrefs.com/robot/)"
157.55.32.189 - - [21/Jul/2013:12:19:16 +0200] "GET /robots.txt HTTP/1.1" 404 - "-" "Mozilla/5.0 (compatible; bingbot/2.0; +http://www.bing.com/bingbot.htm)"
157.55.32.189 - - [21/Jul/2013:12:20:39 +0200] "GET /gebrauchtmaschinen.php HTTP/1.1" 200 6062 "-" "Mozilla/5.0 (compatible; bingbot/2.0; +http://www.bing.com/bingbot.htm)"
5.10.83.45 - - [21/Jul/2013:12:57:47 +0200] "GET /index.php HTTP/1.1" 200 6430 "-" "Mozilla/5.0 (compatible; AhrefsBot/5.0; +http://ahrefs.com/robot/)"
66.249.78.76 - - [21/Jul/2013:13:55:25 +0200] "GET /robots.txt HTTP/1.1" 404 - "-" "Mozilla/5.0 (compatible; Googlebot/2.1; +http://www.google.com/bot.html)"
66.249.78.76 - - [21/Jul/2013:13:55:25 +0200] "GET /aktuelles.php HTTP/1.1" 200 10521 "-" "Mozilla/5.0 (iPhone; U; CPU iPhone OS 4_1 like Mac OS X; en-us) AppleWebKit/532.9 (KHTML, like Gecko) Version/4.0.5 Mobile/8B117 Safari/6531.22.7 (compatible; Googlebot-Mobile/2.1; +http://www.google.com/bot.html)"
85.114.142.245 - - [21/Jul/2013:14:51:41 +0200] "GET /unternehmen.php HTTP/1.1" 200 6859 "-" "findlinks/2.6 (+http://wortschatz.uni-leipzig.de/findlinks/)"
46.78.173.30 - - [21/Jul/2013:15:49:48 +0200] "GET /download/Newsletter_Groeger_11-06_Innung.pdf HTTP/1.1" 200 422119 "http://www.google.de/" "Mozilla/5.0 (iPhone; CPU iPhone OS 6_1_3 like Mac OS X) AppleWebKit/536.26 (KHTML, like Gecko) Mobile/10B329"
130.83.167.153 - - [21/Jul/2013:18:19:18 +0200] "GET /aktuelles.php HTTP/1.1" 200 10521 "-" "findlinks/2.6 (+http://wortschatz.uni-leipzig.de/findlinks/)"
130.83.167.153 - - [21/Jul/2013:18:23:48 +0200] "GET /verkauf.php HTTP/1.1" 200 6239 "-" "findlinks/2.6 (+http://wortschatz.uni-leipzig.de/findlinks/)"
85.114.142.245 - - [21/Jul/2013:18:30:16 +0200] "GET /kontakt.php HTTP/1.1" 200 6666 "-" "findlinks/2.6 (+http://wortschatz.uni-leipzig.de/findlinks/)"
157.56.92.158 - - [21/Jul/2013:19:34:28 +0200] "GET /robots.txt HTTP/1.1" 404 - "-" "Mozilla/5.0 (compatible; bingbot/2.0; +http://www.bing.com/bingbot.htm)"
157.56.92.158 - - [21/Jul/2013:19:36:19 +0200] "GET /angebote.php HTTP/1.1" 200 9943 "-" "Mozilla/5.0 (compatible; bingbot/2.0; +http://www.bing.com/bingbot.htm)"
5.10.83.36 - - [21/Jul/2013:20:25:55 +0200] "GET /robots.txt HTTP/1.1" 404 - "-" "Mozilla/5.0 (compatible; AhrefsBot/5.0; +http://ahrefs.com/robot/)"
84.61.174.177 - - [21/Jul/2013:21:24:24 +0200] "GET /link/20130604 HTTP/1.1" 302 - "http://www.google.de/url?sa=t&rct=j&q=b%C3%B6cker%20autokran%20ak%2035%203000%20sps&source=web&cd=9&ved=0CHoQFjAI&url=http%3A%2F%2Fwww.groeger-bauaufzuege.de%2Flink%2F20130604&ei=2zPsUc_OLsrptQbilIGgAg&usg=AFQjCNH7n0JWsj0YUlmDsnhJafP1MmHIUA" "Mozilla/5.0 (Windows NT 5.1; rv:22.0) Gecko/20100101 Firefox/22.0"
84.61.174.177 - - [21/Jul/2013:21:24:24 +0200] "GET /download/Boecker_Autokrane.pdf HTTP/1.1" 200 1994740 "http://www.google.de/url?sa=t&rct=j&q=b%C3%B6cker%20autokran%20ak%2035%203000%20sps&source=web&cd=9&ved=0CHoQFjAI&url=http%3A%2F%2Fwww.groeger-bauaufzuege.de%2Flink%2F20130604&ei=2zPsUc_OLsrptQbilIGgAg&usg=AFQjCNH7n0JWsj0YUlmDsnhJafP1MmHIUA" "Mozilla/5.0 (Windows NT 5.1; rv:22.0) Gecko/20100101 Firefox/22.0"
84.61.174.177 - - [21/Jul/2013:21:24:28 +0200] "GET /favicon.ico HTTP/1.1" 404 - "-" "Mozilla/5.0 (Windows NT 5.1; rv:22.0) Gecko/20100101 Firefox/22.0"
84.61.174.177 - - [21/Jul/2013:21:24:28 +0200] "GET /favicon.ico HTTP/1.1" 404 - "-" "Mozilla/5.0 (Windows NT 5.1; rv:22.0) Gecko/20100101 Firefox/22.0"
157.56.92.158 - - [21/Jul/2013:21:28:21 +0200] "GET /robots.txt HTTP/1.1" 404 - "-" "Mozilla/5.0 (compatible; bingbot/2.0; +http://www.bing.com/bingbot.htm)"
157.56.92.158 - - [21/Jul/2013:21:29:18 +0200] "GET / HTTP/1.1" 200 6430 "-" "Mozilla/5.0 (compatible; bingbot/2.0; +http://www.bing.com/bingbot.htm)"
85.114.142.245 - - [21/Jul/2013:22:52:47 +0200] "GET /angebote.php HTTP/1.1" 200 9943 "-" "findlinks/2.6 (+http://wortschatz.uni-leipzig.de/findlinks/)"
93.220.46.236 - - [21/Jul/2013:23:09:31 +0200] "GET / HTTP/1.1" 200 6430 "-" "Mozilla/5.0 (Linux; Android 4.2.2; de-de; SAMSUNG GT-I9505 Build/JDQ39) AppleWebKit/535.19 (KHTML, like Gecko) Version/1.0 Chrome/18.0.1025.308 Mobile Safari/535.19"
93.220.46.236 - - [21/Jul/2013:23:09:31 +0200] "GET /css/groeger.css HTTP/1.1" 200 5363 "http://www.groeger-bauaufzuege.de/" "Mozilla/5.0 (Linux; Android 4.2.2; de-de; SAMSUNG GT-I9505 Build/JDQ39) AppleWebKit/535.19 (KHTML, like Gecko) Version/1.0 Chrome/18.0.1025.308 Mobile Safari/535.19"
93.220.46.236 - - [21/Jul/2013:23:09:31 +0200] "GET /swfobject.js HTTP/1.1" 200 6880 "http://www.groeger-bauaufzuege.de/" "Mozilla/5.0 (Linux; Android 4.2.2; de-de; SAMSUNG GT-I9505 Build/JDQ39) AppleWebKit/535.19 (KHTML, like Gecko) Version/1.0 Chrome/18.0.1025.308 Mobile Safari/535.19"
93.220.46.236 - - [21/Jul/2013:23:09:31 +0200] "GET /jquery.cross-slide.js HTTP/1.1" 200 11724 "http://www.groeger-bauaufzuege.de/" "Mozilla/5.0 (Linux; Android 4.2.2; de-de; SAMSUNG GT-I9505 Build/JDQ39) AppleWebKit/535.19 (KHTML, like Gecko) Version/1.0 Chrome/18.0.1025.308 Mobile Safari/535.19"
93.220.46.236 - - [21/Jul/2013:23:09:31 +0200] "GET /fancybox/jquery.fancybox-1.3.4.pack.js HTTP/1.1" 200 15624 "http://www.groeger-bauaufzuege.de/" "Mozilla/5.0 (Linux; Android 4.2.2; de-de; SAMSUNG GT-I9505 Build/JDQ39) AppleWebKit/535.19 (KHTML, like Gecko) Version/1.0 Chrome/18.0.1025.308 Mobile Safari/535.19"
93.220.46.236 - - [21/Jul/2013:23:09:31 +0200] "GET /fancybox/jquery.fancybox-1.3.4.css HTTP/1.1" 200 8494 "http://www.groeger-bauaufzuege.de/" "Mozilla/5.0 (Linux; Android 4.2.2; de-de; SAMSUNG GT-I9505 Build/JDQ39) AppleWebKit/535.19 (KHTML, like Gecko) Version/1.0 Chrome/18.0.1025.308 Mobile Safari/535.19"
93.220.46.236 - - [21/Jul/2013:23:09:31 +0200] "GET /jquery-1.4.3.min.js HTTP/1.1" 200 77746 "http://www.groeger-bauaufzuege.de/" "Mozilla/5.0 (Linux; Android 4.2.2; de-de; SAMSUNG GT-I9505 Build/JDQ39) AppleWebKit/535.19 (KHTML, like Gecko) Version/1.0 Chrome/18.0.1025.308 Mobile Safari/535.19"
93.220.46.236 - - [21/Jul/2013:23:09:32 +0200] "GET /img/logo_groeger.gif HTTP/1.1" 200 3605 "http://www.groeger-bauaufzuege.de/" "Mozilla/5.0 (Linux; Android 4.2.2; de-de; SAMSUNG GT-I9505 Build/JDQ39) AppleWebKit/535.19 (KHTML, like Gecko) Version/1.0 Chrome/18.0.1025.308 Mobile Safari/535.19"
93.220.46.236 - - [21/Jul/2013:23:09:32 +0200] "GET /img/grauverlauf.png HTTP/1.1" 200 3242 "http://www.groeger-bauaufzuege.de/" "Mozilla/5.0 (Linux; Android 4.2.2; de-de; SAMSUNG GT-I9505 Build/JDQ39) AppleWebKit/535.19 (KHTML, like Gecko) Version/1.0 Chrome/18.0.1025.308 Mobile Safari/535.19"
93.220.46.236 - - [21/Jul/2013:23:09:32 +0200] "GET /img/groeger_web.jpg HTTP/1.1" 200 10877 "http://www.groeger-bauaufzuege.de/" "Mozilla/5.0 (Linux; Android 4.2.2; de-de; SAMSUNG GT-I9505 Build/JDQ39) AppleWebKit/535.19 (KHTML, like Gecko) Version/1.0 Chrome/18.0.1025.308 Mobile Safari/535.19"
93.220.46.236 - - [21/Jul/2013:23:09:32 +0200] "GET /img/pfeil.png HTTP/1.1" 200 840 "http://www.groeger-bauaufzuege.de/" "Mozilla/5.0 (Linux; Android 4.2.2; de-de; SAMSUNG GT-I9505 Build/JDQ39) AppleWebKit/535.19 (KHTML, like Gecko) Version/1.0 Chrome/18.0.1025.308 Mobile Safari/535.19"
93.220.46.236 - - [21/Jul/2013:23:09:32 +0200] "GET /img/bild_3.jpg HTTP/1.1" 200 57915 "http://www.groeger-bauaufzuege.de/" "Mozilla/5.0 (Linux; Android 4.2.2; de-de; SAMSUNG GT-I9505 Build/JDQ39) AppleWebKit/535.19 (KHTML, like Gecko) Version/1.0 Chrome/18.0.1025.308 Mobile Safari/535.19"
93.220.46.236 - - [21/Jul/2013:23:09:32 +0200] "GET /img/bild_1.jpg HTTP/1.1" 200 44440 "http://www.groeger-bauaufzuege.de/" "Mozilla/5.0 (Linux; Android 4.2.2; de-de; SAMSUNG GT-I9505 Build/JDQ39) AppleWebKit/535.19 (KHTML, like Gecko) Version/1.0 Chrome/18.0.1025.308 Mobile Safari/535.19"
93.220.46.236 - - [21/Jul/2013:23:09:32 +0200] "GET /img/bild_4.jpg HTTP/1.1" 200 45325 "http://www.groeger-bauaufzuege.de/" "Mozilla/5.0 (Linux; Android 4.2.2; de-de; SAMSUNG GT-I9505 Build/JDQ39) AppleWebKit/535.19 (KHTML, like Gecko) Version/1.0 Chrome/18.0.1025.308 Mobile Safari/535.19"
93.220.46.236 - - [21/Jul/2013:23:09:32 +0200] "GET /img/bild_2.jpg HTTP/1.1" 200 53191 "http://www.groeger-bauaufzuege.de/" "Mozilla/5.0 (Linux; Android 4.2.2; de-de; SAMSUNG GT-I9505 Build/JDQ39) AppleWebKit/535.19 (KHTML, like Gecko) Version/1.0 Chrome/18.0.1025.308 Mobile Safari/535.19"
93.220.46.236 - - [21/Jul/2013:23:09:33 +0200] "GET /apple-touch-icon-precomposed.png HTTP/1.1" 404 - "-" "Mozilla/5.0 (Linux; Android 4.2.2; de-de; SAMSUNG GT-I9505 Build/JDQ39) AppleWebKit/535.19 (KHTML, like Gecko) Version/1.0 Chrome/18.0.1025.308 Mobile Safari/535.19"
93.220.46.236 - - [21/Jul/2013:23:09:33 +0200] "GET /img/favicon.gif HTTP/1.1" 200 119 "-" "Mozilla/5.0 (Linux; Android 4.2.2; de-de; SAMSUNG GT-I9505 Build/JDQ39) AppleWebKit/535.19 (KHTML, like Gecko) Version/1.0 Chrome/18.0.1025.308 Mobile Safari/535.19"
93.220.46.236 - - [21/Jul/2013:23:09:33 +0200] "GET /apple-touch-icon.png HTTP/1.1" 404 - "-" "Mozilla/5.0 (Linux; Android 4.2.2; de-de; SAMSUNG GT-I9505 Build/JDQ39) AppleWebKit/535.19 (KHTML, like Gecko) Version/1.0 Chrome/18.0.1025.308 Mobile Safari/535.19"
93.220.46.236 - - [21/Jul/2013:23:09:35 +0200] "GET /gebrauchtmaschinen.php HTTP/1.1" 200 6062 "http://www.groeger-bauaufzuege.de/" "Mozilla/5.0 (Linux; Android 4.2.2; de-de; SAMSUNG GT-I9505 Build/JDQ39) AppleWebKit/535.19 (KHTML, like Gecko) Version/1.0 Chrome/18.0.1025.308 Mobile Safari/535.19"
93.220.46.236 - - [21/Jul/2013:23:09:36 +0200] "GET /fancybox/fancybox.png HTTP/1.1" 200 15287 "http://www.groeger-bauaufzuege.de/gebrauchtmaschinen.php" "Mozilla/5.0 (Linux; Android 4.2.2; de-de; SAMSUNG GT-I9505 Build/JDQ39) AppleWebKit/535.19 (KHTML, like Gecko) Version/1.0 Chrome/18.0.1025.308 Mobile Safari/535.19"
93.220.46.236 - - [21/Jul/2013:23:09:36 +0200] "GET /fancybox/fancybox-x.png HTTP/1.1" 200 203 "http://www.groeger-bauaufzuege.de/gebrauchtmaschinen.php" "Mozilla/5.0 (Linux; Android 4.2.2; de-de; SAMSUNG GT-I9505 Build/JDQ39) AppleWebKit/535.19 (KHTML, like Gecko) Version/1.0 Chrome/18.0.1025.308 Mobile Safari/535.19"
