84.253.17.244 - - [31/Jul/2013:10:17:29 +0200] "GET /jquery-1.4.3.min.js HTTP/1.1" 200 77746 "http://www.groeger-bauaufzuege.de/" "Mozilla/5.0 (compatible; MSIE 9.0; Windows NT 6.1; WOW64; Trident/5.0)"
84.253.17.244 - - [31/Jul/2013:10:17:29 +0200] "GET /img/groeger_web.jpg HTTP/1.1" 200 10877 "http://www.groeger-bauaufzuege.de/" "Mozilla/5.0 (compatible; MSIE 9.0; Windows NT 6.1; WOW64; Trident/5.0)"
84.253.17.244 - - [31/Jul/2013:10:17:29 +0200] "GET /img/grauverlauf.png HTTP/1.1" 200 3242 "http://www.groeger-bauaufzuege.de/" "Mozilla/5.0 (compatible; MSIE 9.0; Windows NT 6.1; WOW64; Trident/5.0)"
84.253.17.244 - - [31/Jul/2013:10:17:29 +0200] "GET /img/bild_4.jpg HTTP/1.1" 200 45325 "http://www.groeger-bauaufzuege.de/" "Mozilla/5.0 (compatible; MSIE 9.0; Windows NT 6.1; WOW64; Trident/5.0)"
84.253.17.244 - - [31/Jul/2013:10:17:29 +0200] "GET /img/favicon.gif HTTP/1.1" 200 119 "-" "Mozilla/5.0 (compatible; MSIE 9.0; Windows NT 6.1; WOW64; Trident/5.0)"
84.253.17.244 - - [31/Jul/2013:10:17:29 +0200] "GET /img/bild_3.jpg HTTP/1.1" 200 57915 "http://www.groeger-bauaufzuege.de/" "Mozilla/5.0 (compatible; MSIE 9.0; Windows NT 6.1; WOW64; Trident/5.0)"
84.253.17.244 - - [31/Jul/2013:10:17:29 +0200] "GET /img/bild_2.jpg HTTP/1.1" 200 53191 "http://www.groeger-bauaufzuege.de/" "Mozilla/5.0 (compatible; MSIE 9.0; Windows NT 6.1; WOW64; Trident/5.0)"
84.253.17.244 - - [31/Jul/2013:10:17:34 +0200] "GET /fancybox/blank.gif HTTP/1.1" 200 43 "http://www.groeger-bauaufzuege.de/" "Mozilla/5.0 (compatible; MSIE 9.0; Windows NT 6.1; WOW64; Trident/5.0)"
84.253.17.244 - - [31/Jul/2013:10:17:34 +0200] "GET /fancybox/fancybox-y.png HTTP/1.1" 200 176 "http://www.groeger-bauaufzuege.de/" "Mozilla/5.0 (compatible; MSIE 9.0; Windows NT 6.1; WOW64; Trident/5.0)"
84.253.17.244 - - [31/Jul/2013:10:17:34 +0200] "GET /fancybox/fancybox.png HTTP/1.1" 200 15287 "http://www.groeger-bauaufzuege.de/" "Mozilla/5.0 (compatible; MSIE 9.0; Windows NT 6.1; WOW64; Trident/5.0)"
84.253.17.244 - - [31/Jul/2013:10:17:34 +0200] "GET /fancybox/fancybox-x.png HTTP/1.1" 200 203 "http://www.groeger-bauaufzuege.de/" "Mozilla/5.0 (compatible; MSIE 9.0; Windows NT 6.1; WOW64; Trident/5.0)"
5.10.83.51 - - [31/Jul/2013:10:25:33 +0200] "GET /gebrauchtmaschinen.php HTTP/1.1" 200 6062 "-" "Mozilla/5.0 (compatible; AhrefsBot/5.0; +http://ahrefs.com/robot/)"
5.10.83.51 - - [31/Jul/2013:10:40:39 +0200] "GET /angebote.php HTTP/1.1" 200 9943 "-" "Mozilla/5.0 (compatible; AhrefsBot/5.0; +http://ahrefs.com/robot/)"
66.249.72.88 - - [31/Jul/2013:11:15:17 +0200] "GET /link/20130604 HTTP/1.1" 302 - "-" "Mozilla/5.0 (compatible; Googlebot/2.1; +http://www.google.com/bot.html)"
66.249.72.88 - - [31/Jul/2013:11:15:18 +0200] "GET /download/Boecker_Autokrane.pdf HTTP/1.1" 200 1994740 "-" "Mozilla/5.0 (compatible; Googlebot/2.1; +http://www.google.com/bot.html)"
66.249.72.88 - - [31/Jul/2013:11:20:49 +0200] "GET /leistungen.php HTTP/1.1" 200 7141 "-" "Mozilla/5.0 (iPhone; U; CPU iPhone OS 4_1 like Mac OS X; en-us) AppleWebKit/532.9 (KHTML, like Gecko) Version/4.0.5 Mobile/8B117 Safari/6531.22.7 (compatible; Googlebot-Mobile/2.1; +http://www.google.com/bot.html)"
5.10.83.103 - - [31/Jul/2013:11:56:22 +0200] "GET /img/12042013641.jpg HTTP/1.1" 200 116307 "-" "Mozilla/5.0 (compatible; AhrefsBot/5.0; +http://ahrefs.com/robot/)"
66.249.72.88 - - [31/Jul/2013:12:13:35 +0200] "GET /download/Lift_D.pdf HTTP/1.1" 304 - "-" "Mozilla/5.0 (compatible; Googlebot/2.1; +http://www.google.com/bot.html)"
66.249.72.88 - - [31/Jul/2013:12:15:45 +0200] "GET / HTTP/1.1" 200 6430 "-" "Mozilla/5.0 (iPhone; U; CPU iPhone OS 4_1 like Mac OS X; en-us) AppleWebKit/532.9 (KHTML, like Gecko) Version/4.0.5 Mobile/8B117 Safari/6531.22.7 (compatible; Googlebot-Mobile/2.1; +http://www.google.com/bot.html)"
5.10.83.103 - - [31/Jul/2013:12:33:11 +0200] "GET /index.php HTTP/1.1" 200 6430 "-" "Mozilla/5.0 (compatible; AhrefsBot/5.0; +http://ahrefs.com/robot/)"
66.249.72.88 - - [31/Jul/2013:12:40:01 +0200] "GET /leistungen.php HTTP/1.1" 200 7141 "-" "Mozilla/5.0 (compatible; Googlebot/2.1; +http://www.google.com/bot.html)"
5.10.83.103 - - [31/Jul/2013:12:46:50 +0200] "GET /kontakt.php HTTP/1.1" 200 6666 "-" "Mozilla/5.0 (compatible; AhrefsBot/5.0; +http://ahrefs.com/robot/)"
199.30.20.125 - - [31/Jul/2013:12:56:37 +0200] "GET /robots.txt HTTP/1.1" 404 - "-" "msnbot-media/1.1 (+http://search.msn.com/msnbot.htm)"
199.30.20.125 - - [31/Jul/2013:12:56:37 +0200] "GET /img/pfeil.png HTTP/1.1" 200 840 "-" "msnbot-media/1.1 (+http://search.msn.com/msnbot.htm)"
66.249.72.88 - - [31/Jul/2013:12:59:26 +0200] "GET /angebote.php HTTP/1.1" 200 9943 "-" "Mozilla/5.0 (iPhone; U; CPU iPhone OS 4_1 like Mac OS X; en-us) AppleWebKit/532.9 (KHTML, like Gecko) Version/4.0.5 Mobile/8B117 Safari/6531.22.7 (compatible; Googlebot-Mobile/2.1; +http://www.google.com/bot.html)"
131.253.38.100 - - [31/Jul/2013:13:50:31 +0200] "GET /robots.txt HTTP/1.1" 404 - "-" "msnbot-media/1.1 (+http://search.msn.com/msnbot.htm)"
131.253.38.100 - - [31/Jul/2013:13:50:32 +0200] "GET /img/logo_groeger.gif HTTP/1.1" 200 3605 "-" "msnbot-media/1.1 (+http://search.msn.com/msnbot.htm)"
5.10.83.103 - - [31/Jul/2013:13:58:03 +0200] "GET /leistungen.php HTTP/1.1" 200 7141 "-" "Mozilla/5.0 (compatible; AhrefsBot/5.0; +http://ahrefs.com/robot/)"
66.249.78.76 - - [31/Jul/2013:14:04:44 +0200] "GET /robots.txt HTTP/1.1" 404 - "-" "Mozilla/5.0 (compatible; Googlebot/2.1; +http://www.google.com/bot.html)"
66.249.78.76 - - [31/Jul/2013:14:04:44 +0200] "GET /download/Newsletter-Groeger-Dachdecker-2011-04.pdf HTTP/1.1" 304 - "-" "Mozilla/5.0 (compatible; Googlebot/2.1; +http://www.google.com/bot.html)"
5.10.83.103 - - [31/Jul/2013:14:33:03 +0200] "GET /unternehmen.php HTTP/1.1" 200 6859 "-" "Mozilla/5.0 (compatible; AhrefsBot/5.0; +http://ahrefs.com/robot/)"
66.249.78.76 - - [31/Jul/2013:15:08:17 +0200] "GET /gebrauchtmaschinen.php HTTP/1.1" 200 6062 "-" "Mozilla/5.0 (compatible; Googlebot/2.1; +http://www.google.com/bot.html)"
157.56.92.158 - - [31/Jul/2013:15:26:42 +0200] "GET /robots.txt HTTP/1.1" 404 - "-" "Mozilla/5.0 (compatible; bingbot/2.0; +http://www.bing.com/bingbot.htm)"
85.237.82.225 - - [31/Jul/2013:15:27:06 +0200] "GET /robots.txt HTTP/1.1" 404 - "-" "Mozilla/4.0 (compatible; MSIE 4.01; Mac_PowerPC)"
157.56.92.158 - - [31/Jul/2013:15:29:06 +0200] "GET / HTTP/1.1" 200 6430 "-" "Mozilla/5.0 (compatible; bingbot/2.0; +http://www.bing.com/bingbot.htm)"
66.249.78.76 - - [31/Jul/2013:15:34:45 +0200] "GET /vermietung.php HTTP/1.1" 200 6318 "-" "Mozilla/5.0 (compatible; Googlebot/2.1; +http://www.google.com/bot.html)"
66.249.75.88 - - [31/Jul/2013:16:06:06 +0200] "GET /angebote.php HTTP/1.1" 200 9943 "-" "SAMSUNG-SGH-E250/1.0 Profile/MIDP-2.0 Configuration/CLDC-1.1 UP.Browser/6.2.3.3.c.1.101 (GUI) MMP/2.0 (compatible; Googlebot-Mobile/2.1; +http://www.google.com/bot.html)"
5.10.83.34 - - [31/Jul/2013:16:47:32 +0200] "GET / HTTP/1.1" 200 6430 "-" "Mozilla/5.0 (compatible; AhrefsBot/5.0; +http://ahrefs.com/robot/)"
66.249.78.76 - - [31/Jul/2013:16:48:53 +0200] "GET /download/Boecker_Angebote_Easyline.pdf HTTP/1.1" 304 - "-" "Mozilla/5.0 (compatible; Googlebot/2.1; +http://www.google.com/bot.html)"
93.220.32.83 - - [31/Jul/2013:16:52:37 +0200] "GET /download/Newsletter_Groeger_11-06_Innung.pdf HTTP/1.1" 200 422119 "http://www.google.de/url?sa=t&rct=j&q=b%C3%B6cker%20hd%2031%20k%20berliin&source=web&cd=1&cad=rja&ved=0CC8QFjAA&url=http%3A%2F%2Fwww.groeger-bauaufzuege.de%2Fdownload%2FNewsletter_Groeger_11-06_Innung.pdf&ei=iiT5UfCrJM6Q4ATBhYHgCw&usg=AFQjCNEfuinCCRyydnIblcQ8R1Vgz1boPA&bvm=bv.49967636,d.Yms" "Mozilla/5.0 (compatible; MSIE 10.0; Windows NT 6.1; WOW64; Trident/6.0)"
93.220.32.83 - - [31/Jul/2013:16:52:38 +0200] "GET /download/Newsletter_Groeger_11-06_Innung.pdf HTTP/1.1" 206 743 "-" "Mozilla/5.0 (compatible; MSIE 10.0; Windows NT 6.1; WOW64; Trident/6.0)"
93.220.32.83 - - [31/Jul/2013:16:52:38 +0200] "GET /download/Newsletter_Groeger_11-06_Innung.pdf HTTP/1.1" 206 13824 "-" "Mozilla/5.0 (compatible; MSIE 10.0; Windows NT 6.1; WOW64; Trident/6.0)"
93.220.32.83 - - [31/Jul/2013:16:52:38 +0200] "GET /download/Newsletter_Groeger_11-06_Innung.pdf HTTP/1.1" 206 512 "-" "Mozilla/5.0 (compatible; MSIE 10.0; Windows NT 6.1; WOW64; Trident/6.0)"
93.220.32.83 - - [31/Jul/2013:16:52:38 +0200] "GET /download/Newsletter_Groeger_11-06_Innung.pdf HTTP/1.1" 206 16384 "-" "Mozilla/5.0 (compatible; MSIE 10.0; Windows NT 6.1; WOW64; Trident/6.0)"
93.220.32.83 - - [31/Jul/2013:16:52:38 +0200] "GET /download/Newsletter_Groeger_11-06_Innung.pdf HTTP/1.1" 206 15872 "-" "Mozilla/5.0 (compatible; MSIE 10.0; Windows NT 6.1; WOW64; Trident/6.0)"
93.220.32.83 - - [31/Jul/2013:16:52:38 +0200] "GET /download/Newsletter_Groeger_11-06_Innung.pdf HTTP/1.1" 206 512 "-" "Mozilla/5.0 (compatible; MSIE 10.0; Windows NT 6.1; WOW64; Trident/6.0)"
93.220.32.83 - - [31/Jul/2013:16:52:38 +0200] "GET /download/Newsletter_Groeger_11-06_Innung.pdf HTTP/1.1" 206 11776 "-" "Mozilla/5.0 (compatible; MSIE 10.0; Windows NT 6.1; WOW64; Trident/6.0)"
5.10.83.34 - - [31/Jul/2013:17:43:49 +0200] "GET /img/leist_geda_02.jpg HTTP/1.1" 200 9528 "-" "Mozilla/5.0 (compatible; AhrefsBot/5.0; +http://ahrefs.com/robot/)"
66.249.78.76 - - [31/Jul/2013:18:03:01 +0200] "GET /aktuelles.php HTTP/1.1" 200 10521 "-" "Mozilla/5.0 (compatible; Googlebot/2.1; +http://www.google.com/bot.html)"
157.56.92.158 - - [31/Jul/2013:18:06:06 +0200] "GET /robots.txt HTTP/1.1" 404 - "-" "Mozilla/5.0 (compatible; bingbot/2.0; +http://www.bing.com/bingbot.htm)"
157.56.92.158 - - [31/Jul/2013:18:07:06 +0200] "GET /download/Newsletter-Groeger-Dachdecker-2011-04.pdf HTTP/1.1" 200 248596 "-" "Mozilla/5.0 (compatible; bingbot/2.0; +http://www.bing.com/bingbot.htm)"
46.105.114.127 - - [31/Jul/2013:18:49:24 +0200] "GET /unternehmen.php HTTP/1.1" 200 6859 "-" "Mozilla/5.0 (X11; Linux i686; rv:6.0) Gecko/20100101 Firefox/6.0"
66.249.78.76 - - [31/Jul/2013:19:11:21 +0200] "GET /img/1.DeutscheGeruestbaumesse-2.jpg HTTP/1.1" 304 - "-" "Googlebot-Image/1.0"
199.30.20.78 - - [31/Jul/2013:19:50:00 +0200] "GET /robots.txt HTTP/1.1" 404 - "-" "msnbot-media/1.1 (+http://search.msn.com/msnbot.htm)"
199.30.20.78 - - [31/Jul/2013:19:50:00 +0200] "GET /img/leist_geda_02.jpg HTTP/1.1" 200 9528 "-" "msnbot-media/1.1 (+http://search.msn.com/msnbot.htm)"
157.56.92.158 - - [31/Jul/2013:20:14:50 +0200] "GET /robots.txt HTTP/1.1" 404 - "-" "Mozilla/5.0 (compatible; bingbot/2.0; +http://www.bing.com/bingbot.htm)"
157.56.92.158 - - [31/Jul/2013:20:16:07 +0200] "GET / HTTP/1.1" 200 6430 "-" "Mozilla/5.0 (compatible; bingbot/2.0; +http://www.bing.com/bingbot.htm)"
5.10.83.76 - - [31/Jul/2013:20:36:52 +0200] "GET /img/DSC01494.jpg HTTP/1.1" 200 141092 "-" "Mozilla/5.0 (compatible; AhrefsBot/5.0; +http://ahrefs.com/robot/)"
85.114.142.245 - - [31/Jul/2013:21:06:14 +0200] "GET /aktuelles.php HTTP/1.1" 200 10521 "-" "findlinks/2.6 (+http://wortschatz.uni-leipzig.de/findlinks/)"
66.249.78.76 - - [31/Jul/2013:22:48:51 +0200] "GET /download/Newsletter_Groeger_2013-06.pdf HTTP/1.1" 304 - "-" "Mozilla/5.0 (iPhone; U; CPU iPhone OS 4_1 like Mac OS X; en-us) AppleWebKit/532.9 (KHTML, like Gecko) Version/4.0.5 Mobile/8B117 Safari/6531.22.7 (compatible; Googlebot-Mobile/2.1; +http://www.google.com/bot.html)"
157.55.32.189 - - [31/Jul/2013:23:31:18 +0200] "GET /robots.txt HTTP/1.1" 404 - "-" "Mozilla/5.0 (compatible; bingbot/2.0; +http://www.bing.com/bingbot.htm)"
157.55.32.189 - - [31/Jul/2013:23:32:09 +0200] "GET /verkauf.php HTTP/1.1" 200 6239 "-" "Mozilla/5.0 (compatible; bingbot/2.0; +http://www.bing.com/bingbot.htm)"
157.55.32.189 - - [31/Jul/2013:23:33:46 +0200] "GET /download/Newsletter_Groeger_2012-11.pdf HTTP/1.1" 200 527614 "-" "Mozilla/5.0 (compatible; bingbot/2.0; +http://www.bing.com/bingbot.htm)"