93.219.119.170 - - [03/Mar/2013:23:17:52 +0100] "GET /img/bild_4.jpg HTTP/1.1" 200 45325 "http://www.groeger-bauaufzuege.de/" "Mozilla/5.0 (iPhone; CPU iPhone OS 6_1_2 like Mac OS X) AppleWebKit/536.26 (KHTML, like Gecko) Version/6.0 Mobile/10B146 Safari/8536.25"
93.219.119.170 - - [03/Mar/2013:23:17:53 +0100] "GET /img/bild_2.jpg HTTP/1.1" 200 53191 "http://www.groeger-bauaufzuege.de/" "Mozilla/5.0 (iPhone; CPU iPhone OS 6_1_2 like Mac OS X) AppleWebKit/536.26 (KHTML, like Gecko) Version/6.0 Mobile/10B146 Safari/8536.25"
93.219.119.170 - - [03/Mar/2013:23:17:59 +0100] "GET /vermietung.php HTTP/1.1" 200 6318 "http://www.groeger-bauaufzuege.de/" "Mozilla/5.0 (iPhone; CPU iPhone OS 6_1_2 like Mac OS X) AppleWebKit/536.26 (KHTML, like Gecko) Version/6.0 Mobile/10B146 Safari/8536.25"
93.219.119.170 - - [03/Mar/2013:23:18:00 +0100] "GET /img/logo_geda.gif HTTP/1.1" 200 4337 "http://www.groeger-bauaufzuege.de/vermietung.php" "Mozilla/5.0 (iPhone; CPU iPhone OS 6_1_2 like Mac OS X) AppleWebKit/536.26 (KHTML, like Gecko) Version/6.0 Mobile/10B146 Safari/8536.25"
93.219.119.170 - - [03/Mar/2013:23:18:00 +0100] "GET /img/logo_boecker.gif HTTP/1.1" 200 2974 "http://www.groeger-bauaufzuege.de/vermietung.php" "Mozilla/5.0 (iPhone; CPU iPhone OS 6_1_2 like Mac OS X) AppleWebKit/536.26 (KHTML, like Gecko) Version/6.0 Mobile/10B146 Safari/8536.25"
93.219.119.170 - - [03/Mar/2013:23:18:00 +0100] "GET /img/logo_steinbach.jpg HTTP/1.1" 200 9601 "http://www.groeger-bauaufzuege.de/vermietung.php" "Mozilla/5.0 (iPhone; CPU iPhone OS 6_1_2 like Mac OS X) AppleWebKit/536.26 (KHTML, like Gecko) Version/6.0 Mobile/10B146 Safari/8536.25"
93.219.119.170 - - [03/Mar/2013:23:18:10 +0100] "GET /vermietung.php HTTP/1.1" 200 6318 "http://www.groeger-bauaufzuege.de/" "Mozilla/5.0 (iPhone; CPU iPhone OS 6_1_2 like Mac OS X) AppleWebKit/536.26 (KHTML, like Gecko) Version/6.0 Mobile/10B146 Safari/8536.25"
93.219.119.170 - - [03/Mar/2013:23:18:12 +0100] "GET /verkauf.php HTTP/1.1" 200 6239 "http://www.groeger-bauaufzuege.de/" "Mozilla/5.0 (iPhone; CPU iPhone OS 6_1_2 like Mac OS X) AppleWebKit/536.26 (KHTML, like Gecko) Version/6.0 Mobile/10B146 Safari/8536.25"
93.219.119.170 - - [03/Mar/2013:23:18:20 +0100] "GET /gebrauchtmaschinen.php HTTP/1.1" 200 5814 "http://www.groeger-bauaufzuege.de/verkauf.php" "Mozilla/5.0 (iPhone; CPU iPhone OS 6_1_2 like Mac OS X) AppleWebKit/536.26 (KHTML, like Gecko) Version/6.0 Mobile/10B146 Safari/8536.25"
93.219.119.170 - - [03/Mar/2013:23:18:27 +0100] "GET /verkauf.php HTTP/1.1" 200 6239 "-" "Mozilla/5.0 (iPhone; CPU iPhone OS 6_1_2 like Mac OS X) AppleWebKit/536.26 (KHTML, like Gecko) Version/6.0 Mobile/10B146 Safari/8536.25"
66.249.78.76 - - [03/Mar/2013:23:49:12 +0100] "GET /download/Lift_D.pdf HTTP/1.1" 200 1133500 "-" "SAMSUNG-SGH-E250/1.0 Profile/MIDP-2.0 Configuration/CLDC-1.1 UP.Browser/6.2.3.3.c.1.101 (GUI) MMP/2.0 (compatible; Googlebot-Mobile/2.1; +http://www.google.com/bot.html)"
173.199.115.91 - - [03/Mar/2013:23:55:50 +0100] "GET /index.php HTTP/1.1" 200 6430 "-" "Mozilla/5.0 (compatible; AhrefsBot/4.0; +http://ahrefs.com/robot/)"
93.219.137.29 - - [04/Mar/2013:00:40:25 +0100] "GET / HTTP/1.1" 200 6430 "http://www.google.de/url?sa=t&rct=j&q=gr%C3%B6ger%20aufz%C3%BCge%20berlin&source=web&cd=1&ved=0CDEQFjAA&url=http%3A%2F%2Fwww.groeger-bauaufzuege.de%2F&ei=Cd8zUcbIK4bMtQblgoG4BA&usg=AFQjCNFBXgtaJQ5GEULKJBrc_pmJTjvlmQ" "Mozilla/5.0 (Windows NT 5.1; rv:19.0) Gecko/20100101 Firefox/19.0"
93.219.137.29 - - [04/Mar/2013:00:40:25 +0100] "GET /css/groeger.css HTTP/1.1" 200 5198 "http://www.groeger-bauaufzuege.de/" "Mozilla/5.0 (Windows NT 5.1; rv:19.0) Gecko/20100101 Firefox/19.0"
93.219.137.29 - - [04/Mar/2013:00:40:25 +0100] "GET /swfobject.js HTTP/1.1" 200 6880 "http://www.groeger-bauaufzuege.de/" "Mozilla/5.0 (Windows NT 5.1; rv:19.0) Gecko/20100101 Firefox/19.0"
93.219.137.29 - - [04/Mar/2013:00:40:25 +0100] "GET /jquery.cross-slide.js HTTP/1.1" 200 11724 "http://www.groeger-bauaufzuege.de/" "Mozilla/5.0 (Windows NT 5.1; rv:19.0) Gecko/20100101 Firefox/19.0"
93.219.137.29 - - [04/Mar/2013:00:40:25 +0100] "GET /fancybox/jquery.fancybox-1.3.4.pack.js HTTP/1.1" 200 15624 "http://www.groeger-bauaufzuege.de/" "Mozilla/5.0 (Windows NT 5.1; rv:19.0) Gecko/20100101 Firefox/19.0"
93.219.137.29 - - [04/Mar/2013:00:40:25 +0100] "GET /fancybox/jquery.fancybox-1.3.4.css HTTP/1.1" 200 8494 "http://www.groeger-bauaufzuege.de/" "Mozilla/5.0 (Windows NT 5.1; rv:19.0) Gecko/20100101 Firefox/19.0"
93.219.137.29 - - [04/Mar/2013:00:40:26 +0100] "GET /img/favicon.gif HTTP/1.1" 200 119 "-" "Mozilla/5.0 (Windows NT 5.1; rv:19.0) Gecko/20100101 Firefox/19.0"
93.219.137.29 - - [04/Mar/2013:00:40:26 +0100] "GET /img/logo_groeger.gif HTTP/1.1" 200 3605 "http://www.groeger-bauaufzuege.de/" "Mozilla/5.0 (Windows NT 5.1; rv:19.0) Gecko/20100101 Firefox/19.0"
93.219.137.29 - - [04/Mar/2013:00:40:26 +0100] "GET /img/pfeil.png HTTP/1.1" 200 840 "http://www.groeger-bauaufzuege.de/" "Mozilla/5.0 (Windows NT 5.1; rv:19.0) Gecko/20100101 Firefox/19.0"
93.219.137.29 - - [04/Mar/2013:00:40:26 +0100] "GET /img/bild_1.jpg HTTP/1.1" 200 44440 "http://www.groeger-bauaufzuege.de/" "Mozilla/5.0 (Windows NT 5.1; rv:19.0) Gecko/20100101 Firefox/19.0"
93.219.137.29 - - [04/Mar/2013:00:40:25 +0100] "GET /jquery-1.4.3.min.js HTTP/1.1" 200 77746 "http://www.groeger-bauaufzuege.de/" "Mozilla/5.0 (Windows NT 5.1; rv:19.0) Gecko/20100101 Firefox/19.0"
93.219.137.29 - - [04/Mar/2013:00:40:26 +0100] "GET /img/groeger_web.jpg HTTP/1.1" 200 10877 "http://www.groeger-bauaufzuege.de/css/groeger.css" "Mozilla/5.0 (Windows NT 5.1; rv:19.0) Gecko/20100101 Firefox/19.0"
93.219.137.29 - - [04/Mar/2013:00:40:26 +0100] "GET /img/grauverlauf.png HTTP/1.1" 200 3242 "http://www.groeger-bauaufzuege.de/css/groeger.css" "Mozilla/5.0 (Windows NT 5.1; rv:19.0) Gecko/20100101 Firefox/19.0"
93.219.137.29 - - [04/Mar/2013:00:40:26 +0100] "GET /img/bild_3.jpg HTTP/1.1" 200 57915 "http://www.groeger-bauaufzuege.de/" "Mozilla/5.0 (Windows NT 5.1; rv:19.0) Gecko/20100101 Firefox/19.0"
93.219.137.29 - - [04/Mar/2013:00:40:26 +0100] "GET /img/bild_2.jpg HTTP/1.1" 200 53191 "http://www.groeger-bauaufzuege.de/" "Mozilla/5.0 (Windows NT 5.1; rv:19.0) Gecko/20100101 Firefox/19.0"
93.219.137.29 - - [04/Mar/2013:00:40:26 +0100] "GET /img/bild_4.jpg HTTP/1.1" 200 45325 "http://www.groeger-bauaufzuege.de/" "Mozilla/5.0 (Windows NT 5.1; rv:19.0) Gecko/20100101 Firefox/19.0"
93.219.137.29 - - [04/Mar/2013:00:40:33 +0100] "GET /impressum.php HTTP/1.1" 200 7582 "http://www.groeger-bauaufzuege.de/" "Mozilla/5.0 (Windows NT 5.1; rv:19.0) Gecko/20100101 Firefox/19.0"
93.219.137.29 - - [04/Mar/2013:00:44:02 +0100] "GET /favicon.ico HTTP/1.1" 404 - "-" "Mozilla/5.0 (Windows NT 5.1; rv:19.0) Gecko/20100101 Firefox/19.0"
157.55.33.109 - - [04/Mar/2013:01:57:11 +0100] "GET /robots.txt HTTP/1.1" 404 - "-" "Mozilla/5.0 (compatible; bingbot/2.0; +http://www.bing.com/bingbot.htm)"
157.55.33.109 - - [04/Mar/2013:01:59:04 +0100] "GET / HTTP/1.1" 200 6430 "-" "Mozilla/5.0 (compatible; bingbot/2.0; +http://www.bing.com/bingbot.htm)"
66.249.78.76 - - [04/Mar/2013:02:02:00 +0100] "GET /download/Lift_D.pdf HTTP/1.1" 200 1133500 "-" "Mozilla/5.0 (iPhone; U; CPU iPhone OS 4_1 like Mac OS X; en-us) AppleWebKit/532.9 (KHTML, like Gecko) Version/4.0.5 Mobile/8B117 Safari/6531.22.7 (compatible; Googlebot-Mobile/2.1; +http://www.google.com/bot.html)"
157.55.33.109 - - [04/Mar/2013:03:21:17 +0100] "GET /robots.txt HTTP/1.1" 404 - "-" "Mozilla/5.0 (compatible; bingbot/2.0; +http://www.bing.com/bingbot.htm)"
157.55.33.109 - - [04/Mar/2013:03:23:01 +0100] "GET / HTTP/1.1" 200 6430 "-" "Mozilla/5.0 (compatible; bingbot/2.0; +http://www.bing.com/bingbot.htm)"
208.115.113.89 - - [04/Mar/2013:04:12:56 +0100] "GET /robots.txt HTTP/1.1" 404 - "-" "Mozilla/5.0 (compatible; Ezooms/1.0; ezooms.bot@gmail.com)"
208.115.113.89 - - [04/Mar/2013:06:04:27 +0100] "GET /aktuelles.php HTTP/1.1" 200 9609 "-" "Mozilla/5.0 (compatible; Ezooms/1.0; ezooms.bot@gmail.com)"
66.249.78.76 - - [04/Mar/2013:06:23:21 +0100] "GET / HTTP/1.1" 200 6430 "-" "Mozilla/5.0 (compatible; Googlebot/2.1; +http://www.google.com/bot.html)"
66.249.78.76 - - [04/Mar/2013:06:27:39 +0100] "GET /css/groeger.css HTTP/1.1" 200 5198 "-" "Mozilla/5.0 (compatible; Googlebot/2.1; +http://www.google.com/bot.html)"
66.249.75.76 - - [04/Mar/2013:08:23:00 +0100] "GET /download/Lift_D.pdf HTTP/1.1" 200 1133500 "-" "DoCoMo/2.0 N905i(c100;TB;W24H16) (compatible; Googlebot-Mobile/2.1; +http://www.google.com/bot.html)"
173.199.115.91 - - [04/Mar/2013:10:36:35 +0100] "GET /vermietung.php HTTP/1.1" 200 6318 "-" "Mozilla/5.0 (compatible; AhrefsBot/4.0; +http://ahrefs.com/robot/)"
80.146.211.98 - - [04/Mar/2013:13:42:17 +0100] "GET /leistungen.php HTTP/1.1" 200 7141 "http://www.google.de/url?sa=t&rct=j&q=uvv%20bauaufzug&source=web&cd=2&ved=0CEAQFjAB&url=http%3A%2F%2Fwww.groeger-bauaufzuege.de%2Fleistungen.php&ei=OpY0UYC2KouK4gSj9YFo&usg=AFQjCNE2dDyc-sYyvCgBIIGkeF6NZXuZRw&bvm=bv.43148975,d.Yms" "Mozilla/4.0 (compatible; MSIE 8.0; Windows NT 5.1; Trident/4.0; .NET CLR 2.0.50727; .NET CLR 3.0.4506.2152; .NET CLR 3.5.30729; .NET4.0C; .NET4.0E)"
80.146.211.98 - - [04/Mar/2013:13:42:17 +0100] "GET /swfobject.js HTTP/1.1" 200 6880 "http://www.groeger-bauaufzuege.de/leistungen.php" "Mozilla/4.0 (compatible; MSIE 8.0; Windows NT 5.1; Trident/4.0; .NET CLR 2.0.50727; .NET CLR 3.0.4506.2152; .NET CLR 3.5.30729; .NET4.0C; .NET4.0E)"
80.146.211.98 - - [04/Mar/2013:13:42:17 +0100] "GET /css/groeger.css HTTP/1.1" 200 5198 "http://www.groeger-bauaufzuege.de/leistungen.php" "Mozilla/4.0 (compatible; MSIE 8.0; Windows NT 5.1; Trident/4.0; .NET CLR 2.0.50727; .NET CLR 3.0.4506.2152; .NET CLR 3.5.30729; .NET4.0C; .NET4.0E)"
80.146.211.98 - - [04/Mar/2013:13:42:17 +0100] "GET /fancybox/jquery.fancybox-1.3.4.pack.js HTTP/1.1" 200 15624 "http://www.groeger-bauaufzuege.de/leistungen.php" "Mozilla/4.0 (compatible; MSIE 8.0; Windows NT 5.1; Trident/4.0; .NET CLR 2.0.50727; .NET CLR 3.0.4506.2152; .NET CLR 3.5.30729; .NET4.0C; .NET4.0E)"
80.146.211.98 - - [04/Mar/2013:13:42:17 +0100] "GET /jquery.cross-slide.js HTTP/1.1" 200 11724 "http://www.groeger-bauaufzuege.de/leistungen.php" "Mozilla/4.0 (compatible; MSIE 8.0; Windows NT 5.1; Trident/4.0; .NET CLR 2.0.50727; .NET CLR 3.0.4506.2152; .NET CLR 3.5.30729; .NET4.0C; .NET4.0E)"
80.146.211.98 - - [04/Mar/2013:13:42:17 +0100] "GET /fancybox/jquery.fancybox-1.3.4.css HTTP/1.1" 200 8494 "http://www.groeger-bauaufzuege.de/leistungen.php" "Mozilla/4.0 (compatible; MSIE 8.0; Windows NT 5.1; Trident/4.0; .NET CLR 2.0.50727; .NET CLR 3.0.4506.2152; .NET CLR 3.5.30729; .NET4.0C; .NET4.0E)"
80.146.211.98 - - [04/Mar/2013:13:42:17 +0100] "GET /jquery-1.4.3.min.js HTTP/1.1" 200 77746 "http://www.groeger-bauaufzuege.de/leistungen.php" "Mozilla/4.0 (compatible; MSIE 8.0; Windows NT 5.1; Trident/4.0; .NET CLR 2.0.50727; .NET CLR 3.0.4506.2152; .NET CLR 3.5.30729; .NET4.0C; .NET4.0E)"
80.146.211.98 - - [04/Mar/2013:13:42:18 +0100] "GET /img/logo_groeger.gif HTTP/1.1" 200 3605 "http://www.groeger-bauaufzuege.de/leistungen.php" "Mozilla/4.0 (compatible; MSIE 8.0; Windows NT 5.1; Trident/4.0; .NET CLR 2.0.50727; .NET CLR 3.0.4506.2152; .NET CLR 3.5.30729; .NET4.0C; .NET4.0E)"
80.146.211.98 - - [04/Mar/2013:13:42:18 +0100] "GET /img/leist_geda_02.jpg HTTP/1.1" 200 9528 "http://www.groeger-bauaufzuege.de/leistungen.php" "Mozilla/4.0 (compatible; MSIE 8.0; Windows NT 5.1; Trident/4.0; .NET CLR 2.0.50727; .NET CLR 3.0.4506.2152; .NET CLR 3.5.30729; .NET4.0C; .NET4.0E)"
80.146.211.98 - - [04/Mar/2013:13:42:18 +0100] "GET /img/grauverlauf.png HTTP/1.1" 200 3242 "http://www.groeger-bauaufzuege.de/leistungen.php" "Mozilla/4.0 (compatible; MSIE 8.0; Windows NT 5.1; Trident/4.0; .NET CLR 2.0.50727; .NET CLR 3.0.4506.2152; .NET CLR 3.5.30729; .NET4.0C; .NET4.0E)"
80.146.211.98 - - [04/Mar/2013:13:42:18 +0100] "GET /fancybox/blank.gif HTTP/1.1" 200 43 "http://www.groeger-bauaufzuege.de/leistungen.php" "Mozilla/4.0 (compatible; MSIE 8.0; Windows NT 5.1; Trident/4.0; .NET CLR 2.0.50727; .NET CLR 3.0.4506.2152; .NET CLR 3.5.30729; .NET4.0C; .NET4.0E)"
80.146.211.98 - - [04/Mar/2013:13:42:18 +0100] "GET /fancybox/fancybox.png HTTP/1.1" 200 15287 "http://www.groeger-bauaufzuege.de/leistungen.php" "Mozilla/4.0 (compatible; MSIE 8.0; Windows NT 5.1; Trident/4.0; .NET CLR 2.0.50727; .NET CLR 3.0.4506.2152; .NET CLR 3.5.30729; .NET4.0C; .NET4.0E)"
80.146.211.98 - - [04/Mar/2013:13:42:18 +0100] "GET /img/bild_4.jpg HTTP/1.1" 200 45325 "http://www.groeger-bauaufzuege.de/leistungen.php" "Mozilla/4.0 (compatible; MSIE 8.0; Windows NT 5.1; Trident/4.0; .NET CLR 2.0.50727; .NET CLR 3.0.4506.2152; .NET CLR 3.5.30729; .NET4.0C; .NET4.0E)"
80.146.211.98 - - [04/Mar/2013:13:42:18 +0100] "GET /img/bild_1.jpg HTTP/1.1" 200 44440 "http://www.groeger-bauaufzuege.de/leistungen.php" "Mozilla/4.0 (compatible; MSIE 8.0; Windows NT 5.1; Trident/4.0; .NET CLR 2.0.50727; .NET CLR 3.0.4506.2152; .NET CLR 3.5.30729; .NET4.0C; .NET4.0E)"
80.146.211.98 - - [04/Mar/2013:13:42:18 +0100] "GET /img/bild_2.jpg HTTP/1.1" 200 53191 "http://www.groeger-bauaufzuege.de/leistungen.php" "Mozilla/4.0 (compatible; MSIE 8.0; Windows NT 5.1; Trident/4.0; .NET CLR 2.0.50727; .NET CLR 3.0.4506.2152; .NET CLR 3.5.30729; .NET4.0C; .NET4.0E)"
80.146.211.98 - - [04/Mar/2013:13:42:18 +0100] "GET /img/bild_3.jpg HTTP/1.1" 200 57915 "http://www.groeger-bauaufzuege.de/leistungen.php" "Mozilla/4.0 (compatible; MSIE 8.0; Windows NT 5.1; Trident/4.0; .NET CLR 2.0.50727; .NET CLR 3.0.4506.2152; .NET CLR 3.5.30729; .NET4.0C; .NET4.0E)"
80.146.211.98 - - [04/Mar/2013:13:42:18 +0100] "GET /img/favicon.gif HTTP/1.1" 200 119 "-" "Mozilla/4.0 (compatible; MSIE 8.0; Windows NT 5.1; Trident/4.0; .NET CLR 2.0.50727; .NET CLR 3.0.4506.2152; .NET CLR 3.5.30729; .NET4.0C; .NET4.0E)"
80.146.211.98 - - [04/Mar/2013:13:42:19 +0100] "GET /fancybox/fancy_shadow_n.png HTTP/1.1" 200 106 "-" "Mozilla/4.0 (compatible; MSIE 8.0; Windows NT 5.1; Trident/4.0; .NET CLR 2.0.50727; .NET CLR 3.0.4506.2152; .NET CLR 3.5.30729; .NET4.0C; .NET4.0E)"
80.146.211.98 - - [04/Mar/2013:13:42:19 +0100] "GET /fancybox/fancy_shadow_ne.png HTTP/1.1" 200 347 "-" "Mozilla/4.0 (compatible; MSIE 8.0; Windows NT 5.1; Trident/4.0; .NET CLR 2.0.50727; .NET CLR 3.0.4506.2152; .NET CLR 3.5.30729; .NET4.0C; .NET4.0E)"
80.146.211.98 - - [04/Mar/2013:13:42:19 +0100] "GET /fancybox/fancy_shadow_e.png HTTP/1.1" 200 107 "-" "Mozilla/4.0 (compatible; MSIE 8.0; Windows NT 5.1; Trident/4.0; .NET CLR 2.0.50727; .NET CLR 3.0.4506.2152; .NET CLR 3.5.30729; .NET4.0C; .NET4.0E)"
80.146.211.98 - - [04/Mar/2013:13:42:19 +0100] "GET /fancybox/fancy_shadow_se.png HTTP/1.1" 200 352 "-" "Mozilla/4.0 (compatible; MSIE 8.0; Windows NT 5.1; Trident/4.0; .NET CLR 2.0.50727; .NET CLR 3.0.4506.2152; .NET CLR 3.5.30729; .NET4.0C; .NET4.0E)"
80.146.211.98 - - [04/Mar/2013:13:42:19 +0100] "GET /fancybox/fancy_shadow_s.png HTTP/1.1" 200 111 "-" "Mozilla/4.0 (compatible; MSIE 8.0; Windows NT 5.1; Trident/4.0; .NET CLR 2.0.50727; .NET CLR 3.0.4506.2152; .NET CLR 3.5.30729; .NET4.0C; .NET4.0E)"
80.146.211.98 - - [04/Mar/2013:13:42:19 +0100] "GET /fancybox/fancy_shadow_sw.png HTTP/1.1" 200 340 "-" "Mozilla/4.0 (compatible; MSIE 8.0; Windows NT 5.1; Trident/4.0; .NET CLR 2.0.50727; .NET CLR 3.0.4506.2152; .NET CLR 3.5.30729; .NET4.0C; .NET4.0E)"
80.146.211.98 - - [04/Mar/2013:13:42:19 +0100] "GET /fancybox/fancy_shadow_w.png HTTP/1.1" 200 103 "-" "Mozilla/4.0 (compatible; MSIE 8.0; Windows NT 5.1; Trident/4.0; .NET CLR 2.0.50727; .NET CLR 3.0.4506.2152; .NET CLR 3.5.30729; .NET4.0C; .NET4.0E)"
80.146.211.98 - - [04/Mar/2013:13:42:19 +0100] "GET /fancybox/fancy_shadow_nw.png HTTP/1.1" 200 324 "-" "Mozilla/4.0 (compatible; MSIE 8.0; Windows NT 5.1; Trident/4.0; .NET CLR 2.0.50727; .NET CLR 3.0.4506.2152; .NET CLR 3.5.30729; .NET4.0C; .NET4.0E)"
173.199.115.91 - - [04/Mar/2013:14:31:30 +0100] "GET /download/Newsletter_Groeger_11-06_Innung.pdf HTTP/1.1" 200 422119 "-" "Mozilla/5.0 (compatible; AhrefsBot/4.0; +http://ahrefs.com/robot/)"
141.113.86.94 - - [04/Mar/2013:15:00:36 +0100] "GET / HTTP/1.1" 200 6430 "http://www.google.de/url?sa=t&rct=j&q=groeger%20bauaufz%C3%BCge&source=web&cd=1&ved=0CDEQFjAA&url=http%3A%2F%2Fwww.groeger-bauaufzuege.de%2F&ei=mqg0Uc22JcTatAaLoIDIBg&usg=AFQjCNFBXgtaJQ5GEULKJBrc_pmJTjvlmQ&bvm=bv.43148975,d.Yms" "Mozilla/4.0 (compatible; MSIE 8.0; Windows NT 5.1; Trident/4.0; .NET CLR 1.1.4322; .NET CLR 2.0.50727; .NET CLR 3.0.4506.2152; .NET CLR 3.5.30729; .NET4.0C; .NET4.0E)"
141.113.86.94 - - [04/Mar/2013:15:00:36 +0100] "GET /swfobject.js HTTP/1.1" 200 6880 "http://www.groeger-bauaufzuege.de/" "Mozilla/4.0 (compatible; MSIE 8.0; Windows NT 5.1; Trident/4.0; .NET CLR 1.1.4322; .NET CLR 2.0.50727; .NET CLR 3.0.4506.2152; .NET CLR 3.5.30729; .NET4.0C; .NET4.0E)"
141.113.86.94 - - [04/Mar/2013:15:00:36 +0100] "GET /css/groeger.css HTTP/1.1" 200 5198 "http://www.groeger-bauaufzuege.de/" "Mozilla/4.0 (compatible; MSIE 8.0; Windows NT 5.1; Trident/4.0; .NET CLR 1.1.4322; .NET CLR 2.0.50727; .NET CLR 3.0.4506.2152; .NET CLR 3.5.30729; .NET4.0C; .NET4.0E)"
141.113.86.94 - - [04/Mar/2013:15:00:37 +0100] "GET /fancybox/jquery.fancybox-1.3.4.pack.js HTTP/1.1" 200 15624 "http://www.groeger-bauaufzuege.de/" "Mozilla/4.0 (compatible; MSIE 8.0; Windows NT 5.1; Trident/4.0; .NET CLR 1.1.4322; .NET CLR 2.0.50727; .NET CLR 3.0.4506.2152; .NET CLR 3.5.30729; .NET4.0C; .NET4.0E)"
141.113.86.94 - - [04/Mar/2013:15:00:37 +0100] "GET /fancybox/jquery.fancybox-1.3.4.css HTTP/1.1" 200 8494 "http://www.groeger-bauaufzuege.de/" "Mozilla/4.0 (compatible; MSIE 8.0; Windows NT 5.1; Trident/4.0; .NET CLR 1.1.4322; .NET CLR 2.0.50727; .NET CLR 3.0.4506.2152; .NET CLR 3.5.30729; .NET4.0C; .NET4.0E)"
141.113.86.94 - - [04/Mar/2013:15:00:37 +0100] "GET /jquery.cross-slide.js HTTP/1.1" 200 11724 "http://www.groeger-bauaufzuege.de/" "Mozilla/4.0 (compatible; MSIE 8.0; Windows NT 5.1; Trident/4.0; .NET CLR 1.1.4322; .NET CLR 2.0.50727; .NET CLR 3.0.4506.2152; .NET CLR 3.5.30729; .NET4.0C; .NET4.0E)"
141.113.86.94 - - [04/Mar/2013:15:00:36 +0100] "GET /jquery-1.4.3.min.js HTTP/1.1" 200 77746 "http://www.groeger-bauaufzuege.de/" "Mozilla/4.0 (compatible; MSIE 8.0; Windows NT 5.1; Trident/4.0; .NET CLR 1.1.4322; .NET CLR 2.0.50727; .NET CLR 3.0.4506.2152; .NET CLR 3.5.30729; .NET4.0C; .NET4.0E)"
141.113.86.94 - - [04/Mar/2013:15:00:37 +0100] "GET /img/pfeil.png HTTP/1.1" 200 840 "http://www.groeger-bauaufzuege.de/" "Mozilla/4.0 (compatible; MSIE 8.0; Windows NT 5.1; Trident/4.0; .NET CLR 1.1.4322; .NET CLR 2.0.50727; .NET CLR 3.0.4506.2152; .NET CLR 3.5.30729; .NET4.0C; .NET4.0E)"
141.113.86.94 - - [04/Mar/2013:15:00:37 +0100] "GET /img/logo_groeger.gif HTTP/1.1" 200 3605 "http://www.groeger-bauaufzuege.de/" "Mozilla/4.0 (compatible; MSIE 8.0; Windows NT 5.1; Trident/4.0; .NET CLR 1.1.4322; .NET CLR 2.0.50727; .NET CLR 3.0.4506.2152; .NET CLR 3.5.30729; .NET4.0C; .NET4.0E)"
141.113.86.94 - - [04/Mar/2013:15:00:37 +0100] "GET /img/bild_1.jpg HTTP/1.1" 200 44440 "http://www.groeger-bauaufzuege.de/" "Mozilla/4.0 (compatible; MSIE 8.0; Windows NT 5.1; Trident/4.0; .NET CLR 1.1.4322; .NET CLR 2.0.50727; .NET CLR 3.0.4506.2152; .NET CLR 3.5.30729; .NET4.0C; .NET4.0E)"
141.113.86.94 - - [04/Mar/2013:15:00:37 +0100] "GET /img/grauverlauf.png HTTP/1.1" 200 3242 "http://www.groeger-bauaufzuege.de/" "Mozilla/4.0 (compatible; MSIE 8.0; Windows NT 5.1; Trident/4.0; .NET CLR 1.1.4322; .NET CLR 2.0.50727; .NET CLR 3.0.4506.2152; .NET CLR 3.5.30729; .NET4.0C; .NET4.0E)"
141.113.86.94 - - [04/Mar/2013:15:00:37 +0100] "GET /img/groeger_web.jpg HTTP/1.1" 200 10877 "http://www.groeger-bauaufzuege.de/" "Mozilla/4.0 (compatible; MSIE 8.0; Windows NT 5.1; Trident/4.0; .NET CLR 1.1.4322; .NET CLR 2.0.50727; .NET CLR 3.0.4506.2152; .NET CLR 3.5.30729; .NET4.0C; .NET4.0E)"
141.113.86.94 - - [04/Mar/2013:15:00:37 +0100] "GET /fancybox/fancybox.png HTTP/1.1" 200 15287 "http://www.groeger-bauaufzuege.de/" "Mozilla/4.0 (compatible; MSIE 8.0; Windows NT 5.1; Trident/4.0; .NET CLR 1.1.4322; .NET CLR 2.0.50727; .NET CLR 3.0.4506.2152; .NET CLR 3.5.30729; .NET4.0C; .NET4.0E)"
141.113.86.94 - - [04/Mar/2013:15:00:37 +0100] "GET /fancybox/blank.gif HTTP/1.1" 200 43 "http://www.groeger-bauaufzuege.de/" "Mozilla/4.0 (compatible; MSIE 8.0; Windows NT 5.1; Trident/4.0; .NET CLR 1.1.4322; .NET CLR 2.0.50727; .NET CLR 3.0.4506.2152; .NET CLR 3.5.30729; .NET4.0C; .NET4.0E)"
141.113.86.94 - - [04/Mar/2013:15:00:37 +0100] "GET /img/bild_4.jpg HTTP/1.1" 200 45325 "http://www.groeger-bauaufzuege.de/" "Mozilla/4.0 (compatible; MSIE 8.0; Windows NT 5.1; Trident/4.0; .NET CLR 1.1.4322; .NET CLR 2.0.50727; .NET CLR 3.0.4506.2152; .NET CLR 3.5.30729; .NET4.0C; .NET4.0E)"
141.113.86.94 - - [04/Mar/2013:15:00:37 +0100] "GET /img/bild_3.jpg HTTP/1.1" 200 57915 "http://www.groeger-bauaufzuege.de/" "Mozilla/4.0 (compatible; MSIE 8.0; Windows NT 5.1; Trident/4.0; .NET CLR 1.1.4322; .NET CLR 2.0.50727; .NET CLR 3.0.4506.2152; .NET CLR 3.5.30729; .NET4.0C; .NET4.0E)"
141.113.86.94 - - [04/Mar/2013:15:00:37 +0100] "GET /img/bild_2.jpg HTTP/1.1" 200 53191 "http://www.groeger-bauaufzuege.de/" "Mozilla/4.0 (compatible; MSIE 8.0; Windows NT 5.1; Trident/4.0; .NET CLR 1.1.4322; .NET CLR 2.0.50727; .NET CLR 3.0.4506.2152; .NET CLR 3.5.30729; .NET4.0C; .NET4.0E)"
141.113.86.94 - - [04/Mar/2013:15:00:37 +0100] "GET /img/favicon.gif HTTP/1.1" 200 119 "-" "Mozilla/4.0 (compatible; MSIE 8.0; Windows NT 5.1; Trident/4.0; .NET CLR 1.1.4322; .NET CLR 2.0.50727; .NET CLR 3.0.4506.2152; .NET CLR 3.5.30729; .NET4.0C; .NET4.0E)"
141.113.86.94 - - [04/Mar/2013:15:00:54 +0100] "GET /fancybox/fancy_shadow_n.png HTTP/1.1" 200 106 "-" "Mozilla/4.0 (compatible; MSIE 8.0; Windows NT 5.1; Trident/4.0; .NET CLR 1.1.4322; .NET CLR 2.0.50727; .NET CLR 3.0.4506.2152; .NET CLR 3.5.30729; .NET4.0C; .NET4.0E)"
141.113.86.94 - - [04/Mar/2013:15:00:54 +0100] "GET /fancybox/fancy_shadow_ne.png HTTP/1.1" 200 347 "-" "Mozilla/4.0 (compatible; MSIE 8.0; Windows NT 5.1; Trident/4.0; .NET CLR 1.1.4322; .NET CLR 2.0.50727; .NET CLR 3.0.4506.2152; .NET CLR 3.5.30729; .NET4.0C; .NET4.0E)"
141.113.86.94 - - [04/Mar/2013:15:00:54 +0100] "GET /fancybox/fancy_shadow_e.png HTTP/1.1" 200 107 "-" "Mozilla/4.0 (compatible; MSIE 8.0; Windows NT 5.1; Trident/4.0; .NET CLR 1.1.4322; .NET CLR 2.0.50727; .NET CLR 3.0.4506.2152; .NET CLR 3.5.30729; .NET4.0C; .NET4.0E)"
141.113.86.94 - - [04/Mar/2013:15:00:54 +0100] "GET /fancybox/fancy_shadow_se.png HTTP/1.1" 200 352 "-" "Mozilla/4.0 (compatible; MSIE 8.0; Windows NT 5.1; Trident/4.0; .NET CLR 1.1.4322; .NET CLR 2.0.50727; .NET CLR 3.0.4506.2152; .NET CLR 3.5.30729; .NET4.0C; .NET4.0E)"
141.113.86.94 - - [04/Mar/2013:15:00:54 +0100] "GET /fancybox/fancy_shadow_s.png HTTP/1.1" 200 111 "-" "Mozilla/4.0 (compatible; MSIE 8.0; Windows NT 5.1; Trident/4.0; .NET CLR 1.1.4322; .NET CLR 2.0.50727; .NET CLR 3.0.4506.2152; .NET CLR 3.5.30729; .NET4.0C; .NET4.0E)"
141.113.86.94 - - [04/Mar/2013:15:00:54 +0100] "GET /fancybox/fancy_shadow_sw.png HTTP/1.1" 200 340 "-" "Mozilla/4.0 (compatible; MSIE 8.0; Windows NT 5.1; Trident/4.0; .NET CLR 1.1.4322; .NET CLR 2.0.50727; .NET CLR 3.0.4506.2152; .NET CLR 3.5.30729; .NET4.0C; .NET4.0E)"
141.113.86.94 - - [04/Mar/2013:15:00:54 +0100] "GET /fancybox/fancy_shadow_w.png HTTP/1.1" 200 103 "-" "Mozilla/4.0 (compatible; MSIE 8.0; Windows NT 5.1; Trident/4.0; .NET CLR 1.1.4322; .NET CLR 2.0.50727; .NET CLR 3.0.4506.2152; .NET CLR 3.5.30729; .NET4.0C; .NET4.0E)"
141.113.86.94 - - [04/Mar/2013:15:00:54 +0100] "GET /fancybox/fancy_shadow_nw.png HTTP/1.1" 200 324 "-" "Mozilla/4.0 (compatible; MSIE 8.0; Windows NT 5.1; Trident/4.0; .NET CLR 1.1.4322; .NET CLR 2.0.50727; .NET CLR 3.0.4506.2152; .NET CLR 3.5.30729; .NET4.0C; .NET4.0E)"
141.113.86.94 - - [04/Mar/2013:15:00:57 +0100] "GET /index.php HTTP/1.1" 200 6430 "http://www.groeger-bauaufzuege.de/" "Mozilla/4.0 (compatible; MSIE 8.0; Windows NT 5.1; Trident/4.0; .NET CLR 1.1.4322; .NET CLR 2.0.50727; .NET CLR 3.0.4506.2152; .NET CLR 3.5.30729; .NET4.0C; .NET4.0E)"
141.113.86.94 - - [04/Mar/2013:15:00:59 +0100] "GET /aktuelles.php HTTP/1.1" 200 9609 "http://www.groeger-bauaufzuege.de/index.php" "Mozilla/4.0 (compatible; MSIE 8.0; Windows NT 5.1; Trident/4.0; .NET CLR 1.1.4322; .NET CLR 2.0.50727; .NET CLR 3.0.4506.2152; .NET CLR 3.5.30729; .NET4.0C; .NET4.0E)"
141.113.86.94 - - [04/Mar/2013:15:01:02 +0100] "GET /leistungen.php HTTP/1.1" 200 7141 "http://www.groeger-bauaufzuege.de/aktuelles.php" "Mozilla/4.0 (compatible; MSIE 8.0; Windows NT 5.1; Trident/4.0; .NET CLR 1.1.4322; .NET CLR 2.0.50727; .NET CLR 3.0.4506.2152; .NET CLR 3.5.30729; .NET4.0C; .NET4.0E)"
141.113.86.94 - - [04/Mar/2013:15:01:02 +0100] "GET /img/leist_geda_02.jpg HTTP/1.1" 200 9528 "http://www.groeger-bauaufzuege.de/leistungen.php" "Mozilla/4.0 (compatible; MSIE 8.0; Windows NT 5.1; Trident/4.0; .NET CLR 1.1.4322; .NET CLR 2.0.50727; .NET CLR 3.0.4506.2152; .NET CLR 3.5.30729; .NET4.0C; .NET4.0E)"
141.113.86.94 - - [04/Mar/2013:15:01:07 +0100] "GET /impressum.php HTTP/1.1" 200 7582 "http://www.groeger-bauaufzuege.de/leistungen.php" "Mozilla/4.0 (compatible; MSIE 8.0; Windows NT 5.1; Trident/4.0; .NET CLR 1.1.4322; .NET CLR 2.0.50727; .NET CLR 3.0.4506.2152; .NET CLR 3.5.30729; .NET4.0C; .NET4.0E)"
141.113.86.94 - - [04/Mar/2013:15:04:03 +0100] "GET /unternehmen.php HTTP/1.1" 200 6859 "http://www.groeger-bauaufzuege.de/impressum.php" "Mozilla/4.0 (compatible; MSIE 8.0; Windows NT 5.1; Trident/4.0; .NET CLR 1.1.4322; .NET CLR 2.0.50727; .NET CLR 3.0.4506.2152; .NET CLR 3.5.30729; .NET4.0C; .NET4.0E)"
141.113.86.94 - - [04/Mar/2013:15:04:39 +0100] "GET /verkauf.php HTTP/1.1" 200 6239 "http://www.groeger-bauaufzuege.de/leistungen.php" "Mozilla/4.0 (compatible; MSIE 8.0; Windows NT 5.1; Trident/4.0; .NET CLR 1.1.4322; .NET CLR 2.0.50727; .NET CLR 3.0.4506.2152; .NET CLR 3.5.30729; .NET4.0C; .NET4.0E)"
141.113.86.94 - - [04/Mar/2013:15:04:39 +0100] "GET /img/logo_geda.gif HTTP/1.1" 200 4337 "http://www.groeger-bauaufzuege.de/verkauf.php" "Mozilla/4.0 (compatible; MSIE 8.0; Windows NT 5.1; Trident/4.0; .NET CLR 1.1.4322; .NET CLR 2.0.50727; .NET CLR 3.0.4506.2152; .NET CLR 3.5.30729; .NET4.0C; .NET4.0E)"
141.113.86.94 - - [04/Mar/2013:15:04:39 +0100] "GET /img/logo_steinbach.jpg HTTP/1.1" 200 9601 "http://www.groeger-bauaufzuege.de/verkauf.php" "Mozilla/4.0 (compatible; MSIE 8.0; Windows NT 5.1; Trident/4.0; .NET CLR 1.1.4322; .NET CLR 2.0.50727; .NET CLR 3.0.4506.2152; .NET CLR 3.5.30729; .NET4.0C; .NET4.0E)"
141.113.86.94 - - [04/Mar/2013:15:04:39 +0100] "GET /img/logo_boecker.gif HTTP/1.1" 200 2974 "http://www.groeger-bauaufzuege.de/verkauf.php" "Mozilla/4.0 (compatible; MSIE 8.0; Windows NT 5.1; Trident/4.0; .NET CLR 1.1.4322; .NET CLR 2.0.50727; .NET CLR 3.0.4506.2152; .NET CLR 3.5.30729; .NET4.0C; .NET4.0E)"
141.113.86.94 - - [04/Mar/2013:15:04:41 +0100] "GET /vermietung.php HTTP/1.1" 200 6318 "http://www.groeger-bauaufzuege.de/verkauf.php" "Mozilla/4.0 (compatible; MSIE 8.0; Windows NT 5.1; Trident/4.0; .NET CLR 1.1.4322; .NET CLR 2.0.50727; .NET CLR 3.0.4506.2152; .NET CLR 3.5.30729; .NET4.0C; .NET4.0E)"
141.113.86.94 - - [04/Mar/2013:15:04:45 +0100] "GET /gebrauchtmaschinen.php HTTP/1.1" 200 5814 "http://www.groeger-bauaufzuege.de/vermietung.php" "Mozilla/4.0 (compatible; MSIE 8.0; Windows NT 5.1; Trident/4.0; .NET CLR 1.1.4322; .NET CLR 2.0.50727; .NET CLR 3.0.4506.2152; .NET CLR 3.5.30729; .NET4.0C; .NET4.0E)"
141.113.86.94 - - [04/Mar/2013:15:04:53 +0100] "GET /kontakt.php HTTP/1.1" 200 6666 "http://www.groeger-bauaufzuege.de/unternehmen.php" "Mozilla/4.0 (compatible; MSIE 8.0; Windows NT 5.1; Trident/4.0; .NET CLR 1.1.4322; .NET CLR 2.0.50727; .NET CLR 3.0.4506.2152; .NET CLR 3.5.30729; .NET4.0C; .NET4.0E)"
141.113.86.94 - - [04/Mar/2013:15:05:00 +0100] "GET /angebote.php HTTP/1.1" 200 8615 "http://www.groeger-bauaufzuege.de/impressum.php" "Mozilla/4.0 (compatible; MSIE 8.0; Windows NT 5.1; Trident/4.0; .NET CLR 1.1.4322; .NET CLR 2.0.50727; .NET CLR 3.0.4506.2152; .NET CLR 3.5.30729; .NET4.0C; .NET4.0E)"
141.113.86.94 - - [04/Mar/2013:15:05:00 +0100] "GET /img/aktionen/nl4-2012-09.jpg HTTP/1.1" 200 42401 "http://www.groeger-bauaufzuege.de/angebote.php" "Mozilla/4.0 (compatible; MSIE 8.0; Windows NT 5.1; Trident/4.0; .NET CLR 1.1.4322; .NET CLR 2.0.50727; .NET CLR 3.0.4506.2152; .NET CLR 3.5.30729; .NET4.0C; .NET4.0E)"
173.199.115.91 - - [04/Mar/2013:15:16:31 +0100] "GET /aktuelles.php HTTP/1.1" 200 9609 "-" "Mozilla/5.0 (compatible; AhrefsBot/4.0; +http://ahrefs.com/robot/)"
157.55.33.109 - - [04/Mar/2013:15:19:05 +0100] "GET /robots.txt HTTP/1.1" 404 - "-" "Mozilla/5.0 (compatible; bingbot/2.0; +http://www.bing.com/bingbot.htm)"
157.55.33.109 - - [04/Mar/2013:15:20:36 +0100] "GET / HTTP/1.1" 200 6430 "-" "Mozilla/5.0 (compatible; bingbot/2.0; +http://www.bing.com/bingbot.htm)"
66.249.78.76 - - [04/Mar/2013:17:55:15 +0100] "GET /robots.txt HTTP/1.1" 404 - "-" "Mozilla/5.0 (compatible; Googlebot/2.1; +http://www.google.com/bot.html)"
66.249.75.76 - - [04/Mar/2013:17:55:15 +0100] "GET /leistungen.php HTTP/1.1" 200 7141 "-" "DoCoMo/2.0 N905i(c100;TB;W24H16) (compatible; Googlebot-Mobile/2.1; +http://www.google.com/bot.html)"
173.199.115.91 - - [04/Mar/2013:19:00:57 +0100] "GET /gebrauchtmaschinen.php HTTP/1.1" 200 5814 "-" "Mozilla/5.0 (compatible; AhrefsBot/4.0; +http://ahrefs.com/robot/)"
199.30.16.77 - - [04/Mar/2013:19:37:16 +0100] "GET /trafficbasedsspsitemap.xml HTTP/1.1" 404 - "-" "Mozilla/5.0 (compatible; bingbot/2.0; +http://www.bing.com/bingbot.htm) SitemapProbe"
188.100.173.159 - - [04/Mar/2013:20:57:49 +0100] "GET / HTTP/1.1" 200 6430 "http://www.google.de/url?sa=t&rct=j&q=bauaufz%C3%BCge&source=web&cd=11&ved=0CGMQFjAK&url=http%3A%2F%2Fwww.groeger-bauaufzuege.de%2F&ei=7_o0UYjFNYrV4gTJ9oD4Bw&usg=AFQjCNFBXgtaJQ5GEULKJBrc_pmJTjvlmQ&bvm=bv.43148975,d.Yms" "Mozilla/5.0 (iPad; CPU OS 6_1 like Mac OS X) AppleWebKit/536.26 (KHTML, like Gecko) Version/6.0 Mobile/10B141 Safari/8536.25"
188.100.173.159 - - [04/Mar/2013:20:57:49 +0100] "GET /css/groeger.css HTTP/1.1" 200 5198 "http://www.groeger-bauaufzuege.de/" "Mozilla/5.0 (iPad; CPU OS 6_1 like Mac OS X) AppleWebKit/536.26 (KHTML, like Gecko) Version/6.0 Mobile/10B141 Safari/8536.25"
188.100.173.159 - - [04/Mar/2013:20:57:49 +0100] "GET /fancybox/jquery.fancybox-1.3.4.css HTTP/1.1" 200 8494 "http://www.groeger-bauaufzuege.de/" "Mozilla/5.0 (iPad; CPU OS 6_1 like Mac OS X) AppleWebKit/536.26 (KHTML, like Gecko) Version/6.0 Mobile/10B141 Safari/8536.25"
188.100.173.159 - - [04/Mar/2013:20:57:49 +0100] "GET /swfobject.js HTTP/1.1" 200 6880 "http://www.groeger-bauaufzuege.de/" "Mozilla/5.0 (iPad; CPU OS 6_1 like Mac OS X) AppleWebKit/536.26 (KHTML, like Gecko) Version/6.0 Mobile/10B141 Safari/8536.25"
188.100.173.159 - - [04/Mar/2013:20:57:49 +0100] "GET /jquery.cross-slide.js HTTP/1.1" 200 11724 "http://www.groeger-bauaufzuege.de/" "Mozilla/5.0 (iPad; CPU OS 6_1 like Mac OS X) AppleWebKit/536.26 (KHTML, like Gecko) Version/6.0 Mobile/10B141 Safari/8536.25"
188.100.173.159 - - [04/Mar/2013:20:57:49 +0100] "GET /fancybox/jquery.fancybox-1.3.4.pack.js HTTP/1.1" 200 15624 "http://www.groeger-bauaufzuege.de/" "Mozilla/5.0 (iPad; CPU OS 6_1 like Mac OS X) AppleWebKit/536.26 (KHTML, like Gecko) Version/6.0 Mobile/10B141 Safari/8536.25"
188.100.173.159 - - [04/Mar/2013:20:57:49 +0100] "GET /jquery-1.4.3.min.js HTTP/1.1" 200 77746 "http://www.groeger-bauaufzuege.de/" "Mozilla/5.0 (iPad; CPU OS 6_1 like Mac OS X) AppleWebKit/536.26 (KHTML, like Gecko) Version/6.0 Mobile/10B141 Safari/8536.25"
188.100.173.159 - - [04/Mar/2013:20:57:49 +0100] "GET /img/logo_groeger.gif HTTP/1.1" 200 3605 "http://www.groeger-bauaufzuege.de/" "Mozilla/5.0 (iPad; CPU OS 6_1 like Mac OS X) AppleWebKit/536.26 (KHTML, like Gecko) Version/6.0 Mobile/10B141 Safari/8536.25"
188.100.173.159 - - [04/Mar/2013:20:57:49 +0100] "GET /img/pfeil.png HTTP/1.1" 200 840 "http://www.groeger-bauaufzuege.de/" "Mozilla/5.0 (iPad; CPU OS 6_1 like Mac OS X) AppleWebKit/536.26 (KHTML, like Gecko) Version/6.0 Mobile/10B141 Safari/8536.25"
188.100.173.159 - - [04/Mar/2013:20:57:49 +0100] "GET /img/bild_1.jpg HTTP/1.1" 200 44440 "http://www.groeger-bauaufzuege.de/" "Mozilla/5.0 (iPad; CPU OS 6_1 like Mac OS X) AppleWebKit/536.26 (KHTML, like Gecko) Version/6.0 Mobile/10B141 Safari/8536.25"
188.100.173.159 - - [04/Mar/2013:20:57:49 +0100] "GET /img/grauverlauf.png HTTP/1.1" 200 3242 "http://www.groeger-bauaufzuege.de/" "Mozilla/5.0 (iPad; CPU OS 6_1 like Mac OS X) AppleWebKit/536.26 (KHTML, like Gecko) Version/6.0 Mobile/10B141 Safari/8536.25"
188.100.173.159 - - [04/Mar/2013:20:57:49 +0100] "GET /img/groeger_web.jpg HTTP/1.1" 200 10877 "http://www.groeger-bauaufzuege.de/" "Mozilla/5.0 (iPad; CPU OS 6_1 like Mac OS X) AppleWebKit/536.26 (KHTML, like Gecko) Version/6.0 Mobile/10B141 Safari/8536.25"
188.100.173.159 - - [04/Mar/2013:20:57:49 +0100] "GET /img/bild_2.jpg HTTP/1.1" 200 53191 "http://www.groeger-bauaufzuege.de/" "Mozilla/5.0 (iPad; CPU OS 6_1 like Mac OS X) AppleWebKit/536.26 (KHTML, like Gecko) Version/6.0 Mobile/10B141 Safari/8536.25"
188.100.173.159 - - [04/Mar/2013:20:57:49 +0100] "GET /img/bild_4.jpg HTTP/1.1" 200 45325 "http://www.groeger-bauaufzuege.de/" "Mozilla/5.0 (iPad; CPU OS 6_1 like Mac OS X) AppleWebKit/536.26 (KHTML, like Gecko) Version/6.0 Mobile/10B141 Safari/8536.25"
188.100.173.159 - - [04/Mar/2013:20:57:50 +0100] "GET /img/bild_3.jpg HTTP/1.1" 200 57915 "http://www.groeger-bauaufzuege.de/" "Mozilla/5.0 (iPad; CPU OS 6_1 like Mac OS X) AppleWebKit/536.26 (KHTML, like Gecko) Version/6.0 Mobile/10B141 Safari/8536.25"
188.100.173.159 - - [04/Mar/2013:20:57:58 +0100] "GET /gebrauchtmaschinen.php HTTP/1.1" 200 5814 "http://www.groeger-bauaufzuege.de/" "Mozilla/5.0 (iPad; CPU OS 6_1 like Mac OS X) AppleWebKit/536.26 (KHTML, like Gecko) Version/6.0 Mobile/10B141 Safari/8536.25"
173.199.115.91 - - [04/Mar/2013:21:15:26 +0100] "GET / HTTP/1.1" 200 6430 "-" "Mozilla/5.0 (compatible; AhrefsBot/4.0; +http://ahrefs.com/robot/)"
173.199.115.91 - - [04/Mar/2013:22:07:06 +0100] "GET /download/Newsletter-Groeger-Dachdecker-2011-04.pdf HTTP/1.1" 200 248596 "-" "Mozilla/5.0 (compatible; AhrefsBot/4.0; +http://ahrefs.com/robot/)"
66.249.78.76 - - [05/Mar/2013:01:19:52 +0100] "GET /download/Newsletter_Groeger_2012-09.pdf HTTP/1.1" 200 492501 "-" "SAMSUNG-SGH-E250/1.0 Profile/MIDP-2.0 Configuration/CLDC-1.1 UP.Browser/6.2.3.3.c.1.101 (GUI) MMP/2.0 (compatible; Googlebot-Mobile/2.1; +http://www.google.com/bot.html)"
157.55.33.109 - - [05/Mar/2013:03:20:02 +0100] "GET /robots.txt HTTP/1.1" 404 - "-" "Mozilla/5.0 (compatible; bingbot/2.0; +http://www.bing.com/bingbot.htm)"
157.55.33.109 - - [05/Mar/2013:03:21:43 +0100] "GET / HTTP/1.1" 200 6430 "-" "Mozilla/5.0 (compatible; bingbot/2.0; +http://www.bing.com/bingbot.htm)"
199.30.20.51 - - [05/Mar/2013:03:51:52 +0100] "GET /robots.txt HTTP/1.1" 404 - "-" "msnbot-media/1.1 (+http://search.msn.com/msnbot.htm)"
199.30.20.51 - - [05/Mar/2013:03:51:52 +0100] "GET /img/leist_geda_02.jpg HTTP/1.1" 200 9528 "-" "msnbot-media/1.1 (+http://search.msn.com/msnbot.htm)"
66.249.78.76 - - [05/Mar/2013:06:32:23 +0100] "GET /robots.txt HTTP/1.1" 404 - "-" "Mozilla/5.0 (compatible; Googlebot/2.1; +http://www.google.com/bot.html)"
66.249.75.76 - - [05/Mar/2013:06:32:23 +0100] "GET /download/Newsletter_Groeger_2012-09.pdf HTTP/1.1" 200 492501 "-" "DoCoMo/2.0 N905i(c100;TB;W24H16) (compatible; Googlebot-Mobile/2.1; +http://www.google.com/bot.html)"
173.199.115.91 - - [05/Mar/2013:07:15:08 +0100] "GET /kontakt.php HTTP/1.1" 200 6666 "-" "Mozilla/5.0 (compatible; AhrefsBot/4.0; +http://ahrefs.com/robot/)"
80.187.107.164 - - [05/Mar/2013:08:39:56 +0100] "GET /kontakt.php HTTP/1.1" 200 6666 "http://www.google.de/url?sa=t&source=web&cd=2&ved=0CBQQjBAwAQ&url=http%3A%2F%2Fwww.groeger-bauaufzuege.de%2Fkontakt.php&ei=P6E1Ucv0LsXdOb3zAQ&usg=AFQjCNHDVrcsUtKeFmiq0WZyos2ucumfmQ&rct=j" "Mozilla/5.0 (iPhone; CPU iPhone OS 6_1_2 like Mac OS X) AppleWebKit/536.26 (KHTML, like Gecko) Mobile/10B146"
80.187.107.164 - - [05/Mar/2013:08:39:57 +0100] "GET /css/groeger.css HTTP/1.1" 200 5198 "http://www.groeger-bauaufzuege.de/kontakt.php" "Mozilla/5.0 (iPhone; CPU iPhone OS 6_1_2 like Mac OS X) AppleWebKit/536.26 (KHTML, like Gecko) Mobile/10B146"
80.187.107.164 - - [05/Mar/2013:08:39:57 +0100] "GET /fancybox/jquery.fancybox-1.3.4.css HTTP/1.1" 200 8494 "http://www.groeger-bauaufzuege.de/kontakt.php" "Mozilla/5.0 (iPhone; CPU iPhone OS 6_1_2 like Mac OS X) AppleWebKit/536.26 (KHTML, like Gecko) Mobile/10B146"
80.187.107.164 - - [05/Mar/2013:08:39:57 +0100] "GET /img/bild_1.jpg HTTP/1.1" 200 44440 "http://www.groeger-bauaufzuege.de/kontakt.php" "Mozilla/5.0 (iPhone; CPU iPhone OS 6_1_2 like Mac OS X) AppleWebKit/536.26 (KHTML, like Gecko) Mobile/10B146"
80.187.107.164 - - [05/Mar/2013:08:39:57 +0100] "GET /img/logo_groeger.gif HTTP/1.1" 200 3605 "http://www.groeger-bauaufzuege.de/kontakt.php" "Mozilla/5.0 (iPhone; CPU iPhone OS 6_1_2 like Mac OS X) AppleWebKit/536.26 (KHTML, like Gecko) Mobile/10B146"
80.187.107.164 - - [05/Mar/2013:08:39:57 +0100] "GET /swfobject.js HTTP/1.1" 200 6880 "http://www.groeger-bauaufzuege.de/kontakt.php" "Mozilla/5.0 (iPhone; CPU iPhone OS 6_1_2 like Mac OS X) AppleWebKit/536.26 (KHTML, like Gecko) Mobile/10B146"
80.187.107.164 - - [05/Mar/2013:08:39:57 +0100] "GET /jquery.cross-slide.js HTTP/1.1" 200 11724 "http://www.groeger-bauaufzuege.de/kontakt.php" "Mozilla/5.0 (iPhone; CPU iPhone OS 6_1_2 like Mac OS X) AppleWebKit/536.26 (KHTML, like Gecko) Mobile/10B146"
80.187.107.164 - - [05/Mar/2013:08:39:57 +0100] "GET /fancybox/jquery.fancybox-1.3.4.pack.js HTTP/1.1" 200 15624 "http://www.groeger-bauaufzuege.de/kontakt.php" "Mozilla/5.0 (iPhone; CPU iPhone OS 6_1_2 like Mac OS X) AppleWebKit/536.26 (KHTML, like Gecko) Mobile/10B146"
80.187.107.164 - - [05/Mar/2013:08:39:57 +0100] "GET /jquery-1.4.3.min.js HTTP/1.1" 200 77746 "http://www.groeger-bauaufzuege.de/kontakt.php" "Mozilla/5.0 (iPhone; CPU iPhone OS 6_1_2 like Mac OS X) AppleWebKit/536.26 (KHTML, like Gecko) Mobile/10B146"
80.187.107.164 - - [05/Mar/2013:08:39:57 +0100] "GET /img/bild_1.jpg HTTP/1.1" 200 44440 "http://www.groeger-bauaufzuege.de/kontakt.php" "Mozilla/5.0 (iPhone; CPU iPhone OS 6_1_2 like Mac OS X) AppleWebKit/536.26 (KHTML, like Gecko) Mobile/10B146"
80.187.107.164 - - [05/Mar/2013:08:39:57 +0100] "GET /img/grauverlauf.png HTTP/1.1" 200 3242 "http://www.groeger-bauaufzuege.de/kontakt.php" "Mozilla/5.0 (iPhone; CPU iPhone OS 6_1_2 like Mac OS X) AppleWebKit/536.26 (KHTML, like Gecko) Mobile/10B146"
80.187.107.164 - - [05/Mar/2013:08:39:57 +0100] "GET /img/bild_2.jpg HTTP/1.1" 200 53191 "http://www.groeger-bauaufzuege.de/kontakt.php" "Mozilla/5.0 (iPhone; CPU iPhone OS 6_1_2 like Mac OS X) AppleWebKit/536.26 (KHTML, like Gecko) Mobile/10B146"
80.187.107.164 - - [05/Mar/2013:08:39:57 +0100] "GET /img/bild_3.jpg HTTP/1.1" 200 57915 "http://www.groeger-bauaufzuege.de/kontakt.php" "Mozilla/5.0 (iPhone; CPU iPhone OS 6_1_2 like Mac OS X) AppleWebKit/536.26 (KHTML, like Gecko) Mobile/10B146"
80.187.107.164 - - [05/Mar/2013:08:39:57 +0100] "GET /img/bild_4.jpg HTTP/1.1" 200 45325 "http://www.groeger-bauaufzuege.de/kontakt.php" "Mozilla/5.0 (iPhone; CPU iPhone OS 6_1_2 like Mac OS X) AppleWebKit/536.26 (KHTML, like Gecko) Mobile/10B146"
157.55.32.95 - - [05/Mar/2013:08:44:47 +0100] "GET /robots.txt HTTP/1.1" 404 - "-" "Mozilla/5.0 (compatible; bingbot/2.0; +http://www.bing.com/bingbot.htm)"
157.55.32.95 - - [05/Mar/2013:08:47:29 +0100] "GET /download/Newsletter_Groeger_11-06_Innung.pdf HTTP/1.1" 200 422119 "-" "Mozilla/5.0 (compatible; bingbot/2.0; +http://www.bing.com/bingbot.htm)"
157.55.35.40 - - [05/Mar/2013:08:50:30 +0100] "GET /download/boecker_auf_achse_2011.pdf HTTP/1.1" 200 1766601 "-" "Mozilla/5.0 (compatible; bingbot/2.0; +http://www.bing.com/bingbot.htm)"
157.55.35.40 - - [05/Mar/2013:08:50:30 +0100] "GET /download/Newsletter_Groeger_2012-11.pdf HTTP/1.1" 200 527614 "-" "Mozilla/5.0 (compatible; bingbot/2.0; +http://www.bing.com/bingbot.htm)"
141.8.147.12 - - [05/Mar/2013:08:51:43 +0100] "GET /robots.txt HTTP/1.1" 404 - "-" "Mozilla/5.0 (compatible; YandexBot/3.0; +http://yandex.com/bots)"
199.21.99.101 - - [05/Mar/2013:08:51:46 +0100] "GET / HTTP/1.1" 200 6430 "-" "Mozilla/5.0 (compatible; YandexBot/3.0; +http://yandex.com/bots)"
157.55.32.80 - - [05/Mar/2013:08:54:00 +0100] "GET /download/Newsletter_Groeger_2012-09.pdf HTTP/1.1" 200 492501 "-" "Mozilla/5.0 (compatible; bingbot/2.0; +http://www.bing.com/bingbot.htm)"
157.55.33.31 - - [05/Mar/2013:09:09:30 +0100] "GET /download/Newsletter_Groeger_2012-06.pdf HTTP/1.1" 200 309498 "-" "Mozilla/5.0 (compatible; bingbot/2.0; +http://www.bing.com/bingbot.htm)"
66.249.78.76 - - [05/Mar/2013:09:32:44 +0100] "GET / HTTP/1.1" 200 6430 "-" "Mozilla/5.0 (iPhone; U; CPU iPhone OS 4_1 like Mac OS X; en-us) AppleWebKit/532.9 (KHTML, like Gecko) Version/4.0.5 Mobile/8B117 Safari/6531.22.7 (compatible; Googlebot-Mobile/2.1; +http://www.google.com/bot.html)"
66.249.78.76 - - [05/Mar/2013:09:35:32 +0100] "GET /fancybox/jquery.fancybox-1.3.4.css HTTP/1.1" 200 8494 "-" "Mozilla/5.0 (compatible; Googlebot/2.1; +http://www.google.com/bot.html)"
157.55.33.109 - - [05/Mar/2013:11:56:34 +0100] "GET /robots.txt HTTP/1.1" 404 - "-" "Mozilla/5.0 (compatible; bingbot/2.0; +http://www.bing.com/bingbot.htm)"
157.55.33.109 - - [05/Mar/2013:11:58:28 +0100] "GET / HTTP/1.1" 200 6430 "-" "Mozilla/5.0 (compatible; bingbot/2.0; +http://www.bing.com/bingbot.htm)"
66.249.78.76 - - [05/Mar/2013:12:33:54 +0100] "GET /img/1.DeutscheGeruestbaumesse-5.jpg HTTP/1.1" 304 - "-" "Googlebot-Image/1.0"
66.249.78.76 - - [05/Mar/2013:12:50:16 +0100] "GET /download/Newsletter_Groeger_2012-06.pdf HTTP/1.1" 304 - "-" "Mozilla/5.0 (iPhone; U; CPU iPhone OS 4_1 like Mac OS X; en-us) AppleWebKit/532.9 (KHTML, like Gecko) Version/4.0.5 Mobile/8B117 Safari/6531.22.7 (compatible; Googlebot-Mobile/2.1; +http://www.google.com/bot.html)"
157.55.32.95 - - [05/Mar/2013:18:40:36 +0100] "GET /robots.txt HTTP/1.1" 404 - "-" "Mozilla/5.0 (compatible; bingbot/2.0; +http://www.bing.com/bingbot.htm)"
157.55.32.95 - - [05/Mar/2013:18:43:07 +0100] "GET /unternehmen.php HTTP/1.1" 200 6859 "-" "Mozilla/5.0 (compatible; bingbot/2.0; +http://www.bing.com/bingbot.htm)"
157.55.32.95 - - [05/Mar/2013:18:43:18 +0100] "GET /jquery-1.4.3.min.js HTTP/1.1" 200 77746 "-" "Mozilla/5.0 (compatible; bingbot/2.0; +http://www.bing.com/bingbot.htm)"
173.199.118.35 - - [05/Mar/2013:20:50:28 +0100] "GET /robots.txt HTTP/1.1" 404 - "-" "Mozilla/5.0 (compatible; AhrefsBot/4.0; +http://ahrefs.com/robot/)"
199.30.16.34 - - [05/Mar/2013:22:02:36 +0100] "GET /robots.txt HTTP/1.1" 404 - "-" "msnbot-media/1.1 (+http://search.msn.com/msnbot.htm)"
199.30.16.34 - - [05/Mar/2013:22:02:36 +0100] "GET /img/logo_groeger.gif HTTP/1.1" 200 3605 "-" "msnbot-media/1.1 (+http://search.msn.com/msnbot.htm)"
66.249.76.76 - - [05/Mar/2013:22:34:18 +0100] "GET /robots.txt HTTP/1.1" 404 - "-" "Mozilla/5.0 (compatible; Googlebot/2.1; +http://www.google.com/bot.html)"
66.249.76.76 - - [05/Mar/2013:22:34:18 +0100] "GET /leistungen.php HTTP/1.1" 200 7141 "-" "DoCoMo/2.0 N905i(c100;TB;W24H16) (compatible; Googlebot-Mobile/2.1; +http://www.google.com/bot.html)"
66.249.76.76 - - [05/Mar/2013:22:46:35 +0100] "GET /download/Newsletter-Groeger-Dachdecker-2011-04.pdf HTTP/1.1" 200 248596 "-" "Mozilla/5.0 (iPhone; U; CPU iPhone OS 4_1 like Mac OS X; en-us) AppleWebKit/532.9 (KHTML, like Gecko) Version/4.0.5 Mobile/8B117 Safari/6531.22.7 (compatible; Googlebot-Mobile/2.1; +http://www.google.com/bot.html)"
157.55.33.109 - - [06/Mar/2013:00:11:15 +0100] "GET /robots.txt HTTP/1.1" 404 - "-" "Mozilla/5.0 (compatible; bingbot/2.0; +http://www.bing.com/bingbot.htm)"
157.55.33.109 - - [06/Mar/2013:00:13:33 +0100] "GET / HTTP/1.1" 200 6430 "-" "Mozilla/5.0 (compatible; bingbot/2.0; +http://www.bing.com/bingbot.htm)"
66.249.76.76 - - [06/Mar/2013:01:55:32 +0100] "GET /download/Groeger-Newsletter-Dachdecker11.pdf HTTP/1.1" 200 357192 "-" "SAMSUNG-SGH-E250/1.0 Profile/MIDP-2.0 Configuration/CLDC-1.1 UP.Browser/6.2.3.3.c.1.101 (GUI) MMP/2.0 (compatible; Googlebot-Mobile/2.1; +http://www.google.com/bot.html)"
65.55.215.58 - - [06/Mar/2013:02:05:32 +0100] "GET /robots.txt HTTP/1.1" 404 - "-" "msnbot-media/1.1 (+http://search.msn.com/msnbot.htm)"
65.55.215.58 - - [06/Mar/2013:02:05:32 +0100] "GET /img/leist_geda_02.jpg HTTP/1.1" 200 9528 "-" "msnbot-media/1.1 (+http://search.msn.com/msnbot.htm)"
66.249.76.76 - - [06/Mar/2013:02:14:32 +0100] "GET / HTTP/1.1" 200 6430 "-" "Mozilla/5.0 (compatible; Googlebot/2.1; +http://www.google.com/bot.html)"
5.9.112.66 - - [06/Mar/2013:02:32:32 +0100] "GET /robots.txt HTTP/1.1" 404 - "-" "Mozilla/5.0 (compatible; SISTRIX Crawler; http://crawler.sistrix.net/)"
5.9.112.66 - - [06/Mar/2013:02:32:32 +0100] "GET / HTTP/1.1" 200 6430 "-" "Mozilla/5.0 (compatible; SISTRIX Crawler; http://crawler.sistrix.net/)"
5.9.112.66 - - [06/Mar/2013:02:32:32 +0100] "GET /unternehmen.php HTTP/1.1" 200 6859 "-" "Mozilla/5.0 (compatible; SISTRIX Crawler; http://crawler.sistrix.net/)"
5.9.112.66 - - [06/Mar/2013:02:32:32 +0100] "GET /leistungen.php HTTP/1.1" 200 7141 "-" "Mozilla/5.0 (compatible; SISTRIX Crawler; http://crawler.sistrix.net/)"
5.9.112.66 - - [06/Mar/2013:02:32:32 +0100] "GET /angebote.php HTTP/1.1" 200 8615 "-" "Mozilla/5.0 (compatible; SISTRIX Crawler; http://crawler.sistrix.net/)"
5.9.112.66 - - [06/Mar/2013:02:32:32 +0100] "GET /aktuelles.php HTTP/1.1" 200 9609 "-" "Mozilla/5.0 (compatible; SISTRIX Crawler; http://crawler.sistrix.net/)"
5.9.112.66 - - [06/Mar/2013:02:32:32 +0100] "GET /impressum.php HTTP/1.1" 200 7582 "-" "Mozilla/5.0 (compatible; SISTRIX Crawler; http://crawler.sistrix.net/)"
5.9.112.66 - - [06/Mar/2013:02:32:33 +0100] "GET /verkauf.php HTTP/1.1" 200 6239 "-" "Mozilla/5.0 (compatible; SISTRIX Crawler; http://crawler.sistrix.net/)"
5.9.112.66 - - [06/Mar/2013:02:32:33 +0100] "GET /gebrauchtmaschinen.php HTTP/1.1" 200 5814 "-" "Mozilla/5.0 (compatible; SISTRIX Crawler; http://crawler.sistrix.net/)"
5.9.112.66 - - [06/Mar/2013:02:32:33 +0100] "GET /index.php HTTP/1.1" 200 6430 "-" "Mozilla/5.0 (compatible; SISTRIX Crawler; http://crawler.sistrix.net/)"
5.9.112.66 - - [06/Mar/2013:02:32:33 +0100] "GET /kontakt.php HTTP/1.1" 200 6666 "-" "Mozilla/5.0 (compatible; SISTRIX Crawler; http://crawler.sistrix.net/)"
5.9.112.66 - - [06/Mar/2013:02:32:33 +0100] "GET /vermietung.php HTTP/1.1" 200 6318 "-" "Mozilla/5.0 (compatible; SISTRIX Crawler; http://crawler.sistrix.net/)"
66.249.76.76 - - [06/Mar/2013:04:18:31 +0100] "GET /download/Groeger-Newsletter-Dachdecker11.pdf HTTP/1.1" 200 357192 "-" "DoCoMo/2.0 N905i(c100;TB;W24H16) (compatible; Googlebot-Mobile/2.1; +http://www.google.com/bot.html)"
95.222.242.65 - - [06/Mar/2013:05:25:32 +0100] "GET / HTTP/1.1" 200 6430 "-" "Java/1.4.1_04"
95.222.242.65 - - [06/Mar/2013:05:25:32 +0100] "GET /index.php HTTP/1.1" 200 6430 "-" "Java/1.4.1_04"
95.222.242.65 - - [06/Mar/2013:05:25:32 +0100] "GET /jquery-1.4.3.min.js HTTP/1.1" 200 77746 "-" "Java/1.4.1_04"
95.222.242.65 - - [06/Mar/2013:05:25:32 +0100] "GET /jquery.cross-slide.js HTTP/1.1" 200 11724 "-" "Java/1.4.1_04"
95.222.242.65 - - [06/Mar/2013:05:25:33 +0100] "GET /swfobject.js HTTP/1.1" 200 6880 "-" "Java/1.4.1_04"
95.222.242.65 - - [06/Mar/2013:05:25:33 +0100] "GET /verkauf.php HTTP/1.1" 200 6239 "-" "Java/1.4.1_04"
95.222.242.65 - - [06/Mar/2013:05:25:33 +0100] "GET /vermietung.php HTTP/1.1" 200 6318 "-" "Java/1.4.1_04"
95.222.242.65 - - [06/Mar/2013:05:25:33 +0100] "GET /)h.html(f?c( HTTP/1.1" 404 - "-" "Java/1.4.1_04"
95.222.242.65 - - [06/Mar/2013:05:25:33 +0100] "GET /]};O.optgroup=O.option;O.tbody=O.tfoot=O.colgroup=O.caption=O.thead;O.th=O.td;if(!c.support.htmlSerialize)O._default=[1, HTTP/1.1" 404 - "-" "Java/1.4.1_04"
95.222.242.65 - - [06/Mar/2013:05:25:33 +0100] "GET /./aktuelles.php HTTP/1.1" 200 9609 "-" "Java/1.4.1_04"
95.222.242.65 - - [06/Mar/2013:05:25:33 +0100] "GET /./angebote.php HTTP/1.1" 200 8615 "-" "Java/1.4.1_04"
95.222.242.65 - - [06/Mar/2013:05:25:33 +0100] "GET /./gebrauchtmaschinen.php HTTP/1.1" 200 5814 "-" "Java/1.4.1_04"
95.222.242.65 - - [06/Mar/2013:05:25:33 +0100] "GET /./impressum.php HTTP/1.1" 200 7582 "-" "Java/1.4.1_04"
95.222.242.65 - - [06/Mar/2013:05:25:34 +0100] "GET /./index.php HTTP/1.1" 200 6430 "-" "Java/1.4.1_04"
95.222.242.65 - - [06/Mar/2013:05:25:34 +0100] "GET /./kontakt.php HTTP/1.1" 200 6666 "-" "Java/1.4.1_04"
95.222.242.65 - - [06/Mar/2013:05:25:34 +0100] "GET /./leistungen.php HTTP/1.1" 200 7141 "-" "Java/1.4.1_04"
95.222.242.65 - - [06/Mar/2013:05:25:34 +0100] "GET /./unternehmen.php HTTP/1.1" 200 6859 "-" "Java/1.4.1_04"
95.222.242.65 - - [06/Mar/2013:05:25:34 +0100] "GET /./verkauf.php HTTP/1.1" 200 6239 "-" "Java/1.4.1_04"
95.222.242.65 - - [06/Mar/2013:05:25:34 +0100] "GET /./vermietung.php HTTP/1.1" 200 6318 "-" "Java/1.4.1_04"
95.222.242.65 - - [06/Mar/2013:05:25:34 +0100] "GET /{0} HTTP/1.1" 404 - "-" "Java/1.4.1_04"
95.222.242.65 - - [06/Mar/2013:05:25:34 +0100] "GET /{1} HTTP/1.1" 404 - "-" "Java/1.4.1_04"
95.222.242.65 - - [06/Mar/2013:05:25:34 +0100] "GET /./jquery-1.4.3.min.js HTTP/1.1" 200 77746 "-" "Java/1.4.1_04"
95.222.242.65 - - [06/Mar/2013:05:25:35 +0100] "GET /./jquery.cross-slide.js HTTP/1.1" 200 11724 "-" "Java/1.4.1_04"
95.222.242.65 - - [06/Mar/2013:05:25:36 +0100] "GET /./swfobject.js HTTP/1.1" 200 6880 "-" "Java/1.4.1_04"
95.222.242.65 - - [06/Mar/2013:05:25:36 +0100] "GET /./)h.html(f?c( HTTP/1.1" 404 - "-" "Java/1.4.1_04"
95.222.242.65 - - [06/Mar/2013:05:25:36 +0100] "GET /./]};O.optgroup=O.option;O.tbody=O.tfoot=O.colgroup=O.caption=O.thead;O.th=O.td;if(!c.support.htmlSerialize)O._default=[1, HTTP/1.1" 404 - "-" "Java/1.4.1_04"
95.222.242.65 - - [06/Mar/2013:05:25:36 +0100] "GET /./fancybox/jquery.fancybox-1.3.4.pack.js HTTP/1.1" 200 15624 "-" "Java/1.4.1_04"
95.222.242.65 - - [06/Mar/2013:05:25:36 +0100] "GET /./img/pfeil.png HTTP/1.1" 200 840 "-" "Java/1.4.1_04"
95.222.242.65 - - [06/Mar/2013:05:25:36 +0100] "GET /././aktuelles.php HTTP/1.1" 200 9609 "-" "Java/1.4.1_04"
