88.77.252.123 - - [28/Mar/2013:06:45:22 +0100] "GET /././vermietung.php HTTP/1.1" 200 6318 "-" "Java/1.6.0_06"
88.77.252.123 - - [28/Mar/2013:06:45:22 +0100] "GET /./{0} HTTP/1.1" 404 - "-" "Java/1.6.0_06"
88.77.252.123 - - [28/Mar/2013:06:45:22 +0100] "GET /./{1} HTTP/1.1" 404 - "-" "Java/1.6.0_06"
88.77.252.123 - - [28/Mar/2013:06:45:22 +0100] "GET /./fancybox/'+d.href+' HTTP/1.1" 404 - "-" "Java/1.6.0_06"
88.77.252.123 - - [28/Mar/2013:06:45:23 +0100] "GET /./fancybox/)x=w}m.html(x);F()}}}));break;case HTTP/1.1" 404 - "-" "Java/1.6.0_06"
66.249.76.88 - - [28/Mar/2013:07:20:09 +0100] "GET /robots.txt HTTP/1.1" 404 - "-" "Mozilla/5.0 (compatible; Googlebot/2.1; +http://www.google.com/bot.html)"
66.249.76.88 - - [28/Mar/2013:07:20:10 +0100] "GET /aktuelles.php HTTP/1.1" 200 9609 "-" "Mozilla/5.0 (compatible; Googlebot/2.1; +http://www.google.com/bot.html)"
66.249.76.88 - - [28/Mar/2013:07:33:29 +0100] "GET /css/groeger.css HTTP/1.1" 200 5198 "-" "Mozilla/5.0 (compatible; Googlebot/2.1; +http://www.google.com/bot.html)"
66.249.76.88 - - [28/Mar/2013:07:33:30 +0100] "GET /fancybox/jquery.fancybox-1.3.4.css HTTP/1.1" 200 8494 "-" "Mozilla/5.0 (compatible; Googlebot/2.1; +http://www.google.com/bot.html)"
157.56.93.96 - - [28/Mar/2013:09:40:29 +0100] "GET /robots.txt HTTP/1.1" 404 - "-" "Mozilla/5.0 (compatible; bingbot/2.0; +http://www.bing.com/bingbot.htm)"
157.56.93.96 - - [28/Mar/2013:09:42:50 +0100] "GET /aktuelles.php HTTP/1.1" 200 9609 "-" "Mozilla/5.0 (compatible; bingbot/2.0; +http://www.bing.com/bingbot.htm)"
66.249.76.88 - - [28/Mar/2013:10:02:52 +0100] "GET /download/Lift_D.pdf HTTP/1.1" 304 - "-" "Mozilla/5.0 (compatible; Googlebot/2.1; +http://www.google.com/bot.html)"
91.23.47.206 - - [28/Mar/2013:10:17:32 +0100] "GET /aktuelles.php HTTP/1.1" 200 9609 "http://www.google.de/url?sa=t&rct=j&q=gr%C3%B6ger+berlin&source=web&cd=7&ved=0CGoQFjAG&url=http%3A%2F%2Fwww.groeger-bauaufzuege.de%2Faktuelles.php&ei=fQpUUe-TH82OswaD7ICYCw&usg=AFQjCNHlvFLzeqm4Pmv-H7G-HyIEz_ciLw" "Mozilla/5.0 (Windows NT 6.1; rv:19.0) Gecko/20100101 Firefox/19.0"
91.23.47.206 - - [28/Mar/2013:10:17:32 +0100] "GET /css/groeger.css HTTP/1.1" 200 5198 "http://www.groeger-bauaufzuege.de/aktuelles.php" "Mozilla/5.0 (Windows NT 6.1; rv:19.0) Gecko/20100101 Firefox/19.0"
91.23.47.206 - - [28/Mar/2013:10:17:32 +0100] "GET /swfobject.js HTTP/1.1" 200 6880 "http://www.groeger-bauaufzuege.de/aktuelles.php" "Mozilla/5.0 (Windows NT 6.1; rv:19.0) Gecko/20100101 Firefox/19.0"
91.23.47.206 - - [28/Mar/2013:10:17:32 +0100] "GET /jquery.cross-slide.js HTTP/1.1" 200 11724 "http://www.groeger-bauaufzuege.de/aktuelles.php" "Mozilla/5.0 (Windows NT 6.1; rv:19.0) Gecko/20100101 Firefox/19.0"
91.23.47.206 - - [28/Mar/2013:10:17:32 +0100] "GET /fancybox/jquery.fancybox-1.3.4.pack.js HTTP/1.1" 200 15624 "http://www.groeger-bauaufzuege.de/aktuelles.php" "Mozilla/5.0 (Windows NT 6.1; rv:19.0) Gecko/20100101 Firefox/19.0"
91.23.47.206 - - [28/Mar/2013:10:17:32 +0100] "GET /fancybox/jquery.fancybox-1.3.4.css HTTP/1.1" 200 8494 "http://www.groeger-bauaufzuege.de/aktuelles.php" "Mozilla/5.0 (Windows NT 6.1; rv:19.0) Gecko/20100101 Firefox/19.0"
91.23.47.206 - - [28/Mar/2013:10:17:32 +0100] "GET /img/logo_groeger.gif HTTP/1.1" 200 3605 "http://www.groeger-bauaufzuege.de/aktuelles.php" "Mozilla/5.0 (Windows NT 6.1; rv:19.0) Gecko/20100101 Firefox/19.0"
91.23.47.206 - - [28/Mar/2013:10:17:32 +0100] "GET /img/favicon.gif HTTP/1.1" 200 119 "-" "Mozilla/5.0 (Windows NT 6.1; rv:19.0) Gecko/20100101 Firefox/19.0"
91.23.47.206 - - [28/Mar/2013:10:17:32 +0100] "GET /img/bild_1.jpg HTTP/1.1" 200 44440 "http://www.groeger-bauaufzuege.de/aktuelles.php" "Mozilla/5.0 (Windows NT 6.1; rv:19.0) Gecko/20100101 Firefox/19.0"
91.23.47.206 - - [28/Mar/2013:10:17:32 +0100] "GET /jquery-1.4.3.min.js HTTP/1.1" 200 77746 "http://www.groeger-bauaufzuege.de/aktuelles.php" "Mozilla/5.0 (Windows NT 6.1; rv:19.0) Gecko/20100101 Firefox/19.0"
91.23.47.206 - - [28/Mar/2013:10:17:35 +0100] "GET /img/grauverlauf.png HTTP/1.1" 200 3242 "http://www.groeger-bauaufzuege.de/css/groeger.css" "Mozilla/5.0 (Windows NT 6.1; rv:19.0) Gecko/20100101 Firefox/19.0"
91.23.47.206 - - [28/Mar/2013:10:17:35 +0100] "GET /img/bild_3.jpg HTTP/1.1" 200 57915 "http://www.groeger-bauaufzuege.de/aktuelles.php" "Mozilla/5.0 (Windows NT 6.1; rv:19.0) Gecko/20100101 Firefox/19.0"
91.23.47.206 - - [28/Mar/2013:10:17:35 +0100] "GET /img/bild_2.jpg HTTP/1.1" 200 53191 "http://www.groeger-bauaufzuege.de/aktuelles.php" "Mozilla/5.0 (Windows NT 6.1; rv:19.0) Gecko/20100101 Firefox/19.0"
91.23.47.206 - - [28/Mar/2013:10:17:35 +0100] "GET /img/bild_4.jpg HTTP/1.1" 200 45325 "http://www.groeger-bauaufzuege.de/aktuelles.php" "Mozilla/5.0 (Windows NT 6.1; rv:19.0) Gecko/20100101 Firefox/19.0"
91.23.47.206 - - [28/Mar/2013:10:17:53 +0100] "GET /angebote.php HTTP/1.1" 200 8615 "http://www.groeger-bauaufzuege.de/aktuelles.php" "Mozilla/5.0 (Windows NT 6.1; rv:19.0) Gecko/20100101 Firefox/19.0"
91.23.47.206 - - [28/Mar/2013:10:17:54 +0100] "GET /img/aktionen/nl4-2012-09.jpg HTTP/1.1" 200 42401 "http://www.groeger-bauaufzuege.de/angebote.php" "Mozilla/5.0 (Windows NT 6.1; rv:19.0) Gecko/20100101 Firefox/19.0"
91.23.47.206 - - [28/Mar/2013:10:18:14 +0100] "GET /kontakt.php HTTP/1.1" 200 6666 "http://www.groeger-bauaufzuege.de/angebote.php" "Mozilla/5.0 (Windows NT 6.1; rv:19.0) Gecko/20100101 Firefox/19.0"
91.23.47.206 - - [28/Mar/2013:10:51:46 +0100] "GET /aktuelles.php HTTP/1.1" 200 9609 "http://www.groeger-bauaufzuege.de/kontakt.php" "Mozilla/5.0 (Windows NT 6.1; rv:19.0) Gecko/20100101 Firefox/19.0"
91.23.47.206 - - [28/Mar/2013:10:51:59 +0100] "GET /vermietung.php HTTP/1.1" 200 6318 "http://www.groeger-bauaufzuege.de/aktuelles.php" "Mozilla/5.0 (Windows NT 6.1; rv:19.0) Gecko/20100101 Firefox/19.0"
91.23.47.206 - - [28/Mar/2013:10:51:59 +0100] "GET /img/logo_geda.gif HTTP/1.1" 200 4337 "http://www.groeger-bauaufzuege.de/vermietung.php" "Mozilla/5.0 (Windows NT 6.1; rv:19.0) Gecko/20100101 Firefox/19.0"
91.23.47.206 - - [28/Mar/2013:10:51:59 +0100] "GET /img/logo_boecker.gif HTTP/1.1" 200 2974 "http://www.groeger-bauaufzuege.de/vermietung.php" "Mozilla/5.0 (Windows NT 6.1; rv:19.0) Gecko/20100101 Firefox/19.0"
91.23.47.206 - - [28/Mar/2013:10:51:59 +0100] "GET /img/logo_steinbach.jpg HTTP/1.1" 200 9601 "http://www.groeger-bauaufzuege.de/vermietung.php" "Mozilla/5.0 (Windows NT 6.1; rv:19.0) Gecko/20100101 Firefox/19.0"
91.23.47.206 - - [28/Mar/2013:10:52:10 +0100] "GET /gebrauchtmaschinen.php HTTP/1.1" 200 5814 "http://www.groeger-bauaufzuege.de/vermietung.php" "Mozilla/5.0 (Windows NT 6.1; rv:19.0) Gecko/20100101 Firefox/19.0"
91.23.47.206 - - [28/Mar/2013:10:52:15 +0100] "GET /unternehmen.php HTTP/1.1" 200 6859 "http://www.groeger-bauaufzuege.de/gebrauchtmaschinen.php" "Mozilla/5.0 (Windows NT 6.1; rv:19.0) Gecko/20100101 Firefox/19.0"
91.23.47.206 - - [28/Mar/2013:10:52:16 +0100] "GET /img/groeger_web.jpg HTTP/1.1" 200 10877 "http://www.groeger-bauaufzuege.de/css/groeger.css" "Mozilla/5.0 (Windows NT 6.1; rv:19.0) Gecko/20100101 Firefox/19.0"
91.23.47.206 - - [28/Mar/2013:10:52:33 +0100] "GET /verkauf.php HTTP/1.1" 200 6239 "http://www.groeger-bauaufzuege.de/unternehmen.php" "Mozilla/5.0 (Windows NT 6.1; rv:19.0) Gecko/20100101 Firefox/19.0"
91.23.47.206 - - [28/Mar/2013:10:52:37 +0100] "GET /angebote.php HTTP/1.1" 200 8615 "http://www.groeger-bauaufzuege.de/verkauf.php" "Mozilla/5.0 (Windows NT 6.1; rv:19.0) Gecko/20100101 Firefox/19.0"
85.186.103.66 - - [28/Mar/2013:10:56:35 +0100] "GET / HTTP/1.1" 200 6430 "-" "Mozilla/5.0 (Windows; U; Windows NT 5.1; en-US; rv:1.8.1.1) Gecko/20061204 Firefox/2.0.0.1"
91.23.47.206 - - [28/Mar/2013:12:06:55 +0100] "GET /kontakt.php HTTP/1.1" 200 6666 "http://www.groeger-bauaufzuege.de/angebote.php" "Mozilla/5.0 (Windows NT 6.1; rv:19.0) Gecko/20100101 Firefox/19.0"
91.65.191.186 - - [28/Mar/2013:12:25:19 +0100] "GET / HTTP/1.1" 200 6430 "https://www.google.de/" "Mozilla/5.0 (Macintosh; Intel Mac OS X 10_8_2) AppleWebKit/537.22 (KHTML, like Gecko) Chrome/25.0.1364.172 Safari/537.22"
91.65.191.186 - - [28/Mar/2013:12:25:19 +0100] "GET /css/groeger.css HTTP/1.1" 200 5198 "http://www.groeger-bauaufzuege.de/" "Mozilla/5.0 (Macintosh; Intel Mac OS X 10_8_2) AppleWebKit/537.22 (KHTML, like Gecko) Chrome/25.0.1364.172 Safari/537.22"
91.65.191.186 - - [28/Mar/2013:12:25:19 +0100] "GET /swfobject.js HTTP/1.1" 200 6880 "http://www.groeger-bauaufzuege.de/" "Mozilla/5.0 (Macintosh; Intel Mac OS X 10_8_2) AppleWebKit/537.22 (KHTML, like Gecko) Chrome/25.0.1364.172 Safari/537.22"
91.65.191.186 - - [28/Mar/2013:12:25:19 +0100] "GET /jquery.cross-slide.js HTTP/1.1" 200 11724 "http://www.groeger-bauaufzuege.de/" "Mozilla/5.0 (Macintosh; Intel Mac OS X 10_8_2) AppleWebKit/537.22 (KHTML, like Gecko) Chrome/25.0.1364.172 Safari/537.22"
91.65.191.186 - - [28/Mar/2013:12:25:19 +0100] "GET /fancybox/jquery.fancybox-1.3.4.pack.js HTTP/1.1" 200 15624 "http://www.groeger-bauaufzuege.de/" "Mozilla/5.0 (Macintosh; Intel Mac OS X 10_8_2) AppleWebKit/537.22 (KHTML, like Gecko) Chrome/25.0.1364.172 Safari/537.22"
91.65.191.186 - - [28/Mar/2013:12:25:19 +0100] "GET /fancybox/jquery.fancybox-1.3.4.css HTTP/1.1" 200 8494 "http://www.groeger-bauaufzuege.de/" "Mozilla/5.0 (Macintosh; Intel Mac OS X 10_8_2) AppleWebKit/537.22 (KHTML, like Gecko) Chrome/25.0.1364.172 Safari/537.22"
91.65.191.186 - - [28/Mar/2013:12:25:19 +0100] "GET /jquery-1.4.3.min.js HTTP/1.1" 200 77746 "http://www.groeger-bauaufzuege.de/" "Mozilla/5.0 (Macintosh; Intel Mac OS X 10_8_2) AppleWebKit/537.22 (KHTML, like Gecko) Chrome/25.0.1364.172 Safari/537.22"
91.65.191.186 - - [28/Mar/2013:12:25:19 +0100] "GET /img/bild_1.jpg HTTP/1.1" 200 44440 "http://www.groeger-bauaufzuege.de/" "Mozilla/5.0 (Macintosh; Intel Mac OS X 10_8_2) AppleWebKit/537.22 (KHTML, like Gecko) Chrome/25.0.1364.172 Safari/537.22"
91.65.191.186 - - [28/Mar/2013:12:25:19 +0100] "GET /img/pfeil.png HTTP/1.1" 200 840 "http://www.groeger-bauaufzuege.de/" "Mozilla/5.0 (Macintosh; Intel Mac OS X 10_8_2) AppleWebKit/537.22 (KHTML, like Gecko) Chrome/25.0.1364.172 Safari/537.22"
91.65.191.186 - - [28/Mar/2013:12:25:19 +0100] "GET /img/logo_groeger.gif HTTP/1.1" 200 3605 "http://www.groeger-bauaufzuege.de/" "Mozilla/5.0 (Macintosh; Intel Mac OS X 10_8_2) AppleWebKit/537.22 (KHTML, like Gecko) Chrome/25.0.1364.172 Safari/537.22"
91.65.191.186 - - [28/Mar/2013:12:25:20 +0100] "GET /img/grauverlauf.png HTTP/1.1" 200 3242 "http://www.groeger-bauaufzuege.de/" "Mozilla/5.0 (Macintosh; Intel Mac OS X 10_8_2) AppleWebKit/537.22 (KHTML, like Gecko) Chrome/25.0.1364.172 Safari/537.22"
91.65.191.186 - - [28/Mar/2013:12:25:20 +0100] "GET /img/bild_4.jpg HTTP/1.1" 200 45325 "http://www.groeger-bauaufzuege.de/" "Mozilla/5.0 (Macintosh; Intel Mac OS X 10_8_2) AppleWebKit/537.22 (KHTML, like Gecko) Chrome/25.0.1364.172 Safari/537.22"
91.65.191.186 - - [28/Mar/2013:12:25:20 +0100] "GET /img/bild_2.jpg HTTP/1.1" 200 53191 "http://www.groeger-bauaufzuege.de/" "Mozilla/5.0 (Macintosh; Intel Mac OS X 10_8_2) AppleWebKit/537.22 (KHTML, like Gecko) Chrome/25.0.1364.172 Safari/537.22"
91.65.191.186 - - [28/Mar/2013:12:25:20 +0100] "GET /img/groeger_web.jpg HTTP/1.1" 200 10877 "http://www.groeger-bauaufzuege.de/" "Mozilla/5.0 (Macintosh; Intel Mac OS X 10_8_2) AppleWebKit/537.22 (KHTML, like Gecko) Chrome/25.0.1364.172 Safari/537.22"
91.65.191.186 - - [28/Mar/2013:12:25:20 +0100] "GET /img/bild_3.jpg HTTP/1.1" 200 57915 "http://www.groeger-bauaufzuege.de/" "Mozilla/5.0 (Macintosh; Intel Mac OS X 10_8_2) AppleWebKit/537.22 (KHTML, like Gecko) Chrome/25.0.1364.172 Safari/537.22"
91.65.191.186 - - [28/Mar/2013:12:25:20 +0100] "GET /img/favicon.gif HTTP/1.1" 200 119 "-" "Mozilla/5.0 (Macintosh; Intel Mac OS X 10_8_2) AppleWebKit/537.22 (KHTML, like Gecko) Chrome/25.0.1364.172 Safari/537.22"
65.55.215.76 - - [28/Mar/2013:12:56:05 +0100] "GET /robots.txt HTTP/1.1" 404 - "-" "msnbot-media/1.1 (+http://search.msn.com/msnbot.htm)"
65.55.215.76 - - [28/Mar/2013:12:56:05 +0100] "GET /img/logo_geda.gif HTTP/1.1" 200 4337 "-" "msnbot-media/1.1 (+http://search.msn.com/msnbot.htm)"
66.249.76.88 - - [28/Mar/2013:14:37:18 +0100] "GET /download/Newsletter_Groeger_11-06_Innung.pdf HTTP/1.1" 304 - "-" "SAMSUNG-SGH-E250/1.0 Profile/MIDP-2.0 Configuration/CLDC-1.1 UP.Browser/6.2.3.3.c.1.101 (GUI) MMP/2.0 (compatible; Googlebot-Mobile/2.1; +http://www.google.com/bot.html)"
217.230.113.92 - - [28/Mar/2013:14:42:57 +0100] "GET /download/boecker_auf_achse_2011.pdf HTTP/1.1" 200 1766601 "http://www.google.de/url?sa=t&rct=j&q=erfahrungen%20mit%20klaas%20anh%C3%A4ngerkran&source=web&cd=15&ved=0CE0QFjAEOAo&url=http%3A%2F%2Fwww.groeger-bauaufzuege.de%2Fdownload%2Fboecker_auf_achse_2011.pdf&ei=nEhUUff_CqO34AT56IDYBw&usg=AFQjCNF7LKLvP1ilr8YMjJMJpuo2OWd19A" "Mozilla/5.0 (Windows NT 6.1; WOW64) AppleWebKit/537.22 (KHTML, like Gecko) Chrome/25.0.1364.172 Safari/537.22"
217.230.113.92 - - [28/Mar/2013:14:42:58 +0100] "GET /download/boecker_auf_achse_2011.pdf HTTP/1.1" 206 32768 "http://www.groeger-bauaufzuege.de/download/boecker_auf_achse_2011.pdf" "Mozilla/5.0 (Windows NT 6.1; WOW64) AppleWebKit/537.22 (KHTML, like Gecko) Chrome/25.0.1364.172 Safari/537.22"
217.230.113.92 - - [28/Mar/2013:14:42:58 +0100] "GET /favicon.ico HTTP/1.1" 404 - "-" "Mozilla/5.0 (Windows NT 6.1; WOW64) AppleWebKit/537.22 (KHTML, like Gecko) Chrome/25.0.1364.172 Safari/537.22"
217.230.113.92 - - [28/Mar/2013:14:42:58 +0100] "GET /download/boecker_auf_achse_2011.pdf HTTP/1.1" 206 1733833 "http://www.groeger-bauaufzuege.de/download/boecker_auf_achse_2011.pdf" "Mozilla/5.0 (Windows NT 6.1; WOW64) AppleWebKit/537.22 (KHTML, like Gecko) Chrome/25.0.1364.172 Safari/537.22"
217.230.113.92 - - [28/Mar/2013:14:43:01 +0100] "GET /favicon.ico HTTP/1.1" 404 - "-" "Mozilla/5.0 (Windows NT 6.1; WOW64) AppleWebKit/537.22 (KHTML, like Gecko) Chrome/25.0.1364.172 Safari/537.22"
157.56.229.188 - - [28/Mar/2013:15:07:42 +0100] "GET /robots.txt HTTP/1.1" 404 - "-" "Mozilla/5.0 (compatible; bingbot/2.0; +http://www.bing.com/bingbot.htm)"
157.56.229.188 - - [28/Mar/2013:15:10:12 +0100] "GET /leistungen.php HTTP/1.1" 200 7141 "-" "Mozilla/5.0 (compatible; bingbot/2.0; +http://www.bing.com/bingbot.htm)"
157.55.32.152 - - [28/Mar/2013:15:27:08 +0100] "GET /impressum.php HTTP/1.1" 200 7582 "-" "Mozilla/5.0 (compatible; bingbot/2.0; +http://www.bing.com/bingbot.htm)"
157.55.32.152 - - [28/Mar/2013:15:27:08 +0100] "GET /kontakt.php HTTP/1.1" 200 6666 "-" "Mozilla/5.0 (compatible; bingbot/2.0; +http://www.bing.com/bingbot.htm)"
157.55.32.152 - - [28/Mar/2013:15:27:10 +0100] "GET /verkauf.php HTTP/1.1" 200 6239 "-" "Mozilla/5.0 (compatible; bingbot/2.0; +http://www.bing.com/bingbot.htm)"
157.55.32.152 - - [28/Mar/2013:15:27:10 +0100] "GET /angebote.php HTTP/1.1" 200 8615 "-" "Mozilla/5.0 (compatible; bingbot/2.0; +http://www.bing.com/bingbot.htm)"
157.55.32.152 - - [28/Mar/2013:15:27:11 +0100] "GET /gebrauchtmaschinen.php HTTP/1.1" 200 5814 "-" "Mozilla/5.0 (compatible; bingbot/2.0; +http://www.bing.com/bingbot.htm)"
157.56.93.224 - - [28/Mar/2013:15:31:39 +0100] "GET /download/boecker_auf_achse_2011.pdf HTTP/1.1" 200 1766601 "-" "Mozilla/5.0 (compatible; bingbot/2.0; +http://www.bing.com/bingbot.htm)"
66.249.76.88 - - [28/Mar/2013:15:38:16 +0100] "GET / HTTP/1.1" 200 6430 "-" "Mozilla/5.0 (iPhone; U; CPU iPhone OS 4_1 like Mac OS X; en-us) AppleWebKit/532.9 (KHTML, like Gecko) Version/4.0.5 Mobile/8B117 Safari/6531.22.7 (compatible; Googlebot-Mobile/2.1; +http://www.google.com/bot.html)"
157.55.32.106 - - [28/Mar/2013:15:40:39 +0100] "GET / HTTP/1.1" 200 6430 "-" "Mozilla/5.0 (compatible; bingbot/2.0; +http://www.bing.com/bingbot.htm)"
157.55.32.57 - - [28/Mar/2013:15:58:19 +0100] "GET /index.php HTTP/1.1" 200 6430 "-" "Mozilla/5.0 (compatible; bingbot/2.0; +http://www.bing.com/bingbot.htm)"
157.56.93.96 - - [28/Mar/2013:16:18:08 +0100] "GET /aktuelles.php HTTP/1.1" 200 9609 "-" "Mozilla/5.0 (compatible; bingbot/2.0; +http://www.bing.com/bingbot.htm)"
157.56.93.96 - - [28/Mar/2013:16:18:08 +0100] "GET /unternehmen.php HTTP/1.1" 200 6859 "-" "Mozilla/5.0 (compatible; bingbot/2.0; +http://www.bing.com/bingbot.htm)"
66.249.76.88 - - [28/Mar/2013:18:00:25 +0100] "GET /download/Newsletter-Groeger-Dachdecker-2011-04.pdf HTTP/1.1" 304 - "-" "DoCoMo/2.0 N905i(c100;TB;W24H16) (compatible; Googlebot-Mobile/2.1; +http://www.google.com/bot.html)"
157.55.32.106 - - [28/Mar/2013:18:50:54 +0100] "GET /robots.txt HTTP/1.1" 404 - "-" "Mozilla/5.0 (compatible; bingbot/2.0; +http://www.bing.com/bingbot.htm)"
157.55.32.106 - - [28/Mar/2013:18:53:41 +0100] "GET / HTTP/1.1" 200 6430 "-" "Mozilla/5.0 (compatible; bingbot/2.0; +http://www.bing.com/bingbot.htm)"
157.56.93.224 - - [28/Mar/2013:19:30:10 +0100] "GET /download/boecker_auf_achse_2011.pdf HTTP/1.1" 200 1766601 "-" "Mozilla/5.0 (compatible; bingbot/2.0; +http://www.bing.com/bingbot.htm)"
66.249.76.88 - - [28/Mar/2013:19:39:46 +0100] "GET /robots.txt HTTP/1.1" 404 - "-" "Mozilla/5.0 (compatible; Googlebot/2.1; +http://www.google.com/bot.html)"
66.249.76.88 - - [28/Mar/2013:19:39:46 +0100] "GET /kontakt.php HTTP/1.1" 200 6666 "-" "Mozilla/5.0 (compatible; Googlebot/2.1; +http://www.google.com/bot.html)"
66.249.76.88 - - [28/Mar/2013:20:08:39 +0100] "GET /download/Groeger-Newsletter-Dachdecker11.pdf HTTP/1.1" 304 - "-" "Mozilla/5.0 (compatible; Googlebot/2.1; +http://www.google.com/bot.html)"
178.33.122.74 - - [28/Mar/2013:20:49:57 +0100] "GET /verkauf.php HTTP/1.1" 200 6239 "-" "Mozilla/5.0 (X11; Linux i686; rv:6.0) Gecko/20100101 Firefox/6.0"
178.33.122.74 - - [28/Mar/2013:20:49:57 +0100] "GET /kontakt.php HTTP/1.1" 200 6666 "-" "Mozilla/5.0 (X11; Linux i686; rv:6.0) Gecko/20100101 Firefox/6.0"
178.33.122.74 - - [28/Mar/2013:20:49:57 +0100] "GET / HTTP/1.1" 200 6430 "-" "Mozilla/5.0 (X11; Linux i686; rv:6.0) Gecko/20100101 Firefox/6.0"
66.249.76.88 - - [28/Mar/2013:21:05:34 +0100] "GET /unternehmen.php HTTP/1.1" 200 6859 "-" "Mozilla/5.0 (compatible; Googlebot/2.1; +http://www.google.com/bot.html)"
157.56.93.224 - - [28/Mar/2013:22:08:15 +0100] "GET /robots.txt HTTP/1.1" 404 - "-" "Mozilla/5.0 (compatible; bingbot/2.0; +http://www.bing.com/bingbot.htm)"
157.56.93.224 - - [28/Mar/2013:22:10:13 +0100] "GET /vermietung.php HTTP/1.1" 200 6318 "-" "Mozilla/5.0 (compatible; bingbot/2.0; +http://www.bing.com/bingbot.htm)"
66.249.76.88 - - [28/Mar/2013:22:51:02 +0100] "GET /angebote.php HTTP/1.1" 200 8615 "-" "Mozilla/5.0 (compatible; Googlebot/2.1; +http://www.google.com/bot.html)"
66.249.76.88 - - [28/Mar/2013:23:29:24 +0100] "GET /download/Newsletter_Groeger_11-06_Innung.pdf HTTP/1.1" 304 - "-" "Mozilla/5.0 (compatible; Googlebot/2.1; +http://www.google.com/bot.html)"
66.249.76.88 - - [28/Mar/2013:23:39:11 +0100] "GET /leistungen.php HTTP/1.1" 200 7141 "-" "Mozilla/5.0 (compatible; Googlebot/2.1; +http://www.google.com/bot.html)"
66.249.76.88 - - [29/Mar/2013:00:46:24 +0100] "GET /download/boecker_auf_achse_2011.pdf HTTP/1.1" 304 - "-" "Mozilla/5.0 (compatible; Googlebot/2.1; +http://www.google.com/bot.html)"
157.55.32.106 - - [29/Mar/2013:04:08:27 +0100] "GET /robots.txt HTTP/1.1" 404 - "-" "Mozilla/5.0 (compatible; bingbot/2.0; +http://www.bing.com/bingbot.htm)"
157.55.32.106 - - [29/Mar/2013:04:10:18 +0100] "GET / HTTP/1.1" 200 6430 "-" "Mozilla/5.0 (compatible; bingbot/2.0; +http://www.bing.com/bingbot.htm)"
157.55.32.106 - - [29/Mar/2013:04:20:48 +0100] "GET / HTTP/1.1" 200 6430 "-" "Mozilla/5.0 (compatible; bingbot/2.0; +http://www.bing.com/bingbot.htm)"
66.249.76.88 - - [29/Mar/2013:06:05:48 +0100] "GET /download/Newsletter-Groeger-Dachdecker-2011-04.pdf HTTP/1.1" 304 - "-" "Mozilla/5.0 (iPhone; U; CPU iPhone OS 4_1 like Mac OS X; en-us) AppleWebKit/532.9 (KHTML, like Gecko) Version/4.0.5 Mobile/8B117 Safari/6531.22.7 (compatible; Googlebot-Mobile/2.1; +http://www.google.com/bot.html)"
178.33.122.74 - - [29/Mar/2013:06:44:34 +0100] "GET / HTTP/1.1" 200 6430 "-" "Mozilla/5.0 (X11; Linux i686; rv:6.0) Gecko/20100101 Firefox/6.0"
208.115.113.89 - - [29/Mar/2013:08:34:25 +0100] "GET /robots.txt HTTP/1.1" 404 - "-" "Mozilla/5.0 (compatible; Ezooms/1.0; ezooms.bot@gmail.com)"
66.249.76.88 - - [29/Mar/2013:08:44:25 +0100] "GET /robots.txt HTTP/1.1" 404 - "-" "Mozilla/5.0 (compatible; Googlebot/2.1; +http://www.google.com/bot.html)"
66.249.76.88 - - [29/Mar/2013:08:44:25 +0100] "GET / HTTP/1.1" 200 6430 "-" "DoCoMo/2.0 N905i(c100;TB;W24H16) (compatible; Googlebot-Mobile/2.1; +http://www.google.com/bot.html)"
213.146.240.67 - - [29/Mar/2013:09:00:28 +0100] "GET / HTTP/1.1" 200 6430 "http://www.google.de/url?sa=t&rct=j&q=groeger%20bauaufz%C3%BCge&source=web&cd=1&ved=0CDEQFjAA&url=http%3A%2F%2Fwww.groeger-bauaufzuege.de%2F&ei=3UlVUYTEGInb4QTojIDwCw&usg=AFQjCNFBXgtaJQ5GEULKJBrc_pmJTjvlmQ" "Mozilla/5.0 (compatible; MSIE 9.0; Windows NT 6.1; Trident/5.0; tb-webde/1.8.2)"
213.146.240.67 - - [29/Mar/2013:09:00:29 +0100] "GET /swfobject.js HTTP/1.1" 200 6880 "http://www.groeger-bauaufzuege.de/" "Mozilla/5.0 (compatible; MSIE 9.0; Windows NT 6.1; Trident/5.0; tb-webde/1.8.2)"
213.146.240.67 - - [29/Mar/2013:09:00:29 +0100] "GET /css/groeger.css HTTP/1.1" 200 5198 "http://www.groeger-bauaufzuege.de/" "Mozilla/5.0 (compatible; MSIE 9.0; Windows NT 6.1; Trident/5.0; tb-webde/1.8.2)"
213.146.240.67 - - [29/Mar/2013:09:00:29 +0100] "GET /jquery.cross-slide.js HTTP/1.1" 200 11724 "http://www.groeger-bauaufzuege.de/" "Mozilla/5.0 (compatible; MSIE 9.0; Windows NT 6.1; Trident/5.0; tb-webde/1.8.2)"
213.146.240.67 - - [29/Mar/2013:09:00:29 +0100] "GET /fancybox/jquery.fancybox-1.3.4.css HTTP/1.1" 200 8494 "http://www.groeger-bauaufzuege.de/" "Mozilla/5.0 (compatible; MSIE 9.0; Windows NT 6.1; Trident/5.0; tb-webde/1.8.2)"
213.146.240.67 - - [29/Mar/2013:09:00:29 +0100] "GET /img/bild_1.jpg HTTP/1.1" 200 44440 "http://www.groeger-bauaufzuege.de/" "Mozilla/5.0 (compatible; MSIE 9.0; Windows NT 6.1; Trident/5.0; tb-webde/1.8.2)"
213.146.240.67 - - [29/Mar/2013:09:00:29 +0100] "GET /jquery-1.4.3.min.js HTTP/1.1" 200 77746 "http://www.groeger-bauaufzuege.de/" "Mozilla/5.0 (compatible; MSIE 9.0; Windows NT 6.1; Trident/5.0; tb-webde/1.8.2)"
213.146.240.67 - - [29/Mar/2013:09:00:29 +0100] "GET /fancybox/jquery.fancybox-1.3.4.pack.js HTTP/1.1" 200 15624 "http://www.groeger-bauaufzuege.de/" "Mozilla/5.0 (compatible; MSIE 9.0; Windows NT 6.1; Trident/5.0; tb-webde/1.8.2)"
213.146.240.67 - - [29/Mar/2013:09:00:29 +0100] "GET /img/logo_groeger.gif HTTP/1.1" 200 3605 "http://www.groeger-bauaufzuege.de/" "Mozilla/5.0 (compatible; MSIE 9.0; Windows NT 6.1; Trident/5.0; tb-webde/1.8.2)"
213.146.240.67 - - [29/Mar/2013:09:00:30 +0100] "GET /img/pfeil.png HTTP/1.1" 200 840 "http://www.groeger-bauaufzuege.de/" "Mozilla/5.0 (compatible; MSIE 9.0; Windows NT 6.1; Trident/5.0; tb-webde/1.8.2)"
213.146.240.67 - - [29/Mar/2013:09:00:30 +0100] "GET /img/grauverlauf.png HTTP/1.1" 200 3242 "http://www.groeger-bauaufzuege.de/" "Mozilla/5.0 (compatible; MSIE 9.0; Windows NT 6.1; Trident/5.0; tb-webde/1.8.2)"
213.146.240.67 - - [29/Mar/2013:09:00:30 +0100] "GET /img/groeger_web.jpg HTTP/1.1" 200 10877 "http://www.groeger-bauaufzuege.de/" "Mozilla/5.0 (compatible; MSIE 9.0; Windows NT 6.1; Trident/5.0; tb-webde/1.8.2)"
213.146.240.67 - - [29/Mar/2013:09:00:30 +0100] "GET /img/bild_2.jpg HTTP/1.1" 200 53191 "http://www.groeger-bauaufzuege.de/" "Mozilla/5.0 (compatible; MSIE 9.0; Windows NT 6.1; Trident/5.0; tb-webde/1.8.2)"
213.146.240.67 - - [29/Mar/2013:09:00:30 +0100] "GET /img/bild_4.jpg HTTP/1.1" 200 45325 "http://www.groeger-bauaufzuege.de/" "Mozilla/5.0 (compatible; MSIE 9.0; Windows NT 6.1; Trident/5.0; tb-webde/1.8.2)"
213.146.240.67 - - [29/Mar/2013:09:00:30 +0100] "GET /img/bild_3.jpg HTTP/1.1" 200 57915 "http://www.groeger-bauaufzuege.de/" "Mozilla/5.0 (compatible; MSIE 9.0; Windows NT 6.1; Trident/5.0; tb-webde/1.8.2)"
213.146.240.67 - - [29/Mar/2013:09:00:31 +0100] "GET /fancybox/fancybox-y.png HTTP/1.1" 200 176 "http://www.groeger-bauaufzuege.de/" "Mozilla/5.0 (compatible; MSIE 9.0; Windows NT 6.1; Trident/5.0; tb-webde/1.8.2)"
213.146.240.67 - - [29/Mar/2013:09:00:31 +0100] "GET /fancybox/fancybox-x.png HTTP/1.1" 200 203 "http://www.groeger-bauaufzuege.de/" "Mozilla/5.0 (compatible; MSIE 9.0; Windows NT 6.1; Trident/5.0; tb-webde/1.8.2)"
213.146.240.67 - - [29/Mar/2013:09:00:31 +0100] "GET /fancybox/fancybox.png HTTP/1.1" 200 15287 "http://www.groeger-bauaufzuege.de/" "Mozilla/5.0 (compatible; MSIE 9.0; Windows NT 6.1; Trident/5.0; tb-webde/1.8.2)"
213.146.240.67 - - [29/Mar/2013:09:00:31 +0100] "GET /fancybox/blank.gif HTTP/1.1" 200 43 "http://www.groeger-bauaufzuege.de/" "Mozilla/5.0 (compatible; MSIE 9.0; Windows NT 6.1; Trident/5.0; tb-webde/1.8.2)"
213.146.240.67 - - [29/Mar/2013:09:00:31 +0100] "GET /img/favicon.gif HTTP/1.1" 200 119 "-" "Mozilla/5.0 (compatible; MSIE 9.0; Windows NT 6.1; Trident/5.0; tb-webde/1.8.2)"
213.146.240.67 - - [29/Mar/2013:09:00:49 +0100] "GET /index.php HTTP/1.1" 200 6430 "http://www.groeger-bauaufzuege.de/" "Mozilla/5.0 (compatible; MSIE 9.0; Windows NT 6.1; Trident/5.0; tb-webde/1.8.2)"
213.146.240.67 - - [29/Mar/2013:09:00:54 +0100] "GET /img/favicon.gif HTTP/1.1" 200 119 "-" "Mozilla/5.0 (compatible; MSIE 9.0; Windows NT 6.1; Trident/5.0; tb-webde/1.8.2)"
213.146.240.67 - - [29/Mar/2013:09:00:55 +0100] "GET /index.php HTTP/1.1" 200 6430 "http://www.groeger-bauaufzuege.de/index.php" "Mozilla/5.0 (compatible; MSIE 9.0; Windows NT 6.1; Trident/5.0; tb-webde/1.8.2)"
213.146.240.67 - - [29/Mar/2013:09:01:05 +0100] "GET /aktuelles.php HTTP/1.1" 200 9609 "http://www.groeger-bauaufzuege.de/index.php" "Mozilla/5.0 (compatible; MSIE 9.0; Windows NT 6.1; Trident/5.0; tb-webde/1.8.2)"
208.115.113.89 - - [29/Mar/2013:10:37:34 +0100] "GET /gebrauchtmaschinen.php HTTP/1.1" 200 5814 "-" "Mozilla/5.0 (compatible; Ezooms/1.0; ezooms.bot@gmail.com)"
81.209.177.168 - - [29/Mar/2013:10:59:39 +0100] "GET /robots.txt HTTP/1.1" 404 - "-" "iBusiness Shopcrawler"
81.209.177.168 - - [29/Mar/2013:10:59:39 +0100] "GET / HTTP/1.1" 200 6430 "-" "iBusiness Shopcrawler"
81.209.177.168 - - [29/Mar/2013:10:59:39 +0100] "GET /aktuelles.php HTTP/1.1" 200 9609 "-" "iBusiness Shopcrawler"
81.209.177.168 - - [29/Mar/2013:10:59:39 +0100] "GET /angebote.php HTTP/1.1" 200 8615 "-" "iBusiness Shopcrawler"
81.209.177.168 - - [29/Mar/2013:10:59:39 +0100] "GET /gebrauchtmaschinen.php HTTP/1.1" 200 5814 "-" "iBusiness Shopcrawler"
81.209.177.168 - - [29/Mar/2013:10:59:40 +0100] "GET /impressum.php HTTP/1.1" 200 7582 "-" "iBusiness Shopcrawler"
66.249.76.88 - - [29/Mar/2013:12:10:51 +0100] "GET /download/Newsletter-Groeger-Dachdecker-2011-04.pdf HTTP/1.1" 304 - "-" "Mozilla/5.0 (compatible; Googlebot/2.1; +http://www.google.com/bot.html)"
66.249.76.88 - - [29/Mar/2013:12:15:59 +0100] "GET /img/Geda_500_ZZP_im_Einsatz.jpg HTTP/1.1" 200 53268 "-" "Googlebot-Image/1.0"
66.249.76.88 - - [29/Mar/2013:12:29:25 +0100] "GET /download/Newsletter-Groeger-Dachdecker-2011-04.pdf HTTP/1.1" 304 - "-" "SAMSUNG-SGH-E250/1.0 Profile/MIDP-2.0 Configuration/CLDC-1.1 UP.Browser/6.2.3.3.c.1.101 (GUI) MMP/2.0 (compatible; Googlebot-Mobile/2.1; +http://www.google.com/bot.html)"
66.249.76.88 - - [29/Mar/2013:12:56:56 +0100] "GET /verkauf.php HTTP/1.1" 200 6239 "-" "Mozilla/5.0 (compatible; Googlebot/2.1; +http://www.google.com/bot.html)"
199.30.16.21 - - [29/Mar/2013:13:32:57 +0100] "GET /robots.txt HTTP/1.1" 404 - "-" "msnbot-media/1.1 (+http://search.msn.com/msnbot.htm)"
199.30.16.21 - - [29/Mar/2013:13:32:58 +0100] "GET /img/logo_boecker.gif HTTP/1.1" 200 2974 "-" "msnbot-media/1.1 (+http://search.msn.com/msnbot.htm)"
66.249.76.88 - - [29/Mar/2013:14:19:30 +0100] "GET /download/Newsletter_Groeger_2012-06.pdf HTTP/1.1" 304 - "-" "Mozilla/5.0 (iPhone; U; CPU iPhone OS 4_1 like Mac OS X; en-us) AppleWebKit/532.9 (KHTML, like Gecko) Version/4.0.5 Mobile/8B117 Safari/6531.22.7 (compatible; Googlebot-Mobile/2.1; +http://www.google.com/bot.html)"
208.115.111.73 - - [29/Mar/2013:14:41:24 +0100] "GET /robots.txt HTTP/1.1" 404 - "-" "Mozilla/5.0 (compatible; Ezooms/1.0; ezooms.bot@gmail.com)"
157.55.32.152 - - [29/Mar/2013:15:14:18 +0100] "GET /robots.txt HTTP/1.1" 404 - "-" "Mozilla/5.0 (compatible; bingbot/2.0; +http://www.bing.com/bingbot.htm)"
157.55.32.152 - - [29/Mar/2013:15:15:53 +0100] "GET /download/Lift_D.pdf HTTP/1.1" 200 1178879 "-" "Mozilla/5.0 (compatible; bingbot/2.0; +http://www.bing.com/bingbot.htm)"
208.115.111.73 - - [29/Mar/2013:16:33:30 +0100] "GET /leistungen.php HTTP/1.1" 200 7141 "-" "Mozilla/5.0 (compatible; Ezooms/1.0; ezooms.bot@gmail.com)"
66.249.75.88 - - [29/Mar/2013:18:32:15 +0100] "GET /robots.txt HTTP/1.1" 404 - "-" "Mozilla/5.0 (compatible; Googlebot/2.1; +http://www.google.com/bot.html)"
66.249.75.88 - - [29/Mar/2013:18:32:16 +0100] "GET /download/Newsletter_Groeger_11-06_Innung.pdf HTTP/1.1" 304 - "-" "DoCoMo/2.0 N905i(c100;TB;W24H16) (compatible; Googlebot-Mobile/2.1; +http://www.google.com/bot.html)"
157.55.32.106 - - [29/Mar/2013:18:46:41 +0100] "GET /robots.txt HTTP/1.1" 404 - "-" "Mozilla/5.0 (compatible; bingbot/2.0; +http://www.bing.com/bingbot.htm)"
157.55.32.106 - - [29/Mar/2013:18:48:26 +0100] "GET / HTTP/1.1" 200 6430 "-" "Mozilla/5.0 (compatible; bingbot/2.0; +http://www.bing.com/bingbot.htm)"
82.59.35.203 - - [29/Mar/2013:19:36:04 +0100] "GET / HTTP/1.1" 200 6430 "-" "Java/1.6.0_32"
82.59.35.203 - - [29/Mar/2013:19:37:05 +0100] "GET /jquery.cross-slide.js HTTP/1.1" 200 11724 "-" "Java/1.6.0_32"
82.59.35.203 - - [29/Mar/2013:19:36:27 +0100] "GET /jquery-1.4.3.min.js HTTP/1.1" 200 77746 "-" "Java/1.6.0_32"
82.59.35.203 - - [29/Mar/2013:19:37:48 +0100] "GET /swfobject.js HTTP/1.1" 200 6880 "-" "Java/1.6.0_32"
82.59.35.203 - - [29/Mar/2013:19:37:56 +0100] "GET /./fancybox/jquery.fancybox-1.3.4.pack.js HTTP/1.1" 200 15624 "-" "Java/1.6.0_32"
82.59.35.203 - - [29/Mar/2013:19:38:11 +0100] "GET /./fancybox/)x=w}m.html(x);F()}}}));break;case HTTP/1.1" 404 - "-" "Java/1.6.0_32"
82.59.35.203 - - [29/Mar/2013:19:38:13 +0100] "GET /./fancybox/:m.html(e.content);F();break;case HTTP/1.1" 404 - "-" "Java/1.6.0_32"
82.59.35.203 - - [29/Mar/2013:19:38:15 +0100] "GET /./fancybox/;m.html( HTTP/1.1" 404 - "-" "Java/1.6.0_32"
82.59.35.203 - - [29/Mar/2013:19:38:21 +0100] "GET /./fancybox/;m.html(C);F();break;case HTTP/1.1" 404 - "-" "Java/1.6.0_32"
82.59.35.203 - - [29/Mar/2013:19:38:23 +0100] "GET /./fancybox/'+c+' HTTP/1.1" 404 - "-" "Java/1.6.0_32"
157.55.32.152 - - [29/Mar/2013:22:22:52 +0100] "GET /robots.txt HTTP/1.1" 404 - "-" "Mozilla/5.0 (compatible; bingbot/2.0; +http://www.bing.com/bingbot.htm)"
157.55.32.152 - - [29/Mar/2013:22:24:30 +0100] "GET /verkauf.php HTTP/1.1" 200 6239 "-" "Mozilla/5.0 (compatible; bingbot/2.0; +http://www.bing.com/bingbot.htm)"
157.55.32.152 - - [29/Mar/2013:22:24:58 +0100] "GET /css/groeger.css HTTP/1.1" 200 5198 "-" "Mozilla/5.0 (compatible; bingbot/2.0; +http://www.bing.com/bingbot.htm)"
157.55.32.152 - - [29/Mar/2013:22:24:58 +0100] "GET /swfobject.js HTTP/1.1" 200 6880 "-" "Mozilla/5.0 (compatible; bingbot/2.0; +http://www.bing.com/bingbot.htm)"
157.55.32.152 - - [29/Mar/2013:22:24:59 +0100] "GET /fancybox/jquery.fancybox-1.3.4.pack.js HTTP/1.1" 200 15624 "-" "Mozilla/5.0 (compatible; bingbot/2.0; +http://www.bing.com/bingbot.htm)"
66.249.75.88 - - [30/Mar/2013:01:21:03 +0100] "GET /css/groeger.css HTTP/1.1" 200 5198 "-" "Mozilla/5.0 (compatible; Googlebot/2.1; +http://www.google.com/bot.html)"
66.249.75.88 - - [30/Mar/2013:01:21:04 +0100] "GET /fancybox/jquery.fancybox-1.3.4.css HTTP/1.1" 200 8494 "-" "Mozilla/5.0 (compatible; Googlebot/2.1; +http://www.google.com/bot.html)"
66.249.75.88 - - [30/Mar/2013:01:21:04 +0100] "GET /img/pfeil.png HTTP/1.1" 200 840 "-" "Mozilla/5.0 (compatible; Googlebot/2.1; +http://www.google.com/bot.html)"
66.249.75.88 - - [30/Mar/2013:01:37:04 +0100] "GET / HTTP/1.1" 200 6430 "-" "Mozilla/5.0 (compatible; Googlebot/2.1; +http://www.google.com/bot.html)"
157.55.32.106 - - [30/Mar/2013:03:41:57 +0100] "GET /robots.txt HTTP/1.1" 404 - "-" "Mozilla/5.0 (compatible; bingbot/2.0; +http://www.bing.com/bingbot.htm)"
157.55.32.106 - - [30/Mar/2013:03:43:33 +0100] "GET / HTTP/1.1" 200 6430 "-" "Mozilla/5.0 (compatible; bingbot/2.0; +http://www.bing.com/bingbot.htm)"
178.33.122.74 - - [30/Mar/2013:04:25:51 +0100] "GET /unternehmen.php HTTP/1.1" 200 6859 "-" "Mozilla/5.0 (X11; Linux i686; rv:6.0) Gecko/20100101 Firefox/6.0"
157.55.32.106 - - [30/Mar/2013:06:23:02 +0100] "GET /robots.txt HTTP/1.1" 404 - "-" "Mozilla/5.0 (compatible; bingbot/2.0; +http://www.bing.com/bingbot.htm)"
157.55.32.106 - - [30/Mar/2013:06:25:35 +0100] "GET /javascript; HTTP/1.1" 404 - "-" "Mozilla/5.0 (compatible; bingbot/2.0; +http://www.bing.com/bingbot.htm)"
208.115.111.73 - - [30/Mar/2013:06:37:59 +0100] "GET /robots.txt HTTP/1.1" 404 - "-" "Mozilla/5.0 (compatible; Ezooms/1.0; ezooms.bot@gmail.com)"
208.115.111.73 - - [30/Mar/2013:08:23:22 +0100] "GET /verkauf.php HTTP/1.1" 200 6239 "-" "Mozilla/5.0 (compatible; Ezooms/1.0; ezooms.bot@gmail.com)"
83.133.125.202 - - [30/Mar/2013:08:51:57 +0100] "GET / HTTP/1.1" 200 6430 "http://www.sumaja.de/?such_wert=groeger" "Mozilla/5.0 (Macintosh; U; Intel Mac OS X 10.6; de-DE; rv:1.9.2.8) Gecko/20100722 Firefox/3.6.8"
92.225.28.205 - - [30/Mar/2013:12:03:59 +0100] "GET / HTTP/1.1" 200 6430 "http://www.google.de/url?sa=t&rct=j&q=&esrc=s&source=web&cd=1&ved=0CEUQFjAA&url=http%3A%2F%2Fwww.groeger-bauaufzuege.de%2F&ei=U8ZWUefALcvLtAbevoGIDA&usg=AFQjCNFBXgtaJQ5GEULKJBrc_pmJTjvlmQ&bvm=bv.44442042,d.Yms" "Mozilla/5.0 (Windows NT 6.2; WOW64; rv:19.0) Gecko/20100101 Firefox/19.0"
92.225.28.205 - - [30/Mar/2013:12:03:59 +0100] "GET /css/groeger.css HTTP/1.1" 200 5198 "http://www.groeger-bauaufzuege.de/" "Mozilla/5.0 (Windows NT 6.2; WOW64; rv:19.0) Gecko/20100101 Firefox/19.0"
92.225.28.205 - - [30/Mar/2013:12:03:59 +0100] "GET /swfobject.js HTTP/1.1" 200 6880 "http://www.groeger-bauaufzuege.de/" "Mozilla/5.0 (Windows NT 6.2; WOW64; rv:19.0) Gecko/20100101 Firefox/19.0"
92.225.28.205 - - [30/Mar/2013:12:03:59 +0100] "GET /jquery.cross-slide.js HTTP/1.1" 200 11724 "http://www.groeger-bauaufzuege.de/" "Mozilla/5.0 (Windows NT 6.2; WOW64; rv:19.0) Gecko/20100101 Firefox/19.0"
92.225.28.205 - - [30/Mar/2013:12:03:59 +0100] "GET /fancybox/jquery.fancybox-1.3.4.pack.js HTTP/1.1" 200 15624 "http://www.groeger-bauaufzuege.de/" "Mozilla/5.0 (Windows NT 6.2; WOW64; rv:19.0) Gecko/20100101 Firefox/19.0"
92.225.28.205 - - [30/Mar/2013:12:03:59 +0100] "GET /fancybox/jquery.fancybox-1.3.4.css HTTP/1.1" 200 8494 "http://www.groeger-bauaufzuege.de/" "Mozilla/5.0 (Windows NT 6.2; WOW64; rv:19.0) Gecko/20100101 Firefox/19.0"
92.225.28.205 - - [30/Mar/2013:12:03:59 +0100] "GET /img/favicon.gif HTTP/1.1" 200 119 "-" "Mozilla/5.0 (Windows NT 6.2; WOW64; rv:19.0) Gecko/20100101 Firefox/19.0"
92.225.28.205 - - [30/Mar/2013:12:04:00 +0100] "GET /img/logo_groeger.gif HTTP/1.1" 200 3605 "http://www.groeger-bauaufzuege.de/" "Mozilla/5.0 (Windows NT 6.2; WOW64; rv:19.0) Gecko/20100101 Firefox/19.0"
92.225.28.205 - - [30/Mar/2013:12:04:00 +0100] "GET /img/pfeil.png HTTP/1.1" 200 840 "http://www.groeger-bauaufzuege.de/" "Mozilla/5.0 (Windows NT 6.2; WOW64; rv:19.0) Gecko/20100101 Firefox/19.0"
92.225.28.205 - - [30/Mar/2013:12:04:00 +0100] "GET /img/bild_1.jpg HTTP/1.1" 200 44440 "http://www.groeger-bauaufzuege.de/" "Mozilla/5.0 (Windows NT 6.2; WOW64; rv:19.0) Gecko/20100101 Firefox/19.0"
92.225.28.205 - - [30/Mar/2013:12:03:59 +0100] "GET /jquery-1.4.3.min.js HTTP/1.1" 200 77746 "http://www.groeger-bauaufzuege.de/" "Mozilla/5.0 (Windows NT 6.2; WOW64; rv:19.0) Gecko/20100101 Firefox/19.0"
92.225.28.205 - - [30/Mar/2013:12:04:00 +0100] "GET /img/grauverlauf.png HTTP/1.1" 200 3242 "http://www.groeger-bauaufzuege.de/css/groeger.css" "Mozilla/5.0 (Windows NT 6.2; WOW64; rv:19.0) Gecko/20100101 Firefox/19.0"
92.225.28.205 - - [30/Mar/2013:12:04:00 +0100] "GET /img/groeger_web.jpg HTTP/1.1" 200 10877 "http://www.groeger-bauaufzuege.de/css/groeger.css" "Mozilla/5.0 (Windows NT 6.2; WOW64; rv:19.0) Gecko/20100101 Firefox/19.0"
92.225.28.205 - - [30/Mar/2013:12:04:00 +0100] "GET /img/bild_4.jpg HTTP/1.1" 200 45325 "http://www.groeger-bauaufzuege.de/" "Mozilla/5.0 (Windows NT 6.2; WOW64; rv:19.0) Gecko/20100101 Firefox/19.0"
92.225.28.205 - - [30/Mar/2013:12:04:00 +0100] "GET /img/bild_2.jpg HTTP/1.1" 200 53191 "http://www.groeger-bauaufzuege.de/" "Mozilla/5.0 (Windows NT 6.2; WOW64; rv:19.0) Gecko/20100101 Firefox/19.0"
92.225.28.205 - - [30/Mar/2013:12:04:00 +0100] "GET /img/bild_3.jpg HTTP/1.1" 200 57915 "http://www.groeger-bauaufzuege.de/" "Mozilla/5.0 (Windows NT 6.2; WOW64; rv:19.0) Gecko/20100101 Firefox/19.0"
92.225.28.205 - - [30/Mar/2013:12:04:07 +0100] "GET /vermietung.php HTTP/1.1" 200 6318 "http://www.groeger-bauaufzuege.de/" "Mozilla/5.0 (Windows NT 6.2; WOW64; rv:19.0) Gecko/20100101 Firefox/19.0"
92.225.28.205 - - [30/Mar/2013:12:04:07 +0100] "GET /img/logo_boecker.gif HTTP/1.1" 200 2974 "http://www.groeger-bauaufzuege.de/vermietung.php" "Mozilla/5.0 (Windows NT 6.2; WOW64; rv:19.0) Gecko/20100101 Firefox/19.0"
92.225.28.205 - - [30/Mar/2013:12:04:07 +0100] "GET /img/logo_geda.gif HTTP/1.1" 200 4337 "http://www.groeger-bauaufzuege.de/vermietung.php" "Mozilla/5.0 (Windows NT 6.2; WOW64; rv:19.0) Gecko/20100101 Firefox/19.0"
92.225.28.205 - - [30/Mar/2013:12:04:07 +0100] "GET /img/logo_steinbach.jpg HTTP/1.1" 200 9601 "http://www.groeger-bauaufzuege.de/vermietung.php" "Mozilla/5.0 (Windows NT 6.2; WOW64; rv:19.0) Gecko/20100101 Firefox/19.0"
92.225.28.205 - - [30/Mar/2013:12:04:16 +0100] "GET /vermietung.php HTTP/1.1" 200 6318 "http://www.groeger-bauaufzuege.de/vermietung.php" "Mozilla/5.0 (Windows NT 6.2; WOW64; rv:19.0) Gecko/20100101 Firefox/19.0"
92.225.28.205 - - [30/Mar/2013:12:04:31 +0100] "GET /leistungen.php HTTP/1.1" 200 7141 "http://www.groeger-bauaufzuege.de/vermietung.php" "Mozilla/5.0 (Windows NT 6.2; WOW64; rv:19.0) Gecko/20100101 Firefox/19.0"
92.225.28.205 - - [30/Mar/2013:12:04:32 +0100] "GET /img/leist_geda_02.jpg HTTP/1.1" 200 9528 "http://www.groeger-bauaufzuege.de/leistungen.php" "Mozilla/5.0 (Windows NT 6.2; WOW64; rv:19.0) Gecko/20100101 Firefox/19.0"
157.55.32.106 - - [30/Mar/2013:13:41:46 +0100] "GET /robots.txt HTTP/1.1" 404 - "-" "Mozilla/5.0 (compatible; bingbot/2.0; +http://www.bing.com/bingbot.htm)"
157.55.32.106 - - [30/Mar/2013:13:43:40 +0100] "GET / HTTP/1.1" 200 6430 "-" "Mozilla/5.0 (compatible; bingbot/2.0; +http://www.bing.com/bingbot.htm)"
66.249.76.88 - - [30/Mar/2013:15:32:46 +0100] "GET /robots.txt HTTP/1.1" 404 - "-" "Mozilla/5.0 (compatible; Googlebot/2.1; +http://www.google.com/bot.html)"
66.249.76.88 - - [30/Mar/2013:15:32:46 +0100] "GET /impressum.php HTTP/1.1" 200 7582 "-" "SAMSUNG-SGH-E250/1.0 Profile/MIDP-2.0 Configuration/CLDC-1.1 UP.Browser/6.2.3.3.c.1.101 (GUI) MMP/2.0 (compatible; Googlebot-Mobile/2.1; +http://www.google.com/bot.html)"
46.105.114.127 - - [30/Mar/2013:15:34:27 +0100] "GET / HTTP/1.1" 200 6430 "-" "Mozilla/5.0 (X11; Linux i686; rv:6.0) Gecko/20100101 Firefox/6.0"
66.249.76.88 - - [30/Mar/2013:17:16:31 +0100] "GET / HTTP/1.1" 200 6430 "-" "Mozilla/5.0 (iPhone; U; CPU iPhone OS 4_1 like Mac OS X; en-us) AppleWebKit/532.9 (KHTML, like Gecko) Version/4.0.5 Mobile/8B117 Safari/6531.22.7 (compatible; Googlebot-Mobile/2.1; +http://www.google.com/bot.html)"
91.58.120.199 - - [30/Mar/2013:18:59:44 +0100] "GET / HTTP/1.1" 200 6430 "http://www.google.de/url?sa=t&rct=j&q=&esrc=s&frm=1&source=web&cd=3&sqi=2&ved=0CEgQFjAC&url=http%3A%2F%2Fwww.groeger-bauaufzuege.de%2F&ei=uSdXUYbRCdDMtAbmx4HoAw&usg=AFQjCNFBXgtaJQ5GEULKJBrc_pmJTjvlmQ&sig2=wD0FV0tW3PxoRdjkHyMSJQ" "Mozilla/5.0 (compatible; MSIE 9.0; Windows NT 6.1; Trident/5.0)"
91.58.120.199 - - [30/Mar/2013:18:59:45 +0100] "GET /css/groeger.css HTTP/1.1" 200 5198 "http://www.groeger-bauaufzuege.de/" "Mozilla/5.0 (compatible; MSIE 9.0; Windows NT 6.1; Trident/5.0)"
91.58.120.199 - - [30/Mar/2013:18:59:45 +0100] "GET /img/logo_groeger.gif HTTP/1.1" 200 3605 "http://www.groeger-bauaufzuege.de/" "Mozilla/5.0 (compatible; MSIE 9.0; Windows NT 6.1; Trident/5.0)"
91.58.120.199 - - [30/Mar/2013:18:59:45 +0100] "GET /jquery.cross-slide.js HTTP/1.1" 200 11724 "http://www.groeger-bauaufzuege.de/" "Mozilla/5.0 (compatible; MSIE 9.0; Windows NT 6.1; Trident/5.0)"
91.58.120.199 - - [30/Mar/2013:18:59:45 +0100] "GET /swfobject.js HTTP/1.1" 200 6880 "http://www.groeger-bauaufzuege.de/" "Mozilla/5.0 (compatible; MSIE 9.0; Windows NT 6.1; Trident/5.0)"
91.58.120.199 - - [30/Mar/2013:18:59:45 +0100] "GET /fancybox/jquery.fancybox-1.3.4.css HTTP/1.1" 200 8494 "http://www.groeger-bauaufzuege.de/" "Mozilla/5.0 (compatible; MSIE 9.0; Windows NT 6.1; Trident/5.0)"
91.58.120.199 - - [30/Mar/2013:18:59:45 +0100] "GET /fancybox/jquery.fancybox-1.3.4.pack.js HTTP/1.1" 200 15624 "http://www.groeger-bauaufzuege.de/" "Mozilla/5.0 (compatible; MSIE 9.0; Windows NT 6.1; Trident/5.0)"
91.58.120.199 - - [30/Mar/2013:18:59:45 +0100] "GET /img/pfeil.png HTTP/1.1" 200 840 "http://www.groeger-bauaufzuege.de/" "Mozilla/5.0 (compatible; MSIE 9.0; Windows NT 6.1; Trident/5.0)"
91.58.120.199 - - [30/Mar/2013:18:59:45 +0100] "GET /img/bild_1.jpg HTTP/1.1" 200 44440 "http://www.groeger-bauaufzuege.de/" "Mozilla/5.0 (compatible; MSIE 9.0; Windows NT 6.1; Trident/5.0)"
91.58.120.199 - - [30/Mar/2013:18:59:45 +0100] "GET /jquery-1.4.3.min.js HTTP/1.1" 200 77746 "http://www.groeger-bauaufzuege.de/" "Mozilla/5.0 (compatible; MSIE 9.0; Windows NT 6.1; Trident/5.0)"
91.58.120.199 - - [30/Mar/2013:18:59:45 +0100] "GET /img/grauverlauf.png HTTP/1.1" 200 3242 "http://www.groeger-bauaufzuege.de/" "Mozilla/5.0 (compatible; MSIE 9.0; Windows NT 6.1; Trident/5.0)"
91.58.120.199 - - [30/Mar/2013:18:59:45 +0100] "GET /img/groeger_web.jpg HTTP/1.1" 200 10877 "http://www.groeger-bauaufzuege.de/" "Mozilla/5.0 (compatible; MSIE 9.0; Windows NT 6.1; Trident/5.0)"
91.58.120.199 - - [30/Mar/2013:18:59:45 +0100] "GET /img/bild_3.jpg HTTP/1.1" 200 57915 "http://www.groeger-bauaufzuege.de/" "Mozilla/5.0 (compatible; MSIE 9.0; Windows NT 6.1; Trident/5.0)"
91.58.120.199 - - [30/Mar/2013:18:59:45 +0100] "GET /img/bild_4.jpg HTTP/1.1" 200 45325 "http://www.groeger-bauaufzuege.de/" "Mozilla/5.0 (compatible; MSIE 9.0; Windows NT 6.1; Trident/5.0)"
91.58.120.199 - - [30/Mar/2013:18:59:45 +0100] "GET /fancybox/fancybox-y.png HTTP/1.1" 200 176 "http://www.groeger-bauaufzuege.de/" "Mozilla/5.0 (compatible; MSIE 9.0; Windows NT 6.1; Trident/5.0)"
91.58.120.199 - - [30/Mar/2013:18:59:45 +0100] "GET /fancybox/blank.gif HTTP/1.1" 200 43 "http://www.groeger-bauaufzuege.de/" "Mozilla/5.0 (compatible; MSIE 9.0; Windows NT 6.1; Trident/5.0)"
91.58.120.199 - - [30/Mar/2013:18:59:45 +0100] "GET /fancybox/fancybox-x.png HTTP/1.1" 200 203 "http://www.groeger-bauaufzuege.de/" "Mozilla/5.0 (compatible; MSIE 9.0; Windows NT 6.1; Trident/5.0)"
91.58.120.199 - - [30/Mar/2013:18:59:45 +0100] "GET /fancybox/fancybox.png HTTP/1.1" 200 15287 "http://www.groeger-bauaufzuege.de/" "Mozilla/5.0 (compatible; MSIE 9.0; Windows NT 6.1; Trident/5.0)"
91.58.120.199 - - [30/Mar/2013:18:59:45 +0100] "GET /img/favicon.gif HTTP/1.1" 200 119 "-" "Mozilla/5.0 (compatible; MSIE 9.0; Windows NT 6.1; Trident/5.0)"
91.58.120.199 - - [30/Mar/2013:18:59:45 +0100] "GET /img/bild_2.jpg HTTP/1.1" 200 53191 "http://www.groeger-bauaufzuege.de/" "Mozilla/5.0 (compatible; MSIE 9.0; Windows NT 6.1; Trident/5.0)"
91.58.120.199 - - [30/Mar/2013:19:00:00 +0100] "GET /vermietung.php HTTP/1.1" 200 6318 "http://www.groeger-bauaufzuege.de/" "Mozilla/5.0 (compatible; MSIE 9.0; Windows NT 6.1; Trident/5.0)"
91.58.120.199 - - [30/Mar/2013:19:00:01 +0100] "GET /img/logo_geda.gif HTTP/1.1" 200 4337 "http://www.groeger-bauaufzuege.de/vermietung.php" "Mozilla/5.0 (compatible; MSIE 9.0; Windows NT 6.1; Trident/5.0)"
91.58.120.199 - - [30/Mar/2013:19:00:01 +0100] "GET /img/logo_boecker.gif HTTP/1.1" 200 2974 "http://www.groeger-bauaufzuege.de/vermietung.php" "Mozilla/5.0 (compatible; MSIE 9.0; Windows NT 6.1; Trident/5.0)"
91.58.120.199 - - [30/Mar/2013:19:00:01 +0100] "GET /img/logo_steinbach.jpg HTTP/1.1" 200 9601 "http://www.groeger-bauaufzuege.de/vermietung.php" "Mozilla/5.0 (compatible; MSIE 9.0; Windows NT 6.1; Trident/5.0)"
91.58.120.199 - - [30/Mar/2013:19:00:01 +0100] "GET /img/favicon.gif HTTP/1.1" 200 119 "-" "Mozilla/5.0 (compatible; MSIE 9.0; Windows NT 6.1; Trident/5.0)"
66.249.76.88 - - [30/Mar/2013:19:03:12 +0100] "GET /unternehmen.php HTTP/1.1" 200 6859 "-" "DoCoMo/2.0 N905i(c100;TB;W24H16) (compatible; Googlebot-Mobile/2.1; +http://www.google.com/bot.html)"
178.255.215.70 - - [30/Mar/2013:20:43:49 +0100] "GET /robots.txt HTTP/1.1" 404 - "-" "Mozilla/5.0 (compatible; Exabot/3.0; +http://www.exabot.com/go/robot)"
178.255.215.70 - - [30/Mar/2013:20:43:49 +0100] "GET / HTTP/1.1" 200 6430 "-" "Mozilla/5.0 (compatible; Exabot/3.0; +http://www.exabot.com/go/robot)"
157.55.32.106 - - [31/Mar/2013:01:38:39 +0100] "GET /robots.txt HTTP/1.1" 404 - "-" "Mozilla/5.0 (compatible; bingbot/2.0; +http://www.bing.com/bingbot.htm)"
157.55.32.106 - - [31/Mar/2013:01:40:17 +0100] "GET / HTTP/1.1" 200 6430 "-" "Mozilla/5.0 (compatible; bingbot/2.0; +http://www.bing.com/bingbot.htm)"
157.55.32.106 - - [31/Mar/2013:05:19:26 +0200] "GET /robots.txt HTTP/1.1" 404 - "-" "Mozilla/5.0 (compatible; bingbot/2.0; +http://www.bing.com/bingbot.htm)"
157.55.32.106 - - [31/Mar/2013:05:21:20 +0200] "GET / HTTP/1.1" 200 6430 "-" "Mozilla/5.0 (compatible; bingbot/2.0; +http://www.bing.com/bingbot.htm)"
139.18.2.209 - - [31/Mar/2013:08:41:52 +0200] "GET /robots.txt HTTP/1.1" 404 - "-" "findlinks/2.6 (+http://wortschatz.uni-leipzig.de/findlinks/)"
37.247.88.248 - - [31/Mar/2013:13:30:54 +0200] "GET /leistungen.php HTTP/1.1" 200 7141 "http://www.google.de/url?sa=t&rct=j&q=baulift%20t%C3%BCf&source=web&cd=3&sqi=2&ved=0CEMQFjAC&url=http%3A%2F%2Fwww.groeger-bauaufzuege.de%2Fleistungen.php&ei=zh1YUfygC4TUPPrygNAE&usg=AFQjCNE2dDyc-sYyvCgBIIGkeF6NZXuZRw" "Mozilla/5.0 (Windows NT 5.1; rv:19.0) Gecko/20100101 Firefox/19.0"
37.247.88.248 - - [31/Mar/2013:13:30:54 +0200] "GET /favicon.ico HTTP/1.1" 404 - "http://www.groeger-bauaufzuege.de/leistungen.php" "Mozilla/5.0 (Windows NT 5.1; rv:19.0) Gecko/20100101 Firefox/19.0"
37.247.88.248 - - [31/Mar/2013:13:30:54 +0200] "GET /img/favicon.gif HTTP/1.1" 200 119 "http://www.groeger-bauaufzuege.de/leistungen.php" "Mozilla/5.0 (Windows NT 5.1; rv:19.0) Gecko/20100101 Firefox/19.0"
37.247.88.248 - - [31/Mar/2013:13:30:54 +0200] "GET /img/leist_geda_02.jpg HTTP/1.1" 200 9528 "http://www.groeger-bauaufzuege.de/leistungen.php" "Mozilla/5.0 (Windows NT 5.1; rv:19.0) Gecko/20100101 Firefox/19.0"
37.247.88.248 - - [31/Mar/2013:13:30:54 +0200] "GET /img/logo_groeger.gif HTTP/1.1" 200 3605 "http://www.groeger-bauaufzuege.de/leistungen.php" "Mozilla/5.0 (Windows NT 5.1; rv:19.0) Gecko/20100101 Firefox/19.0"
37.247.88.248 - - [31/Mar/2013:13:30:54 +0200] "GET /img/bild_1.jpg HTTP/1.1" 200 44440 "http://www.groeger-bauaufzuege.de/leistungen.php" "Mozilla/5.0 (Windows NT 5.1; rv:19.0) Gecko/20100101 Firefox/19.0"
37.247.88.248 - - [31/Mar/2013:13:30:56 +0200] "GET /css/groeger.css HTTP/1.1" 200 5198 "http://www.groeger-bauaufzuege.de/leistungen.php" "Mozilla/5.0 (Windows NT 5.1; rv:19.0) Gecko/20100101 Firefox/19.0"
37.247.88.248 - - [31/Mar/2013:13:30:57 +0200] "GET /fancybox/jquery.fancybox-1.3.4.pack.js HTTP/1.1" 200 15624 "http://www.groeger-bauaufzuege.de/leistungen.php" "Mozilla/5.0 (Windows NT 5.1; rv:19.0) Gecko/20100101 Firefox/19.0"
37.247.88.248 - - [31/Mar/2013:13:30:57 +0200] "GET /jquery.cross-slide.js HTTP/1.1" 200 11724 "http://www.groeger-bauaufzuege.de/leistungen.php" "Mozilla/5.0 (Windows NT 5.1; rv:19.0) Gecko/20100101 Firefox/19.0"
37.247.88.248 - - [31/Mar/2013:13:30:57 +0200] "GET /swfobject.js HTTP/1.1" 200 6880 "http://www.groeger-bauaufzuege.de/leistungen.php" "Mozilla/5.0 (Windows NT 5.1; rv:19.0) Gecko/20100101 Firefox/19.0"
37.247.88.248 - - [31/Mar/2013:13:30:57 +0200] "GET /fancybox/jquery.fancybox-1.3.4.css HTTP/1.1" 200 8494 "http://www.groeger-bauaufzuege.de/leistungen.php" "Mozilla/5.0 (Windows NT 5.1; rv:19.0) Gecko/20100101 Firefox/19.0"
37.247.88.248 - - [31/Mar/2013:13:30:57 +0200] "GET /jquery-1.4.3.min.js HTTP/1.1" 200 77746 "http://www.groeger-bauaufzuege.de/leistungen.php" "Mozilla/5.0 (Windows NT 5.1; rv:19.0) Gecko/20100101 Firefox/19.0"
37.247.88.248 - - [31/Mar/2013:13:30:59 +0200] "GET /img/grauverlauf.png HTTP/1.1" 200 3242 "http://www.groeger-bauaufzuege.de/css/groeger.css" "Mozilla/5.0 (Windows NT 5.1; rv:19.0) Gecko/20100101 Firefox/19.0"
37.247.88.248 - - [31/Mar/2013:13:30:59 +0200] "GET /img/bild_2.jpg HTTP/1.1" 200 53191 "http://www.groeger-bauaufzuege.de/leistungen.php" "Mozilla/5.0 (Windows NT 5.1; rv:19.0) Gecko/20100101 Firefox/19.0"
37.247.88.248 - - [31/Mar/2013:13:30:59 +0200] "GET /img/bild_3.jpg HTTP/1.1" 200 57915 "http://www.groeger-bauaufzuege.de/leistungen.php" "Mozilla/5.0 (Windows NT 5.1; rv:19.0) Gecko/20100101 Firefox/19.0"
37.247.88.248 - - [31/Mar/2013:13:30:59 +0200] "GET /img/bild_4.jpg HTTP/1.1" 200 45325 "http://www.groeger-bauaufzuege.de/leistungen.php" "Mozilla/5.0 (Windows NT 5.1; rv:19.0) Gecko/20100101 Firefox/19.0"
66.249.76.88 - - [31/Mar/2013:14:13:36 +0200] "GET /robots.txt HTTP/1.1" 404 - "-" "Mozilla/5.0 (compatible; Googlebot/2.1; +http://www.google.com/bot.html)"
66.249.76.88 - - [31/Mar/2013:14:13:37 +0200] "GET /download/Newsletter_Groeger_2012-06.pdf HTTP/1.1" 304 - "-" "SAMSUNG-SGH-E250/1.0 Profile/MIDP-2.0 Configuration/CLDC-1.1 UP.Browser/6.2.3.3.c.1.101 (GUI) MMP/2.0 (compatible; Googlebot-Mobile/2.1; +http://www.google.com/bot.html)"
37.140.141.34 - - [31/Mar/2013:14:19:29 +0200] "GET /robots.txt HTTP/1.1" 404 - "-" "Mozilla/5.0 (compatible; YandexImages/3.0; +http://yandex.com/bots)"
