80.187.110.200 - - [15/Mar/2013:11:12:37 +0100] "GET /img/bild_1.jpg HTTP/1.1" 200 44440 "http://www.groeger-bauaufzuege.de/" "Mozilla/5.0 (iPhone; CPU iPhone OS 6_1 like Mac OS X) AppleWebKit/536.26 (KHTML, like Gecko) Version/6.0 Mobile/10B144 Safari/8536.25"
80.187.110.200 - - [15/Mar/2013:11:12:37 +0100] "GET /swfobject.js HTTP/1.1" 200 6880 "http://www.groeger-bauaufzuege.de/" "Mozilla/5.0 (iPhone; CPU iPhone OS 6_1 like Mac OS X) AppleWebKit/536.26 (KHTML, like Gecko) Version/6.0 Mobile/10B144 Safari/8536.25"
80.187.110.200 - - [15/Mar/2013:11:12:37 +0100] "GET /jquery.cross-slide.js HTTP/1.1" 200 11724 "http://www.groeger-bauaufzuege.de/" "Mozilla/5.0 (iPhone; CPU iPhone OS 6_1 like Mac OS X) AppleWebKit/536.26 (KHTML, like Gecko) Version/6.0 Mobile/10B144 Safari/8536.25"
80.187.110.200 - - [15/Mar/2013:11:12:37 +0100] "GET /jquery-1.4.3.min.js HTTP/1.1" 200 77746 "http://www.groeger-bauaufzuege.de/" "Mozilla/5.0 (iPhone; CPU iPhone OS 6_1 like Mac OS X) AppleWebKit/536.26 (KHTML, like Gecko) Version/6.0 Mobile/10B144 Safari/8536.25"
80.187.110.200 - - [15/Mar/2013:11:12:37 +0100] "GET /fancybox/jquery.fancybox-1.3.4.pack.js HTTP/1.1" 200 15624 "http://www.groeger-bauaufzuege.de/" "Mozilla/5.0 (iPhone; CPU iPhone OS 6_1 like Mac OS X) AppleWebKit/536.26 (KHTML, like Gecko) Version/6.0 Mobile/10B144 Safari/8536.25"
80.187.110.200 - - [15/Mar/2013:11:12:38 +0100] "GET /img/grauverlauf.png HTTP/1.1" 200 3242 "http://www.groeger-bauaufzuege.de/" "Mozilla/5.0 (iPhone; CPU iPhone OS 6_1 like Mac OS X) AppleWebKit/536.26 (KHTML, like Gecko) Version/6.0 Mobile/10B144 Safari/8536.25"
80.187.110.200 - - [15/Mar/2013:11:12:38 +0100] "GET /img/groeger_web.jpg HTTP/1.1" 200 10877 "http://www.groeger-bauaufzuege.de/" "Mozilla/5.0 (iPhone; CPU iPhone OS 6_1 like Mac OS X) AppleWebKit/536.26 (KHTML, like Gecko) Version/6.0 Mobile/10B144 Safari/8536.25"
80.187.110.200 - - [15/Mar/2013:11:12:38 +0100] "GET /img/bild_1.jpg HTTP/1.1" 200 44440 "http://www.groeger-bauaufzuege.de/" "Mozilla/5.0 (iPhone; CPU iPhone OS 6_1 like Mac OS X) AppleWebKit/536.26 (KHTML, like Gecko) Version/6.0 Mobile/10B144 Safari/8536.25"
80.187.110.200 - - [15/Mar/2013:11:12:38 +0100] "GET /img/bild_2.jpg HTTP/1.1" 200 53191 "http://www.groeger-bauaufzuege.de/" "Mozilla/5.0 (iPhone; CPU iPhone OS 6_1 like Mac OS X) AppleWebKit/536.26 (KHTML, like Gecko) Version/6.0 Mobile/10B144 Safari/8536.25"
80.187.110.200 - - [15/Mar/2013:11:12:38 +0100] "GET /img/bild_4.jpg HTTP/1.1" 200 45325 "http://www.groeger-bauaufzuege.de/" "Mozilla/5.0 (iPhone; CPU iPhone OS 6_1 like Mac OS X) AppleWebKit/536.26 (KHTML, like Gecko) Version/6.0 Mobile/10B144 Safari/8536.25"
80.187.110.200 - - [15/Mar/2013:11:12:38 +0100] "GET /img/bild_3.jpg HTTP/1.1" 200 57915 "http://www.groeger-bauaufzuege.de/" "Mozilla/5.0 (iPhone; CPU iPhone OS 6_1 like Mac OS X) AppleWebKit/536.26 (KHTML, like Gecko) Version/6.0 Mobile/10B144 Safari/8536.25"
87.187.16.197 - - [15/Mar/2013:11:27:59 +0100] "GET /unternehmen.php HTTP/1.0" 200 6859 "-" "Mozilla/5.0 (Windows NT 6.1; WOW64; rv:12.0) Gecko/20100101 Firefox/12.0"
87.187.16.197 - - [15/Mar/2013:11:27:59 +0100] "GET /css/groeger.css HTTP/1.0" 304 - "http://www.groeger-bauaufzuege.de/unternehmen.php" "Mozilla/5.0 (Windows NT 6.1; WOW64; rv:12.0) Gecko/20100101 Firefox/12.0"
87.187.16.197 - - [15/Mar/2013:11:27:59 +0100] "GET /swfobject.js HTTP/1.0" 304 - "http://www.groeger-bauaufzuege.de/unternehmen.php" "Mozilla/5.0 (Windows NT 6.1; WOW64; rv:12.0) Gecko/20100101 Firefox/12.0"
87.187.16.197 - - [15/Mar/2013:11:27:59 +0100] "GET /jquery.cross-slide.js HTTP/1.0" 304 - "http://www.groeger-bauaufzuege.de/unternehmen.php" "Mozilla/5.0 (Windows NT 6.1; WOW64; rv:12.0) Gecko/20100101 Firefox/12.0"
87.187.16.197 - - [15/Mar/2013:11:27:59 +0100] "GET /fancybox/jquery.fancybox-1.3.4.pack.js HTTP/1.0" 304 - "http://www.groeger-bauaufzuege.de/unternehmen.php" "Mozilla/5.0 (Windows NT 6.1; WOW64; rv:12.0) Gecko/20100101 Firefox/12.0"
87.187.16.197 - - [15/Mar/2013:11:27:59 +0100] "GET /jquery-1.4.3.min.js HTTP/1.0" 304 - "http://www.groeger-bauaufzuege.de/unternehmen.php" "Mozilla/5.0 (Windows NT 6.1; WOW64; rv:12.0) Gecko/20100101 Firefox/12.0"
87.187.16.197 - - [15/Mar/2013:11:27:59 +0100] "GET /fancybox/jquery.fancybox-1.3.4.css HTTP/1.0" 304 - "http://www.groeger-bauaufzuege.de/unternehmen.php" "Mozilla/5.0 (Windows NT 6.1; WOW64; rv:12.0) Gecko/20100101 Firefox/12.0"
87.187.16.197 - - [15/Mar/2013:11:28:00 +0100] "GET /img/logo_groeger.gif HTTP/1.0" 304 - "http://www.groeger-bauaufzuege.de/unternehmen.php" "Mozilla/5.0 (Windows NT 6.1; WOW64; rv:12.0) Gecko/20100101 Firefox/12.0"
87.187.16.197 - - [15/Mar/2013:11:28:00 +0100] "GET /img/bild_1.jpg HTTP/1.0" 304 - "http://www.groeger-bauaufzuege.de/unternehmen.php" "Mozilla/5.0 (Windows NT 6.1; WOW64; rv:12.0) Gecko/20100101 Firefox/12.0"
87.187.16.197 - - [15/Mar/2013:11:28:00 +0100] "GET /img/favicon.gif HTTP/1.0" 304 - "-" "Mozilla/5.0 (Windows NT 6.1; WOW64; rv:12.0) Gecko/20100101 Firefox/12.0"
87.187.16.197 - - [15/Mar/2013:11:28:00 +0100] "GET /img/grauverlauf.png HTTP/1.0" 304 - "http://www.groeger-bauaufzuege.de/css/groeger.css" "Mozilla/5.0 (Windows NT 6.1; WOW64; rv:12.0) Gecko/20100101 Firefox/12.0"
87.187.16.197 - - [15/Mar/2013:11:28:00 +0100] "GET /img/bild_2.jpg HTTP/1.0" 304 - "http://www.groeger-bauaufzuege.de/unternehmen.php" "Mozilla/5.0 (Windows NT 6.1; WOW64; rv:12.0) Gecko/20100101 Firefox/12.0"
87.187.16.197 - - [15/Mar/2013:11:28:00 +0100] "GET /img/groeger_web.jpg HTTP/1.0" 304 - "http://www.groeger-bauaufzuege.de/css/groeger.css" "Mozilla/5.0 (Windows NT 6.1; WOW64; rv:12.0) Gecko/20100101 Firefox/12.0"
87.187.16.197 - - [15/Mar/2013:11:28:00 +0100] "GET /img/bild_3.jpg HTTP/1.0" 304 - "http://www.groeger-bauaufzuege.de/unternehmen.php" "Mozilla/5.0 (Windows NT 6.1; WOW64; rv:12.0) Gecko/20100101 Firefox/12.0"
87.187.16.197 - - [15/Mar/2013:11:28:00 +0100] "GET /img/bild_4.jpg HTTP/1.0" 304 - "http://www.groeger-bauaufzuege.de/unternehmen.php" "Mozilla/5.0 (Windows NT 6.1; WOW64; rv:12.0) Gecko/20100101 Firefox/12.0"
199.30.16.34 - - [15/Mar/2013:11:30:08 +0100] "GET /robots.txt HTTP/1.1" 404 - "-" "msnbot-media/1.1 (+http://search.msn.com/msnbot.htm)"
199.30.16.34 - - [15/Mar/2013:11:30:09 +0100] "GET /img/logo_groeger.gif HTTP/1.1" 200 3605 "-" "msnbot-media/1.1 (+http://search.msn.com/msnbot.htm)"
79.119.60.60 - - [15/Mar/2013:11:55:59 +0100] "GET / HTTP/1.1" 200 6430 "-" "Mozilla/5.0 (Windows NT 5.1; rv:19.0) Gecko/20100101 Firefox/19.0"
79.119.60.60 - - [15/Mar/2013:11:56:00 +0100] "GET /swfobject.js HTTP/1.1" 200 6880 "http://www.groeger-bauaufzuege.de/" "Mozilla/5.0 (Windows NT 5.1; rv:19.0) Gecko/20100101 Firefox/19.0"
79.119.60.60 - - [15/Mar/2013:11:56:00 +0100] "GET /css/groeger.css HTTP/1.1" 200 5198 "http://www.groeger-bauaufzuege.de/" "Mozilla/5.0 (Windows NT 5.1; rv:19.0) Gecko/20100101 Firefox/19.0"
79.119.60.60 - - [15/Mar/2013:11:56:00 +0100] "GET /jquery.cross-slide.js HTTP/1.1" 200 11724 "http://www.groeger-bauaufzuege.de/" "Mozilla/5.0 (Windows NT 5.1; rv:19.0) Gecko/20100101 Firefox/19.0"
79.119.60.60 - - [15/Mar/2013:11:56:00 +0100] "GET /fancybox/jquery.fancybox-1.3.4.pack.js HTTP/1.1" 200 15624 "http://www.groeger-bauaufzuege.de/" "Mozilla/5.0 (Windows NT 5.1; rv:19.0) Gecko/20100101 Firefox/19.0"
79.119.60.60 - - [15/Mar/2013:11:56:00 +0100] "GET /fancybox/jquery.fancybox-1.3.4.css HTTP/1.1" 200 8494 "http://www.groeger-bauaufzuege.de/" "Mozilla/5.0 (Windows NT 5.1; rv:19.0) Gecko/20100101 Firefox/19.0"
79.119.60.60 - - [15/Mar/2013:11:56:00 +0100] "GET /img/logo_groeger.gif HTTP/1.1" 200 3605 "http://www.groeger-bauaufzuege.de/" "Mozilla/5.0 (Windows NT 5.1; rv:19.0) Gecko/20100101 Firefox/19.0"
79.119.60.60 - - [15/Mar/2013:11:56:00 +0100] "GET /img/bild_1.jpg HTTP/1.1" 200 44440 "http://www.groeger-bauaufzuege.de/" "Mozilla/5.0 (Windows NT 5.1; rv:19.0) Gecko/20100101 Firefox/19.0"
79.119.60.60 - - [15/Mar/2013:11:56:00 +0100] "GET /img/pfeil.png HTTP/1.1" 200 840 "http://www.groeger-bauaufzuege.de/" "Mozilla/5.0 (Windows NT 5.1; rv:19.0) Gecko/20100101 Firefox/19.0"
79.119.60.60 - - [15/Mar/2013:11:56:00 +0100] "GET /img/favicon.gif HTTP/1.1" 200 119 "-" "Mozilla/5.0 (Windows NT 5.1; rv:19.0) Gecko/20100101 Firefox/19.0"
79.119.60.60 - - [15/Mar/2013:11:56:00 +0100] "GET /jquery-1.4.3.min.js HTTP/1.1" 200 77746 "http://www.groeger-bauaufzuege.de/" "Mozilla/5.0 (Windows NT 5.1; rv:19.0) Gecko/20100101 Firefox/19.0"
79.119.60.60 - - [15/Mar/2013:11:56:02 +0100] "GET /img/groeger_web.jpg HTTP/1.1" 200 10877 "http://www.groeger-bauaufzuege.de/css/groeger.css" "Mozilla/5.0 (Windows NT 5.1; rv:19.0) Gecko/20100101 Firefox/19.0"
79.119.60.60 - - [15/Mar/2013:11:56:02 +0100] "GET /img/grauverlauf.png HTTP/1.1" 200 3242 "http://www.groeger-bauaufzuege.de/css/groeger.css" "Mozilla/5.0 (Windows NT 5.1; rv:19.0) Gecko/20100101 Firefox/19.0"
79.119.60.60 - - [15/Mar/2013:11:56:02 +0100] "GET /img/bild_2.jpg HTTP/1.1" 200 53191 "http://www.groeger-bauaufzuege.de/" "Mozilla/5.0 (Windows NT 5.1; rv:19.0) Gecko/20100101 Firefox/19.0"
79.119.60.60 - - [15/Mar/2013:11:56:02 +0100] "GET /img/bild_3.jpg HTTP/1.1" 200 57915 "http://www.groeger-bauaufzuege.de/" "Mozilla/5.0 (Windows NT 5.1; rv:19.0) Gecko/20100101 Firefox/19.0"
79.119.60.60 - - [15/Mar/2013:11:56:02 +0100] "GET /img/bild_4.jpg HTTP/1.1" 200 45325 "http://www.groeger-bauaufzuege.de/" "Mozilla/5.0 (Windows NT 5.1; rv:19.0) Gecko/20100101 Firefox/19.0"
79.119.60.60 - - [15/Mar/2013:11:56:12 +0100] "GET /impressum.php HTTP/1.1" 200 7582 "http://www.groeger-bauaufzuege.de/" "Mozilla/5.0 (Windows NT 5.1; rv:19.0) Gecko/20100101 Firefox/19.0"
79.119.60.60 - - [15/Mar/2013:11:56:43 +0100] "GET /impressum.php HTTP/1.1" 200 7582 "http://www.groeger-bauaufzuege.de/impressum.php" "Mozilla/5.0 (Windows NT 5.1; rv:19.0) Gecko/20100101 Firefox/19.0"
79.119.60.60 - - [15/Mar/2013:11:57:05 +0100] "GET /index.php HTTP/1.1" 200 6430 "http://www.groeger-bauaufzuege.de/impressum.php" "Mozilla/5.0 (Windows NT 5.1; rv:19.0) Gecko/20100101 Firefox/19.0"
79.119.60.60 - - [15/Mar/2013:11:57:26 +0100] "GET /kontakt.php HTTP/1.1" 200 6666 "http://www.groeger-bauaufzuege.de/index.php" "Mozilla/5.0 (Windows NT 5.1; rv:19.0) Gecko/20100101 Firefox/19.0"
79.119.60.60 - - [15/Mar/2013:12:00:03 +0100] "GET /unternehmen.php HTTP/1.1" 200 6859 "http://www.groeger-bauaufzuege.de/kontakt.php" "Mozilla/5.0 (Windows NT 5.1; rv:19.0) Gecko/20100101 Firefox/19.0"
79.119.60.60 - - [15/Mar/2013:12:01:19 +0100] "GET /gebrauchtmaschinen.php HTTP/1.1" 200 5814 "http://www.groeger-bauaufzuege.de/unternehmen.php" "Mozilla/5.0 (Windows NT 5.1; rv:19.0) Gecko/20100101 Firefox/19.0"
79.119.60.60 - - [15/Mar/2013:12:01:39 +0100] "GET /vermietung.php HTTP/1.1" 200 6318 "http://www.groeger-bauaufzuege.de/gebrauchtmaschinen.php" "Mozilla/5.0 (Windows NT 5.1; rv:19.0) Gecko/20100101 Firefox/19.0"
79.119.60.60 - - [15/Mar/2013:12:01:40 +0100] "GET /img/logo_steinbach.jpg HTTP/1.1" 200 9601 "http://www.groeger-bauaufzuege.de/vermietung.php" "Mozilla/5.0 (Windows NT 5.1; rv:19.0) Gecko/20100101 Firefox/19.0"
79.119.60.60 - - [15/Mar/2013:12:01:40 +0100] "GET /img/logo_boecker.gif HTTP/1.1" 200 2974 "http://www.groeger-bauaufzuege.de/vermietung.php" "Mozilla/5.0 (Windows NT 5.1; rv:19.0) Gecko/20100101 Firefox/19.0"
79.119.60.60 - - [15/Mar/2013:12:01:40 +0100] "GET /img/logo_geda.gif HTTP/1.1" 200 4337 "http://www.groeger-bauaufzuege.de/vermietung.php" "Mozilla/5.0 (Windows NT 5.1; rv:19.0) Gecko/20100101 Firefox/19.0"
79.119.60.60 - - [15/Mar/2013:12:02:01 +0100] "GET /verkauf.php HTTP/1.1" 200 6239 "http://www.groeger-bauaufzuege.de/vermietung.php" "Mozilla/5.0 (Windows NT 5.1; rv:19.0) Gecko/20100101 Firefox/19.0"
79.119.60.60 - - [15/Mar/2013:12:02:06 +0100] "GET /leistungen.php HTTP/1.1" 200 7141 "http://www.groeger-bauaufzuege.de/verkauf.php" "Mozilla/5.0 (Windows NT 5.1; rv:19.0) Gecko/20100101 Firefox/19.0"
79.119.60.60 - - [15/Mar/2013:12:02:06 +0100] "GET /img/leist_geda_02.jpg HTTP/1.1" 200 9528 "http://www.groeger-bauaufzuege.de/leistungen.php" "Mozilla/5.0 (Windows NT 5.1; rv:19.0) Gecko/20100101 Firefox/19.0"
79.119.60.60 - - [15/Mar/2013:12:02:20 +0100] "GET /index.php HTTP/1.1" 200 6430 "http://www.groeger-bauaufzuege.de/leistungen.php" "Mozilla/5.0 (Windows NT 5.1; rv:19.0) Gecko/20100101 Firefox/19.0"
79.119.60.60 - - [15/Mar/2013:12:02:38 +0100] "GET /kontakt.php HTTP/1.1" 200 6666 "http://www.groeger-bauaufzuege.de/index.php" "Mozilla/5.0 (Windows NT 5.1; rv:19.0) Gecko/20100101 Firefox/19.0"
79.119.60.60 - - [15/Mar/2013:12:03:45 +0100] "GET /index.php HTTP/1.1" 200 6430 "http://www.groeger-bauaufzuege.de/kontakt.php" "Mozilla/5.0 (Windows NT 5.1; rv:19.0) Gecko/20100101 Firefox/19.0"
79.119.60.60 - - [15/Mar/2013:12:03:47 +0100] "GET /aktuelles.php HTTP/1.1" 200 9609 "http://www.groeger-bauaufzuege.de/index.php" "Mozilla/5.0 (Windows NT 5.1; rv:19.0) Gecko/20100101 Firefox/19.0"
79.119.60.60 - - [15/Mar/2013:12:04:00 +0100] "GET /leistungen.php HTTP/1.1" 200 7141 "http://www.groeger-bauaufzuege.de/aktuelles.php" "Mozilla/5.0 (Windows NT 5.1; rv:19.0) Gecko/20100101 Firefox/19.0"
79.119.60.60 - - [15/Mar/2013:12:06:56 +0100] "GET /kontakt.php HTTP/1.1" 200 6666 "http://www.groeger-bauaufzuege.de/leistungen.php" "Mozilla/5.0 (Windows NT 5.1; rv:19.0) Gecko/20100101 Firefox/19.0"
79.119.60.60 - - [15/Mar/2013:12:08:01 +0100] "GET /leistungen.php HTTP/1.1" 200 7141 "http://www.groeger-bauaufzuege.de/kontakt.php" "Mozilla/5.0 (Windows NT 5.1; rv:19.0) Gecko/20100101 Firefox/19.0"
79.119.60.60 - - [15/Mar/2013:12:08:04 +0100] "GET /aktuelles.php HTTP/1.1" 200 9609 "http://www.groeger-bauaufzuege.de/leistungen.php" "Mozilla/5.0 (Windows NT 5.1; rv:19.0) Gecko/20100101 Firefox/19.0"
79.119.60.60 - - [15/Mar/2013:12:08:07 +0100] "GET /verkauf.php HTTP/1.1" 200 6239 "http://www.groeger-bauaufzuege.de/aktuelles.php" "Mozilla/5.0 (Windows NT 5.1; rv:19.0) Gecko/20100101 Firefox/19.0"
79.119.60.60 - - [15/Mar/2013:12:08:12 +0100] "GET /vermietung.php HTTP/1.1" 200 6318 "http://www.groeger-bauaufzuege.de/verkauf.php" "Mozilla/5.0 (Windows NT 5.1; rv:19.0) Gecko/20100101 Firefox/19.0"
79.119.60.60 - - [15/Mar/2013:12:08:15 +0100] "GET /gebrauchtmaschinen.php HTTP/1.1" 200 5814 "http://www.groeger-bauaufzuege.de/vermietung.php" "Mozilla/5.0 (Windows NT 5.1; rv:19.0) Gecko/20100101 Firefox/19.0"
79.119.60.60 - - [15/Mar/2013:12:08:21 +0100] "GET /verkauf.php HTTP/1.1" 200 6239 "http://www.groeger-bauaufzuege.de/gebrauchtmaschinen.php" "Mozilla/5.0 (Windows NT 5.1; rv:19.0) Gecko/20100101 Firefox/19.0"
79.119.60.60 - - [15/Mar/2013:12:08:27 +0100] "GET /unternehmen.php HTTP/1.1" 200 6859 "http://www.groeger-bauaufzuege.de/verkauf.php" "Mozilla/5.0 (Windows NT 5.1; rv:19.0) Gecko/20100101 Firefox/19.0"
199.30.20.63 - - [15/Mar/2013:13:49:52 +0100] "GET /robots.txt HTTP/1.1" 404 - "-" "msnbot-media/1.1 (+http://search.msn.com/msnbot.htm)"
199.30.20.63 - - [15/Mar/2013:13:49:52 +0100] "GET /img/logo_steinbach.jpg HTTP/1.1" 200 9601 "-" "msnbot-media/1.1 (+http://search.msn.com/msnbot.htm)"
131.253.24.46 - - [15/Mar/2013:14:04:22 +0100] "GET /leistungen.php HTTP/1.1" 200 7141 "-" "Mozilla/4.0 (compatible; MSIE 7.0; Windows NT 5.1; SLCC1; .NET CLR 1.1.4322; .NET CLR 2.0.50727; .NET CLR 3.0.30729; .NET CLR 3.5.30707; MS-RTC LM 8)"
131.253.24.46 - - [15/Mar/2013:14:04:23 +0100] "GET /css/groeger.css HTTP/1.1" 200 5198 "http://www.groeger-bauaufzuege.de/leistungen.php" "Mozilla/4.0 (compatible; MSIE 7.0; Windows NT 5.1; SLCC1; .NET CLR 1.1.4322; .NET CLR 2.0.50727; .NET CLR 3.0.30729; .NET CLR 3.5.30707; MS-RTC LM 8)"
131.253.24.46 - - [15/Mar/2013:14:04:23 +0100] "GET /swfobject.js HTTP/1.1" 200 6880 "http://www.groeger-bauaufzuege.de/leistungen.php" "Mozilla/4.0 (compatible; MSIE 7.0; Windows NT 5.1; SLCC1; .NET CLR 1.1.4322; .NET CLR 2.0.50727; .NET CLR 3.0.30729; .NET CLR 3.5.30707; MS-RTC LM 8)"
131.253.24.46 - - [15/Mar/2013:14:04:24 +0100] "GET /jquery-1.4.3.min.js HTTP/1.1" 200 77746 "http://www.groeger-bauaufzuege.de/leistungen.php" "Mozilla/4.0 (compatible; MSIE 7.0; Windows NT 5.1; SLCC1; .NET CLR 1.1.4322; .NET CLR 2.0.50727; .NET CLR 3.0.30729; .NET CLR 3.5.30707; MS-RTC LM 8)"
131.253.24.46 - - [15/Mar/2013:14:04:26 +0100] "GET /jquery.cross-slide.js HTTP/1.1" 200 11724 "http://www.groeger-bauaufzuege.de/leistungen.php" "Mozilla/4.0 (compatible; MSIE 7.0; Windows NT 5.1; SLCC1; .NET CLR 1.1.4322; .NET CLR 2.0.50727; .NET CLR 3.0.30729; .NET CLR 3.5.30707; MS-RTC LM 8)"
131.253.24.46 - - [15/Mar/2013:14:04:27 +0100] "GET /fancybox/jquery.fancybox-1.3.4.pack.js HTTP/1.1" 200 15624 "http://www.groeger-bauaufzuege.de/leistungen.php" "Mozilla/4.0 (compatible; MSIE 7.0; Windows NT 5.1; SLCC1; .NET CLR 1.1.4322; .NET CLR 2.0.50727; .NET CLR 3.0.30729; .NET CLR 3.5.30707; MS-RTC LM 8)"
131.253.24.46 - - [15/Mar/2013:14:04:28 +0100] "GET /fancybox/jquery.fancybox-1.3.4.css HTTP/1.1" 200 8494 "http://www.groeger-bauaufzuege.de/leistungen.php" "Mozilla/4.0 (compatible; MSIE 7.0; Windows NT 5.1; SLCC1; .NET CLR 1.1.4322; .NET CLR 2.0.50727; .NET CLR 3.0.30729; .NET CLR 3.5.30707; MS-RTC LM 8)"
141.8.147.12 - - [15/Mar/2013:14:13:52 +0100] "GET /robots.txt HTTP/1.1" 404 - "-" "Mozilla/5.0 (compatible; YandexBot/3.0; +http://yandex.com/bots)"
178.154.205.250 - - [15/Mar/2013:14:13:55 +0100] "GET / HTTP/1.1" 200 6430 "-" "Mozilla/5.0 (compatible; YandexBot/3.0; +http://yandex.com/bots)"
78.43.25.30 - - [15/Mar/2013:15:47:41 +0100] "GET /leistungen.php HTTP/1.1" 200 7141 "http://suche.t-online.de/fast-cgi/tsc?q=dahdecker+maschienen&encQuery=dahdecker+maschenen&tstmp=1363358660624&lang=any&mandant=toi&device=html&dia=suche&context=internet-tab&tpc=internet&ptl=std&classification=internet-tab_internet_std&start=0&num=10&ocr=yes&wh=950&sb=top&more=none&x=62&y=24" "Mozilla/5.0 (compatible; MSIE 9.0; Windows NT 6.1; Trident/5.0)"
78.43.25.30 - - [15/Mar/2013:15:47:41 +0100] "GET /css/groeger.css HTTP/1.1" 200 5198 "http://www.groeger-bauaufzuege.de/leistungen.php" "Mozilla/5.0 (compatible; MSIE 9.0; Windows NT 6.1; Trident/5.0)"
78.43.25.30 - - [15/Mar/2013:15:47:41 +0100] "GET /swfobject.js HTTP/1.1" 200 6880 "http://www.groeger-bauaufzuege.de/leistungen.php" "Mozilla/5.0 (compatible; MSIE 9.0; Windows NT 6.1; Trident/5.0)"
78.43.25.30 - - [15/Mar/2013:15:47:41 +0100] "GET /jquery.cross-slide.js HTTP/1.1" 200 11724 "http://www.groeger-bauaufzuege.de/leistungen.php" "Mozilla/5.0 (compatible; MSIE 9.0; Windows NT 6.1; Trident/5.0)"
78.43.25.30 - - [15/Mar/2013:15:47:41 +0100] "GET /fancybox/jquery.fancybox-1.3.4.pack.js HTTP/1.1" 200 15624 "http://www.groeger-bauaufzuege.de/leistungen.php" "Mozilla/5.0 (compatible; MSIE 9.0; Windows NT 6.1; Trident/5.0)"
78.43.25.30 - - [15/Mar/2013:15:47:41 +0100] "GET /fancybox/jquery.fancybox-1.3.4.css HTTP/1.1" 200 8494 "http://www.groeger-bauaufzuege.de/leistungen.php" "Mozilla/5.0 (compatible; MSIE 9.0; Windows NT 6.1; Trident/5.0)"
78.43.25.30 - - [15/Mar/2013:15:47:41 +0100] "GET /img/logo_groeger.gif HTTP/1.1" 200 3605 "http://www.groeger-bauaufzuege.de/leistungen.php" "Mozilla/5.0 (compatible; MSIE 9.0; Windows NT 6.1; Trident/5.0)"
78.43.25.30 - - [15/Mar/2013:15:47:41 +0100] "GET /img/leist_geda_02.jpg HTTP/1.1" 200 9528 "http://www.groeger-bauaufzuege.de/leistungen.php" "Mozilla/5.0 (compatible; MSIE 9.0; Windows NT 6.1; Trident/5.0)"
78.43.25.30 - - [15/Mar/2013:15:47:41 +0100] "GET /img/bild_1.jpg HTTP/1.1" 200 44440 "http://www.groeger-bauaufzuege.de/leistungen.php" "Mozilla/5.0 (compatible; MSIE 9.0; Windows NT 6.1; Trident/5.0)"
78.43.25.30 - - [15/Mar/2013:15:47:41 +0100] "GET /jquery-1.4.3.min.js HTTP/1.1" 200 77746 "http://www.groeger-bauaufzuege.de/leistungen.php" "Mozilla/5.0 (compatible; MSIE 9.0; Windows NT 6.1; Trident/5.0)"
78.43.25.30 - - [15/Mar/2013:15:47:41 +0100] "GET /img/grauverlauf.png HTTP/1.1" 200 3242 "http://www.groeger-bauaufzuege.de/leistungen.php" "Mozilla/5.0 (compatible; MSIE 9.0; Windows NT 6.1; Trident/5.0)"
78.43.25.30 - - [15/Mar/2013:15:47:41 +0100] "GET /img/bild_4.jpg HTTP/1.1" 200 45325 "http://www.groeger-bauaufzuege.de/leistungen.php" "Mozilla/5.0 (compatible; MSIE 9.0; Windows NT 6.1; Trident/5.0)"
78.43.25.30 - - [15/Mar/2013:15:47:41 +0100] "GET /fancybox/fancybox.png HTTP/1.1" 200 15287 "http://www.groeger-bauaufzuege.de/leistungen.php" "Mozilla/5.0 (compatible; MSIE 9.0; Windows NT 6.1; Trident/5.0)"
78.43.25.30 - - [15/Mar/2013:15:47:41 +0100] "GET /img/favicon.gif HTTP/1.1" 200 119 "-" "Mozilla/5.0 (compatible; MSIE 9.0; Windows NT 6.1; Trident/5.0)"
78.43.25.30 - - [15/Mar/2013:15:47:41 +0100] "GET /img/bild_3.jpg HTTP/1.1" 200 57915 "http://www.groeger-bauaufzuege.de/leistungen.php" "Mozilla/5.0 (compatible; MSIE 9.0; Windows NT 6.1; Trident/5.0)"
78.43.25.30 - - [15/Mar/2013:15:47:41 +0100] "GET /img/bild_2.jpg HTTP/1.1" 200 53191 "http://www.groeger-bauaufzuege.de/leistungen.php" "Mozilla/5.0 (compatible; MSIE 9.0; Windows NT 6.1; Trident/5.0)"
78.43.25.30 - - [15/Mar/2013:15:47:41 +0100] "GET /fancybox/fancybox-x.png HTTP/1.1" 200 203 "http://www.groeger-bauaufzuege.de/leistungen.php" "Mozilla/5.0 (compatible; MSIE 9.0; Windows NT 6.1; Trident/5.0)"
78.43.25.30 - - [15/Mar/2013:15:47:41 +0100] "GET /fancybox/fancybox-y.png HTTP/1.1" 200 176 "http://www.groeger-bauaufzuege.de/leistungen.php" "Mozilla/5.0 (compatible; MSIE 9.0; Windows NT 6.1; Trident/5.0)"
78.43.25.30 - - [15/Mar/2013:15:47:42 +0100] "GET /fancybox/blank.gif HTTP/1.1" 200 43 "http://www.groeger-bauaufzuege.de/leistungen.php" "Mozilla/5.0 (compatible; MSIE 9.0; Windows NT 6.1; Trident/5.0)"
78.43.25.30 - - [15/Mar/2013:15:47:49 +0100] "GET /gebrauchtmaschinen.php HTTP/1.1" 200 5814 "http://www.groeger-bauaufzuege.de/leistungen.php" "Mozilla/5.0 (compatible; MSIE 9.0; Windows NT 6.1; Trident/5.0)"
78.43.25.30 - - [15/Mar/2013:15:47:49 +0100] "GET /img/favicon.gif HTTP/1.1" 200 119 "-" "Mozilla/5.0 (compatible; MSIE 9.0; Windows NT 6.1; Trident/5.0)"
78.43.25.30 - - [15/Mar/2013:15:47:57 +0100] "GET /aktuelles.php HTTP/1.1" 200 9609 "http://www.groeger-bauaufzuege.de/gebrauchtmaschinen.php" "Mozilla/5.0 (compatible; MSIE 9.0; Windows NT 6.1; Trident/5.0)"
78.43.25.30 - - [15/Mar/2013:15:48:02 +0100] "GET /leistungen.php HTTP/1.1" 200 7141 "http://www.groeger-bauaufzuege.de/aktuelles.php" "Mozilla/5.0 (compatible; MSIE 9.0; Windows NT 6.1; Trident/5.0)"
66.249.75.88 - - [15/Mar/2013:15:54:15 +0100] "GET /robots.txt HTTP/1.1" 404 - "-" "Mozilla/5.0 (compatible; Googlebot/2.1; +http://www.google.com/bot.html)"
66.249.75.88 - - [15/Mar/2013:15:54:15 +0100] "GET /vermietung.php HTTP/1.1" 200 6318 "-" "Mozilla/5.0 (iPhone; U; CPU iPhone OS 4_1 like Mac OS X; en-us) AppleWebKit/532.9 (KHTML, like Gecko) Version/4.0.5 Mobile/8B117 Safari/6531.22.7 (compatible; Googlebot-Mobile/2.1; +http://www.google.com/bot.html)"
141.8.147.12 - - [15/Mar/2013:17:23:31 +0100] "GET / HTTP/1.1" 200 6430 "-" "Mozilla/5.0 (compatible; YandexBot/3.0; +http://yandex.com/bots)"
157.55.32.106 - - [15/Mar/2013:20:21:19 +0100] "GET /robots.txt HTTP/1.1" 404 - "-" "Mozilla/5.0 (compatible; bingbot/2.0; +http://www.bing.com/bingbot.htm)"
157.55.32.106 - - [15/Mar/2013:20:23:11 +0100] "GET / HTTP/1.1" 200 6430 "-" "Mozilla/5.0 (compatible; bingbot/2.0; +http://www.bing.com/bingbot.htm)"
88.103.153.162 - - [15/Mar/2013:20:33:25 +0100] "GET /download/Lift_D.pdf HTTP/1.1" 200 1133500 "https://www.google.com/" "Mozilla/5.0 (Windows NT 6.1) AppleWebKit/537.22 (KHTML, like Gecko) Chrome/25.0.1364.172 Safari/537.22"
88.103.153.162 - - [15/Mar/2013:20:33:29 +0100] "GET /favicon.ico HTTP/1.1" 404 - "-" "Mozilla/5.0 (Windows NT 6.1) AppleWebKit/537.22 (KHTML, like Gecko) Chrome/25.0.1364.172 Safari/537.22"
188.108.85.26 - - [15/Mar/2013:20:38:31 +0100] "GET / HTTP/1.1" 200 6430 "http://www.google.de/url?sa=t&rct=j&q=&esrc=s&source=web&cd=3&sqi=2&ved=0CFYQFjAC&url=http%3A%2F%2Fwww.groeger-bauaufzuege.de%2F&ei=-HdDUY6rIsXZsgb2uYDwAw&usg=AFQjCNFBXgtaJQ5GEULKJBrc_pmJTjvlmQ&sig2=16bBTb4zvpf9SHRexT2lxw&bvm=bv.43828540,d.Yms" "Mozilla/5.0 (Windows NT 5.1; rv:19.0) Gecko/20100101 Firefox/19.0"
188.108.85.26 - - [15/Mar/2013:20:38:32 +0100] "GET /css/groeger.css HTTP/1.1" 200 5198 "http://www.groeger-bauaufzuege.de/" "Mozilla/5.0 (Windows NT 5.1; rv:19.0) Gecko/20100101 Firefox/19.0"
188.108.85.26 - - [15/Mar/2013:20:38:32 +0100] "GET /swfobject.js HTTP/1.1" 200 6880 "http://www.groeger-bauaufzuege.de/" "Mozilla/5.0 (Windows NT 5.1; rv:19.0) Gecko/20100101 Firefox/19.0"
188.108.85.26 - - [15/Mar/2013:20:38:32 +0100] "GET /jquery.cross-slide.js HTTP/1.1" 200 11724 "http://www.groeger-bauaufzuege.de/" "Mozilla/5.0 (Windows NT 5.1; rv:19.0) Gecko/20100101 Firefox/19.0"
188.108.85.26 - - [15/Mar/2013:20:38:32 +0100] "GET /fancybox/jquery.fancybox-1.3.4.pack.js HTTP/1.1" 200 15624 "http://www.groeger-bauaufzuege.de/" "Mozilla/5.0 (Windows NT 5.1; rv:19.0) Gecko/20100101 Firefox/19.0"
188.108.85.26 - - [15/Mar/2013:20:38:32 +0100] "GET /fancybox/jquery.fancybox-1.3.4.css HTTP/1.1" 200 8494 "http://www.groeger-bauaufzuege.de/" "Mozilla/5.0 (Windows NT 5.1; rv:19.0) Gecko/20100101 Firefox/19.0"
188.108.85.26 - - [15/Mar/2013:20:38:32 +0100] "GET /img/logo_groeger.gif HTTP/1.1" 200 3605 "http://www.groeger-bauaufzuege.de/" "Mozilla/5.0 (Windows NT 5.1; rv:19.0) Gecko/20100101 Firefox/19.0"
188.108.85.26 - - [15/Mar/2013:20:38:32 +0100] "GET /img/bild_1.jpg HTTP/1.1" 200 44440 "http://www.groeger-bauaufzuege.de/" "Mozilla/5.0 (Windows NT 5.1; rv:19.0) Gecko/20100101 Firefox/19.0"
188.108.85.26 - - [15/Mar/2013:20:38:32 +0100] "GET /img/favicon.gif HTTP/1.1" 200 119 "-" "Mozilla/5.0 (Windows NT 5.1; rv:19.0) Gecko/20100101 Firefox/19.0"
188.108.85.26 - - [15/Mar/2013:20:38:32 +0100] "GET /img/pfeil.png HTTP/1.1" 200 840 "http://www.groeger-bauaufzuege.de/" "Mozilla/5.0 (Windows NT 5.1; rv:19.0) Gecko/20100101 Firefox/19.0"
188.108.85.26 - - [15/Mar/2013:20:38:32 +0100] "GET /jquery-1.4.3.min.js HTTP/1.1" 200 77746 "http://www.groeger-bauaufzuege.de/" "Mozilla/5.0 (Windows NT 5.1; rv:19.0) Gecko/20100101 Firefox/19.0"
188.108.85.26 - - [15/Mar/2013:20:38:32 +0100] "GET /img/grauverlauf.png HTTP/1.1" 200 3242 "http://www.groeger-bauaufzuege.de/css/groeger.css" "Mozilla/5.0 (Windows NT 5.1; rv:19.0) Gecko/20100101 Firefox/19.0"
188.108.85.26 - - [15/Mar/2013:20:38:32 +0100] "GET /img/groeger_web.jpg HTTP/1.1" 200 10877 "http://www.groeger-bauaufzuege.de/css/groeger.css" "Mozilla/5.0 (Windows NT 5.1; rv:19.0) Gecko/20100101 Firefox/19.0"
188.108.85.26 - - [15/Mar/2013:20:38:33 +0100] "GET /img/bild_4.jpg HTTP/1.1" 200 45325 "http://www.groeger-bauaufzuege.de/" "Mozilla/5.0 (Windows NT 5.1; rv:19.0) Gecko/20100101 Firefox/19.0"
188.108.85.26 - - [15/Mar/2013:20:38:32 +0100] "GET /img/bild_2.jpg HTTP/1.1" 200 53191 "http://www.groeger-bauaufzuege.de/" "Mozilla/5.0 (Windows NT 5.1; rv:19.0) Gecko/20100101 Firefox/19.0"
188.108.85.26 - - [15/Mar/2013:20:38:32 +0100] "GET /img/bild_3.jpg HTTP/1.1" 200 57915 "http://www.groeger-bauaufzuege.de/" "Mozilla/5.0 (Windows NT 5.1; rv:19.0) Gecko/20100101 Firefox/19.0"
188.108.85.26 - - [15/Mar/2013:20:38:42 +0100] "GET /gebrauchtmaschinen.php HTTP/1.1" 200 5814 "http://www.groeger-bauaufzuege.de/" "Mozilla/5.0 (Windows NT 5.1; rv:19.0) Gecko/20100101 Firefox/19.0"
188.108.85.26 - - [15/Mar/2013:20:38:51 +0100] "GET /favicon.ico HTTP/1.1" 404 - "-" "Mozilla/5.0 (Windows NT 5.1; rv:19.0) Gecko/20100101 Firefox/19.0"
213.102.122.70 - - [15/Mar/2013:20:43:20 +0100] "GET /favicon.ico HTTP/1.1" 404 - "-" "Mozilla/5.0 (Windows NT 6.1; WOW64; rv:19.0) Gecko/20100101 Firefox/19.0"
91.21.139.233 - - [15/Mar/2013:21:41:25 +0100] "GET /kontakt.php HTTP/1.1" 200 6666 "-" "Mozilla/5.0 (iPhone; CPU iPhone OS 6_1 like Mac OS X) AppleWebKit/536.26 (KHTML, like Gecko) Version/6.0 Mobile/10B142 Safari/8536.25"
65.55.215.57 - - [16/Mar/2013:00:51:04 +0100] "GET /robots.txt HTTP/1.1" 404 - "-" "msnbot-media/1.1 (+http://search.msn.com/msnbot.htm)"
65.55.215.57 - - [16/Mar/2013:00:51:04 +0100] "GET /img/bild_1.jpg HTTP/1.1" 200 44440 "-" "msnbot-media/1.1 (+http://search.msn.com/msnbot.htm)"
141.8.147.12 - - [16/Mar/2013:04:26:23 +0100] "GET /robots.txt HTTP/1.1" 404 - "-" "Mozilla/5.0 (compatible; YandexBot/3.0; +http://yandex.com/bots)"
173.199.116.227 - - [16/Mar/2013:08:13:54 +0100] "GET /download/Newsletter_Groeger_2012-09.pdf HTTP/1.1" 200 492501 "-" "Mozilla/5.0 (compatible; AhrefsBot/4.0; +http://ahrefs.com/robot/)"
157.55.32.106 - - [16/Mar/2013:08:39:48 +0100] "GET /robots.txt HTTP/1.1" 404 - "-" "Mozilla/5.0 (compatible; bingbot/2.0; +http://www.bing.com/bingbot.htm)"
157.55.32.106 - - [16/Mar/2013:08:41:22 +0100] "GET / HTTP/1.1" 200 6430 "-" "Mozilla/5.0 (compatible; bingbot/2.0; +http://www.bing.com/bingbot.htm)"
157.55.32.106 - - [16/Mar/2013:08:41:22 +0100] "GET / HTTP/1.1" 200 6430 "-" "Mozilla/5.0 (compatible; bingbot/2.0; +http://www.bing.com/bingbot.htm)"
157.56.229.188 - - [16/Mar/2013:08:43:22 +0100] "GET /fancybox/jquery.fancybox-1.3.4.css HTTP/1.1" 200 8494 "-" "Mozilla/5.0 (compatible; bingbot/2.0; +http://www.bing.com/bingbot.htm)"
157.56.93.218 - - [16/Mar/2013:08:43:58 +0100] "GET /jquery-1.4.3.min.js HTTP/1.1" 200 77746 "-" "Mozilla/5.0 (compatible; bingbot/2.0; +http://www.bing.com/bingbot.htm)"
46.105.114.127 - - [16/Mar/2013:10:29:39 +0100] "GET / HTTP/1.1" 200 6430 "-" "Mozilla/5.0 (X11; Linux i686; rv:6.0) Gecko/20100101 Firefox/6.0"
46.105.114.127 - - [16/Mar/2013:10:29:40 +0100] "GET /kontakt.php HTTP/1.1" 200 6666 "-" "Mozilla/5.0 (X11; Linux i686; rv:6.0) Gecko/20100101 Firefox/6.0"
46.105.114.127 - - [16/Mar/2013:10:29:40 +0100] "GET /verkauf.php HTTP/1.1" 200 6239 "-" "Mozilla/5.0 (X11; Linux i686; rv:6.0) Gecko/20100101 Firefox/6.0"
157.56.229.188 - - [16/Mar/2013:10:42:26 +0100] "GET /robots.txt HTTP/1.1" 404 - "-" "Mozilla/5.0 (compatible; bingbot/2.0; +http://www.bing.com/bingbot.htm)"
157.56.229.188 - - [16/Mar/2013:10:44:56 +0100] "GET /download/Newsletter-Groeger-Dachdecker-2011-04.pdf HTTP/1.1" 200 248596 "-" "Mozilla/5.0 (compatible; bingbot/2.0; +http://www.bing.com/bingbot.htm)"
65.55.215.57 - - [16/Mar/2013:11:23:08 +0100] "GET /robots.txt HTTP/1.1" 404 - "-" "msnbot-media/1.1 (+http://search.msn.com/msnbot.htm)"
65.55.215.57 - - [16/Mar/2013:11:23:09 +0100] "GET /img/bild_1.jpg HTTP/1.1" 200 44440 "-" "msnbot-media/1.1 (+http://search.msn.com/msnbot.htm)"
173.199.116.227 - - [16/Mar/2013:12:27:26 +0100] "GET /kontakt.php HTTP/1.1" 200 6666 "-" "Mozilla/5.0 (compatible; AhrefsBot/4.0; +http://ahrefs.com/robot/)"
173.199.116.227 - - [16/Mar/2013:13:30:45 +0100] "GET /download/Newsletter_Groeger_2012-11.pdf HTTP/1.1" 200 527614 "-" "Mozilla/5.0 (compatible; AhrefsBot/4.0; +http://ahrefs.com/robot/)"
157.56.93.218 - - [16/Mar/2013:13:36:52 +0100] "GET /robots.txt HTTP/1.1" 404 - "-" "Mozilla/5.0 (compatible; bingbot/2.0; +http://www.bing.com/bingbot.htm)"
157.56.93.218 - - [16/Mar/2013:13:39:28 +0100] "GET /aktuelles.php HTTP/1.1" 200 9609 "-" "Mozilla/5.0 (compatible; bingbot/2.0; +http://www.bing.com/bingbot.htm)"
65.55.52.97 - - [16/Mar/2013:14:06:59 +0100] "GET /gebrauchtmaschinen.php HTTP/1.1" 200 5814 "-" "Mozilla/5.0 (compatible; bingbot/2.0; +http://www.bing.com/bingbot.htm)"
157.55.32.152 - - [16/Mar/2013:14:26:30 +0100] "GET /impressum.php HTTP/1.1" 200 7582 "-" "Mozilla/5.0 (compatible; bingbot/2.0; +http://www.bing.com/bingbot.htm)"
157.55.32.152 - - [16/Mar/2013:14:26:30 +0100] "GET /angebote.php HTTP/1.1" 200 8615 "-" "Mozilla/5.0 (compatible; bingbot/2.0; +http://www.bing.com/bingbot.htm)"
157.55.32.106 - - [16/Mar/2013:14:35:30 +0100] "GET / HTTP/1.1" 200 6430 "-" "Mozilla/5.0 (compatible; bingbot/2.0; +http://www.bing.com/bingbot.htm)"
66.249.78.76 - - [16/Mar/2013:14:43:36 +0100] "GET /robots.txt HTTP/1.1" 404 - "-" "Mozilla/5.0 (compatible; Googlebot/2.1; +http://www.google.com/bot.html)"
66.249.76.88 - - [16/Mar/2013:14:43:37 +0100] "GET /gebrauchtmaschinen.php HTTP/1.1" 200 5814 "-" "DoCoMo/2.0 N905i(c100;TB;W24H16) (compatible; Googlebot-Mobile/2.1; +http://www.google.com/bot.html)"
173.199.116.227 - - [16/Mar/2013:15:08:01 +0100] "GET /angebote.php HTTP/1.1" 200 8615 "-" "Mozilla/5.0 (compatible; AhrefsBot/4.0; +http://ahrefs.com/robot/)"
157.56.229.188 - - [16/Mar/2013:16:58:33 +0100] "GET /robots.txt HTTP/1.1" 404 - "-" "Mozilla/5.0 (compatible; bingbot/2.0; +http://www.bing.com/bingbot.htm)"
157.56.229.188 - - [16/Mar/2013:17:00:29 +0100] "GET /leistungen.php HTTP/1.1" 200 7141 "-" "Mozilla/5.0 (compatible; bingbot/2.0; +http://www.bing.com/bingbot.htm)"
65.55.211.208 - - [16/Mar/2013:17:00:46 +0100] "GET /leistungen.php HTTP/1.1" 200 7141 "-" "Mozilla/5.0 (Windows NT 6.1; WOW64) AppleWebKit/534+ (KHTML, like Gecko) BingPreview/1.0b"
65.55.211.208 - - [16/Mar/2013:17:00:48 +0100] "GET /css/groeger.css HTTP/1.1" 200 5198 "http://www.groeger-bauaufzuege.de/leistungen.php" "Mozilla/5.0 (Windows NT 6.1; WOW64) AppleWebKit/534+ (KHTML, like Gecko) BingPreview/1.0b"
65.55.211.208 - - [16/Mar/2013:17:00:49 +0100] "GET /swfobject.js HTTP/1.1" 200 6880 "http://www.groeger-bauaufzuege.de/leistungen.php" "Mozilla/5.0 (Windows NT 6.1; WOW64) AppleWebKit/534+ (KHTML, like Gecko) BingPreview/1.0b"
65.55.211.208 - - [16/Mar/2013:17:00:49 +0100] "GET /fancybox/jquery.fancybox-1.3.4.css HTTP/1.1" 200 8494 "http://www.groeger-bauaufzuege.de/leistungen.php" "Mozilla/5.0 (Windows NT 6.1; WOW64) AppleWebKit/534+ (KHTML, like Gecko) BingPreview/1.0b"
65.55.211.208 - - [16/Mar/2013:17:00:49 +0100] "GET /jquery.cross-slide.js HTTP/1.1" 200 11724 "http://www.groeger-bauaufzuege.de/leistungen.php" "Mozilla/5.0 (Windows NT 6.1; WOW64) AppleWebKit/534+ (KHTML, like Gecko) BingPreview/1.0b"
65.55.211.208 - - [16/Mar/2013:17:00:49 +0100] "GET /fancybox/jquery.fancybox-1.3.4.pack.js HTTP/1.1" 200 15624 "http://www.groeger-bauaufzuege.de/leistungen.php" "Mozilla/5.0 (Windows NT 6.1; WOW64) AppleWebKit/534+ (KHTML, like Gecko) BingPreview/1.0b"
157.56.93.218 - - [16/Mar/2013:17:02:30 +0100] "GET /unternehmen.php HTTP/1.1" 200 6859 "-" "Mozilla/5.0 (compatible; bingbot/2.0; +http://www.bing.com/bingbot.htm)"
66.249.78.76 - - [16/Mar/2013:17:09:07 +0100] "GET /impressum.php HTTP/1.1" 200 7582 "-" "Mozilla/5.0 (compatible; Googlebot/2.1; +http://www.google.com/bot.html)"
173.199.116.227 - - [16/Mar/2013:17:13:03 +0100] "GET /gebrauchtmaschinen.php HTTP/1.1" 200 5814 "-" "Mozilla/5.0 (compatible; AhrefsBot/4.0; +http://ahrefs.com/robot/)"
66.249.78.76 - - [16/Mar/2013:17:25:35 +0100] "GET /gebrauchtmaschinen.php HTTP/1.1" 200 5814 "-" "Mozilla/5.0 (compatible; Googlebot/2.1; +http://www.google.com/bot.html)"
66.249.76.88 - - [16/Mar/2013:17:28:00 +0100] "GET /css/groeger.css HTTP/1.1" 200 5198 "-" "Mozilla/5.0 (compatible; Googlebot/2.1; +http://www.google.com/bot.html)"
66.249.78.76 - - [16/Mar/2013:17:28:00 +0100] "GET /fancybox/jquery.fancybox-1.3.4.css HTTP/1.1" 200 8494 "-" "Mozilla/5.0 (compatible; Googlebot/2.1; +http://www.google.com/bot.html)"
66.249.78.76 - - [16/Mar/2013:19:50:06 +0100] "GET / HTTP/1.1" 200 6430 "-" "Mozilla/5.0 (iPhone; U; CPU iPhone OS 4_1 like Mac OS X; en-us) AppleWebKit/532.9 (KHTML, like Gecko) Version/4.0.5 Mobile/8B117 Safari/6531.22.7 (compatible; Googlebot-Mobile/2.1; +http://www.google.com/bot.html)"
157.55.32.106 - - [16/Mar/2013:20:15:19 +0100] "GET /robots.txt HTTP/1.1" 404 - "-" "Mozilla/5.0 (compatible; bingbot/2.0; +http://www.bing.com/bingbot.htm)"
157.55.32.106 - - [16/Mar/2013:20:17:05 +0100] "GET / HTTP/1.1" 200 6430 "-" "Mozilla/5.0 (compatible; bingbot/2.0; +http://www.bing.com/bingbot.htm)"
173.199.116.227 - - [16/Mar/2013:21:16:12 +0100] "GET /img/leist_geda_02.jpg HTTP/1.1" 200 9528 "-" "Mozilla/5.0 (compatible; AhrefsBot/4.0; +http://ahrefs.com/robot/)"
173.199.116.227 - - [16/Mar/2013:22:00:27 +0100] "GET /download/Lift_D.pdf HTTP/1.1" 200 1133500 "-" "Mozilla/5.0 (compatible; AhrefsBot/4.0; +http://ahrefs.com/robot/)"
66.249.78.76 - - [16/Mar/2013:22:51:26 +0100] "GET / HTTP/1.1" 200 6430 "-" "Mozilla/5.0 (compatible; Googlebot/2.1; +http://www.google.com/bot.html)"
173.199.116.227 - - [16/Mar/2013:23:25:20 +0100] "GET /download/Newsletter_Groeger_11-06_Innung.pdf HTTP/1.1" 200 422119 "-" "Mozilla/5.0 (compatible; AhrefsBot/4.0; +http://ahrefs.com/robot/)"
157.56.93.218 - - [16/Mar/2013:23:34:10 +0100] "GET /robots.txt HTTP/1.1" 404 - "-" "Mozilla/5.0 (compatible; bingbot/2.0; +http://www.bing.com/bingbot.htm)"
157.56.93.218 - - [16/Mar/2013:23:36:40 +0100] "GET /aktuelles.php HTTP/1.1" 200 9609 "-" "Mozilla/5.0 (compatible; bingbot/2.0; +http://www.bing.com/bingbot.htm)"
66.249.78.76 - - [17/Mar/2013:00:18:24 +0100] "GET /img/bild_1.jpg HTTP/1.1" 304 - "-" "Googlebot-Image/1.0"
173.199.116.227 - - [17/Mar/2013:00:36:10 +0100] "GET /vermietung.php HTTP/1.1" 200 6318 "-" "Mozilla/5.0 (compatible; AhrefsBot/4.0; +http://ahrefs.com/robot/)"
66.249.78.76 - - [17/Mar/2013:00:43:15 +0100] "GET /download/Lift_D.pdf HTTP/1.1" 304 - "-" "Mozilla/5.0 (iPhone; U; CPU iPhone OS 4_1 like Mac OS X; en-us) AppleWebKit/532.9 (KHTML, like Gecko) Version/4.0.5 Mobile/8B117 Safari/6531.22.7 (compatible; Googlebot-Mobile/2.1; +http://www.google.com/bot.html)"
66.249.78.76 - - [17/Mar/2013:03:26:55 +0100] "GET /robots.txt HTTP/1.1" 404 - "-" "Mozilla/5.0 (compatible; Googlebot/2.1; +http://www.google.com/bot.html)"
66.249.78.76 - - [17/Mar/2013:03:26:55 +0100] "GET /download/Newsletter_Groeger_2012-11.pdf HTTP/1.1" 304 - "-" "Mozilla/5.0 (compatible; Googlebot/2.1; +http://www.google.com/bot.html)"
173.199.116.227 - - [17/Mar/2013:04:15:42 +0100] "GET /verkauf.php HTTP/1.1" 200 6239 "-" "Mozilla/5.0 (compatible; AhrefsBot/4.0; +http://ahrefs.com/robot/)"
65.55.213.37 - - [17/Mar/2013:04:30:42 +0100] "GET / HTTP/1.1" 200 6430 "-" "Mozilla/4.0 (compatible; MSIE 7.0; Windows NT 5.2; SV1; .NET CLR 1.1.4325; .NET CLR 2.0.50727)"
65.55.213.37 - - [17/Mar/2013:04:30:43 +0100] "GET /css/groeger.css HTTP/1.1" 200 5198 "http://www.groeger-bauaufzuege.de/" "Mozilla/4.0 (compatible; MSIE 7.0; Windows NT 5.2; SV1; .NET CLR 1.1.4325; .NET CLR 2.0.50727)"
65.55.213.37 - - [17/Mar/2013:04:30:43 +0100] "GET /swfobject.js HTTP/1.1" 200 6880 "http://www.groeger-bauaufzuege.de/" "Mozilla/4.0 (compatible; MSIE 7.0; Windows NT 5.2; SV1; .NET CLR 1.1.4325; .NET CLR 2.0.50727)"
65.55.213.37 - - [17/Mar/2013:04:30:44 +0100] "GET /jquery-1.4.3.min.js HTTP/1.1" 200 77746 "http://www.groeger-bauaufzuege.de/" "Mozilla/4.0 (compatible; MSIE 7.0; Windows NT 5.2; SV1; .NET CLR 1.1.4325; .NET CLR 2.0.50727)"
65.55.213.37 - - [17/Mar/2013:04:30:45 +0100] "GET /jquery.cross-slide.js HTTP/1.1" 200 11724 "http://www.groeger-bauaufzuege.de/" "Mozilla/4.0 (compatible; MSIE 7.0; Windows NT 5.2; SV1; .NET CLR 1.1.4325; .NET CLR 2.0.50727)"
65.55.213.37 - - [17/Mar/2013:04:30:46 +0100] "GET /fancybox/jquery.fancybox-1.3.4.pack.js HTTP/1.1" 200 15624 "http://www.groeger-bauaufzuege.de/" "Mozilla/4.0 (compatible; MSIE 7.0; Windows NT 5.2; SV1; .NET CLR 1.1.4325; .NET CLR 2.0.50727)"
65.55.213.37 - - [17/Mar/2013:04:30:46 +0100] "GET /fancybox/jquery.fancybox-1.3.4.css HTTP/1.1" 200 8494 "http://www.groeger-bauaufzuege.de/" "Mozilla/4.0 (compatible; MSIE 7.0; Windows NT 5.2; SV1; .NET CLR 1.1.4325; .NET CLR 2.0.50727)"
141.8.147.12 - - [17/Mar/2013:05:02:19 +0100] "GET /robots.txt HTTP/1.1" 404 - "-" "Mozilla/5.0 (compatible; YandexBot/3.0; +http://yandex.com/bots)"
173.199.116.227 - - [17/Mar/2013:05:48:29 +0100] "GET /download/Newsletter-Groeger-Dachdecker-2011-04.pdf HTTP/1.1" 200 248596 "-" "Mozilla/5.0 (compatible; AhrefsBot/4.0; +http://ahrefs.com/robot/)"
141.8.147.12 - - [17/Mar/2013:06:40:21 +0100] "GET / HTTP/1.1" 200 6430 "-" "Mozilla/5.0 (compatible; YandexBot/3.0; +http://yandex.com/bots)"
157.55.32.106 - - [17/Mar/2013:08:32:53 +0100] "GET /robots.txt HTTP/1.1" 404 - "-" "Mozilla/5.0 (compatible; bingbot/2.0; +http://www.bing.com/bingbot.htm)"
157.55.32.106 - - [17/Mar/2013:08:34:42 +0100] "GET / HTTP/1.1" 200 6430 "-" "Mozilla/5.0 (compatible; bingbot/2.0; +http://www.bing.com/bingbot.htm)"
173.199.116.227 - - [17/Mar/2013:14:16:01 +0100] "GET /leistungen.php HTTP/1.1" 200 7141 "-" "Mozilla/5.0 (compatible; AhrefsBot/4.0; +http://ahrefs.com/robot/)"
5.9.42.111 - - [17/Mar/2013:14:16:32 +0100] "GET / HTTP/1.1" 200 6430 "-" "Mozilla/5.0 (X11; Ubuntu; Linux x86_64; rv:15.0) Gecko/20100101 Firefox/15.0.1"
66.249.78.76 - - [17/Mar/2013:14:45:48 +0100] "GET /download/Newsletter_Groeger_2012-06.pdf HTTP/1.1" 304 - "-" "Mozilla/5.0 (iPhone; U; CPU iPhone OS 4_1 like Mac OS X; en-us) AppleWebKit/532.9 (KHTML, like Gecko) Version/4.0.5 Mobile/8B117 Safari/6531.22.7 (compatible; Googlebot-Mobile/2.1; +http://www.google.com/bot.html)"
173.199.116.227 - - [17/Mar/2013:15:07:09 +0100] "GET /unternehmen.php HTTP/1.1" 200 6859 "-" "Mozilla/5.0 (compatible; AhrefsBot/4.0; +http://ahrefs.com/robot/)"
66.249.78.76 - - [17/Mar/2013:17:09:05 +0100] "GET /robots.txt HTTP/1.1" 404 - "-" "Mozilla/5.0 (compatible; Googlebot/2.1; +http://www.google.com/bot.html)"
66.249.75.88 - - [17/Mar/2013:17:09:05 +0100] "GET /impressum.php HTTP/1.1" 200 7582 "-" "DoCoMo/2.0 N905i(c100;TB;W24H16) (compatible; Googlebot-Mobile/2.1; +http://www.google.com/bot.html)"
91.32.109.50 - - [17/Mar/2013:17:39:58 +0100] "GET / HTTP/1.1" 200 6430 "http://suche.t-online.de/fast-cgi/tsc?sr=ptoweb&q=Bauaufz%C3%BCge" "Mozilla/4.0 (compatible; MSIE 8.0; TOB 6.12; Windows NT 5.1; Trident/4.0; GTB7.4; .NET CLR 1.1.4322; .NET CLR 2.0.50727; .NET CLR 3.0.4506.2152; .NET CLR 3.5.30729; AskTbORJ/5.15.15.36191)"
91.32.109.50 - - [17/Mar/2013:17:39:59 +0100] "GET /css/groeger.css HTTP/1.1" 200 5198 "http://www.groeger-bauaufzuege.de/" "Mozilla/4.0 (compatible; MSIE 8.0; TOB 6.12; Windows NT 5.1; Trident/4.0; GTB7.4; .NET CLR 1.1.4322; .NET CLR 2.0.50727; .NET CLR 3.0.4506.2152; .NET CLR 3.5.30729; AskTbORJ/5.15.15.36191)"
91.32.109.50 - - [17/Mar/2013:17:39:59 +0100] "GET /swfobject.js HTTP/1.1" 200 6880 "http://www.groeger-bauaufzuege.de/" "Mozilla/4.0 (compatible; MSIE 8.0; TOB 6.12; Windows NT 5.1; Trident/4.0; GTB7.4; .NET CLR 1.1.4322; .NET CLR 2.0.50727; .NET CLR 3.0.4506.2152; .NET CLR 3.5.30729; AskTbORJ/5.15.15.36191)"
91.32.109.50 - - [17/Mar/2013:17:40:00 +0100] "GET /jquery.cross-slide.js HTTP/1.1" 200 11724 "http://www.groeger-bauaufzuege.de/" "Mozilla/4.0 (compatible; MSIE 8.0; TOB 6.12; Windows NT 5.1; Trident/4.0; GTB7.4; .NET CLR 1.1.4322; .NET CLR 2.0.50727; .NET CLR 3.0.4506.2152; .NET CLR 3.5.30729; AskTbORJ/5.15.15.36191)"
91.32.109.50 - - [17/Mar/2013:17:39:59 +0100] "GET /jquery-1.4.3.min.js HTTP/1.1" 200 77746 "http://www.groeger-bauaufzuege.de/" "Mozilla/4.0 (compatible; MSIE 8.0; TOB 6.12; Windows NT 5.1; Trident/4.0; GTB7.4; .NET CLR 1.1.4322; .NET CLR 2.0.50727; .NET CLR 3.0.4506.2152; .NET CLR 3.5.30729; AskTbORJ/5.15.15.36191)"
91.32.109.50 - - [17/Mar/2013:17:40:00 +0100] "GET /fancybox/jquery.fancybox-1.3.4.pack.js HTTP/1.1" 200 15624 "http://www.groeger-bauaufzuege.de/" "Mozilla/4.0 (compatible; MSIE 8.0; TOB 6.12; Windows NT 5.1; Trident/4.0; GTB7.4; .NET CLR 1.1.4322; .NET CLR 2.0.50727; .NET CLR 3.0.4506.2152; .NET CLR 3.5.30729; AskTbORJ/5.15.15.36191)"
91.32.109.50 - - [17/Mar/2013:17:40:01 +0100] "GET /fancybox/jquery.fancybox-1.3.4.css HTTP/1.1" 200 8494 "http://www.groeger-bauaufzuege.de/" "Mozilla/4.0 (compatible; MSIE 8.0; TOB 6.12; Windows NT 5.1; Trident/4.0; GTB7.4; .NET CLR 1.1.4322; .NET CLR 2.0.50727; .NET CLR 3.0.4506.2152; .NET CLR 3.5.30729; AskTbORJ/5.15.15.36191)"
91.32.109.50 - - [17/Mar/2013:17:40:02 +0100] "GET /img/logo_groeger.gif HTTP/1.1" 200 3605 "http://www.groeger-bauaufzuege.de/" "Mozilla/4.0 (compatible; MSIE 8.0; TOB 6.12; Windows NT 5.1; Trident/4.0; GTB7.4; .NET CLR 1.1.4322; .NET CLR 2.0.50727; .NET CLR 3.0.4506.2152; .NET CLR 3.5.30729; AskTbORJ/5.15.15.36191)"
91.32.109.50 - - [17/Mar/2013:17:40:02 +0100] "GET /img/pfeil.png HTTP/1.1" 200 840 "http://www.groeger-bauaufzuege.de/" "Mozilla/4.0 (compatible; MSIE 8.0; TOB 6.12; Windows NT 5.1; Trident/4.0; GTB7.4; .NET CLR 1.1.4322; .NET CLR 2.0.50727; .NET CLR 3.0.4506.2152; .NET CLR 3.5.30729; AskTbORJ/5.15.15.36191)"
91.32.109.50 - - [17/Mar/2013:17:40:02 +0100] "GET /img/grauverlauf.png HTTP/1.1" 200 3242 "http://www.groeger-bauaufzuege.de/" "Mozilla/4.0 (compatible; MSIE 8.0; TOB 6.12; Windows NT 5.1; Trident/4.0; GTB7.4; .NET CLR 1.1.4322; .NET CLR 2.0.50727; .NET CLR 3.0.4506.2152; .NET CLR 3.5.30729; AskTbORJ/5.15.15.36191)"
91.32.109.50 - - [17/Mar/2013:17:40:02 +0100] "GET /img/bild_1.jpg HTTP/1.1" 200 44440 "http://www.groeger-bauaufzuege.de/" "Mozilla/4.0 (compatible; MSIE 8.0; TOB 6.12; Windows NT 5.1; Trident/4.0; GTB7.4; .NET CLR 1.1.4322; .NET CLR 2.0.50727; .NET CLR 3.0.4506.2152; .NET CLR 3.5.30729; AskTbORJ/5.15.15.36191)"
91.32.109.50 - - [17/Mar/2013:17:40:02 +0100] "GET /img/groeger_web.jpg HTTP/1.1" 200 10877 "http://www.groeger-bauaufzuege.de/" "Mozilla/4.0 (compatible; MSIE 8.0; TOB 6.12; Windows NT 5.1; Trident/4.0; GTB7.4; .NET CLR 1.1.4322; .NET CLR 2.0.50727; .NET CLR 3.0.4506.2152; .NET CLR 3.5.30729; AskTbORJ/5.15.15.36191)"
91.32.109.50 - - [17/Mar/2013:17:40:03 +0100] "GET /fancybox/fancybox.png HTTP/1.1" 200 15287 "http://www.groeger-bauaufzuege.de/" "Mozilla/4.0 (compatible; MSIE 8.0; TOB 6.12; Windows NT 5.1; Trident/4.0; GTB7.4; .NET CLR 1.1.4322; .NET CLR 2.0.50727; .NET CLR 3.0.4506.2152; .NET CLR 3.5.30729; AskTbORJ/5.15.15.36191)"
91.32.109.50 - - [17/Mar/2013:17:40:03 +0100] "GET /fancybox/blank.gif HTTP/1.1" 200 43 "http://www.groeger-bauaufzuege.de/" "Mozilla/4.0 (compatible; MSIE 8.0; TOB 6.12; Windows NT 5.1; Trident/4.0; GTB7.4; .NET CLR 1.1.4322; .NET CLR 2.0.50727; .NET CLR 3.0.4506.2152; .NET CLR 3.5.30729; AskTbORJ/5.15.15.36191)"
91.32.109.50 - - [17/Mar/2013:17:40:03 +0100] "GET /img/bild_2.jpg HTTP/1.1" 200 53191 "http://www.groeger-bauaufzuege.de/" "Mozilla/4.0 (compatible; MSIE 8.0; TOB 6.12; Windows NT 5.1; Trident/4.0; GTB7.4; .NET CLR 1.1.4322; .NET CLR 2.0.50727; .NET CLR 3.0.4506.2152; .NET CLR 3.5.30729; AskTbORJ/5.15.15.36191)"
91.32.109.50 - - [17/Mar/2013:17:40:03 +0100] "GET /img/bild_3.jpg HTTP/1.1" 200 57915 "http://www.groeger-bauaufzuege.de/" "Mozilla/4.0 (compatible; MSIE 8.0; TOB 6.12; Windows NT 5.1; Trident/4.0; GTB7.4; .NET CLR 1.1.4322; .NET CLR 2.0.50727; .NET CLR 3.0.4506.2152; .NET CLR 3.5.30729; AskTbORJ/5.15.15.36191)"
91.32.109.50 - - [17/Mar/2013:17:40:05 +0100] "GET /img/favicon.gif HTTP/1.1" 200 119 "-" "T-Online Browser"
91.32.109.50 - - [17/Mar/2013:17:40:05 +0100] "GET /fancybox/fancy_shadow_n.png HTTP/1.1" 200 106 "-" "Mozilla/4.0 (compatible; MSIE 8.0; TOB 6.12; Windows NT 5.1; Trident/4.0; GTB7.4; .NET CLR 1.1.4322; .NET CLR 2.0.50727; .NET CLR 3.0.4506.2152; .NET CLR 3.5.30729; AskTbORJ/5.15.15.36191)"
91.32.109.50 - - [17/Mar/2013:17:40:05 +0100] "GET /fancybox/fancy_shadow_ne.png HTTP/1.1" 200 347 "-" "Mozilla/4.0 (compatible; MSIE 8.0; TOB 6.12; Windows NT 5.1; Trident/4.0; GTB7.4; .NET CLR 1.1.4322; .NET CLR 2.0.50727; .NET CLR 3.0.4506.2152; .NET CLR 3.5.30729; AskTbORJ/5.15.15.36191)"
91.32.109.50 - - [17/Mar/2013:17:40:06 +0100] "GET /fancybox/fancy_shadow_e.png HTTP/1.1" 200 107 "-" "Mozilla/4.0 (compatible; MSIE 8.0; TOB 6.12; Windows NT 5.1; Trident/4.0; GTB7.4; .NET CLR 1.1.4322; .NET CLR 2.0.50727; .NET CLR 3.0.4506.2152; .NET CLR 3.5.30729; AskTbORJ/5.15.15.36191)"
91.32.109.50 - - [17/Mar/2013:17:40:06 +0100] "GET /fancybox/fancy_shadow_se.png HTTP/1.1" 200 352 "-" "Mozilla/4.0 (compatible; MSIE 8.0; TOB 6.12; Windows NT 5.1; Trident/4.0; GTB7.4; .NET CLR 1.1.4322; .NET CLR 2.0.50727; .NET CLR 3.0.4506.2152; .NET CLR 3.5.30729; AskTbORJ/5.15.15.36191)"
91.32.109.50 - - [17/Mar/2013:17:40:05 +0100] "GET /img/bild_4.jpg HTTP/1.1" 200 45325 "http://www.groeger-bauaufzuege.de/" "Mozilla/4.0 (compatible; MSIE 8.0; TOB 6.12; Windows NT 5.1; Trident/4.0; GTB7.4; .NET CLR 1.1.4322; .NET CLR 2.0.50727; .NET CLR 3.0.4506.2152; .NET CLR 3.5.30729; AskTbORJ/5.15.15.36191)"
91.32.109.50 - - [17/Mar/2013:17:40:06 +0100] "GET /fancybox/fancy_shadow_s.png HTTP/1.1" 200 111 "-" "Mozilla/4.0 (compatible; MSIE 8.0; TOB 6.12; Windows NT 5.1; Trident/4.0; GTB7.4; .NET CLR 1.1.4322; .NET CLR 2.0.50727; .NET CLR 3.0.4506.2152; .NET CLR 3.5.30729; AskTbORJ/5.15.15.36191)"
91.32.109.50 - - [17/Mar/2013:17:40:06 +0100] "GET /fancybox/fancy_shadow_sw.png HTTP/1.1" 200 340 "-" "Mozilla/4.0 (compatible; MSIE 8.0; TOB 6.12; Windows NT 5.1; Trident/4.0; GTB7.4; .NET CLR 1.1.4322; .NET CLR 2.0.50727; .NET CLR 3.0.4506.2152; .NET CLR 3.5.30729; AskTbORJ/5.15.15.36191)"
91.32.109.50 - - [17/Mar/2013:17:40:06 +0100] "GET /fancybox/fancy_shadow_w.png HTTP/1.1" 200 103 "-" "Mozilla/4.0 (compatible; MSIE 8.0; TOB 6.12; Windows NT 5.1; Trident/4.0; GTB7.4; .NET CLR 1.1.4322; .NET CLR 2.0.50727; .NET CLR 3.0.4506.2152; .NET CLR 3.5.30729; AskTbORJ/5.15.15.36191)"
91.32.109.50 - - [17/Mar/2013:17:40:06 +0100] "GET /fancybox/fancy_shadow_nw.png HTTP/1.1" 200 324 "-" "Mozilla/4.0 (compatible; MSIE 8.0; TOB 6.12; Windows NT 5.1; Trident/4.0; GTB7.4; .NET CLR 1.1.4322; .NET CLR 2.0.50727; .NET CLR 3.0.4506.2152; .NET CLR 3.5.30729; AskTbORJ/5.15.15.36191)"
91.32.109.50 - - [17/Mar/2013:17:40:11 +0100] "GET /verkauf.php HTTP/1.1" 200 6239 "http://www.groeger-bauaufzuege.de/" "Mozilla/4.0 (compatible; MSIE 8.0; TOB 6.12; Windows NT 5.1; Trident/4.0; GTB7.4; .NET CLR 1.1.4322; .NET CLR 2.0.50727; .NET CLR 3.0.4506.2152; .NET CLR 3.5.30729; AskTbORJ/5.15.15.36191)"
91.32.109.50 - - [17/Mar/2013:17:40:12 +0100] "GET /img/logo_geda.gif HTTP/1.1" 200 4337 "http://www.groeger-bauaufzuege.de/verkauf.php" "Mozilla/4.0 (compatible; MSIE 8.0; TOB 6.12; Windows NT 5.1; Trident/4.0; GTB7.4; .NET CLR 1.1.4322; .NET CLR 2.0.50727; .NET CLR 3.0.4506.2152; .NET CLR 3.5.30729; AskTbORJ/5.15.15.36191)"
91.32.109.50 - - [17/Mar/2013:17:40:12 +0100] "GET /img/logo_boecker.gif HTTP/1.1" 200 2974 "http://www.groeger-bauaufzuege.de/verkauf.php" "Mozilla/4.0 (compatible; MSIE 8.0; TOB 6.12; Windows NT 5.1; Trident/4.0; GTB7.4; .NET CLR 1.1.4322; .NET CLR 2.0.50727; .NET CLR 3.0.4506.2152; .NET CLR 3.5.30729; AskTbORJ/5.15.15.36191)"
