66.249.78.236 - - [05/Jun/2014:02:56:49 +0200] "GET /include.php?path=contentarchive&type=1&letter=O&catid=1&themeid=0&searchtext=&entries=5&order=&nid=19 HTTP/1.1" 404 1256 "-" "Mozilla/5.0 (compatible; Googlebot/2.1; +http://www.google.com/bot.html)"
66.249.78.236 - - [05/Jun/2014:03:55:20 +0200] "GET /include.php?path=contentarchive&type=2&letter=S&catid=0&themeid=0&searchtext=&entries=0&order=dated HTTP/1.1" 404 1256 "-" "Mozilla/5.0 (compatible; Googlebot/2.1; +http://www.google.com/bot.html)"
66.249.78.236 - - [05/Jun/2014:03:59:50 +0200] "GET /include.php?path=contentarchive&type=2&catid=11&letter=L&entries=0&searchtext=&order=title&nid=19 HTTP/1.1" 404 1256 "-" "Mozilla/5.0 (compatible; Googlebot/2.1; +http://www.google.com/bot.html)"
66.249.78.236 - - [05/Jun/2014:04:04:20 +0200] "GET /include.php?path=contentarchive&type=2&catid=0&letter=J&entries=0&searchtext=&order=titled HTTP/1.1" 404 1256 "-" "Mozilla/5.0 (compatible; Googlebot/2.1; +http://www.google.com/bot.html)"
66.249.78.236 - - [05/Jun/2014:04:08:50 +0200] "GET /include.php?path=contentarchive&type=2&catid=9&letter=A&entries=0&searchtext=&order=dated&nid=4 HTTP/1.1" 404 1256 "-" "Mozilla/5.0 (compatible; Googlebot/2.1; +http://www.google.com/bot.html)"
66.249.78.236 - - [05/Jun/2014:04:13:20 +0200] "GET /include.php?path=contentarchive&type=1&catid=1&letter=Q&entries=0&searchtext=&order=titled&nid=21 HTTP/1.1" 404 1256 "-" "Mozilla/5.0 (compatible; Googlebot/2.1; +http://www.google.com/bot.html)"
66.249.78.236 - - [05/Jun/2014:04:17:50 +0200] "GET /include.php?path=contentarchive&type=3&letter=U&catid=0&themeid=0&searchtext=&entries=0&order=title&nid=32 HTTP/1.1" 404 1256 "-" "Mozilla/5.0 (compatible; Googlebot/2.1; +http://www.google.com/bot.html)"
208.115.111.69 - - [05/Jun/2014:04:20:07 +0200] "GET /?path=content&contentid=47&nid=17 HTTP/1.1" 302 - "-" "Mozilla/5.0 (compatible; DotBot/1.1; http://www.opensiteexplorer.org/dotbot, help@moz.com)"
66.249.78.236 - - [05/Jun/2014:04:22:20 +0200] "GET /include.php?path=contentarchive&type=2&catid=9&letter=Z&entries=0&searchtext=&order=titled&nid=4 HTTP/1.1" 404 1256 "-" "Mozilla/5.0 (compatible; Googlebot/2.1; +http://www.google.com/bot.html)"
66.249.78.236 - - [05/Jun/2014:04:26:50 +0200] "GET /include.php?path=content&mode=vote&contentid=103&type=1&content_vote=1&action=Go HTTP/1.1" 404 1256 "-" "Mozilla/5.0 (compatible; Googlebot/2.1; +http://www.google.com/bot.html)"
66.249.78.236 - - [05/Jun/2014:04:31:21 +0200] "GET /include.php?path=contentarchive&type=4&catid=7&letter=0-9&entries=0&searchtext=&order=title&nid=32 HTTP/1.1" 404 1256 "-" "Mozilla/5.0 (compatible; Googlebot/2.1; +http://www.google.com/bot.html)"
66.249.78.236 - - [05/Jun/2014:04:35:51 +0200] "GET /include.php?path=contentarchive&type=4&catid=7&letter=J&entries=0&searchtext=&order=dated&nid=32 HTTP/1.1" 404 1256 "-" "Mozilla/5.0 (compatible; Googlebot/2.1; +http://www.google.com/bot.html)"
66.249.78.236 - - [05/Jun/2014:04:40:21 +0200] "GET /include.php?path=content&mode=print&contentid=9 HTTP/1.1" 404 1256 "-" "Mozilla/5.0 (compatible; Googlebot/2.1; +http://www.google.com/bot.html)"
66.249.78.236 - - [05/Jun/2014:04:44:51 +0200] "GET /include.php?path=contentarchive&type=1&catid=10&letter=P&entries=0&searchtext=&order=dated&nid=32 HTTP/1.1" 404 1256 "-" "Mozilla/5.0 (compatible; Googlebot/2.1; +http://www.google.com/bot.html)"
178.255.215.70 - - [05/Jun/2014:05:10:07 +0200] "GET /robots.txt HTTP/1.1" 404 1256 "-" "Mozilla/5.0 (compatible; Exabot/3.0; +http://www.exabot.com/go/robot)"
178.255.215.70 - - [05/Jun/2014:05:10:07 +0200] "GET / HTTP/1.1" 302 - "-" "Mozilla/5.0 (compatible; Exabot/3.0; +http://www.exabot.com/go/robot)"
66.249.78.236 - - [05/Jun/2014:06:37:22 +0200] "GET /robots.txt HTTP/1.1" 404 1256 "-" "Mozilla/5.0 (compatible; Googlebot/2.1; +http://www.google.com/bot.html)"
66.249.78.236 - - [05/Jun/2014:06:37:22 +0200] "GET /include.php?path=contentarchive&type=2&catid=10&letter=H&entries=0&searchtext=&order=dated&nid=4 HTTP/1.1" 404 1256 "-" "Mozilla/5.0 (compatible; Googlebot/2.1; +http://www.google.com/bot.html)"
66.249.78.236 - - [05/Jun/2014:07:31:23 +0200] "GET /include.php?path=contentarchive&type=3&letter=L&catid=1&themeid=0&searchtext=&entries=0&order=titled&nid=4 HTTP/1.1" 404 1256 "-" "Mozilla/5.0 (compatible; Googlebot/2.1; +http://www.google.com/bot.html)"
24.132.86.156 - - [05/Jun/2014:07:39:01 +0200] "GET / HTTP/1.1" 302 - "-" "Java/1.7.0_21"
24.132.86.156 - - [05/Jun/2014:07:39:04 +0200] "GET /fls_1_aktuelles.php HTTP/1.1" 404 1256 "-" "Java/1.7.0_21"
24.132.86.156 - - [05/Jun/2014:07:39:04 +0200] "GET /fls_2_fremdsprachensekr.php HTTP/1.1" 404 1256 "-" "Java/1.7.0_21"
24.132.86.156 - - [05/Jun/2014:07:39:05 +0200] "GET /fls_3_blog.php HTTP/1.1" 404 1256 "-" "Java/1.7.0_21"
24.132.86.156 - - [05/Jun/2014:07:39:05 +0200] "GET /fls_4_faq.php HTTP/1.1" 404 1256 "-" "Java/1.7.0_21"
24.132.86.156 - - [05/Jun/2014:07:39:05 +0200] "GET /fls_4_impressum.php HTTP/1.1" 404 1256 "-" "Java/1.7.0_21"
24.132.86.156 - - [05/Jun/2014:07:39:06 +0200] "GET /fls_4_kontakt_anmeldung.php HTTP/1.1" 404 1256 "-" "Java/1.7.0_21"
24.132.86.156 - - [05/Jun/2014:07:39:07 +0200] "GET /index.php HTTP/1.1" 302 - "-" "Java/1.7.0_21"
24.132.86.156 - - [05/Jun/2014:07:39:09 +0200] "GET /index_en.php HTTP/1.1" 404 1256 "-" "Java/1.7.0_21"
24.132.86.156 - - [05/Jun/2014:07:39:09 +0200] "GET /index_fr.php HTTP/1.1" 404 1256 "-" "Java/1.7.0_21"
24.132.86.156 - - [05/Jun/2014:07:39:09 +0200] "GET /index_sp.php HTTP/1.1" 404 1256 "-" "Java/1.7.0_21"
24.132.86.156 - - [05/Jun/2014:07:39:10 +0200] "GET /& HTTP/1.1" 404 1256 "-" "Java/1.7.0_21"
24.132.86.156 - - [05/Jun/2014:07:39:10 +0200] "GET /& HTTP/1.1" 404 1256 "-" "Java/1.7.0_21"
24.132.86.156 - - [05/Jun/2014:07:39:10 +0200] "GET /& HTTP/1.1" 404 1256 "-" "Java/1.7.0_21"
24.132.86.156 - - [05/Jun/2014:07:39:11 +0200] "GET /& HTTP/1.1" 404 1256 "-" "Java/1.7.0_21"
24.132.86.156 - - [05/Jun/2014:07:39:11 +0200] "GET /& HTTP/1.1" 404 1256 "-" "Java/1.7.0_21"
24.132.86.156 - - [05/Jun/2014:07:39:12 +0200] "GET /& HTTP/1.1" 404 1256 "-" "Java/1.7.0_21"
24.132.86.156 - - [05/Jun/2014:07:39:12 +0200] "GET /& HTTP/1.1" 404 1256 "-" "Java/1.7.0_21"
24.132.86.156 - - [05/Jun/2014:07:39:14 +0200] "GET /& HTTP/1.1" 404 1256 "-" "Java/1.7.0_21"
24.132.86.156 - - [05/Jun/2014:07:39:17 +0200] "GET /& HTTP/1.1" 404 1256 "-" "Java/1.7.0_21"
24.132.86.156 - - [05/Jun/2014:07:39:18 +0200] "GET /& HTTP/1.1" 404 1256 "-" "Java/1.7.0_21"
24.132.86.156 - - [05/Jun/2014:07:39:19 +0200] "GET /& HTTP/1.1" 404 1256 "-" "Java/1.7.0_21"
24.132.86.156 - - [05/Jun/2014:07:39:19 +0200] "GET /& HTTP/1.1" 404 1256 "-" "Java/1.7.0_21"
24.132.86.156 - - [05/Jun/2014:07:39:19 +0200] "GET /& HTTP/1.1" 404 1256 "-" "Java/1.7.0_21"
24.132.86.156 - - [05/Jun/2014:07:39:20 +0200] "GET /& HTTP/1.1" 404 1256 "-" "Java/1.7.0_21"
24.132.86.156 - - [05/Jun/2014:07:39:20 +0200] "GET /& HTTP/1.1" 404 1256 "-" "Java/1.7.0_21"
24.132.86.156 - - [05/Jun/2014:07:39:20 +0200] "GET /& HTTP/1.1" 404 1256 "-" "Java/1.7.0_21"
24.132.86.156 - - [05/Jun/2014:07:39:20 +0200] "GET /& HTTP/1.1" 404 1256 "-" "Java/1.7.0_21"
24.132.86.156 - - [05/Jun/2014:07:39:21 +0200] "GET /& HTTP/1.1" 404 1256 "-" "Java/1.7.0_21"
24.132.86.156 - - [05/Jun/2014:07:39:21 +0200] "GET /& HTTP/1.1" 404 1256 "-" "Java/1.7.0_21"
24.132.86.156 - - [05/Jun/2014:07:39:22 +0200] "GET /& HTTP/1.1" 404 1256 "-" "Java/1.7.0_21"
66.249.78.236 - - [05/Jun/2014:08:34:23 +0200] "GET /include.php?path=contentarchive&type=2&catid=9&letter=C&entries=0&searchtext=&order=titled&nid=21 HTTP/1.1" 404 1256 "-" "Mozilla/5.0 (compatible; Googlebot/2.1; +http://www.google.com/bot.html)"
66.249.76.197 - - [05/Jun/2014:08:57:13 +0200] "GET / HTTP/1.1" 302 - "-" "DoCoMo/2.0 N905i(c100;TB;W24H16) (compatible; Googlebot-Mobile/2.1; +http://www.google.com/bot.html)"
173.252.112.113 - - [05/Jun/2014:09:18:47 +0200] "GET /?fb_locale=de_DE HTTP/1.1" 302 - "-" "facebookexternalhit/1.1 (+http://www.facebook.com/externalhit_uatext.php)"
173.252.112.118 - - [05/Jun/2014:09:18:47 +0200] "GET / HTTP/1.1" 302 - "-" "facebookexternalhit/1.1 (+http://www.facebook.com/externalhit_uatext.php)"
66.249.78.236 - - [05/Jun/2014:09:37:24 +0200] "GET /include.php?path=contentarchive&type=3&catid=0&letter=&entries=0&searchtext=&order=date&nid=21 HTTP/1.1" 404 1256 "-" "Mozilla/5.0 (compatible; Googlebot/2.1; +http://www.google.com/bot.html)"
66.249.78.236 - - [05/Jun/2014:09:41:54 +0200] "GET /include.php?path=contentarchive&type=4&letter=Q&catid=7&themeid=0&searchtext=&entries=0&order=titled&nid=32 HTTP/1.1" 404 1256 "-" "Mozilla/5.0 (compatible; Googlebot/2.1; +http://www.google.com/bot.html)"
66.249.78.236 - - [05/Jun/2014:09:46:24 +0200] "GET /include.php?path=contentarchive&type=1&letter=W&catid=9&themeid=0&searchtext=&entries=0&order=title HTTP/1.1" 404 1256 "-" "Mozilla/5.0 (compatible; Googlebot/2.1; +http://www.google.com/bot.html)"
208.115.111.69 - - [05/Jun/2014:10:36:13 +0200] "GET /robots.txt HTTP/1.1" 404 1256 "-" "Mozilla/5.0 (compatible; DotBot/1.1; http://www.opensiteexplorer.org/dotbot, help@moz.com)"
83.149.126.98 - - [05/Jun/2014:10:52:05 +0200] "GET /robots.txt HTTP/1.0" 404 1256 "-" "Mozilla/5.0 (compatible; MJ12bot/v1.4.5; http://www.majestic12.co.uk/bot.php?+)"
83.149.126.98 - - [05/Jun/2014:10:52:07 +0200] "GET / HTTP/1.0" 302 - "-" "Mozilla/5.0 (compatible; MJ12bot/v1.4.5; http://www.majestic12.co.uk/bot.php?+)"
66.249.78.236 - - [05/Jun/2014:10:53:55 +0200] "GET /include.php?path=contentarchive&type=2&letter=alle&catid=9&themeid=0&searchtext=&entries=0&order=&nid=4 HTTP/1.1" 404 1256 "-" "Mozilla/5.0 (compatible; Googlebot/2.1; +http://www.google.com/bot.html)"
66.249.78.236 - - [05/Jun/2014:11:47:56 +0200] "GET /include.php?path=contentarchive&type=4&catid=1&letter=J&entries=0&searchtext=&order=title&nid=19 HTTP/1.1" 404 1256 "-" "Mozilla/5.0 (compatible; Googlebot/2.1; +http://www.google.com/bot.html)"
66.249.78.236 - - [05/Jun/2014:11:52:26 +0200] "GET /include.php?path=contentarchive&type=3&letter=A&catid=0&themeid=0&searchtext=&entries=0&order=dated&nid=19 HTTP/1.1" 404 1256 "-" "Mozilla/5.0 (compatible; Googlebot/2.1; +http://www.google.com/bot.html)"
66.249.78.236 - - [05/Jun/2014:11:56:56 +0200] "GET /include.php?path=contentarchive&type=2&letter=C&catid=9&themeid=0&searchtext=&entries=0&order=titled&nid=21 HTTP/1.1" 404 1256 "-" "Mozilla/5.0 (compatible; Googlebot/2.1; +http://www.google.com/bot.html)"
37.5.42.29 - - [05/Jun/2014:12:14:06 +0200] "GET / HTTP/1.1" 302 - "-" "Mozilla/5.0 (Windows NT 6.1; WOW64; Trident/7.0; rv:11.0) like Gecko"
208.115.111.69 - - [05/Jun/2014:12:17:46 +0200] "GET /include.php?path=contentarchive&type=2&letter=U&catid=0&themeid=0&searchtext=&entries=0&order=title HTTP/1.1" 404 1256 "-" "Mozilla/5.0 (compatible; DotBot/1.1; http://www.opensiteexplorer.org/dotbot, help@moz.com)"
208.115.113.85 - - [05/Jun/2014:12:48:51 +0200] "GET /robots.txt HTTP/1.1" 404 1256 "-" "Mozilla/5.0 (compatible; DotBot/1.1; http://www.opensiteexplorer.org/dotbot, help@moz.com)"
66.249.78.236 - - [05/Jun/2014:12:50:57 +0200] "GET /include.php?path=contentarchive&type=2&letter=L&catid=9&themeid=0&searchtext=&entries=0&order=title&nid=13 HTTP/1.1" 404 1256 "-" "Mozilla/5.0 (compatible; Googlebot/2.1; +http://www.google.com/bot.html)"
66.249.78.236 - - [05/Jun/2014:12:59:57 +0200] "GET /include.php?path=contentarchive&type=2&letter=S&catid=0&themeid=0&searchtext=&entries=0&order=title&nid=13 HTTP/1.1" 404 1256 "-" "Mozilla/5.0 (compatible; Googlebot/2.1; +http://www.google.com/bot.html)"
66.249.78.236 - - [05/Jun/2014:13:04:27 +0200] "GET /include.php?path=contentarchive&type=2&letter=S&catid=10&themeid=0&searchtext=&entries=0&order=title&nid=4 HTTP/1.1" 404 1256 "-" "Mozilla/5.0 (compatible; Googlebot/2.1; +http://www.google.com/bot.html)"
66.249.78.236 - - [05/Jun/2014:13:17:57 +0200] "GET /include.php?path=content&mode=vote&contentid=118&type=4&content_vote=9&action=Go&nid=4 HTTP/1.1" 404 1256 "-" "Mozilla/5.0 (compatible; Googlebot/2.1; +http://www.google.com/bot.html)"
5.147.198.233 - - [05/Jun/2014:13:52:26 +0200] "GET / HTTP/1.1" 302 - "http://www.google.de/url?sa=t&rct=j&q=&esrc=s&source=web&cd=7&cad=rja&uact=8&ved=0CHUQoAIwBg&url=http%3A%2F%2Fwww.friedrich-list-berlin.de%2F&ei=ZkqQU5_aHefg4QTx7YHQAQ&usg=AFQjCNGsKs3TvBQ4z91zrYvo9_SfKi5nug&sig2=BDp2qko7pzDy2-veofRCEw&bvm=bv.68235269,bs.1,d.b2k" "Mozilla/5.0 (Macintosh; Intel Mac OS X 10_7_5) AppleWebKit/537.71 (KHTML, like Gecko) Version/6.1 Safari/537.71"
66.249.78.236 - - [05/Jun/2014:13:53:57 +0200] "GET /include.php?path=contentarchive&type=3&catid=1&letter=A&entries=0&searchtext=&order=dated HTTP/1.1" 404 1256 "-" "Mozilla/5.0 (compatible; Googlebot/2.1; +http://www.google.com/bot.html)"
66.249.78.236 - - [05/Jun/2014:14:02:57 +0200] "GET /include.php?path=contentarchive&type=1&catid=10&letter=Q&entries=0&searchtext=&order=title&nid=32 HTTP/1.1" 404 1256 "-" "Mozilla/5.0 (compatible; Googlebot/2.1; +http://www.google.com/bot.html)"
92.225.55.57 - - [05/Jun/2014:14:04:27 +0200] "GET / HTTP/1.1" 302 - "http://www.berlin.de/sen/bildung/schulverzeichnis_und_portraets/anwendung/Schulportrait.aspx" "Mozilla/5.0 (Macintosh; Intel Mac OS X 10.9; rv:29.0) Gecko/20100101 Firefox/29.0"
66.249.78.236 - - [05/Jun/2014:14:07:27 +0200] "GET /include.php?path=contentarchive&type=4&letter=J&catid=0&themeid=0&searchtext=&entries=0&order=dated&nid=21 HTTP/1.1" 404 1256 "-" "Mozilla/5.0 (compatible; Googlebot/2.1; +http://www.google.com/bot.html)"
66.249.78.236 - - [05/Jun/2014:14:11:58 +0200] "GET /include.php?path=contentarchive&type=2&letter=J&catid=1&themeid=0&searchtext=&entries=0&order=title&nid=4 HTTP/1.1" 404 1256 "-" "Mozilla/5.0 (compatible; Googlebot/2.1; +http://www.google.com/bot.html)"
66.249.78.236 - - [05/Jun/2014:14:16:28 +0200] "GET /include.php?path=content&mode=vote&contentid=118&type=4&content_vote=1&action=Go&nid=19 HTTP/1.1" 404 1256 "-" "Mozilla/5.0 (compatible; Googlebot/2.1; +http://www.google.com/bot.html)"
208.115.111.69 - - [05/Jun/2014:14:36:27 +0200] "GET /robots.txt HTTP/1.1" 404 1256 "-" "Mozilla/5.0 (compatible; DotBot/1.1; http://www.opensiteexplorer.org/dotbot, help@moz.com)"
208.115.113.85 - - [05/Jun/2014:14:40:58 +0200] "GET /include.php?path=contentarchive&type=3&catid=0&letter=D&entries=0&searchtext=&order=dated HTTP/1.1" 404 1256 "-" "Mozilla/5.0 (compatible; DotBot/1.1; http://www.opensiteexplorer.org/dotbot, help@moz.com)"
66.249.78.236 - - [05/Jun/2014:15:05:58 +0200] "GET /include.php?path=contentarchive&type=1&catid=0&letter=U&entries=0&searchtext=&order=dated&nid=21 HTTP/1.1" 404 1256 "-" "Mozilla/5.0 (compatible; Googlebot/2.1; +http://www.google.com/bot.html)"
208.115.111.69 - - [05/Jun/2014:15:53:15 +0200] "GET /?path=contentarchive&type=2&letter=F&catid=0&themeid=0&searchtext=&entries=0&order= HTTP/1.1" 302 - "-" "Mozilla/5.0 (compatible; DotBot/1.1; http://www.opensiteexplorer.org/dotbot, help@moz.com)"
66.249.78.236 - - [05/Jun/2014:16:13:29 +0200] "GET /include.php?path=contentarchive&type=4&catid=7&letter=C&entries=0&searchtext=&order=title&nid=21 HTTP/1.1" 404 1256 "-" "Mozilla/5.0 (compatible; Googlebot/2.1; +http://www.google.com/bot.html)"
188.138.41.108 - - [05/Jun/2014:17:15:29 +0200] "GET /robots.txt HTTP/1.1" 404 1256 "-" "Mozilla/5.0 (X11; U; Linux i686; de; rv:1.9.0.1; compatible; iCjobs Stellenangebote Jobs; http://www.icjobs.de) Gecko/20100401 iCjobs/3.2.3"
188.138.41.108 - - [05/Jun/2014:17:15:29 +0200] "GET / HTTP/1.1" 302 - "-" "Mozilla/5.0 (X11; U; Linux i686; de; rv:1.9.0.1; compatible; iCjobs Stellenangebote Jobs; http://www.icjobs.de) Gecko/20100401 iCjobs/3.2.3"
188.138.41.108 - - [05/Jun/2014:17:15:30 +0200] "GET / HTTP/1.1" 302 - "-" "Mozilla/5.0 (X11; U; Linux i686; de; rv:1.9.0.1; compatible; iCjobs Stellenangebote Jobs; http://www.icjobs.de) Gecko/20100401 iCjobs/3.2.3"
87.162.72.252 - - [05/Jun/2014:17:15:58 +0200] "GET / HTTP/1.1" 302 - "-" "Mozilla/5.0 (Windows NT 6.1; WOW64; rv:29.0) Gecko/20100101 Firefox/29.0"
66.249.78.236 - - [05/Jun/2014:17:21:00 +0200] "GET /include.php?path=content&mode=vote&contentid=82&type=1&content_vote=3&action=Go&nid=13 HTTP/1.1" 404 1256 "-" "Mozilla/5.0 (compatible; Googlebot/2.1; +http://www.google.com/bot.html)"
78.52.193.200 - - [05/Jun/2014:17:55:47 +0200] "GET / HTTP/1.1" 302 - "http://www.bing.com/entities/search?q=friedrich+list+schule&filters=segment%3a%22local%22&FORM=LARE" "Mozilla/5.0 (Windows NT 6.1; WOW64; rv:29.0) Gecko/20100101 Firefox/29.0 AlexaToolbar/amznf-3.0.20121129"
66.249.78.236 - - [05/Jun/2014:18:19:31 +0200] "GET /include.php?path=contentarchive&type=4&catid=7&letter=&entries=0&searchtext=&order=titled&nid=4 HTTP/1.1" 404 1256 "-" "Mozilla/5.0 (compatible; Googlebot/2.1; +http://www.google.com/bot.html)"
176.9.48.201 - - [05/Jun/2014:18:19:31 +0200] "GET /robots.txt HTTP/1.1" 404 1256 "-" "Mozilla/5.0 (X11; Ubuntu; Linux x86_64; rv:27.0) Gecko/20100101 Firefox/27.0"
176.9.48.201 - - [05/Jun/2014:18:19:31 +0200] "GET / HTTP/1.1" 302 - "-" "Mozilla/5.0 (X11; Ubuntu; Linux x86_64; rv:27.0) Gecko/20100101 Firefox/27.0"
208.115.111.69 - - [05/Jun/2014:18:37:35 +0200] "GET /robots.txt HTTP/1.1" 404 1256 "-" "Mozilla/5.0 (compatible; DotBot/1.1; http://www.opensiteexplorer.org/dotbot, help@moz.com)"
141.8.147.12 - - [05/Jun/2014:18:46:21 +0200] "GET /robots.txt HTTP/1.1" 404 1256 "-" "Mozilla/5.0 (compatible; YandexBot/3.0; +http://yandex.com/bots)"
141.8.147.12 - - [05/Jun/2014:18:46:23 +0200] "GET / HTTP/1.1" 302 - "-" "Mozilla/5.0 (compatible; YandexBot/3.0; +http://yandex.com/bots)"
66.249.78.236 - - [05/Jun/2014:19:27:01 +0200] "GET /robots.txt HTTP/1.1" 404 1256 "-" "Mozilla/5.0 (compatible; Googlebot/2.1; +http://www.google.com/bot.html)"
66.249.78.236 - - [05/Jun/2014:19:27:02 +0200] "GET /include.php?path=content&mode=vote&contentid=73&type=1&content_vote=4&action=Go&nid=13 HTTP/1.1" 404 1256 "-" "Mozilla/5.0 (compatible; Googlebot/2.1; +http://www.google.com/bot.html)"
178.77.126.55 - - [05/Jun/2014:19:42:10 +0200] "GET /robots.txt HTTP/1.1" 404 1256 "-" "Mozilla/5.0 (compatible; CareerBot/1.1; +http://www.career-x.de/bot.html)"
178.77.126.55 - - [05/Jun/2014:19:42:10 +0200] "GET / HTTP/1.1" 302 - "-" "Mozilla/5.0 (compatible; CareerBot/1.1; +http://www.career-x.de/bot.html)"
208.115.111.69 - - [05/Jun/2014:20:13:59 +0200] "GET /include.php?path=contentarchive&type=2&letter=alle&catid=0&themeid=0&searchtext=&entries=0&order= HTTP/1.1" 404 1256 "-" "Mozilla/5.0 (compatible; DotBot/1.1; http://www.opensiteexplorer.org/dotbot, help@moz.com)"
66.249.78.115 - - [05/Jun/2014:20:27:33 +0200] "GET /robots.txt HTTP/1.1" 404 1256 "-" "Mozilla/5.0 (compatible; Googlebot/2.1; +http://www.google.com/bot.html)"
66.249.78.236 - - [05/Jun/2014:20:30:02 +0200] "GET /include.php?path=contentarchive&type=1&catid=9&letter=Q&entries=0&searchtext=&order=date&nid=4 HTTP/1.1" 404 1256 "-" "Mozilla/5.0 (compatible; Googlebot/2.1; +http://www.google.com/bot.html)"
85.179.171.73 - - [05/Jun/2014:21:02:11 +0200] "GET / HTTP/1.1" 302 - "http://www.google.de/search?hl=de&redir_esc=&client=ms-android-samsung&source=android-browser-type&v=133247963&qsubts=1401994868776&action=devloc&q=friedrich+list+schule&v=133247963" "Mozilla/5.0 (Linux; U; Android 2.3.6; de-de; GT-S5830i Build/GINGERBREAD) AppleWebKit/533.1 (KHTML, like Gecko) Version/4.0 Mobile Safari/533.1"
208.115.111.69 - - [05/Jun/2014:22:32:17 +0200] "GET /robots.txt HTTP/1.1" 404 1256 "-" "Mozilla/5.0 (compatible; DotBot/1.1; http://www.opensiteexplorer.org/dotbot, help@moz.com)"
37.58.100.85 - - [05/Jun/2014:23:08:01 +0200] "GET /robots.txt HTTP/1.1" 404 1256 "-" "Mozilla/5.0 (compatible; AhrefsBot/5.0; +http://ahrefs.com/robot/)"
176.9.76.43 - - [05/Jun/2014:23:33:08 +0200] "GET / HTTP/1.1" 302 - "-" "Mozilla/5.0 (X11; Ubuntu; Linux x86_64; rv:27.0) Gecko/20100101 Firefox/27.0"
94.134.222.39 - - [05/Jun/2014:23:57:35 +0200] "GET / HTTP/1.1" 302 - "http://l.facebook.com/l.php?u=http%3A%2F%2Fwww.fls-berlin.de%2F&h=5AQFl0hBX&enc=AZPDiWRuEv9qsM9AmDkwx-M5ehRBO-cqeY_hdsvR3PYFHOB4ADCgA7dSES5u5Zcj1XXAfLg8SNnAyD5JjV-e4vQbdw0w6MiUbIPtX-5UgO9yc-SbwvD9WPFUHh8kqXhQ9V16fR8hESpKXlO8SsoOJPov&s=1" "Mozilla/5.0 (Windows NT 6.1; WOW64; rv:29.0) Gecko/20100101 Firefox/29.0"
208.115.111.69 - - [06/Jun/2014:00:13:17 +0200] "GET /include.php?path=content&contentid=81&nid=2 HTTP/1.1" 404 1256 "-" "Mozilla/5.0 (compatible; DotBot/1.1; http://www.opensiteexplorer.org/dotbot, help@moz.com)"
208.115.111.69 - - [06/Jun/2014:00:13:18 +0200] "GET /include.php?path=contentarchive&type=2&letter=P&catid=0&themeid=0&searchtext=&entries=0&order=&nid=32 HTTP/1.1" 404 1256 "-" "Mozilla/5.0 (compatible; DotBot/1.1; http://www.opensiteexplorer.org/dotbot, help@moz.com)"
5.9.36.119 - - [06/Jun/2014:01:31:22 +0200] "GET /robots.txt HTTP/1.1" 404 1256 "-" "Mozilla/5.0 (compatible; SISTRIX Crawler; http://crawler.sistrix.net/)"
5.9.36.119 - - [06/Jun/2014:01:31:23 +0200] "GET / HTTP/1.1" 302 - "-" "Mozilla/5.0 (compatible; SISTRIX Crawler; http://crawler.sistrix.net/)"
64.74.215.140 - - [06/Jun/2014:02:02:48 +0200] "GET / HTTP/1.1" 302 - "-" "Mozilla/4.0 (compatible; MSIE 8.0; Windows NT 6.1; Trident/4.0)"
64.74.215.140 - - [06/Jun/2014:02:02:49 +0200] "GET / HTTP/1.1" 302 - "-" "Mozilla/5.0 (Windows NT 6.1) AppleWebKit/537.11 (KHTML, like Gecko) Chrome/23.0.1271.95 Safari/537.11"
193.175.194.33 - - [06/Jun/2014:02:23:04 +0200] "GET / HTTP/1.1" 302 - "-" "Bildungsserver-Linkchecker DBS 0.9 (http://www.bildungsserver.de)"
208.115.111.69 - - [06/Jun/2014:02:32:12 +0200] "GET /robots.txt HTTP/1.1" 404 1256 "-" "Mozilla/5.0 (compatible; DotBot/1.1; http://www.opensiteexplorer.org/dotbot, help@moz.com)"
46.23.56.166 - - [06/Jun/2014:03:14:49 +0200] "GET / HTTP/1.1" 302 - "-" "Java/1.7.0_21"
46.23.56.166 - - [06/Jun/2014:03:14:50 +0200] "GET /fls_1_aktuelles.php HTTP/1.1" 404 1256 "-" "Java/1.7.0_21"
46.23.56.166 - - [06/Jun/2014:03:14:50 +0200] "GET /fls_2_fremdsprachensekr.php HTTP/1.1" 404 1256 "-" "Java/1.7.0_21"
46.23.56.166 - - [06/Jun/2014:03:14:50 +0200] "GET /fls_3_blog.php HTTP/1.1" 404 1256 "-" "Java/1.7.0_21"
46.23.56.166 - - [06/Jun/2014:03:14:50 +0200] "GET /fls_4_faq.php HTTP/1.1" 404 1256 "-" "Java/1.7.0_21"
46.23.56.166 - - [06/Jun/2014:03:14:50 +0200] "GET /fls_4_impressum.php HTTP/1.1" 404 1256 "-" "Java/1.7.0_21"
46.23.56.166 - - [06/Jun/2014:03:14:50 +0200] "GET /fls_4_kontakt_anmeldung.php HTTP/1.1" 404 1256 "-" "Java/1.7.0_21"
46.23.56.166 - - [06/Jun/2014:03:14:50 +0200] "GET /index.php HTTP/1.1" 302 - "-" "Java/1.7.0_21"
46.23.56.166 - - [06/Jun/2014:03:14:50 +0200] "GET /index_en.php HTTP/1.1" 404 1256 "-" "Java/1.7.0_21"
46.23.56.166 - - [06/Jun/2014:03:14:50 +0200] "GET /index_fr.php HTTP/1.1" 404 1256 "-" "Java/1.7.0_21"
46.23.56.166 - - [06/Jun/2014:03:14:50 +0200] "GET /index_sp.php HTTP/1.1" 404 1256 "-" "Java/1.7.0_21"
46.23.56.166 - - [06/Jun/2014:03:14:50 +0200] "GET /& HTTP/1.1" 404 1256 "-" "Java/1.7.0_21"
46.23.56.166 - - [06/Jun/2014:03:14:51 +0200] "GET /& HTTP/1.1" 404 1256 "-" "Java/1.7.0_21"
46.23.56.166 - - [06/Jun/2014:03:14:51 +0200] "GET /& HTTP/1.1" 404 1256 "-" "Java/1.7.0_21"
46.23.56.166 - - [06/Jun/2014:03:14:52 +0200] "GET /& HTTP/1.1" 404 1256 "-" "Java/1.7.0_21"
46.23.56.166 - - [06/Jun/2014:03:14:52 +0200] "GET /& HTTP/1.1" 404 1256 "-" "Java/1.7.0_21"
46.23.56.166 - - [06/Jun/2014:03:14:52 +0200] "GET /& HTTP/1.1" 404 1256 "-" "Java/1.7.0_21"
46.23.56.166 - - [06/Jun/2014:03:14:52 +0200] "GET /& HTTP/1.1" 404 1256 "-" "Java/1.7.0_21"
46.23.56.166 - - [06/Jun/2014:03:14:52 +0200] "GET /& HTTP/1.1" 404 1256 "-" "Java/1.7.0_21"
46.23.56.166 - - [06/Jun/2014:03:14:52 +0200] "GET /& HTTP/1.1" 404 1256 "-" "Java/1.7.0_21"
46.23.56.166 - - [06/Jun/2014:03:14:52 +0200] "GET /& HTTP/1.1" 404 1256 "-" "Java/1.7.0_21"
46.23.56.166 - - [06/Jun/2014:03:14:52 +0200] "GET /& HTTP/1.1" 404 1256 "-" "Java/1.7.0_21"
46.23.56.166 - - [06/Jun/2014:03:14:52 +0200] "GET /& HTTP/1.1" 404 1256 "-" "Java/1.7.0_21"
46.23.56.166 - - [06/Jun/2014:03:14:52 +0200] "GET /& HTTP/1.1" 404 1256 "-" "Java/1.7.0_21"
46.23.56.166 - - [06/Jun/2014:03:14:52 +0200] "GET /& HTTP/1.1" 404 1256 "-" "Java/1.7.0_21"
46.23.56.166 - - [06/Jun/2014:03:14:52 +0200] "GET /& HTTP/1.1" 404 1256 "-" "Java/1.7.0_21"
46.23.56.166 - - [06/Jun/2014:03:14:52 +0200] "GET /& HTTP/1.1" 404 1256 "-" "Java/1.7.0_21"
46.23.56.166 - - [06/Jun/2014:03:14:52 +0200] "GET /& HTTP/1.1" 404 1256 "-" "Java/1.7.0_21"
46.23.56.166 - - [06/Jun/2014:03:14:52 +0200] "GET /& HTTP/1.1" 404 1256 "-" "Java/1.7.0_21"
46.23.56.166 - - [06/Jun/2014:03:14:52 +0200] "GET /& HTTP/1.1" 404 1256 "-" "Java/1.7.0_21"
46.23.56.166 - - [06/Jun/2014:03:14:52 +0200] "GET /& HTTP/1.1" 404 1256 "-" "Java/1.7.0_21"
141.8.147.12 - - [06/Jun/2014:03:44:24 +0200] "GET /robots.txt HTTP/1.1" 404 1256 "-" "Mozilla/5.0 (compatible; YandexBot/3.0; +http://yandex.com/bots)"
141.8.147.12 - - [06/Jun/2014:03:44:26 +0200] "GET / HTTP/1.1" 302 - "-" "Mozilla/5.0 (compatible; YandexBot/3.0; +http://yandex.com/bots)"
208.115.111.69 - - [06/Jun/2014:04:09:43 +0200] "GET /include.php?path=contentarchive&type=3&letter=K&catid=0&themeid=0&searchtext=&entries=0&order= HTTP/1.1" 404 1256 "-" "Mozilla/5.0 (compatible; DotBot/1.1; http://www.opensiteexplorer.org/dotbot, help@moz.com)"
208.115.111.69 - - [06/Jun/2014:04:09:48 +0200] "GET /include.php?path=contentarchive&type=3&letter=N&catid=0&themeid=0&searchtext=&entries=0&order= HTTP/1.1" 404 1256 "-" "Mozilla/5.0 (compatible; DotBot/1.1; http://www.opensiteexplorer.org/dotbot, help@moz.com)"
46.4.100.231 - - [06/Jun/2014:06:03:04 +0200] "GET /robots.txt HTTP/1.1" 404 1256 "-" "BacklinkCrawler (http://www.backlinktest.com/crawler.html)"
46.4.100.231 - - [06/Jun/2014:06:03:04 +0200] "GET /sitemap.xml HTTP/1.1" 404 1256 "-" "BacklinkCrawler (http://www.backlinktest.com/crawler.html)"
46.4.100.231 - - [06/Jun/2014:06:03:06 +0200] "GET / HTTP/1.1" 302 - "-" "BacklinkCrawler (http://www.backlinktest.com/crawler.html)"
208.115.113.85 - - [06/Jun/2014:08:41:09 +0200] "GET /robots.txt HTTP/1.1" 404 1256 "-" "Mozilla/5.0 (compatible; DotBot/1.1; http://www.opensiteexplorer.org/dotbot, help@moz.com)"
78.52.136.183 - - [06/Jun/2014:09:16:47 +0200] "GET / HTTP/1.1" 302 - "-" "Mozilla/5.0 (Windows NT 6.1; rv:10.0) Gecko/20100101 Firefox/10.0"
208.115.113.85 - - [06/Jun/2014:10:35:13 +0200] "GET /include.php?path=contentarchive&type=3&letter=Z&catid=0&themeid=0&searchtext=&entries=0&order= HTTP/1.1" 404 1256 "-" "Mozilla/5.0 (compatible; DotBot/1.1; http://www.opensiteexplorer.org/dotbot, help@moz.com)"
37.58.100.238 - - [06/Jun/2014:11:23:50 +0200] "GET / HTTP/1.1" 302 - "-" "Mozilla/5.0 (compatible; AhrefsBot/5.0; +http://ahrefs.com/robot/)"
64.246.165.200 - - [06/Jun/2014:11:49:16 +0200] "GET /robots.txt HTTP/1.0" 404 1256 "-" "Mozilla/5.0 (Windows; U; Windows NT 5.1; en; rv:1.9.0.13) Gecko/2009073022 Firefox/3.5.2 (.NET CLR 3.5.30729) SurveyBot/2.3 (DomainTools)"
64.246.165.200 - - [06/Jun/2014:11:49:17 +0200] "GET / HTTP/1.1" 302 - "http://whois.domaintools.com/fls-berlin.de" "Mozilla/5.0 (Windows; U; Windows NT 5.1; en; rv:1.9.0.13) Gecko/2009073022 Firefox/3.5.2 (.NET CLR 3.5.30729) SurveyBot/2.3 (DomainTools)"
92.231.110.114 - - [06/Jun/2014:12:33:05 +0200] "GET / HTTP/1.1" 302 - "http://www.google.com/url?sa=D&q=http://www.fls-berlin.de/&usg=AFQjCNGbvxSQ96H6RXgyWoxkMrtTJ-p5NQ" "Mozilla/5.0 (Windows NT 6.1; WOW64) AppleWebKit/537.36 (KHTML, like Gecko) Chrome/35.0.1916.114 Safari/537.36"
208.115.113.85 - - [06/Jun/2014:12:36:14 +0200] "GET /robots.txt HTTP/1.1" 404 1256 "-" "Mozilla/5.0 (compatible; DotBot/1.1; http://www.opensiteexplorer.org/dotbot, help@moz.com)"
145.253.208.102 - - [06/Jun/2014:13:13:09 +0200] "GET / HTTP/1.1" 302 - "http://www.google.de/url?sa=t&rct=j&q=&esrc=s&source=web&cd=1&ved=0CCkQFjAA&url=http%3A%2F%2Fwww.friedrich-list-berlin.de%2F&ei=AqKRU47dJcvMygPp_4KoAQ&usg=AFQjCNGsKs3TvBQ4z91zrYvo9_SfKi5nug&bvm=bv.68445247,d.bGQ" "Mozilla/5.0 (Windows NT 6.1; Trident/7.0; rv:11.0) like Gecko"
79.255.26.140 - - [06/Jun/2014:13:49:06 +0200] "GET / HTTP/1.1" 302 - "-" "Java/1.6.0_04"
79.255.26.140 - - [06/Jun/2014:13:49:06 +0200] "GET /fls_1_aktuelles.php HTTP/1.1" 404 1256 "-" "Java/1.6.0_04"
79.255.26.140 - - [06/Jun/2014:13:49:07 +0200] "GET /fls_2_fremdsprachensekr.php HTTP/1.1" 404 1256 "-" "Java/1.6.0_04"
79.255.26.140 - - [06/Jun/2014:13:49:07 +0200] "GET /fls_3_blog.php HTTP/1.1" 404 1256 "-" "Java/1.6.0_04"
79.255.26.140 - - [06/Jun/2014:13:49:07 +0200] "GET /fls_4_faq.php HTTP/1.1" 404 1256 "-" "Java/1.6.0_04"
79.255.26.140 - - [06/Jun/2014:13:49:07 +0200] "GET /fls_4_impressum.php HTTP/1.1" 404 1256 "-" "Java/1.6.0_04"
79.255.26.140 - - [06/Jun/2014:13:49:08 +0200] "GET /fls_4_kontakt_anmeldung.php HTTP/1.1" 404 1256 "-" "Java/1.6.0_04"
79.255.26.140 - - [06/Jun/2014:13:49:08 +0200] "GET /index.php HTTP/1.1" 302 - "-" "Java/1.6.0_04"
79.255.26.140 - - [06/Jun/2014:13:49:09 +0200] "GET /index_en.php HTTP/1.1" 404 1256 "-" "Java/1.6.0_04"
79.255.26.140 - - [06/Jun/2014:13:49:09 +0200] "GET /index_fr.php HTTP/1.1" 404 1256 "-" "Java/1.6.0_04"
79.255.26.140 - - [06/Jun/2014:13:49:09 +0200] "GET /index_sp.php HTTP/1.1" 404 1256 "-" "Java/1.6.0_04"
79.255.26.140 - - [06/Jun/2014:13:49:09 +0200] "GET /& HTTP/1.1" 404 1256 "-" "Java/1.6.0_04"
79.255.26.140 - - [06/Jun/2014:13:49:10 +0200] "GET /& HTTP/1.1" 404 1256 "-" "Java/1.6.0_04"
79.255.26.140 - - [06/Jun/2014:13:49:10 +0200] "GET /& HTTP/1.1" 404 1256 "-" "Java/1.6.0_04"
79.255.26.140 - - [06/Jun/2014:13:49:10 +0200] "GET /& HTTP/1.1" 404 1256 "-" "Java/1.6.0_04"
79.255.26.140 - - [06/Jun/2014:13:49:10 +0200] "GET /& HTTP/1.1" 404 1256 "-" "Java/1.6.0_04"
79.255.26.140 - - [06/Jun/2014:13:49:11 +0200] "GET /& HTTP/1.1" 404 1256 "-" "Java/1.6.0_04"
79.255.26.140 - - [06/Jun/2014:13:49:11 +0200] "GET /& HTTP/1.1" 404 1256 "-" "Java/1.6.0_04"
79.255.26.140 - - [06/Jun/2014:13:49:11 +0200] "GET /& HTTP/1.1" 404 1256 "-" "Java/1.6.0_04"
79.255.26.140 - - [06/Jun/2014:13:49:12 +0200] "GET /& HTTP/1.1" 404 1256 "-" "Java/1.6.0_04"
79.255.26.140 - - [06/Jun/2014:13:49:12 +0200] "GET /& HTTP/1.1" 404 1256 "-" "Java/1.6.0_04"
79.255.26.140 - - [06/Jun/2014:13:49:12 +0200] "GET /& HTTP/1.1" 404 1256 "-" "Java/1.6.0_04"
79.255.26.140 - - [06/Jun/2014:13:49:12 +0200] "GET /& HTTP/1.1" 404 1256 "-" "Java/1.6.0_04"
79.255.26.140 - - [06/Jun/2014:13:49:13 +0200] "GET /& HTTP/1.1" 404 1256 "-" "Java/1.6.0_04"
79.255.26.140 - - [06/Jun/2014:13:49:13 +0200] "GET /& HTTP/1.1" 404 1256 "-" "Java/1.6.0_04"
79.255.26.140 - - [06/Jun/2014:13:49:13 +0200] "GET /& HTTP/1.1" 404 1256 "-" "Java/1.6.0_04"
79.255.26.140 - - [06/Jun/2014:13:49:13 +0200] "GET /& HTTP/1.1" 404 1256 "-" "Java/1.6.0_04"
79.255.26.140 - - [06/Jun/2014:13:49:14 +0200] "GET /& HTTP/1.1" 404 1256 "-" "Java/1.6.0_04"
79.255.26.140 - - [06/Jun/2014:13:49:14 +0200] "GET /& HTTP/1.1" 404 1256 "-" "Java/1.6.0_04"
79.255.26.140 - - [06/Jun/2014:13:49:14 +0200] "GET /& HTTP/1.1" 404 1256 "-" "Java/1.6.0_04"
79.255.26.140 - - [06/Jun/2014:13:49:15 +0200] "GET /& HTTP/1.1" 404 1256 "-" "Java/1.6.0_04"
64.246.161.190 - - [06/Jun/2014:13:51:34 +0200] "GET /robots.txt HTTP/1.0" 404 1256 "-" "Mozilla/5.0 (Windows; U; Windows NT 5.1; en; rv:1.9.0.13) Gecko/2009073022 Firefox/3.5.2 (.NET CLR 3.5.30729) SurveyBot/2.3 (DomainTools)"
64.246.161.190 - - [06/Jun/2014:13:51:34 +0200] "GET / HTTP/1.1" 302 - "http://whois.domaintools.com/friedrich-list-berlin.de" "Mozilla/5.0 (Windows; U; Windows NT 5.1; en; rv:1.9.0.13) Gecko/2009073022 Firefox/3.5.2 (.NET CLR 3.5.30729) SurveyBot/2.3 (DomainTools)"
208.115.113.85 - - [06/Jun/2014:14:39:11 +0200] "GET /include.php?path=contentarchive&type=2&letter=S&catid=0&themeid=0&searchtext=&entries=0&order=&nid=21 HTTP/1.1" 404 1256 "-" "Mozilla/5.0 (compatible; DotBot/1.1; http://www.opensiteexplorer.org/dotbot, help@moz.com)"
109.47.193.29 - - [06/Jun/2014:16:06:45 +0200] "GET / HTTP/1.1" 302 - "https://www.google.de/" "Mozilla/5.0 (iPhone; CPU iPhone OS 6_1_6 like Mac OS X) AppleWebKit/536.26 (KHTML, like Gecko) Version/6.0 Mobile/10B500 Safari/8536.25"
208.115.111.69 - - [06/Jun/2014:18:34:37 +0200] "GET /robots.txt HTTP/1.1" 404 1256 "-" "Mozilla/5.0 (compatible; DotBot/1.1; http://www.opensiteexplorer.org/dotbot, help@moz.com)"
208.115.111.69 - - [06/Jun/2014:20:14:26 +0200] "GET /?path=contentarchive&type=2&letter=0-9&catid=0&themeid=0&searchtext=&entries=0&order=&nid=21 HTTP/1.1" 302 - "-" "Mozilla/5.0 (compatible; DotBot/1.1; http://www.opensiteexplorer.org/dotbot, help@moz.com)"
208.115.113.85 - - [06/Jun/2014:20:38:40 +0200] "GET /robots.txt HTTP/1.1" 404 1256 "-" "Mozilla/5.0 (compatible; DotBot/1.1; http://www.opensiteexplorer.org/dotbot, help@moz.com)"
178.5.209.5 - - [06/Jun/2014:20:52:48 +0200] "GET / HTTP/1.1" 302 - "http://l.facebook.com/l.php?u=http%3A%2F%2Fwww.friedrich-list-berlin.de%2F&h=dAQHLwzVP&enc=AZOhipT81sUrqCljQlvtoBOuHkR2eS9hvX4pRf2Oer3U1o3mcvSR21THE68Bx7As_zmq5Vf6kUz5cTmvay9st1eWuYS_pjYQip08VgI1ii4ypg&s=1" "Mozilla/5.0 (Windows NT 6.1; WOW64; rv:30.0) Gecko/20100101 Firefox/30.0"
198.100.157.216 - - [06/Jun/2014:21:32:15 +0200] "GET / HTTP/1.1" 302 - "-" "Mozilla/5.0 (compatible; WebThumbnail/3.x; Website Thumbnail Generator; +http://webthumbnail.org)"
198.100.157.216 - - [06/Jun/2014:21:32:19 +0200] "GET / HTTP/1.1" 302 - "-" "Mozilla/5.0 (compatible; WebThumbnail/3.x; Website Thumbnail Generator; +http://webthumbnail.org)"
208.115.113.85 - - [06/Jun/2014:22:28:08 +0200] "GET /include.php?path=contentarchive&type=3&letter=P&catid=0&themeid=0&searchtext=&entries=0&order= HTTP/1.1" 404 1256 "-" "Mozilla/5.0 (compatible; DotBot/1.1; http://www.opensiteexplorer.org/dotbot, help@moz.com)"
208.115.111.69 - - [06/Jun/2014:22:31:54 +0200] "GET /robots.txt HTTP/1.1" 404 1256 "-" "Mozilla/5.0 (compatible; DotBot/1.1; http://www.opensiteexplorer.org/dotbot, help@moz.com)"
87.9.12.56 - - [06/Jun/2014:22:37:32 +0200] "GET / HTTP/1.1" 302 - "-" "Java/1.4.1_04"
87.9.12.56 - - [06/Jun/2014:22:37:33 +0200] "GET /fls_1_aktuelles.php HTTP/1.1" 404 1256 "-" "Java/1.4.1_04"
87.9.12.56 - - [06/Jun/2014:22:37:34 +0200] "GET /fls_2_fremdsprachensekr.php HTTP/1.1" 404 1256 "-" "Java/1.4.1_04"
87.9.12.56 - - [06/Jun/2014:22:37:34 +0200] "GET /fls_3_blog.php HTTP/1.1" 404 1256 "-" "Java/1.4.1_04"
87.9.12.56 - - [06/Jun/2014:22:37:34 +0200] "GET /fls_4_faq.php HTTP/1.1" 404 1256 "-" "Java/1.4.1_04"
87.9.12.56 - - [06/Jun/2014:22:37:34 +0200] "GET /fls_4_impressum.php HTTP/1.1" 404 1256 "-" "Java/1.4.1_04"
87.9.12.56 - - [06/Jun/2014:22:37:34 +0200] "GET /fls_4_kontakt_anmeldung.php HTTP/1.1" 404 1256 "-" "Java/1.4.1_04"
87.9.12.56 - - [06/Jun/2014:22:37:35 +0200] "GET /index.php HTTP/1.1" 302 - "-" "Java/1.4.1_04"
87.9.12.56 - - [06/Jun/2014:22:37:37 +0200] "GET /index_en.php HTTP/1.1" 404 1256 "-" "Java/1.4.1_04"
87.9.12.56 - - [06/Jun/2014:22:37:37 +0200] "GET /index_fr.php HTTP/1.1" 404 1256 "-" "Java/1.4.1_04"
87.9.12.56 - - [06/Jun/2014:22:37:37 +0200] "GET /index_sp.php HTTP/1.1" 404 1256 "-" "Java/1.4.1_04"
87.9.12.56 - - [06/Jun/2014:22:37:37 +0200] "GET /& HTTP/1.1" 404 1256 "-" "Java/1.4.1_04"
87.9.12.56 - - [06/Jun/2014:22:37:38 +0200] "GET /& HTTP/1.1" 404 1256 "-" "Java/1.4.1_04"
87.9.12.56 - - [06/Jun/2014:22:37:38 +0200] "GET /& HTTP/1.1" 404 1256 "-" "Java/1.4.1_04"
87.9.12.56 - - [06/Jun/2014:22:37:38 +0200] "GET /& HTTP/1.1" 404 1256 "-" "Java/1.4.1_04"
87.9.12.56 - - [06/Jun/2014:22:37:38 +0200] "GET /& HTTP/1.1" 404 1256 "-" "Java/1.4.1_04"
87.9.12.56 - - [06/Jun/2014:22:37:39 +0200] "GET /& HTTP/1.1" 404 1256 "-" "Java/1.4.1_04"
87.9.12.56 - - [06/Jun/2014:22:37:39 +0200] "GET /& HTTP/1.1" 404 1256 "-" "Java/1.4.1_04"
87.9.12.56 - - [06/Jun/2014:22:37:39 +0200] "GET /& HTTP/1.1" 404 1256 "-" "Java/1.4.1_04"
87.9.12.56 - - [06/Jun/2014:22:37:39 +0200] "GET /& HTTP/1.1" 404 1256 "-" "Java/1.4.1_04"
87.9.12.56 - - [06/Jun/2014:22:37:40 +0200] "GET /& HTTP/1.1" 404 1256 "-" "Java/1.4.1_04"
87.9.12.56 - - [06/Jun/2014:22:37:40 +0200] "GET /& HTTP/1.1" 404 1256 "-" "Java/1.4.1_04"
87.9.12.56 - - [06/Jun/2014:22:37:40 +0200] "GET /& HTTP/1.1" 404 1256 "-" "Java/1.4.1_04"
87.9.12.56 - - [06/Jun/2014:22:37:40 +0200] "GET /& HTTP/1.1" 404 1256 "-" "Java/1.4.1_04"
87.9.12.56 - - [06/Jun/2014:22:37:41 +0200] "GET /& HTTP/1.1" 404 1256 "-" "Java/1.4.1_04"
87.9.12.56 - - [06/Jun/2014:22:37:41 +0200] "GET /& HTTP/1.1" 404 1256 "-" "Java/1.4.1_04"
87.9.12.56 - - [06/Jun/2014:22:37:41 +0200] "GET /& HTTP/1.1" 404 1256 "-" "Java/1.4.1_04"
87.9.12.56 - - [06/Jun/2014:22:37:41 +0200] "GET /& HTTP/1.1" 404 1256 "-" "Java/1.4.1_04"
87.9.12.56 - - [06/Jun/2014:22:37:41 +0200] "GET /& HTTP/1.1" 404 1256 "-" "Java/1.4.1_04"
87.9.12.56 - - [06/Jun/2014:22:37:42 +0200] "GET /& HTTP/1.1" 404 1256 "-" "Java/1.4.1_04"
87.9.12.56 - - [06/Jun/2014:22:37:42 +0200] "GET /& HTTP/1.1" 404 1256 "-" "Java/1.4.1_04"
208.115.111.69 - - [07/Jun/2014:00:09:13 +0200] "GET /include.php?path=contentarchive&type=2 HTTP/1.1" 404 1256 "-" "Mozilla/5.0 (compatible; DotBot/1.1; http://www.opensiteexplorer.org/dotbot, help@moz.com)"
208.115.111.69 - - [07/Jun/2014:00:09:16 +0200] "GET /include.php?path=contentarchive&type=3&letter=Q&catid=0&themeid=0&searchtext=&entries=0&order= HTTP/1.1" 404 1256 "-" "Mozilla/5.0 (compatible; DotBot/1.1; http://www.opensiteexplorer.org/dotbot, help@moz.com)"
208.115.113.85 - - [07/Jun/2014:00:38:54 +0200] "GET /robots.txt HTTP/1.1" 404 1256 "-" "Mozilla/5.0 (compatible; DotBot/1.1; http://www.opensiteexplorer.org/dotbot, help@moz.com)"
208.115.113.85 - - [07/Jun/2014:02:34:17 +0200] "GET /include.php?path=contentarchive&type=2&letter=E&catid=0&themeid=0&searchtext=&entries=0&order=title HTTP/1.1" 404 1256 "-" "Mozilla/5.0 (compatible; DotBot/1.1; http://www.opensiteexplorer.org/dotbot, help@moz.com)"
208.115.111.69 - - [07/Jun/2014:02:36:22 +0200] "GET /robots.txt HTTP/1.1" 404 1256 "-" "Mozilla/5.0 (compatible; DotBot/1.1; http://www.opensiteexplorer.org/dotbot, help@moz.com)"
193.111.141.54 - - [07/Jun/2014:02:57:56 +0200] "GET /include.php?path=content&mode=print&contentid=25 HTTP/1.1" 404 1256 "-" "Mozilla/5.0 (Windows NT 6.1; WOW64) AppleWebKit/537.11 (KHTML, like Gecko) Chrome/23.0.1271.97 Safari/537.11"
46.37.69.188 - - [07/Jun/2014:03:24:39 +0200] "GET / HTTP/1.1" 302 - "-" "Java/1.4.1_04"
46.37.69.188 - - [07/Jun/2014:03:24:43 +0200] "GET /fls_1_aktuelles.php HTTP/1.1" 404 1256 "-" "Java/1.4.1_04"
46.37.69.188 - - [07/Jun/2014:03:24:45 +0200] "GET /fls_2_fremdsprachensekr.php HTTP/1.1" 404 1256 "-" "Java/1.4.1_04"
46.37.69.188 - - [07/Jun/2014:03:24:47 +0200] "GET /fls_3_blog.php HTTP/1.1" 404 1256 "-" "Java/1.4.1_04"
46.37.69.188 - - [07/Jun/2014:03:24:48 +0200] "GET /fls_4_faq.php HTTP/1.1" 404 1256 "-" "Java/1.4.1_04"
46.37.69.188 - - [07/Jun/2014:03:24:48 +0200] "GET /fls_4_impressum.php HTTP/1.1" 404 1256 "-" "Java/1.4.1_04"
46.37.69.188 - - [07/Jun/2014:03:24:50 +0200] "GET /fls_4_kontakt_anmeldung.php HTTP/1.1" 404 1256 "-" "Java/1.4.1_04"
46.37.69.188 - - [07/Jun/2014:03:24:51 +0200] "GET /index.php HTTP/1.1" 302 - "-" "Java/1.4.1_04"
46.37.69.188 - - [07/Jun/2014:03:24:54 +0200] "GET /index_en.php HTTP/1.1" 404 1256 "-" "Java/1.4.1_04"
46.37.69.188 - - [07/Jun/2014:03:24:56 +0200] "GET /index_fr.php HTTP/1.1" 404 1256 "-" "Java/1.4.1_04"
46.37.69.188 - - [07/Jun/2014:03:24:57 +0200] "GET /index_sp.php HTTP/1.1" 404 1256 "-" "Java/1.4.1_04"
46.37.69.188 - - [07/Jun/2014:03:24:58 +0200] "GET /& HTTP/1.1" 404 1256 "-" "Java/1.4.1_04"
46.37.69.188 - - [07/Jun/2014:03:24:59 +0200] "GET /& HTTP/1.1" 404 1256 "-" "Java/1.4.1_04"
46.37.69.188 - - [07/Jun/2014:03:25:01 +0200] "GET /& HTTP/1.1" 404 1256 "-" "Java/1.4.1_04"
46.37.69.188 - - [07/Jun/2014:03:25:07 +0200] "GET /& HTTP/1.1" 404 1256 "-" "Java/1.4.1_04"
208.115.111.69 - - [07/Jun/2014:04:13:26 +0200] "GET /include.php?path=contentarchive&type=2&letter=R&catid=0&themeid=0&searchtext=&entries=0&order=title HTTP/1.1" 404 1256 "-" "Mozilla/5.0 (compatible; DotBot/1.1; http://www.opensiteexplorer.org/dotbot, help@moz.com)"
208.115.111.69 - - [07/Jun/2014:04:13:29 +0200] "GET /include.php?path=search HTTP/1.1" 404 1256 "-" "Mozilla/5.0 (compatible; DotBot/1.1; http://www.opensiteexplorer.org/dotbot, help@moz.com)"
192.99.9.164 - - [07/Jun/2014:04:33:56 +0200] "GET / HTTP/1.1" 302 - "-" "Mozilla/5.0 (Macintosh; Intel Mac OS X 10_8_4) AppleWebKit/537.36 (KHTML, like Gecko) Chrome/27.0.1453.110 Safari/537.36"
208.115.113.85 - - [07/Jun/2014:04:37:40 +0200] "GET /robots.txt HTTP/1.1" 404 1256 "-" "Mozilla/5.0 (compatible; DotBot/1.1; http://www.opensiteexplorer.org/dotbot, help@moz.com)"
117.78.13.18 - - [07/Jun/2014:06:22:21 +0200] "GET /robots.txt HTTP/1.0" 404 1256 "-" "nutch-1.4/Nutch-1.4"
117.78.13.18 - - [07/Jun/2014:06:22:22 +0200] "GET / HTTP/1.0" 302 - "-" "nutch-1.4/Nutch-1.4"
208.115.113.85 - - [07/Jun/2014:06:29:30 +0200] "GET /include.php?path=contentarchive&type=2&letter=C&catid=0&themeid=0&searchtext=&entries=0&order=title HTTP/1.1" 404 1256 "-" "Mozilla/5.0 (compatible; DotBot/1.1; http://www.opensiteexplorer.org/dotbot, help@moz.com)"
208.115.113.85 - - [07/Jun/2014:06:29:37 +0200] "GET /include.php?path=contentarchive&type=3&letter=L&catid=0&themeid=0&searchtext=&entries=0&order= HTTP/1.1" 404 1256 "-" "Mozilla/5.0 (compatible; DotBot/1.1; http://www.opensiteexplorer.org/dotbot, help@moz.com)"
208.115.111.69 - - [07/Jun/2014:06:54:54 +0200] "GET /robots.txt HTTP/1.1" 404 1256 "-" "Mozilla/5.0 (compatible; DotBot/1.1; http://www.opensiteexplorer.org/dotbot, help@moz.com)"
208.115.111.69 - - [07/Jun/2014:08:34:21 +0200] "GET /?path=contentarchive&type=2&letter=Y&catid=0&themeid=0&searchtext=&entries=0&order= HTTP/1.1" 302 - "-" "Mozilla/5.0 (compatible; DotBot/1.1; http://www.opensiteexplorer.org/dotbot, help@moz.com)"
208.115.111.69 - - [07/Jun/2014:08:34:24 +0200] "GET /include.php?path=contentarchive&type=3&letter=M&catid=0&themeid=0&searchtext=&entries=0&order= HTTP/1.1" 404 1256 "-" "Mozilla/5.0 (compatible; DotBot/1.1; http://www.opensiteexplorer.org/dotbot, help@moz.com)"
66.249.69.32 - - [07/Jun/2014:11:02:53 +0200] "GET /robots.txt HTTP/1.1" 404 1256 "-" "Mozilla/5.0 (compatible; Googlebot/2.1; +http://www.google.com/bot.html)"
66.249.69.16 - - [07/Jun/2014:11:02:53 +0200] "GET / HTTP/1.1" 302 - "-" "Mozilla/5.0 (compatible; Googlebot/2.1; +http://www.google.com/bot.html)"
62.212.73.211 - - [07/Jun/2014:11:29:50 +0200] "GET /robots.txt HTTP/1.0" 404 1256 "-" "Mozilla/5.0 (compatible; MJ12bot/v1.4.5; http://www.majestic12.co.uk/bot.php?+)"
62.212.73.211 - - [07/Jun/2014:11:29:51 +0200] "GET / HTTP/1.0" 302 - "-" "Mozilla/5.0 (compatible; MJ12bot/v1.4.5; http://www.majestic12.co.uk/bot.php?+)"
208.115.113.85 - - [07/Jun/2014:12:40:34 +0200] "GET /robots.txt HTTP/1.1" 404 1256 "-" "Mozilla/5.0 (compatible; DotBot/1.1; http://www.opensiteexplorer.org/dotbot, help@moz.com)"
141.8.147.12 - - [07/Jun/2014:14:06:59 +0200] "GET /robots.txt HTTP/1.1" 404 1256 "-" "Mozilla/5.0 (compatible; YandexBot/3.0; +http://yandex.com/bots)"
141.8.147.12 - - [07/Jun/2014:14:07:01 +0200] "GET / HTTP/1.1" 302 - "-" "Mozilla/5.0 (compatible; YandexBot/3.0; +http://yandex.com/bots)"
66.249.78.236 - - [07/Jun/2014:14:24:54 +0200] "GET /robots.txt HTTP/1.1" 404 1256 "-" "Mozilla/5.0 (compatible; Googlebot/2.1; +http://www.google.com/bot.html)"
66.249.78.236 - - [07/Jun/2014:14:24:54 +0200] "GET /include.php?path=content&mode=vote&contentid=82&type=1&content_vote=8&action=Go&nid=19 HTTP/1.1" 404 1256 "-" "Mozilla/5.0 (compatible; Googlebot/2.1; +http://www.google.com/bot.html)"
31.18.252.12 - - [07/Jun/2014:14:35:21 +0200] "GET / HTTP/1.1" 302 - "-" "Mozilla/4.0 (compatible; MSIE 5.01; Windows NT 5.0)"
208.115.113.85 - - [07/Jun/2014:14:40:45 +0200] "GET /include.php?path=contentarchive&type=2&letter=C&catid=0&themeid=0&searchtext=&entries=0&order= HTTP/1.1" 404 1256 "-" "Mozilla/5.0 (compatible; DotBot/1.1; http://www.opensiteexplorer.org/dotbot, help@moz.com)"
66.249.78.115 - - [07/Jun/2014:15:32:25 +0200] "GET /robots.txt HTTP/1.1" 404 1256 "-" "Mozilla/5.0 (compatible; Googlebot/2.1; +http://www.google.com/bot.html)"
66.249.78.115 - - [07/Jun/2014:15:32:25 +0200] "GET / HTTP/1.1" 302 - "-" "Mozilla/5.0 (iPhone; CPU iPhone OS 6_0 like Mac OS X) AppleWebKit/536.26 (KHTML, like Gecko) Version/6.0 Mobile/10A5376e Safari/8536.25 (compatible; Googlebot/2.1; +http://www.google.com/bot.html)"
66.249.78.236 - - [07/Jun/2014:15:35:16 +0200] "GET /include.php?path=contentarchive&type=4&letter=U&catid=1&themeid=0&searchtext=&entries=0&order=&nid=21 HTTP/1.1" 404 1256 "-" "Mozilla/5.0 (compatible; Googlebot/2.1; +http://www.google.com/bot.html)"
208.115.113.85 - - [07/Jun/2014:16:48:03 +0200] "GET /robots.txt HTTP/1.1" 404 1256 "-" "Mozilla/5.0 (compatible; DotBot/1.1; http://www.opensiteexplorer.org/dotbot, help@moz.com)"
66.249.78.236 - - [07/Jun/2014:16:57:10 +0200] "GET /include.php?path=contentarchive&type=1&catid=0&letter=V&entries=0&searchtext=&order=date&nid=4 HTTP/1.1" 404 1256 "-" "Mozilla/5.0 (compatible; Googlebot/2.1; +http://www.google.com/bot.html)"
148.251.234.169 - - [07/Jun/2014:17:22:29 +0200] "GET /robots.txt HTTP/1.1" 404 1256 "-" "Mozilla/5.0 (X11; Ubuntu; Linux x86_64; rv:27.0) Gecko/20100101 Firefox/27.0"
148.251.234.169 - - [07/Jun/2014:17:22:29 +0200] "GET / HTTP/1.1" 302 - "-" "Mozilla/5.0 (X11; Ubuntu; Linux x86_64; rv:27.0) Gecko/20100101 Firefox/27.0"
66.249.78.236 - - [07/Jun/2014:18:33:54 +0200] "GET /include.php?path=contentarchive&type=1&catid=0&letter=R&entries=0&searchtext=&order=titled&nid=4 HTTP/1.1" 404 1256 "-" "Mozilla/5.0 (compatible; Googlebot/2.1; +http://www.google.com/bot.html)"
208.115.113.85 - - [07/Jun/2014:18:43:35 +0200] "GET /include.php?path=content&contentid=47&nid=17 HTTP/1.1" 404 1256 "-" "Mozilla/5.0 (compatible; DotBot/1.1; http://www.opensiteexplorer.org/dotbot, help@moz.com)"
208.115.113.85 - - [07/Jun/2014:18:43:44 +0200] "GET /include.php?path=contentarchive&type=2&letter=G&catid=0&themeid=0&searchtext=&entries=0&order=title HTTP/1.1" 404 1256 "-" "Mozilla/5.0 (compatible; DotBot/1.1; http://www.opensiteexplorer.org/dotbot, help@moz.com)"
80.187.107.72 - - [07/Jun/2014:19:09:49 +0200] "GET / HTTP/1.1" 302 - "https://www.google.de/" "Mozilla/5.0 (iPhone; CPU iPhone OS 7_1_1 like Mac OS X) AppleWebKit/537.51.2 (KHTML, like Gecko) Version/7.0 Mobile/11D201 Safari/9537.53"
87.187.122.208 - - [07/Jun/2014:20:33:33 +0200] "GET / HTTP/1.1" 302 - "-" "Mozilla/5.0 (Macintosh; Intel Mac OS X 10.8; rv:29.0) Gecko/20100101 Firefox/29.0"
208.115.113.85 - - [07/Jun/2014:20:40:34 +0200] "GET /robots.txt HTTP/1.1" 404 1256 "-" "Mozilla/5.0 (compatible; DotBot/1.1; http://www.opensiteexplorer.org/dotbot, help@moz.com)"
208.115.113.85 - - [07/Jun/2014:22:31:08 +0200] "GET /include.php?path=start HTTP/1.1" 404 1256 "-" "Mozilla/5.0 (compatible; DotBot/1.1; http://www.opensiteexplorer.org/dotbot, help@moz.com)"
208.115.113.85 - - [07/Jun/2014:22:31:11 +0200] "GET /include.php?path=userinfo&id=1&nid=19 HTTP/1.1" 404 1256 "-" "Mozilla/5.0 (compatible; DotBot/1.1; http://www.opensiteexplorer.org/dotbot, help@moz.com)"
128.131.102.100 - - [07/Jun/2014:23:00:30 +0200] "GET / HTTP/1.0" 302 - "-" "Mozilla/5.0 (KeepRight OpenStreetMap Checker; http://keepright.at) Gecko/20100101 Firefox/22.0"
208.115.113.85 - - [08/Jun/2014:00:38:02 +0200] "GET /robots.txt HTTP/1.1" 404 1256 "-" "Mozilla/5.0 (compatible; DotBot/1.1; http://www.opensiteexplorer.org/dotbot, help@moz.com)"
188.138.41.108 - - [08/Jun/2014:00:48:53 +0200] "GET /robots.txt HTTP/1.1" 404 1256 "-" "Mozilla/5.0 (X11; U; Linux i686; de; rv:1.9.0.1; compatible; iCjobs Stellenangebote Jobs; http://www.icjobs.de) Gecko/20100401 iCjobs/3.2.3"
188.138.41.108 - - [08/Jun/2014:00:48:53 +0200] "GET / HTTP/1.1" 302 - "-" "Mozilla/5.0 (X11; U; Linux i686; de; rv:1.9.0.1; compatible; iCjobs Stellenangebote Jobs; http://www.icjobs.de) Gecko/20100401 iCjobs/3.2.3"
188.138.41.108 - - [08/Jun/2014:00:48:54 +0200] "GET / HTTP/1.1" 302 - "-" "Mozilla/5.0 (X11; U; Linux i686; de; rv:1.9.0.1; compatible; iCjobs Stellenangebote Jobs; http://www.icjobs.de) Gecko/20100401 iCjobs/3.2.3"
78.46.22.138 - - [08/Jun/2014:01:56:29 +0200] "GET /robots.txt HTTP/1.0" 404 1256 "-" "Mozilla/5.0 (compatible; SEOkicks-Robot; +http://www.seokicks.de/robot.html)"
78.46.22.138 - - [08/Jun/2014:01:56:32 +0200] "GET / HTTP/1.0" 302 - "-" "Mozilla/5.0 (compatible; SEOkicks-Robot; +http://www.seokicks.de/robot.html)"
208.115.113.85 - - [08/Jun/2014:02:31:19 +0200] "GET /include.php?path=contentarchive&type=3&letter=A&catid=0&themeid=0&searchtext=&entries=0&order= HTTP/1.1" 404 1256 "-" "Mozilla/5.0 (compatible; DotBot/1.1; http://www.opensiteexplorer.org/dotbot, help@moz.com)"
141.8.147.12 - - [08/Jun/2014:04:00:20 +0200] "GET /robots.txt HTTP/1.1" 404 1256 "-" "Mozilla/5.0 (compatible; YandexBot/3.0; +http://yandex.com/bots)"
141.8.147.12 - - [08/Jun/2014:04:00:22 +0200] "GET /fls_1_aktuelles.php HTTP/1.1" 404 1256 "-" "Mozilla/5.0 (compatible; YandexBot/3.0; +http://yandex.com/bots)"
141.8.147.12 - - [08/Jun/2014:04:00:24 +0200] "GET /fls_2_fremdsprachensekr.php HTTP/1.1" 404 1256 "-" "Mozilla/5.0 (compatible; YandexBot/3.0; +http://yandex.com/bots)"
141.8.147.12 - - [08/Jun/2014:04:00:26 +0200] "GET /fls_1_aktuelles.php?artid=44 HTTP/1.1" 404 1256 "-" "Mozilla/5.0 (compatible; YandexBot/3.0; +http://yandex.com/bots)"
141.8.147.12 - - [08/Jun/2014:04:00:28 +0200] "GET /fls_4_kontakt_anmeldung.php HTTP/1.1" 404 1256 "-" "Mozilla/5.0 (compatible; YandexBot/3.0; +http://yandex.com/bots)"
141.8.147.12 - - [08/Jun/2014:04:00:30 +0200] "GET /fls_2_kurs_ecbm_london.php HTTP/1.1" 404 1256 "-" "Mozilla/5.0 (compatible; YandexBot/3.0; +http://yandex.com/bots)"
141.8.147.12 - - [08/Jun/2014:04:00:32 +0200] "GET /index_fr.php HTTP/1.1" 404 1256 "-" "Mozilla/5.0 (compatible; YandexBot/3.0; +http://yandex.com/bots)"
141.8.147.12 - - [08/Jun/2014:04:00:34 +0200] "GET /fls_2_europakorr.php HTTP/1.1" 404 1256 "-" "Mozilla/5.0 (compatible; YandexBot/3.0; +http://yandex.com/bots)"
