157.55.39.1 - - [18/Jun/2014:18:55:00 +0200] "GET /?path=content&contentid=35 HTTP/1.1" 302 - "-" "Mozilla/5.0 (compatible; bingbot/2.0; +http://www.bing.com/bingbot.htm)"
208.115.113.85 - - [18/Jun/2014:19:11:40 +0200] "GET /include.php?path=contentarchive&type=2&letter=V&catid=0&themeid=0&searchtext=&entries=0&order= HTTP/1.1" 404 1256 "-" "Mozilla/5.0 (compatible; DotBot/1.1; http://www.opensiteexplorer.org/dotbot, help@moz.com)"
208.115.113.85 - - [18/Jun/2014:19:11:45 +0200] "GET /include.php?path=contentarchive&type=2&letter=V&catid=0&themeid=0&searchtext=&entries=0&order=title HTTP/1.1" 404 1256 "-" "Mozilla/5.0 (compatible; DotBot/1.1; http://www.opensiteexplorer.org/dotbot, help@moz.com)"
208.115.111.69 - - [18/Jun/2014:20:15:21 +0200] "GET /?path=contentarchive&type=2 HTTP/1.1" 302 - "-" "Mozilla/5.0 (compatible; DotBot/1.1; http://www.opensiteexplorer.org/dotbot, help@moz.com)"
87.162.72.252 - - [18/Jun/2014:20:46:46 +0200] "GET / HTTP/1.1" 302 - "-" "Mozilla/5.0 (Windows NT 6.1; WOW64; rv:29.0) Gecko/20100101 Firefox/29.0"
66.249.78.236 - - [18/Jun/2014:20:50:32 +0200] "GET /robots.txt HTTP/1.1" 404 1256 "-" "Mozilla/5.0 (compatible; Googlebot/2.1; +http://www.google.com/bot.html)"
66.249.78.236 - - [18/Jun/2014:20:50:32 +0200] "GET /include.php?path=contentarchive&type=4&catid=0&letter=L&entries=0&searchtext=&order=dated&nid=19 HTTP/1.1" 404 1256 "-" "Mozilla/5.0 (compatible; Googlebot/2.1; +http://www.google.com/bot.html)"
66.249.78.236 - - [18/Jun/2014:22:11:27 +0200] "GET /include.php?path=contentarchive&type=2&letter=F&catid=0&themeid=0&searchtext=&entries=8&order=title&nid=19 HTTP/1.1" 404 1256 "-" "Mozilla/5.0 (compatible; Googlebot/2.1; +http://www.google.com/bot.html)"
208.115.111.69 - - [18/Jun/2014:22:32:07 +0200] "GET /robots.txt HTTP/1.1" 404 1256 "-" "Mozilla/5.0 (compatible; DotBot/1.1; http://www.opensiteexplorer.org/dotbot, help@moz.com)"
66.249.78.236 - - [18/Jun/2014:23:24:29 +0200] "GET /include.php?path=contentarchive&type=4&catid=6&letter=R&entries=0&searchtext=&order=title&nid=32 HTTP/1.1" 404 1256 "-" "Mozilla/5.0 (compatible; Googlebot/2.1; +http://www.google.com/bot.html)"
208.115.111.69 - - [19/Jun/2014:00:12:11 +0200] "GET /?path=contentarchive&type=2&letter=G&catid=0&themeid=0&searchtext=&entries=0&order= HTTP/1.1" 302 - "-" "Mozilla/5.0 (compatible; DotBot/1.1; http://www.opensiteexplorer.org/dotbot, help@moz.com)"
208.115.111.69 - - [19/Jun/2014:00:12:13 +0200] "GET /include.php?path=contentarchive&type=2&letter=T&catid=0&themeid=0&searchtext=&entries=0&order= HTTP/1.1" 404 1256 "-" "Mozilla/5.0 (compatible; DotBot/1.1; http://www.opensiteexplorer.org/dotbot, help@moz.com)"
208.115.111.69 - - [19/Jun/2014:00:12:17 +0200] "GET /include.php?path=start&nid=21 HTTP/1.1" 404 1256 "-" "Mozilla/5.0 (compatible; DotBot/1.1; http://www.opensiteexplorer.org/dotbot, help@moz.com)"
208.115.113.85 - - [19/Jun/2014:00:37:41 +0200] "GET /robots.txt HTTP/1.1" 404 1256 "-" "Mozilla/5.0 (compatible; DotBot/1.1; http://www.opensiteexplorer.org/dotbot, help@moz.com)"
66.249.78.236 - - [19/Jun/2014:01:01:35 +0200] "GET /include.php?path=contentarchive&type=1&letter=L&catid=0&themeid=0&searchtext=&entries=0&order=titled HTTP/1.1" 404 1256 "-" "Mozilla/5.0 (compatible; Googlebot/2.1; +http://www.google.com/bot.html)"
66.249.78.236 - - [19/Jun/2014:01:05:38 +0200] "GET /include.php?path=contentarchive&type=4&letter=J&catid=1&themeid=0&searchtext=&entries=0&order= HTTP/1.1" 404 1256 "-" "Mozilla/5.0 (compatible; Googlebot/2.1; +http://www.google.com/bot.html)"
208.115.113.85 - - [19/Jun/2014:02:35:38 +0200] "GET /?path=contentarchive&type=2&letter=B&catid=0&themeid=0&searchtext=&entries=0&order= HTTP/1.1" 302 - "-" "Mozilla/5.0 (compatible; DotBot/1.1; http://www.opensiteexplorer.org/dotbot, help@moz.com)"
208.115.111.69 - - [19/Jun/2014:06:31:37 +0200] "GET /robots.txt HTTP/1.1" 404 1256 "-" "Mozilla/5.0 (compatible; DotBot/1.1; http://www.opensiteexplorer.org/dotbot, help@moz.com)"
37.58.100.73 - - [19/Jun/2014:07:48:08 +0200] "GET / HTTP/1.1" 302 - "-" "Mozilla/5.0 (compatible; AhrefsBot/5.0; +http://ahrefs.com/robot/)"
89.204.137.200 - - [19/Jun/2014:07:53:13 +0200] "GET / HTTP/1.1" 302 - "https://www.google.de/" "Mozilla/5.0 (Linux; U; Android 4.4.2; de-de; LG-D802 Build/KOT49I.D80220b) AppleWebKit/537.36 (KHTML, like Gecko) Version/4.2 Chrome/30.0.1599.103 Mobile Safari/537.36"
208.115.111.69 - - [19/Jun/2014:08:10:04 +0200] "GET /include.php?path=contentarchive&catid=1&type=3&nid=21 HTTP/1.1" 404 1256 "-" "Mozilla/5.0 (compatible; DotBot/1.1; http://www.opensiteexplorer.org/dotbot, help@moz.com)"
188.138.41.140 - - [19/Jun/2014:09:11:09 +0200] "GET /robots.txt HTTP/1.1" 404 1256 "-" "Mozilla/5.0 (Windows NT 6.1; rv:24.0) Gecko/20100101 Firefox/24.0"
188.138.41.140 - - [19/Jun/2014:09:11:11 +0200] "GET / HTTP/1.1" 302 - "-" "Mozilla/5.0 (X11; U; Linux i686; de; rv:1.9.0.1; compatible; iCjobs Stellenangebote Jobs; http://www.icjobs.de) Gecko/20100401 iCjobs/3.2.3"
188.138.41.140 - - [19/Jun/2014:09:11:11 +0200] "GET / HTTP/1.1" 302 - "-" "Mozilla/5.0 (Windows NT 6.1; rv:24.0) Gecko/20100101 Firefox/24.0"
188.138.41.140 - - [19/Jun/2014:09:12:10 +0200] "GET /favicon.ico HTTP/1.1" 404 1256 "-" "Mozilla/5.0 (Windows NT 6.1; rv:24.0) Gecko/20100101 Firefox/24.0"
188.138.41.140 - - [19/Jun/2014:09:12:10 +0200] "GET / HTTP/1.1" 302 - "-" "Mozilla/5.0 (Windows NT 6.1; rv:24.0) Gecko/20100101 Firefox/24.0"
188.138.41.140 - - [19/Jun/2014:09:46:38 +0200] "GET /robots.txt HTTP/1.1" 404 1256 "-" "Mozilla/5.0 (Windows NT 6.1; rv:24.0) Gecko/20100101 Firefox/24.0"
188.138.41.140 - - [19/Jun/2014:09:46:39 +0200] "GET / HTTP/1.1" 302 - "-" "Mozilla/5.0 (X11; U; Linux i686; de; rv:1.9.0.1; compatible; iCjobs Stellenangebote Jobs; http://www.icjobs.de) Gecko/20100401 iCjobs/3.2.3"
188.138.41.140 - - [19/Jun/2014:09:46:39 +0200] "GET / HTTP/1.1" 302 - "-" "Mozilla/5.0 (Windows NT 6.1; rv:24.0) Gecko/20100101 Firefox/24.0"
188.138.41.140 - - [19/Jun/2014:09:47:29 +0200] "GET /favicon.ico HTTP/1.1" 404 1256 "-" "Mozilla/5.0 (Windows NT 6.1; rv:24.0) Gecko/20100101 Firefox/24.0"
188.138.41.140 - - [19/Jun/2014:09:47:29 +0200] "GET / HTTP/1.1" 302 - "-" "Mozilla/5.0 (Windows NT 6.1; rv:24.0) Gecko/20100101 Firefox/24.0"
208.115.111.69 - - [19/Jun/2014:10:35:46 +0200] "GET /robots.txt HTTP/1.1" 404 1256 "-" "Mozilla/5.0 (compatible; DotBot/1.1; http://www.opensiteexplorer.org/dotbot, help@moz.com)"
148.251.234.169 - - [19/Jun/2014:10:46:16 +0200] "GET /robots.txt HTTP/1.1" 404 1256 "-" "Mozilla/5.0 (X11; Ubuntu; Linux x86_64; rv:27.0) Gecko/20100101 Firefox/27.0"
148.251.234.169 - - [19/Jun/2014:10:46:16 +0200] "GET / HTTP/1.1" 302 - "-" "Mozilla/5.0 (X11; Ubuntu; Linux x86_64; rv:27.0) Gecko/20100101 Firefox/27.0"
92.231.106.61 - - [19/Jun/2014:11:09:38 +0200] "GET / HTTP/1.1" 302 - "-" "Mozilla/5.0 (Windows NT 6.2; WOW64) AppleWebKit/537.36 (KHTML, like Gecko) Chrome/35.0.1916.153 Safari/537.36"
37.5.42.29 - - [19/Jun/2014:11:42:09 +0200] "GET / HTTP/1.1" 302 - "-" "Mozilla/5.0 (Windows NT 6.1; WOW64; rv:30.0) Gecko/20100101 Firefox/30.0"
208.115.111.69 - - [19/Jun/2014:11:52:59 +0200] "GET /include.php?path=contentarchive&type=3&letter=B&catid=0&themeid=0&searchtext=&entries=0&order= HTTP/1.1" 404 1256 "-" "Mozilla/5.0 (compatible; DotBot/1.1; http://www.opensiteexplorer.org/dotbot, help@moz.com)"
37.5.42.29 - - [19/Jun/2014:13:12:29 +0200] "GET / HTTP/1.1" 302 - "-" "Mozilla/5.0 (Windows NT 6.1; WOW64; rv:30.0) Gecko/20100101 Firefox/30.0"
208.115.111.69 - - [19/Jun/2014:14:35:11 +0200] "GET /robots.txt HTTP/1.1" 404 1256 "-" "Mozilla/5.0 (compatible; DotBot/1.1; http://www.opensiteexplorer.org/dotbot, help@moz.com)"
208.115.111.69 - - [19/Jun/2014:14:35:13 +0200] "GET /robots.txt HTTP/1.1" 404 1256 "-" "Mozilla/5.0 (compatible; DotBot/1.1; http://www.opensiteexplorer.org/dotbot, help@moz.com)"
93.220.251.92 - - [19/Jun/2014:14:36:17 +0200] "GET / HTTP/1.1" 302 - "-" "Mozilla/5.0 (Windows; U; Windows NT 5.1; de; rv:1.9.0.10) Gecko/2009042316 Firefox/3.0.10 (.NET CLR 3.5.30729)"
208.115.111.69 - - [19/Jun/2014:14:55:19 +0200] "GET / HTTP/1.1" 302 - "-" "Mozilla/5.0 (compatible; DotBot/1.1; http://www.opensiteexplorer.org/dotbot, help@moz.com)"
66.249.78.236 - - [19/Jun/2014:15:11:25 +0200] "GET /robots.txt HTTP/1.1" 404 1256 "-" "Mozilla/5.0 (compatible; Googlebot/2.1; +http://www.google.com/bot.html)"
66.249.78.236 - - [19/Jun/2014:15:11:25 +0200] "GET /include.php?path=contentarchive&type=2&catid=0&letter=T&entries=0&searchtext=&order=title HTTP/1.1" 404 1256 "-" "Mozilla/5.0 (compatible; Googlebot/2.1; +http://www.google.com/bot.html)"
141.8.147.12 - - [19/Jun/2014:16:09:36 +0200] "GET /robots.txt HTTP/1.1" 404 1256 "-" "Mozilla/5.0 (compatible; YandexBot/3.0; +http://yandex.com/bots)"
141.8.147.12 - - [19/Jun/2014:16:09:38 +0200] "GET / HTTP/1.1" 302 - "-" "Mozilla/5.0 (compatible; YandexBot/3.0; +http://yandex.com/bots)"
89.168.138.225 - - [19/Jun/2014:16:12:07 +0200] "GET / HTTP/1.1" 302 - "-" "Java/1.4.1_04"
89.168.138.225 - - [19/Jun/2014:16:12:08 +0200] "GET /fls_1_aktuelles.php HTTP/1.1" 404 1256 "-" "Java/1.4.1_04"
89.168.138.225 - - [19/Jun/2014:16:12:08 +0200] "GET /fls_2_fremdsprachensekr.php HTTP/1.1" 404 1256 "-" "Java/1.4.1_04"
89.168.138.225 - - [19/Jun/2014:16:12:08 +0200] "GET /fls_3_blog.php HTTP/1.1" 404 1256 "-" "Java/1.4.1_04"
89.168.138.225 - - [19/Jun/2014:16:12:08 +0200] "GET /fls_4_faq.php HTTP/1.1" 404 1256 "-" "Java/1.4.1_04"
89.168.138.225 - - [19/Jun/2014:16:12:08 +0200] "GET /fls_4_impressum.php HTTP/1.1" 404 1256 "-" "Java/1.4.1_04"
89.168.138.225 - - [19/Jun/2014:16:12:08 +0200] "GET /fls_4_kontakt_anmeldung.php HTTP/1.1" 404 1256 "-" "Java/1.4.1_04"
89.168.138.225 - - [19/Jun/2014:16:12:08 +0200] "GET /index.php HTTP/1.1" 302 - "-" "Java/1.4.1_04"
89.168.138.225 - - [19/Jun/2014:16:12:09 +0200] "GET /index_en.php HTTP/1.1" 404 1256 "-" "Java/1.4.1_04"
89.168.138.225 - - [19/Jun/2014:16:12:09 +0200] "GET /index_fr.php HTTP/1.1" 404 1256 "-" "Java/1.4.1_04"
89.168.138.225 - - [19/Jun/2014:16:12:09 +0200] "GET /index_sp.php HTTP/1.1" 404 1256 "-" "Java/1.4.1_04"
89.168.138.225 - - [19/Jun/2014:16:12:09 +0200] "GET /& HTTP/1.1" 404 1256 "-" "Java/1.4.1_04"
89.168.138.225 - - [19/Jun/2014:16:12:09 +0200] "GET /& HTTP/1.1" 404 1256 "-" "Java/1.4.1_04"
89.168.138.225 - - [19/Jun/2014:16:12:09 +0200] "GET /& HTTP/1.1" 404 1256 "-" "Java/1.4.1_04"
89.168.138.225 - - [19/Jun/2014:16:12:09 +0200] "GET /& HTTP/1.1" 404 1256 "-" "Java/1.4.1_04"
89.168.138.225 - - [19/Jun/2014:16:12:09 +0200] "GET /& HTTP/1.1" 404 1256 "-" "Java/1.4.1_04"
89.168.138.225 - - [19/Jun/2014:16:12:09 +0200] "GET /& HTTP/1.1" 404 1256 "-" "Java/1.4.1_04"
89.168.138.225 - - [19/Jun/2014:16:12:09 +0200] "GET /& HTTP/1.1" 404 1256 "-" "Java/1.4.1_04"
89.168.138.225 - - [19/Jun/2014:16:12:09 +0200] "GET /& HTTP/1.1" 404 1256 "-" "Java/1.4.1_04"
89.168.138.225 - - [19/Jun/2014:16:12:10 +0200] "GET /& HTTP/1.1" 404 1256 "-" "Java/1.4.1_04"
89.168.138.225 - - [19/Jun/2014:16:12:10 +0200] "GET /& HTTP/1.1" 404 1256 "-" "Java/1.4.1_04"
89.168.138.225 - - [19/Jun/2014:16:12:10 +0200] "GET /& HTTP/1.1" 404 1256 "-" "Java/1.4.1_04"
89.168.138.225 - - [19/Jun/2014:16:12:10 +0200] "GET /& HTTP/1.1" 404 1256 "-" "Java/1.4.1_04"
89.168.138.225 - - [19/Jun/2014:16:12:10 +0200] "GET /& HTTP/1.1" 404 1256 "-" "Java/1.4.1_04"
89.168.138.225 - - [19/Jun/2014:16:12:10 +0200] "GET /& HTTP/1.1" 404 1256 "-" "Java/1.4.1_04"
89.168.138.225 - - [19/Jun/2014:16:12:10 +0200] "GET /& HTTP/1.1" 404 1256 "-" "Java/1.4.1_04"
89.168.138.225 - - [19/Jun/2014:16:12:10 +0200] "GET /& HTTP/1.1" 404 1256 "-" "Java/1.4.1_04"
89.168.138.225 - - [19/Jun/2014:16:12:10 +0200] "GET /& HTTP/1.1" 404 1256 "-" "Java/1.4.1_04"
89.168.138.225 - - [19/Jun/2014:16:12:10 +0200] "GET /& HTTP/1.1" 404 1256 "-" "Java/1.4.1_04"
89.168.138.225 - - [19/Jun/2014:16:12:10 +0200] "GET /& HTTP/1.1" 404 1256 "-" "Java/1.4.1_04"
89.168.138.225 - - [19/Jun/2014:16:12:10 +0200] "GET /& HTTP/1.1" 404 1256 "-" "Java/1.4.1_04"
80.40.134.103 - - [19/Jun/2014:16:12:39 +0200] "GET /fls_1_aktuelles.php HTTP/1.0" 404 1256 "http://www.friedrich-list-berlin.de/fls_1_aktuelles.php" "Mozilla/4.0 (compatible; MSIE 8.0; Windows NT 5.1; Trident/4.0; .NET CLR 2.0.50727; .NET CLR 3.0.04506.648; .NET CLR 3.5.21022; .NET CLR 3.0.4506.2152; .NET CLR 3.5.30729; InfoPath.2)"
80.40.134.103 - - [19/Jun/2014:16:12:39 +0200] "GET /robots.txt HTTP/1.0" 404 1256 "http://www.friedrich-list-berlin.de/robots.txt" "Mozilla/4.0 (compatible; MSIE 8.0; Windows NT 5.1; Trident/4.0; .NET CLR 2.0.50727; .NET CLR 3.0.04506.648; .NET CLR 3.5.21022; .NET CLR 3.0.4506.2152; .NET CLR 3.5.30729; InfoPath.2)"
80.40.134.103 - - [19/Jun/2014:16:12:39 +0200] "GET /fls_2_fremdsprachensekr.php HTTP/1.0" 404 1256 "http://www.friedrich-list-berlin.de/fls_2_fremdsprachensekr.php" "Mozilla/4.0 (compatible; MSIE 8.0; Windows NT 5.1; Trident/4.0; .NET CLR 2.0.50727; .NET CLR 3.0.04506.648; .NET CLR 3.5.21022; .NET CLR 3.0.4506.2152; .NET CLR 3.5.30729; InfoPath.2)"
80.40.134.104 - - [19/Jun/2014:16:12:39 +0200] "GET /robots.txt HTTP/1.0" 404 1256 "http://www.friedrich-list-berlin.de/robots.txt" "Mozilla/4.0 (compatible; MSIE 8.0; Windows NT 5.1; Trident/4.0; .NET CLR 2.0.50727; .NET CLR 3.0.04506.648; .NET CLR 3.5.21022; .NET CLR 3.0.4506.2152; .NET CLR 3.5.30729; InfoPath.2)"
80.40.134.104 - - [19/Jun/2014:16:12:39 +0200] "GET /fls_4_impressum.php HTTP/1.0" 404 1256 "http://www.friedrich-list-berlin.de/fls_4_impressum.php" "Mozilla/4.0 (compatible; MSIE 8.0; Windows NT 5.1; Trident/4.0; .NET CLR 2.0.50727; .NET CLR 3.0.04506.648; .NET CLR 3.5.21022; .NET CLR 3.0.4506.2152; .NET CLR 3.5.30729; InfoPath.2)"
80.40.134.104 - - [19/Jun/2014:16:12:39 +0200] "GET /index_sp.php HTTP/1.0" 404 1256 "http://www.friedrich-list-berlin.de/index_sp.php" "Mozilla/4.0 (compatible; MSIE 8.0; Windows NT 5.1; Trident/4.0; .NET CLR 2.0.50727; .NET CLR 3.0.04506.648; .NET CLR 3.5.21022; .NET CLR 3.0.4506.2152; .NET CLR 3.5.30729; InfoPath.2)"
80.40.134.104 - - [19/Jun/2014:16:12:40 +0200] "GET /index_en.php HTTP/1.0" 404 1256 "http://www.friedrich-list-berlin.de/index_en.php" "Mozilla/4.0 (compatible; MSIE 8.0; Windows NT 5.1; Trident/4.0; .NET CLR 2.0.50727; .NET CLR 3.0.04506.648; .NET CLR 3.5.21022; .NET CLR 3.0.4506.2152; .NET CLR 3.5.30729; InfoPath.2)"
80.40.134.104 - - [19/Jun/2014:16:12:40 +0200] "GET /%26 HTTP/1.0" 404 1256 "http://www.friedrich-list-berlin.de/%26" "Mozilla/4.0 (compatible; MSIE 8.0; Windows NT 5.1; Trident/4.0; .NET CLR 2.0.50727; .NET CLR 3.0.04506.648; .NET CLR 3.5.21022; .NET CLR 3.0.4506.2152; .NET CLR 3.5.30729; InfoPath.2)"
208.115.111.69 - - [19/Jun/2014:16:15:12 +0200] "GET /include.php?path=contentarchive&type=2&letter=T&catid=0&themeid=0&searchtext=&entries=0&order=title HTTP/1.1" 404 1256 "-" "Mozilla/5.0 (compatible; DotBot/1.1; http://www.opensiteexplorer.org/dotbot, help@moz.com)"
208.115.111.69 - - [19/Jun/2014:16:15:18 +0200] "GET /include.php?path=contentarchive&type=3&letter=H&catid=0&themeid=0&searchtext=&entries=0&order= HTTP/1.1" 404 1256 "-" "Mozilla/5.0 (compatible; DotBot/1.1; http://www.opensiteexplorer.org/dotbot, help@moz.com)"
66.249.78.236 - - [19/Jun/2014:16:24:15 +0200] "GET /include.php?path=contentarchive&type=1&letter=I&catid=1&themeid=0&searchtext=&entries=0&order=titled&nid=13 HTTP/1.1" 404 1256 "-" "Mozilla/5.0 (compatible; Googlebot/2.1; +http://www.google.com/bot.html)"
208.115.113.85 - - [19/Jun/2014:16:39:15 +0200] "GET /robots.txt HTTP/1.1" 404 1256 "-" "Mozilla/5.0 (compatible; DotBot/1.1; http://www.opensiteexplorer.org/dotbot, help@moz.com)"
92.206.49.254 - - [19/Jun/2014:16:45:24 +0200] "GET / HTTP/1.1" 302 - "http://www.aubi-plus.de/ausbildung/friedrich-list-schule-berlin-fremdsprachenkorrespondent-schul-10823-berlin-deutschland-117120.html" "Mozilla/5.0 (Windows NT 6.1; WOW64) AppleWebKit/537.36 (KHTML, like Gecko) Chrome/35.0.1916.114 Safari/537.36"
178.77.126.55 - - [19/Jun/2014:17:12:57 +0200] "GET /robots.txt HTTP/1.1" 404 1256 "-" "Mozilla/5.0 (compatible; CareerBot/1.1; +http://www.career-x.de/bot.html)"
178.77.126.55 - - [19/Jun/2014:17:12:57 +0200] "GET / HTTP/1.1" 302 - "-" "Mozilla/5.0 (compatible; CareerBot/1.1; +http://www.career-x.de/bot.html)"
66.249.78.236 - - [19/Jun/2014:17:28:59 +0200] "GET /include.php?path=content&mode=vote&contentid=73&type=1&content_vote=5&action=Go&nid=32 HTTP/1.1" 404 1256 "-" "Mozilla/5.0 (compatible; Googlebot/2.1; +http://www.google.com/bot.html)"
66.249.78.236 - - [19/Jun/2014:17:49:12 +0200] "GET /include.php?path=contentarchive&type=3&catid=0&letter=C&entries=0&searchtext=&order=date&nid=4 HTTP/1.1" 404 1256 "-" "Mozilla/5.0 (compatible; Googlebot/2.1; +http://www.google.com/bot.html)"
208.115.113.85 - - [19/Jun/2014:18:31:52 +0200] "GET /include.php?path=contentarchive&type=3&letter=R&catid=0&themeid=0&searchtext=&entries=0&order= HTTP/1.1" 404 1256 "-" "Mozilla/5.0 (compatible; DotBot/1.1; http://www.opensiteexplorer.org/dotbot, help@moz.com)"
198.27.69.52 - - [19/Jun/2014:18:37:21 +0200] "GET /robots.txt HTTP/1.1" 404 1256 "-" "Mozilla/5.0 (compatible; meanpathbot/1.0; +http://www.meanpath.com/meanpathbot.html)"
198.27.69.52 - - [19/Jun/2014:18:37:21 +0200] "GET / HTTP/1.1" 302 - "-" "Mozilla/5.0 (compatible; meanpathbot/1.0; +http://www.meanpath.com/meanpathbot.html)"
66.249.66.240 - - [19/Jun/2014:18:41:48 +0200] "GET /include.php?path=contentarchive&type=3&letter=C&catid=0&themeid=0&searchtext=&entries=0&order=dated&nid=19 HTTP/1.1" 404 1256 "-" "Mozilla/5.0 (compatible; Googlebot/2.1; +http://www.google.com/bot.html)"
66.249.78.236 - - [19/Jun/2014:18:53:56 +0200] "GET /include.php?path=contentarchive&type=4&catid=1&letter=A&entries=0&searchtext=&order=titled HTTP/1.1" 404 1256 "-" "Mozilla/5.0 (compatible; Googlebot/2.1; +http://www.google.com/bot.html)"
66.249.78.115 - - [19/Jun/2014:19:24:01 +0200] "GET /robots.txt HTTP/1.1" 404 1256 "-" "Mozilla/5.0 (compatible; Googlebot/2.1; +http://www.google.com/bot.html)"
66.249.78.115 - - [19/Jun/2014:19:24:01 +0200] "GET / HTTP/1.1" 302 - "-" "Mozilla/5.0 (compatible; Googlebot/2.1; +http://www.google.com/bot.html)"
93.92.217.228 - - [19/Jun/2014:19:52:58 +0200] "GET / HTTP/1.1" 302 - "-" "Opera/9.171 (Windows NT 6.0; U; nl) Presto/561.901.01 Version/871.441"
66.249.78.236 - - [19/Jun/2014:20:14:51 +0200] "GET /?path=content&contentid=41&nid=32 HTTP/1.1" 302 - "-" "Mozilla/5.0 (compatible; Googlebot/2.1; +http://www.google.com/bot.html)"
66.249.78.236 - - [19/Jun/2014:20:26:59 +0200] "GET /include.php?path=contentarchive&type=1&letter=T&catid=1&themeid=0&searchtext=&entries=0&order= HTTP/1.1" 404 1256 "-" "Mozilla/5.0 (compatible; Googlebot/2.1; +http://www.google.com/bot.html)"
208.115.113.85 - - [19/Jun/2014:21:05:28 +0200] "GET /robots.txt HTTP/1.1" 404 1256 "-" "Mozilla/5.0 (compatible; DotBot/1.1; http://www.opensiteexplorer.org/dotbot, help@moz.com)"
66.249.78.236 - - [19/Jun/2014:21:27:41 +0200] "GET /include.php?path=contentarchive&type=4&letter=C&catid=12&themeid=0&searchtext=&entries=0&order=titled&nid=21 HTTP/1.1" 404 1256 "-" "Mozilla/5.0 (compatible; Googlebot/2.1; +http://www.google.com/bot.html)"
66.249.78.236 - - [19/Jun/2014:21:31:43 +0200] "GET /include.php?path=contentarchive&type=1&catid=0&letter=P&entries=0&searchtext=&order=title&nid=4 HTTP/1.1" 404 1256 "-" "Mozilla/5.0 (compatible; Googlebot/2.1; +http://www.google.com/bot.html)"
87.162.72.252 - - [19/Jun/2014:21:43:18 +0200] "GET / HTTP/1.1" 302 - "-" "Mozilla/5.0 (Windows NT 6.1; WOW64; rv:30.0) Gecko/20100101 Firefox/30.0"
208.115.113.85 - - [19/Jun/2014:22:55:58 +0200] "GET /include.php?path=contentarchive&type=2&letter=Q&catid=0&themeid=0&searchtext=&entries=0&order=title HTTP/1.1" 404 1256 "-" "Mozilla/5.0 (compatible; DotBot/1.1; http://www.opensiteexplorer.org/dotbot, help@moz.com)"
208.115.113.85 - - [19/Jun/2014:22:56:01 +0200] "GET /include.php?path=contentarchive&type=2&letter=X&catid=0&themeid=0&searchtext=&entries=0&order= HTTP/1.1" 404 1256 "-" "Mozilla/5.0 (compatible; DotBot/1.1; http://www.opensiteexplorer.org/dotbot, help@moz.com)"
66.249.78.236 - - [19/Jun/2014:22:56:59 +0200] "GET /include.php?path=contentarchive&type=2&catid=0&letter=W&entries=0&searchtext=&order=titled&nid=13 HTTP/1.1" 404 1256 "-" "Mozilla/5.0 (compatible; Googlebot/2.1; +http://www.google.com/bot.html)"
66.220.152.116 - - [19/Jun/2014:23:24:56 +0200] "GET / HTTP/1.1" 302 - "-" "facebookexternalhit/1.1 (+http://www.facebook.com/externalhit_uatext.php)"
37.59.55.128 - - [20/Jun/2014:00:14:44 +0200] "GET /robots.txt HTTP/1.1" 404 1256 "-" "Mozilla/5.0 (compatible; fr-crawler/1.1)"
37.59.55.128 - - [20/Jun/2014:00:14:45 +0200] "GET / HTTP/1.1" 302 - "-" "Mozilla/5.0 (compatible; fr-crawler/1.1)"
66.249.78.236 - - [20/Jun/2014:00:41:04 +0200] "GET /include.php?path=contentarchive&type=4&catid=6&letter=T&entries=0&searchtext=&order=titled&nid=13 HTTP/1.1" 404 1256 "-" "Mozilla/5.0 (compatible; Googlebot/2.1; +http://www.google.com/bot.html)"
66.249.78.236 - - [20/Jun/2014:00:49:17 +0200] "GET /include.php?path=contentarchive&type=2&letter=H&catid=0&themeid=0&searchtext=&entries=0&order=dated&nid=19 HTTP/1.1" 404 1256 "-" "Mozilla/5.0 (compatible; Googlebot/2.1; +http://www.google.com/bot.html)"
94.242.222.44 - - [20/Jun/2014:02:09:33 +0200] "GET /fls_4_impressum.php HTTP/1.1" 404 1256 "-" "Mozilla/4.0 (compatible; MSIE 8.0; Windows NT 6.1; Trident/4.0)"
193.175.194.33 - - [20/Jun/2014:02:22:52 +0200] "GET / HTTP/1.1" 302 - "-" "Bildungsserver-Linkchecker DBS 0.9 (http://www.bildungsserver.de)"
208.115.113.85 - - [20/Jun/2014:04:35:14 +0200] "GET /robots.txt HTTP/1.1" 404 1256 "-" "Mozilla/5.0 (compatible; DotBot/1.1; http://www.opensiteexplorer.org/dotbot, help@moz.com)"
208.115.113.85 - - [20/Jun/2014:06:26:10 +0200] "GET /?path=contentarchive&type=2&letter=V&catid=0&themeid=0&searchtext=&entries=0&order= HTTP/1.1" 302 - "-" "Mozilla/5.0 (compatible; DotBot/1.1; http://www.opensiteexplorer.org/dotbot, help@moz.com)"
208.115.113.85 - - [20/Jun/2014:06:26:13 +0200] "GET /include.php?path=contentarchive&type=2&letter=0-9&catid=0&themeid=0&searchtext=&entries=0&order=title HTTP/1.1" 404 1256 "-" "Mozilla/5.0 (compatible; DotBot/1.1; http://www.opensiteexplorer.org/dotbot, help@moz.com)"
208.115.111.69 - - [20/Jun/2014:06:34:04 +0200] "GET /robots.txt HTTP/1.1" 404 1256 "-" "Mozilla/5.0 (compatible; DotBot/1.1; http://www.opensiteexplorer.org/dotbot, help@moz.com)"
208.115.111.69 - - [20/Jun/2014:08:14:16 +0200] "GET /include.php?path=contentarchive&type=3&letter=I&catid=0&themeid=0&searchtext=&entries=0&order= HTTP/1.1" 404 1256 "-" "Mozilla/5.0 (compatible; DotBot/1.1; http://www.opensiteexplorer.org/dotbot, help@moz.com)"
141.8.147.12 - - [20/Jun/2014:09:27:20 +0200] "GET /robots.txt HTTP/1.1" 404 1256 "-" "Mozilla/5.0 (compatible; YandexBot/3.0; +http://yandex.com/bots)"
141.8.147.12 - - [20/Jun/2014:09:27:22 +0200] "GET / HTTP/1.1" 302 - "-" "Mozilla/5.0 (compatible; YandexBot/3.0; +http://yandex.com/bots)"
184.73.104.170 - - [20/Jun/2014:10:46:57 +0200] "GET / HTTP/1.1" 302 - "-" "HTTPClient/1.0 (2.4.0, ruby 1.9.3 (2013-06-27))"
88.198.1.77 - - [20/Jun/2014:11:31:30 +0200] "GET /robots.txt HTTP/1.1" 404 1256 "http://www.sitedomain.de/" "Sitedomain-Bot(Sitedomain-Bot 1.0, http://www.sitedomain.de/sitedomain-bot/)"
37.5.42.29 - - [20/Jun/2014:12:08:28 +0200] "GET / HTTP/1.1" 302 - "-" "Mozilla/5.0 (Windows NT 6.1; WOW64; rv:29.0) Gecko/20100101 Firefox/29.0"
67.86.104.197 - - [20/Jun/2014:12:38:24 +0200] "GET / HTTP/1.1" 302 - "-" "Java/1.4.1_04"
67.86.104.197 - - [20/Jun/2014:12:38:26 +0200] "GET /fls_1_aktuelles.php HTTP/1.1" 404 1256 "-" "Java/1.4.1_04"
67.86.104.197 - - [20/Jun/2014:12:38:26 +0200] "GET /fls_2_fremdsprachensekr.php HTTP/1.1" 404 1256 "-" "Java/1.4.1_04"
67.86.104.197 - - [20/Jun/2014:12:38:26 +0200] "GET /fls_3_blog.php HTTP/1.1" 404 1256 "-" "Java/1.4.1_04"
67.86.104.197 - - [20/Jun/2014:12:38:26 +0200] "GET /fls_4_faq.php HTTP/1.1" 404 1256 "-" "Java/1.4.1_04"
67.86.104.197 - - [20/Jun/2014:12:38:26 +0200] "GET /fls_4_impressum.php HTTP/1.1" 404 1256 "-" "Java/1.4.1_04"
67.86.104.197 - - [20/Jun/2014:12:38:27 +0200] "GET /fls_4_kontakt_anmeldung.php HTTP/1.1" 404 1256 "-" "Java/1.4.1_04"
67.86.104.197 - - [20/Jun/2014:12:38:27 +0200] "GET /index.php HTTP/1.1" 302 - "-" "Java/1.4.1_04"
67.86.104.197 - - [20/Jun/2014:12:38:28 +0200] "GET /index_en.php HTTP/1.1" 404 1256 "-" "Java/1.4.1_04"
67.86.104.197 - - [20/Jun/2014:12:38:28 +0200] "GET /index_fr.php HTTP/1.1" 404 1256 "-" "Java/1.4.1_04"
67.86.104.197 - - [20/Jun/2014:12:38:28 +0200] "GET /index_sp.php HTTP/1.1" 404 1256 "-" "Java/1.4.1_04"
67.86.104.197 - - [20/Jun/2014:12:38:28 +0200] "GET /& HTTP/1.1" 404 1256 "-" "Java/1.4.1_04"
67.86.104.197 - - [20/Jun/2014:12:38:29 +0200] "GET /& HTTP/1.1" 404 1256 "-" "Java/1.4.1_04"
67.86.104.197 - - [20/Jun/2014:12:38:29 +0200] "GET /& HTTP/1.1" 404 1256 "-" "Java/1.4.1_04"
67.86.104.197 - - [20/Jun/2014:12:38:29 +0200] "GET /& HTTP/1.1" 404 1256 "-" "Java/1.4.1_04"
67.86.104.197 - - [20/Jun/2014:12:38:29 +0200] "GET /& HTTP/1.1" 404 1256 "-" "Java/1.4.1_04"
67.86.104.197 - - [20/Jun/2014:12:38:30 +0200] "GET /& HTTP/1.1" 404 1256 "-" "Java/1.4.1_04"
67.86.104.197 - - [20/Jun/2014:12:38:30 +0200] "GET /& HTTP/1.1" 404 1256 "-" "Java/1.4.1_04"
67.86.104.197 - - [20/Jun/2014:12:38:30 +0200] "GET /& HTTP/1.1" 404 1256 "-" "Java/1.4.1_04"
67.86.104.197 - - [20/Jun/2014:12:38:30 +0200] "GET /& HTTP/1.1" 404 1256 "-" "Java/1.4.1_04"
67.86.104.197 - - [20/Jun/2014:12:38:30 +0200] "GET /& HTTP/1.1" 404 1256 "-" "Java/1.4.1_04"
67.86.104.197 - - [20/Jun/2014:12:38:31 +0200] "GET /& HTTP/1.1" 404 1256 "-" "Java/1.4.1_04"
67.86.104.197 - - [20/Jun/2014:12:38:31 +0200] "GET /& HTTP/1.1" 404 1256 "-" "Java/1.4.1_04"
67.86.104.197 - - [20/Jun/2014:12:38:31 +0200] "GET /& HTTP/1.1" 404 1256 "-" "Java/1.4.1_04"
67.86.104.197 - - [20/Jun/2014:12:38:31 +0200] "GET /& HTTP/1.1" 404 1256 "-" "Java/1.4.1_04"
67.86.104.197 - - [20/Jun/2014:12:38:32 +0200] "GET /& HTTP/1.1" 404 1256 "-" "Java/1.4.1_04"
67.86.104.197 - - [20/Jun/2014:12:38:32 +0200] "GET /& HTTP/1.1" 404 1256 "-" "Java/1.4.1_04"
67.86.104.197 - - [20/Jun/2014:12:38:32 +0200] "GET /& HTTP/1.1" 404 1256 "-" "Java/1.4.1_04"
67.86.104.197 - - [20/Jun/2014:12:38:32 +0200] "GET /& HTTP/1.1" 404 1256 "-" "Java/1.4.1_04"
67.86.104.197 - - [20/Jun/2014:12:38:32 +0200] "GET /& HTTP/1.1" 404 1256 "-" "Java/1.4.1_04"
67.86.104.197 - - [20/Jun/2014:12:38:33 +0200] "GET /& HTTP/1.1" 404 1256 "-" "Java/1.4.1_04"
208.115.113.85 - - [20/Jun/2014:12:40:09 +0200] "GET /robots.txt HTTP/1.1" 404 1256 "-" "Mozilla/5.0 (compatible; DotBot/1.1; http://www.opensiteexplorer.org/dotbot, help@moz.com)"
83.54.25.39 - - [20/Jun/2014:14:03:22 +0200] "GET / HTTP/1.1" 302 - "-" "Java/1.6.0_29"
208.115.113.85 - - [20/Jun/2014:14:31:52 +0200] "GET /include.php?path=contentarchive&catid=1&type=3 HTTP/1.1" 404 1256 "-" "Mozilla/5.0 (compatible; DotBot/1.1; http://www.opensiteexplorer.org/dotbot, help@moz.com)"
208.115.113.85 - - [20/Jun/2014:14:32:00 +0200] "GET /include.php?path=contentarchive&type=3&letter=D&catid=0&themeid=0&searchtext=&entries=0&order= HTTP/1.1" 404 1256 "-" "Mozilla/5.0 (compatible; DotBot/1.1; http://www.opensiteexplorer.org/dotbot, help@moz.com)"
88.198.1.77 - - [20/Jun/2014:14:32:19 +0200] "GET /robots.txt HTTP/1.1" 404 1256 "http://www.sitedomain.de/" "Sitedomain-Bot(Sitedomain-Bot 1.0, http://www.sitedomain.de/sitedomain-bot/)"
192.99.15.56 - - [20/Jun/2014:16:52:23 +0200] "GET /robots.txt HTTP/1.1" 404 1256 "-" "Mozilla/5.0 (compatible; meanpathbot/1.0; +http://www.meanpath.com/meanpathbot.html)"
192.99.15.56 - - [20/Jun/2014:16:52:23 +0200] "GET / HTTP/1.1" 302 - "-" "Mozilla/5.0 (compatible; meanpathbot/1.0; +http://www.meanpath.com/meanpathbot.html)"
208.115.111.69 - - [20/Jun/2014:18:28:16 +0200] "GET /robots.txt HTTP/1.1" 404 1256 "-" "Mozilla/5.0 (compatible; DotBot/1.1; http://www.opensiteexplorer.org/dotbot, help@moz.com)"
87.162.72.252 - - [20/Jun/2014:18:56:12 +0200] "GET / HTTP/1.1" 302 - "-" "Mozilla/5.0 (Windows NT 6.1; WOW64; rv:30.0) Gecko/20100101 Firefox/30.0"
208.115.111.69 - - [20/Jun/2014:20:03:18 +0200] "GET /?path=content&contentid=47&nid=17 HTTP/1.1" 302 - "-" "Mozilla/5.0 (compatible; DotBot/1.1; http://www.opensiteexplorer.org/dotbot, help@moz.com)"
208.115.113.85 - - [20/Jun/2014:20:36:28 +0200] "GET /robots.txt HTTP/1.1" 404 1256 "-" "Mozilla/5.0 (compatible; DotBot/1.1; http://www.opensiteexplorer.org/dotbot, help@moz.com)"
208.115.113.85 - - [20/Jun/2014:22:30:00 +0200] "GET /?path=contentarchive&type=2&letter=D&catid=0&themeid=0&searchtext=&entries=0&order= HTTP/1.1" 302 - "-" "Mozilla/5.0 (compatible; DotBot/1.1; http://www.opensiteexplorer.org/dotbot, help@moz.com)"
208.115.113.85 - - [20/Jun/2014:22:30:02 +0200] "GET /include.php?path=contentarchive&type=3&letter=C&catid=0&themeid=0&searchtext=&entries=0&order= HTTP/1.1" 404 1256 "-" "Mozilla/5.0 (compatible; DotBot/1.1; http://www.opensiteexplorer.org/dotbot, help@moz.com)"
208.115.113.85 - - [20/Jun/2014:22:30:05 +0200] "GET /include.php?path=contentarchive&type=3&letter=F&catid=0&themeid=0&searchtext=&entries=0&order= HTTP/1.1" 404 1256 "-" "Mozilla/5.0 (compatible; DotBot/1.1; http://www.opensiteexplorer.org/dotbot, help@moz.com)"
208.115.113.85 - - [21/Jun/2014:00:35:16 +0200] "GET /robots.txt HTTP/1.1" 404 1256 "-" "Mozilla/5.0 (compatible; DotBot/1.1; http://www.opensiteexplorer.org/dotbot, help@moz.com)"
208.115.113.85 - - [21/Jun/2014:02:29:59 +0200] "GET /include.php?path=contentarchive&type=2&letter=L&catid=0&themeid=0&searchtext=&entries=0&order= HTTP/1.1" 404 1256 "-" "Mozilla/5.0 (compatible; DotBot/1.1; http://www.opensiteexplorer.org/dotbot, help@moz.com)"
208.115.113.85 - - [21/Jun/2014:02:30:02 +0200] "GET /include.php?path=contentarchive&type=2&letter=P&catid=0&themeid=0&searchtext=&entries=0&order=title HTTP/1.1" 404 1256 "-" "Mozilla/5.0 (compatible; DotBot/1.1; http://www.opensiteexplorer.org/dotbot, help@moz.com)"
208.115.111.69 - - [21/Jun/2014:02:33:41 +0200] "GET /robots.txt HTTP/1.1" 404 1256 "-" "Mozilla/5.0 (compatible; DotBot/1.1; http://www.opensiteexplorer.org/dotbot, help@moz.com)"
208.115.111.69 - - [21/Jun/2014:04:13:10 +0200] "GET /include.php?path=contentarchive&type=2&letter=U&catid=0&themeid=0&searchtext=&entries=0&order=title HTTP/1.1" 404 1256 "-" "Mozilla/5.0 (compatible; DotBot/1.1; http://www.opensiteexplorer.org/dotbot, help@moz.com)"
208.115.111.69 - - [21/Jun/2014:06:31:36 +0200] "GET /robots.txt HTTP/1.1" 404 1256 "-" "Mozilla/5.0 (compatible; DotBot/1.1; http://www.opensiteexplorer.org/dotbot, help@moz.com)"
162.210.196.97 - - [21/Jun/2014:08:24:18 +0200] "GET /robots.txt HTTP/1.0" 404 1256 "-" "Mozilla/5.0 (compatible; MJ12bot/v1.4.5; http://www.majestic12.co.uk/bot.php?+)"
162.210.196.97 - - [21/Jun/2014:08:24:19 +0200] "GET / HTTP/1.0" 302 - "-" "Mozilla/5.0 (compatible; MJ12bot/v1.4.5; http://www.majestic12.co.uk/bot.php?+)"
208.115.111.69 - - [21/Jun/2014:08:46:07 +0200] "GET /robots.txt HTTP/1.1" 404 1256 "-" "Mozilla/5.0 (compatible; DotBot/1.1; http://www.opensiteexplorer.org/dotbot, help@moz.com)"
199.58.86.211 - - [21/Jun/2014:10:28:06 +0200] "GET /robots.txt HTTP/1.0" 404 1256 "-" "Mozilla/5.0 (compatible; MJ12bot/v1.4.5; http://www.majestic12.co.uk/bot.php?+)"
199.58.86.211 - - [21/Jun/2014:10:28:08 +0200] "GET / HTTP/1.0" 302 - "-" "Mozilla/5.0 (compatible; MJ12bot/v1.4.5; http://www.majestic12.co.uk/bot.php?+)"
128.131.102.100 - - [21/Jun/2014:13:56:02 +0200] "GET / HTTP/1.0" 302 - "-" "Mozilla/5.0 (KeepRight OpenStreetMap Checker; http://keepright.at) Gecko/20100101 Firefox/22.0"
144.76.34.109 - - [21/Jun/2014:16:52:17 +0200] "GET /?path=content&contentid=81&nid=21 HTTP/1.1" 302 - "-" "Mozilla/4.0 (compatible; MSIE 6.0; Windows 98; Win 9x4.90)"
208.115.111.69 - - [21/Jun/2014:18:43:22 +0200] "GET /robots.txt HTTP/1.1" 404 1256 "-" "Mozilla/5.0 (compatible; DotBot/1.1; http://www.opensiteexplorer.org/dotbot, help@moz.com)"
66.249.78.115 - - [21/Jun/2014:18:48:06 +0200] "GET /robots.txt HTTP/1.1" 404 1256 "-" "Mozilla/5.0 (compatible; Googlebot/2.1; +http://www.google.com/bot.html)"
66.249.78.115 - - [21/Jun/2014:18:48:06 +0200] "GET / HTTP/1.1" 302 - "-" "Mozilla/5.0 (compatible; Googlebot/2.1; +http://www.google.com/bot.html)"
141.8.147.12 - - [21/Jun/2014:23:44:35 +0200] "GET /robots.txt HTTP/1.1" 404 1256 "-" "Mozilla/5.0 (compatible; YandexBot/3.0; +http://yandex.com/bots)"
141.8.147.12 - - [21/Jun/2014:23:44:37 +0200] "GET / HTTP/1.1" 302 - "-" "Mozilla/5.0 (compatible; YandexBot/3.0; +http://yandex.com/bots)"
144.76.183.43 - - [22/Jun/2014:01:14:33 +0200] "GET /robots.txt HTTP/1.1" 404 1256 "-" "Mozilla/5.0 (compatible; SISTRIX Crawler; http://crawler.sistrix.net/)"
144.76.183.43 - - [22/Jun/2014:01:14:34 +0200] "GET / HTTP/1.1" 302 - "-" "Mozilla/5.0 (compatible; SISTRIX Crawler; http://crawler.sistrix.net/)"
144.76.34.109 - - [22/Jun/2014:01:34:18 +0200] "GET /?path=contentarchive&type=2&nid=30 HTTP/1.1" 302 - "-" "Mozilla/4.0 (compatible; MSIE 6.0; Windows 98; Win 9x4.90)"
148.251.234.169 - - [22/Jun/2014:01:49:20 +0200] "GET /robots.txt HTTP/1.1" 404 1256 "-" "Mozilla/5.0 (X11; Ubuntu; Linux x86_64; rv:27.0) Gecko/20100101 Firefox/27.0"
148.251.234.169 - - [22/Jun/2014:01:49:20 +0200] "GET / HTTP/1.1" 302 - "-" "Mozilla/5.0 (X11; Ubuntu; Linux x86_64; rv:27.0) Gecko/20100101 Firefox/27.0"
69.58.178.57 - - [22/Jun/2014:02:02:51 +0200] "GET /robots.txt HTTP/1.1" 404 1256 "-" "Mozilla/5.0 (X11; Ubuntu; Linux i686; rv:14.0; ips-agent) Gecko/20100101 Firefox/14.0.1"
69.58.178.57 - - [22/Jun/2014:02:02:52 +0200] "GET / HTTP/1.1" 302 - "-" "Mozilla/5.0 (X11; Ubuntu; Linux i686; rv:14.0; ips-agent) Gecko/20100101 Firefox/14.0.1"
217.186.221.7 - - [22/Jun/2014:10:41:31 +0200] "GET / HTTP/1.1" 302 - "http://www.yelp.de/biz_redir?url=http%3A%2F%2Fwww.friedrich-list-berlin.de&src_bizid=fSHiYxGQm1Z5g7TwC8oc_A&cachebuster=1403426396&s=0ea79246f89c8ea7979f331aec4a018e54fe41282019fb1cee30af9c7c27249c" "Mozilla/5.0 (Windows NT 6.1) AppleWebKit/537.36 (KHTML, like Gecko) Chrome/35.0.1916.153 Safari/537.36"
87.162.72.252 - - [22/Jun/2014:11:33:28 +0200] "GET / HTTP/1.1" 302 - "-" "Mozilla/5.0 (Windows NT 6.1; WOW64; rv:30.0) Gecko/20100101 Firefox/30.0"
92.226.191.229 - - [22/Jun/2014:13:31:15 +0200] "GET / HTTP/1.1" 302 - "http://l.facebook.com/l.php?u=http%3A%2F%2Fwww.friedrich-list-berlin.de%2F&h=qAQEN6zMX&s=1" "Mozilla/5.0 (Windows NT 6.1; WOW64; rv:30.0) Gecko/20100101 Firefox/30.0"
178.77.126.55 - - [22/Jun/2014:13:59:58 +0200] "GET /robots.txt HTTP/1.1" 404 1256 "-" "Mozilla/5.0 (compatible; CareerBot/1.1; +http://www.career-x.de/bot.html)"
178.77.126.55 - - [22/Jun/2014:13:59:58 +0200] "GET / HTTP/1.1" 302 - "-" "Mozilla/5.0 (compatible; CareerBot/1.1; +http://www.career-x.de/bot.html)"
188.138.41.173 - - [22/Jun/2014:14:34:44 +0200] "GET /robots.txt HTTP/1.1" 404 1256 "-" "Mozilla/5.0 (Windows NT 6.1; rv:17.0) Gecko/20100101 Firefox/17.0"
188.138.41.173 - - [22/Jun/2014:14:34:44 +0200] "GET / HTTP/1.1" 302 - "-" "Mozilla/5.0 (X11; U; Linux i686; de; rv:1.9.0.1; compatible; iCjobs Stellenangebote Jobs; http://www.icjobs.de) Gecko/20100401 iCjobs/3.2.3"
188.138.41.173 - - [22/Jun/2014:14:34:47 +0200] "GET / HTTP/1.1" 302 - "-" "Mozilla/5.0 (Windows NT 6.1; rv:17.0) Gecko/20100101 Firefox/17.0"
188.138.41.173 - - [22/Jun/2014:14:35:25 +0200] "GET /favicon.ico HTTP/1.1" 404 1256 "-" "Mozilla/5.0 (Windows NT 6.1; rv:17.0) Gecko/20100101 Firefox/17.0"
188.138.41.173 - - [22/Jun/2014:14:35:27 +0200] "GET / HTTP/1.1" 302 - "-" "Mozilla/5.0 (Windows NT 6.1; rv:17.0) Gecko/20100101 Firefox/17.0"
81.144.138.34 - - [22/Jun/2014:15:48:57 +0200] "GET /robots.txt HTTP/1.1" 404 1256 "-" "Wotbox/2.01 (+http://www.wotbox.com/bot/)"
81.144.138.34 - - [22/Jun/2014:15:49:08 +0200] "GET / HTTP/1.1" 302 - "-" "Wotbox/2.01 (+http://www.wotbox.com/bot/)"
84.131.66.231 - - [22/Jun/2014:23:04:57 +0200] "GET / HTTP/1.1" 302 - "-" "Mozilla/5.0 (Windows NT 6.1; WOW64; rv:30.0) Gecko/20100101 Firefox/30.0"
207.241.226.233 - - [23/Jun/2014:01:04:19 +0200] "GET /robots.txt HTTP/1.1" 404 1256 "-" "Mozilla/5.0 (compatible; archive.org_bot; Wayback Machine Live Record; +http://archive.org/details/archive.org_bot)"
144.76.185.173 - - [23/Jun/2014:02:39:12 +0200] "GET /include.php?path=content&mode=print&contentid=25 HTTP/1.1" 404 1256 "-" "Mozilla/5.0 (Macintosh; Intel Mac OS X 10_5_8) AppleWebKit/534.50.2 (KHTML, like Gecko) Version/5.0.6 Safari/533.22.3"
141.8.147.12 - - [23/Jun/2014:05:19:41 +0200] "GET /robots.txt HTTP/1.1" 404 1256 "-" "Mozilla/5.0 (compatible; YandexBot/3.0; +http://yandex.com/bots)"
141.8.147.12 - - [23/Jun/2014:05:19:43 +0200] "GET /fls_1_aktuelles.php?artid=44 HTTP/1.1" 404 1256 "-" "Mozilla/5.0 (compatible; YandexBot/3.0; +http://yandex.com/bots)"
141.8.147.12 - - [23/Jun/2014:05:19:45 +0200] "GET /fls_1_aktuelles.php HTTP/1.1" 404 1256 "-" "Mozilla/5.0 (compatible; YandexBot/3.0; +http://yandex.com/bots)"
141.8.147.12 - - [23/Jun/2014:05:19:47 +0200] "GET /fls_2_fremdsprachensekr.php HTTP/1.1" 404 1256 "-" "Mozilla/5.0 (compatible; YandexBot/3.0; +http://yandex.com/bots)"
141.8.147.12 - - [23/Jun/2014:05:19:49 +0200] "GET /fls_4_impressum.php HTTP/1.1" 404 1256 "-" "Mozilla/5.0 (compatible; YandexBot/3.0; +http://yandex.com/bots)"
141.8.147.12 - - [23/Jun/2014:05:19:52 +0200] "GET /fls_4_kontakt_anmeldung.php HTTP/1.1" 404 1256 "-" "Mozilla/5.0 (compatible; YandexBot/3.0; +http://yandex.com/bots)"
141.8.147.12 - - [23/Jun/2014:05:19:54 +0200] "GET /fls_2_kurs_ecbm_london.php HTTP/1.1" 404 1256 "-" "Mozilla/5.0 (compatible; YandexBot/3.0; +http://yandex.com/bots)"
141.8.147.12 - - [23/Jun/2014:05:19:56 +0200] "GET /fls_2_europakorr.php HTTP/1.1" 404 1256 "-" "Mozilla/5.0 (compatible; YandexBot/3.0; +http://yandex.com/bots)"
141.8.147.12 - - [23/Jun/2014:05:19:58 +0200] "GET /index_fr.php HTTP/1.1" 404 1256 "-" "Mozilla/5.0 (compatible; YandexBot/3.0; +http://yandex.com/bots)"
141.8.147.12 - - [23/Jun/2014:05:20:00 +0200] "GET /fls_2_berufsfachschule.php HTTP/1.1" 404 1256 "-" "Mozilla/5.0 (compatible; YandexBot/3.0; +http://yandex.com/bots)"
141.8.147.12 - - [23/Jun/2014:05:20:02 +0200] "GET /index_sp.php HTTP/1.1" 404 1256 "-" "Mozilla/5.0 (compatible; YandexBot/3.0; +http://yandex.com/bots)"
141.8.147.12 - - [23/Jun/2014:05:20:04 +0200] "GET /fls_2_fremdsprachenkorr.php HTTP/1.1" 404 1256 "-" "Mozilla/5.0 (compatible; YandexBot/3.0; +http://yandex.com/bots)"
141.8.147.12 - - [23/Jun/2014:05:20:06 +0200] "GET /index_en.php HTTP/1.1" 404 1256 "-" "Mozilla/5.0 (compatible; YandexBot/3.0; +http://yandex.com/bots)"
91.56.88.91 - - [23/Jun/2014:08:32:21 +0200] "GET / HTTP/1.1" 302 - "http://www.google.de/url?sa=t&rct=j&q=&esrc=s&frm=1&source=web&cd=1&ved=0CCQQFjAA&url=http%3A%2F%2Fwww.fls-berlin.de%2F&ei=lMmnU5iVLsq30QWE-YGYBQ&usg=AFQjCNG4fgXtDKSWFE8hgLKnipf8LQYy-g&bvm=bv.69411363,d.d2k" "Mozilla/5.0 (compatible; MSIE 9.0; Windows NT 6.1; WOW64; Trident/5.0)"
66.249.78.115 - - [23/Jun/2014:09:38:53 +0200] "GET /robots.txt HTTP/1.1" 404 1256 "-" "Mozilla/5.0 (compatible; Googlebot/2.1; +http://www.google.com/bot.html)"
66.249.78.115 - - [23/Jun/2014:09:38:53 +0200] "GET / HTTP/1.1" 302 - "-" "Mozilla/5.0 (iPhone; CPU iPhone OS 6_0 like Mac OS X) AppleWebKit/536.26 (KHTML, like Gecko) Version/6.0 Mobile/10A5376e Safari/8536.25 (compatible; Googlebot/2.1; +http://www.google.com/bot.html)"
93.186.197.177 - - [23/Jun/2014:09:58:06 +0200] "GET / HTTP/1.1" 302 - "www.fls-berlin.de" "Mozilla/5.0 (Windows NT 6.2; WOW64; rv:15.0) Gecko/20100101 Firefox/15.0.1"
91.66.97.135 - - [23/Jun/2014:10:26:08 +0200] "GET / HTTP/1.1" 302 - "https://www.google.de/" "Mozilla/5.0 (iPhone; CPU iPhone OS 7_0_3 like Mac OS X) AppleWebKit/537.51.1 (KHTML, like Gecko) Version/7.0 Mobile/11B511 Safari/9537.53"
66.249.79.185 - - [23/Jun/2014:14:40:52 +0200] "GET /robots.txt HTTP/1.1" 404 1256 "-" "Mozilla/5.0 (compatible; Googlebot/2.1; +http://www.google.com/bot.html)"
66.249.79.159 - - [23/Jun/2014:14:40:53 +0200] "GET / HTTP/1.1" 302 - "-" "Mozilla/5.0 (compatible; Googlebot/2.1; +http://www.google.com/bot.html)"
141.8.147.12 - - [23/Jun/2014:14:43:13 +0200] "GET /robots.txt HTTP/1.1" 404 1256 "-" "Mozilla/5.0 (compatible; YandexBot/3.0; +http://yandex.com/bots)"
141.8.147.12 - - [23/Jun/2014:14:43:15 +0200] "GET / HTTP/1.1" 302 - "-" "Mozilla/5.0 (compatible; YandexBot/3.0; +http://yandex.com/bots)"
208.115.111.69 - - [23/Jun/2014:19:15:23 +0200] "GET /robots.txt HTTP/1.1" 404 1256 "-" "Mozilla/5.0 (compatible; DotBot/1.1; http://www.opensiteexplorer.org/dotbot, help@moz.com)"
91.66.167.195 - - [23/Jun/2014:19:35:36 +0200] "GET / HTTP/1.1" 302 - "-" "Mozilla/5.0 (Windows NT 6.1; rv:30.0) Gecko/20100101 Firefox/30.0"
91.66.167.195 - - [23/Jun/2014:19:41:34 +0200] "GET / HTTP/1.1" 302 - "-" "Mozilla/5.0 (Windows NT 6.1; rv:30.0) Gecko/20100101 Firefox/30.0"
144.76.95.231 - - [23/Jun/2014:20:23:36 +0200] "GET /robots.txt HTTP/1.0" 404 1256 "-" "Mozilla/5.0 (compatible; MJ12bot/v1.4.5; http://www.majestic12.co.uk/bot.php?+)"
144.76.95.231 - - [23/Jun/2014:20:23:39 +0200] "GET /?&nid=13 HTTP/1.0" 302 - "-" "Mozilla/5.0 (compatible; MJ12bot/v1.4.5; http://www.majestic12.co.uk/bot.php?+)"
144.76.95.231 - - [23/Jun/2014:20:23:44 +0200] "GET /robots.txt HTTP/1.0" 404 1256 "-" "Mozilla/5.0 (compatible; MJ12bot/v1.4.5; http://www.majestic12.co.uk/bot.php?+)"
144.76.95.231 - - [23/Jun/2014:20:23:46 +0200] "GET /?&nid=19 HTTP/1.0" 302 - "-" "Mozilla/5.0 (compatible; MJ12bot/v1.4.5; http://www.majestic12.co.uk/bot.php?+)"
208.115.111.69 - - [23/Jun/2014:22:56:34 +0200] "GET /robots.txt HTTP/1.1" 404 1256 "-" "Mozilla/5.0 (compatible; DotBot/1.1; http://www.opensiteexplorer.org/dotbot, help@moz.com)"
37.58.100.165 - - [23/Jun/2014:22:56:49 +0200] "GET /robots.txt HTTP/1.1" 404 1256 "-" "Mozilla/5.0 (compatible; AhrefsBot/5.0; +http://ahrefs.com/robot/)"
157.55.39.185 - - [23/Jun/2014:23:36:02 +0200] "GET /robots.txt HTTP/1.1" 404 1256 "-" "Mozilla/5.0 (compatible; bingbot/2.0; +http://www.bing.com/bingbot.htm)"
157.55.39.4 - - [23/Jun/2014:23:36:23 +0200] "GET /?&nid=4 HTTP/1.1" 302 - "-" "Mozilla/5.0 (compatible; bingbot/2.0; +http://www.bing.com/bingbot.htm)"
208.115.111.69 - - [24/Jun/2014:00:34:25 +0200] "GET /?path=contentarchive&type=2&letter=F&catid=0&themeid=0&searchtext=&entries=0&order= HTTP/1.1" 302 - "-" "Mozilla/5.0 (compatible; DotBot/1.1; http://www.opensiteexplorer.org/dotbot, help@moz.com)"
208.115.111.69 - - [24/Jun/2014:02:29:37 +0200] "GET /robots.txt HTTP/1.1" 404 1256 "-" "Mozilla/5.0 (compatible; DotBot/1.1; http://www.opensiteexplorer.org/dotbot, help@moz.com)"
66.249.79.159 - - [24/Jun/2014:06:03:05 +0200] "GET /robots.txt HTTP/1.1" 404 1256 "-" "Mozilla/5.0 (compatible; Googlebot/2.1; +http://www.google.com/bot.html)"
208.115.111.69 - - [24/Jun/2014:06:32:17 +0200] "GET /robots.txt HTTP/1.1" 404 1256 "-" "Mozilla/5.0 (compatible; DotBot/1.1; http://www.opensiteexplorer.org/dotbot, help@moz.com)"
208.115.111.69 - - [24/Jun/2014:08:14:56 +0200] "GET /include.php?path=content&contentid=81&nid=2 HTTP/1.1" 404 1256 "-" "Mozilla/5.0 (compatible; DotBot/1.1; http://www.opensiteexplorer.org/dotbot, help@moz.com)"
208.115.111.69 - - [24/Jun/2014:08:15:01 +0200] "GET /include.php?path=contentarchive&type=2&letter=P&catid=0&themeid=0&searchtext=&entries=0&order=&nid=32 HTTP/1.1" 404 1256 "-" "Mozilla/5.0 (compatible; DotBot/1.1; http://www.opensiteexplorer.org/dotbot, help@moz.com)"
208.115.113.85 - - [24/Jun/2014:08:33:22 +0200] "GET /robots.txt HTTP/1.1" 404 1256 "-" "Mozilla/5.0 (compatible; DotBot/1.1; http://www.opensiteexplorer.org/dotbot, help@moz.com)"
87.162.72.252 - - [24/Jun/2014:08:37:57 +0200] "GET / HTTP/1.1" 302 - "-" "Mozilla/5.0 (Windows NT 6.1; WOW64; rv:30.0) Gecko/20100101 Firefox/30.0"
37.58.100.176 - - [24/Jun/2014:09:23:50 +0200] "GET /robots.txt HTTP/1.1" 404 1256 "-" "Mozilla/5.0 (compatible; AhrefsBot/5.0; +http://ahrefs.com/robot/)"
178.255.215.68 - - [24/Jun/2014:09:31:17 +0200] "GET /robots.txt HTTP/1.1" 404 1256 "-" "Mozilla/5.0 (compatible; Exabot/3.0; +http://www.exabot.com/go/robot)"
178.255.215.68 - - [24/Jun/2014:09:31:17 +0200] "GET / HTTP/1.1" 302 - "-" "Mozilla/5.0 (compatible; Exabot/3.0; +http://www.exabot.com/go/robot)"
82.165.172.75 - - [24/Jun/2014:09:59:38 +0200] "GET / HTTP/1.1" 302 - "http://www.stadtsurfer.de" "4"
82.165.172.75 - - [24/Jun/2014:09:59:38 +0200] "GET / HTTP/1.1" 302 - "-" "Mozilla/5.0 (Windows; U; Windows NT 5.1; de; rv:1.9.1.5) Gecko/20091102 Firefox/3.5.5 (.NET CLR 3.5.30729)"
87.234.194.37 - - [24/Jun/2014:10:03:46 +0200] "GET / HTTP/1.1" 302 - "-" "Mozilla/4.0 (compatible; MSIE 8.0; Windows NT 5.1; Trident/4.0; .NET CLR 2.0.50727; .NET CLR 3.0.4506.2152; .NET CLR 3.5.30729)"
162.210.196.98 - - [24/Jun/2014:10:08:52 +0200] "GET /robots.txt HTTP/1.0" 404 1256 "-" "Mozilla/5.0 (compatible; MJ12bot/v1.4.5; http://www.majestic12.co.uk/bot.php?+)"
162.210.196.98 - - [24/Jun/2014:10:08:53 +0200] "GET / HTTP/1.0" 302 - "-" "Mozilla/5.0 (compatible; MJ12bot/v1.4.5; http://www.majestic12.co.uk/bot.php?+)"
46.165.197.141 - - [24/Jun/2014:10:24:43 +0200] "GET /robots.txt HTTP/1.0" 404 1256 "-" "Mozilla/5.0 (compatible; MJ12bot/v1.4.5; http://www.majestic12.co.uk/bot.php?+)"
46.165.197.141 - - [24/Jun/2014:10:24:44 +0200] "GET / HTTP/1.0" 302 - "-" "Mozilla/5.0 (compatible; MJ12bot/v1.4.5; http://www.majestic12.co.uk/bot.php?+)"
208.115.111.69 - - [24/Jun/2014:10:29:22 +0200] "GET /robots.txt HTTP/1.1" 404 1256 "-" "Mozilla/5.0 (compatible; DotBot/1.1; http://www.opensiteexplorer.org/dotbot, help@moz.com)"
208.115.113.85 - - [24/Jun/2014:10:31:07 +0200] "GET /include.php?path=contentarchive&type=3&catid=0&letter=D&entries=0&searchtext=&order=dated HTTP/1.1" 404 1256 "-" "Mozilla/5.0 (compatible; DotBot/1.1; http://www.opensiteexplorer.org/dotbot, help@moz.com)"
208.115.111.69 - - [24/Jun/2014:12:16:26 +0200] "GET /include.php?path=contentarchive&type=3&letter=K&catid=0&themeid=0&searchtext=&entries=0&order= HTTP/1.1" 404 1256 "-" "Mozilla/5.0 (compatible; DotBot/1.1; http://www.opensiteexplorer.org/dotbot, help@moz.com)"
208.115.111.69 - - [24/Jun/2014:12:16:31 +0200] "GET /include.php?path=contentarchive&type=3&letter=N&catid=0&themeid=0&searchtext=&entries=0&order= HTTP/1.1" 404 1256 "-" "Mozilla/5.0 (compatible; DotBot/1.1; http://www.opensiteexplorer.org/dotbot, help@moz.com)"
79.197.216.176 - - [24/Jun/2014:12:24:36 +0200] "GET / HTTP/1.1" 302 - "http://maps.google.de/local_url?dq=Friedrich-List-Schule&q=http://www.friedrich-list-berlin.de/&oi=miw&sa=X&ct=miw_link&cd=1&cad=homepage,cid:15796106503487596536&ei=klGpU-bBCoKoiAbg84GYDg&s=ANYYN7ktzW12CPpseMbN4kNSNF4Ja9vSbA" "Mozilla/5.0 (Macintosh; Intel Mac OS X 10_5_8) AppleWebKit/534.50.2 (KHTML, like Gecko) Version/5.0.6 Safari/533.22.3"
91.65.153.30 - - [24/Jun/2014:13:28:44 +0200] "GET / HTTP/1.1" 302 - "http://www.aubi-plus.de/firmenprofil/friedrich-list-schule-berlin-10823-berlin-deutschland-92363.html" "Mozilla/5.0 (compatible; MSIE 10.0; Windows NT 6.2; Win64; x64; Trident/6.0)"
173.252.73.119 - - [24/Jun/2014:15:27:05 +0200] "GET / HTTP/1.1" 302 - "-" "facebookexternalhit/1.1 (+http://www.facebook.com/externalhit_uatext.php)"
80.129.31.16 - - [24/Jun/2014:15:32:22 +0200] "GET / HTTP/1.1" 302 - "http://www.friedrich-list-berlin.eu/fls_1_gaestebuch.php" "Mozilla/5.0 (iPad; CPU OS 7_1_1 like Mac OS X) AppleWebKit/537.51.2 (KHTML, like Gecko) Version/7.0 Mobile/11D201 Safari/9537.53"
46.29.20.219 - - [24/Jun/2014:19:21:43 +0200] "HEAD / HTTP/1.1" 302 - "-" "Mozilla/4.0 (compatible; MSIE 5.01; Windows NT 5.0)"
89.246.185.97 - - [24/Jun/2014:20:57:15 +0200] "GET / HTTP/1.1" 302 - "http://www.google.com/url?sa=t&rct=j&q=&esrc=s&source=web&cd=8&ved=0CFUQoAIwBw&url=http%3A%2F%2Fwww.friedrich-list-berlin.de%2F&ei=rsmpU52_DMzXPf34gagC&usg=AFQjCNGsKs3TvBQ4z91zrYvo9_SfKi5nug&sig2=-AkrdHESWJzU1QlYfPA0Dg&bvm=bv.69620078,d.ZWU" "Mozilla/5.0 (Macintosh; Intel Mac OS X 10_9_3) AppleWebKit/537.76.4 (KHTML, like Gecko) Version/7.0.4 Safari/537.76.4"
2.166.80.176 - - [24/Jun/2014:21:10:59 +0200] "GET / HTTP/1.1" 302 - "http://domino2.berufsschulen.de/db/berufsschulen.nsf/Berlin?OpenView" "Mozilla/5.0 (Windows NT 6.3; WOW64) AppleWebKit/537.36 (KHTML, like Gecko) Chrome/35.0.1916.153 Safari/537.36"
148.251.234.169 - - [25/Jun/2014:01:32:42 +0200] "GET /robots.txt HTTP/1.1" 404 1256 "-" "Mozilla/5.0 (X11; Ubuntu; Linux x86_64; rv:27.0) Gecko/20100101 Firefox/27.0"
148.251.234.169 - - [25/Jun/2014:01:32:42 +0200] "GET / HTTP/1.1" 302 - "-" "Mozilla/5.0 (X11; Ubuntu; Linux x86_64; rv:27.0) Gecko/20100101 Firefox/27.0"
178.77.126.55 - - [25/Jun/2014:01:33:31 +0200] "GET /robots.txt HTTP/1.1" 404 1256 "-" "Mozilla/5.0 (compatible; CareerBot/1.1; +http://www.career-x.de/bot.html)"
178.77.126.55 - - [25/Jun/2014:01:33:31 +0200] "GET / HTTP/1.1" 302 - "-" "Mozilla/5.0 (compatible; CareerBot/1.1; +http://www.career-x.de/bot.html)"
208.115.111.69 - - [25/Jun/2014:02:31:13 +0200] "GET /robots.txt HTTP/1.1" 404 1256 "-" "Mozilla/5.0 (compatible; DotBot/1.1; http://www.opensiteexplorer.org/dotbot, help@moz.com)"
66.249.70.9 - - [25/Jun/2014:02:57:12 +0200] "GET /robots.txt HTTP/1.1" 404 1256 "-" "Mozilla/5.0 (compatible; Googlebot/2.1; +http://www.google.com/bot.html)"
66.249.70.9 - - [25/Jun/2014:02:57:12 +0200] "GET / HTTP/1.1" 302 - "-" "Mozilla/5.0 (compatible; Googlebot/2.1; +http://www.google.com/bot.html)"
94.242.222.44 - - [25/Jun/2014:03:02:05 +0200] "GET /fls_1_aktuelles.php HTTP/1.1" 404 1256 "-" "Mozilla/4.0 (compatible; MSIE 8.0; Windows NT 6.1; Trident/4.0)"
208.115.111.69 - - [25/Jun/2014:04:11:40 +0200] "GET /?path=contentarchive&type=2&letter=0-9&catid=0&themeid=0&searchtext=&entries=0&order=&nid=21 HTTP/1.1" 302 - "-" "Mozilla/5.0 (compatible; DotBot/1.1; http://www.opensiteexplorer.org/dotbot, help@moz.com)"
208.115.113.85 - - [25/Jun/2014:04:39:00 +0200] "GET /robots.txt HTTP/1.1" 404 1256 "-" "Mozilla/5.0 (compatible; DotBot/1.1; http://www.opensiteexplorer.org/dotbot, help@moz.com)"
