141.8.147.12 - - [08/Jun/2014:04:00:36 +0200] "GET /fls_4_impressum.php HTTP/1.1" 404 1256 "-" "Mozilla/5.0 (compatible; YandexBot/3.0; +http://yandex.com/bots)"
141.8.147.12 - - [08/Jun/2014:04:00:38 +0200] "GET /fls_2_berufsfachschule.php HTTP/1.1" 404 1256 "-" "Mozilla/5.0 (compatible; YandexBot/3.0; +http://yandex.com/bots)"
141.8.147.12 - - [08/Jun/2014:04:00:40 +0200] "GET /index_sp.php HTTP/1.1" 404 1256 "-" "Mozilla/5.0 (compatible; YandexBot/3.0; +http://yandex.com/bots)"
141.8.147.12 - - [08/Jun/2014:04:00:42 +0200] "GET /index_en.php HTTP/1.1" 404 1256 "-" "Mozilla/5.0 (compatible; YandexBot/3.0; +http://yandex.com/bots)"
141.8.147.12 - - [08/Jun/2014:04:00:44 +0200] "GET /fls_2_fremdsprachenkorr.php HTTP/1.1" 404 1256 "-" "Mozilla/5.0 (compatible; YandexBot/3.0; +http://yandex.com/bots)"
176.9.48.201 - - [08/Jun/2014:04:35:05 +0200] "GET /robots.txt HTTP/1.1" 404 1256 "-" "Mozilla/5.0 (X11; Ubuntu; Linux x86_64; rv:27.0) Gecko/20100101 Firefox/27.0"
176.9.48.201 - - [08/Jun/2014:04:35:05 +0200] "GET / HTTP/1.1" 302 - "-" "Mozilla/5.0 (X11; Ubuntu; Linux x86_64; rv:27.0) Gecko/20100101 Firefox/27.0"
208.115.113.85 - - [08/Jun/2014:04:36:18 +0200] "GET /robots.txt HTTP/1.1" 404 1256 "-" "Mozilla/5.0 (compatible; DotBot/1.1; http://www.opensiteexplorer.org/dotbot, help@moz.com)"
5.9.112.180 - - [08/Jun/2014:05:41:36 +0200] "GET /robots.txt HTTP/1.1" 404 1256 "-" "Mozilla/5.0 (compatible; SISTRIX Crawler; http://crawler.sistrix.net/)"
5.9.112.180 - - [08/Jun/2014:05:41:37 +0200] "GET / HTTP/1.1" 302 - "-" "Mozilla/5.0 (compatible; SISTRIX Crawler; http://crawler.sistrix.net/)"
146.120.166.243 - - [08/Jun/2014:06:17:25 +0200] "GET /fls_4_kontakt_anmeldung.php HTTP/1.1" 404 1256 "-" "Mozilla/5.0 (X11; U; Linux i586; de; rv:5.0) Gecko/20100101 Firefox/5.0"
208.115.113.85 - - [08/Jun/2014:06:23:37 +0200] "GET /?path=content&contentid=39&nid=15 HTTP/1.1" 302 - "-" "Mozilla/5.0 (compatible; DotBot/1.1; http://www.opensiteexplorer.org/dotbot, help@moz.com)"
108.59.8.80 - - [08/Jun/2014:09:57:36 +0200] "GET /robots.txt HTTP/1.0" 404 1256 "-" "Mozilla/5.0 (compatible; MJ12bot/v1.4.5; http://www.majestic12.co.uk/bot.php?+)"
108.59.8.80 - - [08/Jun/2014:09:57:37 +0200] "GET / HTTP/1.0" 302 - "-" "Mozilla/5.0 (compatible; MJ12bot/v1.4.5; http://www.majestic12.co.uk/bot.php?+)"
208.115.111.69 - - [08/Jun/2014:10:41:04 +0200] "GET /robots.txt HTTP/1.1" 404 1256 "-" "Mozilla/5.0 (compatible; DotBot/1.1; http://www.opensiteexplorer.org/dotbot, help@moz.com)"
208.115.111.69 - - [08/Jun/2014:12:21:27 +0200] "GET /include.php?path=contentarchive&type=2&letter=I&catid=0&themeid=0&searchtext=&entries=0&order= HTTP/1.1" 404 1256 "-" "Mozilla/5.0 (compatible; DotBot/1.1; http://www.opensiteexplorer.org/dotbot, help@moz.com)"
217.88.181.230 - - [08/Jun/2014:12:37:08 +0200] "GET / HTTP/1.1" 302 - "http://lm.facebook.com/l.php?u=http%3A%2F%2Fwww.fls-berlin.de%2F&h=eAQHG2liq&enc=AZMSMYI6HtXuNYewlaT5nAPu11van6KTHgkDARGXeQ8Mb1ucgx7kLSQz3clMWFavX2ZKF6bdiC4mYR2mzDa6uRHNgRNJN1uWOMMxj6AcYWqqu4S6AATR7tFurtNtaFhzFtD32lIrKXw5lkzZR2EkBYHs&s=1" "Mozilla/5.0 (iPhone; CPU iPhone OS 7_1 like Mac OS X) AppleWebKit/537.51.2 (KHTML, like Gecko) Mobile/11D167"
217.88.181.230 - - [08/Jun/2014:12:37:14 +0200] "GET / HTTP/1.1" 302 - "http://lm.facebook.com/l.php?u=http%3A%2F%2Fwww.fls-berlin.de%2F&h=AAQGTyzHD&enc=AZOIgUeHgHSJN9iRVBw1Ov3vl43siVHvQXD0SUfuEju0BTeRfdZISVgbUrAzuVQiix9X4Fz8LV7TQijKxrDi8eWdkx9v8e9SGOauu1LPraO_sqxwoibI5q0HMtbUNMadeSZLgeQcGFrR1wbo0BR7xRbR&s=1" "Mozilla/5.0 (iPhone; CPU iPhone OS 7_1 like Mac OS X) AppleWebKit/537.51.2 (KHTML, like Gecko) Mobile/11D167"
208.115.113.85 - - [08/Jun/2014:12:41:07 +0200] "GET /robots.txt HTTP/1.1" 404 1256 "-" "Mozilla/5.0 (compatible; DotBot/1.1; http://www.opensiteexplorer.org/dotbot, help@moz.com)"
178.77.126.55 - - [08/Jun/2014:13:01:43 +0200] "GET /robots.txt HTTP/1.1" 404 1256 "-" "Mozilla/5.0 (compatible; CareerBot/1.1; +http://www.career-x.de/bot.html)"
178.77.126.55 - - [08/Jun/2014:13:01:43 +0200] "GET / HTTP/1.1" 302 - "-" "Mozilla/5.0 (compatible; CareerBot/1.1; +http://www.career-x.de/bot.html)"
5.9.42.111 - - [08/Jun/2014:13:20:15 +0200] "GET /robots.txt HTTP/1.1" 404 1256 "-" "Mozilla/5.0 (X11; Ubuntu; Linux x86_64; rv:27.0) Gecko/20100101 Firefox/27.0"
5.9.42.111 - - [08/Jun/2014:13:20:15 +0200] "GET / HTTP/1.1" 302 - "-" "Mozilla/5.0 (X11; Ubuntu; Linux x86_64; rv:27.0) Gecko/20100101 Firefox/27.0"
66.249.78.115 - - [08/Jun/2014:13:27:00 +0200] "GET /robots.txt HTTP/1.1" 404 1256 "-" "Mozilla/5.0 (compatible; Googlebot/2.1; +http://www.google.com/bot.html)"
66.249.78.115 - - [08/Jun/2014:13:27:01 +0200] "GET / HTTP/1.1" 302 - "http://www.schulfreundfinden.de/redirectSchool.php/Friedrich-List-Schule+(OSZ+Wirtschaftssprachen)/?id=430&lang=en" "Mozilla/5.0 (compatible; Googlebot/2.1; +http://www.google.com/bot.html)"
88.73.48.139 - - [08/Jun/2014:14:20:44 +0200] "GET / HTTP/1.1" 302 - "https://www.google.de/" "Mozilla/5.0 (Windows NT 6.1; WOW64) AppleWebKit/537.36 (KHTML, like Gecko) Chrome/35.0.1916.114 Safari/537.36"
208.115.113.85 - - [08/Jun/2014:14:37:17 +0200] "GET /include.php?path=content&contentid=39&nid=15 HTTP/1.1" 404 1256 "-" "Mozilla/5.0 (compatible; DotBot/1.1; http://www.opensiteexplorer.org/dotbot, help@moz.com)"
208.115.113.85 - - [08/Jun/2014:14:37:23 +0200] "GET /include.php?path=contentarchive&type=3 HTTP/1.1" 404 1256 "-" "Mozilla/5.0 (compatible; DotBot/1.1; http://www.opensiteexplorer.org/dotbot, help@moz.com)"
37.16.72.210 - - [08/Jun/2014:17:35:02 +0200] "GET /robots.txt HTTP/1.1" 404 1256 "-" "Mozilla/5.0 (compatible; memorybot/1.20.71 +http://archivethe.net/en/index.php/about/internet_memory1 on behalf of DNB)"
37.16.72.210 - - [08/Jun/2014:17:35:07 +0200] "GET / HTTP/1.1" 302 - "-" "Mozilla/5.0 (compatible; memorybot/1.20.71 +http://archivethe.net/en/index.php/about/internet_memory1 on behalf of DNB)"
157.55.39.142 - - [08/Jun/2014:21:05:48 +0200] "GET /robots.txt HTTP/1.1" 404 1256 "-" "Mozilla/5.0 (compatible; bingbot/2.0; +http://www.bing.com/bingbot.htm)"
157.55.39.142 - - [08/Jun/2014:21:05:50 +0200] "GET / HTTP/1.1" 302 - "-" "Mozilla/5.0 (compatible; bingbot/2.0; +http://www.bing.com/bingbot.htm)"
208.115.113.85 - - [09/Jun/2014:00:37:09 +0200] "GET /robots.txt HTTP/1.1" 404 1256 "-" "Mozilla/5.0 (compatible; DotBot/1.1; http://www.opensiteexplorer.org/dotbot, help@moz.com)"
208.115.113.85 - - [09/Jun/2014:02:35:26 +0200] "GET /include.php?path=contentarchive&type=2&letter=F&catid=0&themeid=0&searchtext=&entries=0&order=title HTTP/1.1" 404 1256 "-" "Mozilla/5.0 (compatible; DotBot/1.1; http://www.opensiteexplorer.org/dotbot, help@moz.com)"
208.115.113.85 - - [09/Jun/2014:02:35:28 +0200] "GET /include.php?path=contentarchive&type=3&letter=S&catid=0&themeid=0&searchtext=&entries=0&order= HTTP/1.1" 404 1256 "-" "Mozilla/5.0 (compatible; DotBot/1.1; http://www.opensiteexplorer.org/dotbot, help@moz.com)"
37.58.100.169 - - [09/Jun/2014:03:40:13 +0200] "GET /robots.txt HTTP/1.1" 404 1256 "-" "Mozilla/5.0 (compatible; AhrefsBot/5.0; +http://ahrefs.com/robot/)"
208.115.113.85 - - [09/Jun/2014:04:38:29 +0200] "GET /robots.txt HTTP/1.1" 404 1256 "-" "Mozilla/5.0 (compatible; DotBot/1.1; http://www.opensiteexplorer.org/dotbot, help@moz.com)"
208.115.113.85 - - [09/Jun/2014:06:38:04 +0200] "GET /?path=contentarchive&type=2&letter=I&catid=0&themeid=0&searchtext=&entries=0&order= HTTP/1.1" 302 - "-" "Mozilla/5.0 (compatible; DotBot/1.1; http://www.opensiteexplorer.org/dotbot, help@moz.com)"
208.115.113.85 - - [09/Jun/2014:06:38:20 +0200] "GET /?path=contentarchive&type=2&letter=S&catid=0&themeid=0&searchtext=&entries=0&order=&nid=21 HTTP/1.1" 302 - "-" "Mozilla/5.0 (compatible; DotBot/1.1; http://www.opensiteexplorer.org/dotbot, help@moz.com)"
208.115.113.85 - - [09/Jun/2014:08:45:27 +0200] "GET /robots.txt HTTP/1.1" 404 1256 "-" "Mozilla/5.0 (compatible; DotBot/1.1; http://www.opensiteexplorer.org/dotbot, help@moz.com)"
85.74.153.128 - - [09/Jun/2014:09:40:54 +0200] "GET / HTTP/1.1" 302 - "http://www.google.gr/url?sa=t&rct=j&q=berlin%20list&source=web&cd=1&ved=0CCIQoAIwAA&url=http%3A%2F%2Fwww.friedrich-list-berlin.de%2F&ei=smOVU6LALcGdO4abgKgI&usg=AFQjCNGsKs3TvBQ4z91zrYvo9_SfKi5nug&sig2=B54Ktkv3TJXwO-NKC6Q_Zg" "Mozilla/5.0 (Macintosh; Intel Mac OS X 10_6_8) AppleWebKit/534.59.8 (KHTML, like Gecko) Version/5.1.9 Safari/534.59.8"
66.249.73.197 - - [09/Jun/2014:10:26:07 +0200] "GET /robots.txt HTTP/1.1" 404 1256 "-" "Mozilla/5.0 (compatible; Googlebot/2.1; +http://www.google.com/bot.html)"
66.249.73.197 - - [09/Jun/2014:10:26:07 +0200] "GET / HTTP/1.1" 302 - "-" "Mozilla/5.0 (compatible; Googlebot/2.1; +http://www.google.com/bot.html)"
208.115.111.69 - - [09/Jun/2014:10:37:16 +0200] "GET /robots.txt HTTP/1.1" 404 1256 "-" "Mozilla/5.0 (compatible; DotBot/1.1; http://www.opensiteexplorer.org/dotbot, help@moz.com)"
208.115.113.85 - - [09/Jun/2014:10:46:35 +0200] "GET /include.php?path=contentarchive&type=3&letter=O&catid=0&themeid=0&searchtext=&entries=0&order= HTTP/1.1" 404 1256 "-" "Mozilla/5.0 (compatible; DotBot/1.1; http://www.opensiteexplorer.org/dotbot, help@moz.com)"
78.52.227.228 - - [09/Jun/2014:11:06:51 +0200] "GET / HTTP/1.1" 302 - "http://www.aubi-plus.de/ausbildung/friedrich-list-schule-berlin-fremdsprachenkorrespondent-schul-10823-berlin-deutschland-117120.html" "Mozilla/5.0 (Windows NT 6.1; WOW64; rv:29.0) Gecko/20100101 Firefox/29.0"
208.115.111.69 - - [09/Jun/2014:12:16:51 +0200] "GET /?path=contentarchive&type=2&letter=Q&catid=0&themeid=0&searchtext=&entries=0&order= HTTP/1.1" 302 - "-" "Mozilla/5.0 (compatible; DotBot/1.1; http://www.opensiteexplorer.org/dotbot, help@moz.com)"
208.115.111.69 - - [09/Jun/2014:12:16:54 +0200] "GET /include.php?path=contentarchive&type=2&letter=B&catid=0&themeid=0&searchtext=&entries=0&order=title HTTP/1.1" 404 1256 "-" "Mozilla/5.0 (compatible; DotBot/1.1; http://www.opensiteexplorer.org/dotbot, help@moz.com)"
74.52.245.146 - - [09/Jun/2014:12:24:36 +0200] "GET / HTTP/1.0" 302 - "-" "Mozilla/5.0 (X11; U; Linux i686; en-US; rv:1.7.5) Gecko/20041107 Firefox/1.0"
208.115.113.85 - - [09/Jun/2014:12:35:20 +0200] "GET /robots.txt HTTP/1.1" 404 1256 "-" "Mozilla/5.0 (compatible; DotBot/1.1; http://www.opensiteexplorer.org/dotbot, help@moz.com)"
141.8.147.12 - - [09/Jun/2014:13:38:34 +0200] "GET /robots.txt HTTP/1.1" 404 1256 "-" "Mozilla/5.0 (compatible; YandexBot/3.0; +http://yandex.com/bots)"
141.8.147.12 - - [09/Jun/2014:13:38:36 +0200] "GET / HTTP/1.1" 302 - "-" "Mozilla/5.0 (compatible; YandexBot/3.0; +http://yandex.com/bots)"
208.115.113.85 - - [09/Jun/2014:14:34:18 +0200] "GET /include.php?path=contentarchive&type=2&letter=Z&catid=0&themeid=0&searchtext=&entries=0&order=title HTTP/1.1" 404 1256 "-" "Mozilla/5.0 (compatible; DotBot/1.1; http://www.opensiteexplorer.org/dotbot, help@moz.com)"
208.115.113.85 - - [09/Jun/2014:14:34:21 +0200] "GET /include.php?path=contentarchive&type=3&letter=G&catid=0&themeid=0&searchtext=&entries=0&order= HTTP/1.1" 404 1256 "-" "Mozilla/5.0 (compatible; DotBot/1.1; http://www.opensiteexplorer.org/dotbot, help@moz.com)"
208.115.111.69 - - [09/Jun/2014:18:33:54 +0200] "GET /robots.txt HTTP/1.1" 404 1256 "-" "Mozilla/5.0 (compatible; DotBot/1.1; http://www.opensiteexplorer.org/dotbot, help@moz.com)"
208.115.111.69 - - [09/Jun/2014:20:11:32 +0200] "GET /?path=contentarchive&type=2&letter=M&catid=0&themeid=0&searchtext=&entries=0&order= HTTP/1.1" 302 - "-" "Mozilla/5.0 (compatible; DotBot/1.1; http://www.opensiteexplorer.org/dotbot, help@moz.com)"
109.45.66.184 - - [09/Jun/2014:20:24:21 +0200] "GET / HTTP/1.1" 302 - "http://www.google.de/" "Mozilla/5.0 (Linux; Android 4.1.2; LG-E440 Build/JZO54K) AppleWebKit/537.36 (KHTML, like Gecko) Chrome/34.0.1847.114 Mobile Safari/537.36"
208.115.111.69 - - [09/Jun/2014:22:36:45 +0200] "GET /robots.txt HTTP/1.1" 404 1256 "-" "Mozilla/5.0 (compatible; DotBot/1.1; http://www.opensiteexplorer.org/dotbot, help@moz.com)"
208.115.111.69 - - [10/Jun/2014:00:18:22 +0200] "GET /include.php?path=contentarchive&type=2&letter=S&catid=0&themeid=0&searchtext=&entries=0&order= HTTP/1.1" 404 1256 "-" "Mozilla/5.0 (compatible; DotBot/1.1; http://www.opensiteexplorer.org/dotbot, help@moz.com)"
208.115.111.69 - - [10/Jun/2014:00:18:25 +0200] "GET /include.php?path=contentarchive&type=2&letter=Y&catid=0&themeid=0&searchtext=&entries=0&order=title HTTP/1.1" 404 1256 "-" "Mozilla/5.0 (compatible; DotBot/1.1; http://www.opensiteexplorer.org/dotbot, help@moz.com)"
208.43.243.244 - - [10/Jun/2014:00:18:33 +0200] "GET /robots.txt HTTP/1.1" 404 1256 "-" "Mozilla/5.0 (compatible; MSIE 9.0; Windows NT 6.1; WOW64; Trident/5.0; chromeframe/19.0.1084.52)"
208.43.243.244 - - [10/Jun/2014:00:18:38 +0200] "GET / HTTP/1.1" 302 - "-" "Mozilla/5.0 (compatible; MSIE 9.0; Windows NT 6.1; WOW64; Trident/5.0; chromeframe/19.0.1084.52)"
208.115.113.85 - - [10/Jun/2014:00:48:01 +0200] "GET /robots.txt HTTP/1.1" 404 1256 "-" "Mozilla/5.0 (compatible; DotBot/1.1; http://www.opensiteexplorer.org/dotbot, help@moz.com)"
74.52.245.146 - - [10/Jun/2014:01:06:18 +0200] "GET / HTTP/1.0" 302 - "-" "Mozilla/5.0 (X11; U; Linux i686; en-US; rv:1.7.5) Gecko/20041107 Firefox/1.0"
66.249.78.236 - - [10/Jun/2014:01:36:24 +0200] "GET /robots.txt HTTP/1.1" 404 1256 "-" "Mozilla/5.0 (compatible; Googlebot/2.1; +http://www.google.com/bot.html)"
66.249.78.236 - - [10/Jun/2014:01:36:25 +0200] "GET / HTTP/1.1" 302 - "-" "Mozilla/5.0 (compatible; Googlebot/2.1; +http://www.google.com/bot.html)"
66.249.78.115 - - [10/Jun/2014:02:09:10 +0200] "GET /robots.txt HTTP/1.1" 404 1256 "-" "Mozilla/5.0 (compatible; Googlebot/2.1; +http://www.google.com/bot.html)"
66.249.78.115 - - [10/Jun/2014:02:09:10 +0200] "GET / HTTP/1.1" 302 - "-" "Mozilla/5.0 (compatible; Googlebot/2.1; +http://www.google.com/bot.html)"
208.115.113.85 - - [10/Jun/2014:02:44:21 +0200] "GET /include.php?path=contentarchive&type=2&letter=K&catid=0&themeid=0&searchtext=&entries=0&order= HTTP/1.1" 404 1256 "-" "Mozilla/5.0 (compatible; DotBot/1.1; http://www.opensiteexplorer.org/dotbot, help@moz.com)"
66.249.78.236 - - [10/Jun/2014:02:55:24 +0200] "GET /?&nid=19 HTTP/1.1" 302 - "-" "Mozilla/5.0 (compatible; Googlebot/2.1; +http://www.google.com/bot.html)"
178.255.215.68 - - [10/Jun/2014:04:31:11 +0200] "GET /robots.txt HTTP/1.1" 404 1256 "-" "Mozilla/5.0 (compatible; Exabot/3.0; +http://www.exabot.com/go/robot)"
178.255.215.68 - - [10/Jun/2014:04:31:11 +0200] "GET / HTTP/1.1" 302 - "-" "Mozilla/5.0 (compatible; Exabot/3.0; +http://www.exabot.com/go/robot)"
66.249.78.236 - - [10/Jun/2014:04:53:23 +0200] "GET /?&nid=21 HTTP/1.1" 302 - "-" "Mozilla/5.0 (compatible; Googlebot/2.1; +http://www.google.com/bot.html)"
66.249.78.236 - - [10/Jun/2014:04:54:52 +0200] "GET /?&nid=32 HTTP/1.1" 302 - "-" "Mozilla/5.0 (compatible; Googlebot/2.1; +http://www.google.com/bot.html)"
89.247.70.40 - - [10/Jun/2014:06:48:24 +0200] "GET / HTTP/1.1" 302 - "http://www.berlin.de/sen/bildung/schulverzeichnis_und_portraets/anwendung/Schulportrait.aspx?IDSchulzweig=11651" "Mozilla/5.0 (Windows NT 6.1; WOW64; Trident/7.0; rv:11.0) like Gecko"
66.249.78.236 - - [10/Jun/2014:07:48:48 +0200] "GET /?nid=19&nid=32 HTTP/1.1" 302 - "-" "Mozilla/5.0 (compatible; Googlebot/2.1; +http://www.google.com/bot.html)"
66.249.78.236 - - [10/Jun/2014:08:44:12 +0200] "GET /?path=contact&nid=13 HTTP/1.1" 302 - "-" "Mozilla/5.0 (compatible; Googlebot/2.1; +http://www.google.com/bot.html)"
82.94.179.38 - - [10/Jun/2014:08:51:04 +0200] "GET /robots.txt HTTP/1.0" 404 1256 "-" "Mozilla/4.0 (compatible; Vagabondo/4.0/EU; http://webagent.wise-guys.nl/)"
82.94.179.38 - - [10/Jun/2014:08:51:04 +0200] "GET / HTTP/1.1" 302 - "-" "Mozilla/4.0 (compatible; Vagabondo/4.0/EU; http://www.wise-guys.nl/)"
84.174.171.226 - - [10/Jun/2014:09:33:25 +0200] "GET / HTTP/1.1" 302 - "-" "Mozilla/5.0 (Windows NT 6.0; rv:29.0) Gecko/20100101 Firefox/29.0"
62.212.73.211 - - [10/Jun/2014:09:36:44 +0200] "GET /robots.txt HTTP/1.0" 404 1256 "-" "Mozilla/5.0 (compatible; MJ12bot/v1.4.5; http://www.majestic12.co.uk/bot.php?+)"
62.212.73.211 - - [10/Jun/2014:09:36:46 +0200] "GET / HTTP/1.0" 302 - "-" "Mozilla/5.0 (compatible; MJ12bot/v1.4.5; http://www.majestic12.co.uk/bot.php?+)"
173.252.101.114 - - [10/Jun/2014:09:38:57 +0200] "GET /?fb_locale=de_DE HTTP/1.1" 302 - "-" "facebookexternalhit/1.1 (+http://www.facebook.com/externalhit_uatext.php)"
173.252.101.113 - - [10/Jun/2014:09:38:57 +0200] "GET / HTTP/1.1" 302 - "-" "facebookexternalhit/1.1 (+http://www.facebook.com/externalhit_uatext.php)"
66.249.78.236 - - [10/Jun/2014:09:39:36 +0200] "GET /?&nid=4 HTTP/1.1" 302 - "-" "Mozilla/5.0 (compatible; Googlebot/2.1; +http://www.google.com/bot.html)"
37.5.42.29 - - [10/Jun/2014:10:04:52 +0200] "GET / HTTP/1.1" 302 - "-" "Mozilla/5.0 (Windows NT 6.1; WOW64; rv:26.0) Gecko/20100101 Firefox/26.0"
66.249.76.188 - - [10/Jun/2014:11:21:04 +0200] "GET /?&nid=13 HTTP/1.1" 302 - "-" "Mozilla/5.0 (compatible; Googlebot/2.1; +http://www.google.com/bot.html)"
188.138.41.109 - - [10/Jun/2014:13:03:41 +0200] "GET /robots.txt HTTP/1.1" 404 1256 "-" "Mozilla/5.0 (X11; U; Linux i686; de; rv:1.9.0.1; compatible; iCjobs Stellenangebote Jobs; http://www.icjobs.de) Gecko/20100401 iCjobs/3.2.3"
188.138.41.109 - - [10/Jun/2014:13:03:41 +0200] "GET / HTTP/1.1" 302 - "-" "Mozilla/5.0 (X11; U; Linux i686; de; rv:1.9.0.1; compatible; iCjobs Stellenangebote Jobs; http://www.icjobs.de) Gecko/20100401 iCjobs/3.2.3"
188.138.41.109 - - [10/Jun/2014:13:03:42 +0200] "GET / HTTP/1.1" 302 - "-" "Mozilla/5.0 (X11; U; Linux i686; de; rv:1.9.0.1; compatible; iCjobs Stellenangebote Jobs; http://www.icjobs.de) Gecko/20100401 iCjobs/3.2.3"
37.5.42.29 - - [10/Jun/2014:13:15:32 +0200] "GET / HTTP/1.1" 302 - "-" "Mozilla/5.0 (Windows NT 5.0; rv:6.0) Gecko/20100101 Firefox/6.0"
91.64.224.177 - - [10/Jun/2014:13:34:03 +0200] "GET / HTTP/1.1" 302 - "https://www.google.de/" "Mozilla/5.0 (Windows NT 5.1) AppleWebKit/537.36 (KHTML, like Gecko) Chrome/35.0.1916.114 Safari/537.36"
157.55.39.13 - - [10/Jun/2014:14:40:25 +0200] "GET /robots.txt HTTP/1.1" 404 1256 "-" "Mozilla/5.0 (compatible; bingbot/2.0; +http://www.bing.com/bingbot.htm)"
157.55.39.13 - - [10/Jun/2014:14:40:38 +0200] "GET /?&nid=13 HTTP/1.1" 302 - "-" "Mozilla/5.0 (compatible; bingbot/2.0; +http://www.bing.com/bingbot.htm)"
87.162.72.252 - - [10/Jun/2014:15:45:38 +0200] "GET / HTTP/1.1" 302 - "-" "Mozilla/5.0 (Windows NT 6.1; WOW64; rv:29.0) Gecko/20100101 Firefox/29.0"
198.27.70.72 - - [10/Jun/2014:17:47:48 +0200] "GET /robots.txt HTTP/1.1" 404 1256 "-" "Mozilla/5.0 (compatible; meanpathbot/1.0; +http://www.meanpath.com/meanpathbot.html)"
198.27.70.72 - - [10/Jun/2014:17:47:48 +0200] "GET / HTTP/1.1" 302 - "-" "Mozilla/5.0 (compatible; meanpathbot/1.0; +http://www.meanpath.com/meanpathbot.html)"
87.169.119.249 - - [10/Jun/2014:18:03:00 +0200] "GET / HTTP/1.1" 302 - "-" "Mozilla/4.0 (compatible; MSIE 8.0; Windows NT 5.1; Trident/4.0; SV1; .NET CLR 1.1.4322; InfoPath.3; .NET CLR 2.0.50727; .NET CLR 3.0.4506.2152; .NET CLR 3.5.30729)"
92.224.243.107 - - [10/Jun/2014:18:06:01 +0200] "GET / HTTP/1.1" 302 - "http://domino2.berufsschulen.de/db/berufsschulen.nsf/Berlin?OpenView" "Mozilla/5.0 (Windows NT 6.1; WOW64) AppleWebKit/537.36 (KHTML, like Gecko) Chrome/35.0.1916.114 Safari/537.36"
87.169.119.249 - - [10/Jun/2014:18:06:38 +0200] "GET / HTTP/1.1" 302 - "-" "Mozilla/4.0 (compatible; MSIE 8.0; Windows NT 5.1; Trident/4.0; SV1; .NET CLR 1.1.4322; InfoPath.3; .NET CLR 2.0.50727; .NET CLR 3.0.4506.2152; .NET CLR 3.5.30729)"
208.115.111.69 - - [10/Jun/2014:18:39:12 +0200] "GET /robots.txt HTTP/1.1" 404 1256 "-" "Mozilla/5.0 (compatible; DotBot/1.1; http://www.opensiteexplorer.org/dotbot, help@moz.com)"
93.220.247.247 - - [10/Jun/2014:20:17:17 +0200] "GET / HTTP/1.1" 302 - "-" "Mozilla/4.0 (compatible; MSIE 7.0; Windows NT 6.0; WOW64; SLCC1; .NET CLR 2.0.50727; .NET CLR 3.0.04320)"
208.115.111.69 - - [10/Jun/2014:20:24:31 +0200] "GET /include.php?path=contentarchive&type=2&letter=O&catid=0&themeid=0&searchtext=&entries=0&order= HTTP/1.1" 404 1256 "-" "Mozilla/5.0 (compatible; DotBot/1.1; http://www.opensiteexplorer.org/dotbot, help@moz.com)"
208.115.113.85 - - [10/Jun/2014:20:34:45 +0200] "GET /robots.txt HTTP/1.1" 404 1256 "-" "Mozilla/5.0 (compatible; DotBot/1.1; http://www.opensiteexplorer.org/dotbot, help@moz.com)"
141.8.147.12 - - [10/Jun/2014:22:24:04 +0200] "GET /robots.txt HTTP/1.1" 404 1256 "-" "Mozilla/5.0 (compatible; YandexBot/3.0; +http://yandex.com/bots)"
141.8.147.12 - - [10/Jun/2014:22:24:06 +0200] "GET / HTTP/1.1" 302 - "-" "Mozilla/5.0 (compatible; YandexBot/3.0; +http://yandex.com/bots)"
212.224.119.179 - - [10/Jun/2014:22:27:57 +0200] "GET / HTTP/1.1" 302 - "-" "XoviBot/2.0"
208.115.113.85 - - [10/Jun/2014:22:44:32 +0200] "GET /include.php?path=contentarchive&type=3&letter=U&catid=0&themeid=0&searchtext=&entries=0&order= HTTP/1.1" 404 1256 "-" "Mozilla/5.0 (compatible; DotBot/1.1; http://www.opensiteexplorer.org/dotbot, help@moz.com)"
141.8.147.12 - - [10/Jun/2014:23:30:19 +0200] "GET /robots.txt HTTP/1.1" 404 1256 "-" "Mozilla/5.0 (compatible; YandexBot/3.0; +http://yandex.com/bots)"
100.43.85.19 - - [10/Jun/2014:23:30:22 +0200] "GET / HTTP/1.1" 302 - "-" "Mozilla/5.0 (compatible; YandexBot/3.0; +http://yandex.com/bots)"
208.115.113.85 - - [11/Jun/2014:00:38:32 +0200] "GET /robots.txt HTTP/1.1" 404 1256 "-" "Mozilla/5.0 (compatible; DotBot/1.1; http://www.opensiteexplorer.org/dotbot, help@moz.com)"
178.77.126.55 - - [11/Jun/2014:01:06:48 +0200] "GET /robots.txt HTTP/1.1" 404 1256 "-" "Mozilla/5.0 (compatible; CareerBot/1.1; +http://www.career-x.de/bot.html)"
178.77.126.55 - - [11/Jun/2014:01:06:48 +0200] "GET / HTTP/1.1" 302 - "-" "Mozilla/5.0 (compatible; CareerBot/1.1; +http://www.career-x.de/bot.html)"
176.9.48.201 - - [11/Jun/2014:01:14:55 +0200] "GET /robots.txt HTTP/1.1" 404 1256 "-" "Mozilla/5.0 (X11; Ubuntu; Linux x86_64; rv:27.0) Gecko/20100101 Firefox/27.0"
176.9.48.201 - - [11/Jun/2014:01:14:55 +0200] "GET / HTTP/1.1" 302 - "-" "Mozilla/5.0 (X11; Ubuntu; Linux x86_64; rv:27.0) Gecko/20100101 Firefox/27.0"
208.115.113.85 - - [11/Jun/2014:02:28:40 +0200] "GET /?path=contentarchive&type=2&letter=X&catid=0&themeid=0&searchtext=&entries=0&order= HTTP/1.1" 302 - "-" "Mozilla/5.0 (compatible; DotBot/1.1; http://www.opensiteexplorer.org/dotbot, help@moz.com)"
208.115.111.69 - - [11/Jun/2014:02:31:19 +0200] "GET /robots.txt HTTP/1.1" 404 1256 "-" "Mozilla/5.0 (compatible; DotBot/1.1; http://www.opensiteexplorer.org/dotbot, help@moz.com)"
208.115.111.69 - - [11/Jun/2014:03:45:54 +0200] "GET /include.php?path=contentarchive&type=2&nid=13 HTTP/1.1" 404 1256 "-" "Mozilla/5.0 (compatible; DotBot/1.1; http://www.opensiteexplorer.org/dotbot, help@moz.com)"
66.249.66.9 - - [11/Jun/2014:09:52:45 +0200] "GET /robots.txt HTTP/1.1" 404 1256 "-" "Mozilla/5.0 (compatible; Googlebot/2.1; +http://www.google.com/bot.html)"
66.249.66.9 - - [11/Jun/2014:09:52:45 +0200] "GET / HTTP/1.1" 302 - "-" "Mozilla/5.0 (compatible; Googlebot/2.1; +http://www.google.com/bot.html)"
208.115.111.69 - - [11/Jun/2014:10:37:49 +0200] "GET /robots.txt HTTP/1.1" 404 1256 "-" "Mozilla/5.0 (compatible; DotBot/1.1; http://www.opensiteexplorer.org/dotbot, help@moz.com)"
109.45.0.94 - - [11/Jun/2014:11:50:27 +0200] "GET / HTTP/1.1" 302 - "https://www.google.de/" "Mozilla/5.0 (Linux; Android 4.3; GT-I9300 Build/JSS15J) AppleWebKit/537.36 (KHTML, like Gecko) Chrome/35.0.1916.141 Mobile Safari/537.36"
208.115.111.69 - - [11/Jun/2014:12:17:45 +0200] "GET /include.php?path=news&contentid=122 HTTP/1.1" 404 1256 "-" "Mozilla/5.0 (compatible; DotBot/1.1; http://www.opensiteexplorer.org/dotbot, help@moz.com)"
92.231.227.126 - - [11/Jun/2014:13:44:25 +0200] "GET / HTTP/1.1" 302 - "https://www.google.de/" "Mozilla/5.0 (Windows NT 6.1; WOW64) AppleWebKit/537.36 (KHTML, like Gecko) Chrome/35.0.1916.114 Safari/537.36"
208.115.111.69 - - [11/Jun/2014:14:36:57 +0200] "GET /robots.txt HTTP/1.1" 404 1256 "-" "Mozilla/5.0 (compatible; DotBot/1.1; http://www.opensiteexplorer.org/dotbot, help@moz.com)"
208.115.111.69 - - [11/Jun/2014:16:21:20 +0200] "GET /include.php?path=contentarchive&type=2&letter=V&catid=0&themeid=0&searchtext=&entries=0&order=dated HTTP/1.1" 404 1256 "-" "Mozilla/5.0 (compatible; DotBot/1.1; http://www.opensiteexplorer.org/dotbot, help@moz.com)"
208.115.113.85 - - [11/Jun/2014:16:43:00 +0200] "GET /robots.txt HTTP/1.1" 404 1256 "-" "Mozilla/5.0 (compatible; DotBot/1.1; http://www.opensiteexplorer.org/dotbot, help@moz.com)"
37.5.74.109 - - [11/Jun/2014:17:28:43 +0200] "GET / HTTP/1.1" 302 - "https://www.google.de/" "Mozilla/5.0 (Windows NT 6.1; WOW64) AppleWebKit/537.36 (KHTML, like Gecko) Chrome/32.0.1700.76 Safari/537.36"
208.115.111.69 - - [11/Jun/2014:18:31:30 +0200] "GET /robots.txt HTTP/1.1" 404 1256 "-" "Mozilla/5.0 (compatible; DotBot/1.1; http://www.opensiteexplorer.org/dotbot, help@moz.com)"
208.115.113.85 - - [11/Jun/2014:18:36:27 +0200] "GET /include.php?path=userinfo&id=1 HTTP/1.1" 404 1256 "-" "Mozilla/5.0 (compatible; DotBot/1.1; http://www.opensiteexplorer.org/dotbot, help@moz.com)"
66.249.79.64 - - [11/Jun/2014:18:48:17 +0200] "GET /robots.txt HTTP/1.1" 404 1256 "-" "Mozilla/5.0 (compatible; Googlebot/2.1; +http://www.google.com/bot.html)"
66.249.79.96 - - [11/Jun/2014:18:48:17 +0200] "GET / HTTP/1.1" 302 - "http://www.schulfreundfinden.de/redirectSchool.php/Friedrich-List-Schule+(OSZ+Wirtschaftssprachen)/?id=430" "Mozilla/5.0 (compatible; Googlebot/2.1; +http://www.google.com/bot.html)"
141.8.147.12 - - [11/Jun/2014:19:32:49 +0200] "GET /robots.txt HTTP/1.1" 404 1256 "-" "Mozilla/5.0 (compatible; YandexBot/3.0; +http://yandex.com/bots)"
141.8.147.12 - - [11/Jun/2014:19:32:51 +0200] "GET / HTTP/1.1" 302 - "-" "Mozilla/5.0 (compatible; YandexBot/3.0; +http://yandex.com/bots)"
208.115.111.69 - - [11/Jun/2014:19:47:23 +0200] "GET /include.php?path=contentarchive&type=2&nid=4 HTTP/1.1" 404 1256 "-" "Mozilla/5.0 (compatible; DotBot/1.1; http://www.opensiteexplorer.org/dotbot, help@moz.com)"
208.115.111.69 - - [11/Jun/2014:19:47:29 +0200] "GET /include.php?path=contentarchive&type=3&letter=E&catid=0&themeid=0&searchtext=&entries=0&order= HTTP/1.1" 404 1256 "-" "Mozilla/5.0 (compatible; DotBot/1.1; http://www.opensiteexplorer.org/dotbot, help@moz.com)"
162.210.196.100 - - [11/Jun/2014:21:10:48 +0200] "GET /robots.txt HTTP/1.0" 404 1256 "-" "Mozilla/5.0 (compatible; MJ12bot/v1.4.5; http://www.majestic12.co.uk/bot.php?+)"
162.210.196.100 - - [11/Jun/2014:21:10:50 +0200] "GET / HTTP/1.0" 302 - "-" "Mozilla/5.0 (compatible; MJ12bot/v1.4.5; http://www.majestic12.co.uk/bot.php?+)"
208.115.113.85 - - [12/Jun/2014:00:40:38 +0200] "GET /robots.txt HTTP/1.1" 404 1256 "-" "Mozilla/5.0 (compatible; DotBot/1.1; http://www.opensiteexplorer.org/dotbot, help@moz.com)"
173.68.18.130 - - [12/Jun/2014:01:26:51 +0200] "GET / HTTP/1.1" 302 - "-" "Python-urllib/2.7"
208.115.113.85 - - [12/Jun/2014:02:36:25 +0200] "GET /include.php?path=contentarchive&type=2&catid=0&letter=X&entries=0&searchtext=&order=date HTTP/1.1" 404 1256 "-" "Mozilla/5.0 (compatible; DotBot/1.1; http://www.opensiteexplorer.org/dotbot, help@moz.com)"
208.115.113.85 - - [12/Jun/2014:04:40:53 +0200] "GET /robots.txt HTTP/1.1" 404 1256 "-" "Mozilla/5.0 (compatible; DotBot/1.1; http://www.opensiteexplorer.org/dotbot, help@moz.com)"
188.165.195.156 - - [12/Jun/2014:05:54:52 +0200] "HEAD / HTTP/1.1" 302 - "-" "Mozilla/4.0 (compatible; MSIE 5.01; Windows NT 5.0)"
208.115.111.69 - - [12/Jun/2014:06:28:44 +0200] "GET /robots.txt HTTP/1.1" 404 1256 "-" "Mozilla/5.0 (compatible; DotBot/1.1; http://www.opensiteexplorer.org/dotbot, help@moz.com)"
208.115.113.85 - - [12/Jun/2014:06:38:07 +0200] "GET /include.php?path=contentarchive&type=2&letter=B&catid=0&themeid=0&searchtext=&entries=0&order= HTTP/1.1" 404 1256 "-" "Mozilla/5.0 (compatible; DotBot/1.1; http://www.opensiteexplorer.org/dotbot, help@moz.com)"
208.115.111.69 - - [12/Jun/2014:08:14:55 +0200] "GET /?path=contentarchive&type=2&letter=Z&catid=0&themeid=0&searchtext=&entries=0&order= HTTP/1.1" 302 - "-" "Mozilla/5.0 (compatible; DotBot/1.1; http://www.opensiteexplorer.org/dotbot, help@moz.com)"
208.115.111.69 - - [12/Jun/2014:08:14:59 +0200] "GET /include.php?path=contentarchive&type=2&letter=H&catid=0&themeid=0&searchtext=&entries=0&order= HTTP/1.1" 404 1256 "-" "Mozilla/5.0 (compatible; DotBot/1.1; http://www.opensiteexplorer.org/dotbot, help@moz.com)"
87.230.17.72 - - [12/Jun/2014:08:19:06 +0200] "GET / HTTP/1.1" 302 - "-" "ImplisenseBot 1.0"
87.230.17.72 - - [12/Jun/2014:08:19:08 +0200] "GET / HTTP/1.1" 302 - "-" "ImplisenseBot 1.0"
87.230.17.72 - - [12/Jun/2014:08:19:17 +0200] "GET /robots.txt HTTP/1.1" 404 1256 "-" "ImplisenseBot 1.0"
208.115.113.85 - - [12/Jun/2014:08:43:51 +0200] "GET /robots.txt HTTP/1.1" 404 1256 "-" "Mozilla/5.0 (compatible; DotBot/1.1; http://www.opensiteexplorer.org/dotbot, help@moz.com)"
66.220.158.117 - - [12/Jun/2014:09:35:45 +0200] "GET / HTTP/1.1" 302 - "-" "facebookexternalhit/1.1 (+http://www.facebook.com/externalhit_uatext.php)"
208.115.111.69 - - [12/Jun/2014:10:38:42 +0200] "GET /robots.txt HTTP/1.1" 404 1256 "-" "Mozilla/5.0 (compatible; DotBot/1.1; http://www.opensiteexplorer.org/dotbot, help@moz.com)"
208.115.113.85 - - [12/Jun/2014:10:42:51 +0200] "GET /include.php?path=contentarchive&type=2&letter=Q&catid=0&themeid=0&searchtext=&entries=0&order= HTTP/1.1" 404 1256 "-" "Mozilla/5.0 (compatible; DotBot/1.1; http://www.opensiteexplorer.org/dotbot, help@moz.com)"
208.115.111.69 - - [12/Jun/2014:12:21:31 +0200] "GET /include.php?path=contentarchive&type=3&letter=W&catid=0&themeid=0&searchtext=&entries=0&order= HTTP/1.1" 404 1256 "-" "Mozilla/5.0 (compatible; DotBot/1.1; http://www.opensiteexplorer.org/dotbot, help@moz.com)"
84.135.122.125 - - [12/Jun/2014:12:38:46 +0200] "GET / HTTP/1.1" 302 - "http://www.berlin.de/sen/bildung/schulverzeichnis_und_portraets/anwendung/Schulportrait.aspx?IDSchulzweig=10226" "Mozilla/5.0 (Windows NT 6.1; WOW64) AppleWebKit/537.36 (KHTML, like Gecko) Chrome/35.0.1916.153 Safari/537.36"
37.5.42.29 - - [12/Jun/2014:12:42:35 +0200] "GET / HTTP/1.1" 302 - "-" "Mozilla/5.0 (Windows NT 6.1; WOW64; rv:29.0) Gecko/20100101 Firefox/29.0"
208.115.113.85 - - [12/Jun/2014:12:51:53 +0200] "GET /robots.txt HTTP/1.1" 404 1256 "-" "Mozilla/5.0 (compatible; DotBot/1.1; http://www.opensiteexplorer.org/dotbot, help@moz.com)"
66.249.79.4 - - [12/Jun/2014:13:48:49 +0200] "GET /robots.txt HTTP/1.1" 404 1256 "-" "Mozilla/5.0 (compatible; Googlebot/2.1; +http://www.google.com/bot.html)"
66.249.79.36 - - [12/Jun/2014:13:48:49 +0200] "GET / HTTP/1.1" 302 - "-" "Mozilla/5.0 (compatible; Googlebot/2.1; +http://www.google.com/bot.html)"
80.187.96.246 - - [12/Jun/2014:14:00:41 +0200] "GET / HTTP/1.1" 302 - "http://web2.cylex.de/reviews/viewcompanywebsite.aspx?firmaName=osz-wirtschaftssprachen-friedrich--list--schule-kompetenzzentrum-fuer-internationale-beziehungen&companyId=6274919" "Mozilla/5.0 (Windows NT 6.2; WOW64) AppleWebKit/537.36 (KHTML, like Gecko) Chrome/35.0.1916.153 Safari/537.36"
208.115.111.69 - - [12/Jun/2014:14:41:25 +0200] "GET /robots.txt HTTP/1.1" 404 1256 "-" "Mozilla/5.0 (compatible; DotBot/1.1; http://www.opensiteexplorer.org/dotbot, help@moz.com)"
84.190.160.217 - - [12/Jun/2014:14:41:55 +0200] "GET / HTTP/1.1" 302 - "-" "Mozilla/5.0 (Windows NT 6.1; WOW64; Trident/7.0; rv:11.0) like Gecko"
208.115.113.85 - - [12/Jun/2014:14:51:42 +0200] "GET /?path=content&contentid=36 HTTP/1.1" 302 - "-" "Mozilla/5.0 (compatible; DotBot/1.1; http://www.opensiteexplorer.org/dotbot, help@moz.com)"
208.115.113.85 - - [12/Jun/2014:14:51:49 +0200] "GET /?path=contentarchive&type=2&letter=K&catid=0&themeid=0&searchtext=&entries=0&order= HTTP/1.1" 302 - "-" "Mozilla/5.0 (compatible; DotBot/1.1; http://www.opensiteexplorer.org/dotbot, help@moz.com)"
208.115.113.85 - - [12/Jun/2014:14:51:53 +0200] "GET /include.php?path=contentarchive&type=2&letter=E&catid=0&themeid=0&searchtext=&entries=0&order= HTTP/1.1" 404 1256 "-" "Mozilla/5.0 (compatible; DotBot/1.1; http://www.opensiteexplorer.org/dotbot, help@moz.com)"
208.115.111.69 - - [12/Jun/2014:16:32:39 +0200] "GET /include.php?path=comment&comcat=cont&subid=34 HTTP/1.1" 404 1256 "-" "Mozilla/5.0 (compatible; DotBot/1.1; http://www.opensiteexplorer.org/dotbot, help@moz.com)"
208.115.113.85 - - [12/Jun/2014:16:45:09 +0200] "GET /robots.txt HTTP/1.1" 404 1256 "-" "Mozilla/5.0 (compatible; DotBot/1.1; http://www.opensiteexplorer.org/dotbot, help@moz.com)"
37.58.100.164 - - [12/Jun/2014:17:22:36 +0200] "GET /robots.txt HTTP/1.1" 404 1256 "-" "Mozilla/5.0 (compatible; AhrefsBot/5.0; +http://ahrefs.com/robot/)"
208.115.113.85 - - [12/Jun/2014:18:45:38 +0200] "GET /?path=contentarchive&type=2&letter=C&catid=0&themeid=0&searchtext=&entries=0&order= HTTP/1.1" 302 - "-" "Mozilla/5.0 (compatible; DotBot/1.1; http://www.opensiteexplorer.org/dotbot, help@moz.com)"
208.115.113.85 - - [12/Jun/2014:18:45:41 +0200] "GET /include.php?path=contentarchive&type=2&letter=O&catid=0&themeid=0&searchtext=&entries=0&order=title HTTP/1.1" 404 1256 "-" "Mozilla/5.0 (compatible; DotBot/1.1; http://www.opensiteexplorer.org/dotbot, help@moz.com)"
82.94.179.38 - - [12/Jun/2014:19:13:20 +0200] "GET /robots.txt HTTP/1.0" 404 1256 "-" "Mozilla/4.0 (compatible; Vagabondo/4.0/EU; http://webagent.wise-guys.nl/)"
82.94.179.38 - - [12/Jun/2014:19:13:20 +0200] "GET / HTTP/1.1" 302 - "-" "Mozilla/4.0 (compatible; Vagabondo/4.0/EU; http://www.wise-guys.nl/)"
208.115.113.85 - - [12/Jun/2014:20:40:48 +0200] "GET /robots.txt HTTP/1.1" 404 1256 "-" "Mozilla/5.0 (compatible; DotBot/1.1; http://www.opensiteexplorer.org/dotbot, help@moz.com)"
208.115.113.85 - - [12/Jun/2014:22:31:24 +0200] "GET /?path=contentarchive&type=2&letter=W&catid=0&themeid=0&searchtext=&entries=0&order= HTTP/1.1" 302 - "-" "Mozilla/5.0 (compatible; DotBot/1.1; http://www.opensiteexplorer.org/dotbot, help@moz.com)"
208.115.113.85 - - [12/Jun/2014:22:31:32 +0200] "GET /include.php?path=contentarchive&type=2&letter=N&catid=0&themeid=0&searchtext=&entries=0&order=title HTTP/1.1" 404 1256 "-" "Mozilla/5.0 (compatible; DotBot/1.1; http://www.opensiteexplorer.org/dotbot, help@moz.com)"
208.115.111.69 - - [12/Jun/2014:22:40:17 +0200] "GET /robots.txt HTTP/1.1" 404 1256 "-" "Mozilla/5.0 (compatible; DotBot/1.1; http://www.opensiteexplorer.org/dotbot, help@moz.com)"
87.162.72.252 - - [12/Jun/2014:22:53:28 +0200] "GET / HTTP/1.1" 302 - "-" "Mozilla/5.0 (Windows NT 6.1; WOW64; rv:29.0) Gecko/20100101 Firefox/29.0"
208.115.111.69 - - [13/Jun/2014:00:19:43 +0200] "GET /include.php?path=contentarchive&type=2&letter=A&catid=0&themeid=0&searchtext=&entries=0&order= HTTP/1.1" 404 1256 "-" "Mozilla/5.0 (compatible; DotBot/1.1; http://www.opensiteexplorer.org/dotbot, help@moz.com)"
188.138.41.108 - - [13/Jun/2014:00:39:08 +0200] "GET /robots.txt HTTP/1.1" 404 1256 "-" "Mozilla/5.0 (X11; U; Linux i686; de; rv:1.9.0.1; compatible; iCjobs Stellenangebote Jobs; http://www.icjobs.de) Gecko/20100401 iCjobs/3.2.3"
188.138.41.108 - - [13/Jun/2014:00:39:08 +0200] "GET / HTTP/1.1" 302 - "-" "Mozilla/5.0 (X11; U; Linux i686; de; rv:1.9.0.1; compatible; iCjobs Stellenangebote Jobs; http://www.icjobs.de) Gecko/20100401 iCjobs/3.2.3"
188.138.41.108 - - [13/Jun/2014:00:39:08 +0200] "GET / HTTP/1.1" 302 - "-" "Mozilla/5.0 (X11; U; Linux i686; de; rv:1.9.0.1; compatible; iCjobs Stellenangebote Jobs; http://www.icjobs.de) Gecko/20100401 iCjobs/3.2.3"
208.115.113.85 - - [13/Jun/2014:00:41:04 +0200] "GET /robots.txt HTTP/1.1" 404 1256 "-" "Mozilla/5.0 (compatible; DotBot/1.1; http://www.opensiteexplorer.org/dotbot, help@moz.com)"
193.175.194.33 - - [13/Jun/2014:02:23:06 +0200] "GET / HTTP/1.1" 302 - "-" "Bildungsserver-Linkchecker DBS 0.9 (http://www.bildungsserver.de)"
208.115.111.69 - - [13/Jun/2014:02:35:43 +0200] "GET /robots.txt HTTP/1.1" 404 1256 "-" "Mozilla/5.0 (compatible; DotBot/1.1; http://www.opensiteexplorer.org/dotbot, help@moz.com)"
208.115.113.85 - - [13/Jun/2014:02:35:43 +0200] "GET /?path=contentarchive&type=2&letter=A&catid=0&themeid=0&searchtext=&entries=0&order= HTTP/1.1" 302 - "-" "Mozilla/5.0 (compatible; DotBot/1.1; http://www.opensiteexplorer.org/dotbot, help@moz.com)"
50.30.40.208 - - [13/Jun/2014:03:01:42 +0200] "GET / HTTP/1.1" 302 - "http://www.loadtime.net/website/www.friedrich-list-berlin.de" "Mozilla/5.0 (compatible; LoadTimeBot/0.9; +http://www.loadtime.net/bot.html)"
217.86.196.40 - - [13/Jun/2014:03:58:41 +0200] "GET / HTTP/1.1" 302 - "http://www.google.de/" "finbot"
208.115.111.69 - - [13/Jun/2014:04:20:34 +0200] "GET /?path=contentarchive&type=2&letter=H&catid=0&themeid=0&searchtext=&entries=0&order= HTTP/1.1" 302 - "-" "Mozilla/5.0 (compatible; DotBot/1.1; http://www.opensiteexplorer.org/dotbot, help@moz.com)"
208.115.111.69 - - [13/Jun/2014:04:20:38 +0200] "GET /include.php?path=contentarchive&type=2&letter=M&catid=0&themeid=0&searchtext=&entries=0&order=title HTTP/1.1" 404 1256 "-" "Mozilla/5.0 (compatible; DotBot/1.1; http://www.opensiteexplorer.org/dotbot, help@moz.com)"
141.8.147.12 - - [13/Jun/2014:04:31:23 +0200] "GET /robots.txt HTTP/1.1" 404 1256 "-" "Mozilla/5.0 (compatible; YandexBot/3.0; +http://yandex.com/bots)"
141.8.147.12 - - [13/Jun/2014:04:31:26 +0200] "GET /fls_1_aktuelles.php?artid=44 HTTP/1.1" 404 1256 "-" "Mozilla/5.0 (compatible; YandexBot/3.0; +http://yandex.com/bots)"
141.8.147.12 - - [13/Jun/2014:04:31:28 +0200] "GET /fls_1_aktuelles.php HTTP/1.1" 404 1256 "-" "Mozilla/5.0 (compatible; YandexBot/3.0; +http://yandex.com/bots)"
141.8.147.12 - - [13/Jun/2014:04:31:30 +0200] "GET /fls_4_impressum.php HTTP/1.1" 404 1256 "-" "Mozilla/5.0 (compatible; YandexBot/3.0; +http://yandex.com/bots)"
141.8.147.12 - - [13/Jun/2014:04:31:33 +0200] "GET /index_fr.php HTTP/1.1" 404 1256 "-" "Mozilla/5.0 (compatible; YandexBot/3.0; +http://yandex.com/bots)"
141.8.147.12 - - [13/Jun/2014:04:31:35 +0200] "GET /fls_4_kontakt_anmeldung.php HTTP/1.1" 404 1256 "-" "Mozilla/5.0 (compatible; YandexBot/3.0; +http://yandex.com/bots)"
141.8.147.12 - - [13/Jun/2014:04:31:37 +0200] "GET /fls_2_berufsfachschule.php HTTP/1.1" 404 1256 "-" "Mozilla/5.0 (compatible; YandexBot/3.0; +http://yandex.com/bots)"
141.8.147.12 - - [13/Jun/2014:04:31:39 +0200] "GET /fls_2_fremdsprachensekr.php HTTP/1.1" 404 1256 "-" "Mozilla/5.0 (compatible; YandexBot/3.0; +http://yandex.com/bots)"
141.8.147.12 - - [13/Jun/2014:04:31:41 +0200] "GET /fls_2_kurs_ecbm_london.php HTTP/1.1" 404 1256 "-" "Mozilla/5.0 (compatible; YandexBot/3.0; +http://yandex.com/bots)"
141.8.147.12 - - [13/Jun/2014:04:31:43 +0200] "GET /index_en.php HTTP/1.1" 404 1256 "-" "Mozilla/5.0 (compatible; YandexBot/3.0; +http://yandex.com/bots)"
141.8.147.12 - - [13/Jun/2014:04:31:45 +0200] "GET /fls_2_europakorr.php HTTP/1.1" 404 1256 "-" "Mozilla/5.0 (compatible; YandexBot/3.0; +http://yandex.com/bots)"
141.8.147.12 - - [13/Jun/2014:04:31:48 +0200] "GET /index_sp.php HTTP/1.1" 404 1256 "-" "Mozilla/5.0 (compatible; YandexBot/3.0; +http://yandex.com/bots)"
141.8.147.12 - - [13/Jun/2014:04:31:50 +0200] "GET /fls_2_fremdsprachenkorr.php HTTP/1.1" 404 1256 "-" "Mozilla/5.0 (compatible; YandexBot/3.0; +http://yandex.com/bots)"
208.115.111.69 - - [13/Jun/2014:06:33:20 +0200] "GET /robots.txt HTTP/1.1" 404 1256 "-" "Mozilla/5.0 (compatible; DotBot/1.1; http://www.opensiteexplorer.org/dotbot, help@moz.com)"
5.9.42.111 - - [13/Jun/2014:06:53:05 +0200] "GET /robots.txt HTTP/1.1" 404 1256 "-" "Mozilla/5.0 (X11; Ubuntu; Linux x86_64; rv:27.0) Gecko/20100101 Firefox/27.0"
5.9.42.111 - - [13/Jun/2014:06:53:06 +0200] "GET / HTTP/1.1" 302 - "-" "Mozilla/5.0 (X11; Ubuntu; Linux x86_64; rv:27.0) Gecko/20100101 Firefox/27.0"
217.69.133.221 - - [13/Jun/2014:07:21:53 +0200] "GET /robots.txt HTTP/1.1" 404 1256 "-" "Mozilla/5.0 (compatible; Linux x86_64; Mail.RU_Bot/2.0; +http://go.mail.ru/help/robots)"
217.69.133.221 - - [13/Jun/2014:07:21:54 +0200] "GET / HTTP/1.1" 302 - "-" "Mozilla/5.0 (compatible; Linux x86_64; Mail.RU_Bot/2.0; +http://go.mail.ru/help/robots)"
208.115.111.69 - - [13/Jun/2014:08:12:09 +0200] "GET /?path=contentarchive&type=2&letter=S&catid=0&themeid=0&searchtext=&entries=0&order= HTTP/1.1" 302 - "-" "Mozilla/5.0 (compatible; DotBot/1.1; http://www.opensiteexplorer.org/dotbot, help@moz.com)"
208.115.113.85 - - [13/Jun/2014:08:39:56 +0200] "GET /robots.txt HTTP/1.1" 404 1256 "-" "Mozilla/5.0 (compatible; DotBot/1.1; http://www.opensiteexplorer.org/dotbot, help@moz.com)"
66.249.78.236 - - [13/Jun/2014:08:59:56 +0200] "GET /robots.txt HTTP/1.1" 404 1256 "-" "Mozilla/5.0 (compatible; Googlebot/2.1; +http://www.google.com/bot.html)"
66.249.78.236 - - [13/Jun/2014:08:59:56 +0200] "GET /include.php?path=contentarchive&type=2&letter=Q&catid=11&themeid=0&searchtext=&entries=0&order=&nid=19 HTTP/1.1" 404 1256 "-" "Mozilla/5.0 (compatible; Googlebot/2.1; +http://www.google.com/bot.html)"
80.153.191.217 - - [13/Jun/2014:09:08:14 +0200] "GET / HTTP/1.1" 302 - "http://www.aubi-plus.de/ausbildung/friedrich-list-schule-berlin-fremdsprachenkorrespondent-schul-10823-berlin-deutschland-117120.html" "Mozilla/5.0 (Windows NT 6.1; WOW64; rv:29.0) Gecko/20100101 Firefox/29.0"
66.249.78.236 - - [13/Jun/2014:10:03:28 +0200] "GET / HTTP/1.1" 302 - "-" "Mozilla/5.0 (iPhone; CPU iPhone OS 6_0 like Mac OS X) AppleWebKit/536.26 (KHTML, like Gecko) Version/6.0 Mobile/10A5376e Safari/8536.25 (compatible; Googlebot/2.1; +http://www.google.com/bot.html)"
66.249.78.236 - - [13/Jun/2014:10:32:02 +0200] "GET /?path=content&contentid=44&nid=33 HTTP/1.1" 302 - "-" "Mozilla/5.0 (compatible; Googlebot/2.1; +http://www.google.com/bot.html)"
208.115.111.69 - - [13/Jun/2014:10:32:53 +0200] "GET /robots.txt HTTP/1.1" 404 1256 "-" "Mozilla/5.0 (compatible; DotBot/1.1; http://www.opensiteexplorer.org/dotbot, help@moz.com)"
208.115.113.85 - - [13/Jun/2014:10:32:59 +0200] "GET /?path=contentarchive&type=2&letter=P&catid=0&themeid=0&searchtext=&entries=0&order= HTTP/1.1" 302 - "-" "Mozilla/5.0 (compatible; DotBot/1.1; http://www.opensiteexplorer.org/dotbot, help@moz.com)"
208.115.113.85 - - [13/Jun/2014:10:33:09 +0200] "GET /?path=contentarchive&type=2&letter=U&catid=0&themeid=0&searchtext=&entries=0&order= HTTP/1.1" 302 - "-" "Mozilla/5.0 (compatible; DotBot/1.1; http://www.opensiteexplorer.org/dotbot, help@moz.com)"
95.122.172.47 - - [13/Jun/2014:10:55:22 +0200] "GET / HTTP/1.1" 302 - "-" "Mozilla/5.0 (Windows NT 6.0) AppleWebKit/537.36 (KHTML, like Gecko) Chrome/35.0.1916.153 Safari/537.36"
37.5.42.29 - - [13/Jun/2014:10:56:36 +0200] "GET / HTTP/1.1" 302 - "-" "Mozilla/5.0 (Windows NT 6.1; WOW64; rv:30.0) Gecko/20100101 Firefox/30.0"
208.115.111.69 - - [13/Jun/2014:11:47:23 +0200] "GET /?path=contentarchive&type=2&letter=T&catid=0&themeid=0&searchtext=&entries=0&order= HTTP/1.1" 302 - "-" "Mozilla/5.0 (compatible; DotBot/1.1; http://www.opensiteexplorer.org/dotbot, help@moz.com)"
79.245.170.176 - - [13/Jun/2014:12:02:27 +0200] "GET / HTTP/1.1" 302 - "-" "Mozilla/5.0 (Windows NT 6.1; WOW64; rv:30.0) Gecko/20100101 Firefox/30.0"
199.58.86.206 - - [13/Jun/2014:12:12:32 +0200] "GET /robots.txt HTTP/1.0" 404 1256 "-" "Mozilla/5.0 (compatible; MJ12bot/v1.4.5; http://www.majestic12.co.uk/bot.php?+)"
199.58.86.206 - - [13/Jun/2014:12:12:33 +0200] "GET / HTTP/1.0" 302 - "-" "Mozilla/5.0 (compatible; MJ12bot/v1.4.5; http://www.majestic12.co.uk/bot.php?+)"
5.18.122.9 - - [13/Jun/2014:12:25:31 +0200] "GET / HTTP/1.1" 302 - "-" "Mozilla/5.0 (iPad; CPU OS 5_1_1 like Mac OS X) AppleWebKit/534.46 (KHTML, like Gecko) Version/5.1 Mobile/9B206 Safari/7534.48.3"
208.115.111.69 - - [13/Jun/2014:14:37:52 +0200] "GET /robots.txt HTTP/1.1" 404 1256 "-" "Mozilla/5.0 (compatible; DotBot/1.1; http://www.opensiteexplorer.org/dotbot, help@moz.com)"
141.8.147.12 - - [13/Jun/2014:15:13:05 +0200] "GET /robots.txt HTTP/1.1" 404 1256 "-" "Mozilla/5.0 (compatible; YandexBot/3.0; +http://yandex.com/bots)"
141.8.147.12 - - [13/Jun/2014:15:13:07 +0200] "GET / HTTP/1.1" 302 - "-" "Mozilla/5.0 (compatible; YandexBot/3.0; +http://yandex.com/bots)"
208.115.111.69 - - [13/Jun/2014:16:20:56 +0200] "GET /?path=content&contentid=81&nid=2 HTTP/1.1" 302 - "-" "Mozilla/5.0 (compatible; DotBot/1.1; http://www.opensiteexplorer.org/dotbot, help@moz.com)"
178.255.215.70 - - [13/Jun/2014:16:51:30 +0200] "GET /robots.txt HTTP/1.1" 404 1256 "-" "Mozilla/5.0 (compatible; Exabot/3.0; +http://www.exabot.com/go/robot)"
178.255.215.70 - - [13/Jun/2014:16:51:30 +0200] "GET / HTTP/1.1" 302 - "-" "Mozilla/5.0 (compatible; Exabot/3.0; +http://www.exabot.com/go/robot)"
208.115.111.69 - - [13/Jun/2014:18:29:47 +0200] "GET /robots.txt HTTP/1.1" 404 1256 "-" "Mozilla/5.0 (compatible; DotBot/1.1; http://www.opensiteexplorer.org/dotbot, help@moz.com)"
208.115.111.69 - - [13/Jun/2014:18:53:57 +0200] "GET / HTTP/1.1" 302 - "-" "Mozilla/5.0 (compatible; DotBot/1.1; http://www.opensiteexplorer.org/dotbot, help@moz.com)"
62.217.61.22 - - [13/Jun/2014:19:51:16 +0200] "GET / HTTP/1.1" 302 - "-" "Mozilla/5.0 (Windows NT 6.1; WOW64) AppleWebKit/537.36 (KHTML, like Gecko) Chrome/30.0.1599.69 Safari/537.36 OPR/17.0.1241.45"
62.217.61.22 - - [13/Jun/2014:19:51:17 +0200] "GET /fls_4_kontakt_anmeldung.php HTTP/1.1" 404 1256 "-" "Mozilla/5.0 (Windows; U; Windows NT 5.1; en-US; rv:1.8.1.1) Gecko/20061204 Firefox/2.0.0.1"
208.115.113.85 - - [13/Jun/2014:20:37:28 +0200] "GET /robots.txt HTTP/1.1" 404 1256 "-" "Mozilla/5.0 (compatible; DotBot/1.1; http://www.opensiteexplorer.org/dotbot, help@moz.com)"
66.249.78.115 - - [13/Jun/2014:21:09:11 +0200] "GET /robots.txt HTTP/1.1" 404 1256 "-" "Mozilla/5.0 (compatible; Googlebot/2.1; +http://www.google.com/bot.html)"
66.249.78.115 - - [13/Jun/2014:21:09:11 +0200] "GET / HTTP/1.1" 302 - "-" "Mozilla/5.0 (compatible; Googlebot/2.1; +http://www.google.com/bot.html)"
86.85.102.175 - - [13/Jun/2014:21:32:24 +0200] "GET / HTTP/1.1" 302 - "-" "Java/1.6.0_04"
86.85.102.175 - - [13/Jun/2014:21:32:25 +0200] "GET /fls_1_aktuelles.php HTTP/1.1" 404 1256 "-" "Java/1.6.0_04"
86.85.102.175 - - [13/Jun/2014:21:32:25 +0200] "GET /fls_2_fremdsprachensekr.php HTTP/1.1" 404 1256 "-" "Java/1.6.0_04"
86.85.102.175 - - [13/Jun/2014:21:32:26 +0200] "GET /fls_3_blog.php HTTP/1.1" 404 1256 "-" "Java/1.6.0_04"
86.85.102.175 - - [13/Jun/2014:21:32:26 +0200] "GET /fls_4_faq.php HTTP/1.1" 404 1256 "-" "Java/1.6.0_04"
86.85.102.175 - - [13/Jun/2014:21:32:26 +0200] "GET /fls_4_impressum.php HTTP/1.1" 404 1256 "-" "Java/1.6.0_04"
86.85.102.175 - - [13/Jun/2014:21:32:27 +0200] "GET /fls_4_kontakt_anmeldung.php HTTP/1.1" 404 1256 "-" "Java/1.6.0_04"
86.85.102.175 - - [13/Jun/2014:21:32:27 +0200] "GET /index.php HTTP/1.1" 302 - "-" "Java/1.6.0_04"
86.85.102.175 - - [13/Jun/2014:21:32:27 +0200] "GET /index_en.php HTTP/1.1" 404 1256 "-" "Java/1.6.0_04"
86.85.102.175 - - [13/Jun/2014:21:32:28 +0200] "GET /index_fr.php HTTP/1.1" 404 1256 "-" "Java/1.6.0_04"
86.85.102.175 - - [13/Jun/2014:21:32:28 +0200] "GET /index_sp.php HTTP/1.1" 404 1256 "-" "Java/1.6.0_04"
86.85.102.175 - - [13/Jun/2014:21:32:29 +0200] "GET /& HTTP/1.1" 404 1256 "-" "Java/1.6.0_04"
86.85.102.175 - - [13/Jun/2014:21:32:29 +0200] "GET /& HTTP/1.1" 404 1256 "-" "Java/1.6.0_04"
86.85.102.175 - - [13/Jun/2014:21:32:29 +0200] "GET /& HTTP/1.1" 404 1256 "-" "Java/1.6.0_04"
86.85.102.175 - - [13/Jun/2014:21:32:29 +0200] "GET /& HTTP/1.1" 404 1256 "-" "Java/1.6.0_04"
86.85.102.175 - - [13/Jun/2014:21:32:30 +0200] "GET /& HTTP/1.1" 404 1256 "-" "Java/1.6.0_04"
86.85.102.175 - - [13/Jun/2014:21:32:30 +0200] "GET /& HTTP/1.1" 404 1256 "-" "Java/1.6.0_04"
86.85.102.175 - - [13/Jun/2014:21:32:30 +0200] "GET /& HTTP/1.1" 404 1256 "-" "Java/1.6.0_04"
86.85.102.175 - - [13/Jun/2014:21:32:31 +0200] "GET /& HTTP/1.1" 404 1256 "-" "Java/1.6.0_04"
86.85.102.175 - - [13/Jun/2014:21:32:31 +0200] "GET /& HTTP/1.1" 404 1256 "-" "Java/1.6.0_04"
86.85.102.175 - - [13/Jun/2014:21:32:31 +0200] "GET /& HTTP/1.1" 404 1256 "-" "Java/1.6.0_04"
86.85.102.175 - - [13/Jun/2014:21:32:32 +0200] "GET /& HTTP/1.1" 404 1256 "-" "Java/1.6.0_04"
86.85.102.175 - - [13/Jun/2014:21:32:32 +0200] "GET /& HTTP/1.1" 404 1256 "-" "Java/1.6.0_04"
86.85.102.175 - - [13/Jun/2014:21:32:32 +0200] "GET /& HTTP/1.1" 404 1256 "-" "Java/1.6.0_04"
86.85.102.175 - - [13/Jun/2014:21:32:33 +0200] "GET /& HTTP/1.1" 404 1256 "-" "Java/1.6.0_04"
86.85.102.175 - - [13/Jun/2014:21:32:34 +0200] "GET /& HTTP/1.1" 404 1256 "-" "Java/1.6.0_04"
86.85.102.175 - - [13/Jun/2014:21:32:34 +0200] "GET /& HTTP/1.1" 404 1256 "-" "Java/1.6.0_04"
86.85.102.175 - - [13/Jun/2014:21:32:35 +0200] "GET /& HTTP/1.1" 404 1256 "-" "Java/1.6.0_04"
86.85.102.175 - - [13/Jun/2014:21:32:35 +0200] "GET /& HTTP/1.1" 404 1256 "-" "Java/1.6.0_04"
86.85.102.175 - - [13/Jun/2014:21:32:35 +0200] "GET /& HTTP/1.1" 404 1256 "-" "Java/1.6.0_04"
86.85.102.175 - - [13/Jun/2014:21:32:36 +0200] "GET /& HTTP/1.1" 404 1256 "-" "Java/1.6.0_04"
188.138.41.140 - - [13/Jun/2014:22:06:19 +0200] "GET /robots.txt HTTP/1.1" 404 1256 "-" "Mozilla/5.0 (Windows NT 6.1; rv:24.0) Gecko/20100101 Firefox/24.0"
188.138.41.140 - - [13/Jun/2014:22:06:19 +0200] "GET / HTTP/1.1" 302 - "-" "Mozilla/5.0 (X11; U; Linux i686; de; rv:1.9.0.1; compatible; iCjobs Stellenangebote Jobs; http://www.icjobs.de) Gecko/20100401 iCjobs/3.2.3"
188.138.41.140 - - [13/Jun/2014:22:06:27 +0200] "GET / HTTP/1.1" 302 - "-" "Mozilla/5.0 (Windows NT 6.1; rv:24.0) Gecko/20100101 Firefox/24.0"
188.138.41.140 - - [13/Jun/2014:22:06:46 +0200] "GET /favicon.ico HTTP/1.1" 404 1256 "-" "Mozilla/5.0 (Windows NT 6.1; rv:24.0) Gecko/20100101 Firefox/24.0"
188.138.41.140 - - [13/Jun/2014:22:06:46 +0200] "GET / HTTP/1.1" 302 - "-" "Mozilla/5.0 (Windows NT 6.1; rv:24.0) Gecko/20100101 Firefox/24.0"
208.115.113.85 - - [13/Jun/2014:22:33:09 +0200] "GET /include.php?path=contentarchive&type=2&letter=W&catid=0&themeid=0&searchtext=&entries=0&order= HTTP/1.1" 404 1256 "-" "Mozilla/5.0 (compatible; DotBot/1.1; http://www.opensiteexplorer.org/dotbot, help@moz.com)"
188.165.195.156 - - [13/Jun/2014:22:51:50 +0200] "HEAD / HTTP/1.1" 302 - "-" "Mozilla/4.0 (compatible; MSIE 5.01; Windows NT 5.0)"
