54.237.41.46 - - [01/Jun/2014:04:08:27 +0200] "HEAD / HTTP/1.1" 302 - "-" "-"
54.204.93.19 - - [01/Jun/2014:04:45:39 +0200] "HEAD / HTTP/1.1" 302 - "-" "-"
66.249.78.115 - - [01/Jun/2014:04:50:45 +0200] "GET /robots.txt HTTP/1.1" 404 1256 "-" "Mozilla/5.0 (compatible; Googlebot/2.1; +http://www.google.com/bot.html)"
66.249.78.115 - - [01/Jun/2014:04:50:45 +0200] "GET / HTTP/1.1" 302 - "-" "Mozilla/5.0 (compatible; Googlebot/2.1; +http://www.google.com/bot.html)"
77.248.99.49 - - [01/Jun/2014:07:16:04 +0200] "GET / HTTP/1.1" 302 - "-" "Java/1.6.0_20"
77.248.99.49 - - [01/Jun/2014:07:16:05 +0200] "GET /fls_1_aktuelles.php HTTP/1.1" 404 1256 "-" "Java/1.6.0_20"
77.248.99.49 - - [01/Jun/2014:07:16:05 +0200] "GET /fls_2_fremdsprachensekr.php HTTP/1.1" 404 1256 "-" "Java/1.6.0_20"
77.248.99.49 - - [01/Jun/2014:07:16:05 +0200] "GET /fls_3_blog.php HTTP/1.1" 404 1256 "-" "Java/1.6.0_20"
77.248.99.49 - - [01/Jun/2014:07:16:05 +0200] "GET /fls_4_faq.php HTTP/1.1" 404 1256 "-" "Java/1.6.0_20"
77.248.99.49 - - [01/Jun/2014:07:16:05 +0200] "GET /fls_4_impressum.php HTTP/1.1" 404 1256 "-" "Java/1.6.0_20"
77.248.99.49 - - [01/Jun/2014:07:16:05 +0200] "GET /fls_4_kontakt_anmeldung.php HTTP/1.1" 404 1256 "-" "Java/1.6.0_20"
77.248.99.49 - - [01/Jun/2014:07:16:05 +0200] "GET /index.php HTTP/1.1" 302 - "-" "Java/1.6.0_20"
77.248.99.49 - - [01/Jun/2014:07:16:06 +0200] "GET /index_en.php HTTP/1.1" 404 1256 "-" "Java/1.6.0_20"
77.248.99.49 - - [01/Jun/2014:07:16:06 +0200] "GET /index_fr.php HTTP/1.1" 404 1256 "-" "Java/1.6.0_20"
77.248.99.49 - - [01/Jun/2014:07:16:06 +0200] "GET /index_sp.php HTTP/1.1" 404 1256 "-" "Java/1.6.0_20"
77.248.99.49 - - [01/Jun/2014:07:16:06 +0200] "GET /& HTTP/1.1" 404 1256 "-" "Java/1.6.0_20"
77.248.99.49 - - [01/Jun/2014:07:16:06 +0200] "GET /& HTTP/1.1" 404 1256 "-" "Java/1.6.0_20"
77.248.99.49 - - [01/Jun/2014:07:16:06 +0200] "GET /& HTTP/1.1" 404 1256 "-" "Java/1.6.0_20"
77.248.99.49 - - [01/Jun/2014:07:16:06 +0200] "GET /& HTTP/1.1" 404 1256 "-" "Java/1.6.0_20"
77.248.99.49 - - [01/Jun/2014:07:16:06 +0200] "GET /& HTTP/1.1" 404 1256 "-" "Java/1.6.0_20"
77.248.99.49 - - [01/Jun/2014:07:16:06 +0200] "GET /& HTTP/1.1" 404 1256 "-" "Java/1.6.0_20"
77.248.99.49 - - [01/Jun/2014:07:16:06 +0200] "GET /& HTTP/1.1" 404 1256 "-" "Java/1.6.0_20"
77.248.99.49 - - [01/Jun/2014:07:16:06 +0200] "GET /& HTTP/1.1" 404 1256 "-" "Java/1.6.0_20"
77.248.99.49 - - [01/Jun/2014:07:16:06 +0200] "GET /& HTTP/1.1" 404 1256 "-" "Java/1.6.0_20"
77.248.99.49 - - [01/Jun/2014:07:16:06 +0200] "GET /& HTTP/1.1" 404 1256 "-" "Java/1.6.0_20"
77.248.99.49 - - [01/Jun/2014:07:16:06 +0200] "GET /& HTTP/1.1" 404 1256 "-" "Java/1.6.0_20"
77.248.99.49 - - [01/Jun/2014:07:16:06 +0200] "GET /& HTTP/1.1" 404 1256 "-" "Java/1.6.0_20"
77.248.99.49 - - [01/Jun/2014:07:16:07 +0200] "GET /& HTTP/1.1" 404 1256 "-" "Java/1.6.0_20"
77.248.99.49 - - [01/Jun/2014:07:16:07 +0200] "GET /& HTTP/1.1" 404 1256 "-" "Java/1.6.0_20"
77.248.99.49 - - [01/Jun/2014:07:16:07 +0200] "GET /& HTTP/1.1" 404 1256 "-" "Java/1.6.0_20"
77.248.99.49 - - [01/Jun/2014:07:16:07 +0200] "GET /& HTTP/1.1" 404 1256 "-" "Java/1.6.0_20"
77.248.99.49 - - [01/Jun/2014:07:16:07 +0200] "GET /& HTTP/1.1" 404 1256 "-" "Java/1.6.0_20"
77.248.99.49 - - [01/Jun/2014:07:16:07 +0200] "GET /& HTTP/1.1" 404 1256 "-" "Java/1.6.0_20"
77.248.99.49 - - [01/Jun/2014:07:16:07 +0200] "GET /& HTTP/1.1" 404 1256 "-" "Java/1.6.0_20"
77.248.99.49 - - [01/Jun/2014:07:16:07 +0200] "GET /& HTTP/1.1" 404 1256 "-" "Java/1.6.0_20"
157.55.39.133 - - [01/Jun/2014:08:38:35 +0200] "GET /robots.txt HTTP/1.1" 404 1256 "-" "Mozilla/5.0 (compatible; bingbot/2.0; +http://www.bing.com/bingbot.htm)"
157.55.39.133 - - [01/Jun/2014:08:39:36 +0200] "GET /?path=content&contentid=36 HTTP/1.1" 302 - "-" "Mozilla/5.0 (compatible; bingbot/2.0; +http://www.bing.com/bingbot.htm)"
208.115.113.85 - - [01/Jun/2014:08:49:29 +0200] "GET /robots.txt HTTP/1.1" 404 1256 "-" "Mozilla/5.0 (compatible; DotBot/1.1; http://www.opensiteexplorer.org/dotbot, help@moz.com)"
208.115.113.85 - - [01/Jun/2014:10:43:57 +0200] "GET /include.php?path=contentarchive&type=2&letter=W&catid=0&themeid=0&searchtext=&entries=0&order=title HTTP/1.1" 404 1256 "-" "Mozilla/5.0 (compatible; DotBot/1.1; http://www.opensiteexplorer.org/dotbot, help@moz.com)"
92.85.35.150 - - [01/Jun/2014:12:19:15 +0200] "GET / HTTP/1.1" 302 - "-" "Java/1.6.0_22"
92.85.35.150 - - [01/Jun/2014:12:19:16 +0200] "GET /fls_1_aktuelles.php HTTP/1.1" 404 1256 "-" "Java/1.6.0_22"
92.85.35.150 - - [01/Jun/2014:12:19:16 +0200] "GET /fls_2_fremdsprachensekr.php HTTP/1.1" 404 1256 "-" "Java/1.6.0_22"
92.85.35.150 - - [01/Jun/2014:12:19:16 +0200] "GET /fls_3_blog.php HTTP/1.1" 404 1256 "-" "Java/1.6.0_22"
92.85.35.150 - - [01/Jun/2014:12:19:17 +0200] "GET /fls_4_faq.php HTTP/1.1" 404 1256 "-" "Java/1.6.0_22"
92.85.35.150 - - [01/Jun/2014:12:19:17 +0200] "GET /fls_4_impressum.php HTTP/1.1" 404 1256 "-" "Java/1.6.0_22"
92.85.35.150 - - [01/Jun/2014:12:19:17 +0200] "GET /fls_4_kontakt_anmeldung.php HTTP/1.1" 404 1256 "-" "Java/1.6.0_22"
92.85.35.150 - - [01/Jun/2014:12:19:17 +0200] "GET /index.php HTTP/1.1" 302 - "-" "Java/1.6.0_22"
92.85.35.150 - - [01/Jun/2014:12:19:18 +0200] "GET /index_en.php HTTP/1.1" 404 1256 "-" "Java/1.6.0_22"
92.85.35.150 - - [01/Jun/2014:12:19:18 +0200] "GET /index_fr.php HTTP/1.1" 404 1256 "-" "Java/1.6.0_22"
92.85.35.150 - - [01/Jun/2014:12:19:18 +0200] "GET /index_sp.php HTTP/1.1" 404 1256 "-" "Java/1.6.0_22"
92.85.35.150 - - [01/Jun/2014:12:19:18 +0200] "GET /& HTTP/1.1" 404 1256 "-" "Java/1.6.0_22"
92.85.35.150 - - [01/Jun/2014:12:19:18 +0200] "GET /& HTTP/1.1" 404 1256 "-" "Java/1.6.0_22"
92.85.35.150 - - [01/Jun/2014:12:19:19 +0200] "GET /& HTTP/1.1" 404 1256 "-" "Java/1.6.0_22"
92.85.35.150 - - [01/Jun/2014:12:19:19 +0200] "GET /& HTTP/1.1" 404 1256 "-" "Java/1.6.0_22"
92.85.35.150 - - [01/Jun/2014:12:19:19 +0200] "GET /& HTTP/1.1" 404 1256 "-" "Java/1.6.0_22"
92.85.35.150 - - [01/Jun/2014:12:19:19 +0200] "GET /& HTTP/1.1" 404 1256 "-" "Java/1.6.0_22"
92.85.35.150 - - [01/Jun/2014:12:19:19 +0200] "GET /& HTTP/1.1" 404 1256 "-" "Java/1.6.0_22"
92.85.35.150 - - [01/Jun/2014:12:19:20 +0200] "GET /& HTTP/1.1" 404 1256 "-" "Java/1.6.0_22"
92.85.35.150 - - [01/Jun/2014:12:19:20 +0200] "GET /& HTTP/1.1" 404 1256 "-" "Java/1.6.0_22"
92.85.35.150 - - [01/Jun/2014:12:19:20 +0200] "GET /& HTTP/1.1" 404 1256 "-" "Java/1.6.0_22"
92.85.35.150 - - [01/Jun/2014:12:19:20 +0200] "GET /& HTTP/1.1" 404 1256 "-" "Java/1.6.0_22"
92.85.35.150 - - [01/Jun/2014:12:19:20 +0200] "GET /& HTTP/1.1" 404 1256 "-" "Java/1.6.0_22"
92.85.35.150 - - [01/Jun/2014:12:19:20 +0200] "GET /& HTTP/1.1" 404 1256 "-" "Java/1.6.0_22"
92.85.35.150 - - [01/Jun/2014:12:19:21 +0200] "GET /& HTTP/1.1" 404 1256 "-" "Java/1.6.0_22"
92.85.35.150 - - [01/Jun/2014:12:19:21 +0200] "GET /& HTTP/1.1" 404 1256 "-" "Java/1.6.0_22"
92.85.35.150 - - [01/Jun/2014:12:19:21 +0200] "GET /& HTTP/1.1" 404 1256 "-" "Java/1.6.0_22"
92.85.35.150 - - [01/Jun/2014:12:19:21 +0200] "GET /& HTTP/1.1" 404 1256 "-" "Java/1.6.0_22"
92.85.35.150 - - [01/Jun/2014:12:19:21 +0200] "GET /& HTTP/1.1" 404 1256 "-" "Java/1.6.0_22"
92.85.35.150 - - [01/Jun/2014:12:19:22 +0200] "GET /& HTTP/1.1" 404 1256 "-" "Java/1.6.0_22"
92.85.35.150 - - [01/Jun/2014:12:19:22 +0200] "GET /& HTTP/1.1" 404 1256 "-" "Java/1.6.0_22"
188.165.195.156 - - [01/Jun/2014:12:59:25 +0200] "HEAD / HTTP/1.1" 302 - "-" "Mozilla/4.0 (compatible; MSIE 5.01; Windows NT 5.0)"
176.9.50.42 - - [01/Jun/2014:15:23:04 +0200] "GET / HTTP/1.1" 302 - "-" "Mozilla/4.0 (compatible; MSIE 6.0; Windows 98; Win 9x4.90)"
178.255.215.97 - - [01/Jun/2014:15:30:45 +0200] "GET / HTTP/1.1" 302 - "-" "Mozilla/5.0 (compatible; Konqueror/3.5; Linux) KHTML/3.5.5 (like Gecko) (Exabot-Thumbnails)"
128.131.102.100 - - [01/Jun/2014:16:28:32 +0200] "GET / HTTP/1.0" 302 - "-" "Mozilla/5.0 (KeepRight OpenStreetMap Checker; http://keepright.at) Gecko/20100101 Firefox/22.0"
77.12.187.74 - - [01/Jun/2014:17:06:02 +0200] "GET / HTTP/1.1" 302 - "-" "Mozilla/5.0 (Linux; U; Android 4.0.3; de-de; GT-P5110 Build/IML74K) AppleWebKit/534.30 (KHTML, like Gecko) Version/4.0 Safari/534.30"
94.242.222.29 - - [01/Jun/2014:17:57:00 +0200] "GET /fls_3_fls_international.php HTTP/1.1" 404 1256 "-" "Mozilla/4.0 (compatible; MSIE 8.0; Windows NT 6.1; Trident/4.0)"
208.115.111.69 - - [01/Jun/2014:18:35:02 +0200] "GET /robots.txt HTTP/1.1" 404 1256 "-" "Mozilla/5.0 (compatible; DotBot/1.1; http://www.opensiteexplorer.org/dotbot, help@moz.com)"
176.9.50.42 - - [01/Jun/2014:19:14:39 +0200] "GET / HTTP/1.1" 302 - "-" "Mozilla/4.0 (compatible; MSIE 6.0; Windows 98; Win 9x4.90)"
54.87.192.160 - - [01/Jun/2014:20:03:49 +0200] "HEAD / HTTP/1.1" 302 - "-" "-"
208.115.111.69 - - [01/Jun/2014:20:22:59 +0200] "GET /include.php?path=contentarchive&type=2&letter=L&catid=0&themeid=0&searchtext=&entries=0&order=title HTTP/1.1" 404 1256 "-" "Mozilla/5.0 (compatible; DotBot/1.1; http://www.opensiteexplorer.org/dotbot, help@moz.com)"
208.115.111.69 - - [01/Jun/2014:20:23:02 +0200] "GET /include.php?path=contentarchive&type=3&letter=0-9&catid=0&themeid=0&searchtext=&entries=0&order= HTTP/1.1" 404 1256 "-" "Mozilla/5.0 (compatible; DotBot/1.1; http://www.opensiteexplorer.org/dotbot, help@moz.com)"
208.115.113.85 - - [01/Jun/2014:20:37:47 +0200] "GET /robots.txt HTTP/1.1" 404 1256 "-" "Mozilla/5.0 (compatible; DotBot/1.1; http://www.opensiteexplorer.org/dotbot, help@moz.com)"
208.115.113.85 - - [01/Jun/2014:22:38:08 +0200] "GET /?path=contentarchive&type=2&letter=L&catid=0&themeid=0&searchtext=&entries=0&order= HTTP/1.1" 302 - "-" "Mozilla/5.0 (compatible; DotBot/1.1; http://www.opensiteexplorer.org/dotbot, help@moz.com)"
208.115.111.69 - - [01/Jun/2014:22:41:15 +0200] "GET /robots.txt HTTP/1.1" 404 1256 "-" "Mozilla/5.0 (compatible; DotBot/1.1; http://www.opensiteexplorer.org/dotbot, help@moz.com)"
208.115.111.69 - - [02/Jun/2014:00:17:20 +0200] "GET /include.php?path=content&contentid=76&nid=27 HTTP/1.1" 404 1256 "-" "Mozilla/5.0 (compatible; DotBot/1.1; http://www.opensiteexplorer.org/dotbot, help@moz.com)"
208.115.113.85 - - [02/Jun/2014:00:42:57 +0200] "GET /robots.txt HTTP/1.1" 404 1256 "-" "Mozilla/5.0 (compatible; DotBot/1.1; http://www.opensiteexplorer.org/dotbot, help@moz.com)"
208.115.113.85 - - [02/Jun/2014:02:41:45 +0200] "GET /include.php?path=contentarchive&type=2&letter=D&catid=0&themeid=0&searchtext=&entries=0&order= HTTP/1.1" 404 1256 "-" "Mozilla/5.0 (compatible; DotBot/1.1; http://www.opensiteexplorer.org/dotbot, help@moz.com)"
176.9.76.43 - - [02/Jun/2014:03:16:54 +0200] "GET /robots.txt HTTP/1.1" 404 1256 "-" "Mozilla/5.0 (X11; Ubuntu; Linux x86_64; rv:27.0) Gecko/20100101 Firefox/27.0"
176.9.76.43 - - [02/Jun/2014:03:16:54 +0200] "GET / HTTP/1.1" 302 - "-" "Mozilla/5.0 (X11; Ubuntu; Linux x86_64; rv:27.0) Gecko/20100101 Firefox/27.0"
94.242.222.29 - - [02/Jun/2014:04:27:05 +0200] "GET /index_en.php HTTP/1.1" 404 1256 "-" "Mozilla/4.0 (compatible; MSIE 8.0; Windows NT 6.1; Trident/4.0)"
176.9.76.43 - - [02/Jun/2014:04:47:20 +0200] "GET / HTTP/1.1" 302 - "-" "Mozilla/5.0 (X11; Ubuntu; Linux x86_64; rv:27.0) Gecko/20100101 Firefox/27.0"
94.242.222.29 - - [02/Jun/2014:06:31:09 +0200] "GET /fls_4_kontakt_anmeldung.php HTTP/1.1" 404 1256 "-" "Mozilla/4.0 (compatible; MSIE 8.0; Windows NT 6.1; Trident/4.0)"
208.115.111.69 - - [02/Jun/2014:06:45:32 +0200] "GET /robots.txt HTTP/1.1" 404 1256 "-" "Mozilla/5.0 (compatible; DotBot/1.1; http://www.opensiteexplorer.org/dotbot, help@moz.com)"
94.242.222.29 - - [02/Jun/2014:07:39:13 +0200] "GET /index_sp.php HTTP/1.1" 404 1256 "-" "Mozilla/4.0 (compatible; MSIE 8.0; Windows NT 6.1; Trident/4.0)"
94.242.222.29 - - [02/Jun/2014:08:17:31 +0200] "GET /fls_3_fls_international.php HTTP/1.1" 404 1256 "-" "Mozilla/4.0 (compatible; MSIE 8.0; Windows NT 6.1; Trident/4.0)"
208.115.111.69 - - [02/Jun/2014:08:26:16 +0200] "GET /include.php?path=contentarchive&type=2&letter=F&catid=0&themeid=0&searchtext=&entries=0&order= HTTP/1.1" 404 1256 "-" "Mozilla/5.0 (compatible; DotBot/1.1; http://www.opensiteexplorer.org/dotbot, help@moz.com)"
37.120.88.130 - - [02/Jun/2014:09:19:11 +0200] "GET / HTTP/1.1" 302 - "https://www.google.de/" "Mozilla/5.0 (iPhone; CPU iPhone OS 7_1_1 like Mac OS X) AppleWebKit/537.51.2 (KHTML, like Gecko) Version/7.0 Mobile/11D201 Safari/9537.53"
199.192.207.146 - - [02/Jun/2014:09:42:37 +0200] "GET /robots.txt HTTP/1.0" 404 1256 "-" "Mozilla/5.0 (compatible; MJ12bot/v1.4.5; http://www.majestic12.co.uk/bot.php?+)"
199.192.207.146 - - [02/Jun/2014:09:42:38 +0200] "GET / HTTP/1.0" 302 - "-" "Mozilla/5.0 (compatible; MJ12bot/v1.4.5; http://www.majestic12.co.uk/bot.php?+)"
208.115.113.85 - - [02/Jun/2014:12:41:50 +0200] "GET /robots.txt HTTP/1.1" 404 1256 "-" "Mozilla/5.0 (compatible; DotBot/1.1; http://www.opensiteexplorer.org/dotbot, help@moz.com)"
37.5.42.29 - - [02/Jun/2014:13:02:28 +0200] "GET / HTTP/1.1" 302 - "-" "Mozilla/5.0 (Windows NT 6.1; WOW64; rv:29.0) Gecko/20100101 Firefox/29.0"
208.115.113.85 - - [02/Jun/2014:14:41:48 +0200] "GET /include.php?path=contentarchive&type=2&letter=V&catid=0&themeid=0&searchtext=&entries=0&order= HTTP/1.1" 404 1256 "-" "Mozilla/5.0 (compatible; DotBot/1.1; http://www.opensiteexplorer.org/dotbot, help@moz.com)"
208.115.113.85 - - [02/Jun/2014:14:41:55 +0200] "GET /include.php?path=contentarchive&type=2&letter=V&catid=0&themeid=0&searchtext=&entries=0&order=title HTTP/1.1" 404 1256 "-" "Mozilla/5.0 (compatible; DotBot/1.1; http://www.opensiteexplorer.org/dotbot, help@moz.com)"
194.153.113.35 - - [02/Jun/2014:14:47:26 +0200] "GET / HTTP/1.1" 302 - "-" "Mozilla/5.0 (compatible; oBot/2.3.1; +http://filterdb.iss.net/crawler/)"
157.55.39.37 - - [02/Jun/2014:15:20:44 +0200] "GET /robots.txt HTTP/1.1" 404 1256 "-" "Mozilla/5.0 (compatible; bingbot/2.0; +http://www.bing.com/bingbot.htm)"
157.55.39.37 - - [02/Jun/2014:15:20:49 +0200] "GET / HTTP/1.1" 302 - "-" "Mozilla/5.0 (compatible; bingbot/2.0; +http://www.bing.com/bingbot.htm)"
87.162.72.252 - - [02/Jun/2014:16:12:42 +0200] "GET / HTTP/1.1" 302 - "-" "Mozilla/5.0 (Windows NT 6.1; rv:29.0) Gecko/20100101 Firefox/29.0"
208.115.111.69 - - [02/Jun/2014:18:35:43 +0200] "GET /robots.txt HTTP/1.1" 404 1256 "-" "Mozilla/5.0 (compatible; DotBot/1.1; http://www.opensiteexplorer.org/dotbot, help@moz.com)"
77.12.169.237 - - [02/Jun/2014:19:24:05 +0200] "GET / HTTP/1.1" 302 - "https://www.google.de/" "Mozilla/5.0 (iPhone; CPU iPhone OS 7_0_6 like Mac OS X) AppleWebKit/537.51.1 (KHTML, like Gecko) Version/7.0 Mobile/11B651 Safari/9537.53"
208.115.111.69 - - [02/Jun/2014:20:14:39 +0200] "GET /?path=contentarchive&type=2 HTTP/1.1" 302 - "-" "Mozilla/5.0 (compatible; DotBot/1.1; http://www.opensiteexplorer.org/dotbot, help@moz.com)"
144.76.182.139 - - [02/Jun/2014:20:16:36 +0200] "GET /robots.txt HTTP/1.0" 404 1256 "-" "Mozilla/5.0 (compatible; SEOkicks-Robot; +http://www.seokicks.de/robot.html)"
144.76.182.139 - - [02/Jun/2014:20:16:39 +0200] "GET / HTTP/1.0" 302 - "-" "Mozilla/5.0 (compatible; SEOkicks-Robot; +http://www.seokicks.de/robot.html)"
208.115.113.85 - - [02/Jun/2014:20:43:01 +0200] "GET /robots.txt HTTP/1.1" 404 1256 "-" "Mozilla/5.0 (compatible; DotBot/1.1; http://www.opensiteexplorer.org/dotbot, help@moz.com)"
37.58.100.169 - - [02/Jun/2014:22:08:17 +0200] "GET /robots.txt HTTP/1.1" 404 1256 "-" "Mozilla/5.0 (compatible; AhrefsBot/5.0; +http://ahrefs.com/robot/)"
208.115.111.69 - - [02/Jun/2014:22:35:26 +0200] "GET /robots.txt HTTP/1.1" 404 1256 "-" "Mozilla/5.0 (compatible; DotBot/1.1; http://www.opensiteexplorer.org/dotbot, help@moz.com)"
208.115.113.85 - - [02/Jun/2014:22:37:36 +0200] "GET /?path=contentarchive&type=2&letter=B&catid=0&themeid=0&searchtext=&entries=0&order= HTTP/1.1" 302 - "-" "Mozilla/5.0 (compatible; DotBot/1.1; http://www.opensiteexplorer.org/dotbot, help@moz.com)"
188.138.41.108 - - [02/Jun/2014:23:51:24 +0200] "GET /robots.txt HTTP/1.1" 404 1256 "-" "Mozilla/5.0 (X11; U; Linux i686; de; rv:1.9.0.1; compatible; iCjobs Stellenangebote Jobs; http://www.icjobs.de) Gecko/20100401 iCjobs/3.2.3"
188.138.41.108 - - [02/Jun/2014:23:51:24 +0200] "GET / HTTP/1.1" 302 - "-" "Mozilla/5.0 (X11; U; Linux i686; de; rv:1.9.0.1; compatible; iCjobs Stellenangebote Jobs; http://www.icjobs.de) Gecko/20100401 iCjobs/3.2.3"
188.138.41.108 - - [02/Jun/2014:23:51:28 +0200] "GET / HTTP/1.1" 302 - "-" "Mozilla/5.0 (X11; U; Linux i686; de; rv:1.9.0.1; compatible; iCjobs Stellenangebote Jobs; http://www.icjobs.de) Gecko/20100401 iCjobs/3.2.3"
66.249.78.115 - - [03/Jun/2014:00:08:02 +0200] "GET /robots.txt HTTP/1.1" 404 1256 "-" "Mozilla/5.0 (compatible; Googlebot/2.1; +http://www.google.com/bot.html)"
66.249.78.115 - - [03/Jun/2014:00:08:02 +0200] "GET / HTTP/1.1" 302 - "-" "Mozilla/5.0 (compatible; Googlebot/2.1; +http://www.google.com/bot.html)"
208.115.111.69 - - [03/Jun/2014:00:13:50 +0200] "GET /?path=contentarchive&type=2&letter=G&catid=0&themeid=0&searchtext=&entries=0&order= HTTP/1.1" 302 - "-" "Mozilla/5.0 (compatible; DotBot/1.1; http://www.opensiteexplorer.org/dotbot, help@moz.com)"
208.115.111.69 - - [03/Jun/2014:00:13:55 +0200] "GET /include.php?path=contentarchive&type=2&letter=T&catid=0&themeid=0&searchtext=&entries=0&order= HTTP/1.1" 404 1256 "-" "Mozilla/5.0 (compatible; DotBot/1.1; http://www.opensiteexplorer.org/dotbot, help@moz.com)"
208.115.111.69 - - [03/Jun/2014:00:13:57 +0200] "GET /include.php?path=start&nid=21 HTTP/1.1" 404 1256 "-" "Mozilla/5.0 (compatible; DotBot/1.1; http://www.opensiteexplorer.org/dotbot, help@moz.com)"
178.77.126.55 - - [03/Jun/2014:02:01:00 +0200] "GET /robots.txt HTTP/1.1" 404 1256 "-" "Mozilla/5.0 (compatible; CareerBot/1.1; +http://www.career-x.de/bot.html)"
178.77.126.55 - - [03/Jun/2014:02:01:00 +0200] "GET / HTTP/1.1" 302 - "-" "Mozilla/5.0 (compatible; CareerBot/1.1; +http://www.career-x.de/bot.html)"
66.249.78.236 - - [03/Jun/2014:05:23:29 +0200] "GET /robots.txt HTTP/1.1" 404 1256 "-" "Mozilla/5.0 (compatible; Googlebot/2.1; +http://www.google.com/bot.html)"
66.249.78.236 - - [03/Jun/2014:05:23:30 +0200] "GET / HTTP/1.1" 302 - "-" "Mozilla/5.0 (compatible; Googlebot/2.1; +http://www.google.com/bot.html)"
141.8.147.12 - - [03/Jun/2014:05:56:17 +0200] "GET /robots.txt HTTP/1.1" 404 1256 "-" "Mozilla/5.0 (compatible; YandexBot/3.0; +http://yandex.com/bots)"
141.8.147.12 - - [03/Jun/2014:05:56:19 +0200] "GET /index_fr.php HTTP/1.1" 404 1256 "-" "Mozilla/5.0 (compatible; YandexBot/3.0; +http://yandex.com/bots)"
141.8.147.12 - - [03/Jun/2014:05:56:21 +0200] "GET /fls_2_fremdsprachensekr.php HTTP/1.1" 404 1256 "-" "Mozilla/5.0 (compatible; YandexBot/3.0; +http://yandex.com/bots)"
141.8.147.12 - - [03/Jun/2014:05:56:23 +0200] "GET /fls_2_fremdsprachenkorr.php HTTP/1.1" 404 1256 "-" "Mozilla/5.0 (compatible; YandexBot/3.0; +http://yandex.com/bots)"
141.8.147.12 - - [03/Jun/2014:05:56:25 +0200] "GET /index_en.php HTTP/1.1" 404 1256 "-" "Mozilla/5.0 (compatible; YandexBot/3.0; +http://yandex.com/bots)"
141.8.147.12 - - [03/Jun/2014:05:56:27 +0200] "GET /fls_1_aktuelles.php HTTP/1.1" 404 1256 "-" "Mozilla/5.0 (compatible; YandexBot/3.0; +http://yandex.com/bots)"
141.8.147.12 - - [03/Jun/2014:05:56:30 +0200] "GET /fls_2_europakorr.php HTTP/1.1" 404 1256 "-" "Mozilla/5.0 (compatible; YandexBot/3.0; +http://yandex.com/bots)"
141.8.147.12 - - [03/Jun/2014:05:56:32 +0200] "GET /fls_4_impressum.php HTTP/1.1" 404 1256 "-" "Mozilla/5.0 (compatible; YandexBot/3.0; +http://yandex.com/bots)"
141.8.147.12 - - [03/Jun/2014:05:56:34 +0200] "GET /fls_2_kurs_ecbm_london.php HTTP/1.1" 404 1256 "-" "Mozilla/5.0 (compatible; YandexBot/3.0; +http://yandex.com/bots)"
141.8.147.12 - - [03/Jun/2014:05:56:36 +0200] "GET /fls_2_berufsfachschule.php HTTP/1.1" 404 1256 "-" "Mozilla/5.0 (compatible; YandexBot/3.0; +http://yandex.com/bots)"
141.8.147.12 - - [03/Jun/2014:05:56:38 +0200] "GET /index_sp.php HTTP/1.1" 404 1256 "-" "Mozilla/5.0 (compatible; YandexBot/3.0; +http://yandex.com/bots)"
141.8.147.12 - - [03/Jun/2014:05:56:40 +0200] "GET /fls_1_aktuelles.php?artid=44 HTTP/1.1" 404 1256 "-" "Mozilla/5.0 (compatible; YandexBot/3.0; +http://yandex.com/bots)"
141.8.147.12 - - [03/Jun/2014:05:56:42 +0200] "GET /fls_4_kontakt_anmeldung.php HTTP/1.1" 404 1256 "-" "Mozilla/5.0 (compatible; YandexBot/3.0; +http://yandex.com/bots)"
66.249.78.236 - - [03/Jun/2014:06:04:24 +0200] "GET /include.php?path=contentarchive&type=1&letter=I&catid=0&themeid=0&searchtext=&entries=5&order=&nid=21 HTTP/1.1" 404 1256 "-" "Mozilla/5.0 (compatible; Googlebot/2.1; +http://www.google.com/bot.html)"
66.249.78.236 - - [03/Jun/2014:07:01:41 +0200] "GET /include.php?path=contentarchive&type=1&letter=U&catid=0&themeid=0&searchtext=&entries=0&order=&nid=21 HTTP/1.1" 404 1256 "-" "Mozilla/5.0 (compatible; Googlebot/2.1; +http://www.google.com/bot.html)"
94.242.222.29 - - [03/Jun/2014:07:15:27 +0200] "GET /index.php HTTP/1.1" 302 - "-" "Mozilla/4.0 (compatible; MSIE 8.0; Windows NT 6.1; Trident/4.0)"
66.249.78.236 - - [03/Jun/2014:08:48:04 +0200] "GET /include.php?path=contentarchive&type=2&catid=10&letter=S&entries=0&searchtext=&order=title&nid=21 HTTP/1.1" 404 1256 "-" "Mozilla/5.0 (compatible; Googlebot/2.1; +http://www.google.com/bot.html)"
79.193.188.98 - - [03/Jun/2014:08:54:16 +0200] "GET / HTTP/1.1" 302 - "https://www.facebook.com/" "Mozilla/5.0 (Windows NT 6.1; WOW64) AppleWebKit/537.36 (KHTML, like Gecko) Chrome/35.0.1916.114 Safari/537.36"
31.13.97.116 - - [03/Jun/2014:09:31:13 +0200] "GET / HTTP/1.1" 302 - "-" "facebookexternalhit/1.1 (+http://www.facebook.com/externalhit_uatext.php)"
31.13.97.118 - - [03/Jun/2014:09:31:13 +0200] "GET /?fb_locale=de_DE HTTP/1.1" 302 - "-" "facebookexternalhit/1.1 (+http://www.facebook.com/externalhit_uatext.php)"
66.249.78.236 - - [03/Jun/2014:10:18:05 +0200] "GET /include.php?path=contentarchive&type=4&catid=6&letter=X&entries=0&searchtext=&order=date HTTP/1.1" 404 1256 "-" "Mozilla/5.0 (compatible; Googlebot/2.1; +http://www.google.com/bot.html)"
66.249.78.236 - - [03/Jun/2014:11:48:06 +0200] "GET /include.php?path=contentarchive&type=1&catid=1&letter=X&entries=0&searchtext=&order=dated&nid=13 HTTP/1.1" 404 1256 "-" "Mozilla/5.0 (compatible; Googlebot/2.1; +http://www.google.com/bot.html)"
23.20.53.230 - - [03/Jun/2014:11:59:11 +0200] "HEAD / HTTP/1.1" 302 - "-" "-"
84.130.138.205 - - [03/Jun/2014:12:20:45 +0200] "GET / HTTP/1.1" 302 - "http://domino2.berufsschulen.de/db/berufsschulen.nsf/Berlin?OpenView" "Mozilla/5.0 (Windows NT 6.1; WOW64; rv:29.0) Gecko/20100101 Firefox/29.0"
94.242.222.29 - - [03/Jun/2014:12:24:35 +0200] "GET /fls_4_kontakt_anmeldung.php HTTP/1.1" 404 1256 "-" "Mozilla/4.0 (compatible; MSIE 8.0; Windows NT 6.1; Trident/4.0)"
66.249.78.236 - - [03/Jun/2014:12:53:35 +0200] "GET /include.php?path=contentarchive&type=4&letter=D&catid=7&themeid=0&searchtext=&entries=0&order=title&nid=19 HTTP/1.1" 404 1256 "-" "Mozilla/5.0 (compatible; Googlebot/2.1; +http://www.google.com/bot.html)"
208.115.113.85 - - [03/Jun/2014:12:54:29 +0200] "GET /robots.txt HTTP/1.1" 404 1256 "-" "Mozilla/5.0 (compatible; DotBot/1.1; http://www.opensiteexplorer.org/dotbot, help@moz.com)"
66.249.64.119 - - [03/Jun/2014:13:59:03 +0200] "GET /include.php?path=contentarchive&type=2&catid=0&letter=&entries=0&searchtext=&order=titled&nid=13 HTTP/1.1" 404 1256 "-" "Mozilla/5.0 (compatible; Googlebot/2.1; +http://www.google.com/bot.html)"
37.58.100.74 - - [03/Jun/2014:14:14:38 +0200] "GET / HTTP/1.1" 302 - "-" "Mozilla/5.0 (compatible; AhrefsBot/5.0; +http://ahrefs.com/robot/)"
208.115.111.69 - - [03/Jun/2014:14:37:07 +0200] "GET /robots.txt HTTP/1.1" 404 1256 "-" "Mozilla/5.0 (compatible; DotBot/1.1; http://www.opensiteexplorer.org/dotbot, help@moz.com)"
208.115.113.85 - - [03/Jun/2014:14:53:38 +0200] "GET /include.php?path=contentarchive&type=3&letter=R&catid=0&themeid=0&searchtext=&entries=0&order= HTTP/1.1" 404 1256 "-" "Mozilla/5.0 (compatible; DotBot/1.1; http://www.opensiteexplorer.org/dotbot, help@moz.com)"
66.249.64.168 - - [03/Jun/2014:15:03:44 +0200] "GET /robots.txt HTTP/1.1" 404 1256 "-" "Mozilla/5.0 (compatible; Googlebot/2.1; +http://www.google.com/bot.html)"
66.249.64.114 - - [03/Jun/2014:15:20:53 +0200] "GET /include.php?path=contentarchive&type=1&letter=M&catid=10&themeid=0&searchtext=&entries=0&order=titled&nid=13 HTTP/1.1" 404 1256 "-" "Mozilla/5.0 (compatible; Googlebot/2.1; +http://www.google.com/bot.html)"
93.220.107.242 - - [03/Jun/2014:15:28:56 +0200] "GET / HTTP/1.1" 302 - "-" "Mozilla/5.0 (X11; Ubuntu; Linux x86_64; rv:29.0) Gecko/20100101 Firefox/29.0"
157.55.39.37 - - [03/Jun/2014:15:32:57 +0200] "GET /robots.txt HTTP/1.1" 404 1256 "-" "Mozilla/5.0 (compatible; bingbot/2.0; +http://www.bing.com/bingbot.htm)"
157.55.39.37 - - [03/Jun/2014:15:33:48 +0200] "GET / HTTP/1.1" 302 - "-" "Mozilla/5.0 (compatible; bingbot/2.0; +http://www.bing.com/bingbot.htm)"
208.115.111.69 - - [03/Jun/2014:16:20:01 +0200] "GET /include.php?path=contentarchive&catid=1&type=3&nid=21 HTTP/1.1" 404 1256 "-" "Mozilla/5.0 (compatible; DotBot/1.1; http://www.opensiteexplorer.org/dotbot, help@moz.com)"
66.249.64.114 - - [03/Jun/2014:16:26:21 +0200] "GET /include.php?path=contentarchive&type=2&letter=V&catid=8&themeid=0&searchtext=&entries=0&order=title&nid=19 HTTP/1.1" 404 1256 "-" "Mozilla/5.0 (compatible; Googlebot/2.1; +http://www.google.com/bot.html)"
208.115.113.85 - - [03/Jun/2014:16:38:28 +0200] "GET /robots.txt HTTP/1.1" 404 1256 "-" "Mozilla/5.0 (compatible; DotBot/1.1; http://www.opensiteexplorer.org/dotbot, help@moz.com)"
92.225.166.68 - - [03/Jun/2014:17:28:56 +0200] "GET / HTTP/1.1" 302 - "http://www.aubi-plus.de/ausbildung/friedrich-list-schule-berlin-fremdsprachenkorrespondent-schul-10823-berlin-deutschland-117120.html" "Mozilla/5.0 (Windows NT 6.1; WOW64; rv:29.0) Gecko/20100101 Firefox/29.0"
176.9.48.201 - - [03/Jun/2014:18:27:41 +0200] "GET /robots.txt HTTP/1.1" 404 1256 "-" "Mozilla/5.0 (X11; Ubuntu; Linux x86_64; rv:27.0) Gecko/20100101 Firefox/27.0"
176.9.48.201 - - [03/Jun/2014:18:27:41 +0200] "GET / HTTP/1.1" 302 - "-" "Mozilla/5.0 (X11; Ubuntu; Linux x86_64; rv:27.0) Gecko/20100101 Firefox/27.0"
208.115.113.85 - - [03/Jun/2014:18:27:44 +0200] "GET /include.php?path=contentarchive&type=2&letter=Q&catid=0&themeid=0&searchtext=&entries=0&order=title HTTP/1.1" 404 1256 "-" "Mozilla/5.0 (compatible; DotBot/1.1; http://www.opensiteexplorer.org/dotbot, help@moz.com)"
208.115.113.85 - - [03/Jun/2014:18:27:50 +0200] "GET /include.php?path=contentarchive&type=2&letter=X&catid=0&themeid=0&searchtext=&entries=0&order= HTTP/1.1" 404 1256 "-" "Mozilla/5.0 (compatible; DotBot/1.1; http://www.opensiteexplorer.org/dotbot, help@moz.com)"
208.115.111.69 - - [03/Jun/2014:18:32:03 +0200] "GET /robots.txt HTTP/1.1" 404 1256 "-" "Mozilla/5.0 (compatible; DotBot/1.1; http://www.opensiteexplorer.org/dotbot, help@moz.com)"
208.115.111.69 - - [03/Jun/2014:20:09:10 +0200] "GET /include.php?path=contentarchive&type=3&letter=B&catid=0&themeid=0&searchtext=&entries=0&order= HTTP/1.1" 404 1256 "-" "Mozilla/5.0 (compatible; DotBot/1.1; http://www.opensiteexplorer.org/dotbot, help@moz.com)"
141.8.147.12 - - [03/Jun/2014:20:41:43 +0200] "GET /robots.txt HTTP/1.1" 404 1256 "-" "Mozilla/5.0 (compatible; YandexBot/3.0; +http://yandex.com/bots)"
141.8.147.12 - - [03/Jun/2014:20:41:45 +0200] "GET / HTTP/1.1" 302 - "-" "Mozilla/5.0 (compatible; YandexBot/3.0; +http://yandex.com/bots)"
5.61.150.6 - - [03/Jun/2014:21:56:51 +0200] "GET / HTTP/1.1" 302 - "-" "Mozilla/5.0 (Windows NT 6.1; WOW64) AppleWebKit/537.36 (KHTML, like Gecko) Chrome/35.0.1916.114 Safari/537.36"
176.9.76.43 - - [03/Jun/2014:22:02:56 +0200] "GET / HTTP/1.1" 302 - "-" "Mozilla/5.0 (X11; Ubuntu; Linux x86_64; rv:27.0) Gecko/20100101 Firefox/27.0"
208.115.111.69 - - [03/Jun/2014:22:30:55 +0200] "GET /robots.txt HTTP/1.1" 404 1256 "-" "Mozilla/5.0 (compatible; DotBot/1.1; http://www.opensiteexplorer.org/dotbot, help@moz.com)"
208.115.111.69 - - [03/Jun/2014:22:30:57 +0200] "GET /robots.txt HTTP/1.1" 404 1256 "-" "Mozilla/5.0 (compatible; DotBot/1.1; http://www.opensiteexplorer.org/dotbot, help@moz.com)"
208.115.111.69 - - [03/Jun/2014:22:50:03 +0200] "GET / HTTP/1.1" 302 - "-" "Mozilla/5.0 (compatible; DotBot/1.1; http://www.opensiteexplorer.org/dotbot, help@moz.com)"
85.179.3.205 - - [03/Jun/2014:23:03:16 +0200] "GET / HTTP/1.1" 302 - "-" "Mozilla/5.0 (Macintosh; Intel Mac OS X 10_8_5) AppleWebKit/537.75.14 (KHTML, like Gecko) Version/6.1.3 Safari/537.75.14"
208.115.111.69 - - [04/Jun/2014:00:06:01 +0200] "GET /include.php?path=contentarchive&type=2&letter=T&catid=0&themeid=0&searchtext=&entries=0&order=title HTTP/1.1" 404 1256 "-" "Mozilla/5.0 (compatible; DotBot/1.1; http://www.opensiteexplorer.org/dotbot, help@moz.com)"
208.115.111.69 - - [04/Jun/2014:00:06:06 +0200] "GET /include.php?path=contentarchive&type=3&letter=H&catid=0&themeid=0&searchtext=&entries=0&order= HTTP/1.1" 404 1256 "-" "Mozilla/5.0 (compatible; DotBot/1.1; http://www.opensiteexplorer.org/dotbot, help@moz.com)"
208.115.113.85 - - [04/Jun/2014:00:36:13 +0200] "GET /robots.txt HTTP/1.1" 404 1256 "-" "Mozilla/5.0 (compatible; DotBot/1.1; http://www.opensiteexplorer.org/dotbot, help@moz.com)"
94.242.222.29 - - [04/Jun/2014:00:56:11 +0200] "GET /index_sp.php HTTP/1.1" 404 1256 "-" "Mozilla/4.0 (compatible; MSIE 8.0; Windows NT 6.1; Trident/4.0)"
208.115.113.85 - - [04/Jun/2014:02:24:28 +0200] "GET /?path=contentarchive&type=2&letter=V&catid=0&themeid=0&searchtext=&entries=0&order= HTTP/1.1" 302 - "-" "Mozilla/5.0 (compatible; DotBot/1.1; http://www.opensiteexplorer.org/dotbot, help@moz.com)"
208.115.113.85 - - [04/Jun/2014:02:24:32 +0200] "GET /include.php?path=contentarchive&type=2&letter=0-9&catid=0&themeid=0&searchtext=&entries=0&order=title HTTP/1.1" 404 1256 "-" "Mozilla/5.0 (compatible; DotBot/1.1; http://www.opensiteexplorer.org/dotbot, help@moz.com)"
66.249.64.114 - - [04/Jun/2014:04:15:11 +0200] "GET /robots.txt HTTP/1.1" 404 1256 "-" "Mozilla/5.0 (compatible; Googlebot/2.1; +http://www.google.com/bot.html)"
66.249.64.114 - - [04/Jun/2014:04:15:11 +0200] "GET /include.php?path=content&contentid=44 HTTP/1.1" 404 1256 "-" "Mozilla/5.0 (compatible; Googlebot/2.1; +http://www.google.com/bot.html)"
94.242.222.29 - - [04/Jun/2014:05:42:34 +0200] "GET /index_en.php HTTP/1.1" 404 1256 "-" "Mozilla/4.0 (compatible; MSIE 8.0; Windows NT 6.1; Trident/4.0)"
66.249.64.124 - - [04/Jun/2014:06:24:06 +0200] "GET /?path=content&contentid=44&nid=33 HTTP/1.1" 302 - "-" "Mozilla/5.0 (compatible; Googlebot/2.1; +http://www.google.com/bot.html)"
66.249.64.114 - - [04/Jun/2014:07:39:40 +0200] "GET /include.php?path=contentarchive&type=2&letter=O&catid=11&themeid=0&searchtext=&entries=0&order=&nid=32 HTTP/1.1" 404 1256 "-" "Mozilla/5.0 (compatible; Googlebot/2.1; +http://www.google.com/bot.html)"
208.115.113.85 - - [04/Jun/2014:08:37:59 +0200] "GET /robots.txt HTTP/1.1" 404 1256 "-" "Mozilla/5.0 (compatible; DotBot/1.1; http://www.opensiteexplorer.org/dotbot, help@moz.com)"
66.249.64.119 - - [04/Jun/2014:09:39:41 +0200] "GET /include.php?catid=othrtgnw&nid=4 HTTP/1.1" 404 1256 "-" "Mozilla/5.0 (compatible; Googlebot/2.1; +http://www.google.com/bot.html)"
66.249.64.114 - - [04/Jun/2014:10:28:35 +0200] "GET /include.php?path=contentarchive&type=4&catid=8&letter=0-9&entries=0&searchtext=&order=titled&nid=32 HTTP/1.1" 404 1256 "-" "Mozilla/5.0 (compatible; Googlebot/2.1; +http://www.google.com/bot.html)"
208.115.113.85 - - [04/Jun/2014:10:29:45 +0200] "GET /include.php?path=contentarchive&catid=1&type=3 HTTP/1.1" 404 1256 "-" "Mozilla/5.0 (compatible; DotBot/1.1; http://www.opensiteexplorer.org/dotbot, help@moz.com)"
208.115.113.85 - - [04/Jun/2014:10:30:33 +0200] "GET /include.php?path=contentarchive&type=3&letter=D&catid=0&themeid=0&searchtext=&entries=0&order= HTTP/1.1" 404 1256 "-" "Mozilla/5.0 (compatible; DotBot/1.1; http://www.opensiteexplorer.org/dotbot, help@moz.com)"
66.249.64.124 - - [04/Jun/2014:11:35:16 +0200] "GET /include.php?path=contentarchive&type=2&catid=9&letter=D&entries=0&searchtext=&order=title&nid=13 HTTP/1.1" 404 1256 "-" "Mozilla/5.0 (compatible; Googlebot/2.1; +http://www.google.com/bot.html)"
66.249.64.119 - - [04/Jun/2014:11:38:33 +0200] "GET /include.php?path=contentarchive&type=4&letter=O&catid=7&themeid=0&searchtext=&entries=0&order=&nid=4 HTTP/1.1" 404 1256 "-" "Mozilla/5.0 (compatible; Googlebot/2.1; +http://www.google.com/bot.html)"
46.4.100.231 - - [04/Jun/2014:11:48:20 +0200] "GET /robots.txt HTTP/1.1" 404 1256 "-" "BacklinkCrawler (http://www.backlinktest.com/crawler.html)"
46.4.100.231 - - [04/Jun/2014:11:48:20 +0200] "GET /sitemap.xml HTTP/1.1" 404 1256 "-" "BacklinkCrawler (http://www.backlinktest.com/crawler.html)"
46.4.100.231 - - [04/Jun/2014:11:48:22 +0200] "GET / HTTP/1.1" 302 - "-" "BacklinkCrawler (http://www.backlinktest.com/crawler.html)"
37.5.42.29 - - [04/Jun/2014:12:44:48 +0200] "GET / HTTP/1.1" 302 - "-" "Mozilla/5.0 (Windows NT 6.1; WOW64; rv:29.0) Gecko/20100101 Firefox/29.0"
66.249.64.159 - - [04/Jun/2014:12:46:24 +0200] "GET /include.php?path=contentarchive&type=2&letter=alle&catid=0&themeid=0&searchtext=&entries=8&order=&nid=21 HTTP/1.1" 404 1256 "-" "Mozilla/5.0 (compatible; Googlebot/2.1; +http://www.google.com/bot.html)"
82.165.172.75 - - [04/Jun/2014:13:17:49 +0200] "GET / HTTP/1.1" 302 - "http://www.stadtsurfer.de" "19"
82.165.172.75 - - [04/Jun/2014:13:17:49 +0200] "GET / HTTP/1.1" 302 - "-" "Mozilla/5.0 (Windows; U; Windows NT 5.1; de; rv:1.9.1.5) Gecko/20091102 Firefox/3.5.5 (.NET CLR 3.5.30729)"
88.76.144.67 - - [04/Jun/2014:13:42:37 +0200] "GET / HTTP/1.1" 302 - "https://www.google.com.sa/" "Mozilla/5.0 (Windows NT 6.2; WOW64) AppleWebKit/537.36 (KHTML, like Gecko) Chrome/35.0.1916.114 Safari/537.36"
66.249.64.119 - - [04/Jun/2014:13:53:04 +0200] "GET /include.php?path=contentarchive&type=2&letter=L&catid=0&themeid=0&searchtext=&entries=8&order=&nid=4 HTTP/1.1" 404 1256 "-" "Mozilla/5.0 (compatible; Googlebot/2.1; +http://www.google.com/bot.html)"
46.165.197.142 - - [04/Jun/2014:14:02:30 +0200] "GET /robots.txt HTTP/1.0" 404 1256 "-" "Mozilla/5.0 (compatible; MJ12bot/v1.4.5; http://www.majestic12.co.uk/bot.php?+)"
46.165.197.142 - - [04/Jun/2014:14:02:32 +0200] "GET / HTTP/1.0" 302 - "-" "Mozilla/5.0 (compatible; MJ12bot/v1.4.5; http://www.majestic12.co.uk/bot.php?+)"
208.115.111.69 - - [04/Jun/2014:14:40:31 +0200] "GET /robots.txt HTTP/1.1" 404 1256 "-" "Mozilla/5.0 (compatible; DotBot/1.1; http://www.opensiteexplorer.org/dotbot, help@moz.com)"
66.249.78.236 - - [04/Jun/2014:14:55:19 +0200] "GET /include.php?path=contentarchive&type=4&letter=D&catid=7&themeid=0&searchtext=&entries=0&order=dated&nid=13 HTTP/1.1" 404 1256 "-" "Mozilla/5.0 (compatible; Googlebot/2.1; +http://www.google.com/bot.html)"
66.249.78.236 - - [04/Jun/2014:14:59:45 +0200] "GET /include.php?path=content&contentid=44&nid=33 HTTP/1.1" 404 1256 "-" "Mozilla/5.0 (compatible; Googlebot/2.1; +http://www.google.com/bot.html)"
66.249.78.236 - - [04/Jun/2014:16:06:26 +0200] "GET /include.php?path=content&mode=vote&contentid=73&type=1&content_vote=6&action=Go&nid=4 HTTP/1.1" 404 1256 "-" "Mozilla/5.0 (compatible; Googlebot/2.1; +http://www.google.com/bot.html)"
208.115.111.69 - - [04/Jun/2014:16:23:00 +0200] "GET /include.php?path=contentarchive&catid=1&type=3&nid=19 HTTP/1.1" 404 1256 "-" "Mozilla/5.0 (compatible; DotBot/1.1; http://www.opensiteexplorer.org/dotbot, help@moz.com)"
208.115.111.69 - - [04/Jun/2014:16:23:07 +0200] "GET /include.php?path=contentarchive&type=3&letter=I&catid=0&themeid=0&searchtext=&entries=0&order= HTTP/1.1" 404 1256 "-" "Mozilla/5.0 (compatible; DotBot/1.1; http://www.opensiteexplorer.org/dotbot, help@moz.com)"
208.115.113.85 - - [04/Jun/2014:16:47:12 +0200] "GET /robots.txt HTTP/1.1" 404 1256 "-" "Mozilla/5.0 (compatible; DotBot/1.1; http://www.opensiteexplorer.org/dotbot, help@moz.com)"
66.249.78.236 - - [04/Jun/2014:17:39:47 +0200] "GET /robots.txt HTTP/1.1" 404 1256 "-" "Mozilla/5.0 (compatible; Googlebot/2.1; +http://www.google.com/bot.html)"
66.249.78.236 - - [04/Jun/2014:17:39:47 +0200] "GET /include.php?path=contentarchive&type=4&catid=0&letter=O&entries=0&searchtext=&order=date&nid=4 HTTP/1.1" 404 1256 "-" "Mozilla/5.0 (compatible; Googlebot/2.1; +http://www.google.com/bot.html)"
66.249.78.236 - - [04/Jun/2014:17:44:14 +0200] "GET /include.php?path=contentarchive&type=2&catid=9&letter=Q&entries=0&searchtext=&order=date&nid=32 HTTP/1.1" 404 1256 "-" "Mozilla/5.0 (compatible; Googlebot/2.1; +http://www.google.com/bot.html)"
66.249.78.236 - - [04/Jun/2014:17:48:40 +0200] "GET /include.php?path=contentarchive&type=4&catid=8&letter=X&entries=0&searchtext=&order=titled HTTP/1.1" 404 1256 "-" "Mozilla/5.0 (compatible; Googlebot/2.1; +http://www.google.com/bot.html)"
66.249.78.236 - - [04/Jun/2014:17:49:17 +0200] "GET /include.php?path=contentarchive&type=4&catid=7&letter=Y&entries=0&searchtext=&order=date&nid=19 HTTP/1.1" 404 1256 "-" "Mozilla/5.0 (compatible; Googlebot/2.1; +http://www.google.com/bot.html)"
178.255.215.68 - - [04/Jun/2014:17:52:37 +0200] "GET /robots.txt HTTP/1.1" 404 1256 "-" "Mozilla/5.0 (compatible; Exabot/3.0; +http://www.exabot.com/go/robot)"
178.255.215.68 - - [04/Jun/2014:17:52:37 +0200] "GET / HTTP/1.1" 302 - "-" "Mozilla/5.0 (compatible; Exabot/3.0; +http://www.exabot.com/go/robot)"
66.249.78.236 - - [04/Jun/2014:17:53:07 +0200] "GET /include.php?path=contentarchive&type=2&letter=L&catid=1&themeid=0&searchtext=&entries=0&order=dated&nid=19 HTTP/1.1" 404 1256 "-" "Mozilla/5.0 (compatible; Googlebot/2.1; +http://www.google.com/bot.html)"
66.249.78.236 - - [04/Jun/2014:17:57:34 +0200] "GET /include.php?path=contentarchive&type=2&catid=1&letter=R&entries=0&searchtext=&order=date HTTP/1.1" 404 1256 "-" "Mozilla/5.0 (compatible; Googlebot/2.1; +http://www.google.com/bot.html)"
66.249.78.236 - - [04/Jun/2014:18:02:01 +0200] "GET /include.php?path=contentarchive&type=1&letter=G&catid=9&themeid=0&searchtext=&entries=0&order=&nid=4 HTTP/1.1" 404 1256 "-" "Mozilla/5.0 (compatible; Googlebot/2.1; +http://www.google.com/bot.html)"
66.249.78.236 - - [04/Jun/2014:18:06:27 +0200] "GET /include.php?path=contentarchive&type=4&catid=0&letter=L&entries=0&searchtext=&order=titled HTTP/1.1" 404 1256 "-" "Mozilla/5.0 (compatible; Googlebot/2.1; +http://www.google.com/bot.html)"
66.249.78.236 - - [04/Jun/2014:18:10:54 +0200] "GET /include.php?path=contentarchive&catid=8&type=2 HTTP/1.1" 404 1256 "-" "Mozilla/5.0 (compatible; Googlebot/2.1; +http://www.google.com/bot.html)"
66.249.78.236 - - [04/Jun/2014:18:15:21 +0200] "GET /include.php?path=contentarchive&type=2&letter=L&catid=9&themeid=0&searchtext=&entries=0&order=titled&nid=19 HTTP/1.1" 404 1256 "-" "Mozilla/5.0 (compatible; Googlebot/2.1; +http://www.google.com/bot.html)"
208.115.113.85 - - [04/Jun/2014:18:36:55 +0200] "GET /?path=contentarchive&type=2&letter=D&catid=0&themeid=0&searchtext=&entries=0&order= HTTP/1.1" 302 - "-" "Mozilla/5.0 (compatible; DotBot/1.1; http://www.opensiteexplorer.org/dotbot, help@moz.com)"
208.115.113.85 - - [04/Jun/2014:18:36:58 +0200] "GET /include.php?path=contentarchive&type=3&letter=C&catid=0&themeid=0&searchtext=&entries=0&order= HTTP/1.1" 404 1256 "-" "Mozilla/5.0 (compatible; DotBot/1.1; http://www.opensiteexplorer.org/dotbot, help@moz.com)"
208.115.113.85 - - [04/Jun/2014:18:37:04 +0200] "GET /include.php?path=contentarchive&type=3&letter=F&catid=0&themeid=0&searchtext=&entries=0&order= HTTP/1.1" 404 1256 "-" "Mozilla/5.0 (compatible; DotBot/1.1; http://www.opensiteexplorer.org/dotbot, help@moz.com)"
81.201.144.153 - - [04/Jun/2014:20:25:56 +0200] "GET / HTTP/1.1" 302 - "http://www.aubi-plus.de/ausbildung/friedrich-list-schule-berlin-fremdsprachenkorrespondent-schul-10823-berlin-deutschland-117120.html" "Mozilla/5.0 (iPad; CPU OS 7_1_1 like Mac OS X) AppleWebKit/537.51.1 (KHTML, like Gecko) CriOS/35.0.1916.38 Mobile/11D201 Safari/9537.53"
208.115.113.85 - - [04/Jun/2014:20:36:19 +0200] "GET /robots.txt HTTP/1.1" 404 1256 "-" "Mozilla/5.0 (compatible; DotBot/1.1; http://www.opensiteexplorer.org/dotbot, help@moz.com)"
66.249.78.236 - - [04/Jun/2014:20:37:36 +0200] "GET /include.php?path=contentarchive&type=2&catid=9&letter=W&entries=0&searchtext=&order=title&nid=32 HTTP/1.1" 404 1256 "-" "Mozilla/5.0 (compatible; Googlebot/2.1; +http://www.google.com/bot.html)"
66.249.78.236 - - [04/Jun/2014:20:42:03 +0200] "GET /include.php?path=contentarchive&type=4&letter=W&catid=8&themeid=0&searchtext=&entries=0&order=title&nid=32 HTTP/1.1" 404 1256 "-" "Mozilla/5.0 (compatible; Googlebot/2.1; +http://www.google.com/bot.html)"
79.228.243.54 - - [04/Jun/2014:21:20:07 +0200] "GET / HTTP/1.1" 302 - "http://www.regional.planet-beruf.de/details.jsp?roid=157&oid=100400200&tid=1&eid=3026" "Mozilla/5.0 (Windows NT 6.3; WOW64; rv:29.0) Gecko/20100101 Firefox/29.0"
66.249.78.236 - - [04/Jun/2014:21:39:50 +0200] "GET /include.php?path=contentarchive&type=1&letter=0-9&catid=1&themeid=0&searchtext=&entries=0&order=titled&nid=32 HTTP/1.1" 404 1256 "-" "Mozilla/5.0 (compatible; Googlebot/2.1; +http://www.google.com/bot.html)"
66.249.78.236 - - [04/Jun/2014:21:44:17 +0200] "GET /include.php?path=contentarchive&type=3&letter=W&catid=0&themeid=0&searchtext=&entries=0&order=&nid=13 HTTP/1.1" 404 1256 "-" "Mozilla/5.0 (compatible; Googlebot/2.1; +http://www.google.com/bot.html)"
66.249.78.236 - - [04/Jun/2014:21:53:10 +0200] "GET /include.php?path=contentarchive&type=1&catid=9&letter=S&entries=0&searchtext=&order=date&nid=4 HTTP/1.1" 404 1256 "-" "Mozilla/5.0 (compatible; Googlebot/2.1; +http://www.google.com/bot.html)"
66.249.78.236 - - [04/Jun/2014:21:57:37 +0200] "GET /include.php?path=contentarchive&type=2&catid=9&letter=O&entries=0&searchtext=&order=title&nid=13 HTTP/1.1" 404 1256 "-" "Mozilla/5.0 (compatible; Googlebot/2.1; +http://www.google.com/bot.html)"
139.30.103.156 - - [04/Jun/2014:22:15:54 +0200] "GET / HTTP/1.1" 302 - "http://l.facebook.com/l.php?u=http%3A%2F%2Fwww.fls-berlin.de%2F&h=8AQHDFtDt&enc=AZNp-cpv6akFiltz0yPEhR07qhKgqeK13OBwz6_oBdLz3Or1E5dXKSjLQ3wClMvRBhUsEJzhE2DFbVucoxpPKCmWVW1FtmBdU9QK-DRy2zlsKAYrndwCBLNnOmYDWC_ta1XqNLq0tedSQQX6gH3lzwev&s=1" "Mozilla/5.0 (Windows NT 6.0; rv:29.0) Gecko/20100101 Firefox/29.0"
91.23.45.138 - - [04/Jun/2014:22:36:20 +0200] "GET / HTTP/1.1" 302 - "-" "Mozilla/5.0 (Windows NT 6.1; rv:29.0) Gecko/20100101 Firefox/29.0"
208.115.113.85 - - [04/Jun/2014:22:41:28 +0200] "GET /include.php?path=contentarchive&type=2&letter=L&catid=0&themeid=0&searchtext=&entries=0&order= HTTP/1.1" 404 1256 "-" "Mozilla/5.0 (compatible; DotBot/1.1; http://www.opensiteexplorer.org/dotbot, help@moz.com)"
208.115.113.85 - - [04/Jun/2014:22:41:33 +0200] "GET /include.php?path=contentarchive&type=2&letter=P&catid=0&themeid=0&searchtext=&entries=0&order=title HTTP/1.1" 404 1256 "-" "Mozilla/5.0 (compatible; DotBot/1.1; http://www.opensiteexplorer.org/dotbot, help@moz.com)"
66.249.78.236 - - [04/Jun/2014:22:42:04 +0200] "GET /include.php?path=contentarchive&type=2&letter=O&catid=11&themeid=0&searchtext=&entries=0&order=&nid=32 HTTP/1.1" 404 1256 "-" "Mozilla/5.0 (compatible; Googlebot/2.1; +http://www.google.com/bot.html)"
66.249.78.236 - - [04/Jun/2014:22:46:31 +0200] "GET /include.php?path=contentarchive&type=1&letter=A&catid=9&themeid=0&searchtext=&entries=0&order=&nid=13 HTTP/1.1" 404 1256 "-" "Mozilla/5.0 (compatible; Googlebot/2.1; +http://www.google.com/bot.html)"
66.249.78.236 - - [04/Jun/2014:22:50:57 +0200] "GET /include.php?path=contentarchive&type=4&catid=7&letter=P&entries=0&searchtext=&order=title&nid=32 HTTP/1.1" 404 1256 "-" "Mozilla/5.0 (compatible; Googlebot/2.1; +http://www.google.com/bot.html)"
66.249.78.236 - - [04/Jun/2014:22:55:24 +0200] "GET /include.php?path=contentarchive&type=1&letter=T&catid=0&themeid=0&searchtext=&entries=5&order=&nid=4 HTTP/1.1" 404 1256 "-" "Mozilla/5.0 (compatible; Googlebot/2.1; +http://www.google.com/bot.html)"
66.249.78.236 - - [04/Jun/2014:23:04:18 +0200] "GET /include.php?path=contentarchive&type=4&catid=12&letter=Y&entries=0&searchtext=&order=title&nid=13 HTTP/1.1" 404 1256 "-" "Mozilla/5.0 (compatible; Googlebot/2.1; +http://www.google.com/bot.html)"
66.249.78.236 - - [04/Jun/2014:23:08:44 +0200] "GET /include.php?path=content&mode=vote&contentid=79&type=1&content_vote=5&action=Go&nid=32 HTTP/1.1" 404 1256 "-" "Mozilla/5.0 (compatible; Googlebot/2.1; +http://www.google.com/bot.html)"
66.249.78.236 - - [04/Jun/2014:23:52:09 +0200] "GET /include.php?path=contentarchive&type=2&letter=T&catid=10&themeid=0&searchtext=&entries=0&order=title HTTP/1.1" 404 1256 "-" "Mozilla/5.0 (compatible; Googlebot/2.1; +http://www.google.com/bot.html)"
66.249.78.236 - - [04/Jun/2014:23:55:24 +0200] "GET /include.php?path=contentarchive&type=2&letter=W&catid=8&themeid=0&searchtext=&entries=0&order=&nid=13 HTTP/1.1" 404 1256 "-" "Mozilla/5.0 (compatible; Googlebot/2.1; +http://www.google.com/bot.html)"
66.249.78.236 - - [04/Jun/2014:23:57:37 +0200] "GET /include.php?path=contentarchive&type=1&catid=10&letter=J&entries=0&searchtext=&order=date&nid=21 HTTP/1.1" 404 1256 "-" "Mozilla/5.0 (compatible; Googlebot/2.1; +http://www.google.com/bot.html)"
66.249.78.236 - - [04/Jun/2014:23:59:51 +0200] "GET /include.php?path=contentarchive&type=4&catid=6&letter=C&entries=0&searchtext=&order=title&nid=4 HTTP/1.1" 404 1256 "-" "Mozilla/5.0 (compatible; Googlebot/2.1; +http://www.google.com/bot.html)"
66.249.78.236 - - [05/Jun/2014:00:02:34 +0200] "GET /include.php?path=contentarchive&type=4&catid=0&letter=U&entries=0&searchtext=&order=dated HTTP/1.1" 404 1256 "-" "Mozilla/5.0 (compatible; Googlebot/2.1; +http://www.google.com/bot.html)"
66.249.78.236 - - [05/Jun/2014:00:07:01 +0200] "GET /include.php?path=contentarchive&type=4&letter=alle&catid=0&themeid=0&searchtext=&entries=0&order=&nid=32 HTTP/1.1" 404 1256 "-" "Mozilla/5.0 (compatible; Googlebot/2.1; +http://www.google.com/bot.html)"
66.249.78.236 - - [05/Jun/2014:00:11:27 +0200] "GET /include.php?path=contentarchive&type=4&letter=C&catid=0&themeid=0&searchtext=&entries=0&order=title HTTP/1.1" 404 1256 "-" "Mozilla/5.0 (compatible; Googlebot/2.1; +http://www.google.com/bot.html)"
66.249.78.236 - - [05/Jun/2014:00:20:21 +0200] "GET /include.php?path=contentarchive&type=1&letter=H&catid=0&themeid=0&searchtext=&entries=5&order= HTTP/1.1" 404 1256 "-" "Mozilla/5.0 (compatible; Googlebot/2.1; +http://www.google.com/bot.html)"
66.249.78.115 - - [05/Jun/2014:00:28:46 +0200] "GET /robots.txt HTTP/1.1" 404 1256 "-" "Mozilla/5.0 (compatible; Googlebot/2.1; +http://www.google.com/bot.html)"
66.249.78.115 - - [05/Jun/2014:00:28:46 +0200] "GET / HTTP/1.1" 302 - "-" "Mozilla/5.0 (compatible; Googlebot/2.1; +http://www.google.com/bot.html)"
66.249.78.236 - - [05/Jun/2014:01:00:21 +0200] "GET /include.php?path=contentarchive&type=2&letter=H&catid=8&themeid=0&searchtext=&entries=0&order=&nid=21 HTTP/1.1" 404 1256 "-" "Mozilla/5.0 (compatible; Googlebot/2.1; +http://www.google.com/bot.html)"
66.249.78.236 - - [05/Jun/2014:01:04:48 +0200] "GET /include.php?path=content&mode=vote&contentid=82&type=1&content_vote=8&action=Go&nid=21 HTTP/1.1" 404 1256 "-" "Mozilla/5.0 (compatible; Googlebot/2.1; +http://www.google.com/bot.html)"
66.249.78.236 - - [05/Jun/2014:01:09:15 +0200] "GET /include.php?path=contentarchive&type=4&catid=1&letter=B&entries=0&searchtext=&order=titled HTTP/1.1" 404 1256 "-" "Mozilla/5.0 (compatible; Googlebot/2.1; +http://www.google.com/bot.html)"
66.249.78.236 - - [05/Jun/2014:01:13:41 +0200] "GET /include.php?path=content&mode=vote&contentid=118&type=4&content_vote=2&action=Go&nid=21 HTTP/1.1" 404 1256 "-" "Mozilla/5.0 (compatible; Googlebot/2.1; +http://www.google.com/bot.html)"
37.58.100.73 - - [05/Jun/2014:01:14:02 +0200] "GET /robots.txt HTTP/1.1" 404 1256 "-" "Mozilla/5.0 (compatible; AhrefsBot/5.0; +http://ahrefs.com/robot/)"
66.249.78.236 - - [05/Jun/2014:01:22:35 +0200] "GET /include.php?path=contentarchive&type=3&contentid=34&nid=32 HTTP/1.1" 404 1256 "-" "Mozilla/5.0 (compatible; Googlebot/2.1; +http://www.google.com/bot.html)"
66.249.78.236 - - [05/Jun/2014:01:27:02 +0200] "GET /include.php?path=contentarchive&type=4&catid=7&letter=J&entries=0&searchtext=&order=date&nid=4 HTTP/1.1" 404 1256 "-" "Mozilla/5.0 (compatible; Googlebot/2.1; +http://www.google.com/bot.html)"
66.249.78.236 - - [05/Jun/2014:01:31:28 +0200] "GET /include.php?path=content&mode=vote&contentid=102&type=1&content_vote=10&action=Go HTTP/1.1" 404 1256 "-" "Mozilla/5.0 (compatible; Googlebot/2.1; +http://www.google.com/bot.html)"
66.249.78.236 - - [05/Jun/2014:02:25:19 +0200] "GET /include.php?path=contentarchive&type=4&letter=R&catid=8&themeid=0&searchtext=&entries=0&order=titled&nid=32 HTTP/1.1" 404 1256 "-" "Mozilla/5.0 (compatible; Googlebot/2.1; +http://www.google.com/bot.html)"
66.249.78.236 - - [05/Jun/2014:02:29:49 +0200] "GET /include.php?path=contact&mode=suggest&suggest_path=path%3Ddownload%26contentid%3D63&nid=19 HTTP/1.1" 404 1256 "-" "Mozilla/5.0 (compatible; Googlebot/2.1; +http://www.google.com/bot.html)"
208.115.111.69 - - [05/Jun/2014:02:39:29 +0200] "GET /robots.txt HTTP/1.1" 404 1256 "-" "Mozilla/5.0 (compatible; DotBot/1.1; http://www.opensiteexplorer.org/dotbot, help@moz.com)"
66.249.78.236 - - [05/Jun/2014:02:43:19 +0200] "GET /include.php?path=contentarchive&type=4&catid=1&letter=I&entries=0&searchtext=&order=dated&nid=4 HTTP/1.1" 404 1256 "-" "Mozilla/5.0 (compatible; Googlebot/2.1; +http://www.google.com/bot.html)"
66.249.78.236 - - [05/Jun/2014:02:47:49 +0200] "GET /include.php?path=contentarchive&type=4&catid=8&letter=P&entries=0&searchtext=&order=dated&nid=19 HTTP/1.1" 404 1256 "-" "Mozilla/5.0 (compatible; Googlebot/2.1; +http://www.google.com/bot.html)"
66.249.78.236 - - [05/Jun/2014:02:52:19 +0200] "GET /include.php?path=contentarchive&type=1&catid=10&letter=S&entries=0&searchtext=&order=dated&nid=19 HTTP/1.1" 404 1256 "-" "Mozilla/5.0 (compatible; Googlebot/2.1; +http://www.google.com/bot.html)"
