93.220.245.207 - - [01/Jul/2013:03:47:06 +0200] "GET / HTTP/1.1" 302 - "-" "Mozilla/5.0 Gecko/2009042316 Firefox/3.x"
217.230.147.148 - - [01/Jul/2013:06:12:58 +0200] "GET / HTTP/1.1" 302 - "http://www.bigfinder.de/online-11.html" "Mozilla/4.0 (compatible; MSIE 8.0; Windows NT 5.1; Trident/4.0; FBSMTWB; ATC/1.0; .NET CLR 1.1.4322; ATC/1.0; .NET CLR 2.0.50727; .NET CLR 3.0.4506.2152; .NET CLR 3.5.30729)"
80.187.106.32 - - [01/Jul/2013:11:01:48 +0200] "GET / HTTP/1.1" 302 - "-" "Mozilla/5.0 (iPhone; CPU iPhone OS 6_1_4 like Mac OS X) AppleWebKit/536.26 (KHTML, like Gecko) Version/6.0 Mobile/10B350 Safari/8536.25"
89.247.57.48 - - [01/Jul/2013:12:31:18 +0200] "GET / HTTP/1.1" 302 - "-" "Mozilla/5.0 (Windows NT 6.0; rv:21.0) Gecko/20100101 Firefox/21.0"
79.218.72.129 - - [01/Jul/2013:13:13:34 +0200] "GET / HTTP/1.1" 302 - "http://schulweb.bbf.dipf.de/de/schulsuche/liste.html?trefferzahlauswahl=32&x=10&y=9&kategorie=®ion=de&auswahl_1=5&auswahl_2=5&auswahl_3=0&suchtext=" "Mozilla/5.0 (Windows NT 6.1; WOW64; rv:21.0) Gecko/20100101 Firefox/21.0"
66.249.75.9 - - [01/Jul/2013:13:47:13 +0200] "GET /robots.txt HTTP/1.1" 404 1256 "-" "Mozilla/5.0 (compatible; Googlebot/2.1; +http://www.google.com/bot.html)"
66.249.75.9 - - [01/Jul/2013:13:47:13 +0200] "GET / HTTP/1.1" 302 - "-" "Mozilla/5.0 (compatible; Googlebot/2.1; +http://www.google.com/bot.html)"
130.83.167.153 - - [01/Jul/2013:16:12:45 +0200] "GET / HTTP/1.1" 302 - "-" "findlinks/2.6 (+http://wortschatz.uni-leipzig.de/findlinks/)"
5.9.20.44 - - [01/Jul/2013:18:38:08 +0200] "GET / HTTP/1.1" 302 - "-" "Mozilla/5.0 (X11; Ubuntu; Linux x86_64; rv:15.0) Gecko/20100101 Firefox/15.0.1"
5.9.20.44 - - [01/Jul/2013:18:38:15 +0200] "GET / HTTP/1.1" 302 - "-" "Mozilla/5.0 (X11; Ubuntu; Linux x86_64; rv:15.0) Gecko/20100101 Firefox/15.0.1"
5.9.20.44 - - [01/Jul/2013:18:38:19 +0200] "GET / HTTP/1.1" 302 - "-" "Mozilla/5.0 (X11; Ubuntu; Linux x86_64; rv:15.0) Gecko/20100101 Firefox/15.0.1"
5.9.20.44 - - [01/Jul/2013:18:38:20 +0200] "GET / HTTP/1.1" 302 - "-" "Mozilla/5.0 (X11; Ubuntu; Linux x86_64; rv:15.0) Gecko/20100101 Firefox/15.0.1"
5.9.20.44 - - [01/Jul/2013:18:38:25 +0200] "GET / HTTP/1.1" 302 - "-" "Mozilla/5.0 (X11; Ubuntu; Linux x86_64; rv:15.0) Gecko/20100101 Firefox/15.0.1"
66.249.78.115 - - [01/Jul/2013:19:30:07 +0200] "GET /robots.txt HTTP/1.1" 404 1256 "-" "Mozilla/5.0 (compatible; Googlebot/2.1; +http://www.google.com/bot.html)"
144.76.42.76 - - [01/Jul/2013:21:33:16 +0200] "GET /robots.txt HTTP/1.1" 404 1256 "-" "Java/1.7.0_21"
217.230.151.84 - - [02/Jul/2013:03:41:29 +0200] "GET / HTTP/1.1" 302 - "http://www.bigfinder.de/online-11.html" "Mozilla/4.0 (compatible; MSIE 8.0; Windows NT 6.1; Trident/4.0; SLCC2; .NET CLR 2.0.50727; .NET CLR 3.5.30729; .NET CLR 3.0.30729; Media Center PC 6.0)"
93.228.76.52 - - [02/Jul/2013:03:49:54 +0200] "GET / HTTP/1.1" 302 - "-" "Mozilla/4.0 (compatible; MSIE 8.0; Windows NT 6.0; .NET CLR 1.1.4322; .NET CLR 2.0.50727)"
217.231.191.74 - - [02/Jul/2013:10:40:23 +0200] "GET / HTTP/1.1" 302 - "http://www.stayfriends.de/j/ViewController?action=spInfoView&scid=106649&scartid=30&affiliationid=4398610&crc=5153200" "Mozilla/5.0 (Windows NT 6.2; WOW64; rv:21.0) Gecko/20100101 Firefox/21.0"
141.8.147.12 - - [02/Jul/2013:11:54:26 +0200] "GET /robots.txt HTTP/1.1" 404 1256 "-" "Mozilla/5.0 (compatible; YandexBot/3.0; +http://yandex.com/bots)"
141.8.147.12 - - [02/Jul/2013:11:54:28 +0200] "GET / HTTP/1.1" 302 - "-" "Mozilla/5.0 (compatible; YandexBot/3.0; +http://yandex.com/bots)"
84.168.58.58 - - [02/Jul/2013:14:43:13 +0200] "GET / HTTP/1.1" 302 - "http://domino2.berufsschulen.de/db/berufsschulen.nsf/Berlin?OpenView" "Mozilla/5.0 (Macintosh; U; Intel Mac OS X 10_6_6; de-de) AppleWebKit/533.19.4 (KHTML, like Gecko) Version/5.0.3 Safari/533.19.4"
84.168.58.58 - - [02/Jul/2013:14:43:29 +0200] "GET / HTTP/1.1" 302 - "http://domino2.berufsschulen.de/db/berufsschulen.nsf/Berlin?OpenView" "Mozilla/5.0 (Macintosh; U; Intel Mac OS X 10_6_6; de-de) AppleWebKit/533.19.4 (KHTML, like Gecko) Version/5.0.3 Safari/533.19.4"
176.9.48.201 - - [02/Jul/2013:15:49:08 +0200] "GET /robots.txt HTTP/1.1" 404 1256 "-" "Mozilla/5.0 (X11; Ubuntu; Linux x86_64; rv:15.0) Gecko/20100101 Firefox/15.0.1"
176.9.48.201 - - [02/Jul/2013:15:49:08 +0200] "GET / HTTP/1.1" 302 - "-" "Mozilla/5.0 (X11; Ubuntu; Linux x86_64; rv:15.0) Gecko/20100101 Firefox/15.0.1"
176.9.48.201 - - [02/Jul/2013:15:49:10 +0200] "GET / HTTP/1.1" 302 - "-" "Mozilla/5.0 (X11; Ubuntu; Linux x86_64; rv:15.0) Gecko/20100101 Firefox/15.0.1"
176.9.48.201 - - [02/Jul/2013:15:49:11 +0200] "GET / HTTP/1.1" 302 - "-" "Mozilla/5.0 (X11; Ubuntu; Linux x86_64; rv:15.0) Gecko/20100101 Firefox/15.0.1"
176.9.48.201 - - [02/Jul/2013:15:49:12 +0200] "GET / HTTP/1.1" 302 - "-" "Mozilla/5.0 (X11; Ubuntu; Linux x86_64; rv:15.0) Gecko/20100101 Firefox/15.0.1"
176.9.48.201 - - [02/Jul/2013:15:49:22 +0200] "GET / HTTP/1.1" 302 - "-" "Mozilla/5.0 (X11; Ubuntu; Linux x86_64; rv:15.0) Gecko/20100101 Firefox/15.0.1"
84.126.252.167 - - [02/Jul/2013:16:11:44 +0200] "GET / HTTP/1.1" 302 - "-" "Java/1.7.0_25"
84.126.252.167 - - [02/Jul/2013:16:11:46 +0200] "GET /fls_1_aktuelles.php HTTP/1.1" 404 1256 "-" "Java/1.7.0_25"
84.126.252.167 - - [02/Jul/2013:16:11:46 +0200] "GET /fls_2_fremdsprachensekr.php HTTP/1.1" 404 1256 "-" "Java/1.7.0_25"
84.126.252.167 - - [02/Jul/2013:16:11:48 +0200] "GET /fls_3_fls_international.php HTTP/1.1" 404 1256 "-" "Java/1.7.0_25"
84.126.252.167 - - [02/Jul/2013:16:11:48 +0200] "GET /fls_4_faq.php HTTP/1.1" 404 1256 "-" "Java/1.7.0_25"
84.126.252.167 - - [02/Jul/2013:16:11:48 +0200] "GET /fls_4_impressum.php HTTP/1.1" 404 1256 "-" "Java/1.7.0_25"
84.126.252.167 - - [02/Jul/2013:16:11:48 +0200] "GET /fls_4_kontakt_anmeldung.php HTTP/1.1" 404 1256 "-" "Java/1.7.0_25"
84.126.252.167 - - [02/Jul/2013:16:11:49 +0200] "GET /index.php HTTP/1.1" 302 - "-" "Java/1.7.0_25"
84.126.252.167 - - [02/Jul/2013:16:11:51 +0200] "GET /index_en.php HTTP/1.1" 404 1256 "-" "Java/1.7.0_25"
84.126.252.167 - - [02/Jul/2013:16:11:52 +0200] "GET /index_fr.php HTTP/1.1" 404 1256 "-" "Java/1.7.0_25"
84.126.252.167 - - [02/Jul/2013:16:11:52 +0200] "GET /index_sp.php HTTP/1.1" 404 1256 "-" "Java/1.7.0_25"
84.126.252.167 - - [02/Jul/2013:16:11:54 +0200] "GET /ddlevelsfiles/ddlevelsmenu.js HTTP/1.1" 404 1256 "-" "Java/1.7.0_25"
84.126.252.167 - - [02/Jul/2013:16:11:54 +0200] "GET /js/lightwindow.js HTTP/1.1" 404 1256 "-" "Java/1.7.0_25"
84.126.252.167 - - [02/Jul/2013:16:11:54 +0200] "GET /js/prototype.js HTTP/1.1" 404 1256 "-" "Java/1.7.0_25"
84.126.252.167 - - [02/Jul/2013:16:11:54 +0200] "GET /js/scriptaculous.js?load=effects HTTP/1.1" 404 1256 "-" "Java/1.7.0_25"
178.63.62.19 - - [02/Jul/2013:18:50:45 +0200] "GET /robots.txt HTTP/1.1" 404 1256 "-" "Mozilla/4.0 (compatible; MSIE 6.0; Windows NT 5.1; SV1; .NET CLR 1.1.4322)"
178.63.62.19 - - [02/Jul/2013:18:50:45 +0200] "GET / HTTP/1.1" 302 - "-" "Mozilla/4.0 (compatible; MSIE 6.0; Windows NT 5.1; SV1; .NET CLR 1.1.4322)"
217.230.151.84 - - [02/Jul/2013:19:15:01 +0200] "GET / HTTP/1.1" 302 - "http://www.bigfinder.de/online-11.html" "T-Online Browser"
139.18.2.209 - - [02/Jul/2013:22:49:50 +0200] "GET /robots.txt HTTP/1.1" 404 1256 "-" "findlinks/2.6 (+http://wortschatz.uni-leipzig.de/findlinks/)"
178.77.126.55 - - [03/Jul/2013:04:34:51 +0200] "GET /robots.txt HTTP/1.1" 404 1256 "-" "Mozilla/5.0 (compatible; CareerBot/1.1; +http://www.career-x.de/bot.html)"
178.77.126.55 - - [03/Jul/2013:04:34:51 +0200] "GET / HTTP/1.1" 302 - "-" "Mozilla/5.0 (compatible; CareerBot/1.1; +http://www.career-x.de/bot.html)"
85.25.120.69 - - [03/Jul/2013:05:49:14 +0200] "GET /robots.txt HTTP/1.1" 404 1256 "-" "Mozilla/5.0 (X11; U; Linux i686; de; rv:1.9.0.1; compatible; iCjobs Stellenangebote Jobs; http://www.icjobs.de) Gecko/20100401 iCjobs/3.2.3"
85.25.120.69 - - [03/Jul/2013:05:49:14 +0200] "GET / HTTP/1.1" 302 - "-" "Mozilla/5.0 (X11; U; Linux i686; de; rv:1.9.0.1; compatible; iCjobs Stellenangebote Jobs; http://www.icjobs.de) Gecko/20100401 iCjobs/3.2.3"
85.25.120.69 - - [03/Jul/2013:05:49:15 +0200] "GET / HTTP/1.1" 302 - "-" "Mozilla/5.0 (X11; U; Linux i686; de; rv:1.9.0.1; compatible; iCjobs Stellenangebote Jobs; http://www.icjobs.de) Gecko/20100401 iCjobs/3.2.3"
5.9.27.74 - - [03/Jul/2013:08:35:38 +0200] "GET /robots.txt HTTP/1.1" 404 1256 "-" "Mozilla/5.0 (compatible; SISTRIX Crawler; http://crawler.sistrix.net/)"
5.9.27.74 - - [03/Jul/2013:08:35:38 +0200] "GET / HTTP/1.1" 302 - "-" "Mozilla/5.0 (compatible; SISTRIX Crawler; http://crawler.sistrix.net/)"
85.114.142.245 - - [03/Jul/2013:09:07:09 +0200] "GET / HTTP/1.1" 302 - "-" "findlinks/2.6 (+http://wortschatz.uni-leipzig.de/findlinks/)"
157.56.92.162 - - [03/Jul/2013:12:43:48 +0200] "GET /robots.txt HTTP/1.1" 404 1256 "-" "Mozilla/5.0 (compatible; bingbot/2.0; +http://www.bing.com/bingbot.htm)"
157.56.92.162 - - [03/Jul/2013:12:45:44 +0200] "GET / HTTP/1.1" 302 - "-" "Mozilla/5.0 (compatible; bingbot/2.0; +http://www.bing.com/bingbot.htm)"
85.25.120.73 - - [03/Jul/2013:13:18:38 +0200] "GET / HTTP/1.1" 302 - "-" "Mozilla/5.0 (X11; U; Linux i686; en-US; rv:1.9.0.1) Gecko/2008070206 Firefox/3.0.1"
188.165.195.156 - - [03/Jul/2013:20:03:27 +0200] "HEAD / HTTP/1.1" 302 - "-" "Mozilla/4.0 (compatible; MSIE 5.01; Windows NT 5.0)"
217.69.133.67 - - [03/Jul/2013:21:55:45 +0200] "GET /robots.txt HTTP/1.0" 404 1256 "-" "Mozilla/5.0 (compatible; Linux x86_64; Mail.RU_Bot/2.0; +http://go.mail.ru/help/robots)"
157.56.92.162 - - [04/Jul/2013:00:33:24 +0200] "GET /robots.txt HTTP/1.1" 404 1256 "-" "Mozilla/5.0 (compatible; bingbot/2.0; +http://www.bing.com/bingbot.htm)"
157.56.92.162 - - [04/Jul/2013:00:38:30 +0200] "GET / HTTP/1.1" 302 - "-" "Mozilla/5.0 (compatible; bingbot/2.0; +http://www.bing.com/bingbot.htm)"
157.56.92.162 - - [04/Jul/2013:00:38:30 +0200] "GET / HTTP/1.1" 302 - "-" "Mozilla/5.0 (compatible; bingbot/2.0; +http://www.bing.com/bingbot.htm)"
46.19.36.40 - - [04/Jul/2013:00:57:03 +0200] "GET / HTTP/1.1" 302 - "-" "libwww-perl/6.05"
144.76.42.76 - - [04/Jul/2013:07:23:18 +0200] "GET / HTTP/1.1" 302 - "-" "Mozilla/5.0 (Unknown; Linux x86_64) AppleWebKit/534.34 (KHTML, like Gecko) PhantomJS/1.9.1 Safari/534.34"
173.199.116.227 - - [04/Jul/2013:10:22:30 +0200] "GET / HTTP/1.1" 302 - "-" "Mozilla/5.0 (compatible; AhrefsBot/4.0; +http://ahrefs.com/robot/)"
157.56.92.162 - - [04/Jul/2013:11:07:16 +0200] "GET /robots.txt HTTP/1.1" 404 1256 "-" "Mozilla/5.0 (compatible; bingbot/2.0; +http://www.bing.com/bingbot.htm)"
157.56.92.162 - - [04/Jul/2013:11:10:17 +0200] "GET / HTTP/1.1" 302 - "-" "Mozilla/5.0 (compatible; bingbot/2.0; +http://www.bing.com/bingbot.htm)"
217.69.133.67 - - [04/Jul/2013:12:53:54 +0200] "GET /robots.txt HTTP/1.0" 404 1256 "-" "Mozilla/5.0 (compatible; Linux x86_64; Mail.RU_Bot/2.0; +http://go.mail.ru/help/robots)"
91.61.88.133 - - [04/Jul/2013:14:09:00 +0200] "GET / HTTP/1.1" 302 - "-" "Mozilla/5.0 /Windows; U; Windows NT 6.1; de; rv:1.9.1.5) Gecko/20091102 Firefox/3.5.5"
85.25.134.59 - - [04/Jul/2013:18:34:01 +0200] "GET /robots.txt HTTP/1.1" 404 1256 "http://netcomber.com" "NCBot (http://netcomber.com : tool for finding true domain owners) Queries/complaints: bot@netcomber.com"
85.25.134.59 - - [04/Jul/2013:18:34:01 +0200] "GET / HTTP/1.1" 302 - "http://netcomber.com" "NCBot (http://netcomber.com : tool for finding true domain owners) Queries/complaints: bot@netcomber.com"
93.220.245.202 - - [04/Jul/2013:18:44:55 +0200] "GET / HTTP/1.1" 302 - "-" "Mozilla/4.0 (compatible; MSIE 7.0; Windows NT 6.0; WOW64; SLCC1; .NET CLR 2.0.50727; .NET CLR 3.0.04320)"
157.56.92.162 - - [04/Jul/2013:23:07:11 +0200] "GET /robots.txt HTTP/1.1" 404 1256 "-" "Mozilla/5.0 (compatible; bingbot/2.0; +http://www.bing.com/bingbot.htm)"
157.56.92.162 - - [04/Jul/2013:23:41:53 +0200] "GET / HTTP/1.1" 302 - "-" "Mozilla/5.0 (compatible; bingbot/2.0; +http://www.bing.com/bingbot.htm)"
157.56.92.162 - - [05/Jul/2013:00:22:04 +0200] "GET /robots.txt HTTP/1.1" 404 1256 "-" "Mozilla/5.0 (compatible; bingbot/2.0; +http://www.bing.com/bingbot.htm)"
157.56.92.162 - - [05/Jul/2013:00:32:43 +0200] "GET / HTTP/1.1" 302 - "-" "Mozilla/5.0 (compatible; bingbot/2.0; +http://www.bing.com/bingbot.htm)"
193.175.194.33 - - [05/Jul/2013:02:22:41 +0200] "GET / HTTP/1.1" 302 - "-" "Bildungsserver-Linkchecker DBS 0.9 (http://www.bildungsserver.de)"
157.56.92.162 - - [05/Jul/2013:03:48:57 +0200] "GET /robots.txt HTTP/1.1" 404 1256 "-" "Mozilla/5.0 (compatible; bingbot/2.0; +http://www.bing.com/bingbot.htm)"
157.56.92.162 - - [05/Jul/2013:04:07:44 +0200] "GET / HTTP/1.1" 302 - "-" "Mozilla/5.0 (compatible; bingbot/2.0; +http://www.bing.com/bingbot.htm)"
141.8.147.12 - - [05/Jul/2013:05:34:14 +0200] "GET /robots.txt HTTP/1.1" 404 1256 "-" "Mozilla/5.0 (compatible; YandexBot/3.0; +http://yandex.com/bots)"
141.8.147.12 - - [05/Jul/2013:05:34:17 +0200] "GET / HTTP/1.1" 302 - "-" "Mozilla/5.0 (compatible; YandexBot/3.0; +http://yandex.com/bots)"
157.56.92.162 - - [05/Jul/2013:11:39:54 +0200] "GET /robots.txt HTTP/1.1" 404 1256 "-" "Mozilla/5.0 (compatible; bingbot/2.0; +http://www.bing.com/bingbot.htm)"
157.56.92.162 - - [05/Jul/2013:11:50:58 +0200] "GET / HTTP/1.1" 302 - "-" "Mozilla/5.0 (compatible; bingbot/2.0; +http://www.bing.com/bingbot.htm)"
141.15.33.1 - - [05/Jul/2013:15:28:56 +0200] "GET / HTTP/1.1" 302 - "http://www.berlin.de/sen/bildung/schulverzeichnis_und_portraets/anwendung/(nwzvlpfponaiv4itislxpwih)/Schulportrait.aspx?IDSchulzweig=11652" "Mozilla/5.0 (Windows NT 5.1; rv:22.0) Gecko/20100101 Firefox/22.0"
176.9.48.201 - - [05/Jul/2013:19:55:07 +0200] "GET /robots.txt HTTP/1.1" 404 1256 "-" "Mozilla/5.0 (X11; Ubuntu; Linux x86_64; rv:15.0) Gecko/20100101 Firefox/15.0.1"
176.9.48.201 - - [05/Jul/2013:19:55:07 +0200] "GET / HTTP/1.1" 302 - "-" "Mozilla/5.0 (X11; Ubuntu; Linux x86_64; rv:15.0) Gecko/20100101 Firefox/15.0.1"
176.9.48.201 - - [05/Jul/2013:19:55:16 +0200] "GET / HTTP/1.1" 302 - "-" "Mozilla/5.0 (X11; Ubuntu; Linux x86_64; rv:15.0) Gecko/20100101 Firefox/15.0.1"
176.9.48.201 - - [05/Jul/2013:19:55:25 +0200] "GET / HTTP/1.1" 302 - "-" "Mozilla/5.0 (X11; Ubuntu; Linux x86_64; rv:15.0) Gecko/20100101 Firefox/15.0.1"
176.9.48.201 - - [05/Jul/2013:19:55:31 +0200] "GET / HTTP/1.1" 302 - "-" "Mozilla/5.0 (X11; Ubuntu; Linux x86_64; rv:15.0) Gecko/20100101 Firefox/15.0.1"
176.9.48.201 - - [05/Jul/2013:19:55:39 +0200] "GET / HTTP/1.1" 302 - "-" "Mozilla/5.0 (X11; Ubuntu; Linux x86_64; rv:15.0) Gecko/20100101 Firefox/15.0.1"
93.220.241.231 - - [05/Jul/2013:20:23:40 +0200] "GET / HTTP/1.1" 302 - "-" "Mozilla/4.0 (compatible; MSIE 8.0; Windows NT 6.0; .NET CLR 1.1.4322; .NET CLR 2.0.50727)"
157.56.92.162 - - [05/Jul/2013:22:33:10 +0200] "GET /robots.txt HTTP/1.1" 404 1256 "-" "Mozilla/5.0 (compatible; bingbot/2.0; +http://www.bing.com/bingbot.htm)"
157.56.92.162 - - [05/Jul/2013:22:49:05 +0200] "GET / HTTP/1.1" 302 - "-" "Mozilla/5.0 (compatible; bingbot/2.0; +http://www.bing.com/bingbot.htm)"
178.77.126.55 - - [06/Jul/2013:03:32:29 +0200] "GET /robots.txt HTTP/1.1" 404 1256 "-" "Mozilla/5.0 (compatible; CareerBot/1.1; +http://www.career-x.de/bot.html)"
178.77.126.55 - - [06/Jul/2013:03:32:29 +0200] "GET / HTTP/1.1" 302 - "-" "Mozilla/5.0 (compatible; CareerBot/1.1; +http://www.career-x.de/bot.html)"
77.162.147.231 - - [06/Jul/2013:05:23:49 +0200] "GET / HTTP/1.1" 302 - "-" "Java/1.7.0_01"
77.162.147.231 - - [06/Jul/2013:05:23:50 +0200] "GET /fls_1_aktuelles.php HTTP/1.1" 404 1256 "-" "Java/1.7.0_01"
77.162.147.231 - - [06/Jul/2013:05:23:51 +0200] "GET /fls_2_fremdsprachensekr.php HTTP/1.1" 404 1256 "-" "Java/1.7.0_01"
77.162.147.231 - - [06/Jul/2013:05:23:51 +0200] "GET /fls_3_fls_international.php HTTP/1.1" 404 1256 "-" "Java/1.7.0_01"
77.162.147.231 - - [06/Jul/2013:05:23:51 +0200] "GET /fls_4_faq.php HTTP/1.1" 404 1256 "-" "Java/1.7.0_01"
77.162.147.231 - - [06/Jul/2013:05:23:52 +0200] "GET /fls_4_impressum.php HTTP/1.1" 404 1256 "-" "Java/1.7.0_01"
77.162.147.231 - - [06/Jul/2013:05:23:52 +0200] "GET /fls_4_kontakt_anmeldung.php HTTP/1.1" 404 1256 "-" "Java/1.7.0_01"
77.162.147.231 - - [06/Jul/2013:05:23:52 +0200] "GET /index.php HTTP/1.1" 302 - "-" "Java/1.7.0_01"
77.162.147.231 - - [06/Jul/2013:05:23:53 +0200] "GET /index_en.php HTTP/1.1" 404 1256 "-" "Java/1.7.0_01"
77.162.147.231 - - [06/Jul/2013:05:23:54 +0200] "GET /index_fr.php HTTP/1.1" 404 1256 "-" "Java/1.7.0_01"
77.162.147.231 - - [06/Jul/2013:05:23:54 +0200] "GET /index_sp.php HTTP/1.1" 404 1256 "-" "Java/1.7.0_01"
77.162.147.231 - - [06/Jul/2013:05:23:54 +0200] "GET /ddlevelsfiles/ddlevelsmenu.js HTTP/1.1" 404 1256 "-" "Java/1.7.0_01"
77.162.147.231 - - [06/Jul/2013:05:23:54 +0200] "GET /js/lightwindow.js HTTP/1.1" 404 1256 "-" "Java/1.7.0_01"
77.162.147.231 - - [06/Jul/2013:05:23:54 +0200] "GET /js/prototype.js HTTP/1.1" 404 1256 "-" "Java/1.7.0_01"
77.162.147.231 - - [06/Jul/2013:05:23:54 +0200] "GET /js/scriptaculous.js?load=effects HTTP/1.1" 404 1256 "-" "Java/1.7.0_01"
173.254.216.67 - - [06/Jul/2013:05:30:29 +0200] "GET / HTTP/1.0" 302 - "http://www.sitedossier.com/site/www.friedrich-list-berlin.de" "-"
130.83.167.153 - - [06/Jul/2013:05:46:32 +0200] "GET /robots.txt HTTP/1.1" 404 1256 "-" "findlinks/2.6 (+http://wortschatz.uni-leipzig.de/findlinks/)"
157.56.92.162 - - [06/Jul/2013:09:57:34 +0200] "GET /robots.txt HTTP/1.1" 404 1256 "-" "Mozilla/5.0 (compatible; bingbot/2.0; +http://www.bing.com/bingbot.htm)"
157.56.92.162 - - [06/Jul/2013:09:58:24 +0200] "GET / HTTP/1.1" 302 - "-" "Mozilla/5.0 (compatible; bingbot/2.0; +http://www.bing.com/bingbot.htm)"
157.56.92.162 - - [06/Jul/2013:20:25:22 +0200] "GET /robots.txt HTTP/1.1" 404 1256 "-" "Mozilla/5.0 (compatible; bingbot/2.0; +http://www.bing.com/bingbot.htm)"
157.56.92.162 - - [06/Jul/2013:20:26:31 +0200] "GET / HTTP/1.1" 302 - "-" "Mozilla/5.0 (compatible; bingbot/2.0; +http://www.bing.com/bingbot.htm)"
66.249.78.115 - - [07/Jul/2013:01:49:54 +0200] "GET /robots.txt HTTP/1.1" 404 1256 "-" "Mozilla/5.0 (compatible; Googlebot/2.1; +http://www.google.com/bot.html)"
66.249.78.115 - - [07/Jul/2013:01:49:54 +0200] "GET / HTTP/1.1" 302 - "-" "Mozilla/5.0 (compatible; Googlebot/2.1; +http://www.google.com/bot.html)"
141.8.147.12 - - [07/Jul/2013:02:39:14 +0200] "GET /robots.txt HTTP/1.1" 404 1256 "-" "Mozilla/5.0 (compatible; YandexBot/3.0; +http://yandex.com/bots)"
141.8.147.12 - - [07/Jul/2013:02:39:16 +0200] "GET / HTTP/1.1" 302 - "-" "Mozilla/5.0 (compatible; YandexBot/3.0; +http://yandex.com/bots)"
157.56.92.162 - - [07/Jul/2013:07:41:50 +0200] "GET /robots.txt HTTP/1.1" 404 1256 "-" "Mozilla/5.0 (compatible; bingbot/2.0; +http://www.bing.com/bingbot.htm)"
157.56.92.162 - - [07/Jul/2013:07:46:24 +0200] "GET / HTTP/1.1" 302 - "-" "Mozilla/5.0 (compatible; bingbot/2.0; +http://www.bing.com/bingbot.htm)"
130.83.167.153 - - [07/Jul/2013:08:36:35 +0200] "GET / HTTP/1.1" 302 - "-" "findlinks/2.6 (+http://wortschatz.uni-leipzig.de/findlinks/)"
66.249.78.115 - - [07/Jul/2013:09:15:11 +0200] "GET / HTTP/1.1" 302 - "-" "Mozilla/5.0 (iPhone; U; CPU iPhone OS 4_1 like Mac OS X; en-us) AppleWebKit/532.9 (KHTML, like Gecko) Version/4.0.5 Mobile/8B117 Safari/6531.22.7 (compatible; Googlebot-Mobile/2.1; +http://www.google.com/bot.html)"
85.25.71.116 - - [08/Jul/2013:04:40:21 +0200] "GET /robots.txt HTTP/1.1" 404 1256 "-" "Mozilla/5.0 (X11; U; Linux i686; de; rv:1.9.0.1; compatible; iCjobs Stellenangebote Jobs; http://www.icjobs.de) Gecko/20100401 iCjobs/3.2.3"
85.25.71.116 - - [08/Jul/2013:04:40:21 +0200] "GET / HTTP/1.1" 302 - "-" "Mozilla/5.0 (X11; U; Linux i686; de; rv:1.9.0.1; compatible; iCjobs Stellenangebote Jobs; http://www.icjobs.de) Gecko/20100401 iCjobs/3.2.3"
85.25.71.116 - - [08/Jul/2013:04:40:22 +0200] "GET / HTTP/1.1" 302 - "-" "Mozilla/5.0 (X11; U; Linux i686; de; rv:1.9.0.1; compatible; iCjobs Stellenangebote Jobs; http://www.icjobs.de) Gecko/20100401 iCjobs/3.2.3"
93.220.213.207 - - [08/Jul/2013:06:43:40 +0200] "GET / HTTP/1.1" 302 - "-" "Mozilla/4.0 (compatible; MSIE 8.0; Windows NT 6.0; .NET CLR 1.1.4322; .NET CLR 1.0.3705; .NET CLR 2.0.50727; .NET CLR 3.0.04506.30; .NET CLR 3.0.04506.648; .NET CLR 3.5.21022)"
85.179.78.132 - - [08/Jul/2013:12:33:37 +0200] "GET / HTTP/1.1" 302 - "http://www.berlin.de/sen/bildung/schulverzeichnis_und_portraets/anwendung/Schulportrait.aspx?IDSchulzweig=11652" "Mozilla/5.0 (Windows NT 6.0; rv:22.0) Gecko/20100101 Firefox/22.0"
79.49.180.223 - - [08/Jul/2013:13:51:30 +0200] "GET / HTTP/1.1" 302 - "-" "Java/1.4.1_04"
79.49.180.223 - - [08/Jul/2013:13:51:32 +0200] "GET /fls_1_aktuelles.php HTTP/1.1" 404 1256 "-" "Java/1.4.1_04"
79.49.180.223 - - [08/Jul/2013:13:51:32 +0200] "GET /fls_2_fremdsprachensekr.php HTTP/1.1" 404 1256 "-" "Java/1.4.1_04"
79.49.180.223 - - [08/Jul/2013:13:51:33 +0200] "GET /fls_3_fls_international.php HTTP/1.1" 404 1256 "-" "Java/1.4.1_04"
79.49.180.223 - - [08/Jul/2013:13:51:33 +0200] "GET /fls_4_faq.php HTTP/1.1" 404 1256 "-" "Java/1.4.1_04"
79.49.180.223 - - [08/Jul/2013:13:51:34 +0200] "GET /fls_4_impressum.php HTTP/1.1" 404 1256 "-" "Java/1.4.1_04"
79.49.180.223 - - [08/Jul/2013:13:51:34 +0200] "GET /fls_4_kontakt_anmeldung.php HTTP/1.1" 404 1256 "-" "Java/1.4.1_04"
79.49.180.223 - - [08/Jul/2013:13:51:35 +0200] "GET /index.php HTTP/1.1" 302 - "-" "Java/1.4.1_04"
79.49.180.223 - - [08/Jul/2013:13:51:38 +0200] "GET /index_en.php HTTP/1.1" 404 1256 "-" "Java/1.4.1_04"
79.49.180.223 - - [08/Jul/2013:13:51:38 +0200] "GET /index_fr.php HTTP/1.1" 404 1256 "-" "Java/1.4.1_04"
79.49.180.223 - - [08/Jul/2013:13:51:38 +0200] "GET /index_sp.php HTTP/1.1" 404 1256 "-" "Java/1.4.1_04"
79.49.180.223 - - [08/Jul/2013:13:51:39 +0200] "GET /ddlevelsfiles/ddlevelsmenu.js HTTP/1.1" 404 1256 "-" "Java/1.4.1_04"
79.49.180.223 - - [08/Jul/2013:13:51:40 +0200] "GET /js/lightwindow.js HTTP/1.1" 404 1256 "-" "Java/1.4.1_04"
79.49.180.223 - - [08/Jul/2013:13:51:41 +0200] "GET /js/prototype.js HTTP/1.1" 404 1256 "-" "Java/1.4.1_04"
79.49.180.223 - - [08/Jul/2013:13:51:42 +0200] "GET /js/scriptaculous.js?load=effects HTTP/1.1" 404 1256 "-" "Java/1.4.1_04"
84.157.114.174 - - [08/Jul/2013:14:14:17 +0200] "GET / HTTP/1.1" 302 - "http://www.schulweb.de/de/schulsuche/liste.html?kategorie=&sprache=®ion=de&list_anfang=144&trefferzahlauswahl=16&auswahl_1=5&auswahl_2=&auswahl_3=&suchtext=&zeigen2=&sort=" "Mozilla/5.0 (Windows NT 6.1; WOW64; rv:22.0) Gecko/20100101 Firefox/22.0"
50.19.21.174 - - [08/Jul/2013:15:45:11 +0200] "GET / HTTP/1.0" 302 - "-" "Mozilla/5.0 (compatible; NetcraftSurveyAgent/1.0; +info@netcraft.com)"
66.249.78.115 - - [08/Jul/2013:20:56:09 +0200] "GET /robots.txt HTTP/1.1" 404 1256 "-" "Mozilla/5.0 (compatible; Googlebot/2.1; +http://www.google.com/bot.html)"
66.249.78.115 - - [08/Jul/2013:20:56:09 +0200] "GET / HTTP/1.1" 302 - "-" "SAMSUNG-SGH-E250/1.0 Profile/MIDP-2.0 Configuration/CLDC-1.1 UP.Browser/6.2.3.3.c.1.101 (GUI) MMP/2.0 (compatible; Googlebot-Mobile/2.1; +http://www.google.com/bot.html)"
217.225.167.251 - - [08/Jul/2013:23:14:04 +0200] "GET / HTTP/1.1" 302 - "http://www.bigfinder.de/online-11.html" "Mozilla/4.0 (compatible; MSIE 8.0; Windows NT 6.0; Trident/4.0; GTB0.0; SLCC1; .NET CLR 2.0.50727; Media Center PC 5.0; .NET CLR 3.5.30729; .NET CLR 3.0.30729; .NET4.0C)"
176.9.48.201 - - [09/Jul/2013:03:35:02 +0200] "GET /robots.txt HTTP/1.1" 404 1256 "-" "Mozilla/5.0 (X11; Ubuntu; Linux x86_64; rv:15.0) Gecko/20100101 Firefox/15.0.1"
176.9.48.201 - - [09/Jul/2013:03:35:02 +0200] "GET / HTTP/1.1" 302 - "-" "Mozilla/5.0 (X11; Ubuntu; Linux x86_64; rv:15.0) Gecko/20100101 Firefox/15.0.1"
176.9.48.201 - - [09/Jul/2013:03:35:07 +0200] "GET / HTTP/1.1" 302 - "-" "Mozilla/5.0 (X11; Ubuntu; Linux x86_64; rv:15.0) Gecko/20100101 Firefox/15.0.1"
176.9.48.201 - - [09/Jul/2013:03:35:14 +0200] "GET / HTTP/1.1" 302 - "-" "Mozilla/5.0 (X11; Ubuntu; Linux x86_64; rv:15.0) Gecko/20100101 Firefox/15.0.1"
176.9.48.201 - - [09/Jul/2013:03:35:17 +0200] "GET / HTTP/1.1" 302 - "-" "Mozilla/5.0 (X11; Ubuntu; Linux x86_64; rv:15.0) Gecko/20100101 Firefox/15.0.1"
176.9.48.201 - - [09/Jul/2013:03:35:21 +0200] "GET / HTTP/1.1" 302 - "-" "Mozilla/5.0 (X11; Ubuntu; Linux x86_64; rv:15.0) Gecko/20100101 Firefox/15.0.1"
139.18.2.209 - - [09/Jul/2013:03:57:21 +0200] "GET /robots.txt HTTP/1.1" 404 1256 "-" "findlinks/2.6 (+http://wortschatz.uni-leipzig.de/findlinks/)"
93.220.255.247 - - [09/Jul/2013:07:17:23 +0200] "GET / HTTP/1.1" 302 - "-" "Mozilla/4.0 (compatible; MSIE 7.0; Windows NT 6.0; WOW64; SLCC1; .NET CLR 2.0.50727; .NET CLR 1.1.4322; .NET CLR 3.5.21022; .NET CLR 3.0.04506)"
178.255.215.68 - - [09/Jul/2013:07:30:30 +0200] "GET /robots.txt HTTP/1.1" 404 1256 "-" "Mozilla/5.0 (compatible; Exabot/3.0; +http://www.exabot.com/go/robot)"
178.255.215.68 - - [09/Jul/2013:07:30:30 +0200] "GET / HTTP/1.1" 302 - "-" "Mozilla/5.0 (compatible; Exabot/3.0; +http://www.exabot.com/go/robot)"
91.64.64.6 - - [09/Jul/2013:10:32:11 +0200] "GET / HTTP/1.1" 302 - "-" "Mozilla/5.0 (Windows NT 6.1; WOW64; rv:21.0) Gecko/20100101 Firefox/21.0"
178.5.179.210 - - [09/Jul/2013:13:40:30 +0200] "GET / HTTP/1.1" 302 - "https://www.facebook.com/" "Mozilla/5.0 (Windows NT 6.0) AppleWebKit/537.36 (KHTML, like Gecko) Chrome/27.0.1453.116 Safari/537.36"
69.171.228.112 - - [09/Jul/2013:13:40:31 +0200] "GET / HTTP/1.1" 302 - "-" "facebookexternalhit/1.1 (+http://www.facebook.com/externalhit_uatext.php)"
178.77.126.55 - - [09/Jul/2013:13:48:54 +0200] "GET /robots.txt HTTP/1.1" 404 1256 "-" "Mozilla/5.0 (compatible; CareerBot/1.1; +http://www.career-x.de/bot.html)"
178.77.126.55 - - [09/Jul/2013:13:48:54 +0200] "GET / HTTP/1.1" 302 - "-" "Mozilla/5.0 (compatible; CareerBot/1.1; +http://www.career-x.de/bot.html)"
144.76.42.76 - - [09/Jul/2013:15:57:20 +0200] "GET / HTTP/1.1" 302 - "-" "Mozilla/5.0 (Macintosh; Intel Mac OS X 10_8_2) AppleWebKit/537.17 (KHTML, like Gecko) Chrome/24.0.1312.52 Safari/537.17"
64.246.187.42 - - [09/Jul/2013:17:46:00 +0200] "GET /robots.txt HTTP/1.0" 404 1256 "-" "Mozilla/5.0 (Windows; U; Windows NT 5.1; en; rv:1.9.0.13) Gecko/2009073022 Firefox/3.5.2 (.NET CLR 3.5.30729) SurveyBot/2.3 (DomainTools)"
64.246.187.42 - - [09/Jul/2013:17:46:00 +0200] "GET / HTTP/1.1" 302 - "http://whois.domaintools.com/friedrich-list-berlin.de" "Mozilla/5.0 (Windows; U; Windows NT 5.1; en; rv:1.9.0.13) Gecko/2009073022 Firefox/3.5.2 (.NET CLR 3.5.30729) SurveyBot/2.3 (DomainTools)"
80.187.107.160 - - [09/Jul/2013:18:09:38 +0200] "GET / HTTP/1.1" 302 - "-" "Mozilla/5.0 (iPad; CPU OS 6_1_3 like Mac OS X) AppleWebKit/536.26 (KHTML, like Gecko) Version/6.0 Mobile/10B329 Safari/8536.25"
66.249.78.115 - - [09/Jul/2013:20:41:40 +0200] "GET /robots.txt HTTP/1.1" 404 1256 "-" "Mozilla/5.0 (compatible; Googlebot/2.1; +http://www.google.com/bot.html)"
66.249.75.9 - - [09/Jul/2013:20:41:41 +0200] "GET / HTTP/1.1" 302 - "-" "DoCoMo/2.0 N905i(c100;TB;W24H16) (compatible; Googlebot-Mobile/2.1; +http://www.google.com/bot.html)"
178.77.126.55 - - [10/Jul/2013:02:25:38 +0200] "GET /robots.txt HTTP/1.1" 404 1256 "-" "Mozilla/5.0 (compatible; CareerBot/1.1; +http://www.career-x.de/bot.html)"
178.77.126.55 - - [10/Jul/2013:02:25:38 +0200] "GET / HTTP/1.1" 302 - "-" "Mozilla/5.0 (compatible; CareerBot/1.1; +http://www.career-x.de/bot.html)"
66.249.78.115 - - [10/Jul/2013:02:30:05 +0200] "GET / HTTP/1.1" 302 - "-" "Mozilla/5.0 (compatible; Googlebot/2.1; +http://www.google.com/bot.html)"
85.25.120.73 - - [10/Jul/2013:05:35:44 +0200] "GET / HTTP/1.1" 302 - "-" "Mozilla/5.0 (X11; U; Linux i686; en-US; rv:1.9.0.1) Gecko/2008070206 Firefox/3.0.1"
93.220.231.187 - - [10/Jul/2013:07:18:32 +0200] "GET / HTTP/1.1" 302 - "-" "Mozilla/5.0 Gecko/2009042316 Firefox/3.x"
88.198.40.163 - - [10/Jul/2013:08:53:12 +0200] "GET /robots.txt HTTP/1.1" 404 1256 "-" "Mozilla/5.0 (compatible; SISTRIX Crawler; http://crawler.sistrix.net/)"
88.198.40.163 - - [10/Jul/2013:08:53:12 +0200] "GET / HTTP/1.1" 302 - "-" "Mozilla/5.0 (compatible; SISTRIX Crawler; http://crawler.sistrix.net/)"
85.186.103.66 - - [10/Jul/2013:17:11:54 +0200] "GET / HTTP/1.1" 302 - "-" "Mozilla/5.0 (Windows; U; Windows NT 5.1; en-US; rv:1.8.1.1) Gecko/20061204 Firefox/2.0.0.1"
173.199.120.91 - - [10/Jul/2013:18:07:12 +0200] "GET / HTTP/1.1" 302 - "-" "Mozilla/5.0 (compatible; AhrefsBot/4.0; +http://ahrefs.com/robot/)"
208.115.111.69 - - [10/Jul/2013:18:24:32 +0200] "GET /robots.txt HTTP/1.1" 404 1256 "-" "Mozilla/5.0 (compatible; Ezooms/1.0; ezooms.bot@gmail.com)"
208.115.111.69 - - [10/Jul/2013:18:48:33 +0200] "GET / HTTP/1.1" 302 - "-" "Mozilla/5.0 (compatible; Ezooms/1.0; ezooms.bot@gmail.com)"
174.129.237.157 - - [11/Jul/2013:03:02:42 +0200] "GET /robots.txt HTTP/1.0" 404 1256 "-" "ia_archiver (+http://www.alexa.com/site/help/webmasters; crawler@alexa.com)"
174.129.237.157 - - [11/Jul/2013:03:02:43 +0200] "GET / HTTP/1.0" 302 - "-" "ia_archiver (+http://www.alexa.com/site/help/webmasters; crawler@alexa.com)"
139.18.2.209 - - [11/Jul/2013:04:05:22 +0200] "GET / HTTP/1.1" 302 - "-" "findlinks/2.6 (+http://wortschatz.uni-leipzig.de/findlinks/)"
93.228.72.31 - - [11/Jul/2013:07:19:01 +0200] "GET / HTTP/1.1" 302 - "-" "Mozilla/5.0 Gecko/2009042316 Firefox/3.x"
66.249.78.115 - - [11/Jul/2013:12:37:59 +0200] "GET /robots.txt HTTP/1.1" 404 1256 "-" "Mozilla/5.0 (compatible; Googlebot/2.1; +http://www.google.com/bot.html)"
66.249.78.115 - - [11/Jul/2013:12:37:59 +0200] "GET / HTTP/1.1" 302 - "-" "Mozilla/5.0 (compatible; Googlebot/2.1; +http://www.google.com/bot.html)"
85.25.71.40 - - [11/Jul/2013:14:55:54 +0200] "GET /robots.txt HTTP/1.1" 404 1256 "-" "Mozilla/5.0 (X11; U; Linux i686; de; rv:1.9.0.1; compatible; iCjobs Stellenangebote Jobs; http://www.icjobs.de) Gecko/20100401 iCjobs/3.2.3"
85.25.71.40 - - [11/Jul/2013:14:55:54 +0200] "GET / HTTP/1.1" 302 - "-" "Mozilla/5.0 (X11; U; Linux i686; de; rv:1.9.0.1; compatible; iCjobs Stellenangebote Jobs; http://www.icjobs.de) Gecko/20100401 iCjobs/3.2.3"
85.25.71.40 - - [11/Jul/2013:14:55:55 +0200] "GET / HTTP/1.1" 302 - "-" "Mozilla/5.0 (X11; U; Linux i686; de; rv:1.9.0.1; compatible; iCjobs Stellenangebote Jobs; http://www.icjobs.de) Gecko/20100401 iCjobs/3.2.3"
144.76.42.76 - - [11/Jul/2013:21:29:05 +0200] "GET /robots.txt HTTP/1.1" 404 1256 "-" "Java/1.7.0_21"
5.9.7.208 - - [11/Jul/2013:23:51:25 +0200] "GET /robots.txt HTTP/1.0" 404 1256 "-" "Mozilla/5.0 (compatible; MJ12bot/v1.4.3; http://www.majestic12.co.uk/bot.php?+)"
5.9.7.208 - - [11/Jul/2013:23:51:28 +0200] "GET / HTTP/1.0" 302 - "-" "Mozilla/5.0 (compatible; MJ12bot/v1.4.3; http://www.majestic12.co.uk/bot.php?+)"
64.124.203.74 - - [12/Jul/2013:02:12:48 +0200] "GET / HTTP/1.1" 302 - "-" "Mozilla/4.0 (compatible; MSIE 6.0; Windows NT 5.1; .NET CLR 1.1.4322; .NET CLR 2.0.50727)"
193.175.194.33 - - [12/Jul/2013:02:22:19 +0200] "GET / HTTP/1.1" 302 - "-" "Bildungsserver-Linkchecker DBS 0.9 (http://www.bildungsserver.de)"
74.217.148.74 - - [12/Jul/2013:02:34:22 +0200] "GET / HTTP/1.1" 302 - "-" "Mozilla/4.0 (compatible; MSIE 6.0; Windows NT 5.1; .NET CLR 1.1.4322; .NET CLR 2.0.50727)"
64.124.203.73 - - [12/Jul/2013:02:52:43 +0200] "GET / HTTP/1.1" 302 - "-" "Mozilla/4.0 (compatible; MSIE 6.0; Windows NT 5.1; .NET CLR 1.1.4322; .NET CLR 2.0.50727)"
64.124.203.76 - - [12/Jul/2013:02:53:12 +0200] "GET / HTTP/1.1" 302 - "-" "Mozilla/4.0 (compatible; MSIE 6.0; Windows NT 5.1; .NET CLR 1.1.4322; .NET CLR 2.0.50727)"
176.9.48.201 - - [12/Jul/2013:04:37:58 +0200] "GET /robots.txt HTTP/1.1" 404 1256 "-" "Mozilla/5.0 (X11; Ubuntu; Linux x86_64; rv:15.0) Gecko/20100101 Firefox/15.0.1"
176.9.48.201 - - [12/Jul/2013:04:37:58 +0200] "GET / HTTP/1.1" 302 - "-" "Mozilla/5.0 (X11; Ubuntu; Linux x86_64; rv:15.0) Gecko/20100101 Firefox/15.0.1"
176.9.48.201 - - [12/Jul/2013:04:38:00 +0200] "GET / HTTP/1.1" 302 - "-" "Mozilla/5.0 (X11; Ubuntu; Linux x86_64; rv:15.0) Gecko/20100101 Firefox/15.0.1"
176.9.48.201 - - [12/Jul/2013:04:38:02 +0200] "GET / HTTP/1.1" 302 - "-" "Mozilla/5.0 (X11; Ubuntu; Linux x86_64; rv:15.0) Gecko/20100101 Firefox/15.0.1"
176.9.48.201 - - [12/Jul/2013:04:38:05 +0200] "GET / HTTP/1.1" 302 - "-" "Mozilla/5.0 (X11; Ubuntu; Linux x86_64; rv:15.0) Gecko/20100101 Firefox/15.0.1"
176.9.48.201 - - [12/Jul/2013:04:38:07 +0200] "GET / HTTP/1.1" 302 - "-" "Mozilla/5.0 (X11; Ubuntu; Linux x86_64; rv:15.0) Gecko/20100101 Firefox/15.0.1"
208.50.101.155 - - [12/Jul/2013:06:19:00 +0200] "GET / HTTP/1.1" 302 - "-" "Mozilla/4.0 (compatible; MSIE 7.0; Windows NT 5.1; Trident/4.0; GTB6.6; .NET CLR 2.0.50727; .NET CLR 3.0.4506.2152; .NET CLR 3.5.30729; .NET CLR 1.1.4322; .NET CLR 1.0.3705; AskTbATU2/5.11.3.15590; .NET4.0C; Windows Live Messenger 14.0.8117.0416)"
174.129.237.157 - - [12/Jul/2013:06:46:05 +0200] "GET /robots.txt HTTP/1.0" 404 1256 "-" "ia_archiver (+http://www.alexa.com/site/help/webmasters; crawler@alexa.com)"
174.129.237.157 - - [12/Jul/2013:06:46:05 +0200] "GET / HTTP/1.0" 302 - "-" "ia_archiver (+http://www.alexa.com/site/help/webmasters; crawler@alexa.com)"
64.124.203.75 - - [12/Jul/2013:07:08:47 +0200] "GET / HTTP/1.1" 302 - "-" "Mozilla/4.0 (compatible; MSIE 7.0; Windows NT 5.1; Trident/4.0; BTRS25111; (R1 1.6); InfoPath.2; .NET CLR 2.0.50727; .NET CLR 3.0.4506.2152; .NET CLR 3.5.30729)"
93.220.251.94 - - [12/Jul/2013:07:20:11 +0200] "GET / HTTP/1.1" 302 - "-" "Mozilla/4.0+(compatible;+MSIE+7.0;+Windows+NT+5.1)"
208.50.101.153 - - [12/Jul/2013:10:54:01 +0200] "GET / HTTP/1.1" 302 - "-" "Mozilla/4.0 (compatible; MSIE 7.0; Windows NT 5.1; Trident/4.0; GTB6.6; SIMBAR={19C395CD-8438-11DF-B860-00173FC6D4B6}; .NET CLR 3.0.4506.2152; .NET CLR 3.5.30729; .NET CLR 2.0.50727; OfficeLiveConnector.1.3; OfficeLivePatch.0.0; Windows Live Messenger 14.0.8117.0416)"
130.83.167.153 - - [12/Jul/2013:11:48:42 +0200] "GET /robots.txt HTTP/1.1" 404 1256 "-" "findlinks/2.6 (+http://wortschatz.uni-leipzig.de/findlinks/)"
74.217.148.75 - - [12/Jul/2013:12:18:24 +0200] "GET / HTTP/1.1" 302 - "-" "Mozilla/4.0 (compatible; MSIE 7.0; Windows NT 5.1; Trident/4.0; GTB6.6; .NET CLR 2.0.50727; .NET CLR 3.0.04506.648; .NET CLR 3.5.21022; .NET CLR 3.0.4506.2152; .NET CLR 3.5.30729; InfoPath.3; msn OptimizedIE8;FRCH; Windows Live Messenger 14.0.8117.0416)"
95.91.242.165 - - [12/Jul/2013:13:46:08 +0200] "GET / HTTP/1.1" 302 - "http://www.b030-das-berlin-verzeichnis.de/schoeneberg/schulen.php" "Mozilla/5.0 (Windows NT 6.2; WOW64) AppleWebKit/537.36 (KHTML, like Gecko) Chrome/28.0.1500.71 Safari/537.36"
87.210.38.136 - - [12/Jul/2013:18:35:10 +0200] "GET / HTTP/1.1" 302 - "-" "Java/1.6.0_29"
87.210.38.136 - - [12/Jul/2013:18:35:13 +0200] "GET /fls_1_aktuelles.php HTTP/1.1" 404 1256 "-" "Java/1.6.0_29"
87.210.38.136 - - [12/Jul/2013:18:35:13 +0200] "GET /fls_2_fremdsprachensekr.php HTTP/1.1" 404 1256 "-" "Java/1.6.0_29"
87.210.38.136 - - [12/Jul/2013:18:35:14 +0200] "GET /fls_3_fls_international.php HTTP/1.1" 404 1256 "-" "Java/1.6.0_29"
87.210.38.136 - - [12/Jul/2013:18:35:14 +0200] "GET /fls_4_faq.php HTTP/1.1" 404 1256 "-" "Java/1.6.0_29"
87.210.38.136 - - [12/Jul/2013:18:35:14 +0200] "GET /fls_4_impressum.php HTTP/1.1" 404 1256 "-" "Java/1.6.0_29"
87.210.38.136 - - [12/Jul/2013:18:35:15 +0200] "GET /fls_4_kontakt_anmeldung.php HTTP/1.1" 404 1256 "-" "Java/1.6.0_29"
87.210.38.136 - - [12/Jul/2013:18:35:15 +0200] "GET /index.php HTTP/1.1" 302 - "-" "Java/1.6.0_29"
87.210.38.136 - - [12/Jul/2013:18:35:15 +0200] "GET /index_en.php HTTP/1.1" 404 1256 "-" "Java/1.6.0_29"
87.210.38.136 - - [12/Jul/2013:18:35:15 +0200] "GET /index_fr.php HTTP/1.1" 404 1256 "-" "Java/1.6.0_29"
87.210.38.136 - - [12/Jul/2013:18:35:15 +0200] "GET /index_sp.php HTTP/1.1" 404 1256 "-" "Java/1.6.0_29"
87.210.38.136 - - [12/Jul/2013:18:35:16 +0200] "GET /ddlevelsfiles/ddlevelsmenu.js HTTP/1.1" 404 1256 "-" "Java/1.6.0_29"
87.210.38.136 - - [12/Jul/2013:18:35:16 +0200] "GET /js/lightwindow.js HTTP/1.1" 404 1256 "-" "Java/1.6.0_29"
87.210.38.136 - - [12/Jul/2013:18:35:16 +0200] "GET /js/prototype.js HTTP/1.1" 404 1256 "-" "Java/1.6.0_29"
87.210.38.136 - - [12/Jul/2013:18:35:16 +0200] "GET /js/scriptaculous.js?load=effects HTTP/1.1" 404 1256 "-" "Java/1.6.0_29"
66.249.78.115 - - [12/Jul/2013:23:18:01 +0200] "GET /robots.txt HTTP/1.1" 404 1256 "-" "Mozilla/5.0 (compatible; Googlebot/2.1; +http://www.google.com/bot.html)"
66.249.78.115 - - [12/Jul/2013:23:18:01 +0200] "GET / HTTP/1.1" 302 - "-" "Mozilla/5.0 (compatible; Googlebot/2.1; +http://www.google.com/bot.html)"
178.77.126.55 - - [13/Jul/2013:03:38:25 +0200] "GET /robots.txt HTTP/1.1" 404 1256 "-" "Mozilla/5.0 (compatible; CareerBot/1.1; +http://www.career-x.de/bot.html)"
178.77.126.55 - - [13/Jul/2013:03:38:25 +0200] "GET / HTTP/1.1" 302 - "-" "Mozilla/5.0 (compatible; CareerBot/1.1; +http://www.career-x.de/bot.html)"
66.249.75.9 - - [13/Jul/2013:07:48:38 +0200] "GET /robots.txt HTTP/1.1" 404 1256 "-" "Mozilla/5.0 (compatible; Googlebot/2.1; +http://www.google.com/bot.html)"
69.58.178.58 - - [13/Jul/2013:08:54:14 +0200] "GET /robots.txt HTTP/1.1" 404 1256 "-" "Mozilla/5.0 (X11; Ubuntu; Linux i686; rv:14.0; ips-agent) Gecko/20100101 Firefox/14.0.1"
69.58.178.58 - - [13/Jul/2013:08:54:15 +0200] "GET / HTTP/1.1" 302 - "-" "Mozilla/5.0 (X11; Ubuntu; Linux i686; rv:14.0; ips-agent) Gecko/20100101 Firefox/14.0.1"
69.64.51.97 - - [13/Jul/2013:12:59:19 +0200] "GET / HTTP/1.1" 302 - "-" "Mozilla/4.0 (compatible; MSIE 6.0; Windows 98; Win 9x4.90)"
5.10.83.36 - - [13/Jul/2013:16:40:29 +0200] "GET / HTTP/1.1" 302 - "-" "Mozilla/5.0 (compatible; AhrefsBot/5.0; +http://ahrefs.com/robot/)"
130.83.167.153 - - [13/Jul/2013:18:45:03 +0200] "GET / HTTP/1.1" 302 - "-" "findlinks/2.6 (+http://wortschatz.uni-leipzig.de/findlinks/)"
46.158.160.221 - - [14/Jul/2013:00:40:34 +0200] "GET /robots.txt HTTP/1.1" 404 1256 "-" "Mozilla/5.0 (compatible; 008/0.83; http://www.80legs.com/webcrawler.html;) Gecko/2008032620"
46.158.160.221 - - [14/Jul/2013:00:40:34 +0200] "GET / HTTP/1.1" 302 - "-" "Mozilla/5.0 (compatible; 008/0.85; http://www.80legs.com/webcrawler.html) Gecko/2008032620"
5.10.83.28 - - [14/Jul/2013:04:43:20 +0200] "GET / HTTP/1.1" 302 - "-" "Mozilla/5.0 (compatible; AhrefsBot/5.0; +http://ahrefs.com/robot/)"
84.200.8.227 - - [14/Jul/2013:05:55:58 +0200] "GET / HTTP/1.1" 302 - "-" "Mozilla/5.0 (compatible; MSIE 9.0; Windows NT 6.1; WOW64; Trident/5.0) 6.39"
5.10.83.36 - - [14/Jul/2013:10:15:14 +0200] "GET /robots.txt HTTP/1.1" 404 1256 "-" "Mozilla/5.0 (compatible; AhrefsBot/5.0; +http://ahrefs.com/robot/)"
37.58.52.15 - - [14/Jul/2013:14:30:51 +0200] "GET /robots.txt HTTP/1.0" 404 1256 "-" "Mozilla/5.0 (compatible; AcoonBot/4.12.1; +http://www.acoon.de/robot.asp)"
37.58.52.15 - - [14/Jul/2013:14:30:51 +0200] "GET / HTTP/1.0" 302 - "-" "Mozilla/5.0 (compatible; AcoonBot/4.12.1; +http://www.acoon.de/robot.asp)"
217.230.145.15 - - [14/Jul/2013:19:10:53 +0200] "GET / HTTP/1.1" 302 - "http://www.bigfinder.de/online-11.html" "Mozilla/5.0 (Windows; U; Windows NT 5.1; de; rv:1.9.0.12) Gecko/2009070611 Firefox/3.0.12 GTB7.1 (.NET CLR 3.5.30729)"
85.25.71.40 - - [14/Jul/2013:22:48:02 +0200] "GET /robots.txt HTTP/1.1" 404 1256 "-" "Mozilla/5.0 (X11; U; Linux i686; de; rv:1.9.0.1; compatible; iCjobs Stellenangebote Jobs; http://www.icjobs.de) Gecko/20100401 iCjobs/3.2.3"
85.25.71.40 - - [14/Jul/2013:22:48:02 +0200] "GET / HTTP/1.1" 302 - "-" "Mozilla/5.0 (X11; U; Linux i686; de; rv:1.9.0.1; compatible; iCjobs Stellenangebote Jobs; http://www.icjobs.de) Gecko/20100401 iCjobs/3.2.3"
85.25.71.40 - - [14/Jul/2013:22:48:03 +0200] "GET / HTTP/1.1" 302 - "-" "Mozilla/5.0 (X11; U; Linux i686; de; rv:1.9.0.1; compatible; iCjobs Stellenangebote Jobs; http://www.icjobs.de) Gecko/20100401 iCjobs/3.2.3"
93.228.64.83 - - [15/Jul/2013:02:12:15 +0200] "GET / HTTP/1.1" 302 - "-" "Mozilla/4.0 (compatible; MSIE 8.0; Windows NT 6.0; .NET CLR 1.0.3705; .NET CLR 1.1.4322; Media Center PC 4.0; .NET CLR 2.0.50727)"
157.56.229.245 - - [15/Jul/2013:06:27:52 +0200] "GET /robots.txt HTTP/1.1" 404 1256 "-" "Mozilla/5.0 (compatible; bingbot/2.0; +http://www.bing.com/bingbot.htm)"
157.56.229.245 - - [15/Jul/2013:06:42:22 +0200] "GET / HTTP/1.1" 302 - "-" "Mozilla/5.0 (compatible; bingbot/2.0; +http://www.bing.com/bingbot.htm)"
178.70.64.154 - - [15/Jul/2013:08:22:24 +0200] "GET /robots.txt HTTP/1.1" 404 1256 "-" "Mozilla/5.0 (compatible; 008/0.83; http://www.80legs.com/webcrawler.html;) Gecko/2008032620"
178.70.64.154 - - [15/Jul/2013:08:22:24 +0200] "GET / HTTP/1.1" 302 - "-" "Mozilla/5.0 (compatible; 008/0.85; http://www.80legs.com/webcrawler.html) Gecko/2008032620"
141.8.147.12 - - [15/Jul/2013:10:42:11 +0200] "GET /robots.txt HTTP/1.1" 404 1256 "-" "Mozilla/5.0 (compatible; YandexBot/3.0; +http://yandex.com/bots)"
141.8.147.12 - - [15/Jul/2013:10:42:13 +0200] "GET / HTTP/1.1" 302 - "-" "Mozilla/5.0 (compatible; YandexBot/3.0; +http://yandex.com/bots)"
192.124.246.48 - - [15/Jul/2013:11:31:03 +0200] "GET / HTTP/1.1" 302 - "http://schulweb.de/de/schulsuche/einzelergebnis.html?Id=1082300&treffer=149&auswahl_1=5&auswahl_2=0&auswahl_3=0&suchtext=&kategorie=®ion=de&trefferzahlauswahl=8&trefferzahl=518&list_anfang=144&sort=" "Mozilla/5.0 (Windows NT 5.1; rv:17.0) Gecko/20100101 Firefox/17.0"
5.9.20.44 - - [15/Jul/2013:11:45:43 +0200] "GET /robots.txt HTTP/1.1" 404 1256 "-" "Mozilla/5.0 (X11; Ubuntu; Linux x86_64; rv:15.0) Gecko/20100101 Firefox/15.0.1"
5.9.20.44 - - [15/Jul/2013:11:45:43 +0200] "GET / HTTP/1.1" 302 - "-" "Mozilla/5.0 (X11; Ubuntu; Linux x86_64; rv:15.0) Gecko/20100101 Firefox/15.0.1"
5.9.20.44 - - [15/Jul/2013:11:45:43 +0200] "GET / HTTP/1.1" 302 - "-" "Mozilla/5.0 (X11; Ubuntu; Linux x86_64; rv:15.0) Gecko/20100101 Firefox/15.0.1"
5.9.20.44 - - [15/Jul/2013:11:45:49 +0200] "GET / HTTP/1.1" 302 - "-" "Mozilla/5.0 (X11; Ubuntu; Linux x86_64; rv:15.0) Gecko/20100101 Firefox/15.0.1"
5.9.20.44 - - [15/Jul/2013:11:45:59 +0200] "GET / HTTP/1.1" 302 - "-" "Mozilla/5.0 (X11; Ubuntu; Linux x86_64; rv:15.0) Gecko/20100101 Firefox/15.0.1"
5.9.20.44 - - [15/Jul/2013:11:46:04 +0200] "GET / HTTP/1.1" 302 - "-" "Mozilla/5.0 (X11; Ubuntu; Linux x86_64; rv:15.0) Gecko/20100101 Firefox/15.0.1"
84.175.79.172 - - [15/Jul/2013:12:10:51 +0200] "GET / HTTP/1.1" 302 - "http://www.berlin.de/sen/bildung/schulverzeichnis_und_portraets/anwendung/Schulportrait.aspx?IDSchulzweig=11652" "Mozilla/5.0 (Windows NT 6.1; rv:22.0) Gecko/20100101 Firefox/22.0"
5.10.83.72 - - [15/Jul/2013:13:56:07 +0200] "GET / HTTP/1.1" 302 - "-" "Mozilla/5.0 (compatible; AhrefsBot/5.0; +http://ahrefs.com/robot/)"
130.83.167.153 - - [15/Jul/2013:17:03:21 +0200] "GET /robots.txt HTTP/1.0" 404 1256 "-" "Mozilla/5.0 (compatible; heritrix/1.14.4 +http://kdsl.tu-darmstadt.de)"
130.83.167.153 - - [15/Jul/2013:17:03:21 +0200] "GET / HTTP/1.0" 302 - "http://www.schulweb.de/schule.html?id=1082300" "Mozilla/5.0 (compatible; heritrix/1.14.4 +http://kdsl.tu-darmstadt.de)"
85.114.142.245 - - [15/Jul/2013:22:12:26 +0200] "GET /robots.txt HTTP/1.1" 404 1256 "-" "findlinks/2.6 (+http://wortschatz.uni-leipzig.de/findlinks/)"
85.114.142.245 - - [15/Jul/2013:22:12:28 +0200] "GET /robots.txt HTTP/1.1" 404 1256 "-" "findlinks/2.6 (+http://wortschatz.uni-leipzig.de/findlinks/)"
178.77.126.55 - - [16/Jul/2013:04:37:32 +0200] "GET /robots.txt HTTP/1.1" 404 1256 "-" "Mozilla/5.0 (compatible; CareerBot/1.1; +http://www.career-x.de/bot.html)"
178.77.126.55 - - [16/Jul/2013:04:37:32 +0200] "GET / HTTP/1.1" 302 - "-" "Mozilla/5.0 (compatible; CareerBot/1.1; +http://www.career-x.de/bot.html)"
5.10.83.76 - - [16/Jul/2013:11:22:10 +0200] "GET / HTTP/1.1" 302 - "-" "Mozilla/5.0 (compatible; AhrefsBot/5.0; +http://ahrefs.com/robot/)"
5.10.83.80 - - [17/Jul/2013:07:41:22 +0200] "GET / HTTP/1.1" 302 - "-" "Mozilla/5.0 (compatible; AhrefsBot/5.0; +http://ahrefs.com/robot/)"
144.76.71.241 - - [17/Jul/2013:08:33:12 +0200] "GET /robots.txt HTTP/1.1" 404 1256 "-" "Mozilla/5.0 (compatible; SISTRIX Crawler; http://crawler.sistrix.net/)"
144.76.71.241 - - [17/Jul/2013:08:33:12 +0200] "GET / HTTP/1.1" 302 - "-" "Mozilla/5.0 (compatible; SISTRIX Crawler; http://crawler.sistrix.net/)"
87.106.227.210 - - [17/Jul/2013:11:13:31 +0200] "GET /robots.txt HTTP/1.1" 404 1256 "-" "WeViKa"
80.153.27.224 - - [17/Jul/2013:12:16:23 +0200] "GET / HTTP/1.1" 302 - "http://www.berlin.de/sen/bildung/schulverzeichnis_und_portraets/anwendung/Schulportrait.aspx?IDSchulzweig=11652" "Mozilla/5.0 (Windows NT 6.1; WOW64; rv:22.0) Gecko/20100101 Firefox/22.0"
130.83.167.153 - - [17/Jul/2013:14:53:57 +0200] "GET / HTTP/1.1" 302 - "-" "findlinks/2.6 (+http://wortschatz.uni-leipzig.de/findlinks/)"
141.8.147.12 - - [17/Jul/2013:18:13:09 +0200] "GET /robots.txt HTTP/1.1" 404 1256 "-" "Mozilla/5.0 (compatible; YandexBot/3.0; +http://yandex.com/bots)"
141.8.147.12 - - [17/Jul/2013:18:13:11 +0200] "GET / HTTP/1.1" 302 - "-" "Mozilla/5.0 (compatible; YandexBot/3.0; +http://yandex.com/bots)"
5.10.83.36 - - [18/Jul/2013:01:42:28 +0200] "GET / HTTP/1.1" 302 - "-" "Mozilla/5.0 (compatible; AhrefsBot/5.0; +http://ahrefs.com/robot/)"
85.25.120.69 - - [18/Jul/2013:06:50:50 +0200] "GET /robots.txt HTTP/1.1" 404 1256 "-" "Mozilla/5.0 (X11; U; Linux i686; de; rv:1.9.0.1; compatible; iCjobs Stellenangebote Jobs; http://www.icjobs.de) Gecko/20100401 iCjobs/3.2.3"
85.25.120.69 - - [18/Jul/2013:06:50:50 +0200] "GET / HTTP/1.1" 302 - "-" "Mozilla/5.0 (X11; U; Linux i686; de; rv:1.9.0.1; compatible; iCjobs Stellenangebote Jobs; http://www.icjobs.de) Gecko/20100401 iCjobs/3.2.3"
85.25.120.69 - - [18/Jul/2013:06:50:51 +0200] "GET / HTTP/1.1" 302 - "-" "Mozilla/5.0 (X11; U; Linux i686; de; rv:1.9.0.1; compatible; iCjobs Stellenangebote Jobs; http://www.icjobs.de) Gecko/20100401 iCjobs/3.2.3"
217.69.133.67 - - [18/Jul/2013:13:37:28 +0200] "GET /robots.txt HTTP/1.0" 404 1256 "-" "Mozilla/5.0 (compatible; Linux x86_64; Mail.RU_Bot/2.0; +http://go.mail.ru/help/robots)"
5.135.125.177 - - [18/Jul/2013:14:19:55 +0200] "GET / HTTP/1.1" 302 - "-" "Mozilla/5.0 (X11; U; Linux x86_64; en-US) AppleWebKit/534.7 (KHTML, like Gecko) Epiphany/2.30.6 Safari/534.7"
66.249.78.115 - - [18/Jul/2013:15:00:30 +0200] "GET /robots.txt HTTP/1.1" 404 1256 "-" "Mozilla/5.0 (compatible; Googlebot/2.1; +http://www.google.com/bot.html)"
66.249.78.115 - - [18/Jul/2013:15:00:30 +0200] "GET / HTTP/1.1" 302 - "-" "Mozilla/5.0 (compatible; Googlebot/2.1; +http://www.google.com/bot.html)"
93.197.102.214 - - [18/Jul/2013:19:04:10 +0200] "GET / HTTP/1.1" 302 - "-" "Mozilla/5.0 (Windows NT 6.0; rv:22.0) Gecko/20100101 Firefox/22.0"
66.249.78.115 - - [18/Jul/2013:20:16:37 +0200] "GET /robots.txt HTTP/1.1" 404 1256 "-" "Mozilla/5.0 (compatible; Googlebot/2.1; +http://www.google.com/bot.html)"
66.249.75.9 - - [18/Jul/2013:20:16:37 +0200] "GET / HTTP/1.1" 302 - "-" "SAMSUNG-SGH-E250/1.0 Profile/MIDP-2.0 Configuration/CLDC-1.1 UP.Browser/6.2.3.3.c.1.101 (GUI) MMP/2.0 (compatible; Googlebot-Mobile/2.1; +http://www.google.com/bot.html)"
5.10.83.61 - - [18/Jul/2013:22:28:16 +0200] "GET / HTTP/1.1" 302 - "-" "Mozilla/5.0 (compatible; AhrefsBot/5.0; +http://ahrefs.com/robot/)"
193.175.194.33 - - [19/Jul/2013:02:22:37 +0200] "GET / HTTP/1.1" 302 - "-" "Bildungsserver-Linkchecker DBS 0.9 (http://www.bildungsserver.de)"
176.9.21.194 - - [19/Jul/2013:06:52:21 +0200] "GET /robots.txt HTTP/1.0" 404 1256 "-" "Mozilla/5.0 (compatible; SEOkicks-Robot +http://www.seokicks.de/robot.html)"
176.9.21.194 - - [19/Jul/2013:06:52:25 +0200] "GET / HTTP/1.0" 302 - "-" "Mozilla/5.0 (compatible; SEOkicks-Robot +http://www.seokicks.de/robot.html)"
5.9.20.44 - - [19/Jul/2013:11:08:38 +0200] "GET /robots.txt HTTP/1.1" 404 1256 "-" "Mozilla/5.0 (X11; Ubuntu; Linux x86_64; rv:15.0) Gecko/20100101 Firefox/15.0.1"
5.9.20.44 - - [19/Jul/2013:11:08:38 +0200] "GET / HTTP/1.1" 302 - "-" "Mozilla/5.0 (X11; Ubuntu; Linux x86_64; rv:15.0) Gecko/20100101 Firefox/15.0.1"
5.9.20.44 - - [19/Jul/2013:11:08:42 +0200] "GET / HTTP/1.1" 302 - "-" "Mozilla/5.0 (X11; Ubuntu; Linux x86_64; rv:15.0) Gecko/20100101 Firefox/15.0.1"
5.9.20.44 - - [19/Jul/2013:11:08:44 +0200] "GET / HTTP/1.1" 302 - "-" "Mozilla/5.0 (X11; Ubuntu; Linux x86_64; rv:15.0) Gecko/20100101 Firefox/15.0.1"
5.9.20.44 - - [19/Jul/2013:11:08:46 +0200] "GET / HTTP/1.1" 302 - "-" "Mozilla/5.0 (X11; Ubuntu; Linux x86_64; rv:15.0) Gecko/20100101 Firefox/15.0.1"
5.9.20.44 - - [19/Jul/2013:11:08:50 +0200] "GET / HTTP/1.1" 302 - "-" "Mozilla/5.0 (X11; Ubuntu; Linux x86_64; rv:15.0) Gecko/20100101 Firefox/15.0.1"
66.249.78.115 - - [19/Jul/2013:15:01:07 +0200] "GET /robots.txt HTTP/1.1" 404 1256 "-" "Mozilla/5.0 (compatible; Googlebot/2.1; +http://www.google.com/bot.html)"
66.249.78.115 - - [19/Jul/2013:15:01:08 +0200] "GET /fls_2_fremdsprachensekr.php HTTP/1.1" 404 1256 "-" "Mozilla/5.0 (compatible; Googlebot/2.1; +http://www.google.com/bot.html)"
66.249.78.115 - - [19/Jul/2013:15:01:41 +0200] "GET /fls_4_faq.php HTTP/1.1" 404 1256 "-" "Mozilla/5.0 (compatible; Googlebot/2.1; +http://www.google.com/bot.html)"
66.249.75.9 - - [19/Jul/2013:15:02:24 +0200] "GET /fls_1_aktuelles.php HTTP/1.1" 404 1256 "-" "Mozilla/5.0 (compatible; Googlebot/2.1; +http://www.google.com/bot.html)"
66.249.78.115 - - [19/Jul/2013:15:02:57 +0200] "GET /fls_4_impressum.php HTTP/1.1" 404 1256 "-" "Mozilla/5.0 (compatible; Googlebot/2.1; +http://www.google.com/bot.html)"
66.249.78.115 - - [19/Jul/2013:15:03:53 +0200] "GET /fls_3_fls_international.php HTTP/1.1" 404 1256 "-" "Mozilla/5.0 (compatible; Googlebot/2.1; +http://www.google.com/bot.html)"
66.249.75.9 - - [19/Jul/2013:15:04:30 +0200] "GET /fls_4_kontakt_anmeldung.php HTTP/1.1" 404 1256 "-" "Mozilla/5.0 (compatible; Googlebot/2.1; +http://www.google.com/bot.html)"
5.10.83.55 - - [19/Jul/2013:16:20:58 +0200] "GET / HTTP/1.1" 302 - "-" "Mozilla/5.0 (compatible; AhrefsBot/5.0; +http://ahrefs.com/robot/)"
66.249.75.9 - - [19/Jul/2013:19:53:50 +0200] "GET / HTTP/1.1" 302 - "-" "DoCoMo/2.0 N905i(c100;TB;W24H16) (compatible; Googlebot-Mobile/2.1; +http://www.google.com/bot.html)"
124.238.215.152 - - [19/Jul/2013:21:17:04 +0200] "GET /robots.txt HTTP/1.0" 404 1256 "-" "nutch-1.4/Nutch-1.4"
124.238.215.152 - - [19/Jul/2013:21:17:05 +0200] "GET / HTTP/1.0" 302 - "-" "nutch-1.4/Nutch-1.4"
130.83.167.153 - - [20/Jul/2013:00:22:10 +0200] "GET /robots.txt HTTP/1.1" 404 1256 "-" "findlinks/2.6 (+http://wortschatz.uni-leipzig.de/findlinks/)"
