66.249.76.9 - - [01/Apr/2013:01:53:54 +0200] "GET /robots.txt HTTP/1.1" 404 1256 "-" "Mozilla/5.0 (compatible; Googlebot/2.1; +http://www.google.com/bot.html)"
66.249.76.9 - - [01/Apr/2013:01:53:55 +0200] "GET / HTTP/1.1" 302 - "-" "Mozilla/5.0 (compatible; Googlebot/2.1; +http://www.google.com/bot.html)"
101.226.166.215 - - [01/Apr/2013:03:21:50 +0200] "GET /fls_4_kontakt_anmeldung.php HTTP/1.1" 404 1256 "http://www.friedrich-list-berlin.de/fls_4_kontakt_anmeldung.php" "Mozilla/4.0 (compatible; MSIE 8.0; Windows NT 6.1; Trident/4.0; SLCC2; .NET CLR 2.0.50727; .NET CLR 3.5.30729; .NET CLR 3.0.30729; Media Center PC 6.0; MDDR; .NET4.0C; .NET4.0E; .NET CLR 1.1.4322; Tablet PC 2.0); 360Spider"
101.226.166.214 - - [01/Apr/2013:03:21:50 +0200] "GET / HTTP/1.1" 302 - "http://www.friedrich-list-berlin.de/" "Mozilla/4.0 (compatible; MSIE 8.0; Windows NT 6.1; Trident/4.0; SLCC2; .NET CLR 2.0.50727; .NET CLR 3.5.30729; .NET CLR 3.0.30729; Media Center PC 6.0; MDDR; .NET4.0C; .NET4.0E; .NET CLR 1.1.4322; Tablet PC 2.0); 360Spider"
93.220.222.34 - - [01/Apr/2013:04:16:59 +0200] "GET / HTTP/1.1" 302 - "-" "Mozilla/4.0 (compatible; MSIE 7.0; Windows NT 6.0; WOW64; SLCC1; .NET CLR 2.0.50727; .NET CLR 3.0.04320)"
178.255.215.68 - - [01/Apr/2013:10:18:30 +0200] "GET /robots.txt HTTP/1.1" 404 1256 "-" "Mozilla/5.0 (compatible; Exabot/3.0; +http://www.exabot.com/go/robot)"
178.255.215.68 - - [01/Apr/2013:10:18:30 +0200] "GET / HTTP/1.1" 302 - "-" "Mozilla/5.0 (compatible; Exabot/3.0; +http://www.exabot.com/go/robot)"
101.226.167.227 - - [01/Apr/2013:13:13:55 +0200] "GET /fls_1_aktuelles.php HTTP/1.1" 404 1256 "http://www.friedrich-list-berlin.de/fls_1_aktuelles.php" "Mozilla/4.0 (compatible; MSIE 8.0; Windows NT 6.1; Trident/4.0; SLCC2; .NET CLR 2.0.50727; .NET CLR 3.5.30729; .NET CLR 3.0.30729; Media Center PC 6.0; MDDR; .NET4.0C; .NET4.0E; .NET CLR 1.1.4322; Tablet PC 2.0); 360Spider"
101.226.167.230 - - [01/Apr/2013:13:13:55 +0200] "GET /index_en.php HTTP/1.1" 404 1256 "http://www.friedrich-list-berlin.de/index_en.php" "Mozilla/4.0 (compatible; MSIE 8.0; Windows NT 6.1; Trident/4.0; SLCC2; .NET CLR 2.0.50727; .NET CLR 3.5.30729; .NET CLR 3.0.30729; Media Center PC 6.0; MDDR; .NET4.0C; .NET4.0E; .NET CLR 1.1.4322; Tablet PC 2.0); 360Spider"
66.249.76.9 - - [01/Apr/2013:15:11:44 +0200] "GET /robots.txt HTTP/1.1" 404 1256 "-" "Mozilla/5.0 (compatible; Googlebot/2.1; +http://www.google.com/bot.html)"
88.214.193.210 - - [01/Apr/2013:16:29:08 +0200] "GET / HTTP/1.0" 302 - "-" "Mozilla/5.0 (Windows; U; Windows NT 5.1; en-US; rv:1.7.10) Gecko/20050716 Firefox/1.0.6"
139.18.2.209 - - [02/Apr/2013:00:01:52 +0200] "GET / HTTP/1.1" 302 - "-" "findlinks/2.6 (+http://wortschatz.uni-leipzig.de/findlinks/)"
178.255.215.68 - - [02/Apr/2013:10:55:34 +0200] "GET /robots.txt HTTP/1.1" 404 1256 "-" "Mozilla/5.0 (compatible; Exabot/3.0; +http://www.exabot.com/go/robot)"
178.255.215.68 - - [02/Apr/2013:10:55:34 +0200] "GET / HTTP/1.1" 302 - "-" "Mozilla/5.0 (compatible; Exabot/3.0; +http://www.exabot.com/go/robot)"
178.77.126.55 - - [02/Apr/2013:17:03:51 +0200] "GET /robots.txt HTTP/1.1" 404 1256 "-" "Mozilla/5.0 (compatible; CareerBot/1.1; +http://www.career-x.de/bot.html)"
178.77.126.55 - - [02/Apr/2013:17:03:51 +0200] "GET / HTTP/1.1" 302 - "-" "Mozilla/5.0 (compatible; CareerBot/1.1; +http://www.career-x.de/bot.html)"
204.12.214.162 - - [02/Apr/2013:22:19:46 +0200] "GET /robots.txt HTTP/1.0" 404 1256 "-" "Mozilla/5.0 (compatible; MJ12bot/v1.4.3; http://www.majestic12.co.uk/bot.php?+)"
204.12.214.162 - - [02/Apr/2013:22:19:48 +0200] "GET / HTTP/1.0" 302 - "-" "Mozilla/5.0 (compatible; MJ12bot/v1.4.3; http://www.majestic12.co.uk/bot.php?+)"
182.118.21.244 - - [03/Apr/2013:04:08:56 +0200] "GET /index.php HTTP/1.1" 302 - "http://www.friedrich-list-berlin.de/index.php" "Mozilla/5.0 (Windows; U; Windows NT 5.1; zh-CN; rv:1.8.0.11) Firefox/1.5.0.11; 360Spider"
93.228.79.176 - - [03/Apr/2013:04:46:23 +0200] "GET / HTTP/1.1" 302 - "-" "Mozilla/4.0 (compatible; MSIE 7.0; Windows NT 6.0; WOW64; SLCC1; .NET CLR 2.0.50727; .NET CLR 1.1.4322)"
217.88.82.20 - - [03/Apr/2013:07:08:38 +0200] "GET / HTTP/1.1" 302 - "http://www.bigfinder.de/online-11.html" "Mozilla/5.0 (Macintosh; U; Intel Mac OS X 10.6; de-DE; rv:1.9.2.8) Gecko/20100722 Firefox/3.6.8"
5.9.36.119 - - [03/Apr/2013:07:16:06 +0200] "GET /robots.txt HTTP/1.1" 404 1256 "-" "Mozilla/5.0 (compatible; SISTRIX Crawler; http://crawler.sistrix.net/)"
5.9.36.119 - - [03/Apr/2013:07:16:06 +0200] "GET / HTTP/1.1" 302 - "-" "Mozilla/5.0 (compatible; SISTRIX Crawler; http://crawler.sistrix.net/)"
141.8.147.12 - - [03/Apr/2013:09:27:47 +0200] "GET /robots.txt HTTP/1.1" 404 1256 "-" "Mozilla/5.0 (compatible; YandexBot/3.0; +http://yandex.com/bots)"
141.8.147.12 - - [03/Apr/2013:09:27:49 +0200] "GET / HTTP/1.1" 302 - "-" "Mozilla/5.0 (compatible; YandexBot/3.0; MirrorDetector; +http://yandex.com/bots)"
176.9.76.43 - - [03/Apr/2013:10:13:58 +0200] "GET /robots.txt HTTP/1.1" 404 1256 "-" "Mozilla/5.0 (X11; Ubuntu; Linux x86_64; rv:15.0) Gecko/20100101 Firefox/15.0.1"
176.9.76.43 - - [03/Apr/2013:10:13:58 +0200] "GET / HTTP/1.1" 302 - "-" "Mozilla/5.0 (X11; Ubuntu; Linux x86_64; rv:15.0) Gecko/20100101 Firefox/15.0.1"
176.9.76.43 - - [03/Apr/2013:10:14:04 +0200] "GET / HTTP/1.1" 302 - "-" "Mozilla/5.0 (X11; Ubuntu; Linux x86_64; rv:15.0) Gecko/20100101 Firefox/15.0.1"
176.9.76.43 - - [03/Apr/2013:10:14:14 +0200] "GET / HTTP/1.1" 302 - "-" "Mozilla/5.0 (X11; Ubuntu; Linux x86_64; rv:15.0) Gecko/20100101 Firefox/15.0.1"
176.9.76.43 - - [03/Apr/2013:10:14:22 +0200] "GET / HTTP/1.1" 302 - "-" "Mozilla/5.0 (X11; Ubuntu; Linux x86_64; rv:15.0) Gecko/20100101 Firefox/15.0.1"
176.9.76.43 - - [03/Apr/2013:10:14:31 +0200] "GET / HTTP/1.1" 302 - "-" "Mozilla/5.0 (X11; Ubuntu; Linux x86_64; rv:15.0) Gecko/20100101 Firefox/15.0.1"
217.225.163.226 - - [03/Apr/2013:11:49:43 +0200] "GET / HTTP/1.1" 302 - "http://www.bigfinder.de/online-11.html" "T-Online Browser (Windows NT 6.1; de)"
128.131.102.100 - - [03/Apr/2013:14:04:23 +0200] "GET / HTTP/1.0" 302 - "-" "KeepRightBot/0.2 (KeepRight OpenStreetMap Checker; http://keepright.ipax.at)"
5.9.20.44 - - [03/Apr/2013:15:03:47 +0200] "GET /robots.txt HTTP/1.1" 404 1256 "-" "Mozilla/5.0 (X11; Ubuntu; Linux x86_64; rv:15.0) Gecko/20100101 Firefox/15.0.1"
5.9.20.44 - - [03/Apr/2013:15:03:47 +0200] "GET / HTTP/1.1" 302 - "-" "Mozilla/5.0 (X11; Ubuntu; Linux x86_64; rv:15.0) Gecko/20100101 Firefox/15.0.1"
5.9.20.44 - - [03/Apr/2013:15:03:49 +0200] "GET / HTTP/1.1" 302 - "-" "Mozilla/5.0 (X11; Ubuntu; Linux x86_64; rv:15.0) Gecko/20100101 Firefox/15.0.1"
5.9.20.44 - - [03/Apr/2013:15:03:56 +0200] "GET / HTTP/1.1" 302 - "-" "Mozilla/5.0 (X11; Ubuntu; Linux x86_64; rv:15.0) Gecko/20100101 Firefox/15.0.1"
5.9.20.44 - - [03/Apr/2013:15:04:06 +0200] "GET / HTTP/1.1" 302 - "-" "Mozilla/5.0 (X11; Ubuntu; Linux x86_64; rv:15.0) Gecko/20100101 Firefox/15.0.1"
5.9.20.44 - - [03/Apr/2013:15:04:13 +0200] "GET / HTTP/1.1" 302 - "-" "Mozilla/5.0 (X11; Ubuntu; Linux x86_64; rv:15.0) Gecko/20100101 Firefox/15.0.1"
157.55.32.143 - - [03/Apr/2013:18:55:37 +0200] "GET /robots.txt HTTP/1.1" 404 1256 "-" "Mozilla/5.0 (compatible; bingbot/2.0; +http://www.bing.com/bingbot.htm)"
157.55.32.143 - - [03/Apr/2013:18:58:27 +0200] "GET / HTTP/1.1" 302 - "-" "Mozilla/5.0 (compatible; bingbot/2.0; +http://www.bing.com/bingbot.htm)"
85.25.120.73 - - [03/Apr/2013:19:31:22 +0200] "GET /robots.txt HTTP/1.1" 404 1256 "-" "Mozilla/5.0 (X11; U; Linux i686; de; rv:1.9.0.1; compatible; iCjobs Stellenangebote Jobs; http://www.icjobs.de) Gecko/20100401 iCjobs/3.2.3"
85.25.120.73 - - [03/Apr/2013:19:31:22 +0200] "GET / HTTP/1.1" 302 - "-" "Mozilla/5.0 (X11; U; Linux i686; de; rv:1.9.0.1; compatible; iCjobs Stellenangebote Jobs; http://www.icjobs.de) Gecko/20100401 iCjobs/3.2.3"
85.25.120.73 - - [03/Apr/2013:19:31:23 +0200] "GET / HTTP/1.1" 302 - "-" "Mozilla/5.0 (X11; U; Linux i686; de; rv:1.9.0.1; compatible; iCjobs Stellenangebote Jobs; http://www.icjobs.de) Gecko/20100401 iCjobs/3.2.3"
141.8.147.12 - - [03/Apr/2013:22:28:35 +0200] "GET /robots.txt HTTP/1.1" 404 1256 "-" "Mozilla/5.0 (compatible; YandexBot/3.0; +http://yandex.com/bots)"
141.8.147.12 - - [03/Apr/2013:22:28:40 +0200] "GET / HTTP/1.1" 302 - "-" "Mozilla/5.0 (compatible; YandexBot/3.0; MirrorDetector; +http://yandex.com/bots)"
217.230.189.75 - - [03/Apr/2013:22:37:25 +0200] "GET / HTTP/1.1" 302 - "http://www.bigfinder.de/online-11.html" "Mozilla/4.0 (compatible; MSIE 8.0; Windows NT 6.1; Trident/4.0; SLCC2; .NET CLR 2.0.50727; .NET CLR 3.5.30729; .NET CLR 3.0.30729; Media Center PC 6.0)"
217.230.189.75 - - [03/Apr/2013:23:19:53 +0200] "GET / HTTP/1.1" 302 - "http://www.bigfinder.de/online-11.html" "T-Online Browser"
46.4.100.231 - - [04/Apr/2013:00:28:10 +0200] "GET /robots.txt HTTP/1.1" 404 1256 "-" "BacklinkCrawler (http://www.backlinktest.com/crawler.html)"
46.4.100.231 - - [04/Apr/2013:00:28:10 +0200] "GET /sitemap.xml HTTP/1.1" 404 1256 "-" "BacklinkCrawler (http://www.backlinktest.com/crawler.html)"
46.4.100.231 - - [04/Apr/2013:00:28:17 +0200] "GET / HTTP/1.1" 302 - "-" "BacklinkCrawler (http://www.backlinktest.com/crawler.html)"
173.192.235.226 - - [04/Apr/2013:00:39:23 +0200] "GET /robots.txt HTTP/1.1" 404 1256 "-" "Mozilla/5.0 (compatible; SiteExplorer/1.0b; +http://siteexplorer.info/)"
173.192.235.226 - - [04/Apr/2013:00:39:25 +0200] "GET / HTTP/1.1" 302 - "-" "Mozilla/5.0 (compatible; SiteExplorer/1.0b; +http://siteexplorer.info/)"
78.53.0.177 - - [04/Apr/2013:01:14:55 +0200] "GET / HTTP/1.1" 302 - "http://www.berlin.de/sen/bildung/schulverzeichnis_und_portraets/anwendung/Schulportrait.aspx?IDSchulzweig=10225" "Mozilla/5.0 (Windows NT 5.1; rv:19.0) Gecko/20100101 Firefox/19.0"
78.53.0.177 - - [04/Apr/2013:01:19:12 +0200] "GET / HTTP/1.1" 302 - "http://www.berlin.de/sen/bildung/schulverzeichnis_und_portraets/anwendung/Schulportrait.aspx?IDSchulzweig=10226" "Mozilla/5.0 (Windows NT 5.1; rv:19.0) Gecko/20100101 Firefox/19.0"
93.228.75.223 - - [04/Apr/2013:05:26:35 +0200] "GET / HTTP/1.1" 302 - "-" "Mozilla/4.0 (compatible; MSIE 7.0; Windows NT 6.0; WOW64; SLCC1; .NET CLR 2.0.50727)"
178.255.215.68 - - [04/Apr/2013:08:55:07 +0200] "GET /robots.txt HTTP/1.1" 404 1256 "-" "Mozilla/5.0 (compatible; Exabot/3.0; +http://www.exabot.com/go/robot)"
178.255.215.68 - - [04/Apr/2013:08:55:07 +0200] "GET / HTTP/1.1" 302 - "-" "Mozilla/5.0 (compatible; Exabot/3.0; +http://www.exabot.com/go/robot)"
66.249.76.9 - - [04/Apr/2013:10:52:33 +0200] "GET /robots.txt HTTP/1.1" 404 1256 "-" "Mozilla/5.0 (compatible; Googlebot/2.1; +http://www.google.com/bot.html)"
66.249.76.9 - - [04/Apr/2013:10:52:33 +0200] "GET / HTTP/1.1" 302 - "-" "Mozilla/5.0 (compatible; Googlebot/2.1; +http://www.google.com/bot.html)"
80.153.168.221 - - [04/Apr/2013:14:54:21 +0200] "GET / HTTP/1.0" 302 - "-" "Mozilla/5.0 (Windows NT 6.1; WOW64; rv:19.0) Gecko/20100101 Firefox/19.0"
130.83.167.153 - - [04/Apr/2013:20:02:22 +0200] "GET /robots.txt HTTP/1.1" 404 1256 "-" "findlinks/2.6 (+http://wortschatz.uni-leipzig.de/findlinks/)"
192.76.246.117 - - [04/Apr/2013:22:18:26 +0200] "GET / HTTP/1.1" 302 - "-" "Java/1.6.0_27"
173.199.118.35 - - [05/Apr/2013:00:27:48 +0200] "GET /robots.txt HTTP/1.1" 404 1256 "-" "Mozilla/5.0 (compatible; AhrefsBot/4.0; +http://ahrefs.com/robot/)"
193.175.194.33 - - [05/Apr/2013:02:23:28 +0200] "GET / HTTP/1.1" 302 - "-" "Bildungsserver-Linkchecker DBS 0.9 (http://www.bildungsserver.de)"
93.220.198.160 - - [05/Apr/2013:05:54:22 +0200] "GET / HTTP/1.1" 302 - "-" "Mozilla/4.0 (compatible; MSIE 7.0; Windows NT 6.0; WOW64; SLCC1; .NET CLR 2.0.50727; .NET CLR 1.1.4322; .NET CLR 3.5.21022; .NET CLR 3.0.04506)"
178.77.126.55 - - [05/Apr/2013:06:46:30 +0200] "GET /robots.txt HTTP/1.1" 404 1256 "-" "Mozilla/5.0 (compatible; CareerBot/1.1; +http://www.career-x.de/bot.html)"
178.77.126.55 - - [05/Apr/2013:06:46:30 +0200] "GET / HTTP/1.1" 302 - "-" "Mozilla/5.0 (compatible; CareerBot/1.1; +http://www.career-x.de/bot.html)"
188.165.248.204 - - [05/Apr/2013:11:10:09 +0200] "GET /robots.txt HTTP/1.0" 404 1256 "-" "Mozilla/5.0 (compatible; MJ12bot/v1.4.3; http://www.majestic12.co.uk/bot.php?+)"
188.165.248.204 - - [05/Apr/2013:11:10:12 +0200] "GET / HTTP/1.0" 302 - "-" "Mozilla/5.0 (compatible; MJ12bot/v1.4.3; http://www.majestic12.co.uk/bot.php?+)"
88.3.212.163 - - [05/Apr/2013:12:34:38 +0200] "GET / HTTP/1.1" 302 - "http://www.educacion.gob.es/exterior/al/es/espaniol/ele_berlin2012.pdf" "Mozilla/5.0 (Windows NT 6.1; WOW64; rv:19.0) Gecko/20100101 Firefox/19.0"
85.214.134.94 - - [05/Apr/2013:13:09:31 +0200] "GET /robots.txt HTTP/1.1" 404 1256 "-" "Mozilla/5.0 (compatible; emefgebot/beta; +http://emefge.de/bot.html)"
85.214.134.94 - - [05/Apr/2013:13:09:31 +0200] "GET / HTTP/1.1" 302 - "-" "Mozilla/5.0 (compatible; emefgebot/beta; +http://emefge.de/bot.html)"
141.8.147.12 - - [05/Apr/2013:13:48:20 +0200] "GET /robots.txt HTTP/1.1" 404 1256 "-" "Mozilla/5.0 (compatible; YandexBot/3.0; +http://yandex.com/bots)"
141.8.147.12 - - [05/Apr/2013:13:48:41 +0200] "GET / HTTP/1.1" 302 - "-" "Mozilla/5.0 (compatible; YandexBot/3.0; MirrorDetector; +http://yandex.com/bots)"
101.226.166.248 - - [05/Apr/2013:14:09:27 +0200] "GET /index_fr.php HTTP/1.1" 404 1256 "http://www.friedrich-list-berlin.de/index_fr.php" "Mozilla/4.0 (compatible; MSIE 8.0; Windows NT 6.1; Trident/4.0; SLCC2; .NET CLR 2.0.50727; .NET CLR 3.5.30729; .NET CLR 3.0.30729; Media Center PC 6.0; MDDR; .NET4.0C; .NET4.0E; .NET CLR 1.1.4322; Tablet PC 2.0); 360Spider"
101.226.166.246 - - [05/Apr/2013:14:09:33 +0200] "GET /index_sp.php HTTP/1.1" 404 1256 "http://www.friedrich-list-berlin.de/index_sp.php" "Mozilla/4.0 (compatible; MSIE 8.0; Windows NT 6.1; Trident/4.0; SLCC2; .NET CLR 2.0.50727; .NET CLR 3.5.30729; .NET CLR 3.0.30729; Media Center PC 6.0; MDDR; .NET4.0C; .NET4.0E; .NET CLR 1.1.4322; Tablet PC 2.0); 360Spider"
192.76.246.117 - - [06/Apr/2013:02:48:17 +0200] "GET / HTTP/1.1" 302 - "-" "Java/1.6.0_27"
66.249.78.115 - - [06/Apr/2013:03:47:19 +0200] "GET /robots.txt HTTP/1.1" 404 1256 "-" "Mozilla/5.0 (compatible; Googlebot/2.1; +http://www.google.com/bot.html)"
66.249.78.115 - - [06/Apr/2013:03:47:20 +0200] "GET / HTTP/1.1" 302 - "-" "SAMSUNG-SGH-E250/1.0 Profile/MIDP-2.0 Configuration/CLDC-1.1 UP.Browser/6.2.3.3.c.1.101 (GUI) MMP/2.0 (compatible; Googlebot-Mobile/2.1; +http://www.google.com/bot.html)"
91.121.24.97 - - [06/Apr/2013:04:50:58 +0200] "GET /robots.txt HTTP/1.0" 404 1256 "-" "Mozilla/5.0 (compatible; MJ12bot/v1.4.3; http://www.majestic12.co.uk/bot.php?+)"
91.121.24.97 - - [06/Apr/2013:04:51:00 +0200] "GET / HTTP/1.0" 302 - "-" "Mozilla/5.0 (compatible; MJ12bot/v1.4.3; http://www.majestic12.co.uk/bot.php?+)"
85.25.120.73 - - [06/Apr/2013:04:52:00 +0200] "GET /robots.txt HTTP/1.1" 404 1256 "-" "Mozilla/5.0 (X11; U; Linux i686; de; rv:1.9.0.1; compatible; iCjobs Stellenangebote Jobs; http://www.icjobs.de) Gecko/20100401 iCjobs/3.2.3"
85.25.120.73 - - [06/Apr/2013:04:52:00 +0200] "GET / HTTP/1.1" 302 - "-" "Mozilla/5.0 (X11; U; Linux i686; de; rv:1.9.0.1; compatible; iCjobs Stellenangebote Jobs; http://www.icjobs.de) Gecko/20100401 iCjobs/3.2.3"
85.25.120.73 - - [06/Apr/2013:04:52:01 +0200] "GET / HTTP/1.1" 302 - "-" "Mozilla/5.0 (X11; U; Linux i686; de; rv:1.9.0.1; compatible; iCjobs Stellenangebote Jobs; http://www.icjobs.de) Gecko/20100401 iCjobs/3.2.3"
95.211.139.1 - - [06/Apr/2013:06:49:08 +0200] "GET /robots.txt HTTP/1.0" 404 1256 "-" "Mozilla/5.0 (compatible; AcoonBot/4.11.1; +http://www.acoon.de/robot.asp)"
95.211.139.1 - - [06/Apr/2013:06:49:08 +0200] "GET / HTTP/1.0" 302 - "-" "Mozilla/5.0 (compatible; AcoonBot/4.11.1; +http://www.acoon.de/robot.asp)"
216.145.5.42 - - [06/Apr/2013:09:47:24 +0200] "GET /robots.txt HTTP/1.0" 404 1256 "-" "Mozilla/5.0 (Windows; U; Windows NT 5.1; en; rv:1.9.0.13) Gecko/2009073022 Firefox/3.5.2 (.NET CLR 3.5.30729) SurveyBot/2.3 (DomainTools)"
216.145.5.42 - - [06/Apr/2013:09:47:24 +0200] "GET / HTTP/1.1" 302 - "http://whois.domaintools.com/friedrich-list-berlin.de" "Mozilla/5.0 (Windows; U; Windows NT 5.1; en; rv:1.9.0.13) Gecko/2009073022 Firefox/3.5.2 (.NET CLR 3.5.30729) SurveyBot/2.3 (DomainTools)"
178.255.215.68 - - [06/Apr/2013:09:51:15 +0200] "GET /robots.txt HTTP/1.1" 404 1256 "-" "Mozilla/5.0 (compatible; Exabot/3.0; +http://www.exabot.com/go/robot)"
178.255.215.68 - - [06/Apr/2013:09:51:15 +0200] "GET / HTTP/1.1" 302 - "-" "Mozilla/5.0 (compatible; Exabot/3.0; +http://www.exabot.com/go/robot)"
83.143.143.9 - - [06/Apr/2013:11:45:58 +0200] "GET / HTTP/1.1" 302 - "-" "Mozilla/5.0 (Windows NT 6.1; WOW64; rv:7.0.1) Gecko/20100101 Firefox/7.0.1"
141.8.147.12 - - [06/Apr/2013:15:56:17 +0200] "GET /robots.txt HTTP/1.1" 404 1256 "-" "Mozilla/5.0 (compatible; YandexBot/3.0; +http://yandex.com/bots)"
141.8.147.12 - - [06/Apr/2013:15:56:19 +0200] "GET / HTTP/1.1" 302 - "-" "Mozilla/5.0 (compatible; YandexBot/3.0; MirrorDetector; +http://yandex.com/bots)"
5.9.20.44 - - [06/Apr/2013:22:14:12 +0200] "GET /robots.txt HTTP/1.1" 404 1256 "-" "Mozilla/5.0 (X11; Ubuntu; Linux x86_64; rv:15.0) Gecko/20100101 Firefox/15.0.1"
5.9.20.44 - - [06/Apr/2013:22:14:12 +0200] "GET / HTTP/1.1" 302 - "-" "Mozilla/5.0 (X11; Ubuntu; Linux x86_64; rv:15.0) Gecko/20100101 Firefox/15.0.1"
5.9.20.44 - - [06/Apr/2013:22:14:13 +0200] "GET / HTTP/1.1" 302 - "-" "Mozilla/5.0 (X11; Ubuntu; Linux x86_64; rv:15.0) Gecko/20100101 Firefox/15.0.1"
5.9.20.44 - - [06/Apr/2013:22:14:14 +0200] "GET / HTTP/1.1" 302 - "-" "Mozilla/5.0 (X11; Ubuntu; Linux x86_64; rv:15.0) Gecko/20100101 Firefox/15.0.1"
5.9.20.44 - - [06/Apr/2013:22:14:21 +0200] "GET / HTTP/1.1" 302 - "-" "Mozilla/5.0 (X11; Ubuntu; Linux x86_64; rv:15.0) Gecko/20100101 Firefox/15.0.1"
5.9.20.44 - - [06/Apr/2013:22:14:25 +0200] "GET / HTTP/1.1" 302 - "-" "Mozilla/5.0 (X11; Ubuntu; Linux x86_64; rv:15.0) Gecko/20100101 Firefox/15.0.1"
66.249.78.115 - - [07/Apr/2013:02:32:35 +0200] "GET /robots.txt HTTP/1.1" 404 1256 "-" "Mozilla/5.0 (compatible; Googlebot/2.1; +http://www.google.com/bot.html)"
66.249.75.9 - - [07/Apr/2013:02:32:35 +0200] "GET / HTTP/1.1" 302 - "-" "DoCoMo/2.0 N905i(c100;TB;W24H16) (compatible; Googlebot-Mobile/2.1; +http://www.google.com/bot.html)"
173.252.101.118 - - [07/Apr/2013:08:09:18 +0200] "GET / HTTP/1.1" 302 - "-" "facebookexternalhit/1.1 (+http://www.facebook.com/externalhit_uatext.php)"
139.18.2.209 - - [07/Apr/2013:08:38:06 +0200] "GET / HTTP/1.1" 302 - "-" "findlinks/2.6 (+http://wortschatz.uni-leipzig.de/findlinks/)"
178.77.126.55 - - [07/Apr/2013:19:54:36 +0200] "GET /robots.txt HTTP/1.1" 404 1256 "-" "Mozilla/5.0 (compatible; CareerBot/1.1; +http://www.career-x.de/bot.html)"
178.77.126.55 - - [07/Apr/2013:19:54:36 +0200] "GET / HTTP/1.1" 302 - "-" "Mozilla/5.0 (compatible; CareerBot/1.1; +http://www.career-x.de/bot.html)"
213.93.41.131 - - [07/Apr/2013:23:00:33 +0200] "GET / HTTP/1.1" 302 - "-" "Java/1.4.1_04"
213.93.41.131 - - [07/Apr/2013:23:00:34 +0200] "GET /fls_1_aktuelles.php HTTP/1.1" 404 1256 "-" "Java/1.4.1_04"
213.93.41.131 - - [07/Apr/2013:23:00:34 +0200] "GET /fls_2_fremdsprachensekr.php HTTP/1.1" 404 1256 "-" "Java/1.4.1_04"
213.93.41.131 - - [07/Apr/2013:23:00:34 +0200] "GET /fls_3_fls_international.php HTTP/1.1" 404 1256 "-" "Java/1.4.1_04"
213.93.41.131 - - [07/Apr/2013:23:00:34 +0200] "GET /fls_4_faq.php HTTP/1.1" 404 1256 "-" "Java/1.4.1_04"
213.93.41.131 - - [07/Apr/2013:23:00:35 +0200] "GET /fls_4_impressum.php HTTP/1.1" 404 1256 "-" "Java/1.4.1_04"
213.93.41.131 - - [07/Apr/2013:23:00:35 +0200] "GET /fls_4_kontakt_anmeldung.php HTTP/1.1" 404 1256 "-" "Java/1.4.1_04"
213.93.41.131 - - [07/Apr/2013:23:00:35 +0200] "GET /index.php HTTP/1.1" 302 - "-" "Java/1.4.1_04"
213.93.41.131 - - [07/Apr/2013:23:00:36 +0200] "GET /index_en.php HTTP/1.1" 404 1256 "-" "Java/1.4.1_04"
213.93.41.131 - - [07/Apr/2013:23:00:36 +0200] "GET /index_fr.php HTTP/1.1" 404 1256 "-" "Java/1.4.1_04"
213.93.41.131 - - [07/Apr/2013:23:00:36 +0200] "GET /index_sp.php HTTP/1.1" 404 1256 "-" "Java/1.4.1_04"
213.93.41.131 - - [07/Apr/2013:23:00:36 +0200] "GET /ddlevelsfiles/ddlevelsmenu.js HTTP/1.1" 404 1256 "-" "Java/1.4.1_04"
213.93.41.131 - - [07/Apr/2013:23:00:36 +0200] "GET /js/lightwindow.js HTTP/1.1" 404 1256 "-" "Java/1.4.1_04"
213.93.41.131 - - [07/Apr/2013:23:00:36 +0200] "GET /js/prototype.js HTTP/1.1" 404 1256 "-" "Java/1.4.1_04"
213.93.41.131 - - [07/Apr/2013:23:00:36 +0200] "GET /js/scriptaculous.js?load=effects HTTP/1.1" 404 1256 "-" "Java/1.4.1_04"
139.18.2.209 - - [08/Apr/2013:02:36:25 +0200] "GET /robots.txt HTTP/1.1" 404 1256 "-" "findlinks/2.6 (+http://wortschatz.uni-leipzig.de/findlinks/)"
208.115.111.69 - - [08/Apr/2013:02:36:42 +0200] "GET /robots.txt HTTP/1.1" 404 1256 "-" "Mozilla/5.0 (compatible; Ezooms/1.0; ezooms.bot@gmail.com)"
208.115.111.69 - - [08/Apr/2013:02:53:11 +0200] "GET / HTTP/1.1" 302 - "-" "Mozilla/5.0 (compatible; Ezooms/1.0; ezooms.bot@gmail.com)"
141.8.147.12 - - [08/Apr/2013:07:06:26 +0200] "GET /robots.txt HTTP/1.1" 404 1256 "-" "Mozilla/5.0 (compatible; YandexBot/3.0; +http://yandex.com/bots)"
141.8.147.12 - - [08/Apr/2013:07:06:29 +0200] "GET /fls_1_aktuelles.php HTTP/1.1" 404 1256 "-" "Mozilla/5.0 (compatible; YandexBot/3.0; MirrorDetector; +http://yandex.com/bots)"
141.8.147.12 - - [08/Apr/2013:07:06:31 +0200] "GET /fls_2_europakorr.php HTTP/1.1" 404 1256 "-" "Mozilla/5.0 (compatible; YandexBot/3.0; MirrorDetector; +http://yandex.com/bots)"
141.8.147.12 - - [08/Apr/2013:07:06:33 +0200] "GET /fls_2_fremdsprachenkorr.php HTTP/1.1" 404 1256 "-" "Mozilla/5.0 (compatible; YandexBot/3.0; MirrorDetector; +http://yandex.com/bots)"
141.8.147.12 - - [08/Apr/2013:07:06:35 +0200] "GET /index_en.php HTTP/1.1" 404 1256 "-" "Mozilla/5.0 (compatible; YandexBot/3.0; MirrorDetector; +http://yandex.com/bots)"
141.8.147.12 - - [08/Apr/2013:07:06:38 +0200] "GET /index_fr.php HTTP/1.1" 404 1256 "-" "Mozilla/5.0 (compatible; YandexBot/3.0; MirrorDetector; +http://yandex.com/bots)"
141.8.147.12 - - [08/Apr/2013:07:06:41 +0200] "GET /fls_2_fremdsprachensekr.php HTTP/1.1" 404 1256 "-" "Mozilla/5.0 (compatible; YandexBot/3.0; MirrorDetector; +http://yandex.com/bots)"
141.8.147.12 - - [08/Apr/2013:07:06:43 +0200] "GET /fls_2_kurs_ecbm_london.php HTTP/1.1" 404 1256 "-" "Mozilla/5.0 (compatible; YandexBot/3.0; MirrorDetector; +http://yandex.com/bots)"
141.8.147.12 - - [08/Apr/2013:07:06:46 +0200] "GET /fls_4_impressum.php HTTP/1.1" 404 1256 "-" "Mozilla/5.0 (compatible; YandexBot/3.0; MirrorDetector; +http://yandex.com/bots)"
141.8.147.12 - - [08/Apr/2013:07:06:48 +0200] "GET /fls_3_fls_international.php HTTP/1.1" 404 1256 "-" "Mozilla/5.0 (compatible; YandexBot/3.0; MirrorDetector; +http://yandex.com/bots)"
141.8.147.12 - - [08/Apr/2013:07:06:51 +0200] "GET /index_sp.php HTTP/1.1" 404 1256 "-" "Mozilla/5.0 (compatible; YandexBot/3.0; MirrorDetector; +http://yandex.com/bots)"
141.8.147.12 - - [08/Apr/2013:07:06:53 +0200] "GET /fls_4_kontakt_anmeldung.php HTTP/1.1" 404 1256 "-" "Mozilla/5.0 (compatible; YandexBot/3.0; MirrorDetector; +http://yandex.com/bots)"
141.8.147.12 - - [08/Apr/2013:07:06:56 +0200] "GET /fls_2_berufsfachschule.php HTTP/1.1" 404 1256 "-" "Mozilla/5.0 (compatible; YandexBot/3.0; MirrorDetector; +http://yandex.com/bots)"
178.255.215.68 - - [08/Apr/2013:08:12:40 +0200] "GET /robots.txt HTTP/1.1" 404 1256 "-" "Mozilla/5.0 (compatible; Exabot/3.0; +http://www.exabot.com/go/robot)"
178.255.215.68 - - [08/Apr/2013:08:12:40 +0200] "GET / HTTP/1.1" 302 - "-" "Mozilla/5.0 (compatible; Exabot/3.0; +http://www.exabot.com/go/robot)"
89.204.139.133 - - [08/Apr/2013:08:57:52 +0200] "GET / HTTP/1.1" 302 - "http://domino2.berufsschulen.de/db/berufsschulen.nsf/bc99c0a4aa4bbbfcc1256b470057821a/f201afb7f4437fd1c12570bf005daa06?OpenDocument&TableRow=1.1" "Mozilla/5.0 (Windows NT 5.1; rv:17.0) Gecko/20100101 Firefox/17.0"
85.25.120.73 - - [08/Apr/2013:11:04:45 +0200] "GET / HTTP/1.1" 302 - "-" "Mozilla/5.0 (X11; U; Linux i686; en-US; rv:1.9.0.1) Gecko/2008070206 Firefox/3.0.1"
66.249.78.115 - - [08/Apr/2013:15:53:44 +0200] "GET /robots.txt HTTP/1.1" 404 1256 "-" "Mozilla/5.0 (compatible; Googlebot/2.1; +http://www.google.com/bot.html)"
66.249.78.115 - - [08/Apr/2013:15:53:44 +0200] "GET / HTTP/1.1" 302 - "-" "Mozilla/5.0 (compatible; Googlebot/2.1; +http://www.google.com/bot.html)"
93.220.222.233 - - [08/Apr/2013:16:51:51 +0200] "GET / HTTP/1.1" 302 - "-" "Mozilla/4.0 (compatible; MSIE 7.0; Windows NT 6.0; WOW64; SLCC1; .NET CLR 2.0.50727; .NET CLR 1.1.4322; .NET CLR 3.5.21022; .NET CLR 3.0.04506)"
91.66.167.48 - - [08/Apr/2013:17:31:57 +0200] "GET / HTTP/1.1" 302 - "http://www.berlin.de/sen/bildung/schulverzeichnis_und_portraets/anwendung/Schulportrait.aspx?IDSchulzweig=10225" "Mozilla/5.0 (Windows NT 6.1; WOW64; rv:19.0) Gecko/20100101 Firefox/19.0"
85.25.120.73 - - [08/Apr/2013:18:31:45 +0200] "GET / HTTP/1.1" 302 - "-" "Mozilla/5.0 (X11; U; Linux i686; en-US; rv:1.9.0.1) Gecko/2008070206 Firefox/3.0.1"
141.8.147.12 - - [08/Apr/2013:20:40:18 +0200] "GET /robots.txt HTTP/1.1" 404 1256 "-" "Mozilla/5.0 (compatible; YandexBot/3.0; +http://yandex.com/bots)"
141.8.147.12 - - [08/Apr/2013:20:40:20 +0200] "GET / HTTP/1.1" 302 - "-" "Mozilla/5.0 (compatible; YandexBot/3.0; MirrorDetector; +http://yandex.com/bots)"
85.25.120.73 - - [09/Apr/2013:10:40:11 +0200] "GET /robots.txt HTTP/1.1" 404 1256 "-" "Mozilla/5.0 (X11; U; Linux i686; de; rv:1.9.0.1; compatible; iCjobs Stellenangebote Jobs; http://www.icjobs.de) Gecko/20100401 iCjobs/3.2.3"
85.25.120.73 - - [09/Apr/2013:10:40:11 +0200] "GET / HTTP/1.1" 302 - "-" "Mozilla/5.0 (X11; U; Linux i686; de; rv:1.9.0.1; compatible; iCjobs Stellenangebote Jobs; http://www.icjobs.de) Gecko/20100401 iCjobs/3.2.3"
85.25.120.73 - - [09/Apr/2013:10:40:14 +0200] "GET / HTTP/1.1" 302 - "-" "Mozilla/5.0 (X11; U; Linux i686; de; rv:1.9.0.1; compatible; iCjobs Stellenangebote Jobs; http://www.icjobs.de) Gecko/20100401 iCjobs/3.2.3"
141.15.33.1 - - [09/Apr/2013:14:30:42 +0200] "GET / HTTP/1.1" 302 - "http://www.berlin.de/sen/bildung/schulverzeichnis_und_portraets/anwendung/Schulportrait.aspx?IDSchulzweig=10225" "Mozilla/4.0 (compatible; MSIE 8.0; Windows NT 5.1; Trident/4.0; .NET CLR 2.0.50727; .NET CLR 3.0.4506.2152; .NET CLR 3.5.30729; InfoPath.3)"
93.220.240.198 - - [09/Apr/2013:16:56:42 +0200] "GET / HTTP/1.1" 302 - "-" "Mozilla/5.0 Gecko/2009042316 Firefox/2.0.0.x"
77.116.247.37 - - [09/Apr/2013:17:26:39 +0200] "GET / HTTP/1.1" 302 - "http://www.schulweb.de/de/bestatschulweb/liste.html?kategorie=best_at&sprache=®ion=&list_anfang=144&trefferzahlauswahl=16&auswahl_1=&auswahl_2=&auswahl_3=&suchtext=&zeigen2=&sort=wertnummer" "SiteSucker/2.4.2"
46.115.116.39 - - [09/Apr/2013:21:34:55 +0200] "GET / HTTP/1.1" 302 - "https://m.facebook.com" "Mozilla/5.0 (iPhone; CPU iPhone OS 6_0_1 like Mac OS X) AppleWebKit/536.26 (KHTML, like Gecko) Mobile/10A525 [FBAN/FBIOS;FBAV/5.3;FBBV/89182;FBDV/iPhone5,2;FBMD/iPhone;FBSN/iPhone OS;FBSV/6.0.1;FBSS/2; FBCR/Carrier;FBID/phone;FBLC/de_DE]"
141.8.147.12 - - [09/Apr/2013:22:13:05 +0200] "GET /robots.txt HTTP/1.1" 404 1256 "-" "Mozilla/5.0 (compatible; YandexBot/3.0; +http://yandex.com/bots)"
141.8.147.12 - - [09/Apr/2013:22:13:07 +0200] "GET / HTTP/1.1" 302 - "-" "Mozilla/5.0 (compatible; YandexBot/3.0; +http://yandex.com/bots)"
176.9.76.43 - - [10/Apr/2013:03:19:20 +0200] "GET /robots.txt HTTP/1.1" 404 1256 "-" "Mozilla/5.0 (X11; Ubuntu; Linux x86_64; rv:15.0) Gecko/20100101 Firefox/15.0.1"
176.9.76.43 - - [10/Apr/2013:03:19:20 +0200] "GET / HTTP/1.1" 302 - "-" "Mozilla/5.0 (X11; Ubuntu; Linux x86_64; rv:15.0) Gecko/20100101 Firefox/15.0.1"
176.9.76.43 - - [10/Apr/2013:03:19:29 +0200] "GET / HTTP/1.1" 302 - "-" "Mozilla/5.0 (X11; Ubuntu; Linux x86_64; rv:15.0) Gecko/20100101 Firefox/15.0.1"
176.9.76.43 - - [10/Apr/2013:03:19:33 +0200] "GET / HTTP/1.1" 302 - "-" "Mozilla/5.0 (X11; Ubuntu; Linux x86_64; rv:15.0) Gecko/20100101 Firefox/15.0.1"
176.9.76.43 - - [10/Apr/2013:03:19:40 +0200] "GET / HTTP/1.1" 302 - "-" "Mozilla/5.0 (X11; Ubuntu; Linux x86_64; rv:15.0) Gecko/20100101 Firefox/15.0.1"
176.9.76.43 - - [10/Apr/2013:03:19:45 +0200] "GET / HTTP/1.1" 302 - "-" "Mozilla/5.0 (X11; Ubuntu; Linux x86_64; rv:15.0) Gecko/20100101 Firefox/15.0.1"
5.9.20.44 - - [10/Apr/2013:04:17:19 +0200] "GET / HTTP/1.1" 302 - "-" "Mozilla/5.0 (X11; Ubuntu; Linux x86_64; rv:15.0) Gecko/20100101 Firefox/15.0.1"
5.9.20.44 - - [10/Apr/2013:04:17:23 +0200] "GET / HTTP/1.1" 302 - "-" "Mozilla/5.0 (X11; Ubuntu; Linux x86_64; rv:15.0) Gecko/20100101 Firefox/15.0.1"
5.9.20.44 - - [10/Apr/2013:04:17:23 +0200] "GET / HTTP/1.1" 302 - "-" "Mozilla/5.0 (X11; Ubuntu; Linux x86_64; rv:15.0) Gecko/20100101 Firefox/15.0.1"
5.9.20.44 - - [10/Apr/2013:04:17:28 +0200] "GET / HTTP/1.1" 302 - "-" "Mozilla/5.0 (X11; Ubuntu; Linux x86_64; rv:15.0) Gecko/20100101 Firefox/15.0.1"
5.9.20.44 - - [10/Apr/2013:04:17:29 +0200] "GET / HTTP/1.1" 302 - "-" "Mozilla/5.0 (X11; Ubuntu; Linux x86_64; rv:15.0) Gecko/20100101 Firefox/15.0.1"
178.77.126.55 - - [10/Apr/2013:04:26:34 +0200] "GET /robots.txt HTTP/1.1" 404 1256 "-" "Mozilla/5.0 (compatible; CareerBot/1.1; +http://www.career-x.de/bot.html)"
178.77.126.55 - - [10/Apr/2013:04:26:34 +0200] "GET / HTTP/1.1" 302 - "-" "Mozilla/5.0 (compatible; CareerBot/1.1; +http://www.career-x.de/bot.html)"
141.8.147.12 - - [10/Apr/2013:05:02:07 +0200] "GET / HTTP/1.1" 302 - "-" "Mozilla/5.0 (compatible; YandexBot/3.0; +http://yandex.com/bots)"
88.26.235.31 - - [10/Apr/2013:09:59:30 +0200] "GET / HTTP/1.0" 302 - "http://www.google.es/url?sa=t&rct=j&q=friedrich-list-berlin.de&source=web&cd=1&ved=0CDIQFjAA&url=http%3A%2F%2Fwww.friedrich-list-berlin.de%2F&ei=zBtlUemKFoy0hAf004G4AQ&usg=AFQjCNGsKs3TvBQ4z91zrYvo9_SfKi5nug&bvm=bv.44990110,d.d2k" "Mozilla/5.0 (compatible; MSIE 9.0; Windows NT 6.1; Trident/5.0)"
94.134.212.48 - - [10/Apr/2013:11:10:53 +0200] "GET / HTTP/1.1" 302 - "-" "Mozilla/5.0 (Windows NT 5.1; rv:8.0.1) Gecko/20100101 Firefox/8.0.1"
141.8.147.12 - - [10/Apr/2013:12:53:20 +0200] "GET /robots.txt HTTP/1.1" 404 1256 "-" "Mozilla/5.0 (compatible; YandexBot/3.0; +http://yandex.com/bots)"
141.8.147.12 - - [10/Apr/2013:12:53:22 +0200] "GET /fls_2_europakorr.php HTTP/1.1" 404 1256 "-" "Mozilla/5.0 (compatible; YandexBot/3.0; +http://yandex.com/bots)"
141.8.147.12 - - [10/Apr/2013:12:53:24 +0200] "GET /fls_1_aktuelles.php HTTP/1.1" 404 1256 "-" "Mozilla/5.0 (compatible; YandexBot/3.0; +http://yandex.com/bots)"
141.8.147.12 - - [10/Apr/2013:12:53:26 +0200] "GET /fls_2_kurs_ecbm_london.php HTTP/1.1" 404 1256 "-" "Mozilla/5.0 (compatible; YandexBot/3.0; +http://yandex.com/bots)"
141.8.147.12 - - [10/Apr/2013:12:53:28 +0200] "GET /fls_4_kontakt_anmeldung.php HTTP/1.1" 404 1256 "-" "Mozilla/5.0 (compatible; YandexBot/3.0; +http://yandex.com/bots)"
141.8.147.12 - - [10/Apr/2013:12:53:30 +0200] "GET /fls_2_berufsfachschule.php HTTP/1.1" 404 1256 "-" "Mozilla/5.0 (compatible; YandexBot/3.0; +http://yandex.com/bots)"
141.8.147.12 - - [10/Apr/2013:12:53:32 +0200] "GET /index_sp.php HTTP/1.1" 404 1256 "-" "Mozilla/5.0 (compatible; YandexBot/3.0; +http://yandex.com/bots)"
141.8.147.12 - - [10/Apr/2013:12:53:34 +0200] "GET /fls_2_fremdsprachensekr.php HTTP/1.1" 404 1256 "-" "Mozilla/5.0 (compatible; YandexBot/3.0; +http://yandex.com/bots)"
141.8.147.12 - - [10/Apr/2013:12:53:37 +0200] "GET /index_fr.php HTTP/1.1" 404 1256 "-" "Mozilla/5.0 (compatible; YandexBot/3.0; +http://yandex.com/bots)"
141.8.147.12 - - [10/Apr/2013:12:53:39 +0200] "GET /index_en.php HTTP/1.1" 404 1256 "-" "Mozilla/5.0 (compatible; YandexBot/3.0; +http://yandex.com/bots)"
141.8.147.12 - - [10/Apr/2013:12:53:41 +0200] "GET /fls_3_fls_international.php HTTP/1.1" 404 1256 "-" "Mozilla/5.0 (compatible; YandexBot/3.0; +http://yandex.com/bots)"
141.8.147.12 - - [10/Apr/2013:12:53:43 +0200] "GET /fls_2_fremdsprachenkorr.php HTTP/1.1" 404 1256 "-" "Mozilla/5.0 (compatible; YandexBot/3.0; +http://yandex.com/bots)"
141.8.147.12 - - [10/Apr/2013:12:53:45 +0200] "GET /fls_4_impressum.php HTTP/1.1" 404 1256 "-" "Mozilla/5.0 (compatible; YandexBot/3.0; +http://yandex.com/bots)"
204.236.222.146 - - [10/Apr/2013:14:20:23 +0200] "GET / HTTP/1.0" 302 - "-" "Mozilla/5.0 (compatible; NetcraftSurveyAgent/1.0; +info@netcraft.com)"
212.42.224.147 - - [10/Apr/2013:16:04:58 +0200] "GET / HTTP/1.1" 302 - "http://www.berlin.de/sen/bildung/schulverzeichnis_und_portraets/anwendung/Schulportrait.aspx?IDSchulzweig=10226" "Mozilla/4.0 (compatible; MSIE 8.0; Windows NT 5.1; Trident/4.0; InfoPath.1; .NET CLR 2.0.50727; .NET CLR 3.0.4506.2152; .NET CLR 3.5.30729; .NET4.0C; .NET4.0E)"
93.220.217.7 - - [10/Apr/2013:16:58:31 +0200] "GET / HTTP/1.1" 302 - "-" "Mozilla/5.0 Gecko/2009042316 Firefox/3.x"
176.9.148.194 - - [10/Apr/2013:22:46:50 +0200] "GET /robots.txt HTTP/1.1" 404 1256 "-" "Mozilla/5.0 (compatible; SISTRIX Crawler; http://crawler.sistrix.net/)"
176.9.148.194 - - [10/Apr/2013:22:46:50 +0200] "GET / HTTP/1.1" 302 - "-" "Mozilla/5.0 (compatible; SISTRIX Crawler; http://crawler.sistrix.net/)"
62.157.36.128 - - [10/Apr/2013:22:52:38 +0200] "GET / HTTP/1.1" 302 - "http://www.berlin.de/sen/bildung/schulverzeichnis_und_portraets/anwendung/Schulportrait.aspx?IDSchulzweig=10225" "Mozilla/5.0 (Windows NT 5.1; rv:20.0) Gecko/20100101 Firefox/20.0"
5.9.20.44 - - [11/Apr/2013:03:20:59 +0200] "GET / HTTP/1.1" 302 - "-" "Mozilla/5.0 (X11; Ubuntu; Linux x86_64; rv:15.0) Gecko/20100101 Firefox/15.0.1"
5.9.20.44 - - [11/Apr/2013:03:21:00 +0200] "GET / HTTP/1.1" 302 - "-" "Mozilla/5.0 (X11; Ubuntu; Linux x86_64; rv:15.0) Gecko/20100101 Firefox/15.0.1"
5.9.20.44 - - [11/Apr/2013:03:21:04 +0200] "GET / HTTP/1.1" 302 - "-" "Mozilla/5.0 (X11; Ubuntu; Linux x86_64; rv:15.0) Gecko/20100101 Firefox/15.0.1"
5.9.20.44 - - [11/Apr/2013:03:21:12 +0200] "GET / HTTP/1.1" 302 - "-" "Mozilla/5.0 (X11; Ubuntu; Linux x86_64; rv:15.0) Gecko/20100101 Firefox/15.0.1"
5.9.20.44 - - [11/Apr/2013:03:21:13 +0200] "GET / HTTP/1.1" 302 - "-" "Mozilla/5.0 (X11; Ubuntu; Linux x86_64; rv:15.0) Gecko/20100101 Firefox/15.0.1"
130.83.167.153 - - [11/Apr/2013:15:37:56 +0200] "GET /robots.txt HTTP/1.1" 404 1256 "-" "findlinks/2.6 (+http://wortschatz.uni-leipzig.de/findlinks/)"
93.220.219.6 - - [11/Apr/2013:16:57:07 +0200] "GET / HTTP/1.1" 302 - "-" "Mozilla/4.0 (compatible; MSIE 7.0; Windows NT 6.0; WOW64; SLCC1; .NET CLR 2.0.50727)"
79.226.10.4 - - [11/Apr/2013:17:32:22 +0200] "GET / HTTP/1.1" 302 - "http://www.google.com/url?sa=D&q=http://www.friedrich-list-berlin.de/&usg=AFQjCNEzwJg1Tfw7G3BlVecmK3Kmh_Rohw" "Mozilla/5.0 (Windows; U; Windows NT 6.0; en-US) AppleWebKit/534.10 (KHTML, like Gecko) Chrome/8.0.552.215 Safari/534.10"
85.25.120.73 - - [11/Apr/2013:20:55:16 +0200] "GET / HTTP/1.1" 302 - "-" "Mozilla/5.0 (X11; U; Linux i686; en-US; rv:1.9.0.1) Gecko/2008070206 Firefox/3.0.1"
78.53.77.74 - - [11/Apr/2013:21:38:02 +0200] "GET / HTTP/1.1" 302 - "http://www.friedrich-list-berlin.eu/fls_4_impressum.php" "Mozilla/5.0 (Windows NT 6.0; WOW64; rv:19.0) Gecko/20100101 Firefox/19.0"
178.115.251.23 - - [11/Apr/2013:23:09:11 +0200] "GET / HTTP/1.1" 302 - "http://www.schulweb.de/de/bestatschulweb/liste.html?kategorie=best_at&sprache=®ion=&list_anfang=176&trefferzahlauswahl=16&auswahl_1=&auswahl_2=&auswahl_3=&suchtext=&zeigen2=&sort=wertnummer" "yacybot (webportal-global; x86_64 Mac OS X 10.8.3; java 1.6.0_43; Europe/de) http://yacy.net/bot.html"
141.8.147.12 - - [11/Apr/2013:23:11:27 +0200] "GET /robots.txt HTTP/1.1" 404 1256 "-" "Mozilla/5.0 (compatible; YandexBot/3.0; +http://yandex.com/bots)"
141.8.147.12 - - [11/Apr/2013:23:11:30 +0200] "GET / HTTP/1.1" 302 - "-" "Mozilla/5.0 (compatible; YandexBot/3.0; +http://yandex.com/bots)"
193.175.194.33 - - [12/Apr/2013:02:22:35 +0200] "GET / HTTP/1.1" 302 - "-" "Bildungsserver-Linkchecker DBS 0.9 (http://www.bildungsserver.de)"
66.249.75.9 - - [12/Apr/2013:06:36:49 +0200] "GET /robots.txt HTTP/1.1" 404 1256 "-" "Mozilla/5.0 (compatible; Googlebot/2.1; +http://www.google.com/bot.html)"
66.249.78.115 - - [12/Apr/2013:06:36:49 +0200] "GET / HTTP/1.1" 302 - "-" "Mozilla/5.0 (compatible; Googlebot/2.1; +http://www.google.com/bot.html)"
85.25.71.116 - - [12/Apr/2013:07:18:45 +0200] "GET /robots.txt HTTP/1.1" 404 1256 "-" "Mozilla/5.0 (X11; U; Linux i686; de; rv:1.9.0.1; compatible; iCjobs Stellenangebote Jobs; http://www.icjobs.de) Gecko/20100401 iCjobs/3.2.3"
85.25.71.116 - - [12/Apr/2013:07:18:45 +0200] "GET / HTTP/1.1" 302 - "-" "Mozilla/5.0 (X11; U; Linux i686; de; rv:1.9.0.1; compatible; iCjobs Stellenangebote Jobs; http://www.icjobs.de) Gecko/20100401 iCjobs/3.2.3"
85.25.71.116 - - [12/Apr/2013:07:18:49 +0200] "GET / HTTP/1.1" 302 - "-" "Mozilla/5.0 (X11; U; Linux i686; de; rv:1.9.0.1; compatible; iCjobs Stellenangebote Jobs; http://www.icjobs.de) Gecko/20100401 iCjobs/3.2.3"
94.134.212.225 - - [12/Apr/2013:08:43:00 +0200] "GET / HTTP/1.1" 302 - "-" "Mozilla/5.0 (Windows NT 5.1; rv:15.0) Gecko/20100101 Firefox/15.0.1"
173.199.118.35 - - [12/Apr/2013:08:43:54 +0200] "GET /robots.txt HTTP/1.1" 404 1256 "-" "Mozilla/5.0 (compatible; AhrefsBot/4.0; +http://ahrefs.com/robot/)"
157.56.93.62 - - [12/Apr/2013:09:51:05 +0200] "GET /robots.txt HTTP/1.1" 404 1256 "-" "Mozilla/5.0 (compatible; bingbot/2.0; +http://www.bing.com/bingbot.htm)"
157.56.93.62 - - [12/Apr/2013:09:52:36 +0200] "GET / HTTP/1.1" 302 - "-" "Mozilla/5.0 (compatible; bingbot/2.0; +http://www.bing.com/bingbot.htm)"
204.12.208.162 - - [12/Apr/2013:11:42:13 +0200] "GET /robots.txt HTTP/1.0" 404 1256 "-" "Mozilla/5.0 (compatible; MJ12bot/v1.4.3; http://www.majestic12.co.uk/bot.php?+)"
204.12.208.162 - - [12/Apr/2013:11:42:20 +0200] "GET / HTTP/1.0" 302 - "-" "Mozilla/5.0 (compatible; MJ12bot/v1.4.3; http://www.majestic12.co.uk/bot.php?+)"
178.115.250.10 - - [12/Apr/2013:11:44:26 +0200] "HEAD / HTTP/1.1" 302 - "-" "Xenu Link Sleuth/1.3.8"
5.9.20.44 - - [12/Apr/2013:12:57:54 +0200] "GET / HTTP/1.1" 302 - "-" "Mozilla/5.0 (X11; Ubuntu; Linux x86_64; rv:15.0) Gecko/20100101 Firefox/15.0.1"
5.9.20.44 - - [12/Apr/2013:12:57:55 +0200] "GET / HTTP/1.1" 302 - "-" "Mozilla/5.0 (X11; Ubuntu; Linux x86_64; rv:15.0) Gecko/20100101 Firefox/15.0.1"
5.9.20.44 - - [12/Apr/2013:12:58:00 +0200] "GET / HTTP/1.1" 302 - "-" "Mozilla/5.0 (X11; Ubuntu; Linux x86_64; rv:15.0) Gecko/20100101 Firefox/15.0.1"
5.9.20.44 - - [12/Apr/2013:12:58:03 +0200] "GET / HTTP/1.1" 302 - "-" "Mozilla/5.0 (X11; Ubuntu; Linux x86_64; rv:15.0) Gecko/20100101 Firefox/15.0.1"
5.9.20.44 - - [12/Apr/2013:12:58:08 +0200] "GET / HTTP/1.1" 302 - "-" "Mozilla/5.0 (X11; Ubuntu; Linux x86_64; rv:15.0) Gecko/20100101 Firefox/15.0.1"
139.18.2.209 - - [12/Apr/2013:13:31:18 +0200] "GET / HTTP/1.1" 302 - "-" "findlinks/2.6 (+http://wortschatz.uni-leipzig.de/findlinks/)"
77.12.172.65 - - [12/Apr/2013:14:18:09 +0200] "GET / HTTP/1.1" 302 - "http://www.friedrich-list-berlin.eu/fls_4_kontakt_anmeldung.php" "Mozilla/5.0 (Windows NT 6.1; rv:19.0) Gecko/20100101 Firefox/19.0"
176.9.48.201 - - [12/Apr/2013:18:37:01 +0200] "GET /robots.txt HTTP/1.1" 404 1256 "-" "Mozilla/5.0 (X11; Ubuntu; Linux x86_64; rv:15.0) Gecko/20100101 Firefox/15.0.1"
176.9.48.201 - - [12/Apr/2013:18:37:01 +0200] "GET / HTTP/1.1" 302 - "-" "Mozilla/5.0 (X11; Ubuntu; Linux x86_64; rv:15.0) Gecko/20100101 Firefox/15.0.1"
176.9.48.201 - - [12/Apr/2013:18:37:08 +0200] "GET / HTTP/1.1" 302 - "-" "Mozilla/5.0 (X11; Ubuntu; Linux x86_64; rv:15.0) Gecko/20100101 Firefox/15.0.1"
176.9.48.201 - - [12/Apr/2013:18:37:12 +0200] "GET / HTTP/1.1" 302 - "-" "Mozilla/5.0 (X11; Ubuntu; Linux x86_64; rv:15.0) Gecko/20100101 Firefox/15.0.1"
176.9.48.201 - - [12/Apr/2013:18:37:13 +0200] "GET / HTTP/1.1" 302 - "-" "Mozilla/5.0 (X11; Ubuntu; Linux x86_64; rv:15.0) Gecko/20100101 Firefox/15.0.1"
176.9.48.201 - - [12/Apr/2013:18:37:16 +0200] "GET / HTTP/1.1" 302 - "-" "Mozilla/5.0 (X11; Ubuntu; Linux x86_64; rv:15.0) Gecko/20100101 Firefox/15.0.1"
178.77.126.55 - - [12/Apr/2013:19:46:06 +0200] "GET /robots.txt HTTP/1.1" 404 1256 "-" "Mozilla/5.0 (compatible; CareerBot/1.1; +http://www.career-x.de/bot.html)"
178.77.126.55 - - [12/Apr/2013:19:46:06 +0200] "GET / HTTP/1.1" 302 - "-" "Mozilla/5.0 (compatible; CareerBot/1.1; +http://www.career-x.de/bot.html)"
66.249.75.9 - - [12/Apr/2013:21:37:51 +0200] "GET /robots.txt HTTP/1.1" 404 1256 "-" "Mozilla/5.0 (compatible; Googlebot/2.1; +http://www.google.com/bot.html)"
69.58.178.57 - - [13/Apr/2013:07:55:29 +0200] "GET /robots.txt HTTP/1.1" 404 1256 "-" "Mozilla/5.0 (X11; Ubuntu; Linux i686; rv:14.0; ips-agent) Gecko/20100101 Firefox/14.0.1"
69.58.178.57 - - [13/Apr/2013:07:55:30 +0200] "GET / HTTP/1.1" 302 - "-" "Mozilla/5.0 (X11; Ubuntu; Linux i686; rv:14.0; ips-agent) Gecko/20100101 Firefox/14.0.1"
173.199.116.51 - - [13/Apr/2013:11:31:49 +0200] "GET / HTTP/1.1" 302 - "-" "Mozilla/5.0 (compatible; AhrefsBot/4.0; +http://ahrefs.com/robot/)"
31.11.220.63 - - [13/Apr/2013:12:20:22 +0200] "GET / HTTP/1.1" 302 - "-" "Mozilla/5.0 (Windows NT 6.1; WOW64; rv:7.0.1) Gecko/20100101 Firefox/7.0.1"
128.131.102.100 - - [13/Apr/2013:17:57:03 +0200] "GET / HTTP/1.0" 302 - "-" "KeepRightBot/0.2 (KeepRight OpenStreetMap Checker; http://keepright.ipax.at)"
141.8.147.12 - - [13/Apr/2013:21:39:53 +0200] "GET /robots.txt HTTP/1.1" 404 1256 "-" "Mozilla/5.0 (compatible; YandexBot/3.0; +http://yandex.com/bots)"
141.8.147.12 - - [13/Apr/2013:21:39:56 +0200] "GET / HTTP/1.1" 302 - "-" "Mozilla/5.0 (compatible; YandexBot/3.0; +http://yandex.com/bots)"
81.68.112.49 - - [14/Apr/2013:10:04:10 +0200] "GET / HTTP/1.1" 302 - "-" "Java/1.7.0_17"
81.68.112.49 - - [14/Apr/2013:10:04:12 +0200] "GET /fls_1_aktuelles.php HTTP/1.1" 404 1256 "-" "Java/1.7.0_17"
81.68.112.49 - - [14/Apr/2013:10:04:12 +0200] "GET /fls_2_fremdsprachensekr.php HTTP/1.1" 404 1256 "-" "Java/1.7.0_17"
81.68.112.49 - - [14/Apr/2013:10:04:12 +0200] "GET /fls_3_fls_international.php HTTP/1.1" 404 1256 "-" "Java/1.7.0_17"
81.68.112.49 - - [14/Apr/2013:10:04:12 +0200] "GET /fls_4_faq.php HTTP/1.1" 404 1256 "-" "Java/1.7.0_17"
81.68.112.49 - - [14/Apr/2013:10:04:12 +0200] "GET /fls_4_impressum.php HTTP/1.1" 404 1256 "-" "Java/1.7.0_17"
81.68.112.49 - - [14/Apr/2013:10:04:12 +0200] "GET /fls_4_kontakt_anmeldung.php HTTP/1.1" 404 1256 "-" "Java/1.7.0_17"
81.68.112.49 - - [14/Apr/2013:10:04:12 +0200] "GET /index.php HTTP/1.1" 302 - "-" "Java/1.7.0_17"
81.68.112.49 - - [14/Apr/2013:10:04:13 +0200] "GET /index_en.php HTTP/1.1" 404 1256 "-" "Java/1.7.0_17"
81.68.112.49 - - [14/Apr/2013:10:04:13 +0200] "GET /index_fr.php HTTP/1.1" 404 1256 "-" "Java/1.7.0_17"
81.68.112.49 - - [14/Apr/2013:10:04:13 +0200] "GET /index_sp.php HTTP/1.1" 404 1256 "-" "Java/1.7.0_17"
81.68.112.49 - - [14/Apr/2013:10:04:13 +0200] "GET /ddlevelsfiles/ddlevelsmenu.js HTTP/1.1" 404 1256 "-" "Java/1.7.0_17"
81.68.112.49 - - [14/Apr/2013:10:04:13 +0200] "GET /js/lightwindow.js HTTP/1.1" 404 1256 "-" "Java/1.7.0_17"
81.68.112.49 - - [14/Apr/2013:10:04:14 +0200] "GET /js/prototype.js HTTP/1.1" 404 1256 "-" "Java/1.7.0_17"
81.68.112.49 - - [14/Apr/2013:10:04:14 +0200] "GET /js/scriptaculous.js?load=effects HTTP/1.1" 404 1256 "-" "Java/1.7.0_17"
213.93.41.131 - - [14/Apr/2013:10:26:25 +0200] "GET / HTTP/1.1" 302 - "-" "Java/1.4.1_04"
213.93.41.131 - - [14/Apr/2013:10:26:26 +0200] "GET /fls_1_aktuelles.php HTTP/1.1" 404 1256 "-" "Java/1.4.1_04"
213.93.41.131 - - [14/Apr/2013:10:26:26 +0200] "GET /fls_2_fremdsprachensekr.php HTTP/1.1" 404 1256 "-" "Java/1.4.1_04"
213.93.41.131 - - [14/Apr/2013:10:26:26 +0200] "GET /fls_3_fls_international.php HTTP/1.1" 404 1256 "-" "Java/1.4.1_04"
213.93.41.131 - - [14/Apr/2013:10:26:26 +0200] "GET /fls_4_faq.php HTTP/1.1" 404 1256 "-" "Java/1.4.1_04"
213.93.41.131 - - [14/Apr/2013:10:26:26 +0200] "GET /fls_4_impressum.php HTTP/1.1" 404 1256 "-" "Java/1.4.1_04"
213.93.41.131 - - [14/Apr/2013:10:26:26 +0200] "GET /fls_4_kontakt_anmeldung.php HTTP/1.1" 404 1256 "-" "Java/1.4.1_04"
213.93.41.131 - - [14/Apr/2013:10:26:26 +0200] "GET /index.php HTTP/1.1" 302 - "-" "Java/1.4.1_04"
213.93.41.131 - - [14/Apr/2013:10:26:27 +0200] "GET /index_en.php HTTP/1.1" 404 1256 "-" "Java/1.4.1_04"
213.93.41.131 - - [14/Apr/2013:10:26:27 +0200] "GET /index_fr.php HTTP/1.1" 404 1256 "-" "Java/1.4.1_04"
213.93.41.131 - - [14/Apr/2013:10:26:27 +0200] "GET /index_sp.php HTTP/1.1" 404 1256 "-" "Java/1.4.1_04"
213.93.41.131 - - [14/Apr/2013:10:26:27 +0200] "GET /ddlevelsfiles/ddlevelsmenu.js HTTP/1.1" 404 1256 "-" "Java/1.4.1_04"
213.93.41.131 - - [14/Apr/2013:10:26:27 +0200] "GET /js/lightwindow.js HTTP/1.1" 404 1256 "-" "Java/1.4.1_04"
213.93.41.131 - - [14/Apr/2013:10:26:27 +0200] "GET /js/prototype.js HTTP/1.1" 404 1256 "-" "Java/1.4.1_04"
213.93.41.131 - - [14/Apr/2013:10:26:28 +0200] "GET /js/scriptaculous.js?load=effects HTTP/1.1" 404 1256 "-" "Java/1.4.1_04"
62.155.178.18 - - [14/Apr/2013:19:11:36 +0200] "GET / HTTP/1.1" 302 - "http://domino2.berufsschulen.de/db/berufsschulen.nsf/Berlin?OpenView" "Mozilla/5.0 (Windows NT 6.1; WOW64; rv:19.0) Gecko/20100101 Firefox/19.0"
62.155.178.18 - - [14/Apr/2013:19:16:04 +0200] "GET / HTTP/1.1" 302 - "http://domino2.berufsschulen.de/db/berufsschulen.nsf/Berlin?OpenView" "Mozilla/5.0 (Windows NT 6.1; WOW64; rv:19.0) Gecko/20100101 Firefox/19.0"
139.18.2.209 - - [14/Apr/2013:20:39:29 +0200] "GET /robots.txt HTTP/1.1" 404 1256 "-" "findlinks/2.6 (+http://wortschatz.uni-leipzig.de/findlinks/)"
188.103.53.73 - - [14/Apr/2013:21:47:50 +0200] "GET / HTTP/1.1" 302 - "-" "Mozilla/5.0 (Windows NT 6.1) AppleWebKit/537.31 (KHTML, like Gecko) Chrome/26.0.1410.64 Safari/537.31"
178.77.126.55 - - [15/Apr/2013:03:16:13 +0200] "GET /robots.txt HTTP/1.1" 404 1256 "-" "Mozilla/5.0 (compatible; CareerBot/1.1; +http://www.career-x.de/bot.html)"
178.77.126.55 - - [15/Apr/2013:03:16:13 +0200] "GET / HTTP/1.1" 302 - "-" "Mozilla/5.0 (compatible; CareerBot/1.1; +http://www.career-x.de/bot.html)"
85.25.120.69 - - [15/Apr/2013:03:16:55 +0200] "GET /robots.txt HTTP/1.1" 404 1256 "-" "Mozilla/5.0 (X11; U; Linux i686; de; rv:1.9.0.1; compatible; iCjobs Stellenangebote Jobs; http://www.icjobs.de) Gecko/20100401 iCjobs/3.2.3"
85.25.120.69 - - [15/Apr/2013:03:16:55 +0200] "GET / HTTP/1.1" 302 - "-" "Mozilla/5.0 (X11; U; Linux i686; de; rv:1.9.0.1; compatible; iCjobs Stellenangebote Jobs; http://www.icjobs.de) Gecko/20100401 iCjobs/3.2.3"
85.25.120.69 - - [15/Apr/2013:03:16:55 +0200] "GET / HTTP/1.1" 302 - "-" "Mozilla/5.0 (X11; U; Linux i686; de; rv:1.9.0.1; compatible; iCjobs Stellenangebote Jobs; http://www.icjobs.de) Gecko/20100401 iCjobs/3.2.3"
79.214.166.135 - - [15/Apr/2013:05:13:46 +0200] "GET /index_en.php HTTP/1.1" 404 1256 "-" "-"
79.214.166.135 - - [15/Apr/2013:05:13:46 +0200] "GET /index_sp.php HTTP/1.1" 404 1256 "-" "-"
79.214.166.135 - - [15/Apr/2013:05:13:47 +0200] "GET /index_fr.php HTTP/1.1" 404 1256 "-" "-"
91.232.96.7 - - [15/Apr/2013:06:59:33 +0200] "GET / HTTP/1.1" 302 - "-" "Mozilla/4.0 (compatible; MSIE 6.0; Windows NT 5.1; SV1)"
95.211.139.1 - - [15/Apr/2013:08:43:57 +0200] "GET /robots.txt HTTP/1.0" 404 1256 "-" "Mozilla/5.0 (compatible; AcoonBot/4.11.1; +http://www.acoon.de/robot.asp)"
95.211.139.1 - - [15/Apr/2013:08:43:58 +0200] "GET / HTTP/1.0" 302 - "-" "Mozilla/5.0 (compatible; AcoonBot/4.11.1; +http://www.acoon.de/robot.asp)"
93.214.240.145 - - [15/Apr/2013:11:41:08 +0200] "GET / HTTP/1.1" 302 - "-" "Mozilla/5.0 (Macintosh; U; Intel Mac OS X 10_6_4; de-de) AppleWebKit/533.16 (KHTML, like Gecko) Version/5.0 Safari/533.16"
92.225.112.243 - - [15/Apr/2013:12:41:57 +0200] "GET / HTTP/1.1" 302 - "http://www.schulrecht-heute.de/node/2252" "Mozilla/5.0 (Windows NT 6.1; rv:19.0) Gecko/20100101 Firefox/19.0"
93.220.253.223 - - [15/Apr/2013:12:43:59 +0200] "GET / HTTP/1.1" 302 - "-" "Mozilla/5.0 (Windows; U; Windows NT 5.1; de; rv:1.9.0.10) Gecko/2009042316 Firefox/3.0.10 (.NET CLR 3.5.30729)"
94.134.200.176 - - [15/Apr/2013:13:15:04 +0200] "GET / HTTP/1.1" 302 - "-" "Mozilla/5.0 (Windows NT 5.1; rv:8.0.1) Gecko/20100101 Firefox/8.0.1"
87.123.91.165 - - [15/Apr/2013:18:08:51 +0200] "GET / HTTP/1.1" 302 - "-" "Mozilla/5.0 (Windows NT 6.2; WOW64; rv:20.0) Gecko/20100101 Firefox/20.0"
141.8.147.12 - - [16/Apr/2013:03:20:36 +0200] "GET /robots.txt HTTP/1.1" 404 1256 "-" "Mozilla/5.0 (compatible; YandexBot/3.0; +http://yandex.com/bots)"
141.8.147.12 - - [16/Apr/2013:03:20:38 +0200] "GET / HTTP/1.1" 302 - "-" "Mozilla/5.0 (compatible; YandexBot/3.0; +http://yandex.com/bots)"
66.249.73.193 - - [16/Apr/2013:08:52:02 +0200] "GET /robots.txt HTTP/1.1" 404 1256 "-" "Mozilla/5.0 (compatible; Googlebot/2.1; +http://www.google.com/bot.html)"
66.249.73.193 - - [16/Apr/2013:08:52:03 +0200] "GET / HTTP/1.1" 302 - "-" "SAMSUNG-SGH-E250/1.0 Profile/MIDP-2.0 Configuration/CLDC-1.1 UP.Browser/6.2.3.3.c.1.101 (GUI) MMP/2.0 (compatible; Googlebot-Mobile/2.1; +http://www.google.com/bot.html)"
178.19.210.114 - - [16/Apr/2013:09:32:41 +0200] "GET / HTTP/1.1" 302 - "http://www.google.de/url?sa=t&rct=j&q=&esrc=s&source=web&cd=1&ved=0CDMQFjAA&url=http%3A%2F%2Fwww.friedrich-list-berlin.de%2F&ei=k_5sUd66HcHGtQael4CABA&usg=AFQjCNGsKs3TvBQ4z91zrYvo9_SfKi5nug&bvm=bv.45175338,d.Yms" "Mozilla/5.0 (Windows NT 6.0; WOW64; rv:20.0) Gecko/20100101 Firefox/20.0"
66.249.73.193 - - [16/Apr/2013:09:33:39 +0200] "GET / HTTP/1.1" 302 - "-" "Mozilla/5.0 (compatible; Googlebot/2.1; +http://www.google.com/bot.html)"
93.220.218.144 - - [16/Apr/2013:12:44:31 +0200] "GET / HTTP/1.1" 302 - "-" "Mozilla/4.0+(compatible;+MSIE+7.0;+Windows+NT+5.1)"
141.15.33.1 - - [16/Apr/2013:13:02:47 +0200] "GET / HTTP/1.1" 302 - "http://www.berlin.de/sen/bildung/schulverzeichnis_und_portraets/anwendung/Schulportrait.aspx" "Mozilla/4.0 (compatible; MSIE 8.0; Windows NT 5.1; Trident/4.0; .NET CLR 1.1.4322; .NET CLR 2.0.50727; .NET CLR 3.0.4506.2152; .NET CLR 3.5.30729)"
91.232.96.26 - - [16/Apr/2013:16:10:11 +0200] "GET / HTTP/1.1" 302 - "-" "Mozilla/4.0 (compatible; MSIE 6.0; Windows NT 5.1; SV1)"
88.72.7.251 - - [16/Apr/2013:19:14:02 +0200] "GET / HTTP/1.1" 302 - "-" "findlinks/1.1.6-beta1 (+http://wortschatz.uni-leipzig.de/findlinks/)"
141.8.147.12 - - [16/Apr/2013:20:35:16 +0200] "GET /robots.txt HTTP/1.1" 404 1256 "-" "Mozilla/5.0 (compatible; YandexBot/3.0; +http://yandex.com/bots)"
