194.209.200.2 - - [13/Jun/2020:04:43:03 +0200] "GET / HTTP/1.1" 304 - "-" "Mozilla/5.0 (compatible; TMMBot/0.2; +http://www.dslab.ch)/Nutch-1.15"
194.209.200.2 - - [13/Jun/2020:05:05:11 +0200] "GET /robots.txt HTTP/1.1" 404 1256 "-" "Mozilla/5.0 (compatible; TMMBot/0.2; +http://www.dslab.ch)/Nutch-1.15"
194.209.200.2 - - [13/Jun/2020:05:05:11 +0200] "GET / HTTP/1.1" 304 - "-" "Mozilla/5.0 (compatible; TMMBot/0.2; +http://www.dslab.ch)/Nutch-1.15"
194.209.200.2 - - [13/Jun/2020:05:24:19 +0200] "GET /robots.txt HTTP/1.1" 404 1256 "-" "Mozilla/5.0 (compatible; TMMBot/0.2; +http://www.dslab.ch)/Nutch-1.15"
194.209.200.2 - - [13/Jun/2020:05:24:19 +0200] "GET / HTTP/1.1" 304 - "-" "Mozilla/5.0 (compatible; TMMBot/0.2; +http://www.dslab.ch)/Nutch-1.15"
194.209.200.2 - - [13/Jun/2020:05:44:01 +0200] "GET /robots.txt HTTP/1.1" 404 1256 "-" "Mozilla/5.0 (compatible; TMMBot/0.2; +http://www.dslab.ch)/Nutch-1.15"
194.209.200.2 - - [13/Jun/2020:05:44:01 +0200] "GET / HTTP/1.1" 304 - "-" "Mozilla/5.0 (compatible; TMMBot/0.2; +http://www.dslab.ch)/Nutch-1.15"
194.209.200.2 - - [13/Jun/2020:06:18:24 +0200] "GET /robots.txt HTTP/1.1" 404 1256 "-" "Mozilla/5.0 (compatible; TMMBot/0.2; +http://www.dslab.ch)/Nutch-1.15"
194.209.200.2 - - [13/Jun/2020:06:18:24 +0200] "GET / HTTP/1.1" 304 - "-" "Mozilla/5.0 (compatible; TMMBot/0.2; +http://www.dslab.ch)/Nutch-1.15"
194.209.200.2 - - [13/Jun/2020:06:36:15 +0200] "GET /robots.txt HTTP/1.1" 404 1256 "-" "Mozilla/5.0 (compatible; TMMBot/0.2; +http://www.dslab.ch)/Nutch-1.15"
194.209.200.2 - - [13/Jun/2020:06:36:15 +0200] "GET / HTTP/1.1" 304 - "-" "Mozilla/5.0 (compatible; TMMBot/0.2; +http://www.dslab.ch)/Nutch-1.15"
194.209.200.2 - - [13/Jun/2020:06:51:56 +0200] "GET /robots.txt HTTP/1.1" 404 1256 "-" "Mozilla/5.0 (compatible; TMMBot/0.2; +http://www.dslab.ch)/Nutch-1.15"
194.209.200.2 - - [13/Jun/2020:06:51:56 +0200] "GET / HTTP/1.1" 304 - "-" "Mozilla/5.0 (compatible; TMMBot/0.2; +http://www.dslab.ch)/Nutch-1.15"
194.209.200.2 - - [13/Jun/2020:07:09:51 +0200] "GET /robots.txt HTTP/1.1" 404 1256 "-" "Mozilla/5.0 (compatible; TMMBot/0.2; +http://www.dslab.ch)/Nutch-1.15"
194.209.200.2 - - [13/Jun/2020:07:09:51 +0200] "GET / HTTP/1.1" 304 - "-" "Mozilla/5.0 (compatible; TMMBot/0.2; +http://www.dslab.ch)/Nutch-1.15"
194.209.200.2 - - [13/Jun/2020:07:36:03 +0200] "GET /robots.txt HTTP/1.1" 404 1256 "-" "Mozilla/5.0 (compatible; TMMBot/0.2; +http://www.dslab.ch)/Nutch-1.15"
194.209.200.2 - - [13/Jun/2020:07:36:03 +0200] "GET / HTTP/1.1" 304 - "-" "Mozilla/5.0 (compatible; TMMBot/0.2; +http://www.dslab.ch)/Nutch-1.15"
194.209.200.2 - - [13/Jun/2020:07:53:27 +0200] "GET /robots.txt HTTP/1.1" 404 1256 "-" "Mozilla/5.0 (compatible; TMMBot/0.2; +http://www.dslab.ch)/Nutch-1.15"
194.209.200.2 - - [13/Jun/2020:07:53:27 +0200] "GET / HTTP/1.1" 304 - "-" "Mozilla/5.0 (compatible; TMMBot/0.2; +http://www.dslab.ch)/Nutch-1.15"
95.216.6.105 - - [13/Jun/2020:07:53:33 +0200] "GET / HTTP/1.1" 200 1775 "-" "Mozilla/5.0 (X11; Linux x86_64) AppleWebKit/537.36 (KHTML, like Gecko) HeadlessChrome/83.0.4103.61 Safari/537.36"
95.216.6.105 - - [13/Jun/2020:07:53:33 +0200] "GET /css/style.css HTTP/1.1" 200 8567 "http://www.frb-berlin.de/" "Mozilla/5.0 (X11; Linux x86_64) AppleWebKit/537.36 (KHTML, like Gecko) HeadlessChrome/83.0.4103.61 Safari/537.36"
95.216.6.105 - - [13/Jun/2020:07:53:33 +0200] "GET /img/logo.gif HTTP/1.1" 200 4275 "http://www.frb-berlin.de/" "Mozilla/5.0 (X11; Linux x86_64) AppleWebKit/537.36 (KHTML, like Gecko) HeadlessChrome/83.0.4103.61 Safari/537.36"
85.10.201.245 - - [13/Jun/2020:07:53:38 +0200] "GET / HTTP/1.1" 200 1775 "-" "Mozilla/5.0 (X11; Linux x86_64) AppleWebKit/537.36 (KHTML, like Gecko) HeadlessChrome/83.0.4103.61 Safari/537.36"
85.10.201.245 - - [13/Jun/2020:07:53:38 +0200] "GET /css/style.css HTTP/1.1" 200 8567 "http://www.frb-berlin.de/" "Mozilla/5.0 (X11; Linux x86_64) AppleWebKit/537.36 (KHTML, like Gecko) HeadlessChrome/83.0.4103.61 Safari/537.36"
85.10.201.245 - - [13/Jun/2020:07:53:38 +0200] "GET /img/logo.gif HTTP/1.1" 200 4275 "http://www.frb-berlin.de/" "Mozilla/5.0 (X11; Linux x86_64) AppleWebKit/537.36 (KHTML, like Gecko) HeadlessChrome/83.0.4103.61 Safari/537.36"
95.216.6.105 - - [13/Jun/2020:07:53:41 +0200] "GET /favicon.ico HTTP/1.1" 404 1256 "-" "Mozilla/5.0 (X11; Linux x86_64) AppleWebKit/537.36 (KHTML, like Gecko) Chrome/75.0.3770.142 Safari/537.36"
95.216.6.105 - - [13/Jun/2020:07:53:42 +0200] "GET / HTTP/1.1" 200 1775 "-" "Mozilla/5.0 (X11; Linux x86_64) AppleWebKit/537.36 (KHTML, like Gecko) Chrome/75.0.3770.142 Safari/537.36"
40.77.167.3 - - [13/Jun/2020:08:11:28 +0200] "GET /seiten/impressum.htm HTTP/1.1" 304 - "-" "Mozilla/5.0 (compatible; bingbot/2.0; +http://www.bing.com/bingbot.htm)"
194.209.200.2 - - [13/Jun/2020:08:28:54 +0200] "GET /robots.txt HTTP/1.1" 404 1256 "-" "Mozilla/5.0 (compatible; TMMBot/0.2; +http://www.dslab.ch)/Nutch-1.15"
194.209.200.2 - - [13/Jun/2020:08:28:54 +0200] "GET / HTTP/1.1" 304 - "-" "Mozilla/5.0 (compatible; TMMBot/0.2; +http://www.dslab.ch)/Nutch-1.15"
194.209.200.2 - - [13/Jun/2020:08:47:02 +0200] "GET /robots.txt HTTP/1.1" 404 1256 "-" "Mozilla/5.0 (compatible; TMMBot/0.2; +http://www.dslab.ch)/Nutch-1.15"
194.209.200.2 - - [13/Jun/2020:08:47:02 +0200] "GET / HTTP/1.1" 304 - "-" "Mozilla/5.0 (compatible; TMMBot/0.2; +http://www.dslab.ch)/Nutch-1.15"
194.209.200.2 - - [13/Jun/2020:09:05:40 +0200] "GET /robots.txt HTTP/1.1" 404 1256 "-" "Mozilla/5.0 (compatible; TMMBot/0.2; +http://www.dslab.ch)/Nutch-1.15"
194.209.200.2 - - [13/Jun/2020:09:05:40 +0200] "GET / HTTP/1.1" 304 - "-" "Mozilla/5.0 (compatible; TMMBot/0.2; +http://www.dslab.ch)/Nutch-1.15"
194.209.200.2 - - [13/Jun/2020:09:40:16 +0200] "GET /robots.txt HTTP/1.1" 404 1256 "-" "Mozilla/5.0 (compatible; TMMBot/0.2; +http://www.dslab.ch)/Nutch-1.15"
194.209.200.2 - - [13/Jun/2020:09:40:16 +0200] "GET / HTTP/1.1" 304 - "-" "Mozilla/5.0 (compatible; TMMBot/0.2; +http://www.dslab.ch)/Nutch-1.15"
194.209.200.2 - - [13/Jun/2020:09:55:28 +0200] "GET /robots.txt HTTP/1.1" 404 1256 "-" "Mozilla/5.0 (compatible; TMMBot/0.2; +http://www.dslab.ch)/Nutch-1.15"
194.209.200.2 - - [13/Jun/2020:09:55:28 +0200] "GET / HTTP/1.1" 304 - "-" "Mozilla/5.0 (compatible; TMMBot/0.2; +http://www.dslab.ch)/Nutch-1.15"
209.17.96.58 - - [13/Jun/2020:10:19:25 +0200] "GET / HTTP/1.1" 200 1775 "-" "Mozilla/5.0 (compatible; Nimbostratus-Bot/v1.3.2; http://cloudsystemnetworks.com)"
194.209.200.2 - - [13/Jun/2020:10:25:55 +0200] "GET /robots.txt HTTP/1.1" 404 1256 "-" "Mozilla/5.0 (compatible; TMMBot/0.2; +http://www.dslab.ch)/Nutch-1.15"
194.209.200.2 - - [13/Jun/2020:10:25:55 +0200] "GET / HTTP/1.1" 304 - "-" "Mozilla/5.0 (compatible; TMMBot/0.2; +http://www.dslab.ch)/Nutch-1.15"
54.36.148.85 - - [13/Jun/2020:10:33:22 +0200] "GET /robots.txt HTTP/1.1" 404 1256 "-" "Mozilla/5.0 (compatible; AhrefsBot/6.1; +http://ahrefs.com/robot/)"
54.36.148.153 - - [13/Jun/2020:10:33:30 +0200] "GET /seiten/ausbildung2.htm HTTP/1.1" 200 4821 "-" "Mozilla/5.0 (compatible; AhrefsBot/6.1; +http://ahrefs.com/robot/)"
194.209.200.2 - - [13/Jun/2020:10:41:17 +0200] "GET /robots.txt HTTP/1.1" 404 1256 "-" "Mozilla/5.0 (compatible; TMMBot/0.2; +http://www.dslab.ch)/Nutch-1.15"
194.209.200.2 - - [13/Jun/2020:10:41:17 +0200] "GET / HTTP/1.1" 304 - "-" "Mozilla/5.0 (compatible; TMMBot/0.2; +http://www.dslab.ch)/Nutch-1.15"
209.107.204.122 - - [13/Jun/2020:10:51:47 +0200] "GET / HTTP/1.1" 200 1775 "-" "Mozilla/5.0 (X11; Ubuntu; Linux x86_64; rv:15.0) Gecko/20100101 Firefox/15.0.1"
209.107.204.122 - - [13/Jun/2020:10:51:47 +0200] "GET /seiten/start.htm HTTP/1.1" 200 9376 "-" "Mozilla/5.0 (X11; Ubuntu; Linux x86_64; rv:15.0) Gecko/20100101 Firefox/15.0.1"
209.107.204.122 - - [13/Jun/2020:10:51:48 +0200] "GET /seiten/impressum.htm HTTP/1.1" 200 4643 "-" "Mozilla/5.0 (X11; Ubuntu; Linux x86_64; rv:15.0) Gecko/20100101 Firefox/15.0.1"
209.107.204.122 - - [13/Jun/2020:10:51:49 +0200] "GET /seiten/kontakt.php HTTP/1.1" 200 6708 "-" "Mozilla/5.0 (X11; Ubuntu; Linux x86_64; rv:15.0) Gecko/20100101 Firefox/15.0.1"
209.107.204.122 - - [13/Jun/2020:10:51:49 +0200] "GET /seiten/ueber_uns.htm HTTP/1.1" 200 2081 "-" "Mozilla/5.0 (X11; Ubuntu; Linux x86_64; rv:15.0) Gecko/20100101 Firefox/15.0.1"
194.209.200.2 - - [13/Jun/2020:11:07:30 +0200] "GET /robots.txt HTTP/1.1" 404 1256 "-" "Mozilla/5.0 (compatible; TMMBot/0.2; +http://www.dslab.ch)/Nutch-1.15"
194.209.200.2 - - [13/Jun/2020:11:07:30 +0200] "GET / HTTP/1.1" 304 - "-" "Mozilla/5.0 (compatible; TMMBot/0.2; +http://www.dslab.ch)/Nutch-1.15"
54.36.149.17 - - [13/Jun/2020:11:34:36 +0200] "GET /seiten/referenzen_beton.htm HTTP/1.1" 200 8747 "-" "Mozilla/5.0 (compatible; AhrefsBot/6.1; +http://ahrefs.com/robot/)"
194.209.200.2 - - [13/Jun/2020:11:39:50 +0200] "GET /robots.txt HTTP/1.1" 404 1256 "-" "Mozilla/5.0 (compatible; TMMBot/0.2; +http://www.dslab.ch)/Nutch-1.15"
194.209.200.2 - - [13/Jun/2020:11:39:50 +0200] "GET / HTTP/1.1" 304 - "-" "Mozilla/5.0 (compatible; TMMBot/0.2; +http://www.dslab.ch)/Nutch-1.15"
194.209.200.2 - - [13/Jun/2020:12:05:53 +0200] "GET /robots.txt HTTP/1.1" 404 1256 "-" "Mozilla/5.0 (compatible; TMMBot/0.2; +http://www.dslab.ch)/Nutch-1.15"
194.209.200.2 - - [13/Jun/2020:12:05:53 +0200] "GET / HTTP/1.1" 304 - "-" "Mozilla/5.0 (compatible; TMMBot/0.2; +http://www.dslab.ch)/Nutch-1.15"
217.227.123.212 - - [13/Jun/2020:12:13:16 +0200] "GET / HTTP/1.1" 200 1775 "http://www.google.de/url?sa=t&rct=j&q=&esrc=s&source=web&cd=&ved=2ahUKEwjZ6OCGx_7pAhUQkRQKHcIeCOUQFjAAegQIARAC&url=http%3A%2F%2Fwww.frb-berlin.de%2F&usg=AOvVaw2Yu7xDUbxbXzNaA9G1DVmW" "Mozilla/5.0 (Windows NT 6.1; WOW64; Trident/7.0; MAAU; MAAU; rv:11.0) like Gecko"
217.227.123.212 - - [13/Jun/2020:12:13:16 +0200] "GET /css/style.css HTTP/1.1" 200 8567 "http://www.frb-berlin.de/" "Mozilla/5.0 (Windows NT 6.1; WOW64; Trident/7.0; MAAU; MAAU; rv:11.0) like Gecko"
217.227.123.212 - - [13/Jun/2020:12:13:16 +0200] "GET /img/logo.gif HTTP/1.1" 200 4275 "http://www.frb-berlin.de/" "Mozilla/5.0 (Windows NT 6.1; WOW64; Trident/7.0; MAAU; MAAU; rv:11.0) like Gecko"
217.227.123.212 - - [13/Jun/2020:12:13:16 +0200] "GET /favicon.ico HTTP/1.1" 404 1256 "-" "Mozilla/5.0 (Windows NT 6.1; Win64; x64; Trident/7.0; MAAU; rv:11.0) like Gecko"
217.227.123.212 - - [13/Jun/2020:12:13:18 +0200] "GET /seiten/start.htm HTTP/1.1" 200 9376 "http://www.frb-berlin.de/" "Mozilla/5.0 (Windows NT 6.1; WOW64; Trident/7.0; MAAU; MAAU; rv:11.0) like Gecko"
217.227.123.212 - - [13/Jun/2020:12:13:18 +0200] "GET /scripte/menu_start.js HTTP/1.1" 200 31217 "http://www.frb-berlin.de/seiten/start.htm" "Mozilla/5.0 (Windows NT 6.1; WOW64; Trident/7.0; MAAU; MAAU; rv:11.0) like Gecko"
217.227.123.212 - - [13/Jun/2020:12:13:18 +0200] "GET /scripte/menu_elemente.js HTTP/1.1" 200 18006 "http://www.frb-berlin.de/seiten/start.htm" "Mozilla/5.0 (Windows NT 6.1; WOW64; Trident/7.0; MAAU; MAAU; rv:11.0) like Gecko"
217.227.123.212 - - [13/Jun/2020:12:13:18 +0200] "GET /img/1px.gif HTTP/1.1" 200 43 "http://www.frb-berlin.de/seiten/start.htm" "Mozilla/5.0 (Windows NT 6.1; WOW64; Trident/7.0; MAAU; MAAU; rv:11.0) like Gecko"
217.227.123.212 - - [13/Jun/2020:12:13:18 +0200] "GET /img/head.jpg HTTP/1.1" 200 5932 "http://www.frb-berlin.de/seiten/start.htm" "Mozilla/5.0 (Windows NT 6.1; WOW64; Trident/7.0; MAAU; MAAU; rv:11.0) like Gecko"
217.227.123.212 - - [13/Jun/2020:12:13:18 +0200] "GET /img/lay01.jpg HTTP/1.1" 200 9336 "http://www.frb-berlin.de/seiten/start.htm" "Mozilla/5.0 (Windows NT 6.1; WOW64; Trident/7.0; MAAU; MAAU; rv:11.0) like Gecko"
217.227.123.212 - - [13/Jun/2020:12:13:18 +0200] "GET /img/over_logo.jpg HTTP/1.1" 200 5315 "http://www.frb-berlin.de/seiten/start.htm" "Mozilla/5.0 (Windows NT 6.1; WOW64; Trident/7.0; MAAU; MAAU; rv:11.0) like Gecko"
217.227.123.212 - - [13/Jun/2020:12:13:18 +0200] "GET /img/lay03.jpg HTTP/1.1" 200 15205 "http://www.frb-berlin.de/seiten/start.htm" "Mozilla/5.0 (Windows NT 6.1; WOW64; Trident/7.0; MAAU; MAAU; rv:11.0) like Gecko"
217.227.123.212 - - [13/Jun/2020:12:13:18 +0200] "GET /img/lay04.jpg HTTP/1.1" 200 6356 "http://www.frb-berlin.de/seiten/start.htm" "Mozilla/5.0 (Windows NT 6.1; WOW64; Trident/7.0; MAAU; MAAU; rv:11.0) like Gecko"
217.227.123.212 - - [13/Jun/2020:12:13:18 +0200] "GET /img/lay05.jpg HTTP/1.1" 200 10183 "http://www.frb-berlin.de/seiten/start.htm" "Mozilla/5.0 (Windows NT 6.1; WOW64; Trident/7.0; MAAU; MAAU; rv:11.0) like Gecko"
217.227.123.212 - - [13/Jun/2020:12:13:18 +0200] "GET /img/lay06.jpg HTTP/1.1" 200 11774 "http://www.frb-berlin.de/seiten/start.htm" "Mozilla/5.0 (Windows NT 6.1; WOW64; Trident/7.0; MAAU; MAAU; rv:11.0) like Gecko"
217.227.123.212 - - [13/Jun/2020:12:13:18 +0200] "GET /img/lay07.jpg HTTP/1.1" 200 9742 "http://www.frb-berlin.de/seiten/start.htm" "Mozilla/5.0 (Windows NT 6.1; WOW64; Trident/7.0; MAAU; MAAU; rv:11.0) like Gecko"
217.227.123.212 - - [13/Jun/2020:12:13:18 +0200] "GET /img/lay13.jpg HTTP/1.1" 200 428 "http://www.frb-berlin.de/seiten/start.htm" "Mozilla/5.0 (Windows NT 6.1; WOW64; Trident/7.0; MAAU; MAAU; rv:11.0) like Gecko"
217.227.123.212 - - [13/Jun/2020:12:13:18 +0200] "GET /img/bg_links.jpg HTTP/1.1" 200 8379 "http://www.frb-berlin.de/seiten/start.htm" "Mozilla/5.0 (Windows NT 6.1; WOW64; Trident/7.0; MAAU; MAAU; rv:11.0) like Gecko"
217.227.123.212 - - [13/Jun/2020:12:13:18 +0200] "GET /img/bg_rechts.jpg HTTP/1.1" 200 346 "http://www.frb-berlin.de/seiten/start.htm" "Mozilla/5.0 (Windows NT 6.1; WOW64; Trident/7.0; MAAU; MAAU; rv:11.0) like Gecko"
217.227.123.212 - - [13/Jun/2020:12:13:18 +0200] "GET /img/lay11.jpg HTTP/1.1" 200 12218 "http://www.frb-berlin.de/seiten/start.htm" "Mozilla/5.0 (Windows NT 6.1; WOW64; Trident/7.0; MAAU; MAAU; rv:11.0) like Gecko"
217.227.123.212 - - [13/Jun/2020:12:13:18 +0200] "GET /img/lay08.jpg HTTP/1.1" 200 10212 "http://www.frb-berlin.de/seiten/start.htm" "Mozilla/5.0 (Windows NT 6.1; WOW64; Trident/7.0; MAAU; MAAU; rv:11.0) like Gecko"
217.227.123.212 - - [13/Jun/2020:12:13:18 +0200] "GET /img/bogen_o1.jpg HTTP/1.1" 200 8356 "http://www.frb-berlin.de/seiten/start.htm" "Mozilla/5.0 (Windows NT 6.1; WOW64; Trident/7.0; MAAU; MAAU; rv:11.0) like Gecko"
217.227.123.212 - - [13/Jun/2020:12:13:18 +0200] "GET /img/lay12.jpg HTTP/1.1" 200 394 "http://www.frb-berlin.de/seiten/start.htm" "Mozilla/5.0 (Windows NT 6.1; WOW64; Trident/7.0; MAAU; MAAU; rv:11.0) like Gecko"
217.227.123.212 - - [13/Jun/2020:12:13:18 +0200] "GET /img/lay10.jpg HTTP/1.1" 200 12856 "http://www.frb-berlin.de/seiten/start.htm" "Mozilla/5.0 (Windows NT 6.1; WOW64; Trident/7.0; MAAU; MAAU; rv:11.0) like Gecko"
217.227.123.212 - - [13/Jun/2020:12:13:18 +0200] "GET /seiten/main.htm HTTP/1.1" 200 2496 "http://www.frb-berlin.de/seiten/start.htm" "Mozilla/5.0 (Windows NT 6.1; WOW64; Trident/7.0; MAAU; MAAU; rv:11.0) like Gecko"
217.227.123.212 - - [13/Jun/2020:12:13:18 +0200] "GET /img/farben.jpg HTTP/1.1" 200 14519 "http://www.frb-berlin.de/seiten/main.htm" "Mozilla/5.0 (Windows NT 6.1; WOW64; Trident/7.0; MAAU; MAAU; rv:11.0) like Gecko"
217.227.123.212 - - [13/Jun/2020:12:13:18 +0200] "GET /favicon.ico HTTP/1.1" 404 1256 "-" "Mozilla/5.0 (Windows NT 6.1; Win64; x64; Trident/7.0; MAAU; rv:11.0) like Gecko"
217.227.123.212 - - [13/Jun/2020:12:13:18 +0200] "GET /img/favorit_a.gif HTTP/1.1" 200 175 "http://www.frb-berlin.de/seiten/start.htm" "Mozilla/5.0 (Windows NT 6.1; WOW64; Trident/7.0; MAAU; MAAU; rv:11.0) like Gecko"
217.227.123.212 - - [13/Jun/2020:12:13:44 +0200] "GET /seiten/impressum.htm HTTP/1.1" 200 4643 "http://www.frb-berlin.de/seiten/start.htm" "Mozilla/5.0 (Windows NT 6.1; WOW64; Trident/7.0; MAAU; MAAU; rv:11.0) like Gecko"
217.227.123.212 - - [13/Jun/2020:12:13:44 +0200] "GET /img/fm_logo.jpg HTTP/1.1" 200 4093 "http://www.frb-berlin.de/seiten/impressum.htm" "Mozilla/5.0 (Windows NT 6.1; WOW64; Trident/7.0; MAAU; MAAU; rv:11.0) like Gecko"
217.227.123.212 - - [13/Jun/2020:12:13:44 +0200] "GET /img/top.gif HTTP/1.1" 200 950 "http://www.frb-berlin.de/seiten/impressum.htm" "Mozilla/5.0 (Windows NT 6.1; WOW64; Trident/7.0; MAAU; MAAU; rv:11.0) like Gecko"
217.227.123.212 - - [13/Jun/2020:12:13:44 +0200] "GET /img/hg.jpg HTTP/1.1" 200 7507 "http://www.frb-berlin.de/seiten/impressum.htm" "Mozilla/5.0 (Windows NT 6.1; WOW64; Trident/7.0; MAAU; MAAU; rv:11.0) like Gecko"
54.36.148.33 - - [13/Jun/2020:12:35:30 +0200] "GET /seiten/referenzen_maler.htm HTTP/1.1" 200 51839 "-" "Mozilla/5.0 (compatible; AhrefsBot/6.1; +http://ahrefs.com/robot/)"
194.209.200.2 - - [13/Jun/2020:12:38:12 +0200] "GET /robots.txt HTTP/1.1" 404 1256 "-" "Mozilla/5.0 (compatible; TMMBot/0.2; +http://www.dslab.ch)/Nutch-1.15"
194.209.200.2 - - [13/Jun/2020:12:38:12 +0200] "GET / HTTP/1.1" 304 - "-" "Mozilla/5.0 (compatible; TMMBot/0.2; +http://www.dslab.ch)/Nutch-1.15"
194.209.200.2 - - [13/Jun/2020:12:52:25 +0200] "GET /robots.txt HTTP/1.1" 404 1256 "-" "Mozilla/5.0 (compatible; TMMBot/0.2; +http://www.dslab.ch)/Nutch-1.15"
194.209.200.2 - - [13/Jun/2020:12:52:25 +0200] "GET / HTTP/1.1" 304 - "-" "Mozilla/5.0 (compatible; TMMBot/0.2; +http://www.dslab.ch)/Nutch-1.15"
194.173.174.10 - - [13/Jun/2020:13:06:01 +0200] "HEAD / HTTP/1.1" 200 - "-" "Mozilla/5.0 (Windows NT 6.3; WOW64) AppleWebKit/537.36 (KHTML, like Gecko) Chrome/43.0.2357.134 Safari/537.36"
194.173.174.10 - - [13/Jun/2020:13:07:35 +0200] "HEAD / HTTP/1.1" 200 - "-" "Mozilla/5.0 (Windows NT 6.3; WOW64) AppleWebKit/537.36 (KHTML, like Gecko) Chrome/43.0.2357.134 Safari/537.36"
194.209.200.2 - - [13/Jun/2020:13:08:45 +0200] "GET /robots.txt HTTP/1.1" 404 1256 "-" "Mozilla/5.0 (compatible; TMMBot/0.2; +http://www.dslab.ch)/Nutch-1.15"
194.209.200.2 - - [13/Jun/2020:13:08:45 +0200] "GET / HTTP/1.1" 304 - "-" "Mozilla/5.0 (compatible; TMMBot/0.2; +http://www.dslab.ch)/Nutch-1.15"
54.36.148.153 - - [13/Jun/2020:13:33:13 +0200] "GET /seiten/referenzen_waerme.htm HTTP/1.1" 200 35661 "-" "Mozilla/5.0 (compatible; AhrefsBot/6.1; +http://ahrefs.com/robot/)"
194.209.200.2 - - [13/Jun/2020:13:35:39 +0200] "GET /robots.txt HTTP/1.1" 404 1256 "-" "Mozilla/5.0 (compatible; TMMBot/0.2; +http://www.dslab.ch)/Nutch-1.15"
194.209.200.2 - - [13/Jun/2020:13:35:39 +0200] "GET / HTTP/1.1" 304 - "-" "Mozilla/5.0 (compatible; TMMBot/0.2; +http://www.dslab.ch)/Nutch-1.15"
213.61.218.76 - - [13/Jun/2020:13:38:47 +0200] "GET /robots.txt HTTP/1.1" 404 1256 "-" "Jobsearch1.5"
213.61.218.76 - - [13/Jun/2020:13:38:47 +0200] "GET /seiten/ausbildung.htm HTTP/1.1" 200 2131 "-" "Jobsearch1.5"
194.209.200.2 - - [13/Jun/2020:13:51:14 +0200] "GET /robots.txt HTTP/1.1" 404 1256 "-" "Mozilla/5.0 (compatible; TMMBot/0.2; +http://www.dslab.ch)/Nutch-1.15"
194.209.200.2 - - [13/Jun/2020:13:51:14 +0200] "GET / HTTP/1.1" 304 - "-" "Mozilla/5.0 (compatible; TMMBot/0.2; +http://www.dslab.ch)/Nutch-1.15"
194.209.200.2 - - [13/Jun/2020:14:06:42 +0200] "GET /robots.txt HTTP/1.1" 404 1256 "-" "Mozilla/5.0 (compatible; TMMBot/0.2; +http://www.dslab.ch)/Nutch-1.15"
194.209.200.2 - - [13/Jun/2020:14:06:42 +0200] "GET / HTTP/1.1" 304 - "-" "Mozilla/5.0 (compatible; TMMBot/0.2; +http://www.dslab.ch)/Nutch-1.15"
194.209.200.2 - - [13/Jun/2020:14:34:34 +0200] "GET /robots.txt HTTP/1.1" 404 1256 "-" "Mozilla/5.0 (compatible; TMMBot/0.2; +http://www.dslab.ch)/Nutch-1.15"
194.209.200.2 - - [13/Jun/2020:14:34:34 +0200] "GET / HTTP/1.1" 304 - "-" "Mozilla/5.0 (compatible; TMMBot/0.2; +http://www.dslab.ch)/Nutch-1.15"
194.209.200.2 - - [13/Jun/2020:14:50:09 +0200] "GET /robots.txt HTTP/1.1" 404 1256 "-" "Mozilla/5.0 (compatible; TMMBot/0.2; +http://www.dslab.ch)/Nutch-1.15"
194.209.200.2 - - [13/Jun/2020:14:50:09 +0200] "GET / HTTP/1.1" 304 - "-" "Mozilla/5.0 (compatible; TMMBot/0.2; +http://www.dslab.ch)/Nutch-1.15"
194.209.200.2 - - [13/Jun/2020:15:05:41 +0200] "GET /robots.txt HTTP/1.1" 404 1256 "-" "Mozilla/5.0 (compatible; TMMBot/0.2; +http://www.dslab.ch)/Nutch-1.15"
194.209.200.2 - - [13/Jun/2020:15:05:41 +0200] "GET / HTTP/1.1" 304 - "-" "Mozilla/5.0 (compatible; TMMBot/0.2; +http://www.dslab.ch)/Nutch-1.15"
194.209.200.2 - - [13/Jun/2020:15:28:35 +0200] "GET /robots.txt HTTP/1.1" 404 1256 "-" "Mozilla/5.0 (compatible; TMMBot/0.2; +http://www.dslab.ch)/Nutch-1.15"
194.209.200.2 - - [13/Jun/2020:15:28:35 +0200] "GET / HTTP/1.1" 304 - "-" "Mozilla/5.0 (compatible; TMMBot/0.2; +http://www.dslab.ch)/Nutch-1.15"
194.209.200.2 - - [13/Jun/2020:15:44:38 +0200] "GET /robots.txt HTTP/1.1" 404 1256 "-" "Mozilla/5.0 (compatible; TMMBot/0.2; +http://www.dslab.ch)/Nutch-1.15"
194.209.200.2 - - [13/Jun/2020:15:44:38 +0200] "GET / HTTP/1.1" 304 - "-" "Mozilla/5.0 (compatible; TMMBot/0.2; +http://www.dslab.ch)/Nutch-1.15"
194.209.200.2 - - [13/Jun/2020:16:05:19 +0200] "GET /robots.txt HTTP/1.1" 404 1256 "-" "Mozilla/5.0 (compatible; TMMBot/0.2; +http://www.dslab.ch)/Nutch-1.15"
194.209.200.2 - - [13/Jun/2020:16:05:19 +0200] "GET / HTTP/1.1" 304 - "-" "Mozilla/5.0 (compatible; TMMBot/0.2; +http://www.dslab.ch)/Nutch-1.15"
35.231.26.145 - - [13/Jun/2020:16:21:10 +0200] "GET /robots.txt HTTP/1.0" 404 1256 "-" "ZoominfoBot (zoominfobot at zoominfo dot com)"
35.231.26.145 - - [13/Jun/2020:16:21:10 +0200] "GET / HTTP/1.0" 200 1775 "-" "ZoominfoBot (zoominfobot at zoominfo dot com)"
194.209.200.2 - - [13/Jun/2020:16:23:23 +0200] "GET /robots.txt HTTP/1.1" 404 1256 "-" "Mozilla/5.0 (compatible; TMMBot/0.2; +http://www.dslab.ch)/Nutch-1.15"
194.209.200.2 - - [13/Jun/2020:16:23:23 +0200] "GET / HTTP/1.1" 304 - "-" "Mozilla/5.0 (compatible; TMMBot/0.2; +http://www.dslab.ch)/Nutch-1.15"
194.209.200.2 - - [13/Jun/2020:16:41:38 +0200] "GET /robots.txt HTTP/1.1" 404 1256 "-" "Mozilla/5.0 (compatible; TMMBot/0.2; +http://www.dslab.ch)/Nutch-1.15"
194.209.200.2 - - [13/Jun/2020:16:41:38 +0200] "GET / HTTP/1.1" 304 - "-" "Mozilla/5.0 (compatible; TMMBot/0.2; +http://www.dslab.ch)/Nutch-1.15"
194.209.200.2 - - [13/Jun/2020:17:05:53 +0200] "GET /robots.txt HTTP/1.1" 404 1256 "-" "Mozilla/5.0 (compatible; TMMBot/0.2; +http://www.dslab.ch)/Nutch-1.15"
194.209.200.2 - - [13/Jun/2020:17:05:53 +0200] "GET / HTTP/1.1" 304 - "-" "Mozilla/5.0 (compatible; TMMBot/0.2; +http://www.dslab.ch)/Nutch-1.15"
194.209.200.2 - - [13/Jun/2020:17:22:37 +0200] "GET /robots.txt HTTP/1.1" 404 1256 "-" "Mozilla/5.0 (compatible; TMMBot/0.2; +http://www.dslab.ch)/Nutch-1.15"
194.209.200.2 - - [13/Jun/2020:17:22:37 +0200] "GET / HTTP/1.1" 304 - "-" "Mozilla/5.0 (compatible; TMMBot/0.2; +http://www.dslab.ch)/Nutch-1.15"
194.209.200.2 - - [13/Jun/2020:17:43:49 +0200] "GET /robots.txt HTTP/1.1" 404 1256 "-" "Mozilla/5.0 (compatible; TMMBot/0.2; +http://www.dslab.ch)/Nutch-1.15"
194.209.200.2 - - [13/Jun/2020:17:43:49 +0200] "GET / HTTP/1.1" 304 - "-" "Mozilla/5.0 (compatible; TMMBot/0.2; +http://www.dslab.ch)/Nutch-1.15"
194.209.200.2 - - [13/Jun/2020:18:11:05 +0200] "GET /robots.txt HTTP/1.1" 404 1256 "-" "Mozilla/5.0 (compatible; TMMBot/0.2; +http://www.dslab.ch)/Nutch-1.15"
194.209.200.2 - - [13/Jun/2020:18:11:05 +0200] "GET / HTTP/1.1" 304 - "-" "Mozilla/5.0 (compatible; TMMBot/0.2; +http://www.dslab.ch)/Nutch-1.15"
194.209.200.2 - - [13/Jun/2020:18:28:00 +0200] "GET /robots.txt HTTP/1.1" 404 1256 "-" "Mozilla/5.0 (compatible; TMMBot/0.2; +http://www.dslab.ch)/Nutch-1.15"
194.209.200.2 - - [13/Jun/2020:18:28:00 +0200] "GET / HTTP/1.1" 304 - "-" "Mozilla/5.0 (compatible; TMMBot/0.2; +http://www.dslab.ch)/Nutch-1.15"
194.209.200.2 - - [13/Jun/2020:18:48:55 +0200] "GET /robots.txt HTTP/1.1" 404 1256 "-" "Mozilla/5.0 (compatible; TMMBot/0.2; +http://www.dslab.ch)/Nutch-1.15"
194.209.200.2 - - [13/Jun/2020:18:48:56 +0200] "GET / HTTP/1.1" 304 - "-" "Mozilla/5.0 (compatible; TMMBot/0.2; +http://www.dslab.ch)/Nutch-1.15"
194.209.200.2 - - [13/Jun/2020:19:04:21 +0200] "GET /robots.txt HTTP/1.1" 404 1256 "-" "Mozilla/5.0 (compatible; TMMBot/0.2; +http://www.dslab.ch)/Nutch-1.15"
194.209.200.2 - - [13/Jun/2020:19:04:21 +0200] "GET / HTTP/1.1" 304 - "-" "Mozilla/5.0 (compatible; TMMBot/0.2; +http://www.dslab.ch)/Nutch-1.15"
194.209.200.2 - - [13/Jun/2020:19:22:00 +0200] "GET /robots.txt HTTP/1.1" 404 1256 "-" "Mozilla/5.0 (compatible; TMMBot/0.2; +http://www.dslab.ch)/Nutch-1.15"
194.209.200.2 - - [13/Jun/2020:19:22:00 +0200] "GET / HTTP/1.1" 304 - "-" "Mozilla/5.0 (compatible; TMMBot/0.2; +http://www.dslab.ch)/Nutch-1.15"
194.209.200.2 - - [13/Jun/2020:19:39:02 +0200] "GET /robots.txt HTTP/1.1" 404 1256 "-" "Mozilla/5.0 (compatible; TMMBot/0.2; +http://www.dslab.ch)/Nutch-1.15"
194.209.200.2 - - [13/Jun/2020:19:39:02 +0200] "GET / HTTP/1.1" 304 - "-" "Mozilla/5.0 (compatible; TMMBot/0.2; +http://www.dslab.ch)/Nutch-1.15"
194.209.200.2 - - [13/Jun/2020:19:53:57 +0200] "GET /robots.txt HTTP/1.1" 404 1256 "-" "Mozilla/5.0 (compatible; TMMBot/0.2; +http://www.dslab.ch)/Nutch-1.15"
194.209.200.2 - - [13/Jun/2020:19:53:57 +0200] "GET / HTTP/1.1" 304 - "-" "Mozilla/5.0 (compatible; TMMBot/0.2; +http://www.dslab.ch)/Nutch-1.15"
66.249.66.31 - - [13/Jun/2020:19:58:09 +0200] "GET /robots.txt HTTP/1.1" 404 1256 "-" "Mozilla/5.0 (compatible; Googlebot/2.1; +http://www.google.com/bot.html)"
66.249.66.2 - - [13/Jun/2020:19:58:09 +0200] "GET /BerlinKlixstr HTTP/1.1" 404 1256 "-" "Mozilla/5.0 (Linux; Android 6.0.1; Nexus 5X Build/MMB29P) AppleWebKit/537.36 (KHTML, like Gecko) Chrome/80.0.3987.92 Mobile Safari/537.36 (compatible; Googlebot/2.1; +http://www.google.com/bot.html)"
194.209.200.2 - - [13/Jun/2020:20:14:36 +0200] "GET /robots.txt HTTP/1.1" 404 1256 "-" "Mozilla/5.0 (compatible; TMMBot/0.2; +http://www.dslab.ch)/Nutch-1.15"
194.209.200.2 - - [13/Jun/2020:20:14:36 +0200] "GET / HTTP/1.1" 304 - "-" "Mozilla/5.0 (compatible; TMMBot/0.2; +http://www.dslab.ch)/Nutch-1.15"
54.36.149.17 - - [13/Jun/2020:20:35:45 +0200] "GET /seiten/start.htm HTTP/1.1" 200 9376 "-" "Mozilla/5.0 (compatible; AhrefsBot/6.1; +http://ahrefs.com/robot/)"
194.209.200.2 - - [13/Jun/2020:20:39:10 +0200] "GET /robots.txt HTTP/1.1" 404 1256 "-" "Mozilla/5.0 (compatible; TMMBot/0.2; +http://www.dslab.ch)/Nutch-1.15"
194.209.200.2 - - [13/Jun/2020:20:39:10 +0200] "GET / HTTP/1.1" 304 - "-" "Mozilla/5.0 (compatible; TMMBot/0.2; +http://www.dslab.ch)/Nutch-1.15"
194.209.200.2 - - [13/Jun/2020:21:01:05 +0200] "GET /robots.txt HTTP/1.1" 404 1256 "-" "Mozilla/5.0 (compatible; TMMBot/0.2; +http://www.dslab.ch)/Nutch-1.15"
194.209.200.2 - - [13/Jun/2020:21:01:05 +0200] "GET / HTTP/1.1" 304 - "-" "Mozilla/5.0 (compatible; TMMBot/0.2; +http://www.dslab.ch)/Nutch-1.15"
54.92.205.167 - - [13/Jun/2020:21:12:26 +0200] "GET / HTTP/1.1" 200 1775 "-" "Mozilla/5.0 (Macintosh; Intel Mac OS X 10_14_6) AppleWebKit/537.36 (KHTML, like Gecko) Chrome/83.0.4103.61 Safari/537.36"
194.209.200.2 - - [13/Jun/2020:21:19:02 +0200] "GET /robots.txt HTTP/1.1" 404 1256 "-" "Mozilla/5.0 (compatible; TMMBot/0.2; +http://www.dslab.ch)/Nutch-1.15"
194.209.200.2 - - [13/Jun/2020:21:19:02 +0200] "GET / HTTP/1.1" 304 - "-" "Mozilla/5.0 (compatible; TMMBot/0.2; +http://www.dslab.ch)/Nutch-1.15"
35.227.183.3 - - [13/Jun/2020:21:21:40 +0200] "GET / HTTP/1.1" 200 1775 "-" "Java/1.8.0_122-ea"
194.209.200.2 - - [13/Jun/2020:21:42:35 +0200] "GET /robots.txt HTTP/1.1" 404 1256 "-" "Mozilla/5.0 (compatible; TMMBot/0.2; +http://www.dslab.ch)/Nutch-1.15"
194.209.200.2 - - [13/Jun/2020:21:42:35 +0200] "GET / HTTP/1.1" 304 - "-" "Mozilla/5.0 (compatible; TMMBot/0.2; +http://www.dslab.ch)/Nutch-1.15"
66.249.66.5 - - [13/Jun/2020:21:59:30 +0200] "GET / HTTP/1.1" 200 1775 "-" "Mozilla/5.0 (compatible; Googlebot/2.1; +http://www.google.com/bot.html)"
194.209.200.2 - - [13/Jun/2020:22:05:20 +0200] "GET /robots.txt HTTP/1.1" 404 1256 "-" "Mozilla/5.0 (compatible; TMMBot/0.2; +http://www.dslab.ch)/Nutch-1.15"
194.209.200.2 - - [13/Jun/2020:22:05:21 +0200] "GET / HTTP/1.1" 304 - "-" "Mozilla/5.0 (compatible; TMMBot/0.2; +http://www.dslab.ch)/Nutch-1.15"
194.209.200.2 - - [13/Jun/2020:22:24:28 +0200] "GET /robots.txt HTTP/1.1" 404 1256 "-" "Mozilla/5.0 (compatible; TMMBot/0.2; +http://www.dslab.ch)/Nutch-1.15"
194.209.200.2 - - [13/Jun/2020:22:24:28 +0200] "GET / HTTP/1.1" 304 - "-" "Mozilla/5.0 (compatible; TMMBot/0.2; +http://www.dslab.ch)/Nutch-1.15"
194.209.200.2 - - [13/Jun/2020:22:40:13 +0200] "GET /robots.txt HTTP/1.1" 404 1256 "-" "Mozilla/5.0 (compatible; TMMBot/0.2; +http://www.dslab.ch)/Nutch-1.15"
194.209.200.2 - - [13/Jun/2020:22:40:13 +0200] "GET / HTTP/1.1" 304 - "-" "Mozilla/5.0 (compatible; TMMBot/0.2; +http://www.dslab.ch)/Nutch-1.15"
194.209.200.2 - - [13/Jun/2020:22:57:56 +0200] "GET /robots.txt HTTP/1.1" 404 1256 "-" "Mozilla/5.0 (compatible; TMMBot/0.2; +http://www.dslab.ch)/Nutch-1.15"
194.209.200.2 - - [13/Jun/2020:22:57:56 +0200] "GET / HTTP/1.1" 304 - "-" "Mozilla/5.0 (compatible; TMMBot/0.2; +http://www.dslab.ch)/Nutch-1.15"
194.209.200.2 - - [13/Jun/2020:23:19:37 +0200] "GET /robots.txt HTTP/1.1" 404 1256 "-" "Mozilla/5.0 (compatible; TMMBot/0.2; +http://www.dslab.ch)/Nutch-1.15"
194.209.200.2 - - [13/Jun/2020:23:19:37 +0200] "GET / HTTP/1.1" 304 - "-" "Mozilla/5.0 (compatible; TMMBot/0.2; +http://www.dslab.ch)/Nutch-1.15"
194.209.200.2 - - [13/Jun/2020:23:42:05 +0200] "GET /robots.txt HTTP/1.1" 404 1256 "-" "Mozilla/5.0 (compatible; TMMBot/0.2; +http://www.dslab.ch)/Nutch-1.15"
194.209.200.2 - - [13/Jun/2020:23:42:05 +0200] "GET / HTTP/1.1" 304 - "-" "Mozilla/5.0 (compatible; TMMBot/0.2; +http://www.dslab.ch)/Nutch-1.15"
46.229.168.142 - - [13/Jun/2020:23:56:07 +0200] "GET /robots.txt HTTP/1.1" 404 1256 "-" "Mozilla/5.0 (compatible; SemrushBot/6~bl; +http://www.semrush.com/bot.html)"
46.229.168.146 - - [13/Jun/2020:23:56:07 +0200] "GET /seiten/referenzen_waerme.htm HTTP/1.1" 200 35661 "-" "Mozilla/5.0 (compatible; SemrushBot/6~bl; +http://www.semrush.com/bot.html)"
194.209.200.2 - - [14/Jun/2020:00:05:22 +0200] "GET /robots.txt HTTP/1.1" 404 1256 "-" "Mozilla/5.0 (compatible; TMMBot/0.2; +http://www.dslab.ch)/Nutch-1.15"
194.209.200.2 - - [14/Jun/2020:00:05:22 +0200] "GET / HTTP/1.1" 304 - "-" "Mozilla/5.0 (compatible; TMMBot/0.2; +http://www.dslab.ch)/Nutch-1.15"
159.65.254.8 - - [14/Jun/2020:00:07:37 +0200] "GET / HTTP/1.1" 200 1775 "-" "Mozilla/5.0 (X11; Datanyze; Linux x86_64) AppleWebKit/537.36 (KHTML, like Gecko) Chrome/65.0.3325.181 Safari/537.36"
194.209.200.2 - - [14/Jun/2020:00:22:11 +0200] "GET /robots.txt HTTP/1.1" 404 1256 "-" "Mozilla/5.0 (compatible; TMMBot/0.2; +http://www.dslab.ch)/Nutch-1.15"
194.209.200.2 - - [14/Jun/2020:00:22:11 +0200] "GET / HTTP/1.1" 304 - "-" "Mozilla/5.0 (compatible; TMMBot/0.2; +http://www.dslab.ch)/Nutch-1.15"
194.173.174.10 - - [14/Jun/2020:00:25:32 +0200] "HEAD / HTTP/1.1" 200 - "-" "Mozilla/5.0 (Windows NT 6.3; WOW64) AppleWebKit/537.36 (KHTML, like Gecko) Chrome/43.0.2357.134 Safari/537.36"
194.173.174.10 - - [14/Jun/2020:00:27:05 +0200] "HEAD / HTTP/1.1" 200 - "-" "Mozilla/5.0 (Windows NT 6.3; WOW64) AppleWebKit/537.36 (KHTML, like Gecko) Chrome/43.0.2357.134 Safari/537.36"
194.209.200.2 - - [14/Jun/2020:00:47:36 +0200] "GET /robots.txt HTTP/1.1" 404 1256 "-" "Mozilla/5.0 (compatible; TMMBot/0.2; +http://www.dslab.ch)/Nutch-1.15"
194.209.200.2 - - [14/Jun/2020:00:47:36 +0200] "GET / HTTP/1.1" 304 - "-" "Mozilla/5.0 (compatible; TMMBot/0.2; +http://www.dslab.ch)/Nutch-1.15"
194.209.200.2 - - [14/Jun/2020:01:03:04 +0200] "GET /robots.txt HTTP/1.1" 404 1256 "-" "Mozilla/5.0 (compatible; TMMBot/0.2; +http://www.dslab.ch)/Nutch-1.15"
194.209.200.2 - - [14/Jun/2020:01:03:04 +0200] "GET / HTTP/1.1" 304 - "-" "Mozilla/5.0 (compatible; TMMBot/0.2; +http://www.dslab.ch)/Nutch-1.15"
35.229.91.121 - - [14/Jun/2020:01:03:06 +0200] "GET /robots.txt HTTP/1.0" 404 1256 "-" "ZoominfoBot (zoominfobot at zoominfo dot com)"
35.229.91.121 - - [14/Jun/2020:01:03:06 +0200] "GET /seiten/start.htm HTTP/1.0" 200 9376 "-" "ZoominfoBot (zoominfobot at zoominfo dot com)"
194.209.200.2 - - [14/Jun/2020:01:27:28 +0200] "GET /robots.txt HTTP/1.1" 404 1256 "-" "Mozilla/5.0 (compatible; TMMBot/0.2; +http://www.dslab.ch)/Nutch-1.15"
194.209.200.2 - - [14/Jun/2020:01:27:28 +0200] "GET / HTTP/1.1" 304 - "-" "Mozilla/5.0 (compatible; TMMBot/0.2; +http://www.dslab.ch)/Nutch-1.15"
194.209.200.2 - - [14/Jun/2020:01:45:27 +0200] "GET /robots.txt HTTP/1.1" 404 1256 "-" "Mozilla/5.0 (compatible; TMMBot/0.2; +http://www.dslab.ch)/Nutch-1.15"
194.209.200.2 - - [14/Jun/2020:01:45:27 +0200] "GET / HTTP/1.1" 304 - "-" "Mozilla/5.0 (compatible; TMMBot/0.2; +http://www.dslab.ch)/Nutch-1.15"
17.58.97.4 - - [14/Jun/2020:01:58:36 +0200] "GET /robots.txt HTTP/1.1" 404 1256 "-" "Mozilla/5.0 (Macintosh; Intel Mac OS X 10_15_5) AppleWebKit/605.1.15 (KHTML, like Gecko) Version/13.1.1 Safari/605.1.15 (Applebot/0.1; +http://www.apple.com/go/applebot)"
17.58.103.218 - - [14/Jun/2020:01:58:36 +0200] "GET /seiten/links.htm HTTP/1.1" 200 1543 "-" "Mozilla/5.0 (Macintosh; Intel Mac OS X 10_15_5) AppleWebKit/605.1.15 (KHTML, like Gecko) Version/13.1.1 Safari/605.1.15 (Applebot/0.1; +http://www.apple.com/go/applebot)"
194.209.200.2 - - [14/Jun/2020:02:00:50 +0200] "GET /robots.txt HTTP/1.1" 404 1256 "-" "Mozilla/5.0 (compatible; TMMBot/0.2; +http://www.dslab.ch)/Nutch-1.15"
194.209.200.2 - - [14/Jun/2020:02:00:50 +0200] "GET / HTTP/1.1" 304 - "-" "Mozilla/5.0 (compatible; TMMBot/0.2; +http://www.dslab.ch)/Nutch-1.15"
194.209.200.2 - - [14/Jun/2020:02:18:33 +0200] "GET /robots.txt HTTP/1.1" 404 1256 "-" "Mozilla/5.0 (compatible; TMMBot/0.2; +http://www.dslab.ch)/Nutch-1.15"
194.209.200.2 - - [14/Jun/2020:02:18:33 +0200] "GET / HTTP/1.1" 304 - "-" "Mozilla/5.0 (compatible; TMMBot/0.2; +http://www.dslab.ch)/Nutch-1.15"
54.36.148.33 - - [14/Jun/2020:02:32:09 +0200] "GET /seiten/ausbildung.htm HTTP/1.1" 200 2131 "-" "Mozilla/5.0 (compatible; AhrefsBot/6.1; +http://ahrefs.com/robot/)"
194.209.200.2 - - [14/Jun/2020:02:34:31 +0200] "GET /robots.txt HTTP/1.1" 404 1256 "-" "Mozilla/5.0 (compatible; TMMBot/0.2; +http://www.dslab.ch)/Nutch-1.15"
194.209.200.2 - - [14/Jun/2020:02:34:31 +0200] "GET / HTTP/1.1" 304 - "-" "Mozilla/5.0 (compatible; TMMBot/0.2; +http://www.dslab.ch)/Nutch-1.15"
34.105.102.237 - - [14/Jun/2020:02:47:59 +0200] "GET / HTTP/1.1" 200 1775 "-" "Java/1.8.0_122-ea"
194.209.200.2 - - [14/Jun/2020:02:51:26 +0200] "GET /robots.txt HTTP/1.1" 404 1256 "-" "Mozilla/5.0 (compatible; TMMBot/0.2; +http://www.dslab.ch)/Nutch-1.15"
194.209.200.2 - - [14/Jun/2020:02:51:26 +0200] "GET / HTTP/1.1" 304 - "-" "Mozilla/5.0 (compatible; TMMBot/0.2; +http://www.dslab.ch)/Nutch-1.15"
194.209.200.2 - - [14/Jun/2020:03:08:29 +0200] "GET /robots.txt HTTP/1.1" 404 1256 "-" "Mozilla/5.0 (compatible; TMMBot/0.2; +http://www.dslab.ch)/Nutch-1.15"
194.209.200.2 - - [14/Jun/2020:03:08:29 +0200] "GET / HTTP/1.1" 304 - "-" "Mozilla/5.0 (compatible; TMMBot/0.2; +http://www.dslab.ch)/Nutch-1.15"
54.36.148.33 - - [14/Jun/2020:03:36:55 +0200] "GET /seiten/ausbildung3.htm HTTP/1.1" 200 6331 "-" "Mozilla/5.0 (compatible; AhrefsBot/6.1; +http://ahrefs.com/robot/)"
194.209.200.2 - - [14/Jun/2020:03:41:57 +0200] "GET /robots.txt HTTP/1.1" 404 1256 "-" "Mozilla/5.0 (compatible; TMMBot/0.2; +http://www.dslab.ch)/Nutch-1.15"
194.209.200.2 - - [14/Jun/2020:03:41:58 +0200] "GET / HTTP/1.1" 304 - "-" "Mozilla/5.0 (compatible; TMMBot/0.2; +http://www.dslab.ch)/Nutch-1.15"
194.209.200.2 - - [14/Jun/2020:03:57:33 +0200] "GET /robots.txt HTTP/1.1" 404 1256 "-" "Mozilla/5.0 (compatible; TMMBot/0.2; +http://www.dslab.ch)/Nutch-1.15"
194.209.200.2 - - [14/Jun/2020:03:57:33 +0200] "GET / HTTP/1.1" 304 - "-" "Mozilla/5.0 (compatible; TMMBot/0.2; +http://www.dslab.ch)/Nutch-1.15"
194.209.200.2 - - [14/Jun/2020:04:18:06 +0200] "GET /robots.txt HTTP/1.1" 404 1256 "-" "Mozilla/5.0 (compatible; TMMBot/0.2; +http://www.dslab.ch)/Nutch-1.15"
194.209.200.2 - - [14/Jun/2020:04:18:06 +0200] "GET / HTTP/1.1" 304 - "-" "Mozilla/5.0 (compatible; TMMBot/0.2; +http://www.dslab.ch)/Nutch-1.15"
213.83.37.145 - - [14/Jun/2020:04:30:51 +0200] "HEAD / HTTP/1.1" 200 - "-" "Mozilla/5.0 (Windows NT 6.1; rv:39.0) Gecko/20180101 Firefox/39.0"
213.83.37.145 - - [14/Jun/2020:04:30:51 +0200] "HEAD / HTTP/1.1" 200 - "-" "Mozilla/5.0 (Windows NT 6.1; rv:39.0) Gecko/20180101 Firefox/39.0"
213.83.37.145 - - [14/Jun/2020:04:30:51 +0200] "HEAD / HTTP/1.1" 200 - "-" "Mozilla/5.0 (Windows NT 6.1; rv:39.0) Gecko/20180101 Firefox/39.0"
213.83.37.145 - - [14/Jun/2020:04:30:51 +0200] "HEAD / HTTP/1.1" 200 - "-" "Mozilla/5.0 (Windows NT 6.1; rv:39.0) Gecko/20180101 Firefox/39.0"
194.209.200.2 - - [14/Jun/2020:04:36:03 +0200] "GET /robots.txt HTTP/1.1" 404 1256 "-" "Mozilla/5.0 (compatible; TMMBot/0.2; +http://www.dslab.ch)/Nutch-1.15"
194.209.200.2 - - [14/Jun/2020:04:36:03 +0200] "GET / HTTP/1.1" 304 - "-" "Mozilla/5.0 (compatible; TMMBot/0.2; +http://www.dslab.ch)/Nutch-1.15"
194.209.200.2 - - [14/Jun/2020:04:51:29 +0200] "GET /robots.txt HTTP/1.1" 404 1256 "-" "Mozilla/5.0 (compatible; TMMBot/0.2; +http://www.dslab.ch)/Nutch-1.15"
194.209.200.2 - - [14/Jun/2020:04:51:29 +0200] "GET / HTTP/1.1" 304 - "-" "Mozilla/5.0 (compatible; TMMBot/0.2; +http://www.dslab.ch)/Nutch-1.15"
194.209.200.2 - - [14/Jun/2020:05:13:32 +0200] "GET /robots.txt HTTP/1.1" 404 1256 "-" "Mozilla/5.0 (compatible; TMMBot/0.2; +http://www.dslab.ch)/Nutch-1.15"
194.209.200.2 - - [14/Jun/2020:05:13:32 +0200] "GET / HTTP/1.1" 304 - "-" "Mozilla/5.0 (compatible; TMMBot/0.2; +http://www.dslab.ch)/Nutch-1.15"
194.209.200.2 - - [14/Jun/2020:05:35:57 +0200] "GET /robots.txt HTTP/1.1" 404 1256 "-" "Mozilla/5.0 (compatible; TMMBot/0.2; +http://www.dslab.ch)/Nutch-1.15"
194.209.200.2 - - [14/Jun/2020:05:35:57 +0200] "GET / HTTP/1.1" 304 - "-" "Mozilla/5.0 (compatible; TMMBot/0.2; +http://www.dslab.ch)/Nutch-1.15"
194.209.200.2 - - [14/Jun/2020:05:58:40 +0200] "GET /robots.txt HTTP/1.1" 404 1256 "-" "Mozilla/5.0 (compatible; TMMBot/0.2; +http://www.dslab.ch)/Nutch-1.15"
194.209.200.2 - - [14/Jun/2020:05:58:40 +0200] "GET / HTTP/1.1" 304 - "-" "Mozilla/5.0 (compatible; TMMBot/0.2; +http://www.dslab.ch)/Nutch-1.15"
194.209.200.2 - - [14/Jun/2020:06:15:17 +0200] "GET /robots.txt HTTP/1.1" 404 1256 "-" "Mozilla/5.0 (compatible; TMMBot/0.2; +http://www.dslab.ch)/Nutch-1.15"
194.209.200.2 - - [14/Jun/2020:06:15:17 +0200] "GET / HTTP/1.1" 304 - "-" "Mozilla/5.0 (compatible; TMMBot/0.2; +http://www.dslab.ch)/Nutch-1.15"
194.209.200.2 - - [14/Jun/2020:06:37:29 +0200] "GET /robots.txt HTTP/1.1" 404 1256 "-" "Mozilla/5.0 (compatible; TMMBot/0.2; +http://www.dslab.ch)/Nutch-1.15"
194.209.200.2 - - [14/Jun/2020:06:37:29 +0200] "GET / HTTP/1.1" 304 - "-" "Mozilla/5.0 (compatible; TMMBot/0.2; +http://www.dslab.ch)/Nutch-1.15"
194.209.200.2 - - [14/Jun/2020:06:56:07 +0200] "GET /robots.txt HTTP/1.1" 404 1256 "-" "Mozilla/5.0 (compatible; TMMBot/0.2; +http://www.dslab.ch)/Nutch-1.15"
194.209.200.2 - - [14/Jun/2020:06:56:07 +0200] "GET / HTTP/1.1" 304 - "-" "Mozilla/5.0 (compatible; TMMBot/0.2; +http://www.dslab.ch)/Nutch-1.15"
88.198.158.233 - - [14/Jun/2020:06:57:07 +0200] "GET / HTTP/1.1" 200 1775 "-" "Mozilla/5.0 (compatible; MegaIndex.ru/2.0; +http://megaindex.com/crawler)"
88.198.158.233 - - [14/Jun/2020:06:57:10 +0200] "GET /robots.txt HTTP/1.1" 404 1256 "-" "Mozilla/5.0 (compatible; MegaIndex.ru/2.0; +http://megaindex.com/crawler)"
88.198.158.233 - - [14/Jun/2020:06:57:11 +0200] "GET /seiten/start.htm HTTP/1.1" 200 9376 "-" "Mozilla/5.0 (compatible; MegaIndex.ru/2.0; +http://megaindex.com/crawler)"
88.198.158.233 - - [14/Jun/2020:06:57:15 +0200] "GET /seiten/main.htm HTTP/1.1" 200 2496 "-" "Mozilla/5.0 (compatible; MegaIndex.ru/2.0; +http://megaindex.com/crawler)"
88.198.158.233 - - [14/Jun/2020:06:57:17 +0200] "GET /seiten/ueber_uns.htm HTTP/1.1" 200 2081 "-" "Mozilla/5.0 (compatible; MegaIndex.ru/2.0; +http://megaindex.com/crawler)"
88.198.158.233 - - [14/Jun/2020:06:57:21 +0200] "GET /seiten/ausbildung.htm HTTP/1.1" 200 2131 "-" "Mozilla/5.0 (compatible; MegaIndex.ru/2.0; +http://megaindex.com/crawler)"
88.198.158.233 - - [14/Jun/2020:06:57:25 +0200] "GET /seiten/leistungen.htm HTTP/1.1" 200 3710 "-" "Mozilla/5.0 (compatible; MegaIndex.ru/2.0; +http://megaindex.com/crawler)"
88.198.158.233 - - [14/Jun/2020:06:57:28 +0200] "GET /seiten/referenzen.htm HTTP/1.1" 200 3626 "-" "Mozilla/5.0 (compatible; MegaIndex.ru/2.0; +http://megaindex.com/crawler)"
88.198.158.233 - - [14/Jun/2020:06:57:30 +0200] "GET /seiten/kontakt.php HTTP/1.1" 200 6708 "-" "Mozilla/5.0 (compatible; MegaIndex.ru/2.0; +http://megaindex.com/crawler)"
88.198.158.233 - - [14/Jun/2020:06:57:34 +0200] "GET /seiten/links.htm HTTP/1.1" 200 1543 "-" "Mozilla/5.0 (compatible; MegaIndex.ru/2.0; +http://megaindex.com/crawler)"
88.198.158.233 - - [14/Jun/2020:06:57:37 +0200] "GET /seiten/impressum.htm HTTP/1.1" 200 4643 "-" "Mozilla/5.0 (compatible; MegaIndex.ru/2.0; +http://megaindex.com/crawler)"
88.198.158.233 - - [14/Jun/2020:06:57:41 +0200] "GET /seiten/ausbildung2.htm HTTP/1.1" 200 4821 "-" "Mozilla/5.0 (compatible; MegaIndex.ru/2.0; +http://megaindex.com/crawler)"
88.198.158.233 - - [14/Jun/2020:06:57:45 +0200] "GET /seiten/ausbildung3.htm HTTP/1.1" 200 6331 "-" "Mozilla/5.0 (compatible; MegaIndex.ru/2.0; +http://megaindex.com/crawler)"
88.198.158.233 - - [14/Jun/2020:06:57:48 +0200] "GET /seiten/referenzen_maler.htm HTTP/1.1" 200 51839 "-" "Mozilla/5.0 (compatible; MegaIndex.ru/2.0; +http://megaindex.com/crawler)"
88.198.158.233 - - [14/Jun/2020:06:57:56 +0200] "GET /seiten/referenzen_waerme.htm HTTP/1.1" 200 35661 "-" "Mozilla/5.0 (compatible; MegaIndex.ru/2.0; +http://megaindex.com/crawler)"
88.198.158.233 - - [14/Jun/2020:06:58:01 +0200] "GET /seiten/referenzen_beton.htm HTTP/1.1" 200 8747 "-" "Mozilla/5.0 (compatible; MegaIndex.ru/2.0; +http://megaindex.com/crawler)"
194.209.200.2 - - [14/Jun/2020:07:14:39 +0200] "GET /robots.txt HTTP/1.1" 404 1256 "-" "Mozilla/5.0 (compatible; TMMBot/0.2; +http://www.dslab.ch)/Nutch-1.15"
194.209.200.2 - - [14/Jun/2020:07:14:39 +0200] "GET / HTTP/1.1" 304 - "-" "Mozilla/5.0 (compatible; TMMBot/0.2; +http://www.dslab.ch)/Nutch-1.15"
194.209.200.2 - - [14/Jun/2020:07:36:42 +0200] "GET /robots.txt HTTP/1.1" 404 1256 "-" "Mozilla/5.0 (compatible; TMMBot/0.2; +http://www.dslab.ch)/Nutch-1.15"
194.209.200.2 - - [14/Jun/2020:07:36:42 +0200] "GET / HTTP/1.1" 304 - "-" "Mozilla/5.0 (compatible; TMMBot/0.2; +http://www.dslab.ch)/Nutch-1.15"
194.209.200.2 - - [14/Jun/2020:07:57:37 +0200] "GET /robots.txt HTTP/1.1" 404 1256 "-" "Mozilla/5.0 (compatible; TMMBot/0.2; +http://www.dslab.ch)/Nutch-1.15"
194.209.200.2 - - [14/Jun/2020:07:57:37 +0200] "GET / HTTP/1.1" 304 - "-" "Mozilla/5.0 (compatible; TMMBot/0.2; +http://www.dslab.ch)/Nutch-1.15"
194.209.200.2 - - [14/Jun/2020:08:22:12 +0200] "GET /robots.txt HTTP/1.1" 404 1256 "-" "Mozilla/5.0 (compatible; TMMBot/0.2; +http://www.dslab.ch)/Nutch-1.15"
194.209.200.2 - - [14/Jun/2020:08:22:12 +0200] "GET / HTTP/1.1" 304 - "-" "Mozilla/5.0 (compatible; TMMBot/0.2; +http://www.dslab.ch)/Nutch-1.15"
194.209.200.2 - - [14/Jun/2020:08:38:52 +0200] "GET /robots.txt HTTP/1.1" 404 1256 "-" "Mozilla/5.0 (compatible; TMMBot/0.2; +http://www.dslab.ch)/Nutch-1.15"
194.209.200.2 - - [14/Jun/2020:08:38:52 +0200] "GET / HTTP/1.1" 304 - "-" "Mozilla/5.0 (compatible; TMMBot/0.2; +http://www.dslab.ch)/Nutch-1.15"
194.209.200.2 - - [14/Jun/2020:08:56:58 +0200] "GET /robots.txt HTTP/1.1" 404 1256 "-" "Mozilla/5.0 (compatible; TMMBot/0.2; +http://www.dslab.ch)/Nutch-1.15"
194.209.200.2 - - [14/Jun/2020:08:56:58 +0200] "GET / HTTP/1.1" 304 - "-" "Mozilla/5.0 (compatible; TMMBot/0.2; +http://www.dslab.ch)/Nutch-1.15"
194.209.200.2 - - [14/Jun/2020:09:15:47 +0200] "GET /robots.txt HTTP/1.1" 404 1256 "-" "Mozilla/5.0 (compatible; TMMBot/0.2; +http://www.dslab.ch)/Nutch-1.15"
194.209.200.2 - - [14/Jun/2020:09:15:48 +0200] "GET / HTTP/1.1" 304 - "-" "Mozilla/5.0 (compatible; TMMBot/0.2; +http://www.dslab.ch)/Nutch-1.15"
194.209.200.2 - - [14/Jun/2020:09:41:52 +0200] "GET /robots.txt HTTP/1.1" 404 1256 "-" "Mozilla/5.0 (compatible; TMMBot/0.2; +http://www.dslab.ch)/Nutch-1.15"
194.209.200.2 - - [14/Jun/2020:09:41:53 +0200] "GET / HTTP/1.1" 304 - "-" "Mozilla/5.0 (compatible; TMMBot/0.2; +http://www.dslab.ch)/Nutch-1.15"
194.209.200.2 - - [14/Jun/2020:09:57:38 +0200] "GET /robots.txt HTTP/1.1" 404 1256 "-" "Mozilla/5.0 (compatible; TMMBot/0.2; +http://www.dslab.ch)/Nutch-1.15"
194.209.200.2 - - [14/Jun/2020:09:57:38 +0200] "GET / HTTP/1.1" 304 - "-" "Mozilla/5.0 (compatible; TMMBot/0.2; +http://www.dslab.ch)/Nutch-1.15"
188.138.41.173 - - [14/Jun/2020:10:23:52 +0200] "GET / HTTP/1.1" 200 1775 "-" "Mozilla/5.0 (X11; U; Linux Core i7-4980HQ; de; rv:32.0; compatible; JobboerseBot; http://www.jobboerse.com/bot.htm) Gecko/20100101 Firefox/38.0"
188.138.41.173 - - [14/Jun/2020:10:25:04 +0200] "GET /robots.txt HTTP/1.1" 404 1256 "-" "Mozilla/5.0 (X11; U; Linux Core i7-4980HQ; de; rv:32.0; compatible; JobboerseBot; http://www.jobboerse.com/bot.htm) Gecko/20100101 Firefox/38.0"
188.138.41.173 - - [14/Jun/2020:10:25:06 +0200] "GET / HTTP/1.1" 200 1775 "-" "Mozilla/5.0 (X11; U; Linux Core i7-4980HQ; de; rv:32.0; compatible; JobboerseBot; http://www.jobboerse.com/bot.htm) Gecko/20100101 Firefox/38.0"
188.138.41.173 - - [14/Jun/2020:10:25:33 +0200] "GET / HTTP/1.1" 200 1775 "-" "Mozilla/5.0 (X11; U; Linux Core i7-4980HQ; de; rv:32.0; compatible; JobboerseBot; http://www.jobboerse.com/bot.htm) Gecko/20100101 Firefox/38.0"
188.138.41.173 - - [14/Jun/2020:10:25:34 +0200] "GET /css/style.css HTTP/1.1" 200 8567 "http://www.frb-berlin.de/" "Mozilla/5.0 (X11; U; Linux Core i7-4980HQ; de; rv:32.0; compatible; JobboerseBot; http://www.jobboerse.com/bot.htm) Gecko/20100101 Firefox/38.0"
188.138.41.173 - - [14/Jun/2020:10:25:59 +0200] "GET /seiten/start.htm HTTP/1.1" 200 9376 "-" "Mozilla/5.0 (X11; U; Linux Core i7-4980HQ; de; rv:32.0; compatible; JobboerseBot; http://www.jobboerse.com/bot.htm) Gecko/20100101 Firefox/38.0"
188.138.41.173 - - [14/Jun/2020:10:26:00 +0200] "GET /scripte/menu_start.js HTTP/1.1" 200 31217 "http://www.frb-berlin.de/seiten/start.htm" "Mozilla/5.0 (X11; U; Linux Core i7-4980HQ; de; rv:32.0; compatible; JobboerseBot; http://www.jobboerse.com/bot.htm) Gecko/20100101 Firefox/38.0"
188.138.41.173 - - [14/Jun/2020:10:26:00 +0200] "GET /scripte/menu_elemente.js HTTP/1.1" 200 18006 "http://www.frb-berlin.de/seiten/start.htm" "Mozilla/5.0 (X11; U; Linux Core i7-4980HQ; de; rv:32.0; compatible; JobboerseBot; http://www.jobboerse.com/bot.htm) Gecko/20100101 Firefox/38.0"
188.138.41.173 - - [14/Jun/2020:10:26:00 +0200] "GET /seiten/main.htm HTTP/1.1" 200 2496 "http://www.frb-berlin.de/seiten/start.htm" "Mozilla/5.0 (X11; U; Linux Core i7-4980HQ; de; rv:32.0; compatible; JobboerseBot; http://www.jobboerse.com/bot.htm) Gecko/20100101 Firefox/38.0"
188.138.41.173 - - [14/Jun/2020:10:26:17 +0200] "GET /css/style.css HTTP/1.1" 200 8567 "http://www.frb-berlin.de/seiten/start.htm" "Mozilla/5.0 (X11; U; Linux Core i7-4980HQ; de; rv:32.0; compatible; JobboerseBot; http://www.jobboerse.com/bot.htm) Gecko/20100101 Firefox/38.0"
188.138.41.173 - - [14/Jun/2020:10:26:17 +0200] "GET /css/style.css HTTP/1.1" 200 8567 "http://www.frb-berlin.de/seiten/start.htm" "Mozilla/5.0 (X11; U; Linux Core i7-4980HQ; de; rv:32.0; compatible; JobboerseBot; http://www.jobboerse.com/bot.htm) Gecko/20100101 Firefox/38.0"
194.209.200.2 - - [14/Jun/2020:10:26:47 +0200] "GET /robots.txt HTTP/1.1" 404 1256 "-" "Mozilla/5.0 (compatible; TMMBot/0.2; +http://www.dslab.ch)/Nutch-1.15"
194.209.200.2 - - [14/Jun/2020:10:26:47 +0200] "GET / HTTP/1.1" 304 - "-" "Mozilla/5.0 (compatible; TMMBot/0.2; +http://www.dslab.ch)/Nutch-1.15"
188.138.41.173 - - [14/Jun/2020:10:27:29 +0200] "GET /seiten/main.htm HTTP/1.1" 200 2496 "-" "Mozilla/5.0 (X11; U; Linux Core i7-4980HQ; de; rv:32.0; compatible; JobboerseBot; http://www.jobboerse.com/bot.htm) Gecko/20100101 Firefox/38.0"
194.209.200.2 - - [14/Jun/2020:10:42:57 +0200] "GET /robots.txt HTTP/1.1" 404 1256 "-" "Mozilla/5.0 (compatible; TMMBot/0.2; +http://www.dslab.ch)/Nutch-1.15"
194.209.200.2 - - [14/Jun/2020:10:42:57 +0200] "GET / HTTP/1.1" 304 - "-" "Mozilla/5.0 (compatible; TMMBot/0.2; +http://www.dslab.ch)/Nutch-1.15"
194.209.200.2 - - [14/Jun/2020:11:01:38 +0200] "GET /robots.txt HTTP/1.1" 404 1256 "-" "Mozilla/5.0 (compatible; TMMBot/0.2; +http://www.dslab.ch)/Nutch-1.15"
194.209.200.2 - - [14/Jun/2020:11:01:38 +0200] "GET / HTTP/1.1" 304 - "-" "Mozilla/5.0 (compatible; TMMBot/0.2; +http://www.dslab.ch)/Nutch-1.15"
213.61.218.76 - - [14/Jun/2020:11:22:52 +0200] "GET /robots.txt HTTP/1.1" 404 1256 "-" "Jobsearch1.5"
213.61.218.76 - - [14/Jun/2020:11:22:53 +0200] "GET /seiten/ausbildung.htm HTTP/1.1" 200 2131 "-" "Jobsearch1.5"
194.209.200.2 - - [14/Jun/2020:11:33:07 +0200] "GET /robots.txt HTTP/1.1" 404 1256 "-" "Mozilla/5.0 (compatible; TMMBot/0.2; +http://www.dslab.ch)/Nutch-1.15"
194.209.200.2 - - [14/Jun/2020:11:33:07 +0200] "GET / HTTP/1.1" 304 - "-" "Mozilla/5.0 (compatible; TMMBot/0.2; +http://www.dslab.ch)/Nutch-1.15"
194.209.200.2 - - [14/Jun/2020:11:49:56 +0200] "GET /robots.txt HTTP/1.1" 404 1256 "-" "Mozilla/5.0 (compatible; TMMBot/0.2; +http://www.dslab.ch)/Nutch-1.15"
194.209.200.2 - - [14/Jun/2020:11:49:56 +0200] "GET / HTTP/1.1" 304 - "-" "Mozilla/5.0 (compatible; TMMBot/0.2; +http://www.dslab.ch)/Nutch-1.15"
194.209.200.2 - - [14/Jun/2020:12:10:11 +0200] "GET /robots.txt HTTP/1.1" 404 1256 "-" "Mozilla/5.0 (compatible; TMMBot/0.2; +http://www.dslab.ch)/Nutch-1.15"
194.209.200.2 - - [14/Jun/2020:12:10:12 +0200] "GET / HTTP/1.1" 304 - "-" "Mozilla/5.0 (compatible; TMMBot/0.2; +http://www.dslab.ch)/Nutch-1.15"
78.47.92.11 - - [14/Jun/2020:12:21:43 +0200] "HEAD / HTTP/1.1" 200 - "-" "auskunftbot/1.0 (+https://www.auskunft.de)"
78.47.92.11 - - [14/Jun/2020:12:21:43 +0200] "GET /robots.txt HTTP/1.1" 404 1256 "-" "auskunftbot/1.0 (+https://www.auskunft.de)"
78.47.92.11 - - [14/Jun/2020:12:21:43 +0200] "GET / HTTP/1.1" 200 1775 "-" "auskunftbot/1.0 (+https://www.auskunft.de)"
78.47.92.11 - - [14/Jun/2020:12:21:43 +0200] "GET /seiten/start.htm HTTP/1.1" 200 9376 "-" "auskunftbot/1.0 (+https://www.auskunft.de)"
78.47.92.11 - - [14/Jun/2020:12:21:43 +0200] "GET /seiten/impressum.htm HTTP/1.1" 200 4643 "-" "auskunftbot/1.0 (+https://www.auskunft.de)"
