94.100.254.129 - - [05/Jun/2020:13:08:06 +0200] "GET /img/bg_rechts.jpg HTTP/1.1" 200 346 "http://www.frb-berlin.de/seiten/start.htm" "Mozilla/5.0 (Windows NT 6.1; Win64; x64) AppleWebKit/537.36 (KHTML, like Gecko) Chrome/81.0.4044.138 Safari/537.36"
94.100.254.129 - - [05/Jun/2020:13:08:06 +0200] "GET /img/lay13.jpg HTTP/1.1" 200 428 "http://www.frb-berlin.de/seiten/start.htm" "Mozilla/5.0 (Windows NT 6.1; Win64; x64) AppleWebKit/537.36 (KHTML, like Gecko) Chrome/81.0.4044.138 Safari/537.36"
94.100.254.129 - - [05/Jun/2020:13:08:06 +0200] "GET /img/bogen_o1.jpg HTTP/1.1" 200 8356 "http://www.frb-berlin.de/seiten/start.htm" "Mozilla/5.0 (Windows NT 6.1; Win64; x64) AppleWebKit/537.36 (KHTML, like Gecko) Chrome/81.0.4044.138 Safari/537.36"
94.100.254.129 - - [05/Jun/2020:13:08:06 +0200] "GET /img/lay11.jpg HTTP/1.1" 200 12218 "http://www.frb-berlin.de/seiten/start.htm" "Mozilla/5.0 (Windows NT 6.1; Win64; x64) AppleWebKit/537.36 (KHTML, like Gecko) Chrome/81.0.4044.138 Safari/537.36"
94.100.254.129 - - [05/Jun/2020:13:08:06 +0200] "GET /img/lay08.jpg HTTP/1.1" 200 10212 "http://www.frb-berlin.de/seiten/start.htm" "Mozilla/5.0 (Windows NT 6.1; Win64; x64) AppleWebKit/537.36 (KHTML, like Gecko) Chrome/81.0.4044.138 Safari/537.36"
94.100.254.129 - - [05/Jun/2020:13:08:07 +0200] "GET /img/farben.jpg HTTP/1.1" 200 14519 "http://www.frb-berlin.de/seiten/main.htm" "Mozilla/5.0 (Windows NT 6.1; Win64; x64) AppleWebKit/537.36 (KHTML, like Gecko) Chrome/81.0.4044.138 Safari/537.36"
94.100.254.129 - - [05/Jun/2020:13:08:07 +0200] "GET /img/favorit_a.gif HTTP/1.1" 200 175 "http://www.frb-berlin.de/seiten/start.htm" "Mozilla/5.0 (Windows NT 6.1; Win64; x64) AppleWebKit/537.36 (KHTML, like Gecko) Chrome/81.0.4044.138 Safari/537.36"
94.100.254.129 - - [05/Jun/2020:13:08:26 +0200] "GET /seiten/kontakt.php HTTP/1.1" 200 6708 "http://www.frb-berlin.de/seiten/start.htm" "Mozilla/5.0 (Windows NT 6.1; Win64; x64) AppleWebKit/537.36 (KHTML, like Gecko) Chrome/81.0.4044.138 Safari/537.36"
94.100.254.129 - - [05/Jun/2020:13:09:03 +0200] "GET /seiten/ueber_uns.htm HTTP/1.1" 200 2081 "http://www.frb-berlin.de/seiten/start.htm" "Mozilla/5.0 (Windows NT 6.1; Win64; x64) AppleWebKit/537.36 (KHTML, like Gecko) Chrome/81.0.4044.138 Safari/537.36"
94.100.254.129 - - [05/Jun/2020:13:09:03 +0200] "GET /img/hg.jpg HTTP/1.1" 200 7507 "http://www.frb-berlin.de/seiten/ueber_uns.htm" "Mozilla/5.0 (Windows NT 6.1; Win64; x64) AppleWebKit/537.36 (KHTML, like Gecko) Chrome/81.0.4044.138 Safari/537.36"
94.100.254.129 - - [05/Jun/2020:13:09:31 +0200] "GET / HTTP/1.1" 304 - "https://www.google.de/" "Mozilla/5.0 (Windows NT 6.1; Win64; x64) AppleWebKit/537.36 (KHTML, like Gecko) Chrome/81.0.4044.138 Safari/537.36"
94.100.254.129 - - [05/Jun/2020:13:09:31 +0200] "GET /css/style.css HTTP/1.1" 304 - "http://www.frb-berlin.de/" "Mozilla/5.0 (Windows NT 6.1; Win64; x64) AppleWebKit/537.36 (KHTML, like Gecko) Chrome/81.0.4044.138 Safari/537.36"
94.100.254.129 - - [05/Jun/2020:13:10:07 +0200] "GET / HTTP/1.1" 304 - "http://web2.cylex.de/reviews/viewcompanywebsite.aspx?firmaName=frb-fassadenrenovierung+gmbh&companyId=5214736" "Mozilla/5.0 (Windows NT 6.1; Win64; x64) AppleWebKit/537.36 (KHTML, like Gecko) Chrome/81.0.4044.138 Safari/537.36"
94.100.254.129 - - [05/Jun/2020:13:10:07 +0200] "GET /css/style.css HTTP/1.1" 304 - "http://www.frb-berlin.de/" "Mozilla/5.0 (Windows NT 6.1; Win64; x64) AppleWebKit/537.36 (KHTML, like Gecko) Chrome/81.0.4044.138 Safari/537.36"
94.100.254.129 - - [05/Jun/2020:13:13:01 +0200] "GET /seiten/start.htm HTTP/1.1" 304 - "http://www.frb-berlin.de/" "Mozilla/5.0 (Windows NT 6.1; Win64; x64) AppleWebKit/537.36 (KHTML, like Gecko) Chrome/81.0.4044.138 Safari/537.36"
94.100.254.129 - - [05/Jun/2020:13:13:01 +0200] "GET /css/style.css HTTP/1.1" 304 - "http://www.frb-berlin.de/seiten/start.htm" "Mozilla/5.0 (Windows NT 6.1; Win64; x64) AppleWebKit/537.36 (KHTML, like Gecko) Chrome/81.0.4044.138 Safari/537.36"
94.100.254.129 - - [05/Jun/2020:13:13:01 +0200] "GET /seiten/main.htm HTTP/1.1" 304 - "http://www.frb-berlin.de/seiten/start.htm" "Mozilla/5.0 (Windows NT 6.1; Win64; x64) AppleWebKit/537.36 (KHTML, like Gecko) Chrome/81.0.4044.138 Safari/537.36"
94.100.254.129 - - [05/Jun/2020:13:13:01 +0200] "GET /css/style.css HTTP/1.1" 304 - "http://www.frb-berlin.de/seiten/main.htm" "Mozilla/5.0 (Windows NT 6.1; Win64; x64) AppleWebKit/537.36 (KHTML, like Gecko) Chrome/81.0.4044.138 Safari/537.36"
94.100.254.129 - - [05/Jun/2020:13:14:37 +0200] "GET /seiten/impressum.htm HTTP/1.1" 200 4643 "https://www.google.de/" "Mozilla/5.0 (Windows NT 6.1; Win64; x64) AppleWebKit/537.36 (KHTML, like Gecko) Chrome/81.0.4044.138 Safari/537.36"
94.100.254.129 - - [05/Jun/2020:13:14:37 +0200] "GET /css/style.css HTTP/1.1" 304 - "http://www.frb-berlin.de/seiten/impressum.htm" "Mozilla/5.0 (Windows NT 6.1; Win64; x64) AppleWebKit/537.36 (KHTML, like Gecko) Chrome/81.0.4044.138 Safari/537.36"
94.100.254.129 - - [05/Jun/2020:13:14:37 +0200] "GET /img/fm_logo.jpg HTTP/1.1" 200 4093 "http://www.frb-berlin.de/seiten/impressum.htm" "Mozilla/5.0 (Windows NT 6.1; Win64; x64) AppleWebKit/537.36 (KHTML, like Gecko) Chrome/81.0.4044.138 Safari/537.36"
94.100.254.129 - - [05/Jun/2020:13:14:37 +0200] "GET /img/top.gif HTTP/1.1" 200 950 "http://www.frb-berlin.de/seiten/impressum.htm" "Mozilla/5.0 (Windows NT 6.1; Win64; x64) AppleWebKit/537.36 (KHTML, like Gecko) Chrome/81.0.4044.138 Safari/537.36"
194.209.200.2 - - [05/Jun/2020:13:20:40 +0200] "GET /robots.txt HTTP/1.1" 404 1256 "-" "Mozilla/5.0 (compatible; TMMBot/0.2; +http://www.dslab.ch)/Nutch-1.15"
194.209.200.2 - - [05/Jun/2020:13:20:40 +0200] "GET / HTTP/1.1" 304 - "-" "Mozilla/5.0 (compatible; TMMBot/0.2; +http://www.dslab.ch)/Nutch-1.15"
194.209.200.2 - - [05/Jun/2020:13:47:40 +0200] "GET /robots.txt HTTP/1.1" 404 1256 "-" "Mozilla/5.0 (compatible; TMMBot/0.2; +http://www.dslab.ch)/Nutch-1.15"
194.209.200.2 - - [05/Jun/2020:13:47:40 +0200] "GET / HTTP/1.1" 304 - "-" "Mozilla/5.0 (compatible; TMMBot/0.2; +http://www.dslab.ch)/Nutch-1.15"
77.88.9.133 - - [05/Jun/2020:13:55:12 +0200] "GET /robots.txt HTTP/1.1" 404 1256 "-" "Mozilla/5.0 (compatible; YandexBot/3.0; +http://yandex.com/bots)"
77.88.9.133 - - [05/Jun/2020:13:55:16 +0200] "GET /img/lay04.jpg HTTP/1.1" 304 - "-" "Mozilla/5.0 (compatible; YandexImages/3.0; +http://yandex.com/bots)"
207.46.13.179 - - [05/Jun/2020:14:02:29 +0200] "GET /robots.txt HTTP/1.1" 404 1256 "-" "Mozilla/5.0 (compatible; bingbot/2.0; +http://www.bing.com/bingbot.htm)"
194.209.200.2 - - [05/Jun/2020:14:04:54 +0200] "GET /robots.txt HTTP/1.1" 404 1256 "-" "Mozilla/5.0 (compatible; TMMBot/0.2; +http://www.dslab.ch)/Nutch-1.15"
194.209.200.2 - - [05/Jun/2020:14:04:54 +0200] "GET / HTTP/1.1" 304 - "-" "Mozilla/5.0 (compatible; TMMBot/0.2; +http://www.dslab.ch)/Nutch-1.15"
194.209.200.2 - - [05/Jun/2020:14:43:37 +0200] "GET /robots.txt HTTP/1.1" 404 1256 "-" "Mozilla/5.0 (compatible; TMMBot/0.2; +http://www.dslab.ch)/Nutch-1.15"
194.209.200.2 - - [05/Jun/2020:14:43:37 +0200] "GET / HTTP/1.1" 304 - "-" "Mozilla/5.0 (compatible; TMMBot/0.2; +http://www.dslab.ch)/Nutch-1.15"
194.209.200.2 - - [05/Jun/2020:15:10:13 +0200] "GET /robots.txt HTTP/1.1" 404 1256 "-" "Mozilla/5.0 (compatible; TMMBot/0.2; +http://www.dslab.ch)/Nutch-1.15"
194.209.200.2 - - [05/Jun/2020:15:10:13 +0200] "GET / HTTP/1.1" 304 - "-" "Mozilla/5.0 (compatible; TMMBot/0.2; +http://www.dslab.ch)/Nutch-1.15"
194.209.200.2 - - [05/Jun/2020:15:45:58 +0200] "GET /robots.txt HTTP/1.1" 404 1256 "-" "Mozilla/5.0 (compatible; TMMBot/0.2; +http://www.dslab.ch)/Nutch-1.15"
194.209.200.2 - - [05/Jun/2020:15:45:58 +0200] "GET / HTTP/1.1" 304 - "-" "Mozilla/5.0 (compatible; TMMBot/0.2; +http://www.dslab.ch)/Nutch-1.15"
157.55.39.197 - - [05/Jun/2020:15:51:58 +0200] "GET /seiten/referenzen.htm HTTP/1.1" 200 3626 "-" "Mozilla/5.0 (iPhone; CPU iPhone OS 7_0 like Mac OS X) AppleWebKit/537.51.1 (KHTML, like Gecko) Version/7.0 Mobile/11A465 Safari/9537.53 (compatible; bingbot/2.0; +http://www.bing.com/bingbot.htm)"
194.209.200.2 - - [05/Jun/2020:16:07:03 +0200] "GET /robots.txt HTTP/1.1" 404 1256 "-" "Mozilla/5.0 (compatible; TMMBot/0.2; +http://www.dslab.ch)/Nutch-1.15"
194.209.200.2 - - [05/Jun/2020:16:07:03 +0200] "GET / HTTP/1.1" 304 - "-" "Mozilla/5.0 (compatible; TMMBot/0.2; +http://www.dslab.ch)/Nutch-1.15"
66.249.69.164 - - [05/Jun/2020:16:13:17 +0200] "GET / HTTP/1.1" 200 1775 "-" "Mozilla/5.0 (Linux; Android 6.0.1; Nexus 5X Build/MMB29P) AppleWebKit/537.36 (KHTML, like Gecko) Chrome/80.0.3987.92 Mobile Safari/537.36 (compatible; Googlebot/2.1; +http://www.google.com/bot.html)"
194.209.200.2 - - [05/Jun/2020:16:39:11 +0200] "GET /robots.txt HTTP/1.1" 404 1256 "-" "Mozilla/5.0 (compatible; TMMBot/0.2; +http://www.dslab.ch)/Nutch-1.15"
194.209.200.2 - - [05/Jun/2020:16:39:11 +0200] "GET / HTTP/1.1" 304 - "-" "Mozilla/5.0 (compatible; TMMBot/0.2; +http://www.dslab.ch)/Nutch-1.15"
66.249.69.191 - - [05/Jun/2020:16:46:40 +0200] "GET / HTTP/1.1" 200 1775 "-" "Mozilla/5.0 (compatible; Googlebot/2.1; +http://www.google.com/bot.html)"
213.61.218.23 - - [05/Jun/2020:17:01:47 +0200] "GET /robots.txt HTTP/1.1" 404 1256 "-" "Jobsearch1.5"
213.61.218.23 - - [05/Jun/2020:17:01:48 +0200] "GET /seiten/ausbildung.htm HTTP/1.1" 200 2131 "-" "Jobsearch1.5"
194.209.200.2 - - [05/Jun/2020:17:07:33 +0200] "GET /robots.txt HTTP/1.1" 404 1256 "-" "Mozilla/5.0 (compatible; TMMBot/0.2; +http://www.dslab.ch)/Nutch-1.15"
194.209.200.2 - - [05/Jun/2020:17:07:33 +0200] "GET / HTTP/1.1" 304 - "-" "Mozilla/5.0 (compatible; TMMBot/0.2; +http://www.dslab.ch)/Nutch-1.15"
194.209.200.2 - - [05/Jun/2020:17:42:28 +0200] "GET /robots.txt HTTP/1.1" 404 1256 "-" "Mozilla/5.0 (compatible; TMMBot/0.2; +http://www.dslab.ch)/Nutch-1.15"
194.209.200.2 - - [05/Jun/2020:17:42:28 +0200] "GET / HTTP/1.1" 304 - "-" "Mozilla/5.0 (compatible; TMMBot/0.2; +http://www.dslab.ch)/Nutch-1.15"
194.209.200.2 - - [05/Jun/2020:17:59:11 +0200] "GET /robots.txt HTTP/1.1" 404 1256 "-" "Mozilla/5.0 (compatible; TMMBot/0.2; +http://www.dslab.ch)/Nutch-1.15"
194.209.200.2 - - [05/Jun/2020:17:59:11 +0200] "GET / HTTP/1.1" 304 - "-" "Mozilla/5.0 (compatible; TMMBot/0.2; +http://www.dslab.ch)/Nutch-1.15"
194.209.200.2 - - [05/Jun/2020:18:19:58 +0200] "GET /robots.txt HTTP/1.1" 404 1256 "-" "Mozilla/5.0 (compatible; TMMBot/0.2; +http://www.dslab.ch)/Nutch-1.15"
194.209.200.2 - - [05/Jun/2020:18:19:58 +0200] "GET / HTTP/1.1" 304 - "-" "Mozilla/5.0 (compatible; TMMBot/0.2; +http://www.dslab.ch)/Nutch-1.15"
194.209.200.2 - - [05/Jun/2020:18:43:08 +0200] "GET /robots.txt HTTP/1.1" 404 1256 "-" "Mozilla/5.0 (compatible; TMMBot/0.2; +http://www.dslab.ch)/Nutch-1.15"
194.209.200.2 - - [05/Jun/2020:18:43:08 +0200] "GET / HTTP/1.1" 304 - "-" "Mozilla/5.0 (compatible; TMMBot/0.2; +http://www.dslab.ch)/Nutch-1.15"
95.216.96.242 - - [05/Jun/2020:18:44:13 +0200] "GET /robots.txt HTTP/1.1" 404 1256 "-" "Mozilla/5.0 (compatible; SEOkicks; +https://www.seokicks.de/robot.html)"
95.216.96.242 - - [05/Jun/2020:18:44:14 +0200] "GET / HTTP/1.1" 200 1775 "-" "Mozilla/5.0 (compatible; SEOkicks; +https://www.seokicks.de/robot.html)"
95.216.96.242 - - [05/Jun/2020:18:44:18 +0200] "GET /seiten/start.htm HTTP/1.1" 200 9376 "http://www.frb-berlin.de/" "Mozilla/5.0 (compatible; SEOkicks; +https://www.seokicks.de/robot.html)"
95.216.96.242 - - [05/Jun/2020:18:44:21 +0200] "GET /seiten/main.htm HTTP/1.1" 200 2496 "http://www.frb-berlin.de/seiten/start.htm" "Mozilla/5.0 (compatible; SEOkicks; +https://www.seokicks.de/robot.html)"
95.216.96.242 - - [05/Jun/2020:18:44:25 +0200] "GET /seiten/ueber_uns.htm HTTP/1.1" 200 2081 "http://www.frb-berlin.de/seiten/start.htm" "Mozilla/5.0 (compatible; SEOkicks; +https://www.seokicks.de/robot.html)"
95.216.96.242 - - [05/Jun/2020:18:44:27 +0200] "GET /seiten/ausbildung.htm HTTP/1.1" 200 2131 "http://www.frb-berlin.de/seiten/start.htm" "Mozilla/5.0 (compatible; SEOkicks; +https://www.seokicks.de/robot.html)"
95.216.96.242 - - [05/Jun/2020:18:44:30 +0200] "GET /seiten/leistungen.htm HTTP/1.1" 200 3710 "http://www.frb-berlin.de/seiten/start.htm" "Mozilla/5.0 (compatible; SEOkicks; +https://www.seokicks.de/robot.html)"
95.216.96.242 - - [05/Jun/2020:18:44:32 +0200] "GET /seiten/referenzen.htm HTTP/1.1" 200 3626 "http://www.frb-berlin.de/seiten/start.htm" "Mozilla/5.0 (compatible; SEOkicks; +https://www.seokicks.de/robot.html)"
95.216.96.242 - - [05/Jun/2020:18:44:42 +0200] "GET /seiten/kontakt.php HTTP/1.1" 200 6708 "http://www.frb-berlin.de/seiten/start.htm" "Mozilla/5.0 (compatible; SEOkicks; +https://www.seokicks.de/robot.html)"
95.216.96.242 - - [05/Jun/2020:18:44:44 +0200] "GET /seiten/links.htm HTTP/1.1" 200 1543 "http://www.frb-berlin.de/seiten/start.htm" "Mozilla/5.0 (compatible; SEOkicks; +https://www.seokicks.de/robot.html)"
66.249.69.164 - - [05/Jun/2020:18:46:42 +0200] "GET /favicon.ico HTTP/1.1" 404 1256 "-" "Googlebot-Image/1.0"
66.249.69.161 - - [05/Jun/2020:18:48:46 +0200] "GET /favicon.ico HTTP/1.1" 404 1256 "-" "Googlebot-Image/1.0"
194.209.200.2 - - [05/Jun/2020:19:02:14 +0200] "GET /robots.txt HTTP/1.1" 404 1256 "-" "Mozilla/5.0 (compatible; TMMBot/0.2; +http://www.dslab.ch)/Nutch-1.15"
194.209.200.2 - - [05/Jun/2020:19:02:14 +0200] "GET / HTTP/1.1" 304 - "-" "Mozilla/5.0 (compatible; TMMBot/0.2; +http://www.dslab.ch)/Nutch-1.15"
209.17.96.234 - - [05/Jun/2020:19:11:21 +0200] "GET / HTTP/1.1" 200 1775 "-" "Mozilla/5.0 (compatible; Nimbostratus-Bot/v1.3.2; http://cloudsystemnetworks.com)"
194.209.200.2 - - [05/Jun/2020:19:28:28 +0200] "GET /robots.txt HTTP/1.1" 404 1256 "-" "Mozilla/5.0 (compatible; TMMBot/0.2; +http://www.dslab.ch)/Nutch-1.15"
194.209.200.2 - - [05/Jun/2020:19:28:28 +0200] "GET / HTTP/1.1" 304 - "-" "Mozilla/5.0 (compatible; TMMBot/0.2; +http://www.dslab.ch)/Nutch-1.15"
194.209.200.2 - - [05/Jun/2020:19:48:18 +0200] "GET /robots.txt HTTP/1.1" 404 1256 "-" "Mozilla/5.0 (compatible; TMMBot/0.2; +http://www.dslab.ch)/Nutch-1.15"
194.209.200.2 - - [05/Jun/2020:19:48:18 +0200] "GET / HTTP/1.1" 304 - "-" "Mozilla/5.0 (compatible; TMMBot/0.2; +http://www.dslab.ch)/Nutch-1.15"
194.209.200.2 - - [05/Jun/2020:20:05:03 +0200] "GET /robots.txt HTTP/1.1" 404 1256 "-" "Mozilla/5.0 (compatible; TMMBot/0.2; +http://www.dslab.ch)/Nutch-1.15"
194.209.200.2 - - [05/Jun/2020:20:05:03 +0200] "GET / HTTP/1.1" 304 - "-" "Mozilla/5.0 (compatible; TMMBot/0.2; +http://www.dslab.ch)/Nutch-1.15"
40.77.167.229 - - [05/Jun/2020:20:19:09 +0200] "GET / HTTP/1.1" 200 1775 "-" "Mozilla/5.0 (compatible; bingbot/2.0; +http://www.bing.com/bingbot.htm)"
194.209.200.2 - - [05/Jun/2020:20:27:49 +0200] "GET /robots.txt HTTP/1.1" 404 1256 "-" "Mozilla/5.0 (compatible; TMMBot/0.2; +http://www.dslab.ch)/Nutch-1.15"
194.209.200.2 - - [05/Jun/2020:20:27:49 +0200] "GET / HTTP/1.1" 304 - "-" "Mozilla/5.0 (compatible; TMMBot/0.2; +http://www.dslab.ch)/Nutch-1.15"
194.209.200.2 - - [05/Jun/2020:20:43:15 +0200] "GET /robots.txt HTTP/1.1" 404 1256 "-" "Mozilla/5.0 (compatible; TMMBot/0.2; +http://www.dslab.ch)/Nutch-1.15"
194.209.200.2 - - [05/Jun/2020:20:43:15 +0200] "GET / HTTP/1.1" 304 - "-" "Mozilla/5.0 (compatible; TMMBot/0.2; +http://www.dslab.ch)/Nutch-1.15"
46.229.168.136 - - [05/Jun/2020:20:59:59 +0200] "GET /robots.txt HTTP/1.1" 404 1256 "-" "Mozilla/5.0 (compatible; SemrushBot/6~bl; +http://www.semrush.com/bot.html)"
46.229.168.136 - - [05/Jun/2020:21:00:01 +0200] "GET /seiten/referenzen.htm HTTP/1.1" 200 3626 "-" "Mozilla/5.0 (compatible; SemrushBot/6~bl; +http://www.semrush.com/bot.html)"
194.209.200.2 - - [05/Jun/2020:21:05:44 +0200] "GET /robots.txt HTTP/1.1" 404 1256 "-" "Mozilla/5.0 (compatible; TMMBot/0.2; +http://www.dslab.ch)/Nutch-1.15"
194.209.200.2 - - [05/Jun/2020:21:05:44 +0200] "GET / HTTP/1.1" 304 - "-" "Mozilla/5.0 (compatible; TMMBot/0.2; +http://www.dslab.ch)/Nutch-1.15"
54.36.148.2 - - [05/Jun/2020:21:08:56 +0200] "GET /robots.txt HTTP/1.1" 404 1256 "-" "Mozilla/5.0 (compatible; AhrefsBot/6.1; +http://ahrefs.com/robot/)"
194.209.200.2 - - [05/Jun/2020:21:28:47 +0200] "GET /robots.txt HTTP/1.1" 404 1256 "-" "Mozilla/5.0 (compatible; TMMBot/0.2; +http://www.dslab.ch)/Nutch-1.15"
194.209.200.2 - - [05/Jun/2020:21:28:47 +0200] "GET / HTTP/1.1" 304 - "-" "Mozilla/5.0 (compatible; TMMBot/0.2; +http://www.dslab.ch)/Nutch-1.15"
194.209.200.2 - - [05/Jun/2020:21:44:31 +0200] "GET /robots.txt HTTP/1.1" 404 1256 "-" "Mozilla/5.0 (compatible; TMMBot/0.2; +http://www.dslab.ch)/Nutch-1.15"
194.209.200.2 - - [05/Jun/2020:21:44:31 +0200] "GET / HTTP/1.1" 304 - "-" "Mozilla/5.0 (compatible; TMMBot/0.2; +http://www.dslab.ch)/Nutch-1.15"
194.209.200.2 - - [05/Jun/2020:22:00:49 +0200] "GET /robots.txt HTTP/1.1" 404 1256 "-" "Mozilla/5.0 (compatible; TMMBot/0.2; +http://www.dslab.ch)/Nutch-1.15"
194.209.200.2 - - [05/Jun/2020:22:00:50 +0200] "GET / HTTP/1.1" 304 - "-" "Mozilla/5.0 (compatible; TMMBot/0.2; +http://www.dslab.ch)/Nutch-1.15"
194.209.200.2 - - [05/Jun/2020:22:29:50 +0200] "GET /robots.txt HTTP/1.1" 404 1256 "-" "Mozilla/5.0 (compatible; TMMBot/0.2; +http://www.dslab.ch)/Nutch-1.15"
194.209.200.2 - - [05/Jun/2020:22:29:50 +0200] "GET / HTTP/1.1" 304 - "-" "Mozilla/5.0 (compatible; TMMBot/0.2; +http://www.dslab.ch)/Nutch-1.15"
35.185.40.156 - - [05/Jun/2020:22:35:15 +0200] "GET /robots.txt HTTP/1.0" 404 1256 "-" "ZoominfoBot (zoominfobot at zoominfo dot com)"
35.185.40.156 - - [05/Jun/2020:22:35:15 +0200] "GET / HTTP/1.0" 200 1775 "-" "ZoominfoBot (zoominfobot at zoominfo dot com)"
194.209.200.2 - - [05/Jun/2020:22:54:18 +0200] "GET /robots.txt HTTP/1.1" 404 1256 "-" "Mozilla/5.0 (compatible; TMMBot/0.2; +http://www.dslab.ch)/Nutch-1.15"
194.209.200.2 - - [05/Jun/2020:22:54:18 +0200] "GET / HTTP/1.1" 304 - "-" "Mozilla/5.0 (compatible; TMMBot/0.2; +http://www.dslab.ch)/Nutch-1.15"
194.209.200.2 - - [05/Jun/2020:23:19:49 +0200] "GET /robots.txt HTTP/1.1" 404 1256 "-" "Mozilla/5.0 (compatible; TMMBot/0.2; +http://www.dslab.ch)/Nutch-1.15"
194.209.200.2 - - [05/Jun/2020:23:19:49 +0200] "GET / HTTP/1.1" 304 - "-" "Mozilla/5.0 (compatible; TMMBot/0.2; +http://www.dslab.ch)/Nutch-1.15"
194.209.200.2 - - [05/Jun/2020:23:41:28 +0200] "GET /robots.txt HTTP/1.1" 404 1256 "-" "Mozilla/5.0 (compatible; TMMBot/0.2; +http://www.dslab.ch)/Nutch-1.15"
194.209.200.2 - - [05/Jun/2020:23:41:28 +0200] "GET / HTTP/1.1" 304 - "-" "Mozilla/5.0 (compatible; TMMBot/0.2; +http://www.dslab.ch)/Nutch-1.15"
194.209.200.2 - - [06/Jun/2020:00:04:11 +0200] "GET /robots.txt HTTP/1.1" 404 1256 "-" "Mozilla/5.0 (compatible; TMMBot/0.2; +http://www.dslab.ch)/Nutch-1.15"
194.209.200.2 - - [06/Jun/2020:00:04:11 +0200] "GET / HTTP/1.1" 304 - "-" "Mozilla/5.0 (compatible; TMMBot/0.2; +http://www.dslab.ch)/Nutch-1.15"
194.209.200.2 - - [06/Jun/2020:00:26:05 +0200] "GET /robots.txt HTTP/1.1" 404 1256 "-" "Mozilla/5.0 (compatible; TMMBot/0.2; +http://www.dslab.ch)/Nutch-1.15"
194.209.200.2 - - [06/Jun/2020:00:26:05 +0200] "GET / HTTP/1.1" 304 - "-" "Mozilla/5.0 (compatible; TMMBot/0.2; +http://www.dslab.ch)/Nutch-1.15"
194.209.200.2 - - [06/Jun/2020:00:47:55 +0200] "GET /robots.txt HTTP/1.1" 404 1256 "-" "Mozilla/5.0 (compatible; TMMBot/0.2; +http://www.dslab.ch)/Nutch-1.15"
194.209.200.2 - - [06/Jun/2020:00:47:55 +0200] "GET / HTTP/1.1" 304 - "-" "Mozilla/5.0 (compatible; TMMBot/0.2; +http://www.dslab.ch)/Nutch-1.15"
194.209.200.2 - - [06/Jun/2020:01:03:49 +0200] "GET /robots.txt HTTP/1.1" 404 1256 "-" "Mozilla/5.0 (compatible; TMMBot/0.2; +http://www.dslab.ch)/Nutch-1.15"
194.209.200.2 - - [06/Jun/2020:01:03:49 +0200] "GET / HTTP/1.1" 304 - "-" "Mozilla/5.0 (compatible; TMMBot/0.2; +http://www.dslab.ch)/Nutch-1.15"
66.249.69.191 - - [06/Jun/2020:01:06:07 +0200] "GET /robots.txt HTTP/1.1" 404 1256 "-" "Mozilla/5.0 (compatible; Googlebot/2.1; +http://www.google.com/bot.html)"
66.249.69.191 - - [06/Jun/2020:01:06:07 +0200] "GET / HTTP/1.1" 200 1775 "-" "Mozilla/5.0 (Linux; Android 6.0.1; Nexus 5X Build/MMB29P) AppleWebKit/537.36 (KHTML, like Gecko) Chrome/80.0.3987.92 Mobile Safari/537.36 (compatible; Googlebot/2.1; +http://www.google.com/bot.html)"
167.99.56.173 - - [06/Jun/2020:01:10:28 +0200] "GET / HTTP/1.1" 200 1775 "-" "Mozilla/5.0 (X11; Datanyze; Linux x86_64) AppleWebKit/537.36 (KHTML, like Gecko) Chrome/65.0.3325.181 Safari/537.36"
194.209.200.2 - - [06/Jun/2020:01:27:03 +0200] "GET /robots.txt HTTP/1.1" 404 1256 "-" "Mozilla/5.0 (compatible; TMMBot/0.2; +http://www.dslab.ch)/Nutch-1.15"
194.209.200.2 - - [06/Jun/2020:01:27:03 +0200] "GET / HTTP/1.1" 304 - "-" "Mozilla/5.0 (compatible; TMMBot/0.2; +http://www.dslab.ch)/Nutch-1.15"
194.209.200.2 - - [06/Jun/2020:01:41:58 +0200] "GET /robots.txt HTTP/1.1" 404 1256 "-" "Mozilla/5.0 (compatible; TMMBot/0.2; +http://www.dslab.ch)/Nutch-1.15"
194.209.200.2 - - [06/Jun/2020:01:41:58 +0200] "GET / HTTP/1.1" 304 - "-" "Mozilla/5.0 (compatible; TMMBot/0.2; +http://www.dslab.ch)/Nutch-1.15"
194.209.200.2 - - [06/Jun/2020:02:00:49 +0200] "GET /robots.txt HTTP/1.1" 404 1256 "-" "Mozilla/5.0 (compatible; TMMBot/0.2; +http://www.dslab.ch)/Nutch-1.15"
194.209.200.2 - - [06/Jun/2020:02:00:49 +0200] "GET / HTTP/1.1" 304 - "-" "Mozilla/5.0 (compatible; TMMBot/0.2; +http://www.dslab.ch)/Nutch-1.15"
207.46.13.179 - - [06/Jun/2020:02:02:50 +0200] "GET /robots.txt HTTP/1.1" 404 1256 "-" "Mozilla/5.0 (compatible; bingbot/2.0; +http://www.bing.com/bingbot.htm)"
194.209.200.2 - - [06/Jun/2020:02:17:28 +0200] "GET /robots.txt HTTP/1.1" 404 1256 "-" "Mozilla/5.0 (compatible; TMMBot/0.2; +http://www.dslab.ch)/Nutch-1.15"
194.209.200.2 - - [06/Jun/2020:02:17:28 +0200] "GET / HTTP/1.1" 304 - "-" "Mozilla/5.0 (compatible; TMMBot/0.2; +http://www.dslab.ch)/Nutch-1.15"
95.216.96.242 - - [06/Jun/2020:02:31:43 +0200] "GET /seiten/impressum.htm HTTP/1.1" 200 4643 "http://www.frb-berlin.de/seiten/start.htm" "Mozilla/5.0 (compatible; SEOkicks; +https://www.seokicks.de/robot.html)"
95.216.96.242 - - [06/Jun/2020:02:31:45 +0200] "GET /seiten/ausbildung2.htm HTTP/1.1" 200 4821 "http://www.frb-berlin.de/seiten/ausbildung.htm" "Mozilla/5.0 (compatible; SEOkicks; +https://www.seokicks.de/robot.html)"
95.216.96.242 - - [06/Jun/2020:02:31:48 +0200] "GET /seiten/ausbildung3.htm HTTP/1.1" 200 6331 "http://www.frb-berlin.de/seiten/ausbildung.htm" "Mozilla/5.0 (compatible; SEOkicks; +https://www.seokicks.de/robot.html)"
95.216.96.242 - - [06/Jun/2020:02:31:51 +0200] "GET /seiten/referenzen_maler.htm HTTP/1.1" 200 51839 "http://www.frb-berlin.de/seiten/referenzen.htm" "Mozilla/5.0 (compatible; SEOkicks; +https://www.seokicks.de/robot.html)"
95.216.96.242 - - [06/Jun/2020:02:31:54 +0200] "GET /seiten/referenzen_waerme.htm HTTP/1.1" 200 35661 "http://www.frb-berlin.de/seiten/referenzen.htm" "Mozilla/5.0 (compatible; SEOkicks; +https://www.seokicks.de/robot.html)"
95.216.96.242 - - [06/Jun/2020:02:31:56 +0200] "GET /seiten/referenzen_beton.htm HTTP/1.1" 200 8747 "http://www.frb-berlin.de/seiten/referenzen.htm" "Mozilla/5.0 (compatible; SEOkicks; +https://www.seokicks.de/robot.html)"
194.209.200.2 - - [06/Jun/2020:02:53:32 +0200] "GET /robots.txt HTTP/1.1" 404 1256 "-" "Mozilla/5.0 (compatible; TMMBot/0.2; +http://www.dslab.ch)/Nutch-1.15"
194.209.200.2 - - [06/Jun/2020:02:53:32 +0200] "GET / HTTP/1.1" 304 - "-" "Mozilla/5.0 (compatible; TMMBot/0.2; +http://www.dslab.ch)/Nutch-1.15"
194.209.200.2 - - [06/Jun/2020:03:26:22 +0200] "GET /robots.txt HTTP/1.1" 404 1256 "-" "Mozilla/5.0 (compatible; TMMBot/0.2; +http://www.dslab.ch)/Nutch-1.15"
194.209.200.2 - - [06/Jun/2020:03:26:22 +0200] "GET / HTTP/1.1" 304 - "-" "Mozilla/5.0 (compatible; TMMBot/0.2; +http://www.dslab.ch)/Nutch-1.15"
194.209.200.2 - - [06/Jun/2020:03:52:34 +0200] "GET /robots.txt HTTP/1.1" 404 1256 "-" "Mozilla/5.0 (compatible; TMMBot/0.2; +http://www.dslab.ch)/Nutch-1.15"
194.209.200.2 - - [06/Jun/2020:03:52:34 +0200] "GET / HTTP/1.1" 304 - "-" "Mozilla/5.0 (compatible; TMMBot/0.2; +http://www.dslab.ch)/Nutch-1.15"
194.209.200.2 - - [06/Jun/2020:04:15:32 +0200] "GET /robots.txt HTTP/1.1" 404 1256 "-" "Mozilla/5.0 (compatible; TMMBot/0.2; +http://www.dslab.ch)/Nutch-1.15"
194.209.200.2 - - [06/Jun/2020:04:15:32 +0200] "GET / HTTP/1.1" 304 - "-" "Mozilla/5.0 (compatible; TMMBot/0.2; +http://www.dslab.ch)/Nutch-1.15"
194.209.200.2 - - [06/Jun/2020:04:33:34 +0200] "GET /robots.txt HTTP/1.1" 404 1256 "-" "Mozilla/5.0 (compatible; TMMBot/0.2; +http://www.dslab.ch)/Nutch-1.15"
194.209.200.2 - - [06/Jun/2020:04:33:34 +0200] "GET / HTTP/1.1" 304 - "-" "Mozilla/5.0 (compatible; TMMBot/0.2; +http://www.dslab.ch)/Nutch-1.15"
194.209.200.2 - - [06/Jun/2020:05:00:41 +0200] "GET /robots.txt HTTP/1.1" 404 1256 "-" "Mozilla/5.0 (compatible; TMMBot/0.2; +http://www.dslab.ch)/Nutch-1.15"
194.209.200.2 - - [06/Jun/2020:05:00:41 +0200] "GET / HTTP/1.1" 304 - "-" "Mozilla/5.0 (compatible; TMMBot/0.2; +http://www.dslab.ch)/Nutch-1.15"
194.209.200.2 - - [06/Jun/2020:05:24:22 +0200] "GET /robots.txt HTTP/1.1" 404 1256 "-" "Mozilla/5.0 (compatible; TMMBot/0.2; +http://www.dslab.ch)/Nutch-1.15"
194.209.200.2 - - [06/Jun/2020:05:24:22 +0200] "GET / HTTP/1.1" 304 - "-" "Mozilla/5.0 (compatible; TMMBot/0.2; +http://www.dslab.ch)/Nutch-1.15"
144.76.44.180 - - [06/Jun/2020:05:40:36 +0200] "GET / HTTP/1.1" 200 1775 "-" "Mozilla/5.0 (Macintosh; Intel Mac OS X 10_12_5) AppleWebKit/603.2.4 (KHTML, like Gecko) Version/10.1.1 Safari/603.2.4"
194.209.200.2 - - [06/Jun/2020:05:40:46 +0200] "GET /robots.txt HTTP/1.1" 404 1256 "-" "Mozilla/5.0 (compatible; TMMBot/0.2; +http://www.dslab.ch)/Nutch-1.15"
194.209.200.2 - - [06/Jun/2020:05:40:46 +0200] "GET / HTTP/1.1" 304 - "-" "Mozilla/5.0 (compatible; TMMBot/0.2; +http://www.dslab.ch)/Nutch-1.15"
194.209.200.2 - - [06/Jun/2020:05:56:54 +0200] "GET /robots.txt HTTP/1.1" 404 1256 "-" "Mozilla/5.0 (compatible; TMMBot/0.2; +http://www.dslab.ch)/Nutch-1.15"
194.209.200.2 - - [06/Jun/2020:05:56:54 +0200] "GET / HTTP/1.1" 304 - "-" "Mozilla/5.0 (compatible; TMMBot/0.2; +http://www.dslab.ch)/Nutch-1.15"
34.75.24.240 - - [06/Jun/2020:06:06:34 +0200] "GET /robots.txt HTTP/1.0" 404 1256 "-" "ZoominfoBot (zoominfobot at zoominfo dot com)"
34.75.24.240 - - [06/Jun/2020:06:06:34 +0200] "GET /seiten/start.htm HTTP/1.0" 200 9376 "-" "ZoominfoBot (zoominfobot at zoominfo dot com)"
194.209.200.2 - - [06/Jun/2020:06:18:42 +0200] "GET /robots.txt HTTP/1.1" 404 1256 "-" "Mozilla/5.0 (compatible; TMMBot/0.2; +http://www.dslab.ch)/Nutch-1.15"
194.209.200.2 - - [06/Jun/2020:06:18:42 +0200] "GET / HTTP/1.1" 304 - "-" "Mozilla/5.0 (compatible; TMMBot/0.2; +http://www.dslab.ch)/Nutch-1.15"
194.209.200.2 - - [06/Jun/2020:06:35:05 +0200] "GET /robots.txt HTTP/1.1" 404 1256 "-" "Mozilla/5.0 (compatible; TMMBot/0.2; +http://www.dslab.ch)/Nutch-1.15"
194.209.200.2 - - [06/Jun/2020:06:35:05 +0200] "GET / HTTP/1.1" 304 - "-" "Mozilla/5.0 (compatible; TMMBot/0.2; +http://www.dslab.ch)/Nutch-1.15"
194.209.200.2 - - [06/Jun/2020:06:49:48 +0200] "GET /robots.txt HTTP/1.1" 404 1256 "-" "Mozilla/5.0 (compatible; TMMBot/0.2; +http://www.dslab.ch)/Nutch-1.15"
194.209.200.2 - - [06/Jun/2020:06:49:48 +0200] "GET / HTTP/1.1" 304 - "-" "Mozilla/5.0 (compatible; TMMBot/0.2; +http://www.dslab.ch)/Nutch-1.15"
42.236.10.120 - - [06/Jun/2020:07:02:10 +0200] "GET / HTTP/1.1" 200 1775 "http://www.frb-berlin.de/" "Mozilla/5.0 (Windows NT 6.1; WOW64) AppleWebKit/537.36 (KHTML, like Gecko) Chrome/50.4.2661.102 Safari/537.36; 360Spider"
194.209.200.2 - - [06/Jun/2020:07:20:28 +0200] "GET /robots.txt HTTP/1.1" 404 1256 "-" "Mozilla/5.0 (compatible; TMMBot/0.2; +http://www.dslab.ch)/Nutch-1.15"
194.209.200.2 - - [06/Jun/2020:07:20:28 +0200] "GET / HTTP/1.1" 304 - "-" "Mozilla/5.0 (compatible; TMMBot/0.2; +http://www.dslab.ch)/Nutch-1.15"
194.209.200.2 - - [06/Jun/2020:07:42:37 +0200] "GET /robots.txt HTTP/1.1" 404 1256 "-" "Mozilla/5.0 (compatible; TMMBot/0.2; +http://www.dslab.ch)/Nutch-1.15"
194.209.200.2 - - [06/Jun/2020:07:42:37 +0200] "GET / HTTP/1.1" 304 - "-" "Mozilla/5.0 (compatible; TMMBot/0.2; +http://www.dslab.ch)/Nutch-1.15"
194.209.200.2 - - [06/Jun/2020:07:58:56 +0200] "GET /robots.txt HTTP/1.1" 404 1256 "-" "Mozilla/5.0 (compatible; TMMBot/0.2; +http://www.dslab.ch)/Nutch-1.15"
194.209.200.2 - - [06/Jun/2020:07:58:56 +0200] "GET / HTTP/1.1" 304 - "-" "Mozilla/5.0 (compatible; TMMBot/0.2; +http://www.dslab.ch)/Nutch-1.15"
194.209.200.2 - - [06/Jun/2020:08:28:53 +0200] "GET /robots.txt HTTP/1.1" 404 1256 "-" "Mozilla/5.0 (compatible; TMMBot/0.2; +http://www.dslab.ch)/Nutch-1.15"
194.209.200.2 - - [06/Jun/2020:08:28:53 +0200] "GET / HTTP/1.1" 304 - "-" "Mozilla/5.0 (compatible; TMMBot/0.2; +http://www.dslab.ch)/Nutch-1.15"
194.209.200.2 - - [06/Jun/2020:09:00:14 +0200] "GET /robots.txt HTTP/1.1" 404 1256 "-" "Mozilla/5.0 (compatible; TMMBot/0.2; +http://www.dslab.ch)/Nutch-1.15"
194.209.200.2 - - [06/Jun/2020:09:00:14 +0200] "GET / HTTP/1.1" 304 - "-" "Mozilla/5.0 (compatible; TMMBot/0.2; +http://www.dslab.ch)/Nutch-1.15"
194.209.200.2 - - [06/Jun/2020:09:45:46 +0200] "GET /robots.txt HTTP/1.1" 404 1256 "-" "Mozilla/5.0 (compatible; TMMBot/0.2; +http://www.dslab.ch)/Nutch-1.15"
194.209.200.2 - - [06/Jun/2020:09:45:46 +0200] "GET / HTTP/1.1" 304 - "-" "Mozilla/5.0 (compatible; TMMBot/0.2; +http://www.dslab.ch)/Nutch-1.15"
194.209.200.2 - - [06/Jun/2020:10:07:13 +0200] "GET /robots.txt HTTP/1.1" 404 1256 "-" "Mozilla/5.0 (compatible; TMMBot/0.2; +http://www.dslab.ch)/Nutch-1.15"
194.209.200.2 - - [06/Jun/2020:10:07:13 +0200] "GET / HTTP/1.1" 304 - "-" "Mozilla/5.0 (compatible; TMMBot/0.2; +http://www.dslab.ch)/Nutch-1.15"
194.209.200.2 - - [06/Jun/2020:10:45:55 +0200] "GET /robots.txt HTTP/1.1" 404 1256 "-" "Mozilla/5.0 (compatible; TMMBot/0.2; +http://www.dslab.ch)/Nutch-1.15"
194.209.200.2 - - [06/Jun/2020:10:45:55 +0200] "GET / HTTP/1.1" 304 - "-" "Mozilla/5.0 (compatible; TMMBot/0.2; +http://www.dslab.ch)/Nutch-1.15"
194.209.200.2 - - [06/Jun/2020:11:25:30 +0200] "GET /robots.txt HTTP/1.1" 404 1256 "-" "Mozilla/5.0 (compatible; TMMBot/0.2; +http://www.dslab.ch)/Nutch-1.15"
194.209.200.2 - - [06/Jun/2020:11:25:30 +0200] "GET / HTTP/1.1" 304 - "-" "Mozilla/5.0 (compatible; TMMBot/0.2; +http://www.dslab.ch)/Nutch-1.15"
194.209.200.2 - - [06/Jun/2020:11:52:39 +0200] "GET /robots.txt HTTP/1.1" 404 1256 "-" "Mozilla/5.0 (compatible; TMMBot/0.2; +http://www.dslab.ch)/Nutch-1.15"
194.209.200.2 - - [06/Jun/2020:11:52:39 +0200] "GET / HTTP/1.1" 304 - "-" "Mozilla/5.0 (compatible; TMMBot/0.2; +http://www.dslab.ch)/Nutch-1.15"
194.209.200.2 - - [06/Jun/2020:12:20:19 +0200] "GET /robots.txt HTTP/1.1" 404 1256 "-" "Mozilla/5.0 (compatible; TMMBot/0.2; +http://www.dslab.ch)/Nutch-1.15"
194.209.200.2 - - [06/Jun/2020:12:20:19 +0200] "GET / HTTP/1.1" 304 - "-" "Mozilla/5.0 (compatible; TMMBot/0.2; +http://www.dslab.ch)/Nutch-1.15"
194.209.200.2 - - [06/Jun/2020:12:42:08 +0200] "GET /robots.txt HTTP/1.1" 404 1256 "-" "Mozilla/5.0 (compatible; TMMBot/0.2; +http://www.dslab.ch)/Nutch-1.15"
194.209.200.2 - - [06/Jun/2020:12:42:08 +0200] "GET / HTTP/1.1" 304 - "-" "Mozilla/5.0 (compatible; TMMBot/0.2; +http://www.dslab.ch)/Nutch-1.15"
194.209.200.2 - - [06/Jun/2020:12:59:16 +0200] "GET /robots.txt HTTP/1.1" 404 1256 "-" "Mozilla/5.0 (compatible; TMMBot/0.2; +http://www.dslab.ch)/Nutch-1.15"
194.209.200.2 - - [06/Jun/2020:12:59:16 +0200] "GET / HTTP/1.1" 304 - "-" "Mozilla/5.0 (compatible; TMMBot/0.2; +http://www.dslab.ch)/Nutch-1.15"
34.246.84.242 - - [06/Jun/2020:13:33:32 +0200] "GET / HTTP/1.1" 200 1775 "-" "Mozilla/5.0 (Macintosh; Intel Mac OS X 10_9_5) AppleWebKit/601.3.9 (KHTML, like Gecko) Version/9.0.2 Safari/537.86.3"
194.209.200.2 - - [06/Jun/2020:13:33:46 +0200] "GET /robots.txt HTTP/1.1" 404 1256 "-" "Mozilla/5.0 (compatible; TMMBot/0.2; +http://www.dslab.ch)/Nutch-1.15"
194.209.200.2 - - [06/Jun/2020:13:33:46 +0200] "GET / HTTP/1.1" 304 - "-" "Mozilla/5.0 (compatible; TMMBot/0.2; +http://www.dslab.ch)/Nutch-1.15"
194.209.200.2 - - [06/Jun/2020:13:53:05 +0200] "GET /robots.txt HTTP/1.1" 404 1256 "-" "Mozilla/5.0 (compatible; TMMBot/0.2; +http://www.dslab.ch)/Nutch-1.15"
194.209.200.2 - - [06/Jun/2020:13:53:05 +0200] "GET / HTTP/1.1" 304 - "-" "Mozilla/5.0 (compatible; TMMBot/0.2; +http://www.dslab.ch)/Nutch-1.15"
194.209.200.2 - - [06/Jun/2020:14:10:21 +0200] "GET /robots.txt HTTP/1.1" 404 1256 "-" "Mozilla/5.0 (compatible; TMMBot/0.2; +http://www.dslab.ch)/Nutch-1.15"
194.209.200.2 - - [06/Jun/2020:14:10:21 +0200] "GET / HTTP/1.1" 304 - "-" "Mozilla/5.0 (compatible; TMMBot/0.2; +http://www.dslab.ch)/Nutch-1.15"
194.209.200.2 - - [06/Jun/2020:14:37:14 +0200] "GET /robots.txt HTTP/1.1" 404 1256 "-" "Mozilla/5.0 (compatible; TMMBot/0.2; +http://www.dslab.ch)/Nutch-1.15"
194.209.200.2 - - [06/Jun/2020:14:37:14 +0200] "GET / HTTP/1.1" 304 - "-" "Mozilla/5.0 (compatible; TMMBot/0.2; +http://www.dslab.ch)/Nutch-1.15"
194.209.200.2 - - [06/Jun/2020:15:01:36 +0200] "GET /robots.txt HTTP/1.1" 404 1256 "-" "Mozilla/5.0 (compatible; TMMBot/0.2; +http://www.dslab.ch)/Nutch-1.15"
194.209.200.2 - - [06/Jun/2020:15:01:36 +0200] "GET / HTTP/1.1" 304 - "-" "Mozilla/5.0 (compatible; TMMBot/0.2; +http://www.dslab.ch)/Nutch-1.15"
194.209.200.2 - - [06/Jun/2020:15:37:42 +0200] "GET /robots.txt HTTP/1.1" 404 1256 "-" "Mozilla/5.0 (compatible; TMMBot/0.2; +http://www.dslab.ch)/Nutch-1.15"
194.209.200.2 - - [06/Jun/2020:15:37:42 +0200] "GET / HTTP/1.1" 304 - "-" "Mozilla/5.0 (compatible; TMMBot/0.2; +http://www.dslab.ch)/Nutch-1.15"
95.128.200.200 - - [06/Jun/2020:15:46:27 +0200] "GET / HTTP/1.1" 200 1775 "https://www.google.de" "Mozilla/5.0 (Windows NT 6.1) AppleWebKit/537.36 (KHTML, like Gecko) Chrome/41.0.2228.0 Safari/537.36"
194.209.200.2 - - [06/Jun/2020:16:00:32 +0200] "GET /robots.txt HTTP/1.1" 404 1256 "-" "Mozilla/5.0 (compatible; TMMBot/0.2; +http://www.dslab.ch)/Nutch-1.15"
194.209.200.2 - - [06/Jun/2020:16:00:32 +0200] "GET / HTTP/1.1" 304 - "-" "Mozilla/5.0 (compatible; TMMBot/0.2; +http://www.dslab.ch)/Nutch-1.15"
34.246.84.242 - - [06/Jun/2020:16:17:41 +0200] "GET / HTTP/1.1" 200 1775 "-" "Mozilla/5.0 (Macintosh; Intel Mac OS X 10_11) AppleWebKit/601.1.56 (KHTML, like Gecko) Version/9.0 Safari/601.1.56"
194.209.200.2 - - [06/Jun/2020:16:38:30 +0200] "GET /robots.txt HTTP/1.1" 404 1256 "-" "Mozilla/5.0 (compatible; TMMBot/0.2; +http://www.dslab.ch)/Nutch-1.15"
194.209.200.2 - - [06/Jun/2020:16:38:30 +0200] "GET / HTTP/1.1" 304 - "-" "Mozilla/5.0 (compatible; TMMBot/0.2; +http://www.dslab.ch)/Nutch-1.15"
194.173.174.10 - - [06/Jun/2020:16:43:07 +0200] "HEAD / HTTP/1.1" 200 - "-" "Mozilla/5.0 (Windows NT 6.3; WOW64) AppleWebKit/537.36 (KHTML, like Gecko) Chrome/43.0.2357.134 Safari/537.36"
194.173.174.10 - - [06/Jun/2020:16:44:35 +0200] "HEAD / HTTP/1.1" 200 - "-" "Mozilla/5.0 (Windows NT 6.3; WOW64) AppleWebKit/537.36 (KHTML, like Gecko) Chrome/43.0.2357.134 Safari/537.36"
194.209.200.2 - - [06/Jun/2020:17:02:15 +0200] "GET /robots.txt HTTP/1.1" 404 1256 "-" "Mozilla/5.0 (compatible; TMMBot/0.2; +http://www.dslab.ch)/Nutch-1.15"
194.209.200.2 - - [06/Jun/2020:17:02:16 +0200] "GET / HTTP/1.1" 304 - "-" "Mozilla/5.0 (compatible; TMMBot/0.2; +http://www.dslab.ch)/Nutch-1.15"
194.209.200.2 - - [06/Jun/2020:17:37:47 +0200] "GET /robots.txt HTTP/1.1" 404 1256 "-" "Mozilla/5.0 (compatible; TMMBot/0.2; +http://www.dslab.ch)/Nutch-1.15"
194.209.200.2 - - [06/Jun/2020:17:37:47 +0200] "GET / HTTP/1.1" 304 - "-" "Mozilla/5.0 (compatible; TMMBot/0.2; +http://www.dslab.ch)/Nutch-1.15"
194.209.200.2 - - [06/Jun/2020:17:56:37 +0200] "GET /robots.txt HTTP/1.1" 404 1256 "-" "Mozilla/5.0 (compatible; TMMBot/0.2; +http://www.dslab.ch)/Nutch-1.15"
194.209.200.2 - - [06/Jun/2020:17:56:37 +0200] "GET / HTTP/1.1" 304 - "-" "Mozilla/5.0 (compatible; TMMBot/0.2; +http://www.dslab.ch)/Nutch-1.15"
194.209.200.2 - - [06/Jun/2020:18:14:41 +0200] "GET /robots.txt HTTP/1.1" 404 1256 "-" "Mozilla/5.0 (compatible; TMMBot/0.2; +http://www.dslab.ch)/Nutch-1.15"
194.209.200.2 - - [06/Jun/2020:18:14:41 +0200] "GET / HTTP/1.1" 304 - "-" "Mozilla/5.0 (compatible; TMMBot/0.2; +http://www.dslab.ch)/Nutch-1.15"
188.165.200.217 - - [06/Jun/2020:18:16:46 +0200] "HEAD / HTTP/1.1" 200 - "-" "Mozilla/4.0 (compatible; MSIE 5.01; Windows NT 5.0)"
194.209.200.2 - - [06/Jun/2020:18:41:07 +0200] "GET /robots.txt HTTP/1.1" 404 1256 "-" "Mozilla/5.0 (compatible; TMMBot/0.2; +http://www.dslab.ch)/Nutch-1.15"
194.209.200.2 - - [06/Jun/2020:18:41:07 +0200] "GET / HTTP/1.1" 304 - "-" "Mozilla/5.0 (compatible; TMMBot/0.2; +http://www.dslab.ch)/Nutch-1.15"
194.209.200.2 - - [06/Jun/2020:18:56:02 +0200] "GET /robots.txt HTTP/1.1" 404 1256 "-" "Mozilla/5.0 (compatible; TMMBot/0.2; +http://www.dslab.ch)/Nutch-1.15"
194.209.200.2 - - [06/Jun/2020:18:56:02 +0200] "GET / HTTP/1.1" 304 - "-" "Mozilla/5.0 (compatible; TMMBot/0.2; +http://www.dslab.ch)/Nutch-1.15"
194.209.200.2 - - [06/Jun/2020:19:13:36 +0200] "GET /robots.txt HTTP/1.1" 404 1256 "-" "Mozilla/5.0 (compatible; TMMBot/0.2; +http://www.dslab.ch)/Nutch-1.15"
194.209.200.2 - - [06/Jun/2020:19:13:36 +0200] "GET / HTTP/1.1" 304 - "-" "Mozilla/5.0 (compatible; TMMBot/0.2; +http://www.dslab.ch)/Nutch-1.15"
194.209.200.2 - - [06/Jun/2020:19:39:03 +0200] "GET /robots.txt HTTP/1.1" 404 1256 "-" "Mozilla/5.0 (compatible; TMMBot/0.2; +http://www.dslab.ch)/Nutch-1.15"
194.209.200.2 - - [06/Jun/2020:19:39:03 +0200] "GET / HTTP/1.1" 304 - "-" "Mozilla/5.0 (compatible; TMMBot/0.2; +http://www.dslab.ch)/Nutch-1.15"
199.58.86.211 - - [06/Jun/2020:19:47:35 +0200] "GET /robots.txt HTTP/1.1" 404 1256 "-" "Mozilla/5.0 (compatible; MJ12bot/v1.4.8; http://mj12bot.com/)"
199.58.86.211 - - [06/Jun/2020:19:47:38 +0200] "GET / HTTP/1.1" 200 1775 "-" "Mozilla/5.0 (compatible; MJ12bot/v1.4.8; http://mj12bot.com/)"
194.209.200.2 - - [06/Jun/2020:19:55:51 +0200] "GET /robots.txt HTTP/1.1" 404 1256 "-" "Mozilla/5.0 (compatible; TMMBot/0.2; +http://www.dslab.ch)/Nutch-1.15"
194.209.200.2 - - [06/Jun/2020:19:55:52 +0200] "GET / HTTP/1.1" 304 - "-" "Mozilla/5.0 (compatible; TMMBot/0.2; +http://www.dslab.ch)/Nutch-1.15"
194.209.200.2 - - [06/Jun/2020:20:14:21 +0200] "GET /robots.txt HTTP/1.1" 404 1256 "-" "Mozilla/5.0 (compatible; TMMBot/0.2; +http://www.dslab.ch)/Nutch-1.15"
194.209.200.2 - - [06/Jun/2020:20:14:21 +0200] "GET / HTTP/1.1" 304 - "-" "Mozilla/5.0 (compatible; TMMBot/0.2; +http://www.dslab.ch)/Nutch-1.15"
40.77.167.3 - - [06/Jun/2020:20:22:12 +0200] "GET /dokumente/ReferenzenMaler.pdf HTTP/1.1" 304 - "-" "Mozilla/5.0 (compatible; bingbot/2.0; +http://www.bing.com/bingbot.htm)"
194.209.200.2 - - [06/Jun/2020:20:32:19 +0200] "GET /robots.txt HTTP/1.1" 404 1256 "-" "Mozilla/5.0 (compatible; TMMBot/0.2; +http://www.dslab.ch)/Nutch-1.15"
194.209.200.2 - - [06/Jun/2020:20:32:19 +0200] "GET / HTTP/1.1" 304 - "-" "Mozilla/5.0 (compatible; TMMBot/0.2; +http://www.dslab.ch)/Nutch-1.15"
194.209.200.2 - - [06/Jun/2020:20:52:36 +0200] "GET /robots.txt HTTP/1.1" 404 1256 "-" "Mozilla/5.0 (compatible; TMMBot/0.2; +http://www.dslab.ch)/Nutch-1.15"
194.209.200.2 - - [06/Jun/2020:20:52:36 +0200] "GET / HTTP/1.1" 304 - "-" "Mozilla/5.0 (compatible; TMMBot/0.2; +http://www.dslab.ch)/Nutch-1.15"
194.209.200.2 - - [06/Jun/2020:21:16:07 +0200] "GET /robots.txt HTTP/1.1" 404 1256 "-" "Mozilla/5.0 (compatible; TMMBot/0.2; +http://www.dslab.ch)/Nutch-1.15"
194.209.200.2 - - [06/Jun/2020:21:16:07 +0200] "GET / HTTP/1.1" 304 - "-" "Mozilla/5.0 (compatible; TMMBot/0.2; +http://www.dslab.ch)/Nutch-1.15"
194.209.200.2 - - [06/Jun/2020:21:40:09 +0200] "GET /robots.txt HTTP/1.1" 404 1256 "-" "Mozilla/5.0 (compatible; TMMBot/0.2; +http://www.dslab.ch)/Nutch-1.15"
194.209.200.2 - - [06/Jun/2020:21:40:10 +0200] "GET / HTTP/1.1" 304 - "-" "Mozilla/5.0 (compatible; TMMBot/0.2; +http://www.dslab.ch)/Nutch-1.15"
54.36.149.49 - - [06/Jun/2020:21:53:35 +0200] "GET /robots.txt HTTP/1.1" 404 1256 "-" "Mozilla/5.0 (compatible; AhrefsBot/6.1; +http://ahrefs.com/robot/)"
54.36.148.161 - - [06/Jun/2020:21:53:40 +0200] "GET /seiten/start.htm HTTP/1.1" 200 9376 "-" "Mozilla/5.0 (compatible; AhrefsBot/6.1; +http://ahrefs.com/robot/)"
194.187.171.115 - - [06/Jun/2020:22:05:24 +0200] "GET /favicon.ico HTTP/1.1" 404 1256 "-" "Qwantify/1.0"
194.187.171.87 - - [06/Jun/2020:22:05:24 +0200] "GET / HTTP/1.1" 200 1775 "-" "Qwantify/1.0"
194.209.200.2 - - [06/Jun/2020:22:12:35 +0200] "GET /robots.txt HTTP/1.1" 404 1256 "-" "Mozilla/5.0 (compatible; TMMBot/0.2; +http://www.dslab.ch)/Nutch-1.15"
194.209.200.2 - - [06/Jun/2020:22:12:35 +0200] "GET / HTTP/1.1" 304 - "-" "Mozilla/5.0 (compatible; TMMBot/0.2; +http://www.dslab.ch)/Nutch-1.15"
46.229.168.141 - - [06/Jun/2020:22:23:07 +0200] "GET /robots.txt HTTP/1.1" 404 1256 "-" "Mozilla/5.0 (compatible; SemrushBot/6~bl; +http://www.semrush.com/bot.html)"
46.229.168.153 - - [06/Jun/2020:22:23:08 +0200] "GET /seiten/links.htm HTTP/1.1" 200 1543 "-" "Mozilla/5.0 (compatible; SemrushBot/6~bl; +http://www.semrush.com/bot.html)"
194.209.200.2 - - [06/Jun/2020:22:30:16 +0200] "GET /robots.txt HTTP/1.1" 404 1256 "-" "Mozilla/5.0 (compatible; TMMBot/0.2; +http://www.dslab.ch)/Nutch-1.15"
194.209.200.2 - - [06/Jun/2020:22:30:16 +0200] "GET / HTTP/1.1" 304 - "-" "Mozilla/5.0 (compatible; TMMBot/0.2; +http://www.dslab.ch)/Nutch-1.15"
194.209.200.2 - - [06/Jun/2020:22:45:36 +0200] "GET /robots.txt HTTP/1.1" 404 1256 "-" "Mozilla/5.0 (compatible; TMMBot/0.2; +http://www.dslab.ch)/Nutch-1.15"
194.209.200.2 - - [06/Jun/2020:22:45:36 +0200] "GET / HTTP/1.1" 304 - "-" "Mozilla/5.0 (compatible; TMMBot/0.2; +http://www.dslab.ch)/Nutch-1.15"
34.75.46.209 - - [06/Jun/2020:23:08:58 +0200] "GET /robots.txt HTTP/1.0" 404 1256 "-" "ZoominfoBot (zoominfobot at zoominfo dot com)"
34.75.46.209 - - [06/Jun/2020:23:08:58 +0200] "GET / HTTP/1.0" 200 1775 "-" "ZoominfoBot (zoominfobot at zoominfo dot com)"
194.209.200.2 - - [06/Jun/2020:23:25:23 +0200] "GET /robots.txt HTTP/1.1" 404 1256 "-" "Mozilla/5.0 (compatible; TMMBot/0.2; +http://www.dslab.ch)/Nutch-1.15"
194.209.200.2 - - [06/Jun/2020:23:25:23 +0200] "GET / HTTP/1.1" 304 - "-" "Mozilla/5.0 (compatible; TMMBot/0.2; +http://www.dslab.ch)/Nutch-1.15"
194.209.200.2 - - [06/Jun/2020:23:42:29 +0200] "GET /robots.txt HTTP/1.1" 404 1256 "-" "Mozilla/5.0 (compatible; TMMBot/0.2; +http://www.dslab.ch)/Nutch-1.15"
194.209.200.2 - - [06/Jun/2020:23:42:29 +0200] "GET / HTTP/1.1" 304 - "-" "Mozilla/5.0 (compatible; TMMBot/0.2; +http://www.dslab.ch)/Nutch-1.15"
194.173.174.10 - - [06/Jun/2020:23:52:24 +0200] "HEAD / HTTP/1.1" 200 - "-" "Mozilla/5.0 (Windows NT 6.3; WOW64) AppleWebKit/537.36 (KHTML, like Gecko) Chrome/43.0.2357.134 Safari/537.36"
194.173.174.10 - - [06/Jun/2020:23:53:49 +0200] "HEAD / HTTP/1.1" 200 - "-" "Mozilla/5.0 (Windows NT 6.3; WOW64) AppleWebKit/537.36 (KHTML, like Gecko) Chrome/43.0.2357.134 Safari/537.36"
194.209.200.2 - - [06/Jun/2020:23:57:51 +0200] "GET /robots.txt HTTP/1.1" 404 1256 "-" "Mozilla/5.0 (compatible; TMMBot/0.2; +http://www.dslab.ch)/Nutch-1.15"
194.209.200.2 - - [06/Jun/2020:23:57:51 +0200] "GET / HTTP/1.1" 304 - "-" "Mozilla/5.0 (compatible; TMMBot/0.2; +http://www.dslab.ch)/Nutch-1.15"
194.209.200.2 - - [07/Jun/2020:00:16:14 +0200] "GET /robots.txt HTTP/1.1" 404 1256 "-" "Mozilla/5.0 (compatible; TMMBot/0.2; +http://www.dslab.ch)/Nutch-1.15"
194.209.200.2 - - [07/Jun/2020:00:16:14 +0200] "GET / HTTP/1.1" 304 - "-" "Mozilla/5.0 (compatible; TMMBot/0.2; +http://www.dslab.ch)/Nutch-1.15"
46.229.168.130 - - [07/Jun/2020:00:18:38 +0200] "GET /robots.txt HTTP/1.1" 404 1256 "-" "Mozilla/5.0 (compatible; SemrushBot/6~bl; +http://www.semrush.com/bot.html)"
46.229.168.154 - - [07/Jun/2020:00:18:38 +0200] "GET /seiten/ausbildung2.htm HTTP/1.1" 200 4821 "-" "Mozilla/5.0 (compatible; SemrushBot/6~bl; +http://www.semrush.com/bot.html)"
213.61.218.23 - - [07/Jun/2020:00:22:54 +0200] "GET /robots.txt HTTP/1.1" 404 1256 "-" "Jobsearch1.5"
213.61.218.23 - - [07/Jun/2020:00:22:55 +0200] "GET /seiten/ausbildung.htm HTTP/1.1" 200 2131 "-" "Jobsearch1.5"
194.209.200.2 - - [07/Jun/2020:00:35:17 +0200] "GET /robots.txt HTTP/1.1" 404 1256 "-" "Mozilla/5.0 (compatible; TMMBot/0.2; +http://www.dslab.ch)/Nutch-1.15"
194.209.200.2 - - [07/Jun/2020:00:35:17 +0200] "GET / HTTP/1.1" 304 - "-" "Mozilla/5.0 (compatible; TMMBot/0.2; +http://www.dslab.ch)/Nutch-1.15"
194.209.200.2 - - [07/Jun/2020:00:51:24 +0200] "GET /robots.txt HTTP/1.1" 404 1256 "-" "Mozilla/5.0 (compatible; TMMBot/0.2; +http://www.dslab.ch)/Nutch-1.15"
194.209.200.2 - - [07/Jun/2020:00:51:24 +0200] "GET / HTTP/1.1" 304 - "-" "Mozilla/5.0 (compatible; TMMBot/0.2; +http://www.dslab.ch)/Nutch-1.15"
194.209.200.2 - - [07/Jun/2020:01:08:50 +0200] "GET /robots.txt HTTP/1.1" 404 1256 "-" "Mozilla/5.0 (compatible; TMMBot/0.2; +http://www.dslab.ch)/Nutch-1.15"
194.209.200.2 - - [07/Jun/2020:01:08:50 +0200] "GET / HTTP/1.1" 304 - "-" "Mozilla/5.0 (compatible; TMMBot/0.2; +http://www.dslab.ch)/Nutch-1.15"
84.167.186.24 - - [07/Jun/2020:01:23:19 +0200] "GET / HTTP/1.1" 200 1775 "-" "Mozilla/5.0 (iPhone; CPU iPhone OS 13_4_1 like Mac OS X) AppleWebKit/605.1.15 (KHTML, like Gecko) Version/13.1 Mobile/15E148 Safari/604.1"
84.167.186.24 - - [07/Jun/2020:01:23:19 +0200] "GET /img/logo.gif HTTP/1.1" 200 4275 "http://www.frb-berlin.de/" "Mozilla/5.0 (iPhone; CPU iPhone OS 13_4_1 like Mac OS X) AppleWebKit/605.1.15 (KHTML, like Gecko) Version/13.1 Mobile/15E148 Safari/604.1"
84.167.186.24 - - [07/Jun/2020:01:23:19 +0200] "GET /css/style.css HTTP/1.1" 200 8567 "http://www.frb-berlin.de/" "Mozilla/5.0 (iPhone; CPU iPhone OS 13_4_1 like Mac OS X) AppleWebKit/605.1.15 (KHTML, like Gecko) Version/13.1 Mobile/15E148 Safari/604.1"
84.167.186.24 - - [07/Jun/2020:01:23:19 +0200] "GET /favicon.ico HTTP/1.1" 404 1256 "http://www.frb-berlin.de/" "Mozilla/5.0 (iPhone; CPU iPhone OS 13_4_1 like Mac OS X) AppleWebKit/605.1.15 (KHTML, like Gecko) Version/13.1 Mobile/15E148 Safari/604.1"
84.167.186.24 - - [07/Jun/2020:01:23:22 +0200] "GET / HTTP/1.1" 200 1775 "-" "Mozilla/5.0 (iPhone; CPU iPhone OS 13_4_1 like Mac OS X) AppleWebKit/605.1.15 (KHTML, like Gecko) Version/13.1 Mobile/15E148 Safari/604.1"
194.209.200.2 - - [07/Jun/2020:01:25:42 +0200] "GET /robots.txt HTTP/1.1" 404 1256 "-" "Mozilla/5.0 (compatible; TMMBot/0.2; +http://www.dslab.ch)/Nutch-1.15"
194.209.200.2 - - [07/Jun/2020:01:25:43 +0200] "GET / HTTP/1.1" 304 - "-" "Mozilla/5.0 (compatible; TMMBot/0.2; +http://www.dslab.ch)/Nutch-1.15"
194.209.200.2 - - [07/Jun/2020:01:44:54 +0200] "GET /robots.txt HTTP/1.1" 404 1256 "-" "Mozilla/5.0 (compatible; TMMBot/0.2; +http://www.dslab.ch)/Nutch-1.15"
194.209.200.2 - - [07/Jun/2020:01:44:54 +0200] "GET / HTTP/1.1" 304 - "-" "Mozilla/5.0 (compatible; TMMBot/0.2; +http://www.dslab.ch)/Nutch-1.15"
194.209.200.2 - - [07/Jun/2020:02:01:54 +0200] "GET /robots.txt HTTP/1.1" 404 1256 "-" "Mozilla/5.0 (compatible; TMMBot/0.2; +http://www.dslab.ch)/Nutch-1.15"
194.209.200.2 - - [07/Jun/2020:02:01:54 +0200] "GET / HTTP/1.1" 304 - "-" "Mozilla/5.0 (compatible; TMMBot/0.2; +http://www.dslab.ch)/Nutch-1.15"
35.237.61.157 - - [07/Jun/2020:02:25:17 +0200] "GET /robots.txt HTTP/1.0" 404 1256 "-" "ZoominfoBot (zoominfobot at zoominfo dot com)"
35.237.61.157 - - [07/Jun/2020:02:25:17 +0200] "GET /seiten/start.htm HTTP/1.0" 200 9376 "-" "ZoominfoBot (zoominfobot at zoominfo dot com)"
194.209.200.2 - - [07/Jun/2020:02:25:39 +0200] "GET /robots.txt HTTP/1.1" 404 1256 "-" "Mozilla/5.0 (compatible; TMMBot/0.2; +http://www.dslab.ch)/Nutch-1.15"
194.209.200.2 - - [07/Jun/2020:02:25:39 +0200] "GET / HTTP/1.1" 304 - "-" "Mozilla/5.0 (compatible; TMMBot/0.2; +http://www.dslab.ch)/Nutch-1.15"
194.209.200.2 - - [07/Jun/2020:02:41:09 +0200] "GET /robots.txt HTTP/1.1" 404 1256 "-" "Mozilla/5.0 (compatible; TMMBot/0.2; +http://www.dslab.ch)/Nutch-1.15"
194.209.200.2 - - [07/Jun/2020:02:41:09 +0200] "GET / HTTP/1.1" 304 - "-" "Mozilla/5.0 (compatible; TMMBot/0.2; +http://www.dslab.ch)/Nutch-1.15"
194.209.200.2 - - [07/Jun/2020:03:11:01 +0200] "GET /robots.txt HTTP/1.1" 404 1256 "-" "Mozilla/5.0 (compatible; TMMBot/0.2; +http://www.dslab.ch)/Nutch-1.15"
194.209.200.2 - - [07/Jun/2020:03:11:01 +0200] "GET / HTTP/1.1" 304 - "-" "Mozilla/5.0 (compatible; TMMBot/0.2; +http://www.dslab.ch)/Nutch-1.15"
194.209.200.2 - - [07/Jun/2020:03:46:12 +0200] "GET /robots.txt HTTP/1.1" 404 1256 "-" "Mozilla/5.0 (compatible; TMMBot/0.2; +http://www.dslab.ch)/Nutch-1.15"
194.209.200.2 - - [07/Jun/2020:03:46:12 +0200] "GET / HTTP/1.1" 304 - "-" "Mozilla/5.0 (compatible; TMMBot/0.2; +http://www.dslab.ch)/Nutch-1.15"
194.209.200.2 - - [07/Jun/2020:04:09:14 +0200] "GET /robots.txt HTTP/1.1" 404 1256 "-" "Mozilla/5.0 (compatible; TMMBot/0.2; +http://www.dslab.ch)/Nutch-1.15"
194.209.200.2 - - [07/Jun/2020:04:09:14 +0200] "GET / HTTP/1.1" 304 - "-" "Mozilla/5.0 (compatible; TMMBot/0.2; +http://www.dslab.ch)/Nutch-1.15"
213.83.37.145 - - [07/Jun/2020:04:24:08 +0200] "HEAD / HTTP/1.1" 200 - "-" "Mozilla/5.0 (Windows NT 6.1; rv:39.0) Gecko/20180101 Firefox/39.0"
213.83.37.145 - - [07/Jun/2020:04:24:08 +0200] "HEAD / HTTP/1.1" 200 - "-" "Mozilla/5.0 (Windows NT 6.1; rv:39.0) Gecko/20180101 Firefox/39.0"
213.83.37.145 - - [07/Jun/2020:04:24:08 +0200] "HEAD / HTTP/1.1" 200 - "-" "Mozilla/5.0 (Windows NT 6.1; rv:39.0) Gecko/20180101 Firefox/39.0"
213.83.37.145 - - [07/Jun/2020:04:24:08 +0200] "HEAD / HTTP/1.1" 200 - "-" "Mozilla/5.0 (Windows NT 6.1; rv:39.0) Gecko/20180101 Firefox/39.0"
194.209.200.2 - - [07/Jun/2020:04:27:30 +0200] "GET /robots.txt HTTP/1.1" 404 1256 "-" "Mozilla/5.0 (compatible; TMMBot/0.2; +http://www.dslab.ch)/Nutch-1.15"
194.209.200.2 - - [07/Jun/2020:04:27:30 +0200] "GET / HTTP/1.1" 304 - "-" "Mozilla/5.0 (compatible; TMMBot/0.2; +http://www.dslab.ch)/Nutch-1.15"
40.77.167.3 - - [07/Jun/2020:04:29:13 +0200] "GET /seiten/start.htm HTTP/1.1" 304 - "-" "Mozilla/5.0 (compatible; bingbot/2.0; +http://www.bing.com/bingbot.htm)"
194.209.200.2 - - [07/Jun/2020:04:45:39 +0200] "GET /robots.txt HTTP/1.1" 404 1256 "-" "Mozilla/5.0 (compatible; TMMBot/0.2; +http://www.dslab.ch)/Nutch-1.15"
194.209.200.2 - - [07/Jun/2020:04:45:39 +0200] "GET / HTTP/1.1" 304 - "-" "Mozilla/5.0 (compatible; TMMBot/0.2; +http://www.dslab.ch)/Nutch-1.15"
194.209.200.2 - - [07/Jun/2020:05:28:19 +0200] "GET /robots.txt HTTP/1.1" 404 1256 "-" "Mozilla/5.0 (compatible; TMMBot/0.2; +http://www.dslab.ch)/Nutch-1.15"
