162.210.196.130 - - [16/Jul/2014:11:59:07 +0200] "GET /robots.txt HTTP/1.0" 200 218 "-" "Mozilla/5.0 (compatible; MJ12bot/v1.4.5; http://www.majestic12.co.uk/bot.php?+)"
162.210.196.130 - - [16/Jul/2014:11:59:09 +0200] "GET / HTTP/1.0" 200 9626 "-" "Mozilla/5.0 (compatible; MJ12bot/v1.4.5; http://www.majestic12.co.uk/bot.php?+)"
157.55.39.166 - - [16/Jul/2014:12:31:54 +0200] "GET /leistungen.php HTTP/1.1" 200 8056 "-" "Mozilla/5.0 (compatible; bingbot/2.0; +http://www.bing.com/bingbot.htm)"
66.249.65.123 - - [16/Jul/2014:12:58:27 +0200] "GET /robots.txt HTTP/1.1" 200 218 "-" "Mozilla/5.0 (compatible; Googlebot/2.1; +http://www.google.com/bot.html)"
66.249.65.123 - - [16/Jul/2014:12:58:27 +0200] "GET / HTTP/1.1" 200 9626 "-" "Mozilla/5.0 (compatible; Googlebot/2.1; +http://www.google.com/bot.html)"
211.94.161.81 - - [16/Jul/2014:15:10:26 +0200] "GET / HTTP/1.1" 200 9626 "-" "Mozilla/5.0 (Windows NT 6.1; WOW64) AppleWebKit/537.36 (KHTML, like Gecko) Chrome/27.0.1453.116 Safari/537.36"
211.94.161.81 - - [16/Jul/2014:15:26:07 +0200] "GET / HTTP/1.1" 200 9626 "-" "Mozilla/5.0 (Windows NT 6.1; WOW64) AppleWebKit/537.36 (KHTML, like Gecko) Chrome/27.0.1453.116 Safari/537.36"
211.94.161.81 - - [16/Jul/2014:16:11:22 +0200] "GET / HTTP/1.1" 200 9626 "-" "Mozilla/5.0 (Windows NT 6.1; WOW64) AppleWebKit/537.36 (KHTML, like Gecko) Chrome/27.0.1453.116 Safari/537.36"
157.55.39.124 - - [16/Jul/2014:16:57:37 +0200] "GET /robots.txt HTTP/1.1" 200 218 "-" "Mozilla/5.0 (compatible; bingbot/2.0; +http://www.bing.com/bingbot.htm)"
157.55.39.124 - - [16/Jul/2014:17:02:06 +0200] "GET / HTTP/1.1" 200 9626 "-" "Mozilla/5.0 (compatible; bingbot/2.0; +http://www.bing.com/bingbot.htm)"
78.50.165.167 - - [16/Jul/2014:18:55:52 +0200] "GET / HTTP/1.1" 200 9626 "-" "UserAgent: Apache-HttpClient/release (java 1.5)"
78.50.165.167 - - [16/Jul/2014:18:55:52 +0200] "GET /impressum.php HTTP/1.1" 200 8293 "-" "UserAgent: Apache-HttpClient/release (java 1.5)"
62.212.73.211 - - [16/Jul/2014:19:26:00 +0200] "GET /robots.txt HTTP/1.0" 200 218 "-" "Mozilla/5.0 (compatible; MJ12bot/v1.4.5; http://www.majestic12.co.uk/bot.php?+)"
62.212.73.211 - - [16/Jul/2014:19:26:02 +0200] "GET /index.php HTTP/1.0" 200 9626 "-" "Mozilla/5.0 (compatible; MJ12bot/v1.4.5; http://www.majestic12.co.uk/bot.php?+)"
66.249.66.176 - - [16/Jul/2014:21:33:18 +0200] "GET /robots.txt HTTP/1.1" 200 218 "-" "Mozilla/5.0 (compatible; Googlebot/2.1; +http://www.google.com/bot.html)"
66.249.66.176 - - [16/Jul/2014:21:33:18 +0200] "GET / HTTP/1.1" 200 9626 "-" "Mozilla/5.0 (compatible; Googlebot/2.1; +http://www.google.com/bot.html)"
157.55.39.235 - - [17/Jul/2014:00:12:20 +0200] "GET /robots.txt HTTP/1.1" 200 218 "-" "Mozilla/5.0 (compatible; bingbot/2.0; +http://www.bing.com/bingbot.htm)"
157.55.39.235 - - [17/Jul/2014:00:12:54 +0200] "GET / HTTP/1.1" 200 9626 "-" "Mozilla/5.0 (compatible; bingbot/2.0; +http://www.bing.com/bingbot.htm)"
89.15.237.79 - - [17/Jul/2014:00:49:08 +0200] "GET /img/dr_fleischer_ani.gif HTTP/1.1" 200 854042 "http://www.vebidoo.de/heidi+fleischer" "Mozilla/5.0 (X11; Linux x86_64) AppleWebKit/537.36 (KHTML, like Gecko) Chrome/28.0.1500.94 Safari/537.36"
121.204.46.148 - - [17/Jul/2014:02:13:00 +0200] "GET /FCK/editor/filemanager/browser/default/connectors/aspx/connector.aspx?Command=CreateFolder&Type=Image&CurrentFolder=/ok.asp&NewFolderName=ok.asp HTTP/1.1" 404 1256 "-" "-"
121.204.46.148 - - [17/Jul/2014:02:13:01 +0200] "GET /fck/editor/filemanager/browser/default/connectors/aspx/connector.aspx?Command=GetFoldersAndFiles&Type=Image&CurrentFolder=/test.html HTTP/1.1" 404 1256 "-" "-"
121.204.46.148 - - [17/Jul/2014:02:13:01 +0200] "GET /fck/editor/filemanager/browser/default/connectors/aspx/connector.aspx?Command=GetFoldersAndFiles&Type=Image&CurrentFolder=/ HTTP/1.1" 404 1256 "-" "-"
121.204.46.148 - - [17/Jul/2014:02:13:01 +0200] "GET /fck/editor/filemanager/connectors/aspx/connector.aspx HTTP/1.1" 404 1256 "-" "-"
121.204.46.148 - - [17/Jul/2014:02:13:02 +0200] "GET /admin/fck/editor/filemanager/connectors/aspx/connector.aspx HTTP/1.1" 404 1256 "-" "-"
121.204.46.148 - - [17/Jul/2014:02:13:02 +0200] "GET /FCKeditor/editor/filemanager/browser/default/connectors/test.html HTTP/1.1" 404 1256 "-" "-"
121.204.46.148 - - [17/Jul/2014:02:13:02 +0200] "GET /FCKeditor/editor/filemanager/upload/test.html HTTP/1.1" 404 1256 "-" "-"
121.204.46.148 - - [17/Jul/2014:02:13:03 +0200] "GET /FCKeditor/editor/filemanager/connectors/test.html HTTP/1.1" 404 1256 "-" "-"
121.204.46.148 - - [17/Jul/2014:02:13:03 +0200] "GET /FCKeditor/editor/filemanager/connectors/uploadtest.html HTTP/1.1" 404 1256 "-" "-"
121.204.46.148 - - [17/Jul/2014:02:13:03 +0200] "GET /FCKeditor/_samples/default.html HTTP/1.1" 404 1256 "-" "-"
121.204.46.148 - - [17/Jul/2014:02:13:03 +0200] "GET /FCKeditor/_samples/asp/sample01.asp HTTP/1.1" 404 1256 "-" "-"
121.204.46.148 - - [17/Jul/2014:02:13:04 +0200] "GET /FCKeditor/_samples/asp/sample02.asp HTTP/1.1" 404 1256 "-" "-"
121.204.46.148 - - [17/Jul/2014:02:13:04 +0200] "GET /FCKeditor/_samples/asp/sample03.asp HTTP/1.1" 404 1256 "-" "-"
121.204.46.148 - - [17/Jul/2014:02:13:04 +0200] "GET /FCKeditor/_samples/asp/sample04.asp HTTP/1.1" 404 1256 "-" "-"
121.204.46.148 - - [17/Jul/2014:02:13:05 +0200] "GET /FCKeditor/editor/filemanager/browser/default/connectors/jsp/connector?Command=GetFoldersAndFiles&Type=&CurrentFolder=%2F HTTP/1.1" 404 1256 "-" "-"
121.204.46.148 - - [17/Jul/2014:02:13:05 +0200] "GET /FCKeditor/editor/filemanager/browser/default/browser.html?type=Image&connector=connectors/aspx/connector.aspx HTTP/1.1" 404 1256 "-" "-"
121.204.46.148 - - [17/Jul/2014:02:13:05 +0200] "GET /FCKeditor/editor/filemanager/browser/default/connectors/aspx/connector.aspx?Command=GetFoldersAndFiles&Type=Image&CurrentFolder=/ HTTP/1.1" 404 1256 "-" "-"
121.204.46.148 - - [17/Jul/2014:02:13:06 +0200] "GET /FCKeditor/editor/filemanager/browser/default/connectors/jsp/connector?Command=GetFoldersAndFiles&Type=&CurrentFolder=/ HTTP/1.1" 404 1256 "-" "-"
121.204.46.148 - - [17/Jul/2014:02:13:06 +0200] "GET /FCKeditor/editor/filemanager/browser/default/browser.html?Connector=connectors/jsp/connector HTTP/1.1" 404 1256 "-" "-"
121.204.46.148 - - [17/Jul/2014:02:13:06 +0200] "GET /FCKeditor/editor/filemanager/browser/default/browser.html?Type=Image&Connector=connectors/jsp/connector.jsp HTTP/1.1" 404 1256 "-" "-"
121.204.46.148 - - [17/Jul/2014:02:13:07 +0200] "GET /FCKeditor/editor/filemanager/browser/default/browser.html HTTP/1.1" 404 1256 "-" "-"
121.204.46.148 - - [17/Jul/2014:02:13:07 +0200] "GET /fckeditor/editor/filemanager/connectors/aspx/connector.aspx HTTP/1.1" 404 1256 "-" "-"
121.204.46.148 - - [17/Jul/2014:02:13:07 +0200] "GET /fckeditor/editor/filemanager/connectors/asp/connector.asp HTTP/1.1" 404 1256 "-" "-"
121.204.46.148 - - [17/Jul/2014:02:13:08 +0200] "GET /fckeditor/editor/filemanager/connectors/php/connector.php HTTP/1.1" 404 1256 "-" "-"
121.204.46.148 - - [17/Jul/2014:02:13:08 +0200] "GET /admin/FCKeditor/editor/filemanager/upload/test.aspx HTTP/1.1" 404 1256 "-" "-"
121.204.46.148 - - [17/Jul/2014:02:13:08 +0200] "GET /manage/editor/filemanager/browser/default/connectors/test.html HTTP/1.1" 404 1256 "-" "-"
121.204.46.148 - - [17/Jul/2014:02:13:09 +0200] "GET /admin/editor/filemanager/browser/default/connectors/test.html HTTP/1.1" 404 1256 "-" "-"
121.204.46.148 - - [17/Jul/2014:02:13:09 +0200] "GET /editor/editor/filemanager/connectors/test.html HTTP/1.1" 404 1256 "-" "-"
121.204.46.148 - - [17/Jul/2014:02:13:09 +0200] "GET /FCKeditor/editor/filemanager/browser/default/browser.aspx HTTP/1.1" 404 1256 "-" "-"
121.204.46.148 - - [17/Jul/2014:02:13:10 +0200] "GET /public/js/fckeditor/editor/filemanager/browser/default/connectors/test.html HTTP/1.1" 404 1256 "-" "-"
121.204.46.148 - - [17/Jul/2014:02:13:10 +0200] "GET /js/fckeditor/editor/filemanager/connectors/test.html HTTP/1.1" 404 1256 "-" "-"
121.204.46.148 - - [17/Jul/2014:02:13:10 +0200] "GET /editor/filemanager/browser/default/connectors/test.html HTTP/1.1" 404 1256 "-" "-"
121.204.46.148 - - [17/Jul/2014:02:13:11 +0200] "GET /system/fckeditor/editor/filemanager/browser/default/connectors/test.html HTTP/1.1" 404 1256 "-" "-"
121.204.46.148 - - [17/Jul/2014:02:13:11 +0200] "GET /editor/filemanager/browser/default/connectors/test.html HTTP/1.1" 404 1256 "-" "-"
121.204.46.148 - - [17/Jul/2014:02:13:11 +0200] "GET /editor/editor/filemanager/connectors/uploadtest.html HTTP/1.1" 404 1256 "-" "-"
121.204.46.148 - - [17/Jul/2014:02:13:12 +0200] "GET /admin/fckeditor/editor/filemanager/upload/test.html HTTP/1.1" 404 1256 "-" "-"
121.204.46.148 - - [17/Jul/2014:02:13:12 +0200] "GET /includes/editors/fckeditor/editor/filemanager/upload/test.html HTTP/1.1" 404 1256 "-" "-"
121.204.46.148 - - [17/Jul/2014:02:13:12 +0200] "GET /js/fckeditor/editor/filemanager/browser/default/browser.html HTTP/1.1" 404 1256 "-" "-"
121.204.46.148 - - [17/Jul/2014:02:13:13 +0200] "GET /cms/fckeditor/editor/filemanager/connectors/uploadtest.html HTTP/1.1" 404 1256 "-" "-"
121.204.46.148 - - [17/Jul/2014:02:13:13 +0200] "GET /admin/fckeditor1/editor/filemanager/connectors/uploadtest.html HTTP/1.1" 404 1256 "-" "-"
121.204.46.148 - - [17/Jul/2014:02:13:13 +0200] "GET /fckeditor1/editor/filemanager/connectors/uploadtest.html HTTP/1.1" 404 1256 "-" "-"
121.204.46.148 - - [17/Jul/2014:02:13:14 +0200] "GET /fckeditor/editor/fckdialog.html HTTP/1.1" 404 1256 "-" "-"
121.204.46.148 - - [17/Jul/2014:02:13:14 +0200] "GET /fckeditor_ap/editor/filemanager/connectors/uploadtest.html HTTP/1.1" 404 1256 "-" "-"
121.204.46.148 - - [17/Jul/2014:02:13:14 +0200] "GET /editor/editor/filemanager/browser/default/connectors/test.html HTTP/1.1" 404 1256 "-" "-"
121.204.46.148 - - [17/Jul/2014:02:13:15 +0200] "GET /admin/fckeditor/editor/filemanager/browser/default/connectors/test.html HTTP/1.1" 404 1256 "-" "-"
121.204.46.148 - - [17/Jul/2014:02:13:15 +0200] "GET /webmanage/fckeditor/editor/filemanager/connectors/test.html HTTP/1.1" 404 1256 "-" "-"
121.204.46.148 - - [17/Jul/2014:02:13:15 +0200] "GET /path/fckeditor/editor/filemanager/browser/default/browser.html HTTP/1.1" 404 1256 "-" "-"
121.204.46.148 - - [17/Jul/2014:02:13:16 +0200] "GET /admin/editor/filemanager/upload/test.html HTTP/1.1" 404 1256 "-" "-"
121.204.46.148 - - [17/Jul/2014:02:13:16 +0200] "GET /administrator/fckeditor/editor/filemanager/connectors/uploadtest.html HTTP/1.1" 404 1256 "-" "-"
121.204.46.148 - - [17/Jul/2014:02:13:16 +0200] "GET /admin/fckeditor/editor/filemanager/connectors/aspx/upload.aspx HTTP/1.1" 404 1256 "-" "-"
121.204.46.148 - - [17/Jul/2014:02:13:17 +0200] "GET /editors/fckeditor/editor/filemanager/upload/test.html HTTP/1.1" 404 1256 "-" "-"
121.204.46.148 - - [17/Jul/2014:02:13:17 +0200] "GET /admin/fckeditor/editor/filemanager/connectors/uploadtest.html HTTP/1.1" 404 1256 "-" "-"
121.204.46.148 - - [17/Jul/2014:02:13:17 +0200] "GET /edit/editor/filemanager/browser/default/browser.html HTTP/1.1" 404 1256 "-" "-"
121.204.46.148 - - [17/Jul/2014:02:13:18 +0200] "GET /webeditor/editor/filemanager/browser/default/connectors/test.html HTTP/1.1" 404 1256 "-" "-"
121.204.46.148 - - [17/Jul/2014:02:13:18 +0200] "GET /admin/fckeditor_ap/editor/filemanager/connectors/uploadtest.html HTTP/1.1" 404 1256 "-" "-"
121.204.46.148 - - [17/Jul/2014:02:13:18 +0200] "GET /administrator/editors/fckeditor/editor/filemanager/upload/test.html HTTP/1.1" 404 1256 "-" "-"
121.204.46.148 - - [17/Jul/2014:02:13:19 +0200] "GET /admin/system/editor/fckeditor/editor/fckeditor.html HTTP/1.1" 404 1256 "-" "-"
121.204.46.148 - - [17/Jul/2014:02:13:19 +0200] "GET /fckeditor/editor/fckeditor.html HTTP/1.1" 404 1256 "-" "-"
121.204.46.148 - - [17/Jul/2014:02:13:19 +0200] "GET /webmanage/fckeditor/editor/filemanager/connectors/uploadtest.html HTTP/1.1" 404 1256 "-" "-"
121.204.46.148 - - [17/Jul/2014:02:13:20 +0200] "GET /editor/filemanager/connectors/uploadtest.html HTTP/1.1" 404 1256 "-" "-"
121.204.46.148 - - [17/Jul/2014:02:13:20 +0200] "GET /administrator/fckeditor1/editor/filemanager/connectors/uploadtest.html HTTP/1.1" 404 1256 "-" "-"
121.204.46.148 - - [17/Jul/2014:02:13:20 +0200] "GET /webeditor/editor/filemanager/connectors/test.html HTTP/1.1" 404 1256 "-" "-"
121.204.46.148 - - [17/Jul/2014:02:13:21 +0200] "GET /webeditor/editor/filemanager/connectors/uploadtest.html HTTP/1.1" 404 1256 "-" "-"
121.204.46.148 - - [17/Jul/2014:02:13:21 +0200] "GET /public/js/fckeditor/editor/filemanager/upload/test.html HTTP/1.1" 404 1256 "-" "-"
121.204.46.148 - - [17/Jul/2014:02:13:21 +0200] "GET /mods/ckeditor/filemanager/connectors/uploadtest.html HTTP/1.1" 404 1256 "-" "-"
121.204.46.148 - - [17/Jul/2014:02:13:22 +0200] "GET /admin/editor/filemanager/connectors/uploadtest.html HTTP/1.1" 404 1256 "-" "-"
121.204.46.148 - - [17/Jul/2014:02:13:22 +0200] "GET /js/fckeditor/editor/filemanager/upload/test.html HTTP/1.1" 404 1256 "-" "-"
121.204.46.148 - - [17/Jul/2014:02:13:22 +0200] "GET /admin/editors/fckeditor/editor/filemanager/upload/test.html HTTP/1.1" 404 1256 "-" "-"
121.204.46.148 - - [17/Jul/2014:02:13:23 +0200] "GET /public/js/fckeditor/editor/filemanager/connectors/uploadtest.html HTTP/1.1" 404 1256 "-" "-"
121.204.46.148 - - [17/Jul/2014:02:13:23 +0200] "GET /js/fckeditor/editor/filemanager/connectors/uploadtest.html HTTP/1.1" 404 1256 "-" "-"
121.204.46.148 - - [17/Jul/2014:02:13:24 +0200] "GET /login/editors/fckeditor/editor/filemanager/upload/test.html HTTP/1.1" 404 1256 "-" "-"
121.204.46.148 - - [17/Jul/2014:02:13:24 +0200] "GET /oa/fckeditor/editor/filemanager/browser/default/browser.htmlss HTTP/1.1" 404 1256 "-" "-"
121.204.46.148 - - [17/Jul/2014:02:13:24 +0200] "GET /editor/filemanager/browser/default/browser.html HTTP/1.1" 404 1256 "-" "-"
121.204.46.148 - - [17/Jul/2014:02:13:25 +0200] "GET /bbadmin/editors/fckeditor/editor/filemanager/upload/test.html HTTP/1.1" 404 1256 "-" "-"
121.204.46.148 - - [17/Jul/2014:02:13:25 +0200] "GET /WebAdmin/FCKeditor/editor/filemanager/browser/default/connectors/aspx/connector.aspx?Command=GetFoldersAndFiles&Type=Image&CurrentFolder=/ HTTP/1.1" 404 1256 "-" "-"
121.204.46.148 - - [17/Jul/2014:02:13:25 +0200] "GET /Admin/FCKeditor/editor/filemanager/browser/default/connectors/aspx/connector.aspx?Command=GetFoldersAndFiles&Type=Image&CurrentFolder=/ HTTP/1.1" 404 1256 "-" "-"
121.204.46.148 - - [17/Jul/2014:02:13:26 +0200] "GET /FCKeditor/editor/filemanager/browser/default/connectors/aspx/connector.aspx?Command=GetFoldersAndFiles&Type=Image&CurrentFolder=/ HTTP/1.1" 404 1256 "-" "-"
121.204.46.148 - - [17/Jul/2014:02:13:26 +0200] "GET /editor/editor/filemanager/upload/test.html HTTP/1.1" 404 1256 "-" "-"
121.204.46.148 - - [17/Jul/2014:02:13:26 +0200] "GET /admin/fckeditor/editor/filemanager/connectors/test.html HTTP/1.1" 404 1256 "-" "-"
121.204.46.148 - - [17/Jul/2014:02:13:27 +0200] "GET /editor/filemanager/connectors/uploadtest.html HTTP/1.1" 404 1256 "-" "-"
121.204.46.148 - - [17/Jul/2014:02:13:27 +0200] "GET /fckeditor/_samples/default.html HTTP/1.1" 404 1256 "-" "-"
121.204.46.148 - - [17/Jul/2014:02:13:27 +0200] "GET /fckeditor/editor/fckeditor.original.html HTTP/1.1" 404 1256 "-" "-"
121.204.46.148 - - [17/Jul/2014:02:13:28 +0200] "GET /admin/fckeditor/editor/filemanager/browser/default/browser.html HTTP/1.1" 404 1256 "-" "-"
121.204.46.148 - - [17/Jul/2014:02:13:28 +0200] "GET /manage/fckeditor/editor/filemanager/browser/default/connectors/test.html HTTP/1.1" 404 1256 "-" "-"
121.204.46.148 - - [17/Jul/2014:02:13:29 +0200] "GET /e/data/ecmseditor/images/blank.html HTTP/1.1" 404 1256 "-" "-"
207.46.13.82 - - [17/Jul/2014:04:26:17 +0200] "GET /robots.txt HTTP/1.1" 200 218 "-" "Mozilla/5.0 (compatible; bingbot/2.0; +http://www.bing.com/bingbot.htm)"
207.46.13.82 - - [17/Jul/2014:04:27:35 +0200] "GET / HTTP/1.1" 200 9626 "-" "Mozilla/5.0 (compatible; bingbot/2.0; +http://www.bing.com/bingbot.htm)"
208.115.111.66 - - [17/Jul/2014:06:05:58 +0200] "GET /robots.txt HTTP/1.1" 200 218 "-" "Mozilla/5.0 (compatible; DotBot/1.1; http://www.opensiteexplorer.org/dotbot, help@moz.com)"
208.115.111.66 - - [17/Jul/2014:06:24:44 +0200] "GET / HTTP/1.1" 200 9626 "-" "Mozilla/5.0 (compatible; DotBot/1.1; http://www.opensiteexplorer.org/dotbot, help@moz.com)"
199.58.86.209 - - [17/Jul/2014:11:24:17 +0200] "GET /robots.txt HTTP/1.0" 200 218 "-" "Mozilla/5.0 (compatible; MJ12bot/v1.4.5; http://www.majestic12.co.uk/bot.php?+)"
199.58.86.209 - - [17/Jul/2014:11:24:23 +0200] "GET / HTTP/1.0" 200 9626 "-" "Mozilla/5.0 (compatible; MJ12bot/v1.4.5; http://www.majestic12.co.uk/bot.php?+)"
141.8.147.12 - - [17/Jul/2014:11:49:39 +0200] "GET /robots.txt HTTP/1.1" 200 218 "-" "Mozilla/5.0 (compatible; YandexBot/3.0; +http://yandex.com/bots)"
141.8.147.12 - - [17/Jul/2014:11:49:40 +0200] "GET /robots.txt HTTP/1.1" 200 218 "-" "Mozilla/5.0 (compatible; YandexBot/3.0; +http://yandex.com/bots)"
141.8.147.12 - - [17/Jul/2014:11:49:42 +0200] "GET / HTTP/1.1" 200 9626 "-" "Mozilla/5.0 (compatible; YandexBot/3.0; +http://yandex.com/bots)"
141.8.147.12 - - [17/Jul/2014:11:49:42 +0200] "GET / HTTP/1.1" 200 9626 "-" "Mozilla/5.0 (compatible; YandexBot/3.0; +http://yandex.com/bots)"
141.8.147.12 - - [17/Jul/2014:11:49:44 +0200] "GET / HTTP/1.1" 200 9626 "-" "Mozilla/5.0 (compatible; YandexBot/3.0; +http://yandex.com/bots)"
141.8.147.12 - - [17/Jul/2014:11:49:45 +0200] "GET / HTTP/1.1" 200 9626 "-" "Mozilla/5.0 (compatible; YandexBot/3.0; +http://yandex.com/bots)"
157.55.39.136 - - [17/Jul/2014:16:10:14 +0200] "GET /robots.txt HTTP/1.1" 200 218 "-" "Mozilla/5.0 (compatible; bingbot/2.0; +http://www.bing.com/bingbot.htm)"
157.55.39.137 - - [17/Jul/2014:16:10:46 +0200] "GET / HTTP/1.1" 200 9626 "-" "Mozilla/5.0 (compatible; bingbot/2.0; +http://www.bing.com/bingbot.htm)"
64.246.165.200 - - [17/Jul/2014:17:20:52 +0200] "GET /robots.txt HTTP/1.0" 200 218 "-" "Mozilla/5.0 (Windows; U; Windows NT 5.1; en; rv:1.9.0.13) Gecko/2009073022 Firefox/3.5.2 (.NET CLR 3.5.30729) SurveyBot/2.3 (DomainTools)"
64.246.165.200 - - [17/Jul/2014:17:20:52 +0200] "GET / HTTP/1.1" 200 9626 "http://whois.domaintools.com/zahnmedizin-im-alter.de" "Mozilla/5.0 (Windows; U; Windows NT 5.1; en; rv:1.9.0.13) Gecko/2009073022 Firefox/3.5.2 (.NET CLR 3.5.30729) SurveyBot/2.3 (DomainTools)"
66.249.69.50 - - [17/Jul/2014:17:36:36 +0200] "GET /robots.txt HTTP/1.1" 200 218 "-" "Mozilla/5.0 (compatible; Googlebot/2.1; +http://www.google.com/bot.html)"
66.249.69.50 - - [17/Jul/2014:17:36:36 +0200] "GET /impressum.php HTTP/1.1" 200 8293 "-" "Mozilla/5.0 (compatible; Googlebot/2.1; +http://www.google.com/bot.html)"
66.249.69.82 - - [17/Jul/2014:17:39:23 +0200] "GET /css/fl_style.css HTTP/1.1" 200 10194 "-" "Mozilla/5.0 (compatible; Googlebot/2.1; +http://www.google.com/bot.html)"
66.249.69.50 - - [17/Jul/2014:18:13:44 +0200] "GET /anfahrt.php HTTP/1.1" 200 8074 "-" "Mozilla/5.0 (compatible; Googlebot/2.1; +http://www.google.com/bot.html)"
157.55.39.144 - - [17/Jul/2014:18:23:19 +0200] "GET /robots.txt HTTP/1.1" 200 218 "-" "Mozilla/5.0 (compatible; bingbot/2.0; +http://www.bing.com/bingbot.htm)"
157.55.39.144 - - [17/Jul/2014:18:23:22 +0200] "GET / HTTP/1.1" 200 9626 "-" "Mozilla/5.0 (compatible; bingbot/2.0; +http://www.bing.com/bingbot.htm)"
157.55.39.144 - - [17/Jul/2014:18:23:23 +0200] "GET /anfahrt.php HTTP/1.1" 200 8074 "-" "Mozilla/5.0 (compatible; bingbot/2.0; +http://www.bing.com/bingbot.htm)"
157.55.39.39 - - [17/Jul/2014:18:23:51 +0200] "GET /leistungen.php HTTP/1.1" 200 8056 "-" "Mozilla/5.0 (compatible; bingbot/2.0; +http://www.bing.com/bingbot.htm)"
157.55.39.39 - - [17/Jul/2014:18:23:51 +0200] "GET /spez_leistungen.php HTTP/1.1" 200 7752 "-" "Mozilla/5.0 (compatible; bingbot/2.0; +http://www.bing.com/bingbot.htm)"
207.46.13.56 - - [17/Jul/2014:18:25:20 +0200] "GET /impressum.php HTTP/1.1" 200 8293 "-" "Mozilla/5.0 (compatible; bingbot/2.0; +http://www.bing.com/bingbot.htm)"
157.55.39.144 - - [17/Jul/2014:18:29:13 +0200] "GET /index.php HTTP/1.1" 200 9626 "-" "Mozilla/5.0 (compatible; bingbot/2.0; +http://www.bing.com/bingbot.htm)"
157.55.39.144 - - [17/Jul/2014:18:29:14 +0200] "GET /praxis.php HTTP/1.1" 200 7017 "-" "Mozilla/5.0 (compatible; bingbot/2.0; +http://www.bing.com/bingbot.htm)"
207.46.13.130 - - [17/Jul/2014:18:29:19 +0200] "GET /kont.php HTTP/1.1" 200 8494 "-" "Mozilla/5.0 (compatible; bingbot/2.0; +http://www.bing.com/bingbot.htm)"
199.58.86.209 - - [17/Jul/2014:18:58:24 +0200] "GET /robots.txt HTTP/1.0" 200 218 "-" "Mozilla/5.0 (compatible; MJ12bot/v1.4.5; http://www.majestic12.co.uk/bot.php?+)"
199.58.86.209 - - [17/Jul/2014:18:58:26 +0200] "GET /anfahrt.php HTTP/1.0" 200 8074 "-" "Mozilla/5.0 (compatible; MJ12bot/v1.4.5; http://www.majestic12.co.uk/bot.php?+)"
199.58.86.209 - - [17/Jul/2014:18:58:27 +0200] "GET /impressum.php HTTP/1.0" 200 8293 "-" "Mozilla/5.0 (compatible; MJ12bot/v1.4.5; http://www.majestic12.co.uk/bot.php?+)"
199.58.86.209 - - [17/Jul/2014:18:58:29 +0200] "GET /kont.php HTTP/1.0" 200 8494 "-" "Mozilla/5.0 (compatible; MJ12bot/v1.4.5; http://www.majestic12.co.uk/bot.php?+)"
199.58.86.209 - - [17/Jul/2014:18:58:31 +0200] "GET /leistungen.php HTTP/1.0" 200 8056 "-" "Mozilla/5.0 (compatible; MJ12bot/v1.4.5; http://www.majestic12.co.uk/bot.php?+)"
66.249.69.50 - - [17/Jul/2014:19:18:35 +0200] "GET / HTTP/1.1" 200 9626 "-" "Mozilla/5.0 (compatible; Googlebot/2.1; +http://www.google.com/bot.html)"
157.55.39.137 - - [17/Jul/2014:19:55:46 +0200] "GET / HTTP/1.1" 200 9626 "-" "Mozilla/5.0 (compatible; bingbot/2.0; +http://www.bing.com/bingbot.htm)"
66.249.69.66 - - [17/Jul/2014:20:10:31 +0200] "GET /leistungen.php HTTP/1.1" 200 8056 "-" "Mozilla/5.0 (compatible; Googlebot/2.1; +http://www.google.com/bot.html)"
66.249.69.50 - - [17/Jul/2014:21:47:51 +0200] "GET /spez_leistungen.php HTTP/1.1" 200 7752 "-" "Mozilla/5.0 (compatible; Googlebot/2.1; +http://www.google.com/bot.html)"
66.249.69.50 - - [17/Jul/2014:22:31:12 +0200] "GET /anfahrt.php HTTP/1.1" 200 8074 "-" "Mozilla/5.0 (compatible; Googlebot/2.1; +http://www.google.com/bot.html)"
37.58.100.141 - - [17/Jul/2014:22:47:10 +0200] "GET /leistungen.php HTTP/1.1" 200 8056 "-" "Mozilla/5.0 (compatible; AhrefsBot/5.0; +http://ahrefs.com/robot/)"
66.249.69.50 - - [17/Jul/2014:23:23:46 +0200] "GET /leistungen.php HTTP/1.1" 200 8056 "-" "Mozilla/5.0 (compatible; Googlebot/2.1; +http://www.google.com/bot.html)"
157.55.39.144 - - [18/Jul/2014:00:07:57 +0200] "GET / HTTP/1.1" 200 9626 "-" "Mozilla/5.0 (compatible; bingbot/2.0; +http://www.bing.com/bingbot.htm)"
66.249.69.66 - - [18/Jul/2014:00:28:46 +0200] "GET / HTTP/1.1" 200 9626 "-" "Mozilla/5.0 (compatible; Googlebot/2.1; +http://www.google.com/bot.html)"
66.249.69.66 - - [18/Jul/2014:01:28:37 +0200] "GET /impressum.php HTTP/1.1" 200 8293 "-" "Mozilla/5.0 (compatible; Googlebot/2.1; +http://www.google.com/bot.html)"
66.249.69.82 - - [18/Jul/2014:02:22:24 +0200] "GET /leistungen.php HTTP/1.1" 200 8056 "-" "Mozilla/5.0 (compatible; Googlebot/2.1; +http://www.google.com/bot.html)"
66.249.69.66 - - [18/Jul/2014:03:26:46 +0200] "GET / HTTP/1.1" 200 9626 "-" "Mozilla/5.0 (compatible; Googlebot/2.1; +http://www.google.com/bot.html)"
157.55.39.136 - - [18/Jul/2014:07:42:16 +0200] "GET /robots.txt HTTP/1.1" 200 218 "-" "Mozilla/5.0 (compatible; bingbot/2.0; +http://www.bing.com/bingbot.htm)"
157.55.39.137 - - [18/Jul/2014:07:42:41 +0200] "GET / HTTP/1.1" 200 9626 "-" "Mozilla/5.0 (compatible; bingbot/2.0; +http://www.bing.com/bingbot.htm)"
207.46.13.88 - - [18/Jul/2014:10:07:58 +0200] "GET /kont.php HTTP/1.1" 200 8494 "-" "Mozilla/5.0 (compatible; bingbot/2.0; +http://www.bing.com/bingbot.htm)"
176.57.142.28 - - [18/Jul/2014:11:34:20 +0200] "GET / HTTP/1.1" 200 9626 "-" "Mozilla/5.0 (compatible; MSIE 10.0; Windows NT 6.1; Trident/6.0)"
176.57.142.28 - - [18/Jul/2014:11:34:21 +0200] "GET /impressum.php HTTP/1.1" 200 8293 "-" "Mozilla/5.0 (Windows NT 6.1; WOW64; rv:21.0) Gecko/20100101 Firefox/21.0"
176.57.142.28 - - [18/Jul/2014:11:34:22 +0200] "GET /kont.php HTTP/1.1" 200 8494 "-" "Mozilla/5.0 (Windows NT 6.1; WOW64; rv:21.0) Gecko/20130331 Firefox/21.0"
157.55.39.144 - - [18/Jul/2014:11:48:32 +0200] "GET /robots.txt HTTP/1.1" 200 218 "-" "Mozilla/5.0 (compatible; bingbot/2.0; +http://www.bing.com/bingbot.htm)"
157.55.39.143 - - [18/Jul/2014:11:48:37 +0200] "GET / HTTP/1.1" 200 9626 "-" "Mozilla/5.0 (compatible; bingbot/2.0; +http://www.bing.com/bingbot.htm)"
66.249.69.82 - - [18/Jul/2014:12:30:40 +0200] "GET /impressum.php HTTP/1.1" 200 8293 "-" "Mozilla/5.0 (compatible; Googlebot/2.1; +http://www.google.com/bot.html)"
66.249.79.110 - - [18/Jul/2014:14:43:55 +0200] "GET /robots.txt HTTP/1.1" 200 218 "-" "Mozilla/5.0 (compatible; Googlebot/2.1; +http://www.google.com/bot.html)"
66.249.79.110 - - [18/Jul/2014:14:43:55 +0200] "GET / HTTP/1.1" 200 9626 "-" "Mozilla/5.0 (compatible; Googlebot/2.1; +http://www.google.com/bot.html)"
157.55.39.75 - - [18/Jul/2014:19:26:37 +0200] "GET /robots.txt HTTP/1.1" 200 218 "-" "Mozilla/5.0 (compatible; bingbot/2.0; +http://www.bing.com/bingbot.htm)"
157.55.39.75 - - [18/Jul/2014:19:26:59 +0200] "GET / HTTP/1.1" 200 9626 "-" "Mozilla/5.0 (compatible; bingbot/2.0; +http://www.bing.com/bingbot.htm)"
208.115.113.88 - - [18/Jul/2014:21:21:05 +0200] "GET /robots.txt HTTP/1.1" 200 218 "-" "Mozilla/5.0 (compatible; DotBot/1.1; http://www.opensiteexplorer.org/dotbot, help@moz.com)"
208.115.113.88 - - [18/Jul/2014:21:43:25 +0200] "GET / HTTP/1.1" 200 9626 "-" "Mozilla/5.0 (compatible; DotBot/1.1; http://www.opensiteexplorer.org/dotbot, help@moz.com)"
199.58.86.209 - - [18/Jul/2014:21:59:42 +0200] "GET /robots.txt HTTP/1.0" 200 218 "-" "Mozilla/5.0 (compatible; MJ12bot/v1.4.5; http://www.majestic12.co.uk/bot.php?+)"
199.58.86.209 - - [18/Jul/2014:21:59:43 +0200] "GET /index.php HTTP/1.0" 200 9626 "-" "Mozilla/5.0 (compatible; MJ12bot/v1.4.5; http://www.majestic12.co.uk/bot.php?+)"
208.115.113.88 - - [18/Jul/2014:23:22:03 +0200] "GET /leistungen.php HTTP/1.1" 200 8056 "-" "Mozilla/5.0 (compatible; DotBot/1.1; http://www.opensiteexplorer.org/dotbot, help@moz.com)"
157.55.39.144 - - [18/Jul/2014:23:44:57 +0200] "GET /robots.txt HTTP/1.1" 200 218 "-" "Mozilla/5.0 (compatible; bingbot/2.0; +http://www.bing.com/bingbot.htm)"
157.55.39.144 - - [18/Jul/2014:23:45:15 +0200] "GET / HTTP/1.1" 200 9626 "-" "Mozilla/5.0 (compatible; bingbot/2.0; +http://www.bing.com/bingbot.htm)"
157.55.39.144 - - [19/Jul/2014:07:15:00 +0200] "GET /robots.txt HTTP/1.1" 200 218 "-" "Mozilla/5.0 (compatible; bingbot/2.0; +http://www.bing.com/bingbot.htm)"
157.55.39.144 - - [19/Jul/2014:07:15:14 +0200] "GET / HTTP/1.1" 200 9626 "-" "Mozilla/5.0 (compatible; bingbot/2.0; +http://www.bing.com/bingbot.htm)"
157.55.39.233 - - [19/Jul/2014:07:15:23 +0200] "GET /robots.txt HTTP/1.1" 200 218 "-" "Mozilla/5.0 (compatible; bingbot/2.0; +http://www.bing.com/bingbot.htm)"
157.55.39.233 - - [19/Jul/2014:07:15:24 +0200] "GET /robots.txt HTTP/1.1" 200 218 "-" "Mozilla/5.0 (compatible; bingbot/2.0; +http://www.bing.com/bingbot.htm)"
157.55.39.233 - - [19/Jul/2014:07:15:24 +0200] "GET /robots.txt HTTP/1.1" 200 218 "-" "Mozilla/5.0 (compatible; bingbot/2.0; +http://www.bing.com/bingbot.htm)"
157.55.39.233 - - [19/Jul/2014:07:15:25 +0200] "GET /css/fl_style.css HTTP/1.1" 200 10194 "-" "Mozilla/5.0 (compatible; bingbot/2.0; +http://www.bing.com/bingbot.htm)"
157.55.39.75 - - [19/Jul/2014:07:19:46 +0200] "GET /robots.txt HTTP/1.1" 200 218 "-" "Mozilla/5.0 (compatible; bingbot/2.0; +http://www.bing.com/bingbot.htm)"
157.55.39.75 - - [19/Jul/2014:07:20:16 +0200] "GET / HTTP/1.1" 200 9626 "-" "Mozilla/5.0 (compatible; bingbot/2.0; +http://www.bing.com/bingbot.htm)"
141.8.147.12 - - [19/Jul/2014:08:47:08 +0200] "GET /robots.txt HTTP/1.1" 200 218 "-" "Mozilla/5.0 (compatible; YandexBot/3.0; +http://yandex.com/bots)"
141.8.147.12 - - [19/Jul/2014:08:47:09 +0200] "GET /robots.txt HTTP/1.1" 200 218 "-" "Mozilla/5.0 (compatible; YandexBot/3.0; +http://yandex.com/bots)"
141.8.147.12 - - [19/Jul/2014:08:47:11 +0200] "GET / HTTP/1.1" 200 9626 "-" "Mozilla/5.0 (compatible; YandexBot/3.0; +http://yandex.com/bots)"
141.8.147.12 - - [19/Jul/2014:08:47:11 +0200] "GET / HTTP/1.1" 200 9626 "-" "Mozilla/5.0 (compatible; YandexBot/3.0; +http://yandex.com/bots)"
141.8.147.12 - - [19/Jul/2014:08:47:14 +0200] "GET / HTTP/1.1" 200 9626 "-" "Mozilla/5.0 (compatible; YandexBot/3.0; +http://yandex.com/bots)"
141.8.147.12 - - [19/Jul/2014:08:47:15 +0200] "GET / HTTP/1.1" 200 9626 "-" "Mozilla/5.0 (compatible; YandexBot/3.0; +http://yandex.com/bots)"
199.192.207.146 - - [19/Jul/2014:14:08:26 +0200] "GET /robots.txt HTTP/1.0" 200 218 "-" "Mozilla/5.0 (compatible; MJ12bot/v1.4.5; http://www.majestic12.co.uk/bot.php?+)"
199.192.207.146 - - [19/Jul/2014:14:08:27 +0200] "GET / HTTP/1.0" 200 9626 "-" "Mozilla/5.0 (compatible; MJ12bot/v1.4.5; http://www.majestic12.co.uk/bot.php?+)"
157.55.39.144 - - [19/Jul/2014:14:40:49 +0200] "GET / HTTP/1.1" 200 9626 "-" "Mozilla/5.0 (compatible; bingbot/2.0; +http://www.bing.com/bingbot.htm)"
182.118.20.165 - - [19/Jul/2014:15:34:24 +0200] "GET /robots.txt HTTP/1.1" 200 218 "http://www.dr-heidi-fleischer.de/robots.txt" "Mozilla/5.0 (compatible; MSIE 9.0; Windows NT 6.1; Trident/5.0); 360Spider"
92.229.247.15 - - [19/Jul/2014:15:46:55 +0200] "GET / HTTP/1.1" 200 9626 "http://www.google.de/url?sa=t&rct=j&q=&esrc=s&source=web&cd=3&ved=0CDQQFjAC&url=http%3A%2F%2Fwww.dr-heidi-fleischer.de%2F&ei=gXbKU8zMOOKn4gSjmYCYBg&usg=AFQjCNFtUEW4ruGRBkbh9xWO3kO7xPGlWQ&sig2=kYkb8M3mHwK0tvd8_3WxIA&bvm=bv.71198958,d.bGE" "Mozilla/5.0 (Windows NT 6.1; WOW64; rv:30.0) Gecko/20100101 Firefox/30.0"
92.229.247.15 - - [19/Jul/2014:15:46:55 +0200] "GET /css/fl_style.css HTTP/1.1" 200 10194 "http://www.dr-heidi-fleischer.de/" "Mozilla/5.0 (Windows NT 6.1; WOW64; rv:30.0) Gecko/20100101 Firefox/30.0"
92.229.247.15 - - [19/Jul/2014:15:46:55 +0200] "GET /scripte/all_scripts.js HTTP/1.1" 200 249 "http://www.dr-heidi-fleischer.de/" "Mozilla/5.0 (Windows NT 6.1; WOW64; rv:30.0) Gecko/20100101 Firefox/30.0"
92.229.247.15 - - [19/Jul/2014:15:46:55 +0200] "GET /img/favicon.ico HTTP/1.1" 200 5430 "-" "Mozilla/5.0 (Windows NT 6.1; WOW64; rv:30.0) Gecko/20100101 Firefox/30.0"
92.229.247.15 - - [19/Jul/2014:15:46:55 +0200] "GET /img/animated_favicon1.gif HTTP/1.1" 200 1808 "-" "Mozilla/5.0 (Windows NT 6.1; WOW64; rv:30.0) Gecko/20100101 Firefox/30.0"
92.229.247.15 - - [19/Jul/2014:15:46:55 +0200] "GET /img/f_1-p.gif HTTP/1.1" 200 43 "http://www.dr-heidi-fleischer.de/" "Mozilla/5.0 (Windows NT 6.1; WOW64; rv:30.0) Gecko/20100101 Firefox/30.0"
92.229.247.15 - - [19/Jul/2014:15:46:55 +0200] "GET /img/lay01.gif HTTP/1.1" 200 273 "http://www.dr-heidi-fleischer.de/" "Mozilla/5.0 (Windows NT 6.1; WOW64; rv:30.0) Gecko/20100101 Firefox/30.0"
92.229.247.15 - - [19/Jul/2014:15:46:55 +0200] "GET /img/lay07.gif HTTP/1.1" 200 453 "http://www.dr-heidi-fleischer.de/" "Mozilla/5.0 (Windows NT 6.1; WOW64; rv:30.0) Gecko/20100101 Firefox/30.0"
92.229.247.15 - - [19/Jul/2014:15:46:55 +0200] "GET /img/lay06neu.gif HTTP/1.1" 200 583 "http://www.dr-heidi-fleischer.de/" "Mozilla/5.0 (Windows NT 6.1; WOW64; rv:30.0) Gecko/20100101 Firefox/30.0"
92.229.247.15 - - [19/Jul/2014:15:46:55 +0200] "GET /img/tel_footer.gif HTTP/1.1" 200 1051 "http://www.dr-heidi-fleischer.de/" "Mozilla/5.0 (Windows NT 6.1; WOW64; rv:30.0) Gecko/20100101 Firefox/30.0"
92.229.247.15 - - [19/Jul/2014:15:46:55 +0200] "GET /img/zert_1.jpg HTTP/1.1" 200 6013 "http://www.dr-heidi-fleischer.de/" "Mozilla/5.0 (Windows NT 6.1; WOW64; rv:30.0) Gecko/20100101 Firefox/30.0"
92.229.247.15 - - [19/Jul/2014:15:46:55 +0200] "GET /img/roll_trans.gif HTTP/1.1" 200 609 "http://www.dr-heidi-fleischer.de/" "Mozilla/5.0 (Windows NT 6.1; WOW64; rv:30.0) Gecko/20100101 Firefox/30.0"
92.229.247.15 - - [19/Jul/2014:15:46:55 +0200] "GET /img/roll_trans2.gif HTTP/1.1" 200 609 "http://www.dr-heidi-fleischer.de/" "Mozilla/5.0 (Windows NT 6.1; WOW64; rv:30.0) Gecko/20100101 Firefox/30.0"
92.229.247.15 - - [19/Jul/2014:15:46:55 +0200] "GET /img/lay16.gif HTTP/1.1" 200 309 "http://www.dr-heidi-fleischer.de/" "Mozilla/5.0 (Windows NT 6.1; WOW64; rv:30.0) Gecko/20100101 Firefox/30.0"
92.229.247.15 - - [19/Jul/2014:15:46:55 +0200] "GET /img/lay08.gif HTTP/1.1" 200 534 "http://www.dr-heidi-fleischer.de/" "Mozilla/5.0 (Windows NT 6.1; WOW64; rv:30.0) Gecko/20100101 Firefox/30.0"
92.229.247.15 - - [19/Jul/2014:15:46:55 +0200] "GET /img/lay09.gif HTTP/1.1" 200 135 "http://www.dr-heidi-fleischer.de/" "Mozilla/5.0 (Windows NT 6.1; WOW64; rv:30.0) Gecko/20100101 Firefox/30.0"
92.229.247.15 - - [19/Jul/2014:15:46:55 +0200] "GET /img/lay13.gif HTTP/1.1" 200 181 "http://www.dr-heidi-fleischer.de/" "Mozilla/5.0 (Windows NT 6.1; WOW64; rv:30.0) Gecko/20100101 Firefox/30.0"
92.229.247.15 - - [19/Jul/2014:15:46:55 +0200] "GET /img/lay14.gif HTTP/1.1" 200 104 "http://www.dr-heidi-fleischer.de/" "Mozilla/5.0 (Windows NT 6.1; WOW64; rv:30.0) Gecko/20100101 Firefox/30.0"
92.229.247.15 - - [19/Jul/2014:15:46:55 +0200] "GET /img/hg_body.jpg HTTP/1.1" 200 2615 "http://www.dr-heidi-fleischer.de/css/fl_style.css" "Mozilla/5.0 (Windows NT 6.1; WOW64; rv:30.0) Gecko/20100101 Firefox/30.0"
92.229.247.15 - - [19/Jul/2014:15:46:55 +0200] "GET /img/zert_1gross.jpg HTTP/1.1" 200 22004 "http://www.dr-heidi-fleischer.de/" "Mozilla/5.0 (Windows NT 6.1; WOW64; rv:30.0) Gecko/20100101 Firefox/30.0"
92.229.247.15 - - [19/Jul/2014:15:46:55 +0200] "GET /img/dr_fleischer_ani.gif HTTP/1.1" 200 854042 "http://www.dr-heidi-fleischer.de/" "Mozilla/5.0 (Windows NT 6.1; WOW64; rv:30.0) Gecko/20100101 Firefox/30.0"
92.229.247.15 - - [19/Jul/2014:15:46:56 +0200] "GET /img/lay02.gif HTTP/1.1" 200 68 "http://www.dr-heidi-fleischer.de/" "Mozilla/5.0 (Windows NT 6.1; WOW64; rv:30.0) Gecko/20100101 Firefox/30.0"
92.229.247.15 - - [19/Jul/2014:15:46:56 +0200] "GET /img/lay03.gif HTTP/1.1" 200 1060 "http://www.dr-heidi-fleischer.de/" "Mozilla/5.0 (Windows NT 6.1; WOW64; rv:30.0) Gecko/20100101 Firefox/30.0"
92.229.247.15 - - [19/Jul/2014:15:46:56 +0200] "GET /img/lay04.gif HTTP/1.1" 200 68 "http://www.dr-heidi-fleischer.de/" "Mozilla/5.0 (Windows NT 6.1; WOW64; rv:30.0) Gecko/20100101 Firefox/30.0"
92.229.247.15 - - [19/Jul/2014:15:46:56 +0200] "GET /img/lay05.gif HTTP/1.1" 200 331 "http://www.dr-heidi-fleischer.de/" "Mozilla/5.0 (Windows NT 6.1; WOW64; rv:30.0) Gecko/20100101 Firefox/30.0"
92.229.247.15 - - [19/Jul/2014:15:46:56 +0200] "GET /img/left_bg2.gif HTTP/1.1" 200 176 "http://www.dr-heidi-fleischer.de/" "Mozilla/5.0 (Windows NT 6.1; WOW64; rv:30.0) Gecko/20100101 Firefox/30.0"
92.229.247.15 - - [19/Jul/2014:15:46:56 +0200] "GET /img/hg_zahn2.gif HTTP/1.1" 200 20816 "http://www.dr-heidi-fleischer.de/" "Mozilla/5.0 (Windows NT 6.1; WOW64; rv:30.0) Gecko/20100101 Firefox/30.0"
92.229.247.15 - - [19/Jul/2014:15:46:56 +0200] "GET /img/left_bg.gif HTTP/1.1" 200 98 "http://www.dr-heidi-fleischer.de/" "Mozilla/5.0 (Windows NT 6.1; WOW64; rv:30.0) Gecko/20100101 Firefox/30.0"
92.229.247.15 - - [19/Jul/2014:15:46:56 +0200] "GET /img/right_bg.gif HTTP/1.1" 200 76 "http://www.dr-heidi-fleischer.de/" "Mozilla/5.0 (Windows NT 6.1; WOW64; rv:30.0) Gecko/20100101 Firefox/30.0"
92.229.247.15 - - [19/Jul/2014:15:46:56 +0200] "GET /img/lay10.gif HTTP/1.1" 200 252 "http://www.dr-heidi-fleischer.de/" "Mozilla/5.0 (Windows NT 6.1; WOW64; rv:30.0) Gecko/20100101 Firefox/30.0"
92.229.247.15 - - [19/Jul/2014:15:46:56 +0200] "GET /img/right_bg.jpg HTTP/1.1" 404 1256 "http://www.dr-heidi-fleischer.de/" "Mozilla/5.0 (Windows NT 6.1; WOW64; rv:30.0) Gecko/20100101 Firefox/30.0"
92.229.247.15 - - [19/Jul/2014:15:46:56 +0200] "GET /img/bottom_bg.gif HTTP/1.1" 200 79 "http://www.dr-heidi-fleischer.de/" "Mozilla/5.0 (Windows NT 6.1; WOW64; rv:30.0) Gecko/20100101 Firefox/30.0"
92.229.247.15 - - [19/Jul/2014:15:46:56 +0200] "GET /img/header_neu.gif HTTP/1.1" 200 32567 "http://www.dr-heidi-fleischer.de/css/fl_style.css" "Mozilla/5.0 (Windows NT 6.1; WOW64; rv:30.0) Gecko/20100101 Firefox/30.0"
157.55.39.233 - - [19/Jul/2014:16:20:52 +0200] "GET /impressum.php HTTP/1.1" 200 8293 "-" "Mozilla/5.0 (compatible; bingbot/2.0; +http://www.bing.com/bingbot.htm)"
157.55.39.164 - - [19/Jul/2014:16:21:00 +0200] "GET /leistungen.php HTTP/1.1" 200 8056 "-" "Mozilla/5.0 (compatible; bingbot/2.0; +http://www.bing.com/bingbot.htm)"
157.55.39.164 - - [19/Jul/2014:16:21:00 +0200] "GET /spez_leistungen.php HTTP/1.1" 200 7752 "-" "Mozilla/5.0 (compatible; bingbot/2.0; +http://www.bing.com/bingbot.htm)"
157.55.39.144 - - [19/Jul/2014:16:21:05 +0200] "GET / HTTP/1.1" 200 9626 "-" "Mozilla/5.0 (compatible; bingbot/2.0; +http://www.bing.com/bingbot.htm)"
157.55.39.144 - - [19/Jul/2014:16:21:06 +0200] "GET /anfahrt.php HTTP/1.1" 200 8074 "-" "Mozilla/5.0 (compatible; bingbot/2.0; +http://www.bing.com/bingbot.htm)"
157.55.39.144 - - [19/Jul/2014:16:21:06 +0200] "GET /index.php HTTP/1.1" 200 9626 "-" "Mozilla/5.0 (compatible; bingbot/2.0; +http://www.bing.com/bingbot.htm)"
157.55.39.144 - - [19/Jul/2014:16:21:07 +0200] "GET /praxis.php HTTP/1.1" 200 7017 "-" "Mozilla/5.0 (compatible; bingbot/2.0; +http://www.bing.com/bingbot.htm)"
157.55.39.122 - - [19/Jul/2014:16:21:11 +0200] "GET /kont.php HTTP/1.1" 200 8494 "-" "Mozilla/5.0 (compatible; bingbot/2.0; +http://www.bing.com/bingbot.htm)"
157.55.39.75 - - [19/Jul/2014:22:00:35 +0200] "GET /robots.txt HTTP/1.1" 200 218 "-" "Mozilla/5.0 (compatible; bingbot/2.0; +http://www.bing.com/bingbot.htm)"
157.55.39.75 - - [19/Jul/2014:22:01:02 +0200] "GET / HTTP/1.1" 200 9626 "-" "Mozilla/5.0 (compatible; bingbot/2.0; +http://www.bing.com/bingbot.htm)"
208.115.113.83 - - [20/Jul/2014:00:11:58 +0200] "GET /robots.txt HTTP/1.1" 200 218 "-" "Mozilla/5.0 (compatible; DotBot/1.1; http://www.opensiteexplorer.org/dotbot, help@moz.com)"
46.165.197.141 - - [20/Jul/2014:00:57:23 +0200] "GET /robots.txt HTTP/1.0" 200 218 "-" "Mozilla/5.0 (compatible; MJ12bot/v1.4.5; http://www.majestic12.co.uk/bot.php?+)"
46.165.197.141 - - [20/Jul/2014:00:57:24 +0200] "GET /anfahrt.php HTTP/1.0" 200 8074 "-" "Mozilla/5.0 (compatible; MJ12bot/v1.4.5; http://www.majestic12.co.uk/bot.php?+)"
46.165.197.141 - - [20/Jul/2014:00:57:26 +0200] "GET /impressum.php HTTP/1.0" 200 8293 "-" "Mozilla/5.0 (compatible; MJ12bot/v1.4.5; http://www.majestic12.co.uk/bot.php?+)"
46.165.197.141 - - [20/Jul/2014:00:57:27 +0200] "GET /kont.php HTTP/1.0" 200 8494 "-" "Mozilla/5.0 (compatible; MJ12bot/v1.4.5; http://www.majestic12.co.uk/bot.php?+)"
46.165.197.141 - - [20/Jul/2014:00:57:29 +0200] "GET /leistungen.php HTTP/1.0" 200 8056 "-" "Mozilla/5.0 (compatible; MJ12bot/v1.4.5; http://www.majestic12.co.uk/bot.php?+)"
208.115.113.83 - - [20/Jul/2014:01:54:14 +0200] "GET /kont.php HTTP/1.1" 200 8494 "-" "Mozilla/5.0 (compatible; DotBot/1.1; http://www.opensiteexplorer.org/dotbot, help@moz.com)"
157.55.39.144 - - [20/Jul/2014:02:14:01 +0200] "GET /robots.txt HTTP/1.1" 200 218 "-" "Mozilla/5.0 (compatible; bingbot/2.0; +http://www.bing.com/bingbot.htm)"
157.55.39.143 - - [20/Jul/2014:02:14:04 +0200] "GET / HTTP/1.1" 200 9626 "-" "Mozilla/5.0 (compatible; bingbot/2.0; +http://www.bing.com/bingbot.htm)"
157.55.39.144 - - [20/Jul/2014:03:02:51 +0200] "GET / HTTP/1.1" 200 9626 "-" "Mozilla/5.0 (compatible; bingbot/2.0; +http://www.bing.com/bingbot.htm)"
208.115.111.72 - - [20/Jul/2014:03:16:58 +0200] "GET /robots.txt HTTP/1.1" 200 218 "-" "Mozilla/5.0 (compatible; DotBot/1.1; http://www.opensiteexplorer.org/dotbot, help@moz.com)"
208.115.111.72 - - [20/Jul/2014:04:28:38 +0200] "GET /spez_leistungen.php HTTP/1.1" 200 7752 "-" "Mozilla/5.0 (compatible; DotBot/1.1; http://www.opensiteexplorer.org/dotbot, help@moz.com)"
157.55.39.233 - - [20/Jul/2014:08:37:48 +0200] "GET /impressum.php HTTP/1.1" 200 8293 "-" "Mozilla/5.0 (compatible; bingbot/2.0; +http://www.bing.com/bingbot.htm)"
157.55.39.233 - - [20/Jul/2014:08:37:55 +0200] "GET /robots.txt HTTP/1.1" 200 218 "-" "Mozilla/5.0 (compatible; bingbot/2.0; +http://www.bing.com/bingbot.htm)"
157.55.39.233 - - [20/Jul/2014:08:37:57 +0200] "GET /css/fl_style.css HTTP/1.1" 200 10194 "-" "Mozilla/5.0 (compatible; bingbot/2.0; +http://www.bing.com/bingbot.htm)"
157.55.39.75 - - [20/Jul/2014:09:47:58 +0200] "GET /robots.txt HTTP/1.1" 200 218 "-" "Mozilla/5.0 (compatible; bingbot/2.0; +http://www.bing.com/bingbot.htm)"
157.55.39.75 - - [20/Jul/2014:09:48:15 +0200] "GET / HTTP/1.1" 200 9626 "-" "Mozilla/5.0 (compatible; bingbot/2.0; +http://www.bing.com/bingbot.htm)"
66.249.74.242 - - [20/Jul/2014:10:26:32 +0200] "GET /robots.txt HTTP/1.1" 200 218 "-" "Mozilla/5.0 (compatible; Googlebot/2.1; +http://www.google.com/bot.html)"
66.249.74.242 - - [20/Jul/2014:10:26:33 +0200] "GET /img/lay01.gif HTTP/1.1" 304 - "-" "Googlebot-Image/1.0"
199.58.86.209 - - [20/Jul/2014:10:27:00 +0200] "GET /robots.txt HTTP/1.0" 200 218 "-" "Mozilla/5.0 (compatible; MJ12bot/v1.4.5; http://www.majestic12.co.uk/bot.php?+)"
199.58.86.209 - - [20/Jul/2014:10:27:02 +0200] "GET / HTTP/1.0" 200 9626 "-" "Mozilla/5.0 (compatible; MJ12bot/v1.4.5; http://www.majestic12.co.uk/bot.php?+)"
157.55.39.144 - - [20/Jul/2014:13:55:54 +0200] "GET / HTTP/1.1" 200 9626 "-" "Mozilla/5.0 (compatible; bingbot/2.0; +http://www.bing.com/bingbot.htm)"
66.249.74.242 - - [20/Jul/2014:15:22:00 +0200] "GET /leistungen.php HTTP/1.1" 200 8056 "-" "Mozilla/5.0 (iPhone; CPU iPhone OS 6_0 like Mac OS X) AppleWebKit/536.26 (KHTML, like Gecko) Version/6.0 Mobile/10A5376e Safari/8536.25 (compatible; Googlebot/2.1; +http://www.google.com/bot.html)"
66.249.74.242 - - [20/Jul/2014:15:59:28 +0200] "GET / HTTP/1.1" 200 9626 "-" "Mozilla/5.0 (compatible; Googlebot/2.1; +http://www.google.com/bot.html)"
66.249.74.242 - - [20/Jul/2014:17:33:53 +0200] "GET /N HTTP/1.1" 404 1256 "-" "Mozilla/5.0 (compatible; Googlebot/2.1; +http://www.google.com/bot.html)"
199.192.207.146 - - [20/Jul/2014:19:18:17 +0200] "GET /robots.txt HTTP/1.0" 200 218 "-" "Mozilla/5.0 (compatible; MJ12bot/v1.4.5; http://www.majestic12.co.uk/bot.php?+)"
199.192.207.146 - - [20/Jul/2014:19:18:19 +0200] "GET /index.php HTTP/1.0" 200 9626 "-" "Mozilla/5.0 (compatible; MJ12bot/v1.4.5; http://www.majestic12.co.uk/bot.php?+)"
176.9.207.92 - - [20/Jul/2014:19:41:58 +0200] "GET /kont.php HTTP/1.1" 200 8494 "-" "Mozilla/4.0 (compatible; MSIE 6.0; Windows 98; Win 9x4.90)"
66.249.74.242 - - [20/Jul/2014:19:44:16 +0200] "GET /impressum.php HTTP/1.1" 200 8293 "-" "Mozilla/5.0 (iPhone; CPU iPhone OS 6_0 like Mac OS X) AppleWebKit/536.26 (KHTML, like Gecko) Version/6.0 Mobile/10A5376e Safari/8536.25 (compatible; Googlebot/2.1; +http://www.google.com/bot.html)"
66.249.74.242 - - [20/Jul/2014:19:48:48 +0200] "GET /css/fl_style.css HTTP/1.1" 200 10194 "-" "Mozilla/5.0 (compatible; Googlebot/2.1; +http://www.google.com/bot.html)"
157.55.39.75 - - [20/Jul/2014:21:25:01 +0200] "GET /robots.txt HTTP/1.1" 200 218 "-" "Mozilla/5.0 (compatible; bingbot/2.0; +http://www.bing.com/bingbot.htm)"
157.55.39.75 - - [20/Jul/2014:21:25:20 +0200] "GET / HTTP/1.1" 200 9626 "-" "Mozilla/5.0 (compatible; bingbot/2.0; +http://www.bing.com/bingbot.htm)"
66.249.74.242 - - [20/Jul/2014:22:43:23 +0200] "GET / HTTP/1.1" 200 9626 "-" "Mozilla/5.0 (compatible; Googlebot/2.1; +http://www.google.com/bot.html)"
194.153.113.35 - - [20/Jul/2014:23:22:56 +0200] "GET / HTTP/1.1" 200 9626 "-" "Mozilla/5.0 (compatible; oBot/2.3.1; +http://filterdb.iss.net/crawler/)"
208.115.111.72 - - [20/Jul/2014:23:29:57 +0200] "GET /robots.txt HTTP/1.1" 200 218 "-" "Mozilla/5.0 (compatible; DotBot/1.1; http://www.opensiteexplorer.org/dotbot, help@moz.com)"
208.115.111.72 - - [21/Jul/2014:01:19:34 +0200] "GET /anfahrt.php HTTP/1.1" 200 8074 "-" "Mozilla/5.0 (compatible; DotBot/1.1; http://www.opensiteexplorer.org/dotbot, help@moz.com)"
157.55.39.123 - - [21/Jul/2014:01:58:29 +0200] "GET /robots.txt HTTP/1.1" 200 218 "-" "Mozilla/5.0 (compatible; bingbot/2.0; +http://www.bing.com/bingbot.htm)"
208.115.111.66 - - [21/Jul/2014:01:59:01 +0200] "GET /robots.txt HTTP/1.1" 200 218 "-" "Mozilla/5.0 (compatible; DotBot/1.1; http://www.opensiteexplorer.org/dotbot, help@moz.com)"
157.55.39.123 - - [21/Jul/2014:01:59:15 +0200] "GET / HTTP/1.1" 200 9626 "-" "Mozilla/5.0 (compatible; bingbot/2.0; +http://www.bing.com/bingbot.htm)"
208.115.111.66 - - [21/Jul/2014:03:47:39 +0200] "GET /leistungen.php HTTP/1.1" 200 8056 "-" "Mozilla/5.0 (compatible; DotBot/1.1; http://www.opensiteexplorer.org/dotbot, help@moz.com)"
157.55.39.75 - - [21/Jul/2014:09:09:54 +0200] "GET /robots.txt HTTP/1.1" 200 218 "-" "Mozilla/5.0 (compatible; bingbot/2.0; +http://www.bing.com/bingbot.htm)"
157.55.39.75 - - [21/Jul/2014:09:09:59 +0200] "GET / HTTP/1.1" 200 9626 "-" "Mozilla/5.0 (compatible; bingbot/2.0; +http://www.bing.com/bingbot.htm)"
141.8.147.12 - - [21/Jul/2014:09:58:36 +0200] "GET /robots.txt HTTP/1.1" 200 218 "-" "Mozilla/5.0 (compatible; YandexBot/3.0; +http://yandex.com/bots)"
141.8.147.12 - - [21/Jul/2014:09:58:37 +0200] "GET /robots.txt HTTP/1.1" 200 218 "-" "Mozilla/5.0 (compatible; YandexBot/3.0; +http://yandex.com/bots)"
141.8.147.12 - - [21/Jul/2014:09:58:39 +0200] "GET / HTTP/1.1" 200 9626 "-" "Mozilla/5.0 (compatible; YandexBot/3.0; +http://yandex.com/bots)"
141.8.147.12 - - [21/Jul/2014:09:58:39 +0200] "GET / HTTP/1.1" 200 9626 "-" "Mozilla/5.0 (compatible; YandexBot/3.0; +http://yandex.com/bots)"
141.8.147.12 - - [21/Jul/2014:09:58:42 +0200] "GET / HTTP/1.1" 200 9626 "-" "Mozilla/5.0 (compatible; YandexBot/3.0; +http://yandex.com/bots)"
141.8.147.12 - - [21/Jul/2014:09:58:43 +0200] "GET / HTTP/1.1" 200 9626 "-" "Mozilla/5.0 (compatible; YandexBot/3.0; +http://yandex.com/bots)"
157.55.39.248 - - [21/Jul/2014:13:23:00 +0200] "GET /robots.txt HTTP/1.1" 200 218 "-" "Mozilla/5.0 (compatible; bingbot/2.0; +http://www.bing.com/bingbot.htm)"
157.55.39.248 - - [21/Jul/2014:13:23:06 +0200] "GET / HTTP/1.1" 200 9626 "-" "Mozilla/5.0 (compatible; bingbot/2.0; +http://www.bing.com/bingbot.htm)"
66.249.78.144 - - [21/Jul/2014:15:38:07 +0200] "GET /robots.txt HTTP/1.1" 200 218 "-" "Mozilla/5.0 (compatible; Googlebot/2.1; +http://www.google.com/bot.html)"
66.249.78.151 - - [21/Jul/2014:15:38:08 +0200] "GET / HTTP/1.1" 200 9626 "-" "Mozilla/5.0 (compatible; Googlebot/2.1; +http://www.google.com/bot.html)"
66.249.78.151 - - [21/Jul/2014:16:32:00 +0200] "GET /robots.txt HTTP/1.1" 200 218 "-" "Mozilla/5.0 (compatible; Googlebot/2.1; +http://www.google.com/bot.html)"
66.249.78.151 - - [21/Jul/2014:16:32:00 +0200] "GET /impressum.php HTTP/1.1" 200 8293 "-" "Mozilla/5.0 (compatible; Googlebot/2.1; +http://www.google.com/bot.html)"
66.249.78.151 - - [21/Jul/2014:18:41:15 +0200] "GET /kont.php HTTP/1.1" 200 8494 "-" "Mozilla/5.0 (compatible; Googlebot/2.1; +http://www.google.com/bot.html)"
162.210.196.97 - - [21/Jul/2014:18:50:43 +0200] "GET /robots.txt HTTP/1.0" 200 218 "-" "Mozilla/5.0 (compatible; MJ12bot/v1.4.5; http://www.majestic12.co.uk/bot.php?+)"
162.210.196.97 - - [21/Jul/2014:18:50:45 +0200] "GET /anfahrt.php HTTP/1.0" 200 8074 "-" "Mozilla/5.0 (compatible; MJ12bot/v1.4.5; http://www.majestic12.co.uk/bot.php?+)"
162.210.196.97 - - [21/Jul/2014:18:50:46 +0200] "GET /impressum.php HTTP/1.0" 200 8293 "-" "Mozilla/5.0 (compatible; MJ12bot/v1.4.5; http://www.majestic12.co.uk/bot.php?+)"
162.210.196.97 - - [21/Jul/2014:18:50:48 +0200] "GET /kont.php HTTP/1.0" 200 8494 "-" "Mozilla/5.0 (compatible; MJ12bot/v1.4.5; http://www.majestic12.co.uk/bot.php?+)"
162.210.196.97 - - [21/Jul/2014:18:50:50 +0200] "GET /leistungen.php HTTP/1.0" 200 8056 "-" "Mozilla/5.0 (compatible; MJ12bot/v1.4.5; http://www.majestic12.co.uk/bot.php?+)"
37.58.100.143 - - [21/Jul/2014:19:05:10 +0200] "GET /robots.txt HTTP/1.1" 200 218 "-" "Mozilla/5.0 (compatible; AhrefsBot/5.0; +http://ahrefs.com/robot/)"
208.115.111.72 - - [21/Jul/2014:19:18:55 +0200] "GET /robots.txt HTTP/1.1" 200 218 "-" "Mozilla/5.0 (compatible; DotBot/1.1; http://www.opensiteexplorer.org/dotbot, help@moz.com)"
66.249.78.144 - - [21/Jul/2014:20:29:53 +0200] "GET /spez_leistungen.php HTTP/1.1" 200 7752 "-" "Mozilla/5.0 (compatible; Googlebot/2.1; +http://www.google.com/bot.html)"
157.55.39.75 - - [21/Jul/2014:20:53:49 +0200] "GET /robots.txt HTTP/1.1" 200 218 "-" "Mozilla/5.0 (compatible; bingbot/2.0; +http://www.bing.com/bingbot.htm)"
157.55.39.75 - - [21/Jul/2014:20:53:55 +0200] "GET / HTTP/1.1" 200 9626 "-" "Mozilla/5.0 (compatible; bingbot/2.0; +http://www.bing.com/bingbot.htm)"
208.115.111.72 - - [21/Jul/2014:21:05:10 +0200] "GET /kont.php HTTP/1.1" 200 8494 "-" "Mozilla/5.0 (compatible; DotBot/1.1; http://www.opensiteexplorer.org/dotbot, help@moz.com)"
82.192.74.237 - - [21/Jul/2014:21:17:20 +0200] "GET / HTTP/1.1" 200 9626 "-" "Mozilla/5.0 (compatible; Lipperhey SEO Service; http://www.lipperhey.com/)"
82.192.74.237 - - [21/Jul/2014:21:17:22 +0200] "GET / HTTP/1.1" 200 9626 "-" "Mozilla/5.0 (Linux; U; Android 1.6; en-us; xpndr_ihome Build/DRD35) AppleWebKit/528.5+ (KHTML, like Gecko) Version/3.1.2 Mobile Safari/525.20.1"
82.192.74.237 - - [21/Jul/2014:21:17:23 +0200] "GET /robots.txt HTTP/1.1" 200 218 "-" "Mozilla/5.0 (compatible; Lipperhey SEO Service; http://www.lipperhey.com/)"
82.192.74.237 - - [21/Jul/2014:21:17:23 +0200] "GET /sitemap.xml HTTP/1.1" 404 1256 "-" "Mozilla/5.0 (compatible; Lipperhey SEO Service; http://www.lipperhey.com/)"
82.192.74.237 - - [21/Jul/2014:21:17:23 +0200] "GET / HTTP/1.1" 200 9626 "-" "Mozilla/5.0 (compatible; Lipperhey SEO Service; http://www.lipperhey.com/)"
82.192.74.237 - - [21/Jul/2014:21:17:25 +0200] "GET /impressum.php HTTP/1.1" 200 8293 "-" "Mozilla/5.0 (compatible; Lipperhey SEO Service; http://www.lipperhey.com/)"
82.192.74.237 - - [21/Jul/2014:21:17:29 +0200] "GET /kont.php HTTP/1.1" 200 8494 "-" "Mozilla/5.0 (compatible; Lipperhey SEO Service; http://www.lipperhey.com/)"
82.192.74.237 - - [21/Jul/2014:21:17:31 +0200] "GET /index.php HTTP/1.1" 200 9626 "-" "Mozilla/5.0 (compatible; Lipperhey SEO Service; http://www.lipperhey.com/)"
82.192.74.237 - - [21/Jul/2014:21:17:34 +0200] "GET /img/animated_favicon1.gif HTTP/1.1" 200 1808 "-" "Mozilla/5.0 (compatible; Lipperhey SEO Service; http://www.lipperhey.com/)"
