84.138.91.144 - - [25/Feb/2013:18:32:11 +0100] "GET /img/lay09.gif HTTP/1.1" 200 135 "http://www.dr-heidi-fleischer.de/" "Mozilla/5.0 (compatible; MSIE 9.0; TOB 6.13; Windows NT 6.1; WOW64; Trident/5.0)"
84.138.91.144 - - [25/Feb/2013:18:32:11 +0100] "GET /img/lay13.gif HTTP/1.1" 200 181 "http://www.dr-heidi-fleischer.de/" "Mozilla/5.0 (compatible; MSIE 9.0; TOB 6.13; Windows NT 6.1; WOW64; Trident/5.0)"
84.138.91.144 - - [25/Feb/2013:18:32:11 +0100] "GET /img/lay14.gif HTTP/1.1" 200 104 "http://www.dr-heidi-fleischer.de/" "Mozilla/5.0 (compatible; MSIE 9.0; TOB 6.13; Windows NT 6.1; WOW64; Trident/5.0)"
84.138.91.144 - - [25/Feb/2013:18:32:11 +0100] "GET /img/zert_1gross.jpg HTTP/1.1" 200 22004 "http://www.dr-heidi-fleischer.de/" "Mozilla/5.0 (compatible; MSIE 9.0; TOB 6.13; Windows NT 6.1; WOW64; Trident/5.0)"
84.138.91.144 - - [25/Feb/2013:18:32:11 +0100] "GET /img/dr_fleischer_ani.gif HTTP/1.1" 200 854042 "http://www.dr-heidi-fleischer.de/" "Mozilla/5.0 (compatible; MSIE 9.0; TOB 6.13; Windows NT 6.1; WOW64; Trident/5.0)"
84.138.91.144 - - [25/Feb/2013:18:32:11 +0100] "GET /img/hg_body.jpg HTTP/1.1" 200 2615 "http://www.dr-heidi-fleischer.de/" "Mozilla/5.0 (compatible; MSIE 9.0; TOB 6.13; Windows NT 6.1; WOW64; Trident/5.0)"
84.138.91.144 - - [25/Feb/2013:18:32:11 +0100] "GET /img/lay02.gif HTTP/1.1" 200 68 "http://www.dr-heidi-fleischer.de/" "Mozilla/5.0 (compatible; MSIE 9.0; TOB 6.13; Windows NT 6.1; WOW64; Trident/5.0)"
84.138.91.144 - - [25/Feb/2013:18:32:11 +0100] "GET /img/lay03.gif HTTP/1.1" 200 1060 "http://www.dr-heidi-fleischer.de/" "Mozilla/5.0 (compatible; MSIE 9.0; TOB 6.13; Windows NT 6.1; WOW64; Trident/5.0)"
84.138.91.144 - - [25/Feb/2013:18:32:11 +0100] "GET /img/lay04.gif HTTP/1.1" 200 68 "http://www.dr-heidi-fleischer.de/" "Mozilla/5.0 (compatible; MSIE 9.0; TOB 6.13; Windows NT 6.1; WOW64; Trident/5.0)"
84.138.91.144 - - [25/Feb/2013:18:32:11 +0100] "GET /img/lay05.gif HTTP/1.1" 200 331 "http://www.dr-heidi-fleischer.de/" "Mozilla/5.0 (compatible; MSIE 9.0; TOB 6.13; Windows NT 6.1; WOW64; Trident/5.0)"
84.138.91.144 - - [25/Feb/2013:18:32:11 +0100] "GET /img/left_bg2.gif HTTP/1.1" 200 176 "http://www.dr-heidi-fleischer.de/" "Mozilla/5.0 (compatible; MSIE 9.0; TOB 6.13; Windows NT 6.1; WOW64; Trident/5.0)"
84.138.91.144 - - [25/Feb/2013:18:32:11 +0100] "GET /img/hg_zahn2.gif HTTP/1.1" 200 20816 "http://www.dr-heidi-fleischer.de/" "Mozilla/5.0 (compatible; MSIE 9.0; TOB 6.13; Windows NT 6.1; WOW64; Trident/5.0)"
84.138.91.144 - - [25/Feb/2013:18:32:11 +0100] "GET /img/right_bg.jpg HTTP/1.1" 404 1256 "http://www.dr-heidi-fleischer.de/" "Mozilla/5.0 (compatible; MSIE 9.0; TOB 6.13; Windows NT 6.1; WOW64; Trident/5.0)"
84.138.91.144 - - [25/Feb/2013:18:32:11 +0100] "GET /img/left_bg.gif HTTP/1.1" 200 98 "http://www.dr-heidi-fleischer.de/" "Mozilla/5.0 (compatible; MSIE 9.0; TOB 6.13; Windows NT 6.1; WOW64; Trident/5.0)"
84.138.91.144 - - [25/Feb/2013:18:32:12 +0100] "GET /img/right_bg.gif HTTP/1.1" 200 76 "http://www.dr-heidi-fleischer.de/" "Mozilla/5.0 (compatible; MSIE 9.0; TOB 6.13; Windows NT 6.1; WOW64; Trident/5.0)"
84.138.91.144 - - [25/Feb/2013:18:32:12 +0100] "GET /img/lay10.gif HTTP/1.1" 200 252 "http://www.dr-heidi-fleischer.de/" "Mozilla/5.0 (compatible; MSIE 9.0; TOB 6.13; Windows NT 6.1; WOW64; Trident/5.0)"
84.138.91.144 - - [25/Feb/2013:18:32:12 +0100] "GET /img/bottom_bg.gif HTTP/1.1" 200 79 "http://www.dr-heidi-fleischer.de/" "Mozilla/5.0 (compatible; MSIE 9.0; TOB 6.13; Windows NT 6.1; WOW64; Trident/5.0)"
84.138.91.144 - - [25/Feb/2013:18:32:12 +0100] "GET /img/header_neu.gif HTTP/1.1" 200 32567 "http://www.dr-heidi-fleischer.de/" "Mozilla/5.0 (compatible; MSIE 9.0; TOB 6.13; Windows NT 6.1; WOW64; Trident/5.0)"
84.138.91.144 - - [25/Feb/2013:18:32:12 +0100] "GET /img/favicon.ico HTTP/1.1" 200 5430 "-" "T-Online Browser"
84.138.91.144 - - [25/Feb/2013:18:32:16 +0100] "GET /praxis.php HTTP/1.1" 200 7017 "http://www.dr-heidi-fleischer.de/" "Mozilla/5.0 (compatible; MSIE 9.0; TOB 6.13; Windows NT 6.1; WOW64; Trident/5.0)"
84.138.91.144 - - [25/Feb/2013:18:32:16 +0100] "GET /img/praxis_2.jpg HTTP/1.1" 200 30574 "http://www.dr-heidi-fleischer.de/praxis.php" "Mozilla/5.0 (compatible; MSIE 9.0; TOB 6.13; Windows NT 6.1; WOW64; Trident/5.0)"
84.138.91.144 - - [25/Feb/2013:18:32:16 +0100] "GET /img/praxis_1.jpg HTTP/1.1" 200 39868 "http://www.dr-heidi-fleischer.de/praxis.php" "Mozilla/5.0 (compatible; MSIE 9.0; TOB 6.13; Windows NT 6.1; WOW64; Trident/5.0)"
84.138.91.144 - - [25/Feb/2013:18:32:16 +0100] "GET /img/praxis_3.jpg HTTP/1.1" 200 36951 "http://www.dr-heidi-fleischer.de/praxis.php" "Mozilla/5.0 (compatible; MSIE 9.0; TOB 6.13; Windows NT 6.1; WOW64; Trident/5.0)"
84.138.91.144 - - [25/Feb/2013:18:32:16 +0100] "GET /img/right_bg.jpg HTTP/1.1" 404 1256 "http://www.dr-heidi-fleischer.de/praxis.php" "Mozilla/5.0 (compatible; MSIE 9.0; TOB 6.13; Windows NT 6.1; WOW64; Trident/5.0)"
84.138.91.144 - - [25/Feb/2013:18:32:23 +0100] "GET /leistungen.php HTTP/1.1" 200 8056 "http://www.dr-heidi-fleischer.de/praxis.php" "Mozilla/5.0 (compatible; MSIE 9.0; TOB 6.13; Windows NT 6.1; WOW64; Trident/5.0)"
84.138.91.144 - - [25/Feb/2013:18:32:23 +0100] "GET /img/leistungen_1.jpg HTTP/1.1" 200 15190 "http://www.dr-heidi-fleischer.de/leistungen.php" "Mozilla/5.0 (compatible; MSIE 9.0; TOB 6.13; Windows NT 6.1; WOW64; Trident/5.0)"
84.138.91.144 - - [25/Feb/2013:18:32:23 +0100] "GET /img/leistungen_2.jpg HTTP/1.1" 200 13824 "http://www.dr-heidi-fleischer.de/leistungen.php" "Mozilla/5.0 (compatible; MSIE 9.0; TOB 6.13; Windows NT 6.1; WOW64; Trident/5.0)"
84.138.91.144 - - [25/Feb/2013:18:32:24 +0100] "GET /spez_leistungen.php HTTP/1.1" 200 7752 "http://www.dr-heidi-fleischer.de/leistungen.php" "Mozilla/5.0 (compatible; MSIE 9.0; TOB 6.13; Windows NT 6.1; WOW64; Trident/5.0)"
84.138.91.144 - - [25/Feb/2013:18:32:25 +0100] "GET /img/spez_leistungen_1.jpg HTTP/1.1" 200 18858 "http://www.dr-heidi-fleischer.de/spez_leistungen.php" "Mozilla/5.0 (compatible; MSIE 9.0; TOB 6.13; Windows NT 6.1; WOW64; Trident/5.0)"
84.138.91.144 - - [25/Feb/2013:18:32:25 +0100] "GET /img/spez_leistungen_2.jpg HTTP/1.1" 200 13667 "http://www.dr-heidi-fleischer.de/spez_leistungen.php" "Mozilla/5.0 (compatible; MSIE 9.0; TOB 6.13; Windows NT 6.1; WOW64; Trident/5.0)"
84.138.91.144 - - [25/Feb/2013:18:32:29 +0100] "GET /index.php HTTP/1.1" 200 9626 "http://www.dr-heidi-fleischer.de/spez_leistungen.php" "Mozilla/5.0 (compatible; MSIE 9.0; TOB 6.13; Windows NT 6.1; WOW64; Trident/5.0)"
84.138.91.144 - - [25/Feb/2013:18:32:29 +0100] "GET /img/right_bg.jpg HTTP/1.1" 404 1256 "http://www.dr-heidi-fleischer.de/index.php" "Mozilla/5.0 (compatible; MSIE 9.0; TOB 6.13; Windows NT 6.1; WOW64; Trident/5.0)"
84.138.91.144 - - [25/Feb/2013:18:33:42 +0100] "GET /praxis.php HTTP/1.1" 200 7017 "http://www.dr-heidi-fleischer.de/index.php" "Mozilla/5.0 (compatible; MSIE 9.0; TOB 6.13; Windows NT 6.1; WOW64; Trident/5.0)"
84.138.91.144 - - [25/Feb/2013:18:33:42 +0100] "GET /img/right_bg.jpg HTTP/1.1" 404 1256 "http://www.dr-heidi-fleischer.de/praxis.php" "Mozilla/5.0 (compatible; MSIE 9.0; TOB 6.13; Windows NT 6.1; WOW64; Trident/5.0)"
84.138.91.144 - - [25/Feb/2013:18:33:46 +0100] "GET /leistungen.php HTTP/1.1" 200 8056 "http://www.dr-heidi-fleischer.de/praxis.php" "Mozilla/5.0 (compatible; MSIE 9.0; TOB 6.13; Windows NT 6.1; WOW64; Trident/5.0)"
84.138.91.144 - - [25/Feb/2013:18:34:42 +0100] "GET /praxis.php HTTP/1.1" 200 7017 "http://www.dr-heidi-fleischer.de/leistungen.php" "Mozilla/5.0 (compatible; MSIE 9.0; TOB 6.13; Windows NT 6.1; WOW64; Trident/5.0)"
84.138.91.144 - - [25/Feb/2013:18:34:42 +0100] "GET /img/right_bg.jpg HTTP/1.1" 404 1256 "http://www.dr-heidi-fleischer.de/praxis.php" "Mozilla/5.0 (compatible; MSIE 9.0; TOB 6.13; Windows NT 6.1; WOW64; Trident/5.0)"
208.115.111.66 - - [25/Feb/2013:19:10:37 +0100] "GET /praxis.php HTTP/1.1" 200 7017 "-" "Mozilla/5.0 (compatible; Ezooms/1.0; ezooms.bot@gmail.com)"
84.19.190.55 - - [25/Feb/2013:19:24:59 +0100] "GET /robots.txt HTTP/1.1" 200 218 "-" "Mozilla/5.0 (compatible; UnisterBot; crawler@unister.de)"
84.19.190.55 - - [25/Feb/2013:19:25:00 +0100] "GET /leistungen.php HTTP/1.1" 200 8056 "-" "Mozilla/5.0 (compatible; UnisterBot; crawler@unister.de)"
141.8.147.12 - - [25/Feb/2013:20:01:42 +0100] "GET / HTTP/1.1" 200 9626 "-" "Mozilla/5.0 (compatible; YandexBot/3.0; +http://yandex.com/bots)"
208.115.113.83 - - [25/Feb/2013:23:14:18 +0100] "GET /robots.txt HTTP/1.1" 200 218 "-" "Mozilla/5.0 (compatible; Ezooms/1.0; ezooms.bot@gmail.com)"
65.55.215.38 - - [25/Feb/2013:23:53:27 +0100] "GET /robots.txt HTTP/1.1" 200 218 "-" "msnbot-media/1.1 (+http://search.msn.com/msnbot.htm)"
65.55.215.38 - - [25/Feb/2013:23:53:27 +0100] "GET /img/lay09.gif HTTP/1.1" 200 135 "-" "msnbot-media/1.1 (+http://search.msn.com/msnbot.htm)"
141.8.147.12 - - [26/Feb/2013:00:06:56 +0100] "GET /robots.txt HTTP/1.1" 200 218 "-" "Mozilla/5.0 (compatible; YandexBot/3.0; +http://yandex.com/bots)"
141.8.147.12 - - [26/Feb/2013:00:06:57 +0100] "GET / HTTP/1.1" 200 9626 "-" "Mozilla/5.0 (compatible; YandexBot/3.0; MirrorDetector; +http://yandex.com/bots)"
141.8.147.12 - - [26/Feb/2013:00:06:58 +0100] "GET / HTTP/1.1" 200 9626 "-" "Mozilla/5.0 (compatible; YandexBot/3.0; MirrorDetector; +http://yandex.com/bots)"
141.8.147.12 - - [26/Feb/2013:00:07:01 +0100] "GET / HTTP/1.1" 200 9626 "-" "Mozilla/5.0 (compatible; YandexBot/3.0; MirrorDetector; +http://yandex.com/bots)"
141.8.147.12 - - [26/Feb/2013:00:07:02 +0100] "GET / HTTP/1.1" 200 9626 "-" "Mozilla/5.0 (compatible; YandexBot/3.0; MirrorDetector; +http://yandex.com/bots)"
208.115.113.83 - - [26/Feb/2013:01:05:51 +0100] "GET /kont.php HTTP/1.1" 200 8494 "-" "Mozilla/5.0 (compatible; Ezooms/1.0; ezooms.bot@gmail.com)"
84.19.190.55 - - [26/Feb/2013:02:48:24 +0100] "GET /robots.txt HTTP/1.1" 200 218 "-" "Mozilla/5.0 (compatible; UnisterBot; crawler@unister.de)"
84.19.190.55 - - [26/Feb/2013:02:48:24 +0100] "GET /anfahrt.php HTTP/1.1" 200 8074 "-" "Mozilla/5.0 (compatible; UnisterBot; crawler@unister.de)"
66.249.76.38 - - [26/Feb/2013:06:04:16 +0100] "GET /robots.txt HTTP/1.1" 200 218 "-" "Mozilla/5.0 (compatible; Googlebot/2.1; +http://www.google.com/bot.html)"
66.249.76.38 - - [26/Feb/2013:06:04:17 +0100] "GET /spez_leistungen.php HTTP/1.1" 200 7752 "-" "Mozilla/5.0 (iPhone; U; CPU iPhone OS 4_1 like Mac OS X; en-us) AppleWebKit/532.9 (KHTML, like Gecko) Version/4.0.5 Mobile/8B117 Safari/6531.22.7 (compatible; Googlebot-Mobile/2.1; +http://www.google.com/bot.html)"
66.249.76.38 - - [26/Feb/2013:06:07:57 +0100] "GET /img/bottom_bg.gif HTTP/1.1" 200 79 "-" "Mozilla/5.0 (compatible; Googlebot/2.1; +http://www.google.com/bot.html)"
66.249.76.38 - - [26/Feb/2013:06:07:58 +0100] "GET /img/lay08.gif HTTP/1.1" 200 534 "-" "Mozilla/5.0 (compatible; Googlebot/2.1; +http://www.google.com/bot.html)"
66.249.76.38 - - [26/Feb/2013:06:07:59 +0100] "GET /img/lay06neu.gif HTTP/1.1" 200 583 "-" "Mozilla/5.0 (compatible; Googlebot/2.1; +http://www.google.com/bot.html)"
66.249.76.38 - - [26/Feb/2013:06:07:59 +0100] "GET /img/f_1-p.gif HTTP/1.1" 200 43 "-" "Mozilla/5.0 (compatible; Googlebot/2.1; +http://www.google.com/bot.html)"
66.249.76.38 - - [26/Feb/2013:06:08:00 +0100] "GET /img/lay07.gif HTTP/1.1" 200 453 "-" "Mozilla/5.0 (compatible; Googlebot/2.1; +http://www.google.com/bot.html)"
66.249.76.38 - - [26/Feb/2013:06:08:00 +0100] "GET /img/lay13.gif HTTP/1.1" 200 181 "-" "Mozilla/5.0 (compatible; Googlebot/2.1; +http://www.google.com/bot.html)"
66.249.76.38 - - [26/Feb/2013:06:08:01 +0100] "GET /img/right_bg.gif HTTP/1.1" 200 76 "-" "Mozilla/5.0 (compatible; Googlebot/2.1; +http://www.google.com/bot.html)"
66.249.76.38 - - [26/Feb/2013:06:08:01 +0100] "GET /img/roll_trans.gif HTTP/1.1" 200 609 "-" "Mozilla/5.0 (compatible; Googlebot/2.1; +http://www.google.com/bot.html)"
66.249.76.38 - - [26/Feb/2013:06:08:02 +0100] "GET /img/left_bg.gif HTTP/1.1" 200 98 "-" "Mozilla/5.0 (compatible; Googlebot/2.1; +http://www.google.com/bot.html)"
66.249.76.38 - - [26/Feb/2013:06:08:02 +0100] "GET /img/hg_zahn2.gif HTTP/1.1" 200 20816 "-" "Mozilla/5.0 (compatible; Googlebot/2.1; +http://www.google.com/bot.html)"
66.249.76.38 - - [26/Feb/2013:06:08:02 +0100] "GET /img/lay05.gif HTTP/1.1" 200 331 "-" "Mozilla/5.0 (compatible; Googlebot/2.1; +http://www.google.com/bot.html)"
66.249.76.38 - - [26/Feb/2013:06:08:03 +0100] "GET /img/hg_body.jpg HTTP/1.1" 200 2615 "-" "Mozilla/5.0 (compatible; Googlebot/2.1; +http://www.google.com/bot.html)"
66.249.76.38 - - [26/Feb/2013:06:08:03 +0100] "GET /img/lay10.gif HTTP/1.1" 200 252 "-" "Mozilla/5.0 (compatible; Googlebot/2.1; +http://www.google.com/bot.html)"
66.249.76.38 - - [26/Feb/2013:06:08:04 +0100] "GET /img/lay04.gif HTTP/1.1" 200 68 "-" "Mozilla/5.0 (compatible; Googlebot/2.1; +http://www.google.com/bot.html)"
66.249.76.38 - - [26/Feb/2013:06:08:04 +0100] "GET /img/lay01.gif HTTP/1.1" 200 273 "-" "Mozilla/5.0 (compatible; Googlebot/2.1; +http://www.google.com/bot.html)"
66.249.76.38 - - [26/Feb/2013:06:08:05 +0100] "GET /img/header_neu.gif HTTP/1.1" 200 32567 "-" "Mozilla/5.0 (compatible; Googlebot/2.1; +http://www.google.com/bot.html)"
66.249.76.38 - - [26/Feb/2013:06:08:05 +0100] "GET /img/lay16.gif HTTP/1.1" 200 309 "-" "Mozilla/5.0 (compatible; Googlebot/2.1; +http://www.google.com/bot.html)"
66.249.76.38 - - [26/Feb/2013:06:08:06 +0100] "GET /img/lay02.gif HTTP/1.1" 200 68 "-" "Mozilla/5.0 (compatible; Googlebot/2.1; +http://www.google.com/bot.html)"
66.249.76.38 - - [26/Feb/2013:06:08:06 +0100] "GET /img/lay09.gif HTTP/1.1" 200 135 "-" "Mozilla/5.0 (compatible; Googlebot/2.1; +http://www.google.com/bot.html)"
66.249.76.38 - - [26/Feb/2013:06:08:07 +0100] "GET /img/left_bg2.gif HTTP/1.1" 200 176 "-" "Mozilla/5.0 (compatible; Googlebot/2.1; +http://www.google.com/bot.html)"
66.249.76.38 - - [26/Feb/2013:06:08:07 +0100] "GET /img/roll_trans2.gif HTTP/1.1" 200 609 "-" "Mozilla/5.0 (compatible; Googlebot/2.1; +http://www.google.com/bot.html)"
66.249.76.38 - - [26/Feb/2013:06:08:07 +0100] "GET /img/lay14.gif HTTP/1.1" 200 104 "-" "Mozilla/5.0 (compatible; Googlebot/2.1; +http://www.google.com/bot.html)"
66.249.76.38 - - [26/Feb/2013:06:08:08 +0100] "GET /img/tel_footer.gif HTTP/1.1" 200 1051 "-" "Mozilla/5.0 (compatible; Googlebot/2.1; +http://www.google.com/bot.html)"
66.249.76.38 - - [26/Feb/2013:06:08:08 +0100] "GET /img/zert_1gross.jpg HTTP/1.1" 200 22004 "-" "Mozilla/5.0 (compatible; Googlebot/2.1; +http://www.google.com/bot.html)"
66.249.76.38 - - [26/Feb/2013:06:08:09 +0100] "GET /img/lay03.gif HTTP/1.1" 200 1060 "-" "Mozilla/5.0 (compatible; Googlebot/2.1; +http://www.google.com/bot.html)"
66.249.76.38 - - [26/Feb/2013:06:08:09 +0100] "GET /css/fl_style.css HTTP/1.1" 200 10194 "-" "Mozilla/5.0 (compatible; Googlebot/2.1; +http://www.google.com/bot.html)"
208.115.111.72 - - [26/Feb/2013:06:12:39 +0100] "GET /robots.txt HTTP/1.1" 200 218 "-" "Mozilla/5.0 (compatible; Ezooms/1.0; ezooms.bot@gmail.com)"
199.30.16.10 - - [26/Feb/2013:06:21:41 +0100] "GET /robots.txt HTTP/1.1" 200 218 "-" "msnbot-media/1.1 (+http://search.msn.com/msnbot.htm)"
199.30.16.10 - - [26/Feb/2013:06:21:41 +0100] "GET /img/lay08.gif HTTP/1.1" 200 534 "-" "msnbot-media/1.1 (+http://search.msn.com/msnbot.htm)"
208.115.111.72 - - [26/Feb/2013:08:02:02 +0100] "GET /spez_leistungen.php HTTP/1.1" 200 7752 "-" "Mozilla/5.0 (compatible; Ezooms/1.0; ezooms.bot@gmail.com)"
157.56.229.186 - - [26/Feb/2013:09:55:36 +0100] "GET /robots.txt HTTP/1.1" 200 218 "-" "Mozilla/5.0 (compatible; bingbot/2.0; +http://www.bing.com/bingbot.htm)"
157.56.229.186 - - [26/Feb/2013:09:57:30 +0100] "GET /leistungen.php HTTP/1.1" 200 8056 "-" "Mozilla/5.0 (compatible; bingbot/2.0; +http://www.bing.com/bingbot.htm)"
157.56.229.186 - - [26/Feb/2013:09:57:30 +0100] "GET /spez_leistungen.php HTTP/1.1" 200 7752 "-" "Mozilla/5.0 (compatible; bingbot/2.0; +http://www.bing.com/bingbot.htm)"
157.55.32.141 - - [26/Feb/2013:10:00:01 +0100] "GET /impressum.php HTTP/1.1" 200 8293 "-" "Mozilla/5.0 (compatible; bingbot/2.0; +http://www.bing.com/bingbot.htm)"
157.55.32.141 - - [26/Feb/2013:10:00:01 +0100] "GET /kont.php HTTP/1.1" 200 8494 "-" "Mozilla/5.0 (compatible; bingbot/2.0; +http://www.bing.com/bingbot.htm)"
157.55.35.48 - - [26/Feb/2013:10:11:51 +0100] "GET /robots.txt HTTP/1.1" 200 218 "-" "Mozilla/5.0 (compatible; bingbot/2.0; +http://www.bing.com/bingbot.htm)"
157.55.35.48 - - [26/Feb/2013:10:13:41 +0100] "GET /kont.php HTTP/1.1" 200 8494 "-" "Mozilla/5.0 (compatible; bingbot/2.0; +http://www.bing.com/bingbot.htm)"
95.252.231.6 - - [26/Feb/2013:10:29:50 +0100] "GET / HTTP/1.1" 200 9626 "-" "Java/1.6.0_32"
95.252.231.6 - - [26/Feb/2013:10:29:51 +0100] "GET /anfahrt.php HTTP/1.1" 200 8074 "-" "Java/1.6.0_32"
95.252.231.6 - - [26/Feb/2013:10:29:52 +0100] "GET /datenschutz.php HTTP/1.1" 404 1256 "-" "Java/1.6.0_32"
95.252.231.6 - - [26/Feb/2013:10:29:52 +0100] "GET /impressum.php HTTP/1.1" 200 8293 "-" "Java/1.6.0_32"
95.252.231.6 - - [26/Feb/2013:10:29:53 +0100] "GET /index.php HTTP/1.1" 200 9626 "-" "Java/1.6.0_32"
95.252.231.6 - - [26/Feb/2013:10:29:53 +0100] "GET /kont.php HTTP/1.1" 200 8494 "-" "Java/1.6.0_32"
95.252.231.6 - - [26/Feb/2013:10:29:54 +0100] "GET /leistungen.php HTTP/1.1" 200 8056 "-" "Java/1.6.0_32"
95.252.231.6 - - [26/Feb/2013:10:29:54 +0100] "GET /praxis.php HTTP/1.1" 200 7017 "-" "Java/1.6.0_32"
95.252.231.6 - - [26/Feb/2013:10:29:55 +0100] "GET /spez_leistungen.php HTTP/1.1" 200 7752 "-" "Java/1.6.0_32"
95.252.231.6 - - [26/Feb/2013:10:29:55 +0100] "GET /scripte/all_scripts.js HTTP/1.1" 200 249 "-" "Java/1.6.0_32"
157.55.33.17 - - [26/Feb/2013:10:37:01 +0100] "GET /anfahrt.php HTTP/1.1" 200 8074 "-" "Mozilla/5.0 (compatible; bingbot/2.0; +http://www.bing.com/bingbot.htm)"
157.55.33.14 - - [26/Feb/2013:10:51:29 +0100] "GET / HTTP/1.1" 200 9626 "-" "Mozilla/5.0 (compatible; bingbot/2.0; +http://www.bing.com/bingbot.htm)"
157.55.33.14 - - [26/Feb/2013:10:51:29 +0100] "GET /index.php HTTP/1.1" 200 9626 "-" "Mozilla/5.0 (compatible; bingbot/2.0; +http://www.bing.com/bingbot.htm)"
199.30.16.55 - - [26/Feb/2013:12:46:01 +0100] "GET /robots.txt HTTP/1.1" 200 218 "-" "msnbot-media/1.1 (+http://search.msn.com/msnbot.htm)"
199.30.16.55 - - [26/Feb/2013:12:46:01 +0100] "GET /img/lay01.gif HTTP/1.1" 200 273 "-" "msnbot-media/1.1 (+http://search.msn.com/msnbot.htm)"
84.19.190.55 - - [26/Feb/2013:13:18:57 +0100] "GET /robots.txt HTTP/1.1" 200 218 "-" "Mozilla/5.0 (compatible; UnisterBot; crawler@unister.de)"
84.19.190.55 - - [26/Feb/2013:13:18:57 +0100] "GET /impressum.php HTTP/1.1" 200 8293 "-" "Mozilla/5.0 (compatible; UnisterBot; crawler@unister.de)"
173.199.117.195 - - [26/Feb/2013:14:13:18 +0100] "GET / HTTP/1.1" 200 9626 "-" "Mozilla/5.0 (compatible; AhrefsBot/4.0; +http://ahrefs.com/robot/)"
84.19.190.55 - - [26/Feb/2013:17:06:43 +0100] "GET /praxis.php HTTP/1.1" 200 7017 "-" "Mozilla/5.0 (compatible; UnisterBot; crawler@unister.de)"
66.249.78.38 - - [26/Feb/2013:17:44:10 +0100] "GET /robots.txt HTTP/1.1" 200 218 "-" "Mozilla/5.0 (compatible; Googlebot/2.1; +http://www.google.com/bot.html)"
66.249.78.38 - - [26/Feb/2013:17:44:10 +0100] "GET / HTTP/1.1" 200 9626 "-" "Mozilla/5.0 (iPhone; U; CPU iPhone OS 4_1 like Mac OS X; en-us) AppleWebKit/532.9 (KHTML, like Gecko) Version/4.0.5 Mobile/8B117 Safari/6531.22.7 (compatible; Googlebot-Mobile/2.1; +http://www.google.com/bot.html)"
84.19.190.186 - - [26/Feb/2013:18:01:37 +0100] "GET /robots.txt HTTP/1.1" 200 218 "-" "Mozilla/5.0 (compatible; UnisterBot; crawler@unister.de)"
84.19.190.186 - - [26/Feb/2013:18:01:37 +0100] "GET /spez_leistungen.php HTTP/1.1" 200 7752 "-" "Mozilla/5.0 (compatible; UnisterBot; crawler@unister.de)"
173.199.117.195 - - [26/Feb/2013:19:12:03 +0100] "GET /impressum.php HTTP/1.1" 200 8293 "-" "Mozilla/5.0 (compatible; AhrefsBot/4.0; +http://ahrefs.com/robot/)"
66.249.78.38 - - [26/Feb/2013:22:51:08 +0100] "GET / HTTP/1.1" 200 9626 "-" "Mozilla/5.0 (compatible; Googlebot/2.1; +http://www.google.com/bot.html)"
208.115.111.72 - - [27/Feb/2013:02:13:10 +0100] "GET /robots.txt HTTP/1.1" 200 218 "-" "Mozilla/5.0 (compatible; Ezooms/1.0; ezooms.bot@gmail.com)"
46.4.100.231 - - [27/Feb/2013:02:59:27 +0100] "GET /robots.txt HTTP/1.1" 200 218 "-" "BacklinkCrawler (http://www.backlinktest.com/crawler.html)"
46.4.100.231 - - [27/Feb/2013:02:59:27 +0100] "GET /sitemap.xml HTTP/1.1" 404 1256 "-" "BacklinkCrawler (http://www.backlinktest.com/crawler.html)"
46.4.100.231 - - [27/Feb/2013:02:59:29 +0100] "GET / HTTP/1.1" 200 9626 "-" "BacklinkCrawler (http://www.backlinktest.com/crawler.html)"
46.4.100.231 - - [27/Feb/2013:02:59:37 +0100] "GET /datenschutz.php HTTP/1.1" 404 1256 "-" "BacklinkCrawler (http://www.backlinktest.com/crawler.html)"
46.4.100.231 - - [27/Feb/2013:02:59:37 +0100] "GET /anfahrt.php HTTP/1.1" 200 8074 "-" "BacklinkCrawler (http://www.backlinktest.com/crawler.html)"
46.4.100.231 - - [27/Feb/2013:02:59:43 +0100] "GET /spez_leistungen.php HTTP/1.1" 200 7752 "-" "BacklinkCrawler (http://www.backlinktest.com/crawler.html)"
46.4.100.231 - - [27/Feb/2013:02:59:43 +0100] "GET /leistungen.php HTTP/1.1" 200 8056 "-" "BacklinkCrawler (http://www.backlinktest.com/crawler.html)"
46.4.100.231 - - [27/Feb/2013:02:59:45 +0100] "GET /praxis.php HTTP/1.1" 200 7017 "-" "BacklinkCrawler (http://www.backlinktest.com/crawler.html)"
46.4.100.231 - - [27/Feb/2013:02:59:47 +0100] "GET /index.php HTTP/1.1" 200 9626 "-" "BacklinkCrawler (http://www.backlinktest.com/crawler.html)"
46.4.100.231 - - [27/Feb/2013:02:59:54 +0100] "GET /impressum.php HTTP/1.1" 200 8293 "-" "BacklinkCrawler (http://www.backlinktest.com/crawler.html)"
46.4.100.231 - - [27/Feb/2013:02:59:55 +0100] "GET /kont.php HTTP/1.1" 200 8494 "-" "BacklinkCrawler (http://www.backlinktest.com/crawler.html)"
208.115.111.72 - - [27/Feb/2013:04:03:41 +0100] "GET /anfahrt.php HTTP/1.1" 200 8074 "-" "Mozilla/5.0 (compatible; Ezooms/1.0; ezooms.bot@gmail.com)"
124.238.215.151 - - [27/Feb/2013:04:59:42 +0100] "GET /robots.txt HTTP/1.0" 200 218 "-" "Mozilla/4.0 (compatible; MSIE 6.0; Windows NT 5.0) (larbin2.6.3@unspecified.mail)"
124.238.215.151 - - [27/Feb/2013:04:59:43 +0100] "GET / HTTP/1.0" 200 9626 "-" "Mozilla/4.0 (compatible; MSIE 6.0; Windows NT 5.0) larbin2.6.3@unspecified.mail"
124.238.215.152 - - [27/Feb/2013:05:12:07 +0100] "GET /robots.txt HTTP/1.0" 200 218 "-" "nutch-1.4/Nutch-1.4"
124.238.215.152 - - [27/Feb/2013:05:12:08 +0100] "GET / HTTP/1.0" 200 9626 "-" "nutch-1.4/Nutch-1.4"
141.8.147.12 - - [27/Feb/2013:05:14:42 +0100] "GET /robots.txt HTTP/1.1" 200 218 "-" "Mozilla/5.0 (compatible; YandexBot/3.0; +http://yandex.com/bots)"
81.30.151.218 - - [27/Feb/2013:05:56:05 +0100] "GET /robots.txt HTTP/1.1" 200 218 "-" "Pixray-Seeker/2.0 (Pixray-Seeker; +http://www.pixray.com/pixraybot; +crawler@pixray.com)"
81.30.151.218 - - [27/Feb/2013:05:56:05 +0100] "GET /img/lay06neu.gif HTTP/1.1" 200 583 "-" "Pixray-Seeker/2.0 (Pixray-Seeker; +http://www.pixray.com/pixraybot; +crawler@pixray.com)"
81.30.151.218 - - [27/Feb/2013:06:04:42 +0100] "GET /robots.txt HTTP/1.1" 200 218 "-" "Pixray-Seeker/2.0 (Pixray-Seeker; +http://www.pixray.com/pixraybot; +crawler@pixray.com)"
81.30.151.218 - - [27/Feb/2013:06:04:42 +0100] "GET /kont.php HTTP/1.1" 200 8494 "-" "Pixray-Seeker/2.0 (Pixray-Seeker; +http://www.pixray.com/pixraybot; +crawler@pixray.com)"
157.55.33.14 - - [27/Feb/2013:06:56:16 +0100] "GET /robots.txt HTTP/1.1" 200 218 "-" "Mozilla/5.0 (compatible; bingbot/2.0; +http://www.bing.com/bingbot.htm)"
157.55.33.14 - - [27/Feb/2013:06:57:44 +0100] "GET / HTTP/1.1" 200 9626 "-" "Mozilla/5.0 (compatible; bingbot/2.0; +http://www.bing.com/bingbot.htm)"
141.8.147.12 - - [27/Feb/2013:07:16:04 +0100] "GET / HTTP/1.1" 200 9626 "-" "Mozilla/5.0 (compatible; YandexBot/3.0; +http://yandex.com/bots)"
141.8.147.12 - - [27/Feb/2013:07:16:06 +0100] "GET /img/tel_footer.gif HTTP/1.1" 200 1051 "-" "Mozilla/5.0 (compatible; YandexImages/3.0; +http://yandex.com/bots)"
141.8.147.12 - - [27/Feb/2013:07:36:50 +0100] "GET /img/lay01.gif HTTP/1.1" 200 273 "-" "Mozilla/5.0 (compatible; YandexBot/3.0; +http://yandex.com/bots)"
173.199.117.195 - - [27/Feb/2013:07:46:18 +0100] "GET /anfahrt.php HTTP/1.1" 200 8074 "-" "Mozilla/5.0 (compatible; AhrefsBot/4.0; +http://ahrefs.com/robot/)"
84.138.78.215 - - [27/Feb/2013:08:03:30 +0100] "GET / HTTP/1.1" 200 9626 "http://www.bing.com/search?q=dr+heidi+fleischer&qs=n&form=QBLH&filt=all&pq=dr+heidi+fleischer&sc=0-9&sp=-1&sk=" "Mozilla/5.0 (Macintosh; Intel Mac OS X 10.6; rv:18.0) Gecko/20100101 Firefox/18.0"
84.138.78.215 - - [27/Feb/2013:08:03:30 +0100] "GET /img/lay01.gif HTTP/1.1" 200 273 "http://www.dr-heidi-fleischer.de/" "Mozilla/5.0 (Macintosh; Intel Mac OS X 10.6; rv:18.0) Gecko/20100101 Firefox/18.0"
84.138.78.215 - - [27/Feb/2013:08:03:30 +0100] "GET /css/fl_style.css HTTP/1.1" 200 10194 "http://www.dr-heidi-fleischer.de/" "Mozilla/5.0 (Macintosh; Intel Mac OS X 10.6; rv:18.0) Gecko/20100101 Firefox/18.0"
84.138.78.215 - - [27/Feb/2013:08:03:30 +0100] "GET /img/tel_footer.gif HTTP/1.1" 200 1051 "http://www.dr-heidi-fleischer.de/" "Mozilla/5.0 (Macintosh; Intel Mac OS X 10.6; rv:18.0) Gecko/20100101 Firefox/18.0"
84.138.78.215 - - [27/Feb/2013:08:03:30 +0100] "GET /scripte/all_scripts.js HTTP/1.1" 200 249 "http://www.dr-heidi-fleischer.de/" "Mozilla/5.0 (Macintosh; Intel Mac OS X 10.6; rv:18.0) Gecko/20100101 Firefox/18.0"
84.138.78.215 - - [27/Feb/2013:08:03:30 +0100] "GET /img/lay06neu.gif HTTP/1.1" 200 583 "http://www.dr-heidi-fleischer.de/" "Mozilla/5.0 (Macintosh; Intel Mac OS X 10.6; rv:18.0) Gecko/20100101 Firefox/18.0"
84.138.78.215 - - [27/Feb/2013:08:03:30 +0100] "GET /img/f_1-p.gif HTTP/1.1" 200 43 "http://www.dr-heidi-fleischer.de/" "Mozilla/5.0 (Macintosh; Intel Mac OS X 10.6; rv:18.0) Gecko/20100101 Firefox/18.0"
84.138.78.215 - - [27/Feb/2013:08:03:30 +0100] "GET /img/lay07.gif HTTP/1.1" 200 453 "http://www.dr-heidi-fleischer.de/" "Mozilla/5.0 (Macintosh; Intel Mac OS X 10.6; rv:18.0) Gecko/20100101 Firefox/18.0"
84.138.78.215 - - [27/Feb/2013:08:03:30 +0100] "GET /img/favicon.ico HTTP/1.1" 200 5430 "-" "Mozilla/5.0 (Macintosh; Intel Mac OS X 10.6; rv:18.0) Gecko/20100101 Firefox/18.0"
84.138.78.215 - - [27/Feb/2013:08:03:30 +0100] "GET /img/animated_favicon1.gif HTTP/1.1" 200 1808 "-" "Mozilla/5.0 (Macintosh; Intel Mac OS X 10.6; rv:18.0) Gecko/20100101 Firefox/18.0"
84.138.78.215 - - [27/Feb/2013:08:03:30 +0100] "GET /img/zert_1.jpg HTTP/1.1" 200 6013 "http://www.dr-heidi-fleischer.de/" "Mozilla/5.0 (Macintosh; Intel Mac OS X 10.6; rv:18.0) Gecko/20100101 Firefox/18.0"
84.138.78.215 - - [27/Feb/2013:08:03:30 +0100] "GET /img/roll_trans.gif HTTP/1.1" 200 609 "http://www.dr-heidi-fleischer.de/" "Mozilla/5.0 (Macintosh; Intel Mac OS X 10.6; rv:18.0) Gecko/20100101 Firefox/18.0"
84.138.78.215 - - [27/Feb/2013:08:03:30 +0100] "GET /img/roll_trans2.gif HTTP/1.1" 200 609 "http://www.dr-heidi-fleischer.de/" "Mozilla/5.0 (Macintosh; Intel Mac OS X 10.6; rv:18.0) Gecko/20100101 Firefox/18.0"
84.138.78.215 - - [27/Feb/2013:08:03:30 +0100] "GET /img/lay16.gif HTTP/1.1" 200 309 "http://www.dr-heidi-fleischer.de/" "Mozilla/5.0 (Macintosh; Intel Mac OS X 10.6; rv:18.0) Gecko/20100101 Firefox/18.0"
84.138.78.215 - - [27/Feb/2013:08:03:30 +0100] "GET /img/lay08.gif HTTP/1.1" 200 534 "http://www.dr-heidi-fleischer.de/" "Mozilla/5.0 (Macintosh; Intel Mac OS X 10.6; rv:18.0) Gecko/20100101 Firefox/18.0"
84.138.78.215 - - [27/Feb/2013:08:03:30 +0100] "GET /img/lay09.gif HTTP/1.1" 200 135 "http://www.dr-heidi-fleischer.de/" "Mozilla/5.0 (Macintosh; Intel Mac OS X 10.6; rv:18.0) Gecko/20100101 Firefox/18.0"
84.138.78.215 - - [27/Feb/2013:08:03:30 +0100] "GET /img/lay13.gif HTTP/1.1" 200 181 "http://www.dr-heidi-fleischer.de/" "Mozilla/5.0 (Macintosh; Intel Mac OS X 10.6; rv:18.0) Gecko/20100101 Firefox/18.0"
84.138.78.215 - - [27/Feb/2013:08:03:30 +0100] "GET /img/lay14.gif HTTP/1.1" 200 104 "http://www.dr-heidi-fleischer.de/" "Mozilla/5.0 (Macintosh; Intel Mac OS X 10.6; rv:18.0) Gecko/20100101 Firefox/18.0"
84.138.78.215 - - [27/Feb/2013:08:03:30 +0100] "GET /img/zert_1gross.jpg HTTP/1.1" 200 22004 "http://www.dr-heidi-fleischer.de/" "Mozilla/5.0 (Macintosh; Intel Mac OS X 10.6; rv:18.0) Gecko/20100101 Firefox/18.0"
84.138.78.215 - - [27/Feb/2013:08:03:30 +0100] "GET /img/hg_body.jpg HTTP/1.1" 200 2615 "http://www.dr-heidi-fleischer.de/css/fl_style.css" "Mozilla/5.0 (Macintosh; Intel Mac OS X 10.6; rv:18.0) Gecko/20100101 Firefox/18.0"
84.138.78.215 - - [27/Feb/2013:08:03:31 +0100] "GET /img/lay02.gif HTTP/1.1" 200 68 "http://www.dr-heidi-fleischer.de/" "Mozilla/5.0 (Macintosh; Intel Mac OS X 10.6; rv:18.0) Gecko/20100101 Firefox/18.0"
84.138.78.215 - - [27/Feb/2013:08:03:31 +0100] "GET /img/lay03.gif HTTP/1.1" 200 1060 "http://www.dr-heidi-fleischer.de/" "Mozilla/5.0 (Macintosh; Intel Mac OS X 10.6; rv:18.0) Gecko/20100101 Firefox/18.0"
84.138.78.215 - - [27/Feb/2013:08:03:31 +0100] "GET /img/lay04.gif HTTP/1.1" 200 68 "http://www.dr-heidi-fleischer.de/" "Mozilla/5.0 (Macintosh; Intel Mac OS X 10.6; rv:18.0) Gecko/20100101 Firefox/18.0"
84.138.78.215 - - [27/Feb/2013:08:03:31 +0100] "GET /img/lay05.gif HTTP/1.1" 200 331 "http://www.dr-heidi-fleischer.de/" "Mozilla/5.0 (Macintosh; Intel Mac OS X 10.6; rv:18.0) Gecko/20100101 Firefox/18.0"
84.138.78.215 - - [27/Feb/2013:08:03:31 +0100] "GET /img/header_neu.gif HTTP/1.1" 200 32567 "http://www.dr-heidi-fleischer.de/css/fl_style.css" "Mozilla/5.0 (Macintosh; Intel Mac OS X 10.6; rv:18.0) Gecko/20100101 Firefox/18.0"
84.138.78.215 - - [27/Feb/2013:08:03:31 +0100] "GET /img/left_bg2.gif HTTP/1.1" 200 176 "http://www.dr-heidi-fleischer.de/" "Mozilla/5.0 (Macintosh; Intel Mac OS X 10.6; rv:18.0) Gecko/20100101 Firefox/18.0"
84.138.78.215 - - [27/Feb/2013:08:03:31 +0100] "GET /img/hg_zahn2.gif HTTP/1.1" 200 20816 "http://www.dr-heidi-fleischer.de/" "Mozilla/5.0 (Macintosh; Intel Mac OS X 10.6; rv:18.0) Gecko/20100101 Firefox/18.0"
84.138.78.215 - - [27/Feb/2013:08:03:31 +0100] "GET /img/right_bg.jpg HTTP/1.1" 404 1256 "http://www.dr-heidi-fleischer.de/" "Mozilla/5.0 (Macintosh; Intel Mac OS X 10.6; rv:18.0) Gecko/20100101 Firefox/18.0"
84.138.78.215 - - [27/Feb/2013:08:03:31 +0100] "GET /img/left_bg.gif HTTP/1.1" 200 98 "http://www.dr-heidi-fleischer.de/" "Mozilla/5.0 (Macintosh; Intel Mac OS X 10.6; rv:18.0) Gecko/20100101 Firefox/18.0"
84.138.78.215 - - [27/Feb/2013:08:03:31 +0100] "GET /img/right_bg.gif HTTP/1.1" 200 76 "http://www.dr-heidi-fleischer.de/" "Mozilla/5.0 (Macintosh; Intel Mac OS X 10.6; rv:18.0) Gecko/20100101 Firefox/18.0"
84.138.78.215 - - [27/Feb/2013:08:03:31 +0100] "GET /img/lay10.gif HTTP/1.1" 200 252 "http://www.dr-heidi-fleischer.de/" "Mozilla/5.0 (Macintosh; Intel Mac OS X 10.6; rv:18.0) Gecko/20100101 Firefox/18.0"
84.138.78.215 - - [27/Feb/2013:08:03:31 +0100] "GET /img/bottom_bg.gif HTTP/1.1" 200 79 "http://www.dr-heidi-fleischer.de/" "Mozilla/5.0 (Macintosh; Intel Mac OS X 10.6; rv:18.0) Gecko/20100101 Firefox/18.0"
84.138.78.215 - - [27/Feb/2013:08:03:30 +0100] "GET /img/dr_fleischer_ani.gif HTTP/1.1" 200 854042 "http://www.dr-heidi-fleischer.de/" "Mozilla/5.0 (Macintosh; Intel Mac OS X 10.6; rv:18.0) Gecko/20100101 Firefox/18.0"
84.138.78.215 - - [27/Feb/2013:08:03:34 +0100] "GET /kont.php HTTP/1.1" 200 8494 "http://www.dr-heidi-fleischer.de/" "Mozilla/5.0 (Macintosh; Intel Mac OS X 10.6; rv:18.0) Gecko/20100101 Firefox/18.0"
173.199.117.195 - - [27/Feb/2013:09:05:14 +0100] "GET /spez_leistungen.php HTTP/1.1" 200 7752 "-" "Mozilla/5.0 (compatible; AhrefsBot/4.0; +http://ahrefs.com/robot/)"
66.249.78.38 - - [27/Feb/2013:09:45:44 +0100] "GET /leistungen.php HTTP/1.1" 200 8056 "-" "Mozilla/5.0 (iPhone; U; CPU iPhone OS 4_1 like Mac OS X; en-us) AppleWebKit/532.9 (KHTML, like Gecko) Version/4.0.5 Mobile/8B117 Safari/6531.22.7 (compatible; Googlebot-Mobile/2.1; +http://www.google.com/bot.html)"
173.199.117.195 - - [27/Feb/2013:12:18:37 +0100] "GET /leistungen.php HTTP/1.1" 200 8056 "-" "Mozilla/5.0 (compatible; AhrefsBot/4.0; +http://ahrefs.com/robot/)"
93.178.240.203 - - [27/Feb/2013:12:26:06 +0100] "GET /robots.txt HTTP/1.1" 200 218 "-" "Mozilla/5.0 (compatible; 008/0.83; http://www.80legs.com/webcrawler.html;) Gecko/2008032620"
84.19.190.55 - - [27/Feb/2013:12:34:03 +0100] "GET /robots.txt HTTP/1.1" 200 218 "-" "Mozilla/5.0 (compatible; UnisterBot; crawler@unister.de)"
84.19.190.55 - - [27/Feb/2013:12:34:04 +0100] "GET /index.php HTTP/1.1" 200 9626 "-" "Mozilla/5.0 (compatible; UnisterBot; crawler@unister.de)"
141.8.147.12 - - [27/Feb/2013:13:14:11 +0100] "GET /img/lay06neu.gif HTTP/1.1" 200 583 "-" "Mozilla/5.0 (compatible; YandexImages/3.0; +http://yandex.com/bots)"
84.19.190.186 - - [27/Feb/2013:13:33:02 +0100] "GET /spez_leistungen.php HTTP/1.1" 200 7752 "-" "Mozilla/5.0 (compatible; UnisterBot; crawler@unister.de)"
46.4.100.231 - - [27/Feb/2013:13:50:45 +0100] "GET /robots.txt HTTP/1.1" 200 218 "-" "BacklinkCrawler (http://www.backlinktest.com/crawler.html)"
46.4.100.231 - - [27/Feb/2013:13:50:50 +0100] "GET /sitemap.xml HTTP/1.1" 404 1256 "-" "BacklinkCrawler (http://www.backlinktest.com/crawler.html)"
46.4.100.231 - - [27/Feb/2013:13:50:57 +0100] "GET / HTTP/1.1" 200 9626 "-" "BacklinkCrawler (http://www.backlinktest.com/crawler.html)"
46.4.100.231 - - [27/Feb/2013:13:50:57 +0100] "GET /datenschutz.php HTTP/1.1" 404 1256 "-" "BacklinkCrawler (http://www.backlinktest.com/crawler.html)"
46.4.100.231 - - [27/Feb/2013:13:50:58 +0100] "GET /anfahrt.php HTTP/1.1" 200 8074 "-" "BacklinkCrawler (http://www.backlinktest.com/crawler.html)"
46.4.100.231 - - [27/Feb/2013:13:51:00 +0100] "GET /spez_leistungen.php HTTP/1.1" 200 7752 "-" "BacklinkCrawler (http://www.backlinktest.com/crawler.html)"
46.4.100.231 - - [27/Feb/2013:13:51:02 +0100] "GET /leistungen.php HTTP/1.1" 200 8056 "-" "BacklinkCrawler (http://www.backlinktest.com/crawler.html)"
46.4.100.231 - - [27/Feb/2013:13:51:04 +0100] "GET /praxis.php HTTP/1.1" 200 7017 "-" "BacklinkCrawler (http://www.backlinktest.com/crawler.html)"
46.4.100.231 - - [27/Feb/2013:13:51:12 +0100] "GET /index.php HTTP/1.1" 200 9626 "-" "BacklinkCrawler (http://www.backlinktest.com/crawler.html)"
46.4.100.231 - - [27/Feb/2013:13:51:12 +0100] "GET /kont.php HTTP/1.1" 200 8494 "-" "BacklinkCrawler (http://www.backlinktest.com/crawler.html)"
46.4.100.231 - - [27/Feb/2013:13:51:18 +0100] "GET /impressum.php HTTP/1.1" 200 8293 "-" "BacklinkCrawler (http://www.backlinktest.com/crawler.html)"
173.199.117.195 - - [27/Feb/2013:14:30:24 +0100] "GET /kont.php HTTP/1.1" 200 8494 "-" "Mozilla/5.0 (compatible; AhrefsBot/4.0; +http://ahrefs.com/robot/)"
84.19.190.186 - - [27/Feb/2013:14:32:25 +0100] "GET /praxis.php HTTP/1.1" 200 7017 "-" "Mozilla/5.0 (compatible; UnisterBot; crawler@unister.de)"
83.133.125.202 - - [27/Feb/2013:14:33:44 +0100] "GET / HTTP/1.1" 200 9626 "http://www.bigfinder.de/home-11.html" "Mozilla/4.0 (compatible; MSIE 8.0; Windows NT 5.1; Trident/4.0; FBSMTWB; ATC/1.0; .NET CLR 1.1.4322; ATC/1.0; .NET CLR 2.0.50727; .NET CLR 3.0.4506.2152; .NET CLR 3.5.30729)"
37.140.141.34 - - [27/Feb/2013:15:50:09 +0100] "GET /robots.txt HTTP/1.1" 200 218 "-" "Mozilla/5.0 (compatible; YandexImages/3.0; +http://yandex.com/bots)"
37.140.141.34 - - [27/Feb/2013:18:15:59 +0100] "GET /img/lay16.gif HTTP/1.1" 200 309 "-" "Mozilla/5.0 (compatible; YandexImages/3.0; +http://yandex.com/bots)"
157.55.33.14 - - [27/Feb/2013:19:02:43 +0100] "GET /robots.txt HTTP/1.1" 200 218 "-" "Mozilla/5.0 (compatible; bingbot/2.0; +http://www.bing.com/bingbot.htm)"
157.55.33.14 - - [27/Feb/2013:19:04:18 +0100] "GET / HTTP/1.1" 200 9626 "-" "Mozilla/5.0 (compatible; bingbot/2.0; +http://www.bing.com/bingbot.htm)"
141.8.147.12 - - [27/Feb/2013:19:16:00 +0100] "GET /robots.txt HTTP/1.1" 200 218 "-" "Mozilla/5.0 (compatible; YandexBot/3.0; +http://yandex.com/bots)"
173.199.117.195 - - [27/Feb/2013:20:14:35 +0100] "GET /index.php HTTP/1.1" 200 9626 "-" "Mozilla/5.0 (compatible; AhrefsBot/4.0; +http://ahrefs.com/robot/)"
65.55.213.244 - - [27/Feb/2013:21:02:06 +0100] "GET /trafficbasedsspsitemap.xml HTTP/1.1" 404 1256 "-" "Mozilla/5.0 (compatible; bingbot/2.0; +http://www.bing.com/bingbot.htm)"
141.8.147.12 - - [27/Feb/2013:21:37:05 +0100] "GET /img/lay14.gif HTTP/1.1" 200 104 "-" "Mozilla/5.0 (compatible; YandexImages/3.0; +http://yandex.com/bots)"
141.8.147.12 - - [27/Feb/2013:21:50:14 +0100] "GET /img/roll_trans2.gif HTTP/1.1" 200 609 "-" "Mozilla/5.0 (compatible; YandexImages/3.0; +http://yandex.com/bots)"
208.115.111.72 - - [27/Feb/2013:22:04:39 +0100] "GET /robots.txt HTTP/1.1" 200 218 "-" "Mozilla/5.0 (compatible; Ezooms/1.0; ezooms.bot@gmail.com)"
37.140.141.34 - - [27/Feb/2013:22:45:31 +0100] "GET /img/tel_footer.gif HTTP/1.1" 200 1051 "-" "Mozilla/5.0 (compatible; YandexImages/3.0; +http://yandex.com/bots)"
208.115.111.72 - - [27/Feb/2013:23:57:12 +0100] "GET /kont.php HTTP/1.1" 200 8494 "-" "Mozilla/5.0 (compatible; Ezooms/1.0; ezooms.bot@gmail.com)"
66.249.76.38 - - [28/Feb/2013:00:21:30 +0100] "GET /robots.txt HTTP/1.1" 200 218 "-" "Mozilla/5.0 (compatible; Googlebot/2.1; +http://www.google.com/bot.html)"
66.249.76.38 - - [28/Feb/2013:00:21:30 +0100] "GET /impressum.php HTTP/1.1" 200 8293 "-" "Mozilla/5.0 (iPhone; U; CPU iPhone OS 4_1 like Mac OS X; en-us) AppleWebKit/532.9 (KHTML, like Gecko) Version/4.0.5 Mobile/8B117 Safari/6531.22.7 (compatible; Googlebot-Mobile/2.1; +http://www.google.com/bot.html)"
37.140.141.34 - - [28/Feb/2013:03:49:59 +0100] "GET /img/f_1-p.gif HTTP/1.1" 200 43 "-" "Mozilla/5.0 (compatible; YandexImages/3.0; +http://yandex.com/bots)"
157.55.33.14 - - [28/Feb/2013:06:28:48 +0100] "GET /robots.txt HTTP/1.1" 200 218 "-" "Mozilla/5.0 (compatible; bingbot/2.0; +http://www.bing.com/bingbot.htm)"
157.55.33.14 - - [28/Feb/2013:06:30:29 +0100] "GET / HTTP/1.1" 200 9626 "-" "Mozilla/5.0 (compatible; bingbot/2.0; +http://www.bing.com/bingbot.htm)"
141.8.147.12 - - [28/Feb/2013:09:28:32 +0100] "GET /robots.txt HTTP/1.1" 200 218 "-" "Mozilla/5.0 (compatible; YandexBot/3.0; +http://yandex.com/bots)"
141.8.147.12 - - [28/Feb/2013:09:28:34 +0100] "GET /img/lay06neu.gif HTTP/1.1" 200 583 "-" "Mozilla/5.0 (compatible; YandexImages/3.0; +http://yandex.com/bots)"
85.236.0.163 - - [28/Feb/2013:09:56:05 +0100] "GET /robots.txt HTTP/1.0" 200 218 "-" "Mozilla/5.0 (compatible; 008/0.83; http://www.80legs.com/webcrawler.html;) Gecko/2008032620"
85.236.0.163 - - [28/Feb/2013:09:56:05 +0100] "GET / HTTP/1.0" 200 9626 "-" "Mozilla/5.0 (compatible; 008/0.85; http://www.80legs.com/webcrawler.html) Gecko/2008032620"
66.249.76.231 - - [28/Feb/2013:10:00:58 +0100] "GET /robots.txt HTTP/1.1" 200 218 "-" "Mozilla/5.0 (compatible; Googlebot/2.1; +http://www.google.com/bot.html)"
66.249.76.231 - - [28/Feb/2013:10:00:58 +0100] "GET / HTTP/1.1" 200 9626 "-" "SAMSUNG-SGH-E250/1.0 Profile/MIDP-2.0 Configuration/CLDC-1.1 UP.Browser/6.2.3.3.c.1.101 (GUI) MMP/2.0 (compatible; Googlebot-Mobile/2.1; +http://www.google.com/bot.html)"
37.140.141.34 - - [28/Feb/2013:10:12:19 +0100] "GET /img/roll_trans2.gif HTTP/1.1" 200 609 "-" "Mozilla/5.0 (compatible; YandexImages/3.0; +http://yandex.com/bots)"
131.253.24.7 - - [28/Feb/2013:11:40:38 +0100] "GET /robots.txt HTTP/1.1" 200 218 "-" "msnbot-media/1.1 (+http://search.msn.com/msnbot.htm)"
131.253.24.7 - - [28/Feb/2013:11:40:39 +0100] "GET /img/lay13.gif HTTP/1.1" 200 181 "-" "msnbot-media/1.1 (+http://search.msn.com/msnbot.htm)"
64.125.222.50 - - [28/Feb/2013:12:04:41 +0100] "GET /robots.txt HTTP/1.1" 200 218 "-" "Mozilla/5.0 (compatible; 008/0.83; http://www.80legs.com/webcrawler.html;) Gecko/2008032620"
91.103.153.240 - - [28/Feb/2013:12:08:24 +0100] "GET /anfahrt.php HTTP/1.1" 200 8074 "-" "Mozilla/5.0 (compatible; 008/0.85; http://www.80legs.com/webcrawler.html) Gecko/2008032620"
91.103.153.240 - - [28/Feb/2013:12:08:26 +0100] "GET /datenschutz.php HTTP/1.1" 404 1256 "-" "Mozilla/5.0 (compatible; 008/0.85; http://www.80legs.com/webcrawler.html) Gecko/2008032620"
109.184.32.184 - - [28/Feb/2013:12:08:26 +0100] "GET /index.php HTTP/1.1" 200 9626 "-" "Mozilla/5.0 (compatible; 008/0.85; http://www.80legs.com/webcrawler.html) Gecko/2008032620"
91.103.153.240 - - [28/Feb/2013:12:08:27 +0100] "GET /impressum.php HTTP/1.1" 200 8293 "-" "Mozilla/5.0 (compatible; 008/0.85; http://www.80legs.com/webcrawler.html) Gecko/2008032620"
91.103.153.240 - - [28/Feb/2013:12:08:28 +0100] "GET /leistungen.php HTTP/1.1" 200 8056 "-" "Mozilla/5.0 (compatible; 008/0.85; http://www.80legs.com/webcrawler.html) Gecko/2008032620"
109.184.32.184 - - [28/Feb/2013:12:08:29 +0100] "GET /kont.php HTTP/1.1" 200 8494 "-" "Mozilla/5.0 (compatible; 008/0.85; http://www.80legs.com/webcrawler.html) Gecko/2008032620"
91.103.153.240 - - [28/Feb/2013:12:08:30 +0100] "GET /spez_leistungen.php HTTP/1.1" 200 7752 "-" "Mozilla/5.0 (compatible; 008/0.85; http://www.80legs.com/webcrawler.html) Gecko/2008032620"
109.184.32.184 - - [28/Feb/2013:12:08:30 +0100] "GET /praxis.php HTTP/1.1" 200 7017 "-" "Mozilla/5.0 (compatible; 008/0.85; http://www.80legs.com/webcrawler.html) Gecko/2008032620"
89.252.60.219 - - [28/Feb/2013:14:18:22 +0100] "GET /anfahrt.php HTTP/1.1" 200 8074 "-" "Mozilla/5.0 (compatible; 008/0.85; http://www.80legs.com/webcrawler.html) Gecko/2008032620"
95.37.17.168 - - [28/Feb/2013:15:57:55 +0100] "GET /robots.txt HTTP/1.1" 200 218 "-" "Mozilla/5.0 (compatible; 008/0.83; http://www.80legs.com/webcrawler.html;) Gecko/2008032620"
95.37.17.168 - - [28/Feb/2013:15:57:55 +0100] "GET / HTTP/1.1" 200 9626 "-" "Mozilla/5.0 (compatible; 008/0.85; http://www.80legs.com/webcrawler.html) Gecko/2008032620"
95.37.17.168 - - [28/Feb/2013:15:57:57 +0100] "GET / HTTP/1.1" 200 9626 "-" "Mozilla/5.0 (compatible; 008/0.85; http://www.80legs.com/webcrawler.html) Gecko/2008032620"
95.37.17.168 - - [28/Feb/2013:15:57:58 +0100] "GET / HTTP/1.1" 200 9626 "-" "Mozilla/5.0 (compatible; 008/0.85; http://www.80legs.com/webcrawler.html) Gecko/2008032620"
95.37.17.168 - - [28/Feb/2013:15:57:59 +0100] "GET / HTTP/1.1" 200 9626 "-" "Mozilla/5.0 (compatible; 008/0.85; http://www.80legs.com/webcrawler.html) Gecko/2008032620"
95.37.17.168 - - [28/Feb/2013:15:58:00 +0100] "GET / HTTP/1.1" 200 9626 "-" "Mozilla/5.0 (compatible; 008/0.85; http://www.80legs.com/webcrawler.html) Gecko/2008032620"
157.55.33.17 - - [28/Feb/2013:16:00:52 +0100] "GET /robots.txt HTTP/1.1" 200 218 "-" "Mozilla/5.0 (compatible; bingbot/2.0; +http://www.bing.com/bingbot.htm)"
157.55.33.17 - - [28/Feb/2013:16:02:36 +0100] "GET /anfahrt.php HTTP/1.1" 200 8074 "-" "Mozilla/5.0 (compatible; bingbot/2.0; +http://www.bing.com/bingbot.htm)"
212.114.255.109 - - [28/Feb/2013:16:23:14 +0100] "GET / HTTP/1.1" 200 9626 "http://www.google.de/url?sa=t&rct=j&q=dr.%20med.%20dent%20heidi%20fleischer&source=web&cd=1&ved=0CDAQFjAA&url=http%3A%2F%2Fwww.dr-heidi-fleischer.de%2F&ei=N3YvUenMKoXuswaHgoHABg&usg=AFQjCNFtUEW4ruGRBkbh9xWO3kO7xPGlWQ&bvm=bv.43148975,bs.1,d.Yms" "Mozilla/5.0 (compatible; MSIE 9.0; Windows NT 6.1; Trident/5.0)"
212.114.255.109 - - [28/Feb/2013:16:23:14 +0100] "GET /css/fl_style.css HTTP/1.1" 200 10194 "http://www.dr-heidi-fleischer.de/" "Mozilla/5.0 (compatible; MSIE 9.0; Windows NT 6.1; Trident/5.0)"
212.114.255.109 - - [28/Feb/2013:16:23:14 +0100] "GET /img/lay01.gif HTTP/1.1" 200 273 "http://www.dr-heidi-fleischer.de/" "Mozilla/5.0 (compatible; MSIE 9.0; Windows NT 6.1; Trident/5.0)"
212.114.255.109 - - [28/Feb/2013:16:23:14 +0100] "GET /scripte/all_scripts.js HTTP/1.1" 200 249 "http://www.dr-heidi-fleischer.de/" "Mozilla/5.0 (compatible; MSIE 9.0; Windows NT 6.1; Trident/5.0)"
212.114.255.109 - - [28/Feb/2013:16:23:14 +0100] "GET /img/tel_footer.gif HTTP/1.1" 200 1051 "http://www.dr-heidi-fleischer.de/" "Mozilla/5.0 (compatible; MSIE 9.0; Windows NT 6.1; Trident/5.0)"
212.114.255.109 - - [28/Feb/2013:16:23:14 +0100] "GET /img/lay07.gif HTTP/1.1" 200 453 "http://www.dr-heidi-fleischer.de/" "Mozilla/5.0 (compatible; MSIE 9.0; Windows NT 6.1; Trident/5.0)"
212.114.255.109 - - [28/Feb/2013:16:23:14 +0100] "GET /img/zert_1.jpg HTTP/1.1" 200 6013 "http://www.dr-heidi-fleischer.de/" "Mozilla/5.0 (compatible; MSIE 9.0; Windows NT 6.1; Trident/5.0)"
212.114.255.109 - - [28/Feb/2013:16:23:14 +0100] "GET /img/f_1-p.gif HTTP/1.1" 200 43 "http://www.dr-heidi-fleischer.de/" "Mozilla/5.0 (compatible; MSIE 9.0; Windows NT 6.1; Trident/5.0)"
212.114.255.109 - - [28/Feb/2013:16:23:14 +0100] "GET /img/lay06neu.gif HTTP/1.1" 200 583 "http://www.dr-heidi-fleischer.de/" "Mozilla/5.0 (compatible; MSIE 9.0; Windows NT 6.1; Trident/5.0)"
212.114.255.109 - - [28/Feb/2013:16:23:14 +0100] "GET /img/roll_trans.gif HTTP/1.1" 200 609 "http://www.dr-heidi-fleischer.de/" "Mozilla/5.0 (compatible; MSIE 9.0; Windows NT 6.1; Trident/5.0)"
212.114.255.109 - - [28/Feb/2013:16:23:14 +0100] "GET /img/roll_trans2.gif HTTP/1.1" 200 609 "http://www.dr-heidi-fleischer.de/" "Mozilla/5.0 (compatible; MSIE 9.0; Windows NT 6.1; Trident/5.0)"
212.114.255.109 - - [28/Feb/2013:16:23:14 +0100] "GET /img/lay16.gif HTTP/1.1" 200 309 "http://www.dr-heidi-fleischer.de/" "Mozilla/5.0 (compatible; MSIE 9.0; Windows NT 6.1; Trident/5.0)"
212.114.255.109 - - [28/Feb/2013:16:23:14 +0100] "GET /img/lay08.gif HTTP/1.1" 200 534 "http://www.dr-heidi-fleischer.de/" "Mozilla/5.0 (compatible; MSIE 9.0; Windows NT 6.1; Trident/5.0)"
212.114.255.109 - - [28/Feb/2013:16:23:14 +0100] "GET /img/lay09.gif HTTP/1.1" 200 135 "http://www.dr-heidi-fleischer.de/" "Mozilla/5.0 (compatible; MSIE 9.0; Windows NT 6.1; Trident/5.0)"
212.114.255.109 - - [28/Feb/2013:16:23:14 +0100] "GET /img/lay13.gif HTTP/1.1" 200 181 "http://www.dr-heidi-fleischer.de/" "Mozilla/5.0 (compatible; MSIE 9.0; Windows NT 6.1; Trident/5.0)"
212.114.255.109 - - [28/Feb/2013:16:23:14 +0100] "GET /img/lay14.gif HTTP/1.1" 200 104 "http://www.dr-heidi-fleischer.de/" "Mozilla/5.0 (compatible; MSIE 9.0; Windows NT 6.1; Trident/5.0)"
212.114.255.109 - - [28/Feb/2013:16:23:14 +0100] "GET /img/lay04.gif HTTP/1.1" 200 68 "http://www.dr-heidi-fleischer.de/" "Mozilla/5.0 (compatible; MSIE 9.0; Windows NT 6.1; Trident/5.0)"
212.114.255.109 - - [28/Feb/2013:16:23:14 +0100] "GET /img/lay03.gif HTTP/1.1" 200 1060 "http://www.dr-heidi-fleischer.de/" "Mozilla/5.0 (compatible; MSIE 9.0; Windows NT 6.1; Trident/5.0)"
212.114.255.109 - - [28/Feb/2013:16:23:14 +0100] "GET /img/zert_1gross.jpg HTTP/1.1" 200 22004 "http://www.dr-heidi-fleischer.de/" "Mozilla/5.0 (compatible; MSIE 9.0; Windows NT 6.1; Trident/5.0)"
212.114.255.109 - - [28/Feb/2013:16:23:14 +0100] "GET /img/lay02.gif HTTP/1.1" 200 68 "http://www.dr-heidi-fleischer.de/" "Mozilla/5.0 (compatible; MSIE 9.0; Windows NT 6.1; Trident/5.0)"
212.114.255.109 - - [28/Feb/2013:16:23:14 +0100] "GET /img/hg_body.jpg HTTP/1.1" 200 2615 "http://www.dr-heidi-fleischer.de/" "Mozilla/5.0 (compatible; MSIE 9.0; Windows NT 6.1; Trident/5.0)"
212.114.255.109 - - [28/Feb/2013:16:23:14 +0100] "GET /img/lay05.gif HTTP/1.1" 200 331 "http://www.dr-heidi-fleischer.de/" "Mozilla/5.0 (compatible; MSIE 9.0; Windows NT 6.1; Trident/5.0)"
212.114.255.109 - - [28/Feb/2013:16:23:14 +0100] "GET /img/left_bg2.gif HTTP/1.1" 200 176 "http://www.dr-heidi-fleischer.de/" "Mozilla/5.0 (compatible; MSIE 9.0; Windows NT 6.1; Trident/5.0)"
212.114.255.109 - - [28/Feb/2013:16:23:14 +0100] "GET /img/hg_zahn2.gif HTTP/1.1" 200 20816 "http://www.dr-heidi-fleischer.de/" "Mozilla/5.0 (compatible; MSIE 9.0; Windows NT 6.1; Trident/5.0)"
212.114.255.109 - - [28/Feb/2013:16:23:14 +0100] "GET /img/right_bg.jpg HTTP/1.1" 404 1256 "http://www.dr-heidi-fleischer.de/" "Mozilla/5.0 (compatible; MSIE 9.0; Windows NT 6.1; Trident/5.0)"
212.114.255.109 - - [28/Feb/2013:16:23:14 +0100] "GET /img/left_bg.gif HTTP/1.1" 200 98 "http://www.dr-heidi-fleischer.de/" "Mozilla/5.0 (compatible; MSIE 9.0; Windows NT 6.1; Trident/5.0)"
212.114.255.109 - - [28/Feb/2013:16:23:14 +0100] "GET /img/right_bg.gif HTTP/1.1" 200 76 "http://www.dr-heidi-fleischer.de/" "Mozilla/5.0 (compatible; MSIE 9.0; Windows NT 6.1; Trident/5.0)"
212.114.255.109 - - [28/Feb/2013:16:23:14 +0100] "GET /img/lay10.gif HTTP/1.1" 200 252 "http://www.dr-heidi-fleischer.de/" "Mozilla/5.0 (compatible; MSIE 9.0; Windows NT 6.1; Trident/5.0)"
212.114.255.109 - - [28/Feb/2013:16:23:14 +0100] "GET /img/bottom_bg.gif HTTP/1.1" 200 79 "http://www.dr-heidi-fleischer.de/" "Mozilla/5.0 (compatible; MSIE 9.0; Windows NT 6.1; Trident/5.0)"
212.114.255.109 - - [28/Feb/2013:16:23:14 +0100] "GET /img/header_neu.gif HTTP/1.1" 200 32567 "http://www.dr-heidi-fleischer.de/" "Mozilla/5.0 (compatible; MSIE 9.0; Windows NT 6.1; Trident/5.0)"
212.114.255.109 - - [28/Feb/2013:16:23:14 +0100] "GET /img/dr_fleischer_ani.gif HTTP/1.1" 200 854042 "http://www.dr-heidi-fleischer.de/" "Mozilla/5.0 (compatible; MSIE 9.0; Windows NT 6.1; Trident/5.0)"
212.114.255.109 - - [28/Feb/2013:16:23:15 +0100] "GET /img/favicon.ico HTTP/1.1" 200 5430 "-" "Mozilla/5.0 (compatible; MSIE 9.0; Windows NT 6.1; Trident/5.0)"
212.114.255.109 - - [28/Feb/2013:16:23:50 +0100] "GET /praxis.php HTTP/1.1" 200 7017 "http://www.dr-heidi-fleischer.de/" "Mozilla/5.0 (compatible; MSIE 9.0; Windows NT 6.1; Trident/5.0)"
212.114.255.109 - - [28/Feb/2013:16:23:50 +0100] "GET /img/praxis_2.jpg HTTP/1.1" 200 30574 "http://www.dr-heidi-fleischer.de/praxis.php" "Mozilla/5.0 (compatible; MSIE 9.0; Windows NT 6.1; Trident/5.0)"
212.114.255.109 - - [28/Feb/2013:16:23:50 +0100] "GET /img/right_bg.jpg HTTP/1.1" 404 1256 "http://www.dr-heidi-fleischer.de/praxis.php" "Mozilla/5.0 (compatible; MSIE 9.0; Windows NT 6.1; Trident/5.0)"
212.114.255.109 - - [28/Feb/2013:16:23:50 +0100] "GET /img/praxis_1.jpg HTTP/1.1" 200 39868 "http://www.dr-heidi-fleischer.de/praxis.php" "Mozilla/5.0 (compatible; MSIE 9.0; Windows NT 6.1; Trident/5.0)"
212.114.255.109 - - [28/Feb/2013:16:23:50 +0100] "GET /img/praxis_3.jpg HTTP/1.1" 200 36951 "http://www.dr-heidi-fleischer.de/praxis.php" "Mozilla/5.0 (compatible; MSIE 9.0; Windows NT 6.1; Trident/5.0)"
212.114.255.109 - - [28/Feb/2013:16:24:16 +0100] "GET /index.php HTTP/1.1" 200 9626 "http://www.dr-heidi-fleischer.de/praxis.php" "Mozilla/5.0 (compatible; MSIE 9.0; Windows NT 6.1; Trident/5.0)"
