51.255.65.54 - - [01/Apr/2017:07:25:45 +0200] "GET / HTTP/1.1" 200 569 "-" "Mozilla/5.0 (compatible; AhrefsBot/5.2; +http://ahrefs.com/robot/)"
151.80.39.169 - - [01/Apr/2017:07:26:00 +0200] "GET /robots.txt HTTP/1.1" 404 1256 "-" "Mozilla/5.0 (compatible; AhrefsBot/5.2; +http://ahrefs.com/robot/)"
138.201.59.34 - - [01/Apr/2017:13:25:22 +0200] "GET /robots.txt HTTP/1.0" 404 1256 "-" "Mozilla/5.0 (compatible; SEOkicks-Robot; +http://www.seokicks.de/robot.html)"
138.201.59.34 - - [01/Apr/2017:13:25:24 +0200] "GET / HTTP/1.0" 200 569 "-" "Mozilla/5.0 (compatible; SEOkicks-Robot; +http://www.seokicks.de/robot.html)"
46.229.164.100 - - [01/Apr/2017:15:31:32 +0200] "GET /robots.txt HTTP/1.1" 404 1256 "-" "Mozilla/5.0 (compatible; SemrushBot/1.2~bl; +http://www.semrush.com/bot.html)"
77.66.1.97 - - [01/Apr/2017:21:50:57 +0200] "GET /robots.txt HTTP/1.0" 404 1256 "-" "Mozilla/5.0 (compatible; Findxbot/1.0; +http://www.findxbot.com)"
77.66.1.97 - - [01/Apr/2017:21:50:58 +0200] "GET / HTTP/1.0" 200 569 "-" "Mozilla/5.0 (compatible; Findxbot/1.0; +http://www.findxbot.com)"
208.43.225.85 - - [02/Apr/2017:05:02:39 +0200] "GET /robots.txt HTTP/1.1" 404 1256 "-" "Mozilla/5.0 (compatible; SiteExplorer/1.1b; +http://siteexplorer.info/Backlink-Checker-Spider/)"
208.43.225.85 - - [02/Apr/2017:05:02:41 +0200] "GET / HTTP/1.1" 200 569 "-" "Mozilla/5.0 (compatible; SiteExplorer/1.1b; +http://siteexplorer.info/Backlink-Checker-Spider/)"
5.10.148.124 - - [02/Apr/2017:07:33:37 +0200] "GET /robots.txt HTTP/1.0" 404 1256 "-" "Mozilla/5.0 (compatible; electricmonk/3.2.0 +https://www.duedil.com/our-crawler/)"
5.10.148.124 - - [02/Apr/2017:07:33:41 +0200] "GET / HTTP/1.0" 200 569 "-" "Mozilla/5.0 (compatible; electricmonk/3.2.0 +https://www.duedil.com/our-crawler/)"
148.251.15.150 - - [02/Apr/2017:22:06:07 +0200] "GET / HTTP/1.1" 200 569 "-" "Mozilla/5.0 (compatible; BLEXBot/1.0; +http://webmeup-crawler.com/)"
178.255.215.83 - - [03/Apr/2017:00:28:50 +0200] "GET /robots.txt HTTP/1.1" 404 1256 "-" "Mozilla/5.0 (compatible; Exabot/3.0; +http://www.exabot.com/go/robot)"
178.255.215.83 - - [03/Apr/2017:00:28:50 +0200] "GET / HTTP/1.1" 200 569 "-" "Mozilla/5.0 (compatible; Exabot/3.0; +http://www.exabot.com/go/robot)"
207.46.13.253 - - [03/Apr/2017:13:31:31 +0200] "GET /robots.txt HTTP/1.1" 404 1256 "-" "Mozilla/5.0 (compatible; bingbot/2.0; +http://www.bing.com/bingbot.htm)"
207.46.13.92 - - [03/Apr/2017:13:33:01 +0200] "GET / HTTP/1.1" 200 569 "-" "Mozilla/5.0 (compatible; bingbot/2.0; +http://www.bing.com/bingbot.htm)"
46.229.164.99 - - [03/Apr/2017:14:30:02 +0200] "GET /robots.txt HTTP/1.1" 404 1256 "-" "Mozilla/5.0 (compatible; SemrushBot/1.2~bl; +http://www.semrush.com/bot.html)"
45.32.152.71 - - [03/Apr/2017:20:44:28 +0200] "GET / HTTP/1.1" 200 569 "-" "Java/1.8.0_121"
45.32.152.71 - - [03/Apr/2017:20:44:28 +0200] "GET /picture/img001.png HTTP/1.1" 200 643437 "-" "Java/1.8.0_121"
46.229.168.72 - - [04/Apr/2017:10:33:27 +0200] "GET / HTTP/1.1" 200 569 "-" "Mozilla/5.0 (compatible; SemrushBot/1.2~bl; +http://www.semrush.com/bot.html)"
5.255.251.7 - - [04/Apr/2017:16:12:26 +0200] "GET /robots.txt HTTP/1.1" 404 1256 "-" "Mozilla/5.0 (compatible; YandexBot/3.0; +http://yandex.com/bots)"
5.255.251.7 - - [04/Apr/2017:16:12:30 +0200] "GET / HTTP/1.1" 200 569 "-" "Mozilla/5.0 (compatible; YandexBot/3.0; +http://yandex.com/bots)"
5.255.251.2 - - [04/Apr/2017:17:02:35 +0200] "GET /favicon.ico HTTP/1.1" 404 1256 "-" "Mozilla/5.0 (compatible; YandexBot/3.0; +http://yandex.com/bots)"
46.229.164.99 - - [04/Apr/2017:18:45:31 +0200] "GET /robots.txt HTTP/1.1" 404 1256 "-" "Mozilla/5.0 (compatible; SemrushBot/1.2~bl; +http://www.semrush.com/bot.html)"
138.201.59.34 - - [05/Apr/2017:00:36:30 +0200] "GET /robots.txt HTTP/1.0" 404 1256 "-" "Mozilla/5.0 (compatible; SEOkicks-Robot; +http://www.seokicks.de/robot.html)"
138.201.59.34 - - [05/Apr/2017:00:36:32 +0200] "GET / HTTP/1.0" 200 569 "-" "Mozilla/5.0 (compatible; SEOkicks-Robot; +http://www.seokicks.de/robot.html)"
5.35.249.36 - - [05/Apr/2017:10:07:25 +0200] "GET /robots.txt HTTP/1.1" 404 1256 "-" "Apache-HttpClient/4.5.2 (Java/1.8.0_121)"
46.229.164.99 - - [05/Apr/2017:17:04:01 +0200] "GET /robots.txt HTTP/1.1" 404 1256 "-" "Mozilla/5.0 (compatible; SemrushBot/1.2~bl; +http://www.semrush.com/bot.html)"
178.255.215.83 - - [05/Apr/2017:21:35:45 +0200] "GET /robots.txt HTTP/1.1" 404 1256 "-" "Mozilla/5.0 (compatible; Exabot/3.0; +http://www.exabot.com/go/robot)"
178.255.215.83 - - [05/Apr/2017:21:35:45 +0200] "GET / HTTP/1.1" 200 569 "-" "Mozilla/5.0 (compatible; Exabot/3.0; +http://www.exabot.com/go/robot)"
148.251.15.150 - - [06/Apr/2017:09:18:24 +0200] "GET / HTTP/1.1" 200 569 "-" "Mozilla/5.0 (compatible; BLEXBot/1.0; +http://webmeup-crawler.com/)"
148.251.15.150 - - [06/Apr/2017:09:19:07 +0200] "GET /sitemap.xml HTTP/1.1" 404 1256 "-" "Mozilla/5.0 (compatible; BLEXBot/1.0; +http://webmeup-crawler.com/)"
46.229.164.99 - - [06/Apr/2017:14:30:37 +0200] "GET /robots.txt HTTP/1.1" 404 1256 "-" "Mozilla/5.0 (compatible; SemrushBot/1.2~bl; +http://www.semrush.com/bot.html)"
87.210.17.86 - - [06/Apr/2017:16:32:47 +0200] "GET / HTTP/1.1" 200 569 "-" "Java/1.6.0_04"
87.210.17.86 - - [06/Apr/2017:16:32:48 +0200] "GET /picture/img001.png HTTP/1.1" 200 643437 "-" "Java/1.6.0_04"
178.255.215.83 - - [07/Apr/2017:05:10:40 +0200] "GET /robots.txt HTTP/1.1" 404 1256 "-" "Mozilla/5.0 (compatible; Exabot/3.0; +http://www.exabot.com/go/robot)"
178.255.215.83 - - [07/Apr/2017:05:10:40 +0200] "GET / HTTP/1.1" 200 569 "-" "Mozilla/5.0 (compatible; Exabot/3.0; +http://www.exabot.com/go/robot)"
46.229.164.99 - - [07/Apr/2017:11:09:40 +0200] "GET /robots.txt HTTP/1.1" 404 1256 "-" "Mozilla/5.0 (compatible; SemrushBot/1.2~bl; +http://www.semrush.com/bot.html)"
66.249.64.246 - - [07/Apr/2017:13:18:10 +0200] "GET /robots.txt HTTP/1.1" 404 1256 "-" "Mozilla/5.0 (compatible; Googlebot/2.1; +http://www.google.com/bot.html)"
66.249.64.246 - - [07/Apr/2017:13:18:10 +0200] "GET / HTTP/1.1" 200 569 "-" "Mozilla/5.0 (Linux; Android 6.0.1; Nexus 5X Build/MMB29P) AppleWebKit/537.36 (KHTML, like Gecko) Chrome/41.0.2272.96 Mobile Safari/537.36 (compatible; Googlebot/2.1; +http://www.google.com/bot.html)"
138.201.30.66 - - [07/Apr/2017:15:50:42 +0200] "GET /robots.txt HTTP/1.0" 404 1256 "-" "Mozilla/5.0 (compatible; SEOkicks-Robot; +http://www.seokicks.de/robot.html)"
138.201.30.66 - - [07/Apr/2017:15:50:44 +0200] "GET / HTTP/1.0" 200 569 "-" "Mozilla/5.0 (compatible; SEOkicks-Robot; +http://www.seokicks.de/robot.html)"
62.138.0.25 - - [07/Apr/2017:22:51:30 +0200] "GET /robots.txt HTTP/1.1" 404 1256 "-" "Mozilla/5.0 (compatible; seoscanners.net/1; +spider@seoscanners.net)"
62.138.0.25 - - [07/Apr/2017:22:51:30 +0200] "GET / HTTP/1.1" 200 569 "-" "Mozilla/5.0 (compatible; seoscanners.net/1; +spider@seoscanners.net)"
46.229.164.101 - - [07/Apr/2017:23:09:06 +0200] "GET /robots.txt HTTP/1.1" 404 1256 "-" "Mozilla/5.0 (compatible; SemrushBot/1.2~bl; +http://www.semrush.com/bot.html)"
5.10.148.124 - - [08/Apr/2017:10:44:35 +0200] "GET /robots.txt HTTP/1.0" 404 1256 "-" "Mozilla/5.0 (compatible; electricmonk/3.2.0 +https://www.duedil.com/our-crawler/)"
5.10.148.124 - - [08/Apr/2017:10:44:39 +0200] "GET / HTTP/1.0" 200 569 "-" "Mozilla/5.0 (compatible; electricmonk/3.2.0 +https://www.duedil.com/our-crawler/)"
5.255.251.7 - - [08/Apr/2017:21:06:26 +0200] "GET /robots.txt HTTP/1.1" 404 1256 "-" "Mozilla/5.0 (compatible; YandexBot/3.0; +http://yandex.com/bots)"
5.255.251.7 - - [08/Apr/2017:21:06:30 +0200] "GET /favicon.ico HTTP/1.1" 404 1256 "-" "Mozilla/5.0 (compatible; YandexBot/3.0; +http://yandex.com/bots)"
163.172.65.34 - - [09/Apr/2017:06:18:11 +0200] "GET / HTTP/1.1" 200 569 "-" "Mozilla/5.0 (compatible; AhrefsBot/5.2; +http://ahrefs.com/robot/)"
151.80.39.169 - - [09/Apr/2017:06:18:31 +0200] "GET /robots.txt HTTP/1.1" 404 1256 "-" "Mozilla/5.0 (compatible; AhrefsBot/5.2; +http://ahrefs.com/robot/)"
104.236.112.149 - - [09/Apr/2017:12:33:32 +0200] "GET /robots.txt HTTP/1.1" 404 1256 "-" "Mozilla/5.0 (compatible; spbot/5.0.3; +http://OpenLinkProfiler.org/bot )"
104.236.112.149 - - [09/Apr/2017:12:33:37 +0200] "GET / HTTP/1.1" 200 569 "-" "Mozilla/5.0 (compatible; spbot/5.0.3; +http://OpenLinkProfiler.org/bot )"
208.43.225.84 - - [09/Apr/2017:17:12:05 +0200] "GET /robots.txt HTTP/1.1" 404 1256 "-" "Mozilla/5.0 (compatible; SiteExplorer/1.1b; +http://siteexplorer.info/Backlink-Checker-Spider/)"
208.43.225.84 - - [09/Apr/2017:17:12:10 +0200] "GET / HTTP/1.1" 200 569 "-" "Mozilla/5.0 (compatible; SiteExplorer/1.1b; +http://siteexplorer.info/Backlink-Checker-Spider/)"
216.244.66.232 - - [09/Apr/2017:20:40:44 +0200] "GET /robots.txt HTTP/1.1" 404 1256 "-" "Mozilla/5.0 (compatible; DotBot/1.1; http://www.opensiteexplorer.org/dotbot, help@moz.com)"
216.244.66.232 - - [09/Apr/2017:20:41:57 +0200] "GET / HTTP/1.1" 200 569 "-" "Mozilla/5.0 (compatible; DotBot/1.1; http://www.opensiteexplorer.org/dotbot, help@moz.com)"
64.246.165.170 - - [10/Apr/2017:07:36:08 +0200] "GET /robots.txt HTTP/1.0" 404 1256 "-" "Mozilla/5.0 (Windows; U; Windows NT 5.1; en; rv:1.9.0.13) Gecko/2009073022 Firefox/3.5.2 (.NET CLR 3.5.30729) SurveyBot/2.3 (DomainTools)"
64.246.165.170 - - [10/Apr/2017:07:36:08 +0200] "GET / HTTP/1.1" 200 569 "http://whois.domaintools.com/die-fabians.de" "Mozilla/5.0 (Windows; U; Windows NT 5.1; en; rv:1.9.0.13) Gecko/2009073022 Firefox/3.5.2 (.NET CLR 3.5.30729) SurveyBot/2.3 (DomainTools)"
46.229.164.101 - - [10/Apr/2017:13:54:56 +0200] "GET /robots.txt HTTP/1.1" 404 1256 "-" "Mozilla/5.0 (compatible; SemrushBot/1.2~bl; +http://www.semrush.com/bot.html)"
46.229.164.101 - - [11/Apr/2017:04:08:40 +0200] "GET /robots.txt HTTP/1.1" 404 1256 "-" "Mozilla/5.0 (compatible; SemrushBot/1.2~bl; +http://www.semrush.com/bot.html)"
145.132.1.8 - - [11/Apr/2017:15:32:30 +0200] "GET / HTTP/1.1" 200 569 "-" "Java/1.8.0_101"
145.132.1.8 - - [11/Apr/2017:15:32:30 +0200] "GET /picture/img001.png HTTP/1.1" 200 643437 "-" "Java/1.8.0_101"
46.229.164.100 - - [11/Apr/2017:18:49:58 +0200] "GET /robots.txt HTTP/1.1" 404 1256 "-" "Mozilla/5.0 (compatible; SemrushBot/1.2~bl; +http://www.semrush.com/bot.html)"
148.251.15.150 - - [11/Apr/2017:22:37:15 +0200] "GET /robots.txt HTTP/1.1" 404 1256 "-" "Mozilla/5.0 (compatible; BLEXBot/1.0; +http://webmeup-crawler.com/)"
148.251.15.150 - - [11/Apr/2017:22:37:15 +0200] "GET / HTTP/1.1" 200 569 "-" "Mozilla/5.0 (compatible; BLEXBot/1.0; +http://webmeup-crawler.com/)"
77.66.1.97 - - [11/Apr/2017:23:57:14 +0200] "GET /robots.txt HTTP/1.0" 404 1256 "-" "Mozilla/5.0 (compatible; Findxbot/1.0; +http://www.findxbot.com)"
77.66.1.97 - - [11/Apr/2017:23:57:16 +0200] "GET / HTTP/1.0" 200 569 "-" "Mozilla/5.0 (compatible; Findxbot/1.0; +http://www.findxbot.com)"
92.222.124.2 - - [12/Apr/2017:04:20:55 +0200] "GET / HTTP/1.1" 200 569 "-" "Java/1.6.0_04"
92.222.124.2 - - [12/Apr/2017:04:20:55 +0200] "GET /picture/img001.png HTTP/1.1" 200 643437 "-" "Java/1.6.0_04"
81.209.177.145 - - [12/Apr/2017:15:00:14 +0200] "GET /robots.txt HTTP/1.1" 404 1256 "-" "iBusiness Shopcrawler"
81.209.177.145 - - [12/Apr/2017:15:00:14 +0200] "GET / HTTP/1.1" 200 569 "-" "iBusiness Shopcrawler"
5.255.251.7 - - [12/Apr/2017:22:22:45 +0200] "GET /robots.txt HTTP/1.1" 404 1256 "-" "Mozilla/5.0 (compatible; YandexBot/3.0; +http://yandex.com/bots)"
5.255.251.7 - - [12/Apr/2017:22:22:48 +0200] "GET /favicon.ico HTTP/1.1" 404 1256 "-" "Mozilla/5.0 (compatible; YandexBot/3.0; +http://yandex.com/bots)"
66.249.76.91 - - [13/Apr/2017:01:45:26 +0200] "GET /robots.txt HTTP/1.1" 404 1256 "-" "Mozilla/5.0 (compatible; Googlebot/2.1; +http://www.google.com/bot.html)"
66.249.76.93 - - [13/Apr/2017:01:45:27 +0200] "GET /picture/img001.png HTTP/1.1" 200 643437 "-" "Googlebot-Image/1.0"
84.201.17.12 - - [13/Apr/2017:04:51:39 +0200] "GET //modules/mod_simplefileuploadv1.3/elements/udd.php HTTP/1.1" 404 1256 "-" "Mozilla/5.0 (Windows NT 6.1) AppleWebKit/537.36 (KHTML, like Gecko) Chrome/41.0.2228.0 Safari/537.36"
84.201.17.12 - - [13/Apr/2017:04:51:39 +0200] "GET //modules/mod_simplefileuploadv1.3/elements/udd.php HTTP/1.1" 404 1256 "-" "Mozilla/5.0 (Windows NT 6.1) AppleWebKit/537.36 (KHTML, like Gecko) Chrome/41.0.2228.0 Safari/537.36"
66.249.76.95 - - [13/Apr/2017:21:39:26 +0200] "GET /robots.txt HTTP/1.1" 404 1256 "-" "Mozilla/5.0 (compatible; Googlebot/2.1; +http://www.google.com/bot.html)"
66.249.76.93 - - [13/Apr/2017:21:39:26 +0200] "GET / HTTP/1.1" 200 569 "-" "Mozilla/5.0 (compatible; Googlebot/2.1; +http://www.google.com/bot.html)"
138.201.59.34 - - [14/Apr/2017:06:04:45 +0200] "GET /robots.txt HTTP/1.0" 404 1256 "-" "Mozilla/5.0 (compatible; SEOkicks-Robot; +http://www.seokicks.de/robot.html)"
138.201.59.34 - - [14/Apr/2017:06:04:46 +0200] "GET / HTTP/1.0" 200 569 "-" "Mozilla/5.0 (compatible; SEOkicks-Robot; +http://www.seokicks.de/robot.html)"
208.43.225.84 - - [14/Apr/2017:08:15:24 +0200] "GET /robots.txt HTTP/1.1" 404 1256 "-" "Mozilla/5.0 (compatible; SiteExplorer/1.1b; +http://siteexplorer.info/Backlink-Checker-Spider/)"
208.43.225.84 - - [14/Apr/2017:08:15:28 +0200] "GET / HTTP/1.1" 200 569 "-" "Mozilla/5.0 (compatible; SiteExplorer/1.1b; +http://siteexplorer.info/Backlink-Checker-Spider/)"
46.229.164.100 - - [14/Apr/2017:17:01:13 +0200] "GET /robots.txt HTTP/1.1" 404 1256 "-" "Mozilla/5.0 (compatible; SemrushBot/1.2~bl; +http://www.semrush.com/bot.html)"
91.108.65.175 - - [15/Apr/2017:10:49:08 +0200] "GET //uploads.php HTTP/1.1" 404 1256 "-" "Mozilla/5.0 (Windows NT 6.1) AppleWebKit/537.36 (KHTML, like Gecko) Chrome/41.0.2228.0 Safari/537.36"
91.108.65.175 - - [15/Apr/2017:10:49:09 +0200] "GET //uploads.php HTTP/1.1" 404 1256 "-" "Mozilla/5.0 (Windows NT 6.1) AppleWebKit/537.36 (KHTML, like Gecko) Chrome/41.0.2228.0 Safari/537.36"
5.10.148.124 - - [15/Apr/2017:15:31:33 +0200] "GET /robots.txt HTTP/1.0" 404 1256 "-" "Mozilla/5.0 (compatible; electricmonk/3.2.0 +https://www.duedil.com/our-crawler/)"
5.10.148.124 - - [15/Apr/2017:15:31:36 +0200] "GET / HTTP/1.0" 200 569 "-" "Mozilla/5.0 (compatible; electricmonk/3.2.0 +https://www.duedil.com/our-crawler/)"
149.255.105.118 - - [15/Apr/2017:19:24:45 +0200] "GET //wp-content/plugins/ubh/up.php HTTP/1.1" 404 1256 "-" "Mozilla/5.0 (Windows NT 6.1) AppleWebKit/537.36 (KHTML, like Gecko) Chrome/41.0.2228.0 Safari/537.36"
149.255.105.118 - - [15/Apr/2017:19:24:45 +0200] "GET //wp-content/plugins/ubh/up.php HTTP/1.1" 404 1256 "-" "Mozilla/5.0 (Windows NT 6.1) AppleWebKit/537.36 (KHTML, like Gecko) Chrome/41.0.2228.0 Safari/537.36"
46.229.164.100 - - [15/Apr/2017:19:57:43 +0200] "GET /robots.txt HTTP/1.1" 404 1256 "-" "Mozilla/5.0 (compatible; SemrushBot/1.2~bl; +http://www.semrush.com/bot.html)"
138.201.30.66 - - [15/Apr/2017:20:13:06 +0200] "GET /robots.txt HTTP/1.0" 404 1256 "-" "Mozilla/5.0 (compatible; SEOkicks-Robot; +http://www.seokicks.de/robot.html)"
138.201.30.66 - - [15/Apr/2017:20:13:08 +0200] "GET / HTTP/1.0" 200 569 "-" "Mozilla/5.0 (compatible; SEOkicks-Robot; +http://www.seokicks.de/robot.html)"
192.99.119.164 - - [16/Apr/2017:08:26:25 +0200] "GET / HTTP/1.1" 200 569 "-" "Java/1.6.0_04"
192.99.119.164 - - [16/Apr/2017:08:26:25 +0200] "GET /picture/img001.png HTTP/1.1" 200 643437 "-" "Java/1.6.0_04"
208.43.225.85 - - [16/Apr/2017:12:42:15 +0200] "GET /robots.txt HTTP/1.1" 404 1256 "-" "Mozilla/5.0 (compatible; SiteExplorer/1.1b; +http://siteexplorer.info/Backlink-Checker-Spider/)"
208.43.225.85 - - [16/Apr/2017:12:42:19 +0200] "GET / HTTP/1.1" 200 569 "-" "Mozilla/5.0 (compatible; SiteExplorer/1.1b; +http://siteexplorer.info/Backlink-Checker-Spider/)"
46.229.164.100 - - [16/Apr/2017:20:22:34 +0200] "GET /robots.txt HTTP/1.1" 404 1256 "-" "Mozilla/5.0 (compatible; SemrushBot/1.2~bl; +http://www.semrush.com/bot.html)"
5.255.251.7 - - [17/Apr/2017:10:15:03 +0200] "GET /robots.txt HTTP/1.1" 404 1256 "-" "Mozilla/5.0 (compatible; YandexBot/3.0; +http://yandex.com/bots)"
5.255.251.7 - - [17/Apr/2017:10:15:07 +0200] "GET /favicon.ico HTTP/1.1" 404 1256 "-" "Mozilla/5.0 (compatible; YandexBot/3.0; +http://yandex.com/bots)"
148.251.15.150 - - [17/Apr/2017:11:41:38 +0200] "GET /robots.txt HTTP/1.1" 404 1256 "-" "Mozilla/5.0 (compatible; BLEXBot/1.0; +http://webmeup-crawler.com/)"
148.251.15.150 - - [17/Apr/2017:11:41:38 +0200] "GET / HTTP/1.1" 200 569 "-" "Mozilla/5.0 (compatible; BLEXBot/1.0; +http://webmeup-crawler.com/)"
148.251.15.150 - - [17/Apr/2017:11:42:49 +0200] "GET /sitemap.xml HTTP/1.1" 404 1256 "-" "Mozilla/5.0 (compatible; BLEXBot/1.0; +http://webmeup-crawler.com/)"
178.255.215.83 - - [17/Apr/2017:15:07:24 +0200] "GET /robots.txt HTTP/1.1" 404 1256 "-" "Mozilla/5.0 (compatible; Exabot/3.0; +http://www.exabot.com/go/robot)"
178.255.215.83 - - [17/Apr/2017:15:07:24 +0200] "GET / HTTP/1.1" 200 569 "-" "Mozilla/5.0 (compatible; Exabot/3.0; +http://www.exabot.com/go/robot)"
217.182.132.53 - - [17/Apr/2017:16:43:14 +0200] "GET / HTTP/1.1" 200 569 "-" "Mozilla/5.0 (compatible; AhrefsBot/5.2; +http://ahrefs.com/robot/)"
151.80.39.169 - - [17/Apr/2017:16:43:31 +0200] "GET /robots.txt HTTP/1.1" 404 1256 "-" "Mozilla/5.0 (compatible; AhrefsBot/5.2; +http://ahrefs.com/robot/)"
68.180.231.30 - - [17/Apr/2017:19:06:58 +0200] "GET /robots.txt HTTP/1.1" 404 1256 "-" "Mozilla/5.0 (compatible; Yahoo! Slurp; http://help.yahoo.com/help/us/ysearch/slurp)"
68.180.231.30 - - [17/Apr/2017:19:06:59 +0200] "GET / HTTP/1.1" 200 569 "-" "Mozilla/5.0 (compatible; Yahoo! Slurp; http://help.yahoo.com/help/us/ysearch/slurp)"
46.229.164.100 - - [17/Apr/2017:19:45:55 +0200] "GET /robots.txt HTTP/1.1" 404 1256 "-" "Mozilla/5.0 (compatible; SemrushBot/1.2~bl; +http://www.semrush.com/bot.html)"
208.43.225.85 - - [18/Apr/2017:06:11:48 +0200] "GET /robots.txt HTTP/1.1" 404 1256 "-" "Mozilla/5.0 (compatible; SiteExplorer/1.1b; +http://siteexplorer.info/Backlink-Checker-Spider/)"
208.43.225.85 - - [18/Apr/2017:06:11:52 +0200] "GET / HTTP/1.1" 200 569 "-" "Mozilla/5.0 (compatible; SiteExplorer/1.1b; +http://siteexplorer.info/Backlink-Checker-Spider/)"
46.229.164.101 - - [18/Apr/2017:12:49:37 +0200] "GET /robots.txt HTTP/1.1" 404 1256 "-" "Mozilla/5.0 (compatible; SemrushBot/1.2~bl; +http://www.semrush.com/bot.html)"
87.210.17.86 - - [18/Apr/2017:18:32:29 +0200] "GET / HTTP/1.1" 200 569 "-" "Java/1.6.0_04"
87.210.17.86 - - [18/Apr/2017:18:32:30 +0200] "GET /picture/img001.png HTTP/1.1" 200 643437 "-" "Java/1.6.0_04"
66.249.76.91 - - [18/Apr/2017:20:38:57 +0200] "GET /robots.txt HTTP/1.1" 404 1256 "-" "Mozilla/5.0 (compatible; Googlebot/2.1; +http://www.google.com/bot.html)"
66.249.64.246 - - [18/Apr/2017:20:38:57 +0200] "GET / HTTP/1.1" 200 569 "-" "Mozilla/5.0 (compatible; Googlebot/2.1; +http://www.google.com/bot.html)"
66.249.76.91 - - [18/Apr/2017:20:38:58 +0200] "GET / HTTP/1.1" 200 569 "-" "Mozilla/5.0 (compatible; Googlebot/2.1; +http://www.google.com/bot.html)"
62.210.139.92 - - [18/Apr/2017:21:21:05 +0200] "GET / HTTP/1.1" 200 569 "-" "Java/1.6.0_04"
62.210.139.92 - - [18/Apr/2017:21:21:06 +0200] "GET /picture/img001.png HTTP/1.1" 200 643437 "-" "Java/1.6.0_04"
77.66.1.97 - - [19/Apr/2017:12:12:17 +0200] "GET /robots.txt HTTP/1.0" 404 1256 "-" "Mozilla/5.0 (compatible; Findxbot/1.0; +http://www.findxbot.com)"
77.66.1.97 - - [19/Apr/2017:12:12:23 +0200] "GET / HTTP/1.0" 200 569 "-" "Mozilla/5.0 (compatible; Findxbot/1.0; +http://www.findxbot.com)"
148.251.15.150 - - [20/Apr/2017:18:51:25 +0200] "GET /robots.txt HTTP/1.1" 404 1256 "-" "Mozilla/5.0 (compatible; BLEXBot/1.0; +http://webmeup-crawler.com/)"
148.251.15.150 - - [20/Apr/2017:18:51:25 +0200] "GET / HTTP/1.1" 200 569 "-" "Mozilla/5.0 (compatible; BLEXBot/1.0; +http://webmeup-crawler.com/)"
136.243.172.11 - - [21/Apr/2017:03:40:30 +0200] "GET /robots.txt HTTP/1.0" 404 1256 "-" "Mozilla/5.0 (compatible; SEOkicks-Robot; +http://www.seokicks.de/robot.html)"
136.243.172.11 - - [21/Apr/2017:03:40:31 +0200] "GET / HTTP/1.0" 200 569 "-" "Mozilla/5.0 (compatible; SEOkicks-Robot; +http://www.seokicks.de/robot.html)"
5.255.251.7 - - [21/Apr/2017:09:58:21 +0200] "GET /robots.txt HTTP/1.1" 404 1256 "-" "Mozilla/5.0 (compatible; YandexBot/3.0; +http://yandex.com/bots)"
5.255.251.7 - - [21/Apr/2017:09:58:25 +0200] "GET /favicon.ico HTTP/1.1" 404 1256 "-" "Mozilla/5.0 (compatible; YandexBot/3.0; +http://yandex.com/bots)"
46.229.168.75 - - [21/Apr/2017:11:48:49 +0200] "GET / HTTP/1.1" 200 569 "-" "Mozilla/5.0 (compatible; SemrushBot/1.2~bl; +http://www.semrush.com/bot.html)"
208.43.225.85 - - [21/Apr/2017:17:29:00 +0200] "GET /robots.txt HTTP/1.1" 404 1256 "-" "Mozilla/5.0 (compatible; SiteExplorer/1.1b; +http://siteexplorer.info/Backlink-Checker-Spider/)"
208.43.225.85 - - [21/Apr/2017:17:29:05 +0200] "GET / HTTP/1.1" 200 569 "-" "Mozilla/5.0 (compatible; SiteExplorer/1.1b; +http://siteexplorer.info/Backlink-Checker-Spider/)"
138.201.30.66 - - [21/Apr/2017:19:36:03 +0200] "GET /robots.txt HTTP/1.0" 404 1256 "-" "Mozilla/5.0 (compatible; SEOkicks-Robot; +http://www.seokicks.de/robot.html)"
138.201.30.66 - - [21/Apr/2017:19:36:05 +0200] "GET / HTTP/1.0" 200 569 "-" "Mozilla/5.0 (compatible; SEOkicks-Robot; +http://www.seokicks.de/robot.html)"
46.229.164.101 - - [21/Apr/2017:23:16:41 +0200] "GET /robots.txt HTTP/1.1" 404 1256 "-" "Mozilla/5.0 (compatible; SemrushBot/1.2~bl; +http://www.semrush.com/bot.html)"
144.76.60.98 - - [22/Apr/2017:03:28:29 +0200] "GET / HTTP/1.1" 200 569 "-" "Mozilla/5.0 (compatible; MegaIndex.ru/2.0; +http://megaindex.com/crawler)"
5.10.148.124 - - [22/Apr/2017:11:34:02 +0200] "GET /robots.txt HTTP/1.0" 404 1256 "-" "Mozilla/5.0 (compatible; electricmonk/3.2.0 +https://www.duedil.com/our-crawler/)"
5.10.148.124 - - [22/Apr/2017:11:34:05 +0200] "GET / HTTP/1.0" 200 569 "-" "Mozilla/5.0 (compatible; electricmonk/3.2.0 +https://www.duedil.com/our-crawler/)"
178.255.215.83 - - [22/Apr/2017:13:22:07 +0200] "GET /robots.txt HTTP/1.1" 404 1256 "-" "Mozilla/5.0 (compatible; Exabot/3.0; +http://www.exabot.com/go/robot)"
178.255.215.83 - - [22/Apr/2017:13:22:07 +0200] "GET / HTTP/1.1" 200 569 "-" "Mozilla/5.0 (compatible; Exabot/3.0; +http://www.exabot.com/go/robot)"
148.251.15.150 - - [23/Apr/2017:01:28:30 +0200] "GET /robots.txt HTTP/1.1" 404 1256 "-" "Mozilla/5.0 (compatible; BLEXBot/1.0; +http://webmeup-crawler.com/)"
148.251.15.150 - - [23/Apr/2017:01:28:30 +0200] "GET / HTTP/1.1" 200 569 "-" "Mozilla/5.0 (compatible; BLEXBot/1.0; +http://webmeup-crawler.com/)"
148.251.15.150 - - [23/Apr/2017:01:28:42 +0200] "GET /sitemap.xml HTTP/1.1" 404 1256 "-" "Mozilla/5.0 (compatible; BLEXBot/1.0; +http://webmeup-crawler.com/)"
5.255.251.7 - - [23/Apr/2017:05:27:28 +0200] "GET /robots.txt HTTP/1.1" 404 1256 "-" "Mozilla/5.0 (compatible; YandexBot/3.0; +http://yandex.com/bots)"
5.255.251.7 - - [23/Apr/2017:05:27:32 +0200] "GET /favicon.ico HTTP/1.1" 404 1256 "-" "Mozilla/5.0 (compatible; YandexBot/3.0; +http://yandex.com/bots)"
46.229.164.101 - - [23/Apr/2017:23:30:12 +0200] "GET /robots.txt HTTP/1.1" 404 1256 "-" "Mozilla/5.0 (compatible; SemrushBot/1.2~bl; +http://www.semrush.com/bot.html)"
5.255.251.7 - - [24/Apr/2017:18:08:22 +0200] "GET /robots.txt HTTP/1.1" 404 1256 "-" "Mozilla/5.0 (compatible; YandexBot/3.0; +http://yandex.com/bots)"
5.255.251.7 - - [24/Apr/2017:18:08:26 +0200] "GET /favicon.ico HTTP/1.1" 404 1256 "-" "Mozilla/5.0 (compatible; YandexBot/3.0; +http://yandex.com/bots)"
88.8.137.101 - - [24/Apr/2017:20:48:05 +0200] "GET / HTTP/1.1" 200 569 "-" "Java/1.8.0_45"
88.8.137.101 - - [24/Apr/2017:20:48:05 +0200] "GET /picture/img001.png HTTP/1.1" 200 643437 "-" "Java/1.8.0_45"
46.229.164.101 - - [24/Apr/2017:23:32:18 +0200] "GET /robots.txt HTTP/1.1" 404 1256 "-" "Mozilla/5.0 (compatible; SemrushBot/1.2~bl; +http://www.semrush.com/bot.html)"
104.131.27.121 - - [25/Apr/2017:02:49:14 +0200] "GET /robots.txt HTTP/1.1" 404 1256 "-" "Mozilla/5.0 (compatible; spbot/5.0.3; +http://OpenLinkProfiler.org/bot )"
104.131.27.121 - - [25/Apr/2017:02:49:20 +0200] "GET / HTTP/1.1" 200 569 "-" "Mozilla/5.0 (compatible; spbot/5.0.3; +http://OpenLinkProfiler.org/bot )"
148.251.15.150 - - [25/Apr/2017:15:37:32 +0200] "GET /robots.txt HTTP/1.1" 404 1256 "-" "Mozilla/5.0 (compatible; BLEXBot/1.0; +http://webmeup-crawler.com/)"
148.251.15.150 - - [25/Apr/2017:15:37:32 +0200] "GET / HTTP/1.1" 200 569 "-" "Mozilla/5.0 (compatible; BLEXBot/1.0; +http://webmeup-crawler.com/)"
46.229.164.99 - - [25/Apr/2017:16:34:17 +0200] "GET /robots.txt HTTP/1.1" 404 1256 "-" "Mozilla/5.0 (compatible; SemrushBot/1.2~bl; +http://www.semrush.com/bot.html)"
66.249.76.6 - - [25/Apr/2017:19:37:05 +0200] "GET /robots.txt HTTP/1.1" 404 1256 "-" "Mozilla/5.0 (compatible; Googlebot/2.1; +http://www.google.com/bot.html)"
66.249.64.250 - - [25/Apr/2017:19:37:05 +0200] "GET / HTTP/1.1" 200 569 "-" "Mozilla/5.0 (Linux; Android 6.0.1; Nexus 5X Build/MMB29P) AppleWebKit/537.36 (KHTML, like Gecko) Chrome/41.0.2272.96 Mobile Safari/537.36 (compatible; Googlebot/2.1; +http://www.google.com/bot.html)"
178.255.215.83 - - [26/Apr/2017:02:57:50 +0200] "GET /robots.txt HTTP/1.1" 404 1256 "-" "Mozilla/5.0 (compatible; Exabot/3.0; +http://www.exabot.com/go/robot)"
178.255.215.83 - - [26/Apr/2017:02:57:50 +0200] "GET / HTTP/1.1" 200 569 "-" "Mozilla/5.0 (compatible; Exabot/3.0; +http://www.exabot.com/go/robot)"
138.201.30.66 - - [26/Apr/2017:12:54:42 +0200] "GET /robots.txt HTTP/1.0" 404 1256 "-" "Mozilla/5.0 (compatible; SEOkicks-Robot; +http://www.seokicks.de/robot.html)"
138.201.30.66 - - [26/Apr/2017:12:54:44 +0200] "GET / HTTP/1.0" 200 569 "-" "Mozilla/5.0 (compatible; SEOkicks-Robot; +http://www.seokicks.de/robot.html)"
81.137.223.148 - - [27/Apr/2017:01:30:14 +0200] "GET / HTTP/1.1" 200 569 "-" "Java/1.6.0_24"
81.137.223.148 - - [27/Apr/2017:01:30:14 +0200] "GET /picture/img001.png HTTP/1.1" 200 643437 "-" "Java/1.6.0_24"
54.198.116.180 - - [27/Apr/2017:07:04:05 +0200] "GET /robots.txt HTTP/1.0" 404 1256 "-" "CCBot/2.0 (http://commoncrawl.org/faq/)"
54.198.116.180 - - [27/Apr/2017:07:04:05 +0200] "GET / HTTP/1.0" 200 569 "-" "CCBot/2.0 (http://commoncrawl.org/faq/)"
216.145.17.190 - - [27/Apr/2017:11:38:32 +0200] "GET /robots.txt HTTP/1.0" 404 1256 "-" "Mozilla/5.0 (Windows; U; Windows NT 5.1; en; rv:1.9.0.13) Gecko/2009073022 Firefox/3.5.2 (.NET CLR 3.5.30729) SurveyBot/2.3 (DomainTools)"
216.145.17.190 - - [27/Apr/2017:11:38:32 +0200] "GET / HTTP/1.1" 200 569 "http://whois.domaintools.com/die-fabians.de" "Mozilla/5.0 (Windows; U; Windows NT 5.1; en; rv:1.9.0.13) Gecko/2009073022 Firefox/3.5.2 (.NET CLR 3.5.30729) SurveyBot/2.3 (DomainTools)"
104.192.6.139 - - [27/Apr/2017:14:17:29 +0200] "GET / HTTP/1.1" 200 569 "-" "Java/1.4.1_04"
104.192.6.139 - - [27/Apr/2017:14:17:30 +0200] "GET /picture/img001.png HTTP/1.1" 200 643437 "-" "Java/1.4.1_04"
5.255.251.7 - - [27/Apr/2017:14:17:37 +0200] "GET /robots.txt HTTP/1.1" 404 1256 "-" "Mozilla/5.0 (compatible; YandexBot/3.0; +http://yandex.com/bots)"
5.255.251.7 - - [27/Apr/2017:14:17:41 +0200] "GET /favicon.ico HTTP/1.1" 404 1256 "-" "Mozilla/5.0 (compatible; YandexBot/3.0; +http://yandex.com/bots)"
77.66.1.97 - - [27/Apr/2017:17:01:03 +0200] "GET /robots.txt HTTP/1.0" 404 1256 "-" "Mozilla/5.0 (compatible; Findxbot/1.0; +http://www.findxbot.com)"
77.66.1.97 - - [27/Apr/2017:17:01:08 +0200] "GET / HTTP/1.0" 200 569 "-" "Mozilla/5.0 (compatible; Findxbot/1.0; +http://www.findxbot.com)"
148.251.15.150 - - [28/Apr/2017:05:31:28 +0200] "GET /robots.txt HTTP/1.1" 404 1256 "-" "Mozilla/5.0 (compatible; BLEXBot/1.0; +http://webmeup-crawler.com/)"
148.251.15.150 - - [28/Apr/2017:05:31:29 +0200] "GET / HTTP/1.1" 200 569 "-" "Mozilla/5.0 (compatible; BLEXBot/1.0; +http://webmeup-crawler.com/)"
148.251.15.150 - - [28/Apr/2017:05:31:52 +0200] "GET /sitemap.xml HTTP/1.1" 404 1256 "-" "Mozilla/5.0 (compatible; BLEXBot/1.0; +http://webmeup-crawler.com/)"
35.164.51.178 - - [28/Apr/2017:19:04:01 +0200] "GET /robots.txt HTTP/1.1" 404 1256 "-" "-"
163.172.101.84 - - [28/Apr/2017:20:21:24 +0200] "GET / HTTP/1.1" 200 569 "-" "-"
104.192.6.139 - - [28/Apr/2017:23:17:38 +0200] "GET / HTTP/1.1" 200 569 "-" "Java/1.4.1_04"
104.192.6.139 - - [28/Apr/2017:23:17:40 +0200] "GET /picture/img001.png HTTP/1.1" 200 643437 "-" "Java/1.4.1_04"
208.43.225.84 - - [29/Apr/2017:06:51:50 +0200] "GET /robots.txt HTTP/1.1" 404 1256 "-" "Mozilla/5.0 (compatible; SiteExplorer/1.1b; +http://siteexplorer.info/Backlink-Checker-Spider/)"
208.43.225.84 - - [29/Apr/2017:06:51:54 +0200] "GET / HTTP/1.1" 200 569 "-" "Mozilla/5.0 (compatible; SiteExplorer/1.1b; +http://siteexplorer.info/Backlink-Checker-Spider/)"
5.10.148.124 - - [29/Apr/2017:17:08:50 +0200] "GET /robots.txt HTTP/1.0" 404 1256 "-" "Mozilla/5.0 (compatible; electricmonk/3.2.0 +https://www.duedil.com/our-crawler/)"
5.10.148.124 - - [29/Apr/2017:17:08:54 +0200] "GET / HTTP/1.0" 200 569 "-" "Mozilla/5.0 (compatible; electricmonk/3.2.0 +https://www.duedil.com/our-crawler/)"
83.59.215.68 - - [29/Apr/2017:19:50:46 +0200] "GET / HTTP/1.1" 200 569 "-" "Java/1.8.0_121"
83.59.215.68 - - [29/Apr/2017:19:50:46 +0200] "GET /picture/img001.png HTTP/1.1" 200 643437 "-" "Java/1.8.0_121"