217.226.138.18 - - [16/Mar/2013:10:29:47 +0100] "GET /seiten/impressum.htm HTTP/1.1" 200 6907 "http://www.google.de/url?sa=t&rct=j&q=frau+dr.med.s.mattig%2C+salzwedel&source=web&cd=2&ved=0CDgQFjAB&url=http%3A%2F%2Fwww.dialyse-in-salzwedel.de%2Fseiten%2Fimpressum.htm&ei=2jpEUZHTK4rKtAbM0IDQCg&usg=AFQjCNGdohbh6jZPZnaxja9Yp8LuqFVZkA" "Mozilla/4.0 (compatible; MSIE 8.0; Windows NT 5.1; Trident/4.0; BTRS129235; .NET CLR 2.0.50727; .NET CLR 3.0.4506.2152; .NET CLR 3.5.30729; .NET4.0C)"
217.226.138.18 - - [16/Mar/2013:10:29:47 +0100] "GET /css/style.css HTTP/1.1" 200 3212 "http://www.dialyse-in-salzwedel.de/seiten/impressum.htm" "Mozilla/4.0 (compatible; MSIE 8.0; Windows NT 5.1; Trident/4.0; BTRS129235; .NET CLR 2.0.50727; .NET CLR 3.0.4506.2152; .NET CLR 3.5.30729; .NET4.0C)"
217.226.138.18 - - [16/Mar/2013:10:29:47 +0100] "GET /scripte/basics.js HTTP/1.1" 200 1078 "http://www.dialyse-in-salzwedel.de/seiten/impressum.htm" "Mozilla/4.0 (compatible; MSIE 8.0; Windows NT 5.1; Trident/4.0; BTRS129235; .NET CLR 2.0.50727; .NET CLR 3.0.4506.2152; .NET CLR 3.5.30729; .NET4.0C)"
217.226.138.18 - - [16/Mar/2013:10:29:47 +0100] "GET /img/head.gif HTTP/1.1" 200 4213 "http://www.dialyse-in-salzwedel.de/seiten/impressum.htm" "Mozilla/4.0 (compatible; MSIE 8.0; Windows NT 5.1; Trident/4.0; BTRS129235; .NET CLR 2.0.50727; .NET CLR 3.0.4506.2152; .NET CLR 3.5.30729; .NET4.0C)"
217.226.138.18 - - [16/Mar/2013:10:29:47 +0100] "GET /img/men03.gif HTTP/1.1" 200 999 "http://www.dialyse-in-salzwedel.de/seiten/impressum.htm" "Mozilla/4.0 (compatible; MSIE 8.0; Windows NT 5.1; Trident/4.0; BTRS129235; .NET CLR 2.0.50727; .NET CLR 3.0.4506.2152; .NET CLR 3.5.30729; .NET4.0C)"
217.226.138.18 - - [16/Mar/2013:10:29:47 +0100] "GET /img/men04.gif HTTP/1.1" 200 1234 "http://www.dialyse-in-salzwedel.de/seiten/impressum.htm" "Mozilla/4.0 (compatible; MSIE 8.0; Windows NT 5.1; Trident/4.0; BTRS129235; .NET CLR 2.0.50727; .NET CLR 3.0.4506.2152; .NET CLR 3.5.30729; .NET4.0C)"
217.226.138.18 - - [16/Mar/2013:10:29:47 +0100] "GET /img/men07.gif HTTP/1.1" 200 893 "http://www.dialyse-in-salzwedel.de/seiten/impressum.htm" "Mozilla/4.0 (compatible; MSIE 8.0; Windows NT 5.1; Trident/4.0; BTRS129235; .NET CLR 2.0.50727; .NET CLR 3.0.4506.2152; .NET CLR 3.5.30729; .NET4.0C)"
217.226.138.18 - - [16/Mar/2013:10:29:47 +0100] "GET /img/men06.gif HTTP/1.1" 200 904 "http://www.dialyse-in-salzwedel.de/seiten/impressum.htm" "Mozilla/4.0 (compatible; MSIE 8.0; Windows NT 5.1; Trident/4.0; BTRS129235; .NET CLR 2.0.50727; .NET CLR 3.0.4506.2152; .NET CLR 3.5.30729; .NET4.0C)"
217.226.138.18 - - [16/Mar/2013:10:29:47 +0100] "GET /img/men05.gif HTTP/1.1" 200 1042 "http://www.dialyse-in-salzwedel.de/seiten/impressum.htm" "Mozilla/4.0 (compatible; MSIE 8.0; Windows NT 5.1; Trident/4.0; BTRS129235; .NET CLR 2.0.50727; .NET CLR 3.0.4506.2152; .NET CLR 3.5.30729; .NET4.0C)"
217.226.138.18 - - [16/Mar/2013:10:29:47 +0100] "GET /img/men01.gif HTTP/1.1" 200 702 "http://www.dialyse-in-salzwedel.de/seiten/impressum.htm" "Mozilla/4.0 (compatible; MSIE 8.0; Windows NT 5.1; Trident/4.0; BTRS129235; .NET CLR 2.0.50727; .NET CLR 3.0.4506.2152; .NET CLR 3.5.30729; .NET4.0C)"
217.226.138.18 - - [16/Mar/2013:10:29:47 +0100] "GET /img/men08.gif HTTP/1.1" 200 1069 "http://www.dialyse-in-salzwedel.de/seiten/impressum.htm" "Mozilla/4.0 (compatible; MSIE 8.0; Windows NT 5.1; Trident/4.0; BTRS129235; .NET CLR 2.0.50727; .NET CLR 3.0.4506.2152; .NET CLR 3.5.30729; .NET4.0C)"
217.226.138.18 - - [16/Mar/2013:10:29:47 +0100] "GET /img/meno07.gif HTTP/1.1" 200 1052 "http://www.dialyse-in-salzwedel.de/seiten/impressum.htm" "Mozilla/4.0 (compatible; MSIE 8.0; Windows NT 5.1; Trident/4.0; BTRS129235; .NET CLR 2.0.50727; .NET CLR 3.0.4506.2152; .NET CLR 3.5.30729; .NET4.0C)"
217.226.138.18 - - [16/Mar/2013:10:29:47 +0100] "GET /img/men02.gif HTTP/1.1" 200 758 "http://www.dialyse-in-salzwedel.de/seiten/impressum.htm" "Mozilla/4.0 (compatible; MSIE 8.0; Windows NT 5.1; Trident/4.0; BTRS129235; .NET CLR 2.0.50727; .NET CLR 3.0.4506.2152; .NET CLR 3.5.30729; .NET4.0C)"
217.226.138.18 - - [16/Mar/2013:10:29:47 +0100] "GET /img/lay01.gif HTTP/1.1" 200 149 "http://www.dialyse-in-salzwedel.de/seiten/impressum.htm" "Mozilla/4.0 (compatible; MSIE 8.0; Windows NT 5.1; Trident/4.0; BTRS129235; .NET CLR 2.0.50727; .NET CLR 3.0.4506.2152; .NET CLR 3.5.30729; .NET4.0C)"
217.226.138.18 - - [16/Mar/2013:10:29:47 +0100] "GET /img/lay02.gif HTTP/1.1" 200 153 "http://www.dialyse-in-salzwedel.de/seiten/impressum.htm" "Mozilla/4.0 (compatible; MSIE 8.0; Windows NT 5.1; Trident/4.0; BTRS129235; .NET CLR 2.0.50727; .NET CLR 3.0.4506.2152; .NET CLR 3.5.30729; .NET4.0C)"
217.226.138.18 - - [16/Mar/2013:10:29:48 +0100] "GET /img/lay03.gif HTTP/1.1" 200 253 "http://www.dialyse-in-salzwedel.de/seiten/impressum.htm" "Mozilla/4.0 (compatible; MSIE 8.0; Windows NT 5.1; Trident/4.0; BTRS129235; .NET CLR 2.0.50727; .NET CLR 3.0.4506.2152; .NET CLR 3.5.30729; .NET4.0C)"
217.226.138.18 - - [16/Mar/2013:10:29:48 +0100] "GET /img/1px.gif HTTP/1.1" 200 43 "http://www.dialyse-in-salzwedel.de/seiten/impressum.htm" "Mozilla/4.0 (compatible; MSIE 8.0; Windows NT 5.1; Trident/4.0; BTRS129235; .NET CLR 2.0.50727; .NET CLR 3.0.4506.2152; .NET CLR 3.5.30729; .NET4.0C)"
217.226.138.18 - - [16/Mar/2013:10:29:48 +0100] "GET /img/lay04.gif HTTP/1.1" 200 272 "http://www.dialyse-in-salzwedel.de/seiten/impressum.htm" "Mozilla/4.0 (compatible; MSIE 8.0; Windows NT 5.1; Trident/4.0; BTRS129235; .NET CLR 2.0.50727; .NET CLR 3.0.4506.2152; .NET CLR 3.5.30729; .NET4.0C)"
217.226.138.18 - - [16/Mar/2013:10:29:48 +0100] "GET /img/bg02.gif HTTP/1.1" 200 67 "http://www.dialyse-in-salzwedel.de/seiten/impressum.htm" "Mozilla/4.0 (compatible; MSIE 8.0; Windows NT 5.1; Trident/4.0; BTRS129235; .NET CLR 2.0.50727; .NET CLR 3.0.4506.2152; .NET CLR 3.5.30729; .NET4.0C)"
217.226.138.18 - - [16/Mar/2013:10:29:48 +0100] "GET /img/bg01.gif HTTP/1.1" 200 70 "http://www.dialyse-in-salzwedel.de/seiten/impressum.htm" "Mozilla/4.0 (compatible; MSIE 8.0; Windows NT 5.1; Trident/4.0; BTRS129235; .NET CLR 2.0.50727; .NET CLR 3.0.4506.2152; .NET CLR 3.5.30729; .NET4.0C)"
217.226.138.18 - - [16/Mar/2013:10:29:48 +0100] "GET /img/bg03.gif HTTP/1.1" 200 84 "http://www.dialyse-in-salzwedel.de/seiten/impressum.htm" "Mozilla/4.0 (compatible; MSIE 8.0; Windows NT 5.1; Trident/4.0; BTRS129235; .NET CLR 2.0.50727; .NET CLR 3.0.4506.2152; .NET CLR 3.5.30729; .NET4.0C)"
217.226.138.18 - - [16/Mar/2013:10:29:48 +0100] "GET /img/bg04.gif HTTP/1.1" 200 92 "http://www.dialyse-in-salzwedel.de/seiten/impressum.htm" "Mozilla/4.0 (compatible; MSIE 8.0; Windows NT 5.1; Trident/4.0; BTRS129235; .NET CLR 2.0.50727; .NET CLR 3.0.4506.2152; .NET CLR 3.5.30729; .NET4.0C)"
217.226.138.18 - - [16/Mar/2013:10:29:48 +0100] "GET /favicon.ico HTTP/1.1" 404 1256 "-" "Mozilla/4.0 (compatible; MSIE 8.0; Windows NT 5.1; Trident/4.0; BTRS129235; .NET CLR 2.0.50727; .NET CLR 3.0.4506.2152; .NET CLR 3.5.30729; .NET4.0C)"
91.224.226.196 - - [16/Mar/2013:11:20:26 +0100] "GET /scripte/basics.js HTTP/1.1" 304 - "-" "Mozilla/4.0 (compatible;)"
123.125.71.20 - - [16/Mar/2013:11:38:29 +0100] "GET / HTTP/1.1" 200 2301 "-" "Mozilla/5.0 (compatible; Baiduspider/2.0; +http://www.baidu.com/search/spider.html)"
91.224.226.196 - - [16/Mar/2013:11:39:04 +0100] "GET /img/meno01.gif HTTP/1.1" 304 - "-" "Mozilla/4.0 (compatible;)"
220.181.108.117 - - [16/Mar/2013:11:39:15 +0100] "GET / HTTP/1.1" 200 2301 "-" "Mozilla/5.0 (compatible; Baiduspider/2.0; +http://www.baidu.com/search/spider.html)"
199.30.16.50 - - [16/Mar/2013:11:45:47 +0100] "GET /robots.txt HTTP/1.1" 404 1256 "-" "msnbot-media/1.1 (+http://search.msn.com/msnbot.htm)"
199.30.16.50 - - [16/Mar/2013:11:45:48 +0100] "GET /img/meno06.gif HTTP/1.1" 200 1054 "-" "msnbot-media/1.1 (+http://search.msn.com/msnbot.htm)"
66.249.78.99 - - [16/Mar/2013:12:01:04 +0100] "GET /seiten/start.htm HTTP/1.1" 304 - "-" "Mozilla/5.0 (compatible; Googlebot/2.1; +http://www.google.com/bot.html)"
65.55.215.83 - - [16/Mar/2013:12:06:10 +0100] "GET /robots.txt HTTP/1.1" 404 1256 "-" "msnbot-media/1.1 (+http://search.msn.com/msnbot.htm)"
65.55.215.83 - - [16/Mar/2013:12:06:10 +0100] "GET /img/men08.gif HTTP/1.1" 200 1069 "-" "msnbot-media/1.1 (+http://search.msn.com/msnbot.htm)"
66.249.78.99 - - [16/Mar/2013:12:12:06 +0100] "GET /css/style.css HTTP/1.1" 200 3212 "-" "Mozilla/5.0 (compatible; Googlebot/2.1; +http://www.google.com/bot.html)"
123.125.71.32 - - [16/Mar/2013:12:36:54 +0100] "GET / HTTP/1.1" 200 2301 "-" "Mozilla/5.0 (compatible; Baiduspider/2.0; +http://www.baidu.com/search/spider.html)"
220.181.108.88 - - [16/Mar/2013:12:37:40 +0100] "GET / HTTP/1.1" 200 2301 "-" "Mozilla/5.0 (compatible; Baiduspider/2.0; +http://www.baidu.com/search/spider.html)"
66.249.78.99 - - [16/Mar/2013:13:41:31 +0100] "GET /seiten/impressum.htm HTTP/1.1" 304 - "-" "Mozilla/5.0 (compatible; Googlebot/2.1; +http://www.google.com/bot.html)"
66.249.78.99 - - [16/Mar/2013:13:52:06 +0100] "GET / HTTP/1.1" 200 2301 "-" "Mozilla/5.0 (compatible; Googlebot/2.1; +http://www.google.com/bot.html)"
123.125.71.24 - - [16/Mar/2013:14:38:48 +0100] "GET / HTTP/1.1" 200 2301 "-" "Mozilla/5.0 (compatible; Baiduspider/2.0; +http://www.baidu.com/search/spider.html)"
220.181.108.102 - - [16/Mar/2013:14:39:37 +0100] "GET / HTTP/1.1" 200 2301 "-" "Mozilla/5.0 (compatible; Baiduspider/2.0; +http://www.baidu.com/search/spider.html)"
123.125.71.55 - - [16/Mar/2013:15:38:05 +0100] "GET / HTTP/1.1" 200 2301 "-" "Mozilla/5.0 (compatible; Baiduspider/2.0; +http://www.baidu.com/search/spider.html)"
220.181.108.85 - - [16/Mar/2013:15:38:55 +0100] "GET / HTTP/1.1" 200 2301 "-" "Mozilla/5.0 (compatible; Baiduspider/2.0; +http://www.baidu.com/search/spider.html)"
66.249.78.99 - - [16/Mar/2013:16:10:26 +0100] "GET /seiten/kont_form.php HTTP/1.1" 200 6397 "-" "Mozilla/5.0 (iPhone; U; CPU iPhone OS 4_1 like Mac OS X; en-us) AppleWebKit/532.9 (KHTML, like Gecko) Version/4.0.5 Mobile/8B117 Safari/6531.22.7 (compatible; Googlebot-Mobile/2.1; +http://www.google.com/bot.html)"
178.255.215.73 - - [16/Mar/2013:16:35:15 +0100] "GET /robots.txt HTTP/1.1" 404 1256 "-" "Mozilla/5.0 (compatible; Exabot/3.0; +http://www.exabot.com/go/robot)"
178.255.215.73 - - [16/Mar/2013:16:35:16 +0100] "GET /seiten/kontakt.htm HTTP/1.1" 304 - "-" "Mozilla/5.0 (compatible; Exabot/3.0; +http://www.exabot.com/go/robot)"
123.125.71.28 - - [16/Mar/2013:16:37:44 +0100] "GET / HTTP/1.1" 200 2301 "-" "Mozilla/5.0 (compatible; Baiduspider/2.0; +http://www.baidu.com/search/spider.html)"
220.181.108.90 - - [16/Mar/2013:16:38:31 +0100] "GET / HTTP/1.1" 200 2301 "-" "Mozilla/5.0 (compatible; Baiduspider/2.0; +http://www.baidu.com/search/spider.html)"
123.125.71.36 - - [16/Mar/2013:18:45:57 +0100] "GET / HTTP/1.1" 200 2301 "-" "Mozilla/5.0 (compatible; Baiduspider/2.0; +http://www.baidu.com/search/spider.html)"
220.181.108.107 - - [16/Mar/2013:18:46:41 +0100] "GET / HTTP/1.1" 200 2301 "-" "Mozilla/5.0 (compatible; Baiduspider/2.0; +http://www.baidu.com/search/spider.html)"
91.224.226.196 - - [16/Mar/2013:19:28:07 +0100] "GET /css/style.css HTTP/1.1" 304 - "-" "Mozilla/4.0 (compatible;)"
91.224.226.196 - - [16/Mar/2013:19:53:51 +0100] "GET /img/head.gif HTTP/1.1" 304 - "-" "Mozilla/4.0 (compatible;)"
139.18.2.209 - - [16/Mar/2013:20:24:47 +0100] "GET /seiten/links.htm HTTP/1.1" 200 5092 "-" "findlinks/2.6 (+http://wortschatz.uni-leipzig.de/findlinks/)"
66.249.78.99 - - [16/Mar/2013:20:29:08 +0100] "GET /robots.txt HTTP/1.1" 404 1256 "-" "Mozilla/5.0 (compatible; Googlebot/2.1; +http://www.google.com/bot.html)"
66.249.76.109 - - [16/Mar/2013:20:29:09 +0100] "GET /seiten/dialyse.htm HTTP/1.1" 304 - "-" "Mozilla/5.0 (compatible; Googlebot/2.1; +http://www.google.com/bot.html)"
157.56.93.201 - - [17/Mar/2013:05:42:47 +0100] "GET /robots.txt HTTP/1.1" 404 1256 "-" "Mozilla/5.0 (compatible; bingbot/2.0; +http://www.bing.com/bingbot.htm)"
157.56.93.201 - - [17/Mar/2013:05:45:06 +0100] "GET /seiten/dialyse.htm HTTP/1.1" 200 4906 "-" "Mozilla/5.0 (compatible; bingbot/2.0; +http://www.bing.com/bingbot.htm)"
66.249.76.109 - - [17/Mar/2013:06:02:31 +0100] "GET /seiten/praxis.htm HTTP/1.1" 200 5018 "-" "DoCoMo/2.0 N905i(c100;TB;W24H16) (compatible; Googlebot-Mobile/2.1; +http://www.google.com/bot.html)"
157.56.92.146 - - [17/Mar/2013:07:42:48 +0100] "GET /robots.txt HTTP/1.1" 404 1256 "-" "Mozilla/5.0 (compatible; bingbot/2.0; +http://www.bing.com/bingbot.htm)"
157.56.92.146 - - [17/Mar/2013:07:44:43 +0100] "GET /seiten/praxis.htm HTTP/1.1" 200 5018 "-" "Mozilla/5.0 (compatible; bingbot/2.0; +http://www.bing.com/bingbot.htm)"
66.249.78.99 - - [17/Mar/2013:09:31:28 +0100] "GET /robots.txt HTTP/1.1" 404 1256 "-" "Mozilla/5.0 (compatible; Googlebot/2.1; +http://www.google.com/bot.html)"
66.249.78.99 - - [17/Mar/2013:09:31:28 +0100] "GET /seiten/praxis.htm HTTP/1.1" 304 - "-" "Mozilla/5.0 (compatible; Googlebot/2.1; +http://www.google.com/bot.html)"
157.55.33.49 - - [17/Mar/2013:10:20:04 +0100] "GET /robots.txt HTTP/1.1" 404 1256 "-" "Mozilla/5.0 (compatible; bingbot/2.0; +http://www.bing.com/bingbot.htm)"
157.55.33.49 - - [17/Mar/2013:10:21:39 +0100] "GET / HTTP/1.1" 200 2301 "-" "Mozilla/5.0 (compatible; bingbot/2.0; +http://www.bing.com/bingbot.htm)"
65.55.210.229 - - [17/Mar/2013:10:21:42 +0100] "GET / HTTP/1.1" 200 2301 "-" "Mozilla/5.0 (Windows NT 6.1; WOW64) AppleWebKit/534+ (KHTML, like Gecko) BingPreview/1.0b"
65.55.210.229 - - [17/Mar/2013:10:21:43 +0100] "GET /scripte/basics.js HTTP/1.1" 200 1078 "http://www.dialyse-in-salzwedel.de/" "Mozilla/5.0 (Windows NT 6.1; WOW64) AppleWebKit/534+ (KHTML, like Gecko) BingPreview/1.0b"
65.55.210.229 - - [17/Mar/2013:10:21:43 +0100] "GET /seiten/start.htm HTTP/1.1" 200 4313 "http://www.dialyse-in-salzwedel.de/" "Mozilla/5.0 (Windows NT 6.1; WOW64) AppleWebKit/534+ (KHTML, like Gecko) BingPreview/1.0b"
46.105.114.127 - - [17/Mar/2013:10:58:28 +0100] "GET /seiten/praxis.htm HTTP/1.1" 200 5018 "-" "Mozilla/5.0 (X11; Linux i686; rv:6.0) Gecko/20100101 Firefox/6.0"
46.105.114.127 - - [17/Mar/2013:10:58:28 +0100] "GET /seiten/kontakt.htm HTTP/1.1" 200 5472 "-" "Mozilla/5.0 (X11; Linux i686; rv:6.0) Gecko/20100101 Firefox/6.0"
217.212.224.183 - - [17/Mar/2013:15:55:05 +0100] "GET /robots.txt HTTP/1.0" 404 1256 "-" "psbot/0.1 (+http://www.picsearch.com/bot.html)"
217.212.224.181 - - [17/Mar/2013:15:55:05 +0100] "GET /seiten/dialyse.htm HTTP/1.0" 304 - "-" "psbot/0.1 (+http://www.picsearch.com/bot.html)"
217.212.224.181 - - [17/Mar/2013:16:08:31 +0100] "GET /seiten/kontakt.htm HTTP/1.0" 304 - "-" "psbot/0.1 (+http://www.picsearch.com/bot.html)"
66.249.78.99 - - [17/Mar/2013:16:08:42 +0100] "GET /robots.txt HTTP/1.1" 404 1256 "-" "Mozilla/5.0 (compatible; Googlebot/2.1; +http://www.google.com/bot.html)"
66.249.78.99 - - [17/Mar/2013:16:08:42 +0100] "GET /seiten/start.htm HTTP/1.1" 304 - "-" "Mozilla/5.0 (iPhone; U; CPU iPhone OS 4_1 like Mac OS X; en-us) AppleWebKit/532.9 (KHTML, like Gecko) Version/4.0.5 Mobile/8B117 Safari/6531.22.7 (compatible; Googlebot-Mobile/2.1; +http://www.google.com/bot.html)"
141.8.147.12 - - [17/Mar/2013:16:56:50 +0100] "GET /robots.txt HTTP/1.1" 404 1256 "-" "Mozilla/5.0 (compatible; YandexBot/3.0; +http://yandex.com/bots)"
66.249.78.99 - - [17/Mar/2013:17:19:21 +0100] "GET /seiten/impressum.htm HTTP/1.1" 304 - "-" "Mozilla/5.0 (compatible; Googlebot/2.1; +http://www.google.com/bot.html)"
141.8.147.12 - - [17/Mar/2013:18:27:14 +0100] "GET / HTTP/1.1" 200 2301 "-" "Mozilla/5.0 (compatible; YandexBot/3.0; +http://yandex.com/bots)"
123.125.71.35 - - [17/Mar/2013:21:37:39 +0100] "GET / HTTP/1.1" 200 2301 "-" "Mozilla/5.0 (compatible; Baiduspider/2.0; +http://www.baidu.com/search/spider.html)"
220.181.108.107 - - [17/Mar/2013:21:38:24 +0100] "GET / HTTP/1.1" 200 2301 "-" "Mozilla/5.0 (compatible; Baiduspider/2.0; +http://www.baidu.com/search/spider.html)"
85.25.120.73 - - [17/Mar/2013:21:57:52 +0100] "GET / HTTP/1.1" 200 2301 "-" "Mozilla/5.0 (X11; U; Linux i686; en-US; rv:1.9.0.1) Gecko/2008070206 Firefox/3.0.1"
85.25.120.73 - - [17/Mar/2013:21:57:52 +0100] "GET /seiten/kontakt.htm HTTP/1.1" 200 5472 "-" "Mozilla/5.0 (X11; U; Linux i686; en-US; rv:1.9.0.1) Gecko/2008070206 Firefox/3.0.1"
199.30.16.18 - - [17/Mar/2013:22:37:01 +0100] "GET /robots.txt HTTP/1.1" 404 1256 "-" "msnbot-media/1.1 (+http://search.msn.com/msnbot.htm)"
199.30.16.18 - - [17/Mar/2013:22:37:01 +0100] "GET /img/leist.jpg HTTP/1.1" 200 18843 "-" "msnbot-media/1.1 (+http://search.msn.com/msnbot.htm)"
139.18.2.209 - - [17/Mar/2013:22:54:28 +0100] "GET /seiten/start.htm HTTP/1.1" 200 4313 "-" "findlinks/2.6 (+http://wortschatz.uni-leipzig.de/findlinks/)"
66.249.75.109 - - [17/Mar/2013:22:58:19 +0100] "GET /seiten/dialyse.htm HTTP/1.1" 304 - "-" "Mozilla/5.0 (iPhone; U; CPU iPhone OS 4_1 like Mac OS X; en-us) AppleWebKit/532.9 (KHTML, like Gecko) Version/4.0.5 Mobile/8B117 Safari/6531.22.7 (compatible; Googlebot-Mobile/2.1; +http://www.google.com/bot.html)"
139.18.2.209 - - [18/Mar/2013:00:10:23 +0100] "GET /seiten/kontakt.htm HTTP/1.1" 200 5472 "-" "findlinks/2.6 (+http://wortschatz.uni-leipzig.de/findlinks/)"
176.9.139.112 - - [18/Mar/2013:00:52:52 +0100] "GET /robots.txt HTTP/1.1" 404 1256 "-" "Mozilla/5.0 (compatible; SISTRIX Crawler; http://crawler.sistrix.net/)"
176.9.139.112 - - [18/Mar/2013:00:52:52 +0100] "GET / HTTP/1.1" 200 2301 "-" "Mozilla/5.0 (compatible; SISTRIX Crawler; http://crawler.sistrix.net/)"
176.9.139.112 - - [18/Mar/2013:00:52:52 +0100] "GET /seiten/start.htm HTTP/1.1" 200 4313 "-" "Mozilla/5.0 (compatible; SISTRIX Crawler; http://crawler.sistrix.net/)"
176.9.139.112 - - [18/Mar/2013:00:52:52 +0100] "GET /seiten/kontakt.htm HTTP/1.1" 200 5472 "-" "Mozilla/5.0 (compatible; SISTRIX Crawler; http://crawler.sistrix.net/)"
176.9.139.112 - - [18/Mar/2013:00:52:52 +0100] "GET /seiten/dialyse.htm HTTP/1.1" 200 4906 "-" "Mozilla/5.0 (compatible; SISTRIX Crawler; http://crawler.sistrix.net/)"
176.9.139.112 - - [18/Mar/2013:00:52:52 +0100] "GET /seiten/impressum.htm HTTP/1.1" 200 6907 "-" "Mozilla/5.0 (compatible; SISTRIX Crawler; http://crawler.sistrix.net/)"
176.9.139.112 - - [18/Mar/2013:00:52:53 +0100] "GET /seiten/praxis.htm HTTP/1.1" 200 5018 "-" "Mozilla/5.0 (compatible; SISTRIX Crawler; http://crawler.sistrix.net/)"
176.9.139.112 - - [18/Mar/2013:00:52:53 +0100] "GET /seiten/links.htm HTTP/1.1" 200 5092 "-" "Mozilla/5.0 (compatible; SISTRIX Crawler; http://crawler.sistrix.net/)"
176.9.139.112 - - [18/Mar/2013:00:52:53 +0100] "GET /seiten/leistungen.htm HTTP/1.1" 200 5060 "-" "Mozilla/5.0 (compatible; SISTRIX Crawler; http://crawler.sistrix.net/)"
176.9.139.112 - - [18/Mar/2013:00:52:53 +0100] "GET /seiten/news.php HTTP/1.1" 200 4865 "-" "Mozilla/5.0 (compatible; SISTRIX Crawler; http://crawler.sistrix.net/)"
176.9.139.112 - - [18/Mar/2013:00:52:53 +0100] "GET /seiten/kont_form.php HTTP/1.1" 200 6397 "-" "Mozilla/5.0 (compatible; SISTRIX Crawler; http://crawler.sistrix.net/)"
217.69.133.67 - - [18/Mar/2013:00:59:03 +0100] "GET /robots.txt HTTP/1.0" 404 1256 "-" "Mozilla/5.0 (compatible; Mail.RU_Bot/2.0; +http://go.mail.ru/help/robots)"
218.93.127.121 - - [18/Mar/2013:04:56:38 +0100] "GET /seiten/links.htm HTTP/1.0" 200 5092 "http://www.dialyse-in-salzwedel.de/seiten/links.htm" "Mozilla/5.0 (Macintosh; Intel Mac OS X 10_8_2) AppleWebKit/537.1 (KHTML, like Gecko) Chrome/21.0.1180.82 Safari/537.1"
218.93.127.117 - - [18/Mar/2013:06:43:46 +0100] "GET /seiten/links.htm HTTP/1.0" 200 5092 "http://www.dialyse-in-salzwedel.de/seiten/links.htm" "Mozilla/5.0 (Windows NT 6.1) AppleWebKit/535.19 (KHTML, like Gecko) Chrome/18.0.1025.1634 Safari/535.19 YE"
37.140.141.34 - - [18/Mar/2013:07:04:30 +0100] "GET /robots.txt HTTP/1.1" 404 1256 "-" "Mozilla/5.0 (compatible; YandexImages/3.0; +http://yandex.com/bots)"
123.125.71.39 - - [18/Mar/2013:07:37:21 +0100] "GET / HTTP/1.1" 200 2301 "-" "Mozilla/5.0 (compatible; Baiduspider/2.0; +http://www.baidu.com/search/spider.html)"
220.181.108.111 - - [18/Mar/2013:07:38:02 +0100] "GET / HTTP/1.1" 200 2301 "-" "Mozilla/5.0 (compatible; Baiduspider/2.0; +http://www.baidu.com/search/spider.html)"
139.18.2.209 - - [18/Mar/2013:08:10:19 +0100] "GET /seiten/news.php HTTP/1.1" 200 4865 "-" "findlinks/2.6 (+http://wortschatz.uni-leipzig.de/findlinks/)"
141.8.147.12 - - [18/Mar/2013:08:17:39 +0100] "GET /robots.txt HTTP/1.1" 404 1256 "-" "Mozilla/5.0 (compatible; YandexBot/3.0; +http://yandex.com/bots)"
141.8.147.12 - - [18/Mar/2013:08:17:56 +0100] "GET /img/lay04.gif HTTP/1.1" 304 - "-" "Mozilla/5.0 (compatible; YandexImages/3.0; +http://yandex.com/bots)"
37.140.141.34 - - [18/Mar/2013:08:38:14 +0100] "GET /img/lay04.gif HTTP/1.1" 304 - "-" "Mozilla/5.0 (compatible; YandexImages/3.0; +http://yandex.com/bots)"
91.186.76.131 - - [18/Mar/2013:10:04:10 +0100] "GET /seiten/dialyse.htm HTTP/1.1" 200 4906 "http://www.google.com/imgres?q=dialyse&hl=no&sa=X&rls=com.microsoft:no:IE-SearchBox&biw=1680&bih=869&tbm=isch&tbnid=X1I_YDZL3jeJTM:&imgrefurl=http://www.dialyse-in-salzwedel.de/seiten/dialyse.htm&docid=PUbPJtek_nfasM&imgurl=http://www.dialyse-in-salzwedel.de/img/dialyse.jpg&w=360&h=312&ei=f9dGUarvIqj24QTw34C4Cg&zoom=1&ved=0CMUBEK0DMCU&iact=rc&dur=63&page=1&tbnh=141&tbnw=168&start=0&ndsp=41&tx=157&ty=40" "Mozilla/4.0 (compatible; MSIE 8.0; Windows NT 5.1; Trident/4.0; .NET CLR 1.1.4322; .NET CLR 2.0.50727; .NET CLR 3.0.4506.2152; .NET CLR 3.5.30729; .NET4.0C; .NET4.0E)"
91.186.76.131 - - [18/Mar/2013:10:04:10 +0100] "GET /img/dialyse.jpg HTTP/1.1" 200 21241 "http://www.google.com/imgres?q=dialyse&hl=no&sa=X&rls=com.microsoft:no:IE-SearchBox&biw=1680&bih=869&tbm=isch&tbnid=X1I_YDZL3jeJTM:&imgrefurl=http://www.dialyse-in-salzwedel.de/seiten/dialyse.htm&docid=PUbPJtek_nfasM&imgurl=http://www.dialyse-in-salzwedel.de/img/dialyse.jpg&w=360&h=312&ei=f9dGUarvIqj24QTw34C4Cg&zoom=1&ved=0CMUBEK0DMCU&iact=rc&dur=63&page=1&tbnh=141&tbnw=168&start=0&ndsp=41&tx=157&ty=40" "Mozilla/4.0 (compatible; MSIE 8.0; Windows NT 5.1; Trident/4.0; .NET CLR 1.1.4322; .NET CLR 2.0.50727; .NET CLR 3.0.4506.2152; .NET CLR 3.5.30729; .NET4.0C; .NET4.0E)"
91.186.76.131 - - [18/Mar/2013:10:04:11 +0100] "GET /scripte/basics.js HTTP/1.1" 200 1078 "http://www.dialyse-in-salzwedel.de/seiten/dialyse.htm" "Mozilla/4.0 (compatible; MSIE 8.0; Windows NT 5.1; Trident/4.0; .NET CLR 1.1.4322; .NET CLR 2.0.50727; .NET CLR 3.0.4506.2152; .NET CLR 3.5.30729; .NET4.0C; .NET4.0E)"
91.186.76.131 - - [18/Mar/2013:10:04:11 +0100] "GET /css/style.css HTTP/1.1" 200 3212 "http://www.dialyse-in-salzwedel.de/seiten/dialyse.htm" "Mozilla/4.0 (compatible; MSIE 8.0; Windows NT 5.1; Trident/4.0; .NET CLR 1.1.4322; .NET CLR 2.0.50727; .NET CLR 3.0.4506.2152; .NET CLR 3.5.30729; .NET4.0C; .NET4.0E)"
91.186.76.131 - - [18/Mar/2013:10:04:11 +0100] "GET /img/head.gif HTTP/1.1" 200 4213 "http://www.dialyse-in-salzwedel.de/seiten/dialyse.htm" "Mozilla/4.0 (compatible; MSIE 8.0; Windows NT 5.1; Trident/4.0; .NET CLR 1.1.4322; .NET CLR 2.0.50727; .NET CLR 3.0.4506.2152; .NET CLR 3.5.30729; .NET4.0C; .NET4.0E)"
91.186.76.131 - - [18/Mar/2013:10:04:11 +0100] "GET /img/lay03.gif HTTP/1.1" 200 253 "http://www.dialyse-in-salzwedel.de/seiten/dialyse.htm" "Mozilla/4.0 (compatible; MSIE 8.0; Windows NT 5.1; Trident/4.0; .NET CLR 1.1.4322; .NET CLR 2.0.50727; .NET CLR 3.0.4506.2152; .NET CLR 3.5.30729; .NET4.0C; .NET4.0E)"
91.186.76.131 - - [18/Mar/2013:10:04:11 +0100] "GET /img/lay01.gif HTTP/1.1" 200 149 "http://www.dialyse-in-salzwedel.de/seiten/dialyse.htm" "Mozilla/4.0 (compatible; MSIE 8.0; Windows NT 5.1; Trident/4.0; .NET CLR 1.1.4322; .NET CLR 2.0.50727; .NET CLR 3.0.4506.2152; .NET CLR 3.5.30729; .NET4.0C; .NET4.0E)"
91.186.76.131 - - [18/Mar/2013:10:04:11 +0100] "GET /img/1px.gif HTTP/1.1" 200 43 "http://www.dialyse-in-salzwedel.de/seiten/dialyse.htm" "Mozilla/4.0 (compatible; MSIE 8.0; Windows NT 5.1; Trident/4.0; .NET CLR 1.1.4322; .NET CLR 2.0.50727; .NET CLR 3.0.4506.2152; .NET CLR 3.5.30729; .NET4.0C; .NET4.0E)"
91.186.76.131 - - [18/Mar/2013:10:04:11 +0100] "GET /img/bg01.gif HTTP/1.1" 200 70 "http://www.dialyse-in-salzwedel.de/seiten/dialyse.htm" "Mozilla/4.0 (compatible; MSIE 8.0; Windows NT 5.1; Trident/4.0; .NET CLR 1.1.4322; .NET CLR 2.0.50727; .NET CLR 3.0.4506.2152; .NET CLR 3.5.30729; .NET4.0C; .NET4.0E)"
91.186.76.131 - - [18/Mar/2013:10:04:11 +0100] "GET /img/men03.gif HTTP/1.1" 200 999 "http://www.dialyse-in-salzwedel.de/seiten/dialyse.htm" "Mozilla/4.0 (compatible; MSIE 8.0; Windows NT 5.1; Trident/4.0; .NET CLR 1.1.4322; .NET CLR 2.0.50727; .NET CLR 3.0.4506.2152; .NET CLR 3.5.30729; .NET4.0C; .NET4.0E)"
91.186.76.131 - - [18/Mar/2013:10:04:11 +0100] "GET /img/men04.gif HTTP/1.1" 200 1234 "http://www.dialyse-in-salzwedel.de/seiten/dialyse.htm" "Mozilla/4.0 (compatible; MSIE 8.0; Windows NT 5.1; Trident/4.0; .NET CLR 1.1.4322; .NET CLR 2.0.50727; .NET CLR 3.0.4506.2152; .NET CLR 3.5.30729; .NET4.0C; .NET4.0E)"
91.186.76.131 - - [18/Mar/2013:10:04:11 +0100] "GET /img/men06.gif HTTP/1.1" 200 904 "http://www.dialyse-in-salzwedel.de/seiten/dialyse.htm" "Mozilla/4.0 (compatible; MSIE 8.0; Windows NT 5.1; Trident/4.0; .NET CLR 1.1.4322; .NET CLR 2.0.50727; .NET CLR 3.0.4506.2152; .NET CLR 3.5.30729; .NET4.0C; .NET4.0E)"
91.186.76.131 - - [18/Mar/2013:10:04:11 +0100] "GET /img/men02.gif HTTP/1.1" 200 758 "http://www.dialyse-in-salzwedel.de/seiten/dialyse.htm" "Mozilla/4.0 (compatible; MSIE 8.0; Windows NT 5.1; Trident/4.0; .NET CLR 1.1.4322; .NET CLR 2.0.50727; .NET CLR 3.0.4506.2152; .NET CLR 3.5.30729; .NET4.0C; .NET4.0E)"
91.186.76.131 - - [18/Mar/2013:10:04:11 +0100] "GET /img/men07.gif HTTP/1.1" 200 893 "http://www.dialyse-in-salzwedel.de/seiten/dialyse.htm" "Mozilla/4.0 (compatible; MSIE 8.0; Windows NT 5.1; Trident/4.0; .NET CLR 1.1.4322; .NET CLR 2.0.50727; .NET CLR 3.0.4506.2152; .NET CLR 3.5.30729; .NET4.0C; .NET4.0E)"
91.186.76.131 - - [18/Mar/2013:10:04:11 +0100] "GET /img/meno03.gif HTTP/1.1" 200 931 "http://www.dialyse-in-salzwedel.de/seiten/dialyse.htm" "Mozilla/4.0 (compatible; MSIE 8.0; Windows NT 5.1; Trident/4.0; .NET CLR 1.1.4322; .NET CLR 2.0.50727; .NET CLR 3.0.4506.2152; .NET CLR 3.5.30729; .NET4.0C; .NET4.0E)"
91.186.76.131 - - [18/Mar/2013:10:04:11 +0100] "GET /img/men01.gif HTTP/1.1" 200 702 "http://www.dialyse-in-salzwedel.de/seiten/dialyse.htm" "Mozilla/4.0 (compatible; MSIE 8.0; Windows NT 5.1; Trident/4.0; .NET CLR 1.1.4322; .NET CLR 2.0.50727; .NET CLR 3.0.4506.2152; .NET CLR 3.5.30729; .NET4.0C; .NET4.0E)"
91.186.76.131 - - [18/Mar/2013:10:04:11 +0100] "GET /img/men08.gif HTTP/1.1" 200 1069 "http://www.dialyse-in-salzwedel.de/seiten/dialyse.htm" "Mozilla/4.0 (compatible; MSIE 8.0; Windows NT 5.1; Trident/4.0; .NET CLR 1.1.4322; .NET CLR 2.0.50727; .NET CLR 3.0.4506.2152; .NET CLR 3.5.30729; .NET4.0C; .NET4.0E)"
91.186.76.131 - - [18/Mar/2013:10:04:12 +0100] "GET /img/men09.gif HTTP/1.1" 200 1200 "http://www.dialyse-in-salzwedel.de/seiten/dialyse.htm" "Mozilla/4.0 (compatible; MSIE 8.0; Windows NT 5.1; Trident/4.0; .NET CLR 1.1.4322; .NET CLR 2.0.50727; .NET CLR 3.0.4506.2152; .NET CLR 3.5.30729; .NET4.0C; .NET4.0E)"
91.186.76.131 - - [18/Mar/2013:10:04:12 +0100] "GET /img/lay02.gif HTTP/1.1" 200 153 "http://www.dialyse-in-salzwedel.de/seiten/dialyse.htm" "Mozilla/4.0 (compatible; MSIE 8.0; Windows NT 5.1; Trident/4.0; .NET CLR 1.1.4322; .NET CLR 2.0.50727; .NET CLR 3.0.4506.2152; .NET CLR 3.5.30729; .NET4.0C; .NET4.0E)"
91.186.76.131 - - [18/Mar/2013:10:04:13 +0100] "GET /img/bg03.gif HTTP/1.1" 200 84 "http://www.dialyse-in-salzwedel.de/seiten/dialyse.htm" "Mozilla/4.0 (compatible; MSIE 8.0; Windows NT 5.1; Trident/4.0; .NET CLR 1.1.4322; .NET CLR 2.0.50727; .NET CLR 3.0.4506.2152; .NET CLR 3.5.30729; .NET4.0C; .NET4.0E)"
91.186.76.131 - - [18/Mar/2013:10:04:13 +0100] "GET /img/lay04.gif HTTP/1.1" 200 272 "http://www.dialyse-in-salzwedel.de/seiten/dialyse.htm" "Mozilla/4.0 (compatible; MSIE 8.0; Windows NT 5.1; Trident/4.0; .NET CLR 1.1.4322; .NET CLR 2.0.50727; .NET CLR 3.0.4506.2152; .NET CLR 3.5.30729; .NET4.0C; .NET4.0E)"
91.186.76.131 - - [18/Mar/2013:10:04:13 +0100] "GET /img/bg02.gif HTTP/1.1" 200 67 "http://www.dialyse-in-salzwedel.de/seiten/dialyse.htm" "Mozilla/4.0 (compatible; MSIE 8.0; Windows NT 5.1; Trident/4.0; .NET CLR 1.1.4322; .NET CLR 2.0.50727; .NET CLR 3.0.4506.2152; .NET CLR 3.5.30729; .NET4.0C; .NET4.0E)"
91.186.76.131 - - [18/Mar/2013:10:04:13 +0100] "GET /img/bg04.gif HTTP/1.1" 200 92 "http://www.dialyse-in-salzwedel.de/seiten/dialyse.htm" "Mozilla/4.0 (compatible; MSIE 8.0; Windows NT 5.1; Trident/4.0; .NET CLR 1.1.4322; .NET CLR 2.0.50727; .NET CLR 3.0.4506.2152; .NET CLR 3.5.30729; .NET4.0C; .NET4.0E)"
91.5.149.7 - - [18/Mar/2013:10:27:27 +0100] "GET / HTTP/1.1" 304 - "http://www.google.de/url?sa=t&rct=j&q=dyalise%20salzwedel&source=web&cd=1&ved=0CDUQFjAA&url=http%3A%2F%2Fwww.dialyse-in-salzwedel.de%2F&ei=m91GUfj3NsWOtAbNkIDADA&usg=AFQjCNHBZzdzRK6NkOJc_vuRxJ6F08FD_w&bvm=bv.43828540,d.Yms" "Mozilla/5.0 (Windows NT 5.1; rv:19.0) Gecko/20100101 Firefox/19.0"
91.5.149.7 - - [18/Mar/2013:10:27:27 +0100] "GET /scripte/basics.js HTTP/1.1" 304 - "http://www.dialyse-in-salzwedel.de/" "Mozilla/5.0 (Windows NT 5.1; rv:19.0) Gecko/20100101 Firefox/19.0"
91.5.149.7 - - [18/Mar/2013:10:27:27 +0100] "GET /css/style.css HTTP/1.1" 304 - "http://www.dialyse-in-salzwedel.de/" "Mozilla/5.0 (Windows NT 5.1; rv:19.0) Gecko/20100101 Firefox/19.0"
91.5.149.7 - - [18/Mar/2013:10:27:27 +0100] "GET /seiten/start.htm HTTP/1.1" 304 - "http://www.dialyse-in-salzwedel.de/" "Mozilla/5.0 (Windows NT 5.1; rv:19.0) Gecko/20100101 Firefox/19.0"
91.5.149.7 - - [18/Mar/2013:10:27:27 +0100] "GET /favicon.ico HTTP/1.1" 404 1256 "-" "Mozilla/5.0 (Windows NT 5.1; rv:19.0) Gecko/20100101 Firefox/19.0"
91.5.149.7 - - [18/Mar/2013:10:27:27 +0100] "GET /img/head.gif HTTP/1.1" 304 - "http://www.dialyse-in-salzwedel.de/seiten/start.htm" "Mozilla/5.0 (Windows NT 5.1; rv:19.0) Gecko/20100101 Firefox/19.0"
91.5.149.7 - - [18/Mar/2013:10:27:27 +0100] "GET /img/men01.gif HTTP/1.1" 304 - "http://www.dialyse-in-salzwedel.de/seiten/start.htm" "Mozilla/5.0 (Windows NT 5.1; rv:19.0) Gecko/20100101 Firefox/19.0"
91.5.149.7 - - [18/Mar/2013:10:27:27 +0100] "GET /img/men03.gif HTTP/1.1" 304 - "http://www.dialyse-in-salzwedel.de/seiten/start.htm" "Mozilla/5.0 (Windows NT 5.1; rv:19.0) Gecko/20100101 Firefox/19.0"
91.5.149.7 - - [18/Mar/2013:10:27:27 +0100] "GET /img/men04.gif HTTP/1.1" 304 - "http://www.dialyse-in-salzwedel.de/seiten/start.htm" "Mozilla/5.0 (Windows NT 5.1; rv:19.0) Gecko/20100101 Firefox/19.0"
91.5.149.7 - - [18/Mar/2013:10:27:27 +0100] "GET /img/men05.gif HTTP/1.1" 304 - "http://www.dialyse-in-salzwedel.de/seiten/start.htm" "Mozilla/5.0 (Windows NT 5.1; rv:19.0) Gecko/20100101 Firefox/19.0"
91.5.149.7 - - [18/Mar/2013:10:27:27 +0100] "GET /img/men06.gif HTTP/1.1" 304 - "http://www.dialyse-in-salzwedel.de/seiten/start.htm" "Mozilla/5.0 (Windows NT 5.1; rv:19.0) Gecko/20100101 Firefox/19.0"
91.5.149.7 - - [18/Mar/2013:10:27:27 +0100] "GET /img/men08.gif HTTP/1.1" 304 - "http://www.dialyse-in-salzwedel.de/seiten/start.htm" "Mozilla/5.0 (Windows NT 5.1; rv:19.0) Gecko/20100101 Firefox/19.0"
91.5.149.7 - - [18/Mar/2013:10:27:27 +0100] "GET /img/men09.gif HTTP/1.1" 304 - "http://www.dialyse-in-salzwedel.de/seiten/start.htm" "Mozilla/5.0 (Windows NT 5.1; rv:19.0) Gecko/20100101 Firefox/19.0"
91.5.149.7 - - [18/Mar/2013:10:27:27 +0100] "GET /img/men02.gif HTTP/1.1" 304 - "http://www.dialyse-in-salzwedel.de/seiten/start.htm" "Mozilla/5.0 (Windows NT 5.1; rv:19.0) Gecko/20100101 Firefox/19.0"
91.5.149.7 - - [18/Mar/2013:10:27:27 +0100] "GET /img/lay01.gif HTTP/1.1" 304 - "http://www.dialyse-in-salzwedel.de/seiten/start.htm" "Mozilla/5.0 (Windows NT 5.1; rv:19.0) Gecko/20100101 Firefox/19.0"
91.5.149.7 - - [18/Mar/2013:10:27:27 +0100] "GET /img/lay02.gif HTTP/1.1" 304 - "http://www.dialyse-in-salzwedel.de/seiten/start.htm" "Mozilla/5.0 (Windows NT 5.1; rv:19.0) Gecko/20100101 Firefox/19.0"
91.5.149.7 - - [18/Mar/2013:10:27:27 +0100] "GET /img/start.jpg HTTP/1.1" 304 - "http://www.dialyse-in-salzwedel.de/seiten/start.htm" "Mozilla/5.0 (Windows NT 5.1; rv:19.0) Gecko/20100101 Firefox/19.0"
91.5.149.7 - - [18/Mar/2013:10:27:27 +0100] "GET /img/lay03.gif HTTP/1.1" 304 - "http://www.dialyse-in-salzwedel.de/seiten/start.htm" "Mozilla/5.0 (Windows NT 5.1; rv:19.0) Gecko/20100101 Firefox/19.0"
91.5.149.7 - - [18/Mar/2013:10:27:27 +0100] "GET /img/1px.gif HTTP/1.1" 304 - "http://www.dialyse-in-salzwedel.de/seiten/start.htm" "Mozilla/5.0 (Windows NT 5.1; rv:19.0) Gecko/20100101 Firefox/19.0"
91.5.149.7 - - [18/Mar/2013:10:27:27 +0100] "GET /img/lay04.gif HTTP/1.1" 304 - "http://www.dialyse-in-salzwedel.de/seiten/start.htm" "Mozilla/5.0 (Windows NT 5.1; rv:19.0) Gecko/20100101 Firefox/19.0"
91.5.149.7 - - [18/Mar/2013:10:27:27 +0100] "GET /img/bg02.gif HTTP/1.1" 304 - "http://www.dialyse-in-salzwedel.de/seiten/start.htm" "Mozilla/5.0 (Windows NT 5.1; rv:19.0) Gecko/20100101 Firefox/19.0"
91.5.149.7 - - [18/Mar/2013:10:27:28 +0100] "GET /img/bg01.gif HTTP/1.1" 304 - "http://www.dialyse-in-salzwedel.de/seiten/start.htm" "Mozilla/5.0 (Windows NT 5.1; rv:19.0) Gecko/20100101 Firefox/19.0"
91.5.149.7 - - [18/Mar/2013:10:27:28 +0100] "GET /img/bg03.gif HTTP/1.1" 304 - "http://www.dialyse-in-salzwedel.de/seiten/start.htm" "Mozilla/5.0 (Windows NT 5.1; rv:19.0) Gecko/20100101 Firefox/19.0"
91.5.149.7 - - [18/Mar/2013:10:27:28 +0100] "GET /img/bg04.gif HTTP/1.1" 304 - "http://www.dialyse-in-salzwedel.de/seiten/start.htm" "Mozilla/5.0 (Windows NT 5.1; rv:19.0) Gecko/20100101 Firefox/19.0"
91.5.149.7 - - [18/Mar/2013:10:27:28 +0100] "GET /img/men07.gif HTTP/1.1" 304 - "http://www.dialyse-in-salzwedel.de/seiten/start.htm" "Mozilla/5.0 (Windows NT 5.1; rv:19.0) Gecko/20100101 Firefox/19.0"
91.5.149.7 - - [18/Mar/2013:10:27:29 +0100] "GET /img/meno06.gif HTTP/1.1" 304 - "http://www.dialyse-in-salzwedel.de/seiten/start.htm" "Mozilla/5.0 (Windows NT 5.1; rv:19.0) Gecko/20100101 Firefox/19.0"
91.5.149.7 - - [18/Mar/2013:10:27:29 +0100] "GET /img/meno07.gif HTTP/1.1" 200 1052 "http://www.dialyse-in-salzwedel.de/seiten/start.htm" "Mozilla/5.0 (Windows NT 5.1; rv:19.0) Gecko/20100101 Firefox/19.0"
91.5.149.7 - - [18/Mar/2013:10:27:29 +0100] "GET /img/meno06.gif HTTP/1.1" 304 - "http://www.dialyse-in-salzwedel.de/seiten/start.htm" "Mozilla/5.0 (Windows NT 5.1; rv:19.0) Gecko/20100101 Firefox/19.0"
91.5.149.7 - - [18/Mar/2013:10:27:30 +0100] "GET /seiten/kontakt.htm HTTP/1.1" 304 - "http://www.dialyse-in-salzwedel.de/seiten/start.htm" "Mozilla/5.0 (Windows NT 5.1; rv:19.0) Gecko/20100101 Firefox/19.0"
66.249.78.99 - - [18/Mar/2013:11:08:50 +0100] "GET /robots.txt HTTP/1.1" 404 1256 "-" "Mozilla/5.0 (compatible; Googlebot/2.1; +http://www.google.com/bot.html)"
66.249.78.99 - - [18/Mar/2013:11:08:50 +0100] "GET /seiten/kontakt.htm HTTP/1.1" 304 - "-" "Mozilla/5.0 (iPhone; U; CPU iPhone OS 4_1 like Mac OS X; en-us) AppleWebKit/532.9 (KHTML, like Gecko) Version/4.0.5 Mobile/8B117 Safari/6531.22.7 (compatible; Googlebot-Mobile/2.1; +http://www.google.com/bot.html)"
157.56.93.217 - - [18/Mar/2013:12:23:54 +0100] "GET /robots.txt HTTP/1.1" 404 1256 "-" "Mozilla/5.0 (compatible; bingbot/2.0; +http://www.bing.com/bingbot.htm)"
157.56.93.217 - - [18/Mar/2013:12:25:27 +0100] "GET /seiten/kontakt.htm HTTP/1.1" 200 5472 "-" "Mozilla/5.0 (compatible; bingbot/2.0; +http://www.bing.com/bingbot.htm)"
130.83.167.153 - - [18/Mar/2013:13:00:22 +0100] "GET /seiten/praxis.htm HTTP/1.1" 200 5018 "-" "findlinks/2.6 (+http://wortschatz.uni-leipzig.de/findlinks/)"
141.8.147.12 - - [18/Mar/2013:13:25:35 +0100] "GET / HTTP/1.1" 200 2301 "-" "Mozilla/5.0 (compatible; YandexBot/3.0; +http://yandex.com/bots)"
139.18.2.209 - - [18/Mar/2013:14:19:56 +0100] "GET /seiten/impressum.htm HTTP/1.1" 200 6907 "-" "findlinks/2.6 (+http://wortschatz.uni-leipzig.de/findlinks/)"
142.0.137.97 - - [18/Mar/2013:14:58:23 +0100] "GET /seiten/links.htm HTTP/1.0" 200 5092 "http://www.dialyse-in-salzwedel.de/seiten/links.htm" "Mozilla/4.0 (compatible; MSIE 8.0; Windows NT 5.1; Trident/4.0; .NET CLR 2.0.50727; .NET CLR 3.0.4506.2152; .NET CLR 3.5.30729)"
208.115.113.82 - - [18/Mar/2013:15:04:55 +0100] "GET /robots.txt HTTP/1.1" 404 1256 "-" "Mozilla/5.0 (compatible; Ezooms/1.0; ezooms.bot@gmail.com)"
66.249.75.109 - - [18/Mar/2013:16:53:00 +0100] "GET / HTTP/1.1" 200 2301 "-" "Mozilla/5.0 (iPhone; U; CPU iPhone OS 4_1 like Mac OS X; en-us) AppleWebKit/532.9 (KHTML, like Gecko) Version/4.0.5 Mobile/8B117 Safari/6531.22.7 (compatible; Googlebot-Mobile/2.1; +http://www.google.com/bot.html)"
66.249.75.109 - - [18/Mar/2013:16:57:50 +0100] "GET /css/style.css HTTP/1.1" 200 3212 "-" "Mozilla/5.0 (compatible; Googlebot/2.1; +http://www.google.com/bot.html)"
208.115.113.82 - - [18/Mar/2013:17:02:22 +0100] "GET /seiten/function.include HTTP/1.1" 404 1256 "-" "Mozilla/5.0 (compatible; Ezooms/1.0; ezooms.bot@gmail.com)"
130.83.167.153 - - [18/Mar/2013:17:21:49 +0100] "GET / HTTP/1.1" 200 2301 "-" "findlinks/2.6 (+http://wortschatz.uni-leipzig.de/findlinks/)"
217.85.218.3 - - [18/Mar/2013:17:49:41 +0100] "GET /seiten/dialyse.htm HTTP/1.1" 200 4906 "http://www.google.de/imgres?q=fresenius+medical+4008h&start=135&hl=de&client=safari&rls=en&biw=1848&bih=986&tbm=isch&tbnid=X1I_YDZL3jeJTM:&imgrefurl=http://www.dialyse-in-salzwedel.de/seiten/dialyse.htm&docid=PUbPJtek_nfasM&imgurl=http://www.dialyse-in-salzwedel.de/img/dialyse.jpg&w=360&h=312&ei=CkVHUfDpManh4QTA_IDQBw&zoom=1&sa=X&ved=0CPoBEK0DMFI4ZA&iact=hc&vpx=73&vpy=666&dur=13657&hovh=209&hovw=241&tx=101&ty=146&page=3&tbnh=150&tbnw=172&ndsp=82" "Mozilla/5.0 (Macintosh; Intel Mac OS X 10_7_5) AppleWebKit/536.26.17 (KHTML, like Gecko) Version/6.0.2 Safari/536.26.17"
217.85.218.3 - - [18/Mar/2013:17:49:41 +0100] "GET /css/style.css HTTP/1.1" 200 3212 "http://www.dialyse-in-salzwedel.de/seiten/dialyse.htm" "Mozilla/5.0 (Macintosh; Intel Mac OS X 10_7_5) AppleWebKit/536.26.17 (KHTML, like Gecko) Version/6.0.2 Safari/536.26.17"
217.85.218.3 - - [18/Mar/2013:17:49:41 +0100] "GET /scripte/basics.js HTTP/1.1" 200 1078 "http://www.dialyse-in-salzwedel.de/seiten/dialyse.htm" "Mozilla/5.0 (Macintosh; Intel Mac OS X 10_7_5) AppleWebKit/536.26.17 (KHTML, like Gecko) Version/6.0.2 Safari/536.26.17"
217.85.218.3 - - [18/Mar/2013:17:49:41 +0100] "GET /img/head.gif HTTP/1.1" 200 4213 "http://www.dialyse-in-salzwedel.de/seiten/dialyse.htm" "Mozilla/5.0 (Macintosh; Intel Mac OS X 10_7_5) AppleWebKit/536.26.17 (KHTML, like Gecko) Version/6.0.2 Safari/536.26.17"
217.85.218.3 - - [18/Mar/2013:17:49:41 +0100] "GET /img/men01.gif HTTP/1.1" 200 702 "http://www.dialyse-in-salzwedel.de/seiten/dialyse.htm" "Mozilla/5.0 (Macintosh; Intel Mac OS X 10_7_5) AppleWebKit/536.26.17 (KHTML, like Gecko) Version/6.0.2 Safari/536.26.17"
217.85.218.3 - - [18/Mar/2013:17:49:41 +0100] "GET /img/men06.gif HTTP/1.1" 200 904 "http://www.dialyse-in-salzwedel.de/seiten/dialyse.htm" "Mozilla/5.0 (Macintosh; Intel Mac OS X 10_7_5) AppleWebKit/536.26.17 (KHTML, like Gecko) Version/6.0.2 Safari/536.26.17"
217.85.218.3 - - [18/Mar/2013:17:49:41 +0100] "GET /img/meno03.gif HTTP/1.1" 200 931 "http://www.dialyse-in-salzwedel.de/seiten/dialyse.htm" "Mozilla/5.0 (Macintosh; Intel Mac OS X 10_7_5) AppleWebKit/536.26.17 (KHTML, like Gecko) Version/6.0.2 Safari/536.26.17"
217.85.218.3 - - [18/Mar/2013:17:49:41 +0100] "GET /img/men04.gif HTTP/1.1" 200 1234 "http://www.dialyse-in-salzwedel.de/seiten/dialyse.htm" "Mozilla/5.0 (Macintosh; Intel Mac OS X 10_7_5) AppleWebKit/536.26.17 (KHTML, like Gecko) Version/6.0.2 Safari/536.26.17"
217.85.218.3 - - [18/Mar/2013:17:49:41 +0100] "GET /img/men03.gif HTTP/1.1" 200 999 "http://www.dialyse-in-salzwedel.de/seiten/dialyse.htm" "Mozilla/5.0 (Macintosh; Intel Mac OS X 10_7_5) AppleWebKit/536.26.17 (KHTML, like Gecko) Version/6.0.2 Safari/536.26.17"
217.85.218.3 - - [18/Mar/2013:17:49:41 +0100] "GET /img/men07.gif HTTP/1.1" 200 893 "http://www.dialyse-in-salzwedel.de/seiten/dialyse.htm" "Mozilla/5.0 (Macintosh; Intel Mac OS X 10_7_5) AppleWebKit/536.26.17 (KHTML, like Gecko) Version/6.0.2 Safari/536.26.17"
217.85.218.3 - - [18/Mar/2013:17:49:41 +0100] "GET /img/men08.gif HTTP/1.1" 200 1069 "http://www.dialyse-in-salzwedel.de/seiten/dialyse.htm" "Mozilla/5.0 (Macintosh; Intel Mac OS X 10_7_5) AppleWebKit/536.26.17 (KHTML, like Gecko) Version/6.0.2 Safari/536.26.17"
217.85.218.3 - - [18/Mar/2013:17:49:41 +0100] "GET /img/men09.gif HTTP/1.1" 200 1200 "http://www.dialyse-in-salzwedel.de/seiten/dialyse.htm" "Mozilla/5.0 (Macintosh; Intel Mac OS X 10_7_5) AppleWebKit/536.26.17 (KHTML, like Gecko) Version/6.0.2 Safari/536.26.17"
217.85.218.3 - - [18/Mar/2013:17:49:41 +0100] "GET /img/men02.gif HTTP/1.1" 200 758 "http://www.dialyse-in-salzwedel.de/seiten/dialyse.htm" "Mozilla/5.0 (Macintosh; Intel Mac OS X 10_7_5) AppleWebKit/536.26.17 (KHTML, like Gecko) Version/6.0.2 Safari/536.26.17"
217.85.218.3 - - [18/Mar/2013:17:49:41 +0100] "GET /img/lay01.gif HTTP/1.1" 200 149 "http://www.dialyse-in-salzwedel.de/seiten/dialyse.htm" "Mozilla/5.0 (Macintosh; Intel Mac OS X 10_7_5) AppleWebKit/536.26.17 (KHTML, like Gecko) Version/6.0.2 Safari/536.26.17"
217.85.218.3 - - [18/Mar/2013:17:49:41 +0100] "GET /img/lay02.gif HTTP/1.1" 200 153 "http://www.dialyse-in-salzwedel.de/seiten/dialyse.htm" "Mozilla/5.0 (Macintosh; Intel Mac OS X 10_7_5) AppleWebKit/536.26.17 (KHTML, like Gecko) Version/6.0.2 Safari/536.26.17"
217.85.218.3 - - [18/Mar/2013:17:49:41 +0100] "GET /img/dialyse.jpg HTTP/1.1" 200 21241 "http://www.dialyse-in-salzwedel.de/seiten/dialyse.htm" "Mozilla/5.0 (Macintosh; Intel Mac OS X 10_7_5) AppleWebKit/536.26.17 (KHTML, like Gecko) Version/6.0.2 Safari/536.26.17"
217.85.218.3 - - [18/Mar/2013:17:49:41 +0100] "GET /img/lay03.gif HTTP/1.1" 200 253 "http://www.dialyse-in-salzwedel.de/seiten/dialyse.htm" "Mozilla/5.0 (Macintosh; Intel Mac OS X 10_7_5) AppleWebKit/536.26.17 (KHTML, like Gecko) Version/6.0.2 Safari/536.26.17"
217.85.218.3 - - [18/Mar/2013:17:49:41 +0100] "GET /img/1px.gif HTTP/1.1" 200 43 "http://www.dialyse-in-salzwedel.de/seiten/dialyse.htm" "Mozilla/5.0 (Macintosh; Intel Mac OS X 10_7_5) AppleWebKit/536.26.17 (KHTML, like Gecko) Version/6.0.2 Safari/536.26.17"
217.85.218.3 - - [18/Mar/2013:17:49:41 +0100] "GET /img/lay04.gif HTTP/1.1" 200 272 "http://www.dialyse-in-salzwedel.de/seiten/dialyse.htm" "Mozilla/5.0 (Macintosh; Intel Mac OS X 10_7_5) AppleWebKit/536.26.17 (KHTML, like Gecko) Version/6.0.2 Safari/536.26.17"
217.85.218.3 - - [18/Mar/2013:17:49:41 +0100] "GET /img/bg02.gif HTTP/1.1" 200 67 "http://www.dialyse-in-salzwedel.de/seiten/dialyse.htm" "Mozilla/5.0 (Macintosh; Intel Mac OS X 10_7_5) AppleWebKit/536.26.17 (KHTML, like Gecko) Version/6.0.2 Safari/536.26.17"
217.85.218.3 - - [18/Mar/2013:17:49:41 +0100] "GET /img/bg01.gif HTTP/1.1" 200 70 "http://www.dialyse-in-salzwedel.de/seiten/dialyse.htm" "Mozilla/5.0 (Macintosh; Intel Mac OS X 10_7_5) AppleWebKit/536.26.17 (KHTML, like Gecko) Version/6.0.2 Safari/536.26.17"
217.85.218.3 - - [18/Mar/2013:17:49:41 +0100] "GET /img/bg03.gif HTTP/1.1" 200 84 "http://www.dialyse-in-salzwedel.de/seiten/dialyse.htm" "Mozilla/5.0 (Macintosh; Intel Mac OS X 10_7_5) AppleWebKit/536.26.17 (KHTML, like Gecko) Version/6.0.2 Safari/536.26.17"
217.85.218.3 - - [18/Mar/2013:17:49:41 +0100] "GET /img/bg04.gif HTTP/1.1" 200 92 "http://www.dialyse-in-salzwedel.de/seiten/dialyse.htm" "Mozilla/5.0 (Macintosh; Intel Mac OS X 10_7_5) AppleWebKit/536.26.17 (KHTML, like Gecko) Version/6.0.2 Safari/536.26.17"
217.85.218.3 - - [18/Mar/2013:17:49:51 +0100] "GET /img/meno01.gif HTTP/1.1" 200 938 "http://www.dialyse-in-salzwedel.de/seiten/dialyse.htm" "Mozilla/5.0 (Macintosh; Intel Mac OS X 10_7_5) AppleWebKit/536.26.17 (KHTML, like Gecko) Version/6.0.2 Safari/536.26.17"
66.249.75.109 - - [18/Mar/2013:19:42:42 +0100] "GET /seiten/start.htm HTTP/1.1" 304 - "-" "Mozilla/5.0 (compatible; Googlebot/2.1; +http://www.google.com/bot.html)"
66.249.75.109 - - [18/Mar/2013:19:56:11 +0100] "GET / HTTP/1.1" 200 2301 "-" "Mozilla/5.0 (compatible; Googlebot/2.1; +http://www.google.com/bot.html)"
123.125.71.19 - - [18/Mar/2013:20:40:04 +0100] "GET /robots.txt HTTP/1.1" 404 1256 "-" "Mozilla/5.0 (Windows NT 5.1; rv:6.0.2) Gecko/20100101 Firefox/6.0.2"
66.249.75.109 - - [18/Mar/2013:22:47:41 +0100] "GET /seiten/impressum.htm HTTP/1.1" 304 - "-" "Mozilla/5.0 (iPhone; U; CPU iPhone OS 4_1 like Mac OS X; en-us) AppleWebKit/532.9 (KHTML, like Gecko) Version/4.0.5 Mobile/8B117 Safari/6531.22.7 (compatible; Googlebot-Mobile/2.1; +http://www.google.com/bot.html)"
65.55.24.216 - - [19/Mar/2013:01:50:46 +0100] "GET /robots.txt HTTP/1.1" 404 1256 "-" "Mozilla/5.0 (compatible; bingbot/2.0; +http://www.bing.com/bingbot.htm)"
65.55.24.216 - - [19/Mar/2013:01:52:40 +0100] "GET /seiten/start.htm HTTP/1.1" 200 4313 "-" "Mozilla/5.0 (compatible; bingbot/2.0; +http://www.bing.com/bingbot.htm)"
139.18.2.209 - - [19/Mar/2013:02:55:09 +0100] "GET /seiten/praxis.htm HTTP/1.1" 200 5018 "-" "findlinks/2.6 (+http://wortschatz.uni-leipzig.de/findlinks/)"
109.45.0.79 - - [19/Mar/2013:03:16:03 +0100] "GET /seiten/start.htm HTTP/1.1" 200 4313 "-" "Mozilla/5.0 (Linux; U; Android 4.1.1; de-de; GT-I9300 Build/JRO03C) AppleWebKit/534.30 (KHTML, like Gecko) Version/4.0 Mobile Safari/534.30"
109.45.0.79 - - [19/Mar/2013:03:16:03 +0100] "GET /scripte/basics.js HTTP/1.1" 200 1078 "-" "Mozilla/5.0 (Linux; U; Android 4.1.1; de-de; GT-I9300 Build/JRO03C) AppleWebKit/534.30 (KHTML, like Gecko) Version/4.0 Mobile Safari/534.30"
109.45.0.79 - - [19/Mar/2013:03:16:04 +0100] "GET /css/style.css HTTP/1.1" 200 3212 "-" "Mozilla/5.0 (Linux; U; Android 4.1.1; de-de; GT-I9300 Build/JRO03C) AppleWebKit/534.30 (KHTML, like Gecko) Version/4.0 Mobile Safari/534.30"
109.45.0.79 - - [19/Mar/2013:03:16:04 +0100] "GET /img/men01.gif HTTP/1.1" 200 702 "http://www.dialyse-in-salzwedel.de/seiten/start.htm" "Mozilla/5.0 (Linux; U; Android 4.1.1; de-de; GT-I9300 Build/JRO03C) AppleWebKit/534.30 (KHTML, like Gecko) Version/4.0 Mobile Safari/534.30"
109.45.0.79 - - [19/Mar/2013:03:16:04 +0100] "GET /img/men03.gif HTTP/1.1" 200 999 "http://www.dialyse-in-salzwedel.de/seiten/start.htm" "Mozilla/5.0 (Linux; U; Android 4.1.1; de-de; GT-I9300 Build/JRO03C) AppleWebKit/534.30 (KHTML, like Gecko) Version/4.0 Mobile Safari/534.30"
109.45.0.79 - - [19/Mar/2013:03:16:04 +0100] "GET /img/head.gif HTTP/1.1" 200 4213 "http://www.dialyse-in-salzwedel.de/seiten/start.htm" "Mozilla/5.0 (Linux; U; Android 4.1.1; de-de; GT-I9300 Build/JRO03C) AppleWebKit/534.30 (KHTML, like Gecko) Version/4.0 Mobile Safari/534.30"
109.45.0.79 - - [19/Mar/2013:03:16:04 +0100] "GET /img/men04.gif HTTP/1.1" 200 1234 "http://www.dialyse-in-salzwedel.de/seiten/start.htm" "Mozilla/5.0 (Linux; U; Android 4.1.1; de-de; GT-I9300 Build/JRO03C) AppleWebKit/534.30 (KHTML, like Gecko) Version/4.0 Mobile Safari/534.30"
109.45.0.79 - - [19/Mar/2013:03:16:04 +0100] "GET /img/men05.gif HTTP/1.1" 200 1042 "http://www.dialyse-in-salzwedel.de/seiten/start.htm" "Mozilla/5.0 (Linux; U; Android 4.1.1; de-de; GT-I9300 Build/JRO03C) AppleWebKit/534.30 (KHTML, like Gecko) Version/4.0 Mobile Safari/534.30"
109.45.0.79 - - [19/Mar/2013:03:16:04 +0100] "GET /img/men06.gif HTTP/1.1" 200 904 "http://www.dialyse-in-salzwedel.de/seiten/start.htm" "Mozilla/5.0 (Linux; U; Android 4.1.1; de-de; GT-I9300 Build/JRO03C) AppleWebKit/534.30 (KHTML, like Gecko) Version/4.0 Mobile Safari/534.30"
109.45.0.79 - - [19/Mar/2013:03:16:04 +0100] "GET /img/men07.gif HTTP/1.1" 200 893 "http://www.dialyse-in-salzwedel.de/seiten/start.htm" "Mozilla/5.0 (Linux; U; Android 4.1.1; de-de; GT-I9300 Build/JRO03C) AppleWebKit/534.30 (KHTML, like Gecko) Version/4.0 Mobile Safari/534.30"
109.45.0.79 - - [19/Mar/2013:03:16:04 +0100] "GET /img/men08.gif HTTP/1.1" 200 1069 "http://www.dialyse-in-salzwedel.de/seiten/start.htm" "Mozilla/5.0 (Linux; U; Android 4.1.1; de-de; GT-I9300 Build/JRO03C) AppleWebKit/534.30 (KHTML, like Gecko) Version/4.0 Mobile Safari/534.30"
109.45.0.79 - - [19/Mar/2013:03:16:04 +0100] "GET /img/lay02.gif HTTP/1.1" 200 153 "http://www.dialyse-in-salzwedel.de/seiten/start.htm" "Mozilla/5.0 (Linux; U; Android 4.1.1; de-de; GT-I9300 Build/JRO03C) AppleWebKit/534.30 (KHTML, like Gecko) Version/4.0 Mobile Safari/534.30"
109.45.0.79 - - [19/Mar/2013:03:16:04 +0100] "GET /img/bg02.gif HTTP/1.1" 200 67 "http://www.dialyse-in-salzwedel.de/seiten/start.htm" "Mozilla/5.0 (Linux; U; Android 4.1.1; de-de; GT-I9300 Build/JRO03C) AppleWebKit/534.30 (KHTML, like Gecko) Version/4.0 Mobile Safari/534.30"
109.45.0.79 - - [19/Mar/2013:03:16:04 +0100] "GET /img/lay04.gif HTTP/1.1" 200 272 "http://www.dialyse-in-salzwedel.de/seiten/start.htm" "Mozilla/5.0 (Linux; U; Android 4.1.1; de-de; GT-I9300 Build/JRO03C) AppleWebKit/534.30 (KHTML, like Gecko) Version/4.0 Mobile Safari/534.30"
109.45.0.79 - - [19/Mar/2013:03:16:04 +0100] "GET /img/1px.gif HTTP/1.1" 200 43 "http://www.dialyse-in-salzwedel.de/seiten/start.htm" "Mozilla/5.0 (Linux; U; Android 4.1.1; de-de; GT-I9300 Build/JRO03C) AppleWebKit/534.30 (KHTML, like Gecko) Version/4.0 Mobile Safari/534.30"
109.45.0.79 - - [19/Mar/2013:03:16:05 +0100] "GET /img/men09.gif HTTP/1.1" 200 1200 "http://www.dialyse-in-salzwedel.de/seiten/start.htm" "Mozilla/5.0 (Linux; U; Android 4.1.1; de-de; GT-I9300 Build/JRO03C) AppleWebKit/534.30 (KHTML, like Gecko) Version/4.0 Mobile Safari/534.30"
109.45.0.79 - - [19/Mar/2013:03:16:06 +0100] "GET /img/men02.gif HTTP/1.1" 200 758 "http://www.dialyse-in-salzwedel.de/seiten/start.htm" "Mozilla/5.0 (Linux; U; Android 4.1.1; de-de; GT-I9300 Build/JRO03C) AppleWebKit/534.30 (KHTML, like Gecko) Version/4.0 Mobile Safari/534.30"
109.45.0.79 - - [19/Mar/2013:03:16:06 +0100] "GET /img/lay01.gif HTTP/1.1" 200 149 "http://www.dialyse-in-salzwedel.de/seiten/start.htm" "Mozilla/5.0 (Linux; U; Android 4.1.1; de-de; GT-I9300 Build/JRO03C) AppleWebKit/534.30 (KHTML, like Gecko) Version/4.0 Mobile Safari/534.30"
