81.11.137.195 - - [17/Jan/2018:15:40:46 +0100] "GET /js/)[this.options.html? HTTP/1.1" 404 1256 "-" "Java/1.8.0_40"
81.11.137.195 - - [17/Jan/2018:15:40:46 +0100] "GET /js/'+t+' HTTP/1.1" 404 1256 "-" "Java/1.8.0_40"
13.56.229.65 - - [17/Jan/2018:15:53:43 +0100] "GET / HTTP/1.1" 200 3274 "-" "Mozilla/5.0 (Macintosh; Intel Mac OS X 10_12_6) AppleWebKit/537.36 (KHTML, like Gecko) Chrome/61.0.3163.100 Safari/537.36"
37.115.184.155 - - [17/Jan/2018:17:32:45 +0100] "GET / HTTP/1.1" 200 3274 "https://vdesnah.com/" "Opera/9.0 (Windows NT 5.1; U; en)"
37.115.184.155 - - [17/Jan/2018:17:32:46 +0100] "GET / HTTP/1.1" 200 3274 "https://vdesnah.com/" "Opera/9.0 (Windows NT 5.1; U; en)"
87.128.32.110 - - [17/Jan/2018:18:16:14 +0100] "GET / HTTP/1.1" 200 3274 "http://www.google.de/" "Mozilla/5.0 (Linux; Android 7.0; SM-G930F Build/NRD90M) AppleWebKit/537.36 (KHTML, like Gecko) Chrome/63.0.3239.111 Mobile Safari/537.36"
87.128.32.110 - - [17/Jan/2018:18:16:14 +0100] "GET /css/bootstrap-responsive.min.css HTTP/1.1" 200 16520 "http://www.dialyse-falkensee.de/" "Mozilla/5.0 (Linux; Android 7.0; SM-G930F Build/NRD90M) AppleWebKit/537.36 (KHTML, like Gecko) Chrome/63.0.3239.111 Mobile Safari/537.36"
87.128.32.110 - - [17/Jan/2018:18:16:14 +0100] "GET /js/bootstrap.min.js HTTP/1.1" 200 25764 "http://www.dialyse-falkensee.de/" "Mozilla/5.0 (Linux; Android 7.0; SM-G930F Build/NRD90M) AppleWebKit/537.36 (KHTML, like Gecko) Chrome/63.0.3239.111 Mobile Safari/537.36"
87.128.32.110 - - [17/Jan/2018:18:16:14 +0100] "GET /css/bootstrap.min.css HTTP/1.1" 200 101265 "http://www.dialyse-falkensee.de/" "Mozilla/5.0 (Linux; Android 7.0; SM-G930F Build/NRD90M) AppleWebKit/537.36 (KHTML, like Gecko) Chrome/63.0.3239.111 Mobile Safari/537.36"
87.128.32.110 - - [17/Jan/2018:18:16:14 +0100] "GET /img/glyphicons-halflings.png HTTP/1.1" 200 12799 "http://www.dialyse-falkensee.de/css/bootstrap.min.css" "Mozilla/5.0 (Linux; Android 7.0; SM-G930F Build/NRD90M) AppleWebKit/537.36 (KHTML, like Gecko) Chrome/63.0.3239.111 Mobile Safari/537.36"
87.128.32.110 - - [17/Jan/2018:18:16:14 +0100] "GET /ico/favicon.ico HTTP/1.1" 404 1256 "http://www.dialyse-falkensee.de/" "Mozilla/5.0 (Linux; Android 7.0; SM-G930F Build/NRD90M) AppleWebKit/537.36 (KHTML, like Gecko) Chrome/63.0.3239.111 Mobile Safari/537.36"
95.91.211.81 - - [17/Jan/2018:20:07:04 +0100] "GET / HTTP/1.1" 200 3274 "android-app://com.google.android.googlequicksearchbox" "Mozilla/5.0 (Linux; Android 7.0; SM-G950F Build/NRD90M) AppleWebKit/537.36 (KHTML, like Gecko) Chrome/63.0.3239.111 Mobile Safari/537.36"
95.91.211.81 - - [17/Jan/2018:20:07:04 +0100] "GET /css/bootstrap-responsive.min.css HTTP/1.1" 200 16520 "http://www.dialyse-falkensee.de/" "Mozilla/5.0 (Linux; Android 7.0; SM-G950F Build/NRD90M) AppleWebKit/537.36 (KHTML, like Gecko) Chrome/63.0.3239.111 Mobile Safari/537.36"
95.91.211.81 - - [17/Jan/2018:20:07:04 +0100] "GET /js/bootstrap.min.js HTTP/1.1" 200 25764 "http://www.dialyse-falkensee.de/" "Mozilla/5.0 (Linux; Android 7.0; SM-G950F Build/NRD90M) AppleWebKit/537.36 (KHTML, like Gecko) Chrome/63.0.3239.111 Mobile Safari/537.36"
95.91.211.81 - - [17/Jan/2018:20:07:04 +0100] "GET /css/bootstrap.min.css HTTP/1.1" 200 101265 "http://www.dialyse-falkensee.de/" "Mozilla/5.0 (Linux; Android 7.0; SM-G950F Build/NRD90M) AppleWebKit/537.36 (KHTML, like Gecko) Chrome/63.0.3239.111 Mobile Safari/537.36"
95.91.211.81 - - [17/Jan/2018:20:07:04 +0100] "GET /img/glyphicons-halflings.png HTTP/1.1" 200 12799 "http://www.dialyse-falkensee.de/css/bootstrap.min.css" "Mozilla/5.0 (Linux; Android 7.0; SM-G950F Build/NRD90M) AppleWebKit/537.36 (KHTML, like Gecko) Chrome/63.0.3239.111 Mobile Safari/537.36"
95.91.211.81 - - [17/Jan/2018:20:07:05 +0100] "GET /ico/favicon.ico HTTP/1.1" 404 1256 "http://www.dialyse-falkensee.de/" "Mozilla/5.0 (Linux; Android 7.0; SM-G950F Build/NRD90M) AppleWebKit/537.36 (KHTML, like Gecko) Chrome/63.0.3239.111 Mobile Safari/537.36"
193.203.193.252 - - [17/Jan/2018:21:08:51 +0100] "GET / HTTP/1.1" 200 3274 "-" "-"
193.203.193.252 - - [17/Jan/2018:21:08:51 +0100] "GET / HTTP/1.1" 200 3274 "-" "-"
37.115.184.155 - - [17/Jan/2018:21:50:58 +0100] "GET / HTTP/1.1" 200 3274 "http://continent-e.tv/" "Mozilla/4.0 (compatible; MSIE 6.0; Windows NT 5.1; SV1; FunWebProducts)"
37.115.184.155 - - [17/Jan/2018:21:50:59 +0100] "GET / HTTP/1.1" 200 3274 "http://continent-e.tv/" "Mozilla/4.0 (compatible; MSIE 6.0; Windows NT 5.1; SV1; FunWebProducts)"
37.115.184.155 - - [17/Jan/2018:21:51:00 +0100] "GET / HTTP/1.1" 200 3274 "http://continent-e.tv/" "Mozilla/4.0 (compatible; MSIE 6.0; Windows NT 5.1; SV1; FunWebProducts)"
193.203.193.252 - - [18/Jan/2018:00:06:58 +0100] "GET / HTTP/1.1" 200 3274 "-" "-"
193.203.193.252 - - [18/Jan/2018:00:06:58 +0100] "GET / HTTP/1.1" 200 3274 "-" "-"
37.115.184.155 - - [18/Jan/2018:04:49:38 +0100] "GET / HTTP/1.1" 200 3274 "https://zarabotat-na-sajte.ru/" "Mozilla/4.79 [en] (Windows NT 5.0; U)"
46.229.168.70 - - [18/Jan/2018:05:54:03 +0100] "GET / HTTP/1.1" 200 3274 "-" "Mozilla/5.0 (compatible; SemrushBot/1.2~bl; +http://www.semrush.com/bot.html)"
46.229.168.68 - - [18/Jan/2018:05:54:27 +0100] "GET /index.html HTTP/1.1" 200 3274 "-" "Mozilla/5.0 (compatible; SemrushBot/1.2~bl; +http://www.semrush.com/bot.html)"
193.41.37.3 - - [18/Jan/2018:08:17:26 +0100] "GET / HTTP/1.1" 200 3274 "https://www.google.de" "Mozilla/5.0 (Windows NT 6.1; WOW64; rv:45.0) Gecko/20100101 Firefox/45.0"
193.41.37.3 - - [18/Jan/2018:08:17:26 +0100] "GET /css/bootstrap-responsive.min.css HTTP/1.1" 200 16520 "http://www.dialyse-falkensee.de/" "Mozilla/5.0 (Windows NT 6.1; WOW64; rv:45.0) Gecko/20100101 Firefox/45.0"
193.41.37.3 - - [18/Jan/2018:08:17:26 +0100] "GET /ico/favicon.ico HTTP/1.1" 404 1256 "http://www.dialyse-falkensee.de/" "Mozilla/5.0 (Windows NT 6.1; WOW64; rv:45.0) Gecko/20100101 Firefox/45.0"
193.41.37.3 - - [18/Jan/2018:08:17:26 +0100] "GET /js/bootstrap.min.js HTTP/1.1" 200 25764 "http://www.dialyse-falkensee.de/" "Mozilla/5.0 (Windows NT 6.1; WOW64; rv:45.0) Gecko/20100101 Firefox/45.0"
193.41.37.3 - - [18/Jan/2018:08:17:26 +0100] "GET /css/bootstrap.min.css HTTP/1.1" 200 101265 "http://www.dialyse-falkensee.de/" "Mozilla/5.0 (Windows NT 6.1; WOW64; rv:45.0) Gecko/20100101 Firefox/45.0"
193.41.37.3 - - [18/Jan/2018:08:19:09 +0100] "GET /favicon.ico HTTP/1.1" 404 1256 "-" "Mozilla/5.0 (Windows NT 6.1; WOW64; rv:45.0) Gecko/20100101 Firefox/45.0"
193.41.37.3 - - [18/Jan/2018:08:19:09 +0100] "GET /favicon.ico HTTP/1.1" 404 1256 "-" "Mozilla/5.0 (Windows NT 6.1; WOW64; rv:45.0) Gecko/20100101 Firefox/45.0"
157.55.39.231 - - [18/Jan/2018:10:05:01 +0100] "GET /index.html HTTP/1.1" 304 - "-" "Mozilla/5.0 (compatible; bingbot/2.0; +http://www.bing.com/bingbot.htm)"
134.249.52.116 - - [18/Jan/2018:10:11:43 +0100] "GET / HTTP/1.1" 200 3274 "http://chatroulette.life/" "Mozilla/4.0 (compatible; MSIE 6.0; MSIE 5.5; Windows NT 4.0) Opera 7.0 [en]"
134.249.52.116 - - [18/Jan/2018:10:11:43 +0100] "GET / HTTP/1.1" 200 3274 "http://chatroulette.life/" "Mozilla/4.0 (compatible; MSIE 6.0; MSIE 5.5; Windows NT 4.0) Opera 7.0 [en]"
134.249.52.116 - - [18/Jan/2018:10:11:44 +0100] "GET / HTTP/1.1" 200 3274 "http://chatroulette.life/" "Mozilla/4.0 (compatible; MSIE 6.0; MSIE 5.5; Windows NT 4.0) Opera 7.0 [en]"
66.249.64.72 - - [18/Jan/2018:10:19:18 +0100] "GET /robots.txt HTTP/1.1" 404 1256 "-" "Mozilla/5.0 (compatible; Googlebot/2.1; +http://www.google.com/bot.html)"
66.249.64.70 - - [18/Jan/2018:10:19:19 +0100] "GET / HTTP/1.1" 200 3274 "-" "Mozilla/5.0 (Linux; Android 6.0.1; Nexus 5X Build/MMB29P) AppleWebKit/537.36 (KHTML, like Gecko) Chrome/41.0.2272.96 Mobile Safari/537.36 (compatible; Googlebot/2.1; +http://www.google.com/bot.html)"
165.225.72.236 - - [18/Jan/2018:10:28:26 +0100] "GET / HTTP/1.1" 200 3274 "http://bbnk.de/nierenzentren,office-18.html" "Mozilla/5.0 (Windows NT 6.1; WOW64; Trident/7.0; rv:11.0) like Gecko"
165.225.72.236 - - [18/Jan/2018:10:28:26 +0100] "GET /css/bootstrap-responsive.min.css HTTP/1.1" 200 16520 "http://www.dialyse-falkensee.de/" "Mozilla/5.0 (Windows NT 6.1; WOW64; Trident/7.0; rv:11.0) like Gecko"
165.225.72.236 - - [18/Jan/2018:10:28:26 +0100] "GET /js/bootstrap.min.js HTTP/1.1" 200 25764 "http://www.dialyse-falkensee.de/" "Mozilla/5.0 (Windows NT 6.1; WOW64; Trident/7.0; rv:11.0) like Gecko"
165.225.72.236 - - [18/Jan/2018:10:28:26 +0100] "GET /css/bootstrap.min.css HTTP/1.1" 200 101265 "http://www.dialyse-falkensee.de/" "Mozilla/5.0 (Windows NT 6.1; WOW64; Trident/7.0; rv:11.0) like Gecko"
165.225.72.236 - - [18/Jan/2018:10:28:26 +0100] "GET /ico/favicon.ico HTTP/1.1" 404 1256 "-" "Mozilla/5.0 (Windows NT 6.1; WOW64; Trident/7.0; rv:11.0) like Gecko"
165.225.72.236 - - [18/Jan/2018:10:28:26 +0100] "GET /img/glyphicons-halflings.png HTTP/1.1" 200 12799 "http://www.dialyse-falkensee.de/" "Mozilla/5.0 (Windows NT 6.1; WOW64; Trident/7.0; rv:11.0) like Gecko"
165.225.72.236 - - [18/Jan/2018:10:28:26 +0100] "GET /favicon.ico HTTP/1.1" 404 1256 "-" "Mozilla/5.0 (Windows NT 6.1; WOW64; Trident/7.0; rv:11.0) like Gecko"
85.25.202.18 - - [18/Jan/2018:12:38:10 +0100] "GET / HTTP/1.1" 200 3274 "http://www.sumaja.de/?such_wert=dialyse" "Mozilla/5.0 (Windows; U; Windows NT 6.1; de; rv:1.9.2.8) Gecko/20100722 Firefox/3.6.8 GTB7.1"
46.119.113.175 - - [18/Jan/2018:12:50:08 +0100] "GET / HTTP/1.1" 200 3274 "http://kinoduh.ru/" "Mozilla/0.6 Beta (Windows)"
46.119.113.175 - - [18/Jan/2018:12:50:09 +0100] "GET / HTTP/1.1" 200 3274 "http://kinoduh.ru/" "Mozilla/0.6 Beta (Windows)"
46.119.113.175 - - [18/Jan/2018:12:50:10 +0100] "GET / HTTP/1.1" 200 3274 "http://kinoduh.ru/" "Mozilla/0.6 Beta (Windows)"
134.249.52.116 - - [18/Jan/2018:13:34:35 +0100] "GET / HTTP/1.1" 200 3274 "http://nosecret.com.ua/" "Mozilla/4.0 (compatible; MSIE 5.5; Windows 95; BCD2000)"
134.249.52.116 - - [18/Jan/2018:13:34:36 +0100] "GET / HTTP/1.1" 200 3274 "http://nosecret.com.ua/" "Mozilla/4.0 (compatible; MSIE 5.5; Windows 95; BCD2000)"
134.249.52.116 - - [18/Jan/2018:13:34:36 +0100] "GET / HTTP/1.1" 200 3274 "http://nosecret.com.ua/" "Mozilla/4.0 (compatible; MSIE 5.5; Windows 95; BCD2000)"
134.249.52.116 - - [18/Jan/2018:13:37:36 +0100] "GET / HTTP/1.1" 200 3274 "http://perl.dp.ua/" "Mozilla/4.0 (compatible; MSIE 6.0; Windows NT 5.0)"
134.249.52.116 - - [18/Jan/2018:13:37:36 +0100] "GET / HTTP/1.1" 200 3274 "http://perl.dp.ua/" "Mozilla/4.0 (compatible; MSIE 6.0; Windows NT 5.0)"
134.249.52.116 - - [18/Jan/2018:13:37:37 +0100] "GET / HTTP/1.1" 200 3274 "http://perl.dp.ua/" "Mozilla/4.0 (compatible; MSIE 6.0; Windows NT 5.0)"
157.55.39.162 - - [18/Jan/2018:16:39:00 +0100] "GET /robots.txt HTTP/1.1" 404 1256 "-" "Mozilla/5.0 (compatible; bingbot/2.0; +http://www.bing.com/bingbot.htm)"
157.55.39.231 - - [18/Jan/2018:16:39:03 +0100] "GET /robots.txt HTTP/1.1" 404 1256 "-" "Mozilla/5.0 (compatible; bingbot/2.0; +http://www.bing.com/bingbot.htm)"
157.55.39.109 - - [18/Jan/2018:16:39:21 +0100] "GET / HTTP/1.1" 200 3274 "-" "Mozilla/5.0 (iPhone; CPU iPhone OS 7_0 like Mac OS X) AppleWebKit/537.51.1 (KHTML, like Gecko) Version/7.0 Mobile/11A465 Safari/9537.53 (compatible; bingbot/2.0; +http://www.bing.com/bingbot.htm)"
188.163.79.63 - - [18/Jan/2018:17:09:53 +0100] "GET / HTTP/1.1" 200 3274 "http://mysexpics.ru/" "Mozilla/4.7 (compatible; OffByOne; Windows 2000) Webster Pro V3.4"
188.163.79.63 - - [18/Jan/2018:17:10:15 +0100] "GET / HTTP/1.1" 200 3274 "http://mysexpics.ru/" "Mozilla/4.7 (compatible; OffByOne; Windows 2000) Webster Pro V3.4"
199.30.24.87 - - [18/Jan/2018:17:40:43 +0100] "GET /css/bootstrap.min.css HTTP/1.1" 200 101265 "-" "Mozilla/5.0 (iPhone; CPU iPhone OS 7_0 like Mac OS X) AppleWebKit/537.51.1 (KHTML, like Gecko) Version/7.0 Mobile/11A465 Safari/9537.53 BingPreview/1.0b"
65.55.210.132 - - [18/Jan/2018:17:40:45 +0100] "GET /css/bootstrap-responsive.min.css HTTP/1.1" 200 16520 "-" "Mozilla/5.0 (iPhone; CPU iPhone OS 7_0 like Mac OS X) AppleWebKit/537.51.1 (KHTML, like Gecko) Version/7.0 Mobile/11A465 Safari/9537.53 BingPreview/1.0b"
199.30.25.157 - - [18/Jan/2018:17:40:49 +0100] "GET /js/bootstrap.min.js HTTP/1.1" 200 25764 "-" "Mozilla/5.0 (iPhone; CPU iPhone OS 7_0 like Mac OS X) AppleWebKit/537.51.1 (KHTML, like Gecko) Version/7.0 Mobile/11A465 Safari/9537.53 BingPreview/1.0b"
66.249.64.72 - - [18/Jan/2018:19:15:12 +0100] "GET / HTTP/1.1" 200 3274 "-" "Mozilla/5.0 (compatible; Googlebot/2.1; +http://www.google.com/bot.html)"
66.249.64.72 - - [18/Jan/2018:19:15:15 +0100] "GET /css/bootstrap.min.css HTTP/1.1" 200 101265 "http://www.dialyse-falkensee.de/" "Mozilla/5.0 (compatible; Googlebot/2.1; +http://www.google.com/bot.html)"
66.249.64.67 - - [18/Jan/2018:19:15:16 +0100] "GET /css/bootstrap-responsive.min.css HTTP/1.1" 200 16520 "http://www.dialyse-falkensee.de/" "Mozilla/5.0 (compatible; Googlebot/2.1; +http://www.google.com/bot.html)"
46.119.113.175 - - [18/Jan/2018:22:04:38 +0100] "GET / HTTP/1.1" 200 3274 "http://www.kmv.prom23.ru/" "Mozilla/4.0 (compatible; MSIE 5.0; Windows 95) Opera 6.01 [en]"
46.119.113.175 - - [18/Jan/2018:22:04:38 +0100] "GET / HTTP/1.1" 200 3274 "http://www.kmv.prom23.ru/" "Mozilla/4.0 (compatible; MSIE 5.0; Windows 95) Opera 6.01 [en]"
46.119.113.175 - - [18/Jan/2018:22:04:39 +0100] "GET / HTTP/1.1" 200 3274 "http://www.kmv.prom23.ru/" "Mozilla/4.0 (compatible; MSIE 5.0; Windows 95) Opera 6.01 [en]"
37.115.184.155 - - [18/Jan/2018:22:46:29 +0100] "GET / HTTP/1.1" 200 3274 "http://lnau.lg.ua/" "Mozilla/4.0 (compatible; MSIE 6.0; Windows ME) Opera 7.11 [en]"
37.115.184.155 - - [18/Jan/2018:22:46:29 +0100] "GET / HTTP/1.1" 200 3274 "http://lnau.lg.ua/" "Mozilla/4.0 (compatible; MSIE 6.0; Windows ME) Opera 7.11 [en]"
188.163.79.63 - - [18/Jan/2018:23:31:47 +0100] "GET / HTTP/1.1" 200 3274 "http://xtremeeagles.net/" "Mozilla/4.0 (compatible; MSIE 6.0; Windows NT 5.0; KTXN)"
188.163.79.63 - - [18/Jan/2018:23:31:47 +0100] "GET / HTTP/1.1" 200 3274 "http://xtremeeagles.net/" "Mozilla/4.0 (compatible; MSIE 6.0; Windows NT 5.0; KTXN)"
188.163.79.63 - - [18/Jan/2018:23:31:48 +0100] "GET / HTTP/1.1" 200 3274 "http://xtremeeagles.net/" "Mozilla/4.0 (compatible; MSIE 6.0; Windows NT 5.0; KTXN)"
46.229.164.102 - - [19/Jan/2018:00:07:55 +0100] "GET /robots.txt HTTP/1.1" 404 1256 "-" "Mozilla/5.0 (compatible; SemrushBot/1.2~bl; +http://www.semrush.com/bot.html)"
146.185.223.5 - - [19/Jan/2018:01:02:27 +0100] "GET / HTTP/1.1" 200 3274 "-" "Mozilla/5.0 (Windows NT 10.0; Win64; x64; rv:50.0) Gecko/20100101 Firefox/50.0"
146.185.223.5 - - [19/Jan/2018:01:02:27 +0100] "GET /wp-includes/wlwmanifest.xml HTTP/1.1" 404 1256 "-" "Mozilla/5.0 (Windows NT 10.0; Win64; x64; rv:50.0) Gecko/20100101 Firefox/50.0"
146.185.223.5 - - [19/Jan/2018:01:02:27 +0100] "GET /xmlrpc.php?rsd HTTP/1.1" 404 1256 "-" "Mozilla/5.0 (Windows NT 10.0; Win64; x64; rv:50.0) Gecko/20100101 Firefox/50.0"
146.185.223.5 - - [19/Jan/2018:01:02:27 +0100] "GET / HTTP/1.1" 200 3274 "-" "Mozilla/5.0 (Windows NT 10.0; Win64; x64; rv:50.0) Gecko/20100101 Firefox/50.0"
146.185.223.5 - - [19/Jan/2018:01:02:27 +0100] "GET /blog/wp-includes/wlwmanifest.xml HTTP/1.1" 404 1256 "-" "Mozilla/5.0 (Windows NT 10.0; Win64; x64; rv:50.0) Gecko/20100101 Firefox/50.0"
146.185.223.5 - - [19/Jan/2018:01:02:27 +0100] "GET /wordpress/wp-includes/wlwmanifest.xml HTTP/1.1" 404 1256 "-" "Mozilla/5.0 (Windows NT 10.0; Win64; x64; rv:50.0) Gecko/20100101 Firefox/50.0"
146.185.223.5 - - [19/Jan/2018:01:02:27 +0100] "GET /wp/wp-includes/wlwmanifest.xml HTTP/1.1" 404 1256 "-" "Mozilla/5.0 (Windows NT 10.0; Win64; x64; rv:50.0) Gecko/20100101 Firefox/50.0"
146.185.223.5 - - [19/Jan/2018:01:02:27 +0100] "GET /site/wp-includes/wlwmanifest.xml HTTP/1.1" 404 1256 "-" "Mozilla/5.0 (Windows NT 10.0; Win64; x64; rv:50.0) Gecko/20100101 Firefox/50.0"
146.185.223.5 - - [19/Jan/2018:01:02:27 +0100] "GET /cms/wp-includes/wlwmanifest.xml HTTP/1.1" 404 1256 "-" "Mozilla/5.0 (Windows NT 10.0; Win64; x64; rv:50.0) Gecko/20100101 Firefox/50.0"
188.163.79.63 - - [19/Jan/2018:04:16:54 +0100] "GET / HTTP/1.1" 200 3274 "https://aanapa.ru/" "Mozilla/4.0 (compatible; MSIE 6.0; Windows NT 5.1; SV1; FunWebProducts; .NET CLR 1.1.4322; PeoplePal 6.2)"
188.163.79.63 - - [19/Jan/2018:04:16:58 +0100] "GET / HTTP/1.1" 200 3274 "https://aanapa.ru/" "Mozilla/4.0 (compatible; MSIE 6.0; Windows NT 5.1; SV1; FunWebProducts; .NET CLR 1.1.4322; PeoplePal 6.2)"
188.163.79.63 - - [19/Jan/2018:04:16:58 +0100] "GET / HTTP/1.1" 200 3274 "https://aanapa.ru/" "Mozilla/4.0 (compatible; MSIE 6.0; Windows NT 5.1; SV1; FunWebProducts; .NET CLR 1.1.4322; PeoplePal 6.2)"
188.163.79.63 - - [19/Jan/2018:04:17:08 +0100] "GET / HTTP/1.1" 200 3274 "http://metallo-konstruktsii.ru/" "Mozilla/4.0 (compatible; MSIE 6.0; Windows NT 5.1; SV1; FunWebProducts; .NET CLR 1.1.4322; PeoplePal 6.2)"
188.163.79.63 - - [19/Jan/2018:04:17:09 +0100] "GET / HTTP/1.1" 200 3274 "http://metallo-konstruktsii.ru/" "Mozilla/4.0 (compatible; MSIE 6.0; Windows NT 5.1; SV1; FunWebProducts; .NET CLR 1.1.4322; PeoplePal 6.2)"
188.163.79.63 - - [19/Jan/2018:04:17:09 +0100] "GET / HTTP/1.1" 200 3274 "http://metallo-konstruktsii.ru/" "Mozilla/4.0 (compatible; MSIE 6.0; Windows NT 5.1; SV1; FunWebProducts; .NET CLR 1.1.4322; PeoplePal 6.2)"
46.119.113.175 - - [19/Jan/2018:05:38:44 +0100] "GET / HTTP/1.1" 200 3274 "http://kollekcioner.ru/" "Mozilla/4.0 (compatible; MSIE 6.0; Windows NT 5.2; WOW64; SV1; .NET CLR 2.0.50727)"
46.119.113.175 - - [19/Jan/2018:05:38:45 +0100] "GET / HTTP/1.1" 200 3274 "http://kollekcioner.ru/" "Mozilla/4.0 (compatible; MSIE 6.0; Windows NT 5.2; WOW64; SV1; .NET CLR 2.0.50727)"
217.27.196.25 - - [19/Jan/2018:09:02:57 +0100] "GET / HTTP/1.1" 200 3274 "http://www.google.de/url?sa=t&rct=j&q=&esrc=s&source=web&cd=1&ved=0ahUKEwjm1p6Ux-PYAhUNaVAKHWq9C88QFgguMAA&url=http%3A%2F%2Fwww.dialyse-falkensee.de%2F&usg=AOvVaw1lUnyPeCxqgIdCXhRMv-Iy" "Mozilla/5.0 (Windows NT 6.1; WOW64; Trident/7.0; rv:11.0) like Gecko"
217.27.196.25 - - [19/Jan/2018:09:02:57 +0100] "GET /css/bootstrap-responsive.min.css HTTP/1.1" 200 16520 "http://www.dialyse-falkensee.de/" "Mozilla/5.0 (Windows NT 6.1; WOW64; Trident/7.0; rv:11.0) like Gecko"
217.27.196.25 - - [19/Jan/2018:09:02:57 +0100] "GET /js/bootstrap.min.js HTTP/1.1" 200 25764 "http://www.dialyse-falkensee.de/" "Mozilla/5.0 (Windows NT 6.1; WOW64; Trident/7.0; rv:11.0) like Gecko"
217.27.196.25 - - [19/Jan/2018:09:02:57 +0100] "GET /css/bootstrap.min.css HTTP/1.1" 200 101265 "http://www.dialyse-falkensee.de/" "Mozilla/5.0 (Windows NT 6.1; WOW64; Trident/7.0; rv:11.0) like Gecko"
217.27.196.25 - - [19/Jan/2018:09:02:57 +0100] "GET /ico/favicon.ico HTTP/1.1" 404 1256 "-" "Mozilla/5.0 (Windows NT 6.1; WOW64; Trident/7.0; rv:11.0) like Gecko"
217.27.196.25 - - [19/Jan/2018:09:02:57 +0100] "GET /favicon.ico HTTP/1.1" 404 1256 "-" "Mozilla/5.0 (Windows NT 6.1; WOW64; Trident/7.0; rv:11.0) like Gecko"
216.244.65.58 - - [19/Jan/2018:09:31:29 +0100] "GET /wp-content/plugins/gravityforms/ HTTP/1.1" 404 1256 "http://www.dialyse-falkensee.de/wp-content/plugins/gravityforms/" "Mozilla/5.0 (Windows NT 6.1; WOW64) AppleWebKit/537.36 (KHTML, like Gecko) Chrome/42.0.2311.152 Safari/537.36"
82.208.160.181 - - [19/Jan/2018:10:06:39 +0100] "GET / HTTP/1.1" 200 3274 "-" "Mozilla/5.0 (compatible& Googlebot/2.1& +http://www.google.com/bot.html)"
80.153.21.88 - - [19/Jan/2018:10:46:53 +0100] "GET / HTTP/1.1" 304 - "-" "Mozilla/5.0 (Windows NT 10.0; Win64; x64; rv:57.0) Gecko/20100101 Firefox/57.0"
80.153.21.88 - - [19/Jan/2018:10:46:53 +0100] "GET /css/bootstrap.min.css HTTP/1.1" 304 - "http://www.dialyse-falkensee.de/" "Mozilla/5.0 (Windows NT 10.0; Win64; x64; rv:57.0) Gecko/20100101 Firefox/57.0"
80.153.21.88 - - [19/Jan/2018:10:46:53 +0100] "GET /css/bootstrap-responsive.min.css HTTP/1.1" 304 - "http://www.dialyse-falkensee.de/" "Mozilla/5.0 (Windows NT 10.0; Win64; x64; rv:57.0) Gecko/20100101 Firefox/57.0"
80.153.21.88 - - [19/Jan/2018:10:46:54 +0100] "GET /js/bootstrap.min.js HTTP/1.1" 304 - "http://www.dialyse-falkensee.de/" "Mozilla/5.0 (Windows NT 10.0; Win64; x64; rv:57.0) Gecko/20100101 Firefox/57.0"
80.153.21.88 - - [19/Jan/2018:10:46:54 +0100] "GET /ico/favicon.ico HTTP/1.1" 404 1256 "-" "Mozilla/5.0 (Windows NT 10.0; Win64; x64; rv:57.0) Gecko/20100101 Firefox/57.0"
109.41.0.95 - - [19/Jan/2018:11:28:32 +0100] "GET / HTTP/1.1" 200 3274 "https://www.google.de/" "Mozilla/5.0 (Linux; Android 5.0; SAMSUNG SM-G900F Build/LRX21T) AppleWebKit/537.36 (KHTML, like Gecko) SamsungBrowser/6.2 Chrome/56.0.2924.87 Mobile Safari/537.36"
109.41.0.95 - - [19/Jan/2018:11:28:40 +0100] "GET /css/bootstrap-responsive.min.css HTTP/1.1" 200 16520 "http://www.dialyse-falkensee.de/" "Mozilla/5.0 (Linux; Android 5.0; SAMSUNG SM-G900F Build/LRX21T) AppleWebKit/537.36 (KHTML, like Gecko) SamsungBrowser/6.2 Chrome/56.0.2924.87 Mobile Safari/537.36"
109.41.0.95 - - [19/Jan/2018:11:28:41 +0100] "GET /css/bootstrap.min.css HTTP/1.1" 200 101265 "http://www.dialyse-falkensee.de/" "Mozilla/5.0 (Linux; Android 5.0; SAMSUNG SM-G900F Build/LRX21T) AppleWebKit/537.36 (KHTML, like Gecko) SamsungBrowser/6.2 Chrome/56.0.2924.87 Mobile Safari/537.36"
109.41.0.95 - - [19/Jan/2018:11:28:41 +0100] "GET /js/bootstrap.min.js HTTP/1.1" 200 25764 "http://www.dialyse-falkensee.de/" "Mozilla/5.0 (Linux; Android 5.0; SAMSUNG SM-G900F Build/LRX21T) AppleWebKit/537.36 (KHTML, like Gecko) SamsungBrowser/6.2 Chrome/56.0.2924.87 Mobile Safari/537.36"
109.41.0.95 - - [19/Jan/2018:11:28:56 +0100] "GET /img/glyphicons-halflings.png HTTP/1.1" 200 12799 "http://www.dialyse-falkensee.de/css/bootstrap.min.css" "Mozilla/5.0 (Linux; Android 5.0; SAMSUNG SM-G900F Build/LRX21T) AppleWebKit/537.36 (KHTML, like Gecko) SamsungBrowser/6.2 Chrome/56.0.2924.87 Mobile Safari/537.36"
109.41.0.95 - - [19/Jan/2018:11:29:23 +0100] "GET /ico/favicon.ico HTTP/1.1" 404 1256 "http://www.dialyse-falkensee.de/" "Mozilla/5.0 (Linux; Android 5.0; SAMSUNG SM-G900F Build/LRX21T) AppleWebKit/537.36 (KHTML, like Gecko) SamsungBrowser/6.2 Chrome/56.0.2924.87 Mobile Safari/537.36"
207.244.157.139 - - [19/Jan/2018:12:13:02 +0100] "GET /modules/mod_artuploader/upload.php HTTP/1.1" 404 1256 "http://www.dialyse-falkensee.de/modules/mod_artuploader/upload.php" "Mozilla/5.0 (Windows NT 6.1; WOW64) AppleWebKit/537.36 (KHTML, like Gecko) Chrome/42.0.2311.152 Safari/537.36"
37.115.184.155 - - [19/Jan/2018:13:36:34 +0100] "GET / HTTP/1.1" 200 3274 "http://coolwallpapers-hd.com/" "Mozilla/4.0 (compatible; MSIE 5.0; Windows 3.1)"
37.115.184.155 - - [19/Jan/2018:13:36:36 +0100] "GET / HTTP/1.1" 200 3274 "http://coolwallpapers-hd.com/" "Mozilla/4.0 (compatible; MSIE 5.0; Windows 3.1)"
37.115.184.155 - - [19/Jan/2018:18:12:14 +0100] "GET / HTTP/1.1" 200 3274 "https://balkanfarma.org/" "Mozilla/4.0 (compatible; MSIE 6.0; Windows NT 5.1) Opera 7.54 [en]"
37.115.184.155 - - [19/Jan/2018:18:12:15 +0100] "GET / HTTP/1.1" 200 3274 "https://balkanfarma.org/" "Mozilla/4.0 (compatible; MSIE 6.0; Windows NT 5.1) Opera 7.54 [en]"
78.109.59.37 - - [19/Jan/2018:21:43:12 +0100] "GET / HTTP/1.1" 200 3274 "-" "Typhoeus - https://github.com/typhoeus/typhoeus"
138.201.59.34 - - [19/Jan/2018:23:31:56 +0100] "GET /robots.txt HTTP/1.0" 404 1256 "-" "Mozilla/5.0 (compatible; SEOkicks-Robot; +http://www.seokicks.de/robot.html)"
138.201.59.34 - - [19/Jan/2018:23:31:57 +0100] "GET / HTTP/1.0" 200 3274 "-" "Mozilla/5.0 (compatible; SEOkicks-Robot; +http://www.seokicks.de/robot.html)"
138.201.59.34 - - [19/Jan/2018:23:31:59 +0100] "GET /css/bootstrap.min.css HTTP/1.0" 200 101265 "http://www.dialyse-falkensee.de/" "Mozilla/5.0 (compatible; SEOkicks-Robot; +http://www.seokicks.de/robot.html)"
138.201.59.34 - - [19/Jan/2018:23:32:00 +0100] "GET /css/bootstrap-responsive.min.css HTTP/1.0" 200 16520 "http://www.dialyse-falkensee.de/" "Mozilla/5.0 (compatible; SEOkicks-Robot; +http://www.seokicks.de/robot.html)"
138.201.59.34 - - [19/Jan/2018:23:32:01 +0100] "GET /ico/favicon.ico HTTP/1.0" 404 1256 "http://www.dialyse-falkensee.de/" "Mozilla/5.0 (compatible; SEOkicks-Robot; +http://www.seokicks.de/robot.html)"
138.201.59.34 - - [19/Jan/2018:23:32:03 +0100] "GET /js/bootstrap.min.js HTTP/1.0" 200 25764 "http://www.dialyse-falkensee.de/" "Mozilla/5.0 (compatible; SEOkicks-Robot; +http://www.seokicks.de/robot.html)"
46.119.113.175 - - [19/Jan/2018:23:39:03 +0100] "GET / HTTP/1.1" 200 3274 "https://buy-meds24.com/" "Mozilla/4.0 (compatible; MSIE 6.0; Windows NT 5.2; Win64; x64; SV1; .NET CLR 2.0.50727)"
46.119.113.175 - - [19/Jan/2018:23:39:05 +0100] "GET / HTTP/1.1" 200 3274 "https://buy-meds24.com/" "Mozilla/4.0 (compatible; MSIE 6.0; Windows NT 5.2; Win64; x64; SV1; .NET CLR 2.0.50727)"
37.115.184.155 - - [20/Jan/2018:01:06:33 +0100] "GET / HTTP/1.1" 200 3274 "https://zarabotat-na-sajte.ru/" "Mozilla/4.0 (compatible; MSIE 6.0; Windows NT 5.1; SV1; .NET CLR 1.1.4322; XMPP Tiscali Communicator v.10.0.2; .NET CLR 2.0.50727)"
54.173.35.129 - - [20/Jan/2018:01:07:00 +0100] "GET /robots.txt HTTP/1.0" 404 1256 "-" "ia_archiver"
54.173.35.129 - - [20/Jan/2018:01:07:01 +0100] "GET / HTTP/1.0" 200 3274 "-" "ia_archiver"
120.35.38.172 - - [20/Jan/2018:04:07:31 +0100] "GET / HTTP/1.1" 200 3274 "-" "Mozilla/37.0.2 (compatible; MSIE 6.0; Windows NT 5.1; SV1; .NET CLR 1.1.4322)"
46.119.113.175 - - [20/Jan/2018:04:59:15 +0100] "GET / HTTP/1.1" 200 3274 "http://kinoduh.ru/" "Mozilla/4.0 (compatible; MSIE 6.0; Windows NT 5.1; TheFreeDictionary.com; .NET CLR 1.1.4322; .NET CLR 1.0.3705; .NET CLR 2.0.50727)"
46.119.113.175 - - [20/Jan/2018:04:59:16 +0100] "GET / HTTP/1.1" 200 3274 "http://kinoduh.ru/" "Mozilla/4.0 (compatible; MSIE 6.0; Windows NT 5.1; TheFreeDictionary.com; .NET CLR 1.1.4322; .NET CLR 1.0.3705; .NET CLR 2.0.50727)"
66.249.64.67 - - [20/Jan/2018:07:48:08 +0100] "GET /robots.txt HTTP/1.1" 404 1256 "-" "Mozilla/5.0 (compatible; Googlebot/2.1; +http://www.google.com/bot.html)"
66.249.64.72 - - [20/Jan/2018:09:04:54 +0100] "GET / HTTP/1.1" 200 3274 "-" "Mozilla/5.0 (compatible; Googlebot/2.1; +http://www.google.com/bot.html)"
141.8.141.131 - - [20/Jan/2018:09:25:05 +0100] "GET /robots.txt HTTP/1.1" 404 1256 "-" "Mozilla/5.0 (compatible; YandexBot/3.0; +http://yandex.com/bots)"
141.8.141.131 - - [20/Jan/2018:09:25:09 +0100] "GET /ico/favicon.ico HTTP/1.1" 404 1256 "-" "Mozilla/5.0 (compatible; YandexBot/3.0; +http://yandex.com/bots)"
216.244.66.247 - - [20/Jan/2018:10:29:53 +0100] "GET /robots.txt HTTP/1.1" 404 1256 "-" "Mozilla/5.0 (compatible; DotBot/1.1; http://www.opensiteexplorer.org/dotbot, help@moz.com)"
91.200.12.21 - - [20/Jan/2018:10:37:29 +0100] "GET /wp-content/themes/headway-16/style.css HTTP/1.1" 404 1256 "http://www.dialyse-falkensee.de/wp-content/themes/headway-16/style.css" "Mozilla/5.0 (Windows NT 6.1; WOW64) AppleWebKit/537.36 (KHTML, like Gecko) Chrome/42.0.2311.152 Safari/537.36"
144.76.100.150 - - [20/Jan/2018:10:41:27 +0100] "GET / HTTP/1.0" 200 3274 "-" "-"
144.76.100.150 - - [20/Jan/2018:10:41:27 +0100] "GET / HTTP/1.0" 200 3274 "-" "-"
157.55.39.110 - - [20/Jan/2018:12:41:09 +0100] "GET /robots.txt HTTP/1.1" 404 1256 "-" "Mozilla/5.0 (compatible; bingbot/2.0; +http://www.bing.com/bingbot.htm)"
157.55.39.105 - - [20/Jan/2018:13:12:22 +0100] "GET / HTTP/1.1" 200 3274 "-" "Mozilla/5.0 (iPhone; CPU iPhone OS 7_0 like Mac OS X) AppleWebKit/537.51.1 (KHTML, like Gecko) Version/7.0 Mobile/11A465 Safari/9537.53 (compatible; bingbot/2.0; +http://www.bing.com/bingbot.htm)"
144.76.157.16 - - [20/Jan/2018:13:22:48 +0100] "GET / HTTP/1.1" 200 3274 "tiles.services.mozilla.com" "Mozilla/5.0 (compatible; MSIE 10.0; Windows NT 6.1; WOW64; Trident/6.0)"
144.76.157.16 - - [20/Jan/2018:13:22:48 +0100] "GET / HTTP/1.1" 200 3274 "tiles.services.mozilla.com" "Mozilla/5.0 (compatible; MSIE 10.0; Windows NT 6.1; WOW64; Trident/6.0)"
188.163.79.63 - - [20/Jan/2018:13:37:18 +0100] "GET / HTTP/1.1" 200 3274 "http://pornosemki.info/" "Mozilla/4.0 (compatible; MSIE 5.5; Windows 95)"
188.163.79.63 - - [20/Jan/2018:13:37:19 +0100] "GET / HTTP/1.1" 200 3274 "http://pornosemki.info/" "Mozilla/4.0 (compatible; MSIE 5.5; Windows 95)"
188.163.79.63 - - [20/Jan/2018:13:37:19 +0100] "GET / HTTP/1.1" 200 3274 "http://pornosemki.info/" "Mozilla/4.0 (compatible; MSIE 5.5; Windows 95)"
199.30.24.59 - - [20/Jan/2018:13:43:23 +0100] "GET /css/bootstrap.min.css HTTP/1.1" 200 101265 "-" "Mozilla/5.0 (iPhone; CPU iPhone OS 7_0 like Mac OS X) AppleWebKit/537.51.1 (KHTML, like Gecko) Version/7.0 Mobile/11A465 Safari/9537.53 BingPreview/1.0b"
199.30.25.100 - - [20/Jan/2018:13:43:25 +0100] "GET /css/bootstrap-responsive.min.css HTTP/1.1" 200 16520 "-" "Mozilla/5.0 (iPhone; CPU iPhone OS 7_0 like Mac OS X) AppleWebKit/537.51.1 (KHTML, like Gecko) Version/7.0 Mobile/11A465 Safari/9537.53 BingPreview/1.0b"
199.30.25.102 - - [20/Jan/2018:13:43:26 +0100] "GET /js/bootstrap.min.js HTTP/1.1" 200 25764 "-" "Mozilla/5.0 (iPhone; CPU iPhone OS 7_0 like Mac OS X) AppleWebKit/537.51.1 (KHTML, like Gecko) Version/7.0 Mobile/11A465 Safari/9537.53 BingPreview/1.0b"
46.119.113.175 - - [20/Jan/2018:14:26:50 +0100] "GET / HTTP/1.1" 200 3274 "http://www.msk.prom23.ru/" "Mozilla/4.0 (compatible; MSIE 5.0; Windows 2000) Opera 6.0 [en]"
46.119.113.175 - - [20/Jan/2018:14:26:51 +0100] "GET / HTTP/1.1" 200 3274 "http://www.msk.prom23.ru/" "Mozilla/4.0 (compatible; MSIE 5.0; Windows 2000) Opera 6.0 [en]"
178.137.55.200 - - [20/Jan/2018:16:31:24 +0100] "GET / HTTP/1.1" 200 3274 "http://geo-group.ru/" "Mozilla/4.0 (compatible; MSIE 6.0; Windows XP)"
178.137.55.200 - - [20/Jan/2018:16:31:24 +0100] "GET / HTTP/1.1" 200 3274 "http://geo-group.ru/" "Mozilla/4.0 (compatible; MSIE 6.0; Windows XP)"
178.137.55.200 - - [20/Jan/2018:16:31:25 +0100] "GET / HTTP/1.1" 200 3274 "http://geo-group.ru/" "Mozilla/4.0 (compatible; MSIE 6.0; Windows XP)"
37.115.184.155 - - [20/Jan/2018:19:13:21 +0100] "GET / HTTP/1.1" 200 3274 "http://lakomka.com.ua/" "Mozilla/4.0 (compatible; MSIE 6.0; Windows NT 5.1; SV1; .NET CLR 1.1.4322) NS8/0.9.6"
37.115.184.155 - - [20/Jan/2018:19:13:22 +0100] "GET / HTTP/1.1" 200 3274 "http://lakomka.com.ua/" "Mozilla/4.0 (compatible; MSIE 6.0; Windows NT 5.1; SV1; .NET CLR 1.1.4322) NS8/0.9.6"
37.115.184.155 - - [20/Jan/2018:19:13:23 +0100] "GET / HTTP/1.1" 200 3274 "http://lakomka.com.ua/" "Mozilla/4.0 (compatible; MSIE 6.0; Windows NT 5.1; SV1; .NET CLR 1.1.4322) NS8/0.9.6"
37.0.89.49 - - [20/Jan/2018:19:14:49 +0100] "GET / HTTP/1.0" 200 3274 "-" "Mozilla"
79.199.246.142 - - [20/Jan/2018:19:16:14 +0100] "GET / HTTP/1.1" 200 3274 "http://www.bbnk.de/nierenzentren,office-18.html" "Mozilla/5.0 (Windows NT 6.1; Win64; x64; rv:57.0) Gecko/20100101 Firefox/57.0"
79.199.246.142 - - [20/Jan/2018:19:16:14 +0100] "GET /css/bootstrap-responsive.min.css HTTP/1.1" 200 16520 "http://www.dialyse-falkensee.de/" "Mozilla/5.0 (Windows NT 6.1; Win64; x64; rv:57.0) Gecko/20100101 Firefox/57.0"
79.199.246.142 - - [20/Jan/2018:19:16:14 +0100] "GET /js/bootstrap.min.js HTTP/1.1" 200 25764 "http://www.dialyse-falkensee.de/" "Mozilla/5.0 (Windows NT 6.1; Win64; x64; rv:57.0) Gecko/20100101 Firefox/57.0"
79.199.246.142 - - [20/Jan/2018:19:16:14 +0100] "GET /css/bootstrap.min.css HTTP/1.1" 200 101265 "http://www.dialyse-falkensee.de/" "Mozilla/5.0 (Windows NT 6.1; Win64; x64; rv:57.0) Gecko/20100101 Firefox/57.0"
79.199.246.142 - - [20/Jan/2018:19:16:14 +0100] "GET /ico/favicon.ico HTTP/1.1" 404 1256 "-" "Mozilla/5.0 (Windows NT 6.1; Win64; x64; rv:57.0) Gecko/20100101 Firefox/57.0"
188.163.79.63 - - [20/Jan/2018:19:20:26 +0100] "GET / HTTP/1.1" 200 3274 "http://tabakur77.com/" "Mozilla/4.79 [en] (Windows NT 5.0; U)"
178.137.82.38 - - [20/Jan/2018:19:46:21 +0100] "GET / HTTP/1.1" 200 3274 "https://englishtopik.ru/" "Mozilla/4.0 (compatible; MSIE 6.0; Windows NT 5.1; .NET CLR 1.1.4322; FDM)"
178.137.82.38 - - [20/Jan/2018:19:46:22 +0100] "GET / HTTP/1.1" 200 3274 "https://englishtopik.ru/" "Mozilla/4.0 (compatible; MSIE 6.0; Windows NT 5.1; .NET CLR 1.1.4322; FDM)"
46.119.113.175 - - [20/Jan/2018:21:48:49 +0100] "GET / HTTP/1.1" 200 3274 "http://kollekcioner.ru/" "Mozilla/4.0 (compatible- MSIE 6.0- Windows NT 5.1- SV1- .NET CLR 1.1.4322"
46.119.113.175 - - [20/Jan/2018:21:48:50 +0100] "GET / HTTP/1.1" 200 3274 "http://kollekcioner.ru/" "Mozilla/4.0 (compatible- MSIE 6.0- Windows NT 5.1- SV1- .NET CLR 1.1.4322"
178.137.82.38 - - [20/Jan/2018:22:55:52 +0100] "GET / HTTP/1.1" 200 3274 "http://perl.dp.ua/" "Opera/9.00 (Windows NT 5.1; U; en)"
178.137.82.38 - - [20/Jan/2018:22:55:54 +0100] "GET / HTTP/1.1" 200 3274 "http://perl.dp.ua/" "Opera/9.00 (Windows NT 5.1; U; en)"
46.229.164.102 - - [20/Jan/2018:23:30:44 +0100] "GET /robots.txt HTTP/1.1" 404 1256 "-" "Mozilla/5.0 (compatible; SemrushBot/1.2~bl; +http://www.semrush.com/bot.html)"
188.163.79.63 - - [21/Jan/2018:00:08:43 +0100] "GET / HTTP/1.1" 200 3274 "https://meriton.ru/" "Mozilla/0.91 Beta (Windows)"
188.163.79.63 - - [21/Jan/2018:00:08:44 +0100] "GET / HTTP/1.1" 200 3274 "https://meriton.ru/" "Mozilla/0.91 Beta (Windows)"
188.163.79.63 - - [21/Jan/2018:00:08:44 +0100] "GET / HTTP/1.1" 200 3274 "https://meriton.ru/" "Mozilla/0.91 Beta (Windows)"
192.99.160.40 - - [21/Jan/2018:05:09:56 +0100] "GET /wp-config.php~ HTTP/1.0" 404 1256 "-" "Mozilla/5.0 (Windows NT 6.1; Win64; x64) AppleWebKit/537.36 (KHTML, like Gecko) Chrome/62.0.3202.94 Safari/537.36"
192.99.160.40 - - [21/Jan/2018:05:09:56 +0100] "GET /wp-config.php~ HTTP/1.0" 404 1256 "-" "Mozilla/5.0 (Windows NT 6.1; Win64; x64) AppleWebKit/537.36 (KHTML, like Gecko) Chrome/62.0.3202.94 Safari/537.36"
216.244.65.58 - - [21/Jan/2018:07:16:05 +0100] "GET /wp-content/plugins/custom-background/readme.txt HTTP/1.1" 404 1256 "http://www.dialyse-falkensee.de/wp-content/plugins/custom-background/readme.txt" "Mozilla/5.0 (Windows NT 6.1; WOW64) AppleWebKit/537.36 (KHTML, like Gecko) Chrome/42.0.2311.152 Safari/537.36"
178.137.82.38 - - [21/Jan/2018:07:19:21 +0100] "GET / HTTP/1.1" 200 3274 "https://beclean-nn.ru/" "Mozilla/4.0 (compatible; MSIE 6.0; Windows NT 5.1; MyIE2; Deepnet Explorer)"
178.137.82.38 - - [21/Jan/2018:07:19:22 +0100] "GET / HTTP/1.1" 200 3274 "https://beclean-nn.ru/" "Mozilla/4.0 (compatible; MSIE 6.0; Windows NT 5.1; MyIE2; Deepnet Explorer)"
178.137.82.38 - - [21/Jan/2018:07:19:23 +0100] "GET / HTTP/1.1" 200 3274 "https://beclean-nn.ru/" "Mozilla/4.0 (compatible; MSIE 6.0; Windows NT 5.1; MyIE2; Deepnet Explorer)"
37.115.184.155 - - [21/Jan/2018:11:05:59 +0100] "GET / HTTP/1.1" 200 3274 "https://pills24h.com/buy-celebrex-online-without-prescription/" "Mozilla/4.0 (compatible; MSIE 5.5; Windows NT 5.0; T312461)"
37.115.184.155 - - [21/Jan/2018:11:05:59 +0100] "GET / HTTP/1.1" 200 3274 "https://pills24h.com/buy-celebrex-online-without-prescription/" "Mozilla/4.0 (compatible; MSIE 5.5; Windows NT 5.0; T312461)"
37.115.184.155 - - [21/Jan/2018:11:06:00 +0100] "GET / HTTP/1.1" 200 3274 "https://pills24h.com/buy-celebrex-online-without-prescription/" "Mozilla/4.0 (compatible; MSIE 5.5; Windows NT 5.0; T312461)"
46.229.164.102 - - [21/Jan/2018:12:39:10 +0100] "GET /robots.txt HTTP/1.1" 404 1256 "-" "Mozilla/5.0 (compatible; SemrushBot/1.2~bl; +http://www.semrush.com/bot.html)"
37.115.184.155 - - [21/Jan/2018:13:18:04 +0100] "GET / HTTP/1.1" 200 3274 "http://iptvuk.co.uk/" "Mozilla/4.0 (compatible; MSIE 6.0; Windows NT 5.1; SV1; InfoPath.1)"
178.137.82.38 - - [21/Jan/2018:15:07:26 +0100] "GET / HTTP/1.1" 200 3274 "http://no-rx.info/" "Opera/7.11 (Windows NT 5.1; U) [en]"
178.137.82.38 - - [21/Jan/2018:15:07:27 +0100] "GET / HTTP/1.1" 200 3274 "http://no-rx.info/" "Opera/7.11 (Windows NT 5.1; U) [en]"
178.137.82.38 - - [21/Jan/2018:15:07:28 +0100] "GET / HTTP/1.1" 200 3274 "http://no-rx.info/" "Opera/7.11 (Windows NT 5.1; U) [en]"
46.119.113.175 - - [21/Jan/2018:15:50:32 +0100] "GET / HTTP/1.1" 200 3274 "https://buy-meds24.com/" "Mozilla/4.0 (compatible; MSIE 5.5; Windows NT 5.0; T312461)"
46.119.113.175 - - [21/Jan/2018:15:50:33 +0100] "GET / HTTP/1.1" 200 3274 "https://buy-meds24.com/" "Mozilla/4.0 (compatible; MSIE 5.5; Windows NT 5.0; T312461)"
138.201.59.34 - - [21/Jan/2018:16:14:33 +0100] "GET /robots.txt HTTP/1.0" 404 1256 "-" "Mozilla/5.0 (compatible; SEOkicks-Robot; +http://www.seokicks.de/robot.html)"
138.201.59.34 - - [21/Jan/2018:16:14:36 +0100] "GET / HTTP/1.0" 200 3274 "-" "Mozilla/5.0 (compatible; SEOkicks-Robot; +http://www.seokicks.de/robot.html)"
138.201.59.34 - - [21/Jan/2018:16:14:38 +0100] "GET /css/bootstrap.min.css HTTP/1.0" 200 101265 "http://www.dialyse-falkensee.de/" "Mozilla/5.0 (compatible; SEOkicks-Robot; +http://www.seokicks.de/robot.html)"
138.201.59.34 - - [21/Jan/2018:16:14:40 +0100] "GET /css/bootstrap-responsive.min.css HTTP/1.0" 200 16520 "http://www.dialyse-falkensee.de/" "Mozilla/5.0 (compatible; SEOkicks-Robot; +http://www.seokicks.de/robot.html)"
138.201.59.34 - - [21/Jan/2018:16:14:41 +0100] "GET /ico/favicon.ico HTTP/1.0" 404 1256 "http://www.dialyse-falkensee.de/" "Mozilla/5.0 (compatible; SEOkicks-Robot; +http://www.seokicks.de/robot.html)"
138.201.59.34 - - [21/Jan/2018:16:14:42 +0100] "GET /js/bootstrap.min.js HTTP/1.0" 200 25764 "http://www.dialyse-falkensee.de/" "Mozilla/5.0 (compatible; SEOkicks-Robot; +http://www.seokicks.de/robot.html)"
188.163.79.63 - - [21/Jan/2018:19:26:39 +0100] "GET / HTTP/1.1" 200 3274 "http://efaculty.kiev.ua/" "Opera/9.00 (Windows NT 4.0; U; en)"
188.163.79.63 - - [21/Jan/2018:19:26:40 +0100] "GET / HTTP/1.1" 200 3274 "http://efaculty.kiev.ua/" "Opera/9.00 (Windows NT 4.0; U; en)"
64.246.161.30 - - [21/Jan/2018:21:15:26 +0100] "GET /robots.txt HTTP/1.0" 404 1256 "-" "Mozilla/5.0 (Windows; U; Windows NT 5.1; en; rv:1.9.0.13) Gecko/2009073022 Firefox/3.5.2 (.NET CLR 3.5.30729) SurveyBot/2.3 (DomainTools)"
64.246.161.30 - - [21/Jan/2018:21:15:27 +0100] "GET / HTTP/1.1" 200 3274 "http://whois.domaintools.com/dialyse-falkensee.de" "Mozilla/5.0 (Windows; U; Windows NT 5.1; en; rv:1.9.0.13) Gecko/2009073022 Firefox/3.5.2 (.NET CLR 3.5.30729) SurveyBot/2.3 (DomainTools)"
13.56.229.65 - - [22/Jan/2018:01:33:45 +0100] "GET / HTTP/1.1" 200 3274 "-" "Mozilla/5.0 (Macintosh; Intel Mac OS X 10_12_6) AppleWebKit/537.36 (KHTML, like Gecko) Chrome/61.0.3163.100 Safari/537.36"
37.115.184.155 - - [22/Jan/2018:02:19:28 +0100] "GET / HTTP/1.1" 200 3274 "https://pills24h.com/buy-levitra-online-without-prescription/" "Mozilla/4.0 (compatible; MSIE 6.0; Windows NT 5.1; SV1)"
46.119.113.175 - - [22/Jan/2018:06:27:52 +0100] "GET / HTTP/1.1" 200 3274 "http://www.kmv.prom23.ru/" "Mozilla/4.0 (compatible; MSIE 6.0; Windows NT 5.0; .NET CLR 1.0.3705; .NET CLR 1.1.4322)"
46.119.113.175 - - [22/Jan/2018:06:27:55 +0100] "GET / HTTP/1.1" 200 3274 "http://www.kmv.prom23.ru/" "Mozilla/4.0 (compatible; MSIE 6.0; Windows NT 5.0; .NET CLR 1.0.3705; .NET CLR 1.1.4322)"
46.119.113.175 - - [22/Jan/2018:06:27:56 +0100] "GET / HTTP/1.1" 200 3274 "http://www.kmv.prom23.ru/" "Mozilla/4.0 (compatible; MSIE 6.0; Windows NT 5.0; .NET CLR 1.0.3705; .NET CLR 1.1.4322)"
188.163.79.63 - - [22/Jan/2018:08:00:56 +0100] "GET / HTTP/1.1" 200 3274 "http://pornosemki.info/" "Mozilla/4.0 (compatible; MSIE 5.5; Windows NT 5.0; T312461)"
188.163.79.63 - - [22/Jan/2018:08:00:56 +0100] "GET / HTTP/1.1" 200 3274 "http://pornosemki.info/" "Mozilla/4.0 (compatible; MSIE 5.5; Windows NT 5.0; T312461)"
188.163.79.63 - - [22/Jan/2018:08:00:56 +0100] "GET / HTTP/1.1" 200 3274 "http://pornosemki.info/" "Mozilla/4.0 (compatible; MSIE 5.5; Windows NT 5.0; T312461)"
195.154.55.175 - - [22/Jan/2018:09:07:58 +0100] "GET / HTTP/1.1" 200 3274 "-" "Java/1.6.0_04"
195.154.55.175 - - [22/Jan/2018:09:07:59 +0100] "GET /js/bootstrap.min.js HTTP/1.1" 200 25764 "-" "Java/1.6.0_04"
195.154.55.175 - - [22/Jan/2018:09:08:01 +0100] "GET /js/),this.$menu.html(t),this},next:function(t){var n=this.$menu.find( HTTP/1.1" 404 1256 "-" "Java/1.6.0_04"
195.154.55.175 - - [22/Jan/2018:09:08:01 +0100] "GET /js/).html(n.highlighter(r)),t[0]}),t.first().addClass( HTTP/1.1" 404 1256 "-" "Java/1.6.0_04"
195.154.55.175 - - [22/Jan/2018:09:08:02 +0100] "GET /js/)[this.options.html? HTTP/1.1" 404 1256 "-" "Java/1.6.0_04"
195.154.55.175 - - [22/Jan/2018:09:08:02 +0100] "GET /js/'+t+' HTTP/1.1" 404 1256 "-" "Java/1.6.0_04"
66.249.79.142 - - [22/Jan/2018:09:50:02 +0100] "GET /robots.txt HTTP/1.1" 404 1256 "-" "Mozilla/5.0 (compatible; Googlebot/2.1; +http://www.google.com/bot.html)"
66.249.79.144 - - [22/Jan/2018:09:50:02 +0100] "GET / HTTP/1.1" 200 3274 "-" "Mozilla/5.0 (Linux; Android 6.0.1; Nexus 5X Build/MMB29P) AppleWebKit/537.36 (KHTML, like Gecko) Chrome/41.0.2272.96 Mobile Safari/537.36 (compatible; Googlebot/2.1; +http://www.google.com/bot.html)"
66.249.79.142 - - [22/Jan/2018:09:50:10 +0100] "GET /css/bootstrap-responsive.min.css HTTP/1.1" 200 16520 "http://www.dialyse-falkensee.de/" "Mozilla/5.0 (compatible; Googlebot/2.1; +http://www.google.com/bot.html)"
66.249.79.142 - - [22/Jan/2018:09:50:10 +0100] "GET /css/bootstrap.min.css HTTP/1.1" 200 101265 "http://www.dialyse-falkensee.de/" "Mozilla/5.0 (compatible; Googlebot/2.1; +http://www.google.com/bot.html)"
37.115.184.155 - - [22/Jan/2018:12:04:41 +0100] "GET / HTTP/1.1" 200 3274 "http://jobmarket.com.ua/" "Opera/7.60 (Windows NT 5.2; U) [en] (IBM EVV/3.0/EAK01AG9/LE)"
37.115.184.155 - - [22/Jan/2018:12:04:42 +0100] "GET / HTTP/1.1" 200 3274 "http://jobmarket.com.ua/" "Opera/7.60 (Windows NT 5.2; U) [en] (IBM EVV/3.0/EAK01AG9/LE)"
66.249.79.142 - - [22/Jan/2018:12:24:18 +0100] "GET / HTTP/1.1" 200 3274 "-" "Mozilla/5.0 (compatible; Googlebot/2.1; +http://www.google.com/bot.html)"
46.119.113.175 - - [22/Jan/2018:13:54:43 +0100] "GET / HTTP/1.1" 200 3274 "https://supermama.top/" "Mozilla/4.0 (compatible; MSIE 6.0; Windows NT 5.1; SV1; FunWebProducts)"
46.119.113.175 - - [22/Jan/2018:13:54:43 +0100] "GET / HTTP/1.1" 200 3274 "https://supermama.top/" "Mozilla/4.0 (compatible; MSIE 6.0; Windows NT 5.1; SV1; FunWebProducts)"
46.119.113.175 - - [22/Jan/2018:13:54:44 +0100] "GET / HTTP/1.1" 200 3274 "https://supermama.top/" "Mozilla/4.0 (compatible; MSIE 6.0; Windows NT 5.1; SV1; FunWebProducts)"
141.113.3.35 - - [22/Jan/2018:14:48:10 +0100] "GET / HTTP/1.1" 200 3274 "http://www.google.de/url?sa=t&rct=j&q=&esrc=s&source=web&cd=2&ved=0ahUKEwih_Ijs2evYAhUQJewKHf7RDkoQFggtMAE&url=http%3A%2F%2Fwww.dialyse-falkensee.de%2F&usg=AOvVaw1lUnyPeCxqgIdCXhRMv-Iy" "Mozilla/5.0 (Windows NT 6.1; WOW64; Trident/7.0; rv:11.0) like Gecko"
141.113.3.35 - - [22/Jan/2018:14:48:10 +0100] "GET /css/bootstrap-responsive.min.css HTTP/1.1" 200 16520 "http://www.dialyse-falkensee.de/" "Mozilla/5.0 (Windows NT 6.1; WOW64; Trident/7.0; rv:11.0) like Gecko"
141.113.3.35 - - [22/Jan/2018:14:48:10 +0100] "GET /css/bootstrap.min.css HTTP/1.1" 200 101265 "http://www.dialyse-falkensee.de/" "Mozilla/5.0 (Windows NT 6.1; WOW64; Trident/7.0; rv:11.0) like Gecko"
141.113.3.35 - - [22/Jan/2018:14:48:10 +0100] "GET /js/bootstrap.min.js HTTP/1.1" 200 25764 "http://www.dialyse-falkensee.de/" "Mozilla/5.0 (Windows NT 6.1; WOW64; Trident/7.0; rv:11.0) like Gecko"
141.113.3.35 - - [22/Jan/2018:14:48:11 +0100] "GET /ico/favicon.ico HTTP/1.1" 404 1256 "-" "Mozilla/5.0 (Windows NT 6.1; Win64; x64; Trident/7.0; rv:11.0) like Gecko"
141.113.3.35 - - [22/Jan/2018:14:48:11 +0100] "GET /favicon.ico HTTP/1.1" 404 1256 "-" "Mozilla/5.0 (Windows NT 6.1; Win64; x64; Trident/7.0; rv:11.0) like Gecko"
141.113.3.35 - - [22/Jan/2018:14:48:30 +0100] "GET /img/glyphicons-halflings.png HTTP/1.1" 200 12799 "http://www.dialyse-falkensee.de/" "Mozilla/5.0 (Windows NT 6.1; WOW64; Trident/7.0; rv:11.0) like Gecko"
207.46.13.70 - - [22/Jan/2018:15:35:34 +0100] "GET /robots.txt HTTP/1.1" 404 1256 "-" "Mozilla/5.0 (compatible; bingbot/2.0; +http://www.bing.com/bingbot.htm)"
157.55.39.93 - - [22/Jan/2018:15:35:47 +0100] "GET / HTTP/1.1" 200 3274 "-" "Mozilla/5.0 (iPhone; CPU iPhone OS 7_0 like Mac OS X) AppleWebKit/537.51.1 (KHTML, like Gecko) Version/7.0 Mobile/11A465 Safari/9537.53 (compatible; bingbot/2.0; +http://www.bing.com/bingbot.htm)"
138.201.59.34 - - [22/Jan/2018:16:30:33 +0100] "GET /robots.txt HTTP/1.0" 404 1256 "-" "Mozilla/5.0 (compatible; SEOkicks-Robot; +http://www.seokicks.de/robot.html)"
138.201.59.34 - - [22/Jan/2018:16:30:36 +0100] "GET / HTTP/1.0" 200 3274 "-" "Mozilla/5.0 (compatible; SEOkicks-Robot; +http://www.seokicks.de/robot.html)"
138.201.59.34 - - [22/Jan/2018:16:30:37 +0100] "GET /css/bootstrap.min.css HTTP/1.0" 200 101265 "http://www.dialyse-falkensee.de/" "Mozilla/5.0 (compatible; SEOkicks-Robot; +http://www.seokicks.de/robot.html)"
138.201.59.34 - - [22/Jan/2018:16:30:39 +0100] "GET /css/bootstrap-responsive.min.css HTTP/1.0" 200 16520 "http://www.dialyse-falkensee.de/" "Mozilla/5.0 (compatible; SEOkicks-Robot; +http://www.seokicks.de/robot.html)"
138.201.59.34 - - [22/Jan/2018:16:30:40 +0100] "GET /ico/favicon.ico HTTP/1.0" 404 1256 "http://www.dialyse-falkensee.de/" "Mozilla/5.0 (compatible; SEOkicks-Robot; +http://www.seokicks.de/robot.html)"
138.201.59.34 - - [22/Jan/2018:16:30:41 +0100] "GET /js/bootstrap.min.js HTTP/1.0" 200 25764 "http://www.dialyse-falkensee.de/" "Mozilla/5.0 (compatible; SEOkicks-Robot; +http://www.seokicks.de/robot.html)"
65.55.210.95 - - [22/Jan/2018:16:36:51 +0100] "GET /css/bootstrap.min.css HTTP/1.1" 200 101265 "-" "Mozilla/5.0 (iPhone; CPU iPhone OS 7_0 like Mac OS X) AppleWebKit/537.51.1 (KHTML, like Gecko) Version/7.0 Mobile/11A465 Safari/9537.53 BingPreview/1.0b"
199.30.25.46 - - [22/Jan/2018:16:36:54 +0100] "GET /css/bootstrap-responsive.min.css HTTP/1.1" 200 16520 "-" "Mozilla/5.0 (iPhone; CPU iPhone OS 7_0 like Mac OS X) AppleWebKit/537.51.1 (KHTML, like Gecko) Version/7.0 Mobile/11A465 Safari/9537.53 BingPreview/1.0b"
199.30.25.242 - - [22/Jan/2018:16:36:56 +0100] "GET /js/bootstrap.min.js HTTP/1.1" 200 25764 "-" "Mozilla/5.0 (iPhone; CPU iPhone OS 7_0 like Mac OS X) AppleWebKit/537.51.1 (KHTML, like Gecko) Version/7.0 Mobile/11A465 Safari/9537.53 BingPreview/1.0b"
141.113.3.35 - - [22/Jan/2018:17:01:43 +0100] "GET /ico/favicon.ico HTTP/1.1" 404 1256 "-" "Mozilla/5.0 (Windows NT 6.1; Win64; x64; Trident/7.0; rv:11.0) like Gecko"
141.113.3.35 - - [22/Jan/2018:17:01:43 +0100] "GET /favicon.ico HTTP/1.1" 404 1256 "-" "Mozilla/5.0 (Windows NT 6.1; Win64; x64; Trident/7.0; rv:11.0) like Gecko"
178.137.82.38 - - [22/Jan/2018:17:35:13 +0100] "GET / HTTP/1.1" 200 3274 "http://lyrics.home-task.com/" "Opera/7.11 (Windows NT 5.1; U) [en]"
178.137.82.38 - - [22/Jan/2018:17:35:18 +0100] "GET / HTTP/1.1" 200 3274 "http://lyrics.home-task.com/" "Opera/7.11 (Windows NT 5.1; U) [en]"
188.163.79.63 - - [22/Jan/2018:18:55:31 +0100] "GET / HTTP/1.1" 200 3274 "https://xn----9sbubg3ambdfl1j.xn--p1ai/" "Mozilla/4.0 (compatible; MSIE 5.5; Windows NT 4.0)"
188.163.79.63 - - [22/Jan/2018:18:55:32 +0100] "GET / HTTP/1.1" 200 3274 "https://xn----9sbubg3ambdfl1j.xn--p1ai/" "Mozilla/4.0 (compatible; MSIE 5.5; Windows NT 4.0)"
188.163.79.63 - - [22/Jan/2018:18:55:33 +0100] "GET / HTTP/1.1" 200 3274 "https://xn----9sbubg3ambdfl1j.xn--p1ai/" "Mozilla/4.0 (compatible; MSIE 5.5; Windows NT 4.0)"
79.247.180.67 - - [22/Jan/2018:20:37:46 +0100] "GET / HTTP/1.1" 200 3274 "https://www.google.de/" "Mozilla/5.0 (iPad; CPU OS 10_3_3 like Mac OS X) AppleWebKit/603.3.8 (KHTML, like Gecko) Version/10.0 Mobile/14G60 Safari/602.1"
79.247.180.67 - - [22/Jan/2018:20:37:46 +0100] "GET /css/bootstrap-responsive.min.css HTTP/1.1" 200 16520 "http://www.dialyse-falkensee.de/" "Mozilla/5.0 (iPad; CPU OS 10_3_3 like Mac OS X) AppleWebKit/603.3.8 (KHTML, like Gecko) Version/10.0 Mobile/14G60 Safari/602.1"
79.247.180.67 - - [22/Jan/2018:20:37:46 +0100] "GET /js/bootstrap.min.js HTTP/1.1" 200 25764 "http://www.dialyse-falkensee.de/" "Mozilla/5.0 (iPad; CPU OS 10_3_3 like Mac OS X) AppleWebKit/603.3.8 (KHTML, like Gecko) Version/10.0 Mobile/14G60 Safari/602.1"
79.247.180.67 - - [22/Jan/2018:20:37:46 +0100] "GET /css/bootstrap.min.css HTTP/1.1" 200 101265 "http://www.dialyse-falkensee.de/" "Mozilla/5.0 (iPad; CPU OS 10_3_3 like Mac OS X) AppleWebKit/603.3.8 (KHTML, like Gecko) Version/10.0 Mobile/14G60 Safari/602.1"
178.137.82.38 - - [23/Jan/2018:01:21:29 +0100] "GET / HTTP/1.1" 200 3274 "https://voloo.ru/" "Opera/7.60 (Windows NT 5.2; U) [en] (IBM EVV/3.0/EAK01AG9/LE)"
178.137.82.38 - - [23/Jan/2018:01:21:29 +0100] "GET / HTTP/1.1" 200 3274 "https://voloo.ru/" "Opera/7.60 (Windows NT 5.2; U) [en] (IBM EVV/3.0/EAK01AG9/LE)"
194.187.170.129 - - [23/Jan/2018:02:17:09 +0100] "GET /robots.txt HTTP/1.0" 404 1256 "-" "Mozilla/5.0 (compatible; Qwantify/2.4w; +https://www.qwant.com/)/2.4w"
194.187.170.129 - - [23/Jan/2018:02:17:09 +0100] "GET /index.html HTTP/1.0" 200 3274 "-" "Mozilla/5.0 (compatible; Qwantify/2.4w; +https://www.qwant.com/)/2.4w"
178.137.82.38 - - [23/Jan/2018:07:17:05 +0100] "GET / HTTP/1.1" 200 3274 "https://buynorxx.com/" "Opera/7.60 (Windows NT 5.2; U) [en] (IBM EVV/3.0/EAK01AG9/LE)"
178.137.82.38 - - [23/Jan/2018:07:17:06 +0100] "GET / HTTP/1.1" 200 3274 "https://buynorxx.com/" "Opera/7.60 (Windows NT 5.2; U) [en] (IBM EVV/3.0/EAK01AG9/LE)"
178.137.82.38 - - [23/Jan/2018:07:17:08 +0100] "GET / HTTP/1.1" 200 3274 "https://buynorxx.com/" "Opera/7.60 (Windows NT 5.2; U) [en] (IBM EVV/3.0/EAK01AG9/LE)"
46.229.164.100 - - [23/Jan/2018:07:19:43 +0100] "GET /robots.txt HTTP/1.1" 404 1256 "-" "Mozilla/5.0 (compatible; SemrushBot/1.2~bl; +http://www.semrush.com/bot.html)"
37.115.184.155 - - [23/Jan/2018:08:01:11 +0100] "GET / HTTP/1.1" 200 3274 "https://atleticpharm.org/" "Mozilla/4.0 (compatible; MSIE 6.0; Windows NT 5.1)"
37.115.184.155 - - [23/Jan/2018:08:01:12 +0100] "GET / HTTP/1.1" 200 3274 "https://atleticpharm.org/" "Mozilla/4.0 (compatible; MSIE 6.0; Windows NT 5.1)"
46.105.103.144 - - [23/Jan/2018:08:27:02 +0100] "GET / HTTP/1.1" 200 3274 "-" "-"
81.169.250.152 - - [23/Jan/2018:08:29:54 +0100] "GET /robots.txt HTTP/1.1" 404 1256 "-" "Mozilla/4.0 (compatible; MSIE 7.0; Windows NT 6.2; WOW64; Trident/7.0; .NET4.0E; .NET4.0C)"
46.229.168.65 - - [23/Jan/2018:09:39:05 +0100] "GET /index.html HTTP/1.1" 200 3274 "-" "Mozilla/5.0 (compatible; SemrushBot/1.2~bl; +http://www.semrush.com/bot.html)"
