79.58.24.222 - - [01/Nov/2014:04:15:41 +0100] "HEAD / HTTP/1.0" 200 - "http://www.dialyse-falkensee.de" "Opera/9.80 (Windows NT 5.1; U; en) Presto/2.2.15 Version/10.10"
79.58.24.222 - - [01/Nov/2014:04:15:41 +0100] "GET / HTTP/1.0" 200 3274 "http://www.dialyse-falkensee.de" "Opera/9.80 (Windows NT 5.1; U; en) Presto/2.2.15 Version/10.10"
157.55.39.29 - - [01/Nov/2014:07:10:14 +0100] "GET /robots.txt HTTP/1.1" 404 1256 "-" "Mozilla/5.0 (compatible; bingbot/2.0; +http://www.bing.com/bingbot.htm)"
157.55.39.29 - - [01/Nov/2014:07:30:43 +0100] "GET / HTTP/1.1" 200 3274 "-" "Mozilla/5.0 (compatible; bingbot/2.0; +http://www.bing.com/bingbot.htm)"
178.255.215.76 - - [01/Nov/2014:08:02:11 +0100] "GET /robots.txt HTTP/1.1" 404 1256 "-" "Mozilla/5.0 (compatible; Exabot/3.0; +http://www.exabot.com/go/robot)"
178.255.215.76 - - [01/Nov/2014:08:02:11 +0100] "GET / HTTP/1.1" 304 - "-" "Mozilla/5.0 (compatible; Exabot/3.0; +http://www.exabot.com/go/robot)"
192.99.107.118 - - [01/Nov/2014:08:03:35 +0100] "GET /robots.txt HTTP/1.1" 404 1256 "-" "Mozilla/5.0 (compatible; meanpathbot/1.0; +http://www.meanpath.com/meanpathbot.html)"
192.99.107.118 - - [01/Nov/2014:08:03:35 +0100] "GET / HTTP/1.1" 200 3274 "-" "Mozilla/5.0 (compatible; meanpathbot/1.0; +http://www.meanpath.com/meanpathbot.html)"
80.153.101.65 - - [01/Nov/2014:08:07:05 +0100] "GET /robots.txt HTTP/1.1" 404 1256 "-" "Mozilla/5.0 (compatible; WeViKaBot/1.0; +http://www.wevika.de/)"
66.249.78.51 - - [01/Nov/2014:11:10:31 +0100] "GET /robots.txt HTTP/1.1" 404 1256 "-" "Mozilla/5.0 (compatible; Googlebot/2.1; +http://www.google.com/bot.html)"
66.249.78.58 - - [01/Nov/2014:11:10:31 +0100] "GET /css/bootstrap-responsive.min.css HTTP/1.1" 200 16520 "-" "Mozilla/5.0 (compatible; Googlebot/2.1; +http://www.google.com/bot.html)"
66.249.78.58 - - [01/Nov/2014:11:23:52 +0100] "GET /css/bootstrap.min.css HTTP/1.1" 200 101265 "-" "Mozilla/5.0 (compatible; Googlebot/2.1; +http://www.google.com/bot.html)"
209.190.1.132 - - [01/Nov/2014:13:13:55 +0100] "GET / HTTP/1.1" 200 3274 "-" "Mozilla/5.0 (Windows NT 6.1; Win64; x64) KomodiaBot/1.0"
208.115.113.83 - - [01/Nov/2014:18:59:23 +0100] "GET /robots.txt HTTP/1.1" 404 1256 "-" "Mozilla/5.0 (compatible; DotBot/1.1; http://www.opensiteexplorer.org/dotbot, help@moz.com)"
141.8.147.12 - - [01/Nov/2014:19:44:38 +0100] "GET /robots.txt HTTP/1.1" 404 1256 "-" "Mozilla/5.0 (compatible; YandexBot/3.0; +http://yandex.com/bots)"
141.8.147.12 - - [01/Nov/2014:19:48:53 +0100] "GET / HTTP/1.1" 200 3274 "-" "Mozilla/5.0 (compatible; YandexBot/3.0; +http://yandex.com/bots)"
208.115.113.83 - - [01/Nov/2014:20:50:53 +0100] "GET /index.html HTTP/1.1" 200 3274 "-" "Mozilla/5.0 (compatible; DotBot/1.1; http://www.opensiteexplorer.org/dotbot, help@moz.com)"
188.63.76.182 - - [02/Nov/2014:01:01:09 +0100] "GET / HTTP/1.1" 200 3274 "-" "Mozilla/5.0 (iPad; CPU OS 8_1 like Mac OS X) AppleWebKit/600.1.4 (KHTML, like Gecko) Version/8.0 Mobile/12B410 Safari/600.1.4"
188.63.76.182 - - [02/Nov/2014:01:01:10 +0100] "GET /css/bootstrap-responsive.min.css HTTP/1.1" 200 16520 "http://www.dialyse-falkensee.de/" "Mozilla/5.0 (iPad; CPU OS 8_1 like Mac OS X) AppleWebKit/600.1.4 (KHTML, like Gecko) Version/8.0 Mobile/12B410 Safari/600.1.4"
188.63.76.182 - - [02/Nov/2014:01:01:10 +0100] "GET /js/bootstrap.min.js HTTP/1.1" 200 25764 "http://www.dialyse-falkensee.de/" "Mozilla/5.0 (iPad; CPU OS 8_1 like Mac OS X) AppleWebKit/600.1.4 (KHTML, like Gecko) Version/8.0 Mobile/12B410 Safari/600.1.4"
188.63.76.182 - - [02/Nov/2014:01:01:10 +0100] "GET /css/bootstrap.min.css HTTP/1.1" 200 101265 "http://www.dialyse-falkensee.de/" "Mozilla/5.0 (iPad; CPU OS 8_1 like Mac OS X) AppleWebKit/600.1.4 (KHTML, like Gecko) Version/8.0 Mobile/12B410 Safari/600.1.4"
188.63.76.182 - - [02/Nov/2014:01:01:10 +0100] "GET /img/glyphicons-halflings.png HTTP/1.1" 200 12799 "http://www.dialyse-falkensee.de/" "Mozilla/5.0 (iPad; CPU OS 8_1 like Mac OS X) AppleWebKit/600.1.4 (KHTML, like Gecko) Version/8.0 Mobile/12B410 Safari/600.1.4"
188.63.76.182 - - [02/Nov/2014:01:01:52 +0100] "GET /apple-touch-icon-152x152-precomposed.png HTTP/1.1" 404 1256 "-" "MobileSafari/600.1.4 CFNetwork/711.1.12 Darwin/14.0.0"
188.63.76.182 - - [02/Nov/2014:01:01:53 +0100] "GET /apple-touch-icon-152x152.png HTTP/1.1" 404 1256 "-" "MobileSafari/600.1.4 CFNetwork/711.1.12 Darwin/14.0.0"
188.63.76.182 - - [02/Nov/2014:01:01:53 +0100] "GET /apple-touch-icon.png HTTP/1.1" 404 1256 "-" "MobileSafari/600.1.4 CFNetwork/711.1.12 Darwin/14.0.0"
188.63.76.182 - - [02/Nov/2014:01:01:54 +0100] "GET /apple-touch-icon-152x152.png HTTP/1.1" 404 1256 "-" "Mozilla/5.0 (iPad; CPU OS 8_1 like Mac OS X) AppleWebKit/600.1.4 (KHTML, like Gecko) Mobile/12B410"
188.63.76.182 - - [02/Nov/2014:01:01:54 +0100] "GET /ico/favicon.ico HTTP/1.1" 404 1256 "-" "Mozilla/5.0 (iPad; CPU OS 8_1 like Mac OS X) AppleWebKit/600.1.4 (KHTML, like Gecko) Mobile/12B410"
188.63.76.182 - - [02/Nov/2014:01:01:54 +0100] "GET /apple-touch-icon-precomposed.png HTTP/1.1" 404 1256 "-" "Mozilla/5.0 (iPad; CPU OS 8_1 like Mac OS X) AppleWebKit/600.1.4 (KHTML, like Gecko) Mobile/12B410"
188.63.76.182 - - [02/Nov/2014:01:01:54 +0100] "GET /favicon.ico HTTP/1.1" 404 1256 "-" "Mozilla/5.0 (iPad; CPU OS 8_1 like Mac OS X) AppleWebKit/600.1.4 (KHTML, like Gecko) Mobile/12B410"
208.43.252.203 - - [02/Nov/2014:10:22:12 +0100] "GET /robots.txt HTTP/1.1" 404 1256 "-" "Mozilla/5.0 (compatible; SiteExplorer/1.0b; +http://siteexplorer.info/)"
208.43.252.203 - - [02/Nov/2014:10:22:16 +0100] "GET / HTTP/1.1" 200 3274 "-" "Mozilla/5.0 (compatible; SiteExplorer/1.0b; +http://siteexplorer.info/)"
5.39.89.222 - - [02/Nov/2014:22:58:24 +0100] "GET / HTTP/1.1" 200 3274 "http://www.loadtime.net/website/www.dialyse-falkensee.de" "Mozilla/5.0 (compatible; LoadTimeBot/0.9; +http://www.loadtime.net/bot.html)"
157.55.39.29 - - [03/Nov/2014:02:05:03 +0100] "GET /robots.txt HTTP/1.1" 404 1256 "-" "Mozilla/5.0 (compatible; bingbot/2.0; +http://www.bing.com/bingbot.htm)"
87.160.191.65 - - [03/Nov/2014:10:24:00 +0100] "GET / HTTP/1.1" 200 3274 "http://www.google.de/url?sa=t&rct=j&q=&esrc=s&source=web&cd=1&sqi=2&ved=0CCoQFjAA&url=http%3A%2F%2Fwww.dialyse-falkensee.de%2F&ei=lElXVMD1GJLYasPRgYAK&usg=AFQjCNECgXXq-DVOeCPbM1zyqacv9mR2gg&bvm=bv.78677474,d.ZWU" "Mozilla/5.0 (Windows NT 6.1; WOW64; Trident/7.0; rv:11.0) like Gecko"
87.160.191.65 - - [03/Nov/2014:10:24:00 +0100] "GET /css/bootstrap-responsive.min.css HTTP/1.1" 200 16520 "http://www.dialyse-falkensee.de/" "Mozilla/5.0 (Windows NT 6.1; WOW64; Trident/7.0; rv:11.0) like Gecko"
87.160.191.65 - - [03/Nov/2014:10:24:00 +0100] "GET /css/bootstrap.min.css HTTP/1.1" 200 101265 "http://www.dialyse-falkensee.de/" "Mozilla/5.0 (Windows NT 6.1; WOW64; Trident/7.0; rv:11.0) like Gecko"
87.160.191.65 - - [03/Nov/2014:10:24:00 +0100] "GET /js/bootstrap.min.js HTTP/1.1" 200 25764 "http://www.dialyse-falkensee.de/" "Mozilla/5.0 (Windows NT 6.1; WOW64; Trident/7.0; rv:11.0) like Gecko"
87.160.191.65 - - [03/Nov/2014:10:24:00 +0100] "GET /ico/favicon.ico HTTP/1.1" 404 1256 "-" "Mozilla/5.0 (Windows NT 6.1; Win64; x64; Trident/7.0; rv:11.0) like Gecko"
87.160.191.65 - - [03/Nov/2014:10:24:00 +0100] "GET /favicon.ico HTTP/1.1" 404 1256 "-" "Mozilla/5.0 (Windows NT 6.1; Win64; x64; Trident/7.0; rv:11.0) like Gecko"
157.55.39.29 - - [03/Nov/2014:12:22:06 +0100] "GET / HTTP/1.1" 200 3274 "-" "Mozilla/5.0 (compatible; bingbot/2.0; +http://www.bing.com/bingbot.htm)"
199.30.24.74 - - [03/Nov/2014:12:22:09 +0100] "GET /css/bootstrap-responsive.min.css HTTP/1.1" 200 16520 "http://www.dialyse-falkensee.de/" "Mozilla/5.0 (Windows NT 6.1; WOW64) AppleWebKit/534+ (KHTML, like Gecko) BingPreview/1.0b"
199.30.24.74 - - [03/Nov/2014:12:22:09 +0100] "GET /css/bootstrap.min.css HTTP/1.1" 200 101265 "http://www.dialyse-falkensee.de/" "Mozilla/5.0 (Windows NT 6.1; WOW64) AppleWebKit/534+ (KHTML, like Gecko) BingPreview/1.0b"
199.30.24.74 - - [03/Nov/2014:12:22:11 +0100] "GET /js/bootstrap.min.js HTTP/1.1" 200 25764 "http://www.dialyse-falkensee.de/" "Mozilla/5.0 (Windows NT 6.1; WOW64) AppleWebKit/534+ (KHTML, like Gecko) BingPreview/1.0b"
207.46.13.66 - - [03/Nov/2014:12:24:10 +0100] "GET /robots.txt HTTP/1.1" 404 1256 "-" "Mozilla/5.0 (compatible; bingbot/2.0; +http://www.bing.com/bingbot.htm)"
89.246.198.113 - - [03/Nov/2014:13:24:47 +0100] "GET / HTTP/1.1" 200 3274 "https://www.google.de/" "Mozilla/5.0 (iPad; CPU OS 6_0_1 like Mac OS X) AppleWebKit/536.26 (KHTML, like Gecko) Version/6.0 Mobile/10A523 Safari/8536.25"
89.246.198.113 - - [03/Nov/2014:13:24:48 +0100] "GET /css/bootstrap-responsive.min.css HTTP/1.1" 200 16520 "http://www.dialyse-falkensee.de/" "Mozilla/5.0 (iPad; CPU OS 6_0_1 like Mac OS X) AppleWebKit/536.26 (KHTML, like Gecko) Version/6.0 Mobile/10A523 Safari/8536.25"
89.246.198.113 - - [03/Nov/2014:13:24:48 +0100] "GET /css/bootstrap.min.css HTTP/1.1" 200 101265 "http://www.dialyse-falkensee.de/" "Mozilla/5.0 (iPad; CPU OS 6_0_1 like Mac OS X) AppleWebKit/536.26 (KHTML, like Gecko) Version/6.0 Mobile/10A523 Safari/8536.25"
89.246.198.113 - - [03/Nov/2014:13:24:48 +0100] "GET /js/bootstrap.min.js HTTP/1.1" 200 25764 "http://www.dialyse-falkensee.de/" "Mozilla/5.0 (iPad; CPU OS 6_0_1 like Mac OS X) AppleWebKit/536.26 (KHTML, like Gecko) Version/6.0 Mobile/10A523 Safari/8536.25"
94.222.25.195 - - [03/Nov/2014:13:40:29 +0100] "GET / HTTP/1.1" 200 3274 "https://www.google.de/" "Mozilla/5.0 (iPad; CPU OS 8_1 like Mac OS X) AppleWebKit/600.1.4 (KHTML, like Gecko) Version/8.0 Mobile/12B410 Safari/600.1.4"
94.222.25.195 - - [03/Nov/2014:13:40:29 +0100] "GET /js/bootstrap.min.js HTTP/1.1" 200 25764 "http://www.dialyse-falkensee.de/" "Mozilla/5.0 (iPad; CPU OS 8_1 like Mac OS X) AppleWebKit/600.1.4 (KHTML, like Gecko) Version/8.0 Mobile/12B410 Safari/600.1.4"
94.222.25.195 - - [03/Nov/2014:13:40:29 +0100] "GET /css/bootstrap-responsive.min.css HTTP/1.1" 200 16520 "http://www.dialyse-falkensee.de/" "Mozilla/5.0 (iPad; CPU OS 8_1 like Mac OS X) AppleWebKit/600.1.4 (KHTML, like Gecko) Version/8.0 Mobile/12B410 Safari/600.1.4"
94.222.25.195 - - [03/Nov/2014:13:40:29 +0100] "GET /css/bootstrap.min.css HTTP/1.1" 200 101265 "http://www.dialyse-falkensee.de/" "Mozilla/5.0 (iPad; CPU OS 8_1 like Mac OS X) AppleWebKit/600.1.4 (KHTML, like Gecko) Version/8.0 Mobile/12B410 Safari/600.1.4"
218.30.103.135 - - [03/Nov/2014:15:10:10 +0100] "GET / HTTP/1.1" 200 3274 "-" "Sogou web spider/4.0(+http://www.sogou.com/docs/help/webmasters.htm#07)"
218.30.103.135 - - [03/Nov/2014:15:11:23 +0100] "GET /robots.txt HTTP/1.1" 404 1256 "-" "Sogou web spider/4.0(+http://www.sogou.com/docs/help/webmasters.htm#07)"
148.251.78.167 - - [03/Nov/2014:16:21:42 +0100] "GET / HTTP/1.1" 200 3274 "http://www.abcd4.de/link.php" "Mozilla/5.0 (compatible; MSIE 9.0; Windows NT 6.1; Trident/5.0)"
148.251.78.167 - - [03/Nov/2014:16:21:42 +0100] "GET /css/bootstrap-responsive.min.css HTTP/1.1" 200 16520 "http://www.abcd4.de/link.php" "Mozilla/5.0 (compatible; MSIE 9.0; Windows NT 6.1; Trident/5.0)"
148.251.78.167 - - [03/Nov/2014:16:21:42 +0100] "GET /js/bootstrap.min.js HTTP/1.1" 200 25764 "http://www.abcd4.de/link.php" "Mozilla/5.0 (compatible; MSIE 9.0; Windows NT 6.1; Trident/5.0)"
148.251.78.167 - - [03/Nov/2014:16:21:42 +0100] "GET /css/bootstrap.min.css HTTP/1.1" 200 101265 "http://www.abcd4.de/link.php" "Mozilla/5.0 (compatible; MSIE 9.0; Windows NT 6.1; Trident/5.0)"
148.251.78.167 - - [03/Nov/2014:16:21:42 +0100] "GET /img/glyphicons-halflings.png HTTP/1.1" 200 12799 "http://www.abcd4.de/link.php" "Mozilla/5.0 (compatible; MSIE 9.0; Windows NT 6.1; Trident/5.0)"
157.55.39.29 - - [03/Nov/2014:17:14:31 +0100] "GET /robots.txt HTTP/1.1" 404 1256 "-" "Mozilla/5.0 (compatible; bingbot/2.0; +http://www.bing.com/bingbot.htm)"
72.10.33.50 - - [03/Nov/2014:17:25:11 +0100] "GET /components/com_community/index.html HTTP/1.1" 404 1256 "-" "Mozilla/5.0 (compatible; MSIE 9.0; Windows NT 6.0; Trident/5.0)"
72.10.33.50 - - [03/Nov/2014:17:25:11 +0100] "GET //components/com_jdownloads/jdownloads.js HTTP/1.1" 404 1256 "-" "Mozilla/5.0 (Windows; U; Windows NT 5.1; de-LI; rv:1.9.0.16) Gecko/2009120208 Firefox/3.0.16 (.NET CLR 3.5.30729)"
72.10.33.50 - - [03/Nov/2014:17:25:11 +0100] "GET //index.php?option=com_fabrik&c=import&view=import&filetype=csv&table=1 HTTP/1.1" 404 1256 "-" "Mozilla/5.0 (Windows; U; Windows NT 5.1; de-LI; rv:1.9.0.16) Gecko/2009120208 Firefox/3.0.16 (.NET CLR 3.5.30729)"
72.10.33.50 - - [03/Nov/2014:17:25:12 +0100] "GET /index.php?option=com_jce&task=plugin&plugin=imgmanager&file=imgmanager&method=form&action=upload HTTP/1.1" 404 1256 "-" "Mozilla/5.0 (compatible; MSIE 9.0; Windows NT 6.0; Trident/5.0)"
72.10.33.50 - - [03/Nov/2014:17:25:12 +0100] "GET /index.php?option=com_media&view=images&tmpl=component&e_name=jform_articletext&asset=com_content&author= HTTP/1.1" 404 1256 "-" "Mozilla/5.0 (Windows; U; Windows NT 5.1; de-LI; rv:1.9.0.16) Gecko/2009120208 Firefox/3.0.16 (.NET CLR 3.5.30729)"
72.10.33.50 - - [03/Nov/2014:17:25:12 +0100] "GET /components/com_sexycontactform/assets/js/sexy-mousewheel.js HTTP/1.1" 404 1256 "-" "Mozilla/5.0 (Windows; U; Windows NT 5.1; de-LI; rv:1.9.0.16) Gecko/2009120208 Firefox/3.0.16 (.NET CLR 3.5.30729)"
72.10.33.50 - - [03/Nov/2014:17:25:13 +0100] "GET //components/com_creativecontactform/assets/js/creative-mousewheel.js HTTP/1.1" 404 1256 "-" "Mozilla/5.0 (Windows; U; Windows NT 5.1; de-LI; rv:1.9.0.16) Gecko/2009120208 Firefox/3.0.16 (.NET CLR 3.5.30729)"
72.10.33.50 - - [03/Nov/2014:17:25:14 +0100] "GET /english/components/com_community/index.html HTTP/1.1" 404 1256 "-" "Mozilla/5.0 (compatible; MSIE 9.0; Windows NT 6.0; Trident/5.0)"
72.10.33.50 - - [03/Nov/2014:17:25:14 +0100] "GET /english//components/com_jdownloads/jdownloads.js HTTP/1.1" 404 1256 "-" "Mozilla/5.0 (Windows; U; Windows NT 5.1; de-LI; rv:1.9.0.16) Gecko/2009120208 Firefox/3.0.16 (.NET CLR 3.5.30729)"
72.10.33.50 - - [03/Nov/2014:17:25:14 +0100] "GET /english//index.php?option=com_fabrik&c=import&view=import&filetype=csv&table=1 HTTP/1.1" 404 1256 "-" "Mozilla/5.0 (Windows; U; Windows NT 5.1; de-LI; rv:1.9.0.16) Gecko/2009120208 Firefox/3.0.16 (.NET CLR 3.5.30729)"
72.10.33.50 - - [03/Nov/2014:17:25:15 +0100] "GET /english/index.php?option=com_jce&task=plugin&plugin=imgmanager&file=imgmanager&method=form&action=upload HTTP/1.1" 404 1256 "-" "Mozilla/5.0 (compatible; MSIE 9.0; Windows NT 6.0; Trident/5.0)"
72.10.33.50 - - [03/Nov/2014:17:25:15 +0100] "GET /english/index.php?option=com_media&view=images&tmpl=component&e_name=jform_articletext&asset=com_content&author= HTTP/1.1" 404 1256 "-" "Mozilla/5.0 (Windows; U; Windows NT 5.1; de-LI; rv:1.9.0.16) Gecko/2009120208 Firefox/3.0.16 (.NET CLR 3.5.30729)"
72.10.33.50 - - [03/Nov/2014:17:25:15 +0100] "GET /english/components/com_sexycontactform/assets/js/sexy-mousewheel.js HTTP/1.1" 404 1256 "-" "Mozilla/5.0 (Windows; U; Windows NT 5.1; de-LI; rv:1.9.0.16) Gecko/2009120208 Firefox/3.0.16 (.NET CLR 3.5.30729)"
72.10.33.50 - - [03/Nov/2014:17:25:15 +0100] "GET /english//components/com_creativecontactform/assets/js/creative-mousewheel.js HTTP/1.1" 404 1256 "-" "Mozilla/5.0 (Windows; U; Windows NT 5.1; de-LI; rv:1.9.0.16) Gecko/2009120208 Firefox/3.0.16 (.NET CLR 3.5.30729)"
217.95.215.205 - - [03/Nov/2014:18:24:08 +0100] "GET / HTTP/1.1" 200 3274 "http://www.google.de/url?sa=t&rct=j&q=&esrc=s&source=web&cd=2&ved=0CCcQFjAB&url=http%3A%2F%2Fwww.dialyse-falkensee.de%2F&ei=JrpXVNjFL5fnaqalgZgD&usg=AFQjCNECgXXq-DVOeCPbM1zyqacv9mR2gg&sig2=i5zpXdmeN_6DPXRYC2nD9A&bvm=bv.78677474,d.d2s" "Mozilla/5.0 (Windows NT 6.1; WOW64; rv:32.0) Gecko/20100101 Firefox/32.0"
217.95.215.205 - - [03/Nov/2014:18:24:08 +0100] "GET /css/bootstrap-responsive.min.css HTTP/1.1" 200 16520 "http://www.dialyse-falkensee.de/" "Mozilla/5.0 (Windows NT 6.1; WOW64; rv:32.0) Gecko/20100101 Firefox/32.0"
217.95.215.205 - - [03/Nov/2014:18:24:08 +0100] "GET /ico/favicon.ico HTTP/1.1" 404 1256 "-" "Mozilla/5.0 (Windows NT 6.1; WOW64; rv:32.0) Gecko/20100101 Firefox/32.0"
217.95.215.205 - - [03/Nov/2014:18:24:08 +0100] "GET /ico/favicon.ico HTTP/1.1" 404 1256 "-" "Mozilla/5.0 (Windows NT 6.1; WOW64; rv:32.0) Gecko/20100101 Firefox/32.0"
217.95.215.205 - - [03/Nov/2014:18:24:08 +0100] "GET /css/bootstrap.min.css HTTP/1.1" 200 101265 "http://www.dialyse-falkensee.de/" "Mozilla/5.0 (Windows NT 6.1; WOW64; rv:32.0) Gecko/20100101 Firefox/32.0"
217.95.215.205 - - [03/Nov/2014:18:24:08 +0100] "GET /js/bootstrap.min.js HTTP/1.1" 200 25764 "http://www.dialyse-falkensee.de/" "Mozilla/5.0 (Windows NT 6.1; WOW64; rv:32.0) Gecko/20100101 Firefox/32.0"
217.95.215.205 - - [03/Nov/2014:18:24:32 +0100] "GET /ico/favicon.ico HTTP/1.1" 404 1256 "-" "Mozilla/5.0 (Windows NT 6.1; WOW64; rv:32.0) Gecko/20100101 Firefox/32.0"
150.70.173.41 - - [03/Nov/2014:18:25:12 +0100] "GET / HTTP/1.1" 200 3274 "-" "Mozilla/4.0 (compatible; MSIE 8.0; Windows NT 5.1; Trident/4.0)"
66.155.8.225 - - [03/Nov/2014:19:39:11 +0100] "GET / HTTP/1.1" 200 3274 "-" "Mozilla/5.0 (X11; Linux x86_64; rv:10.0.12) Gecko/20100101 Firefox/21.0 WordPress.com mShots"
66.155.8.225 - - [03/Nov/2014:19:39:12 +0100] "GET /css/bootstrap-responsive.min.css HTTP/1.1" 200 16520 "http://www.dialyse-falkensee.de/" "Mozilla/5.0 (X11; Linux x86_64; rv:10.0.12) Gecko/20100101 Firefox/21.0 WordPress.com mShots"
66.155.8.225 - - [03/Nov/2014:19:39:12 +0100] "GET /js/bootstrap.min.js HTTP/1.1" 200 25764 "http://www.dialyse-falkensee.de/" "Mozilla/5.0 (X11; Linux x86_64; rv:10.0.12) Gecko/20100101 Firefox/21.0 WordPress.com mShots"
66.155.8.225 - - [03/Nov/2014:19:39:12 +0100] "GET /css/bootstrap.min.css HTTP/1.1" 200 101265 "http://www.dialyse-falkensee.de/" "Mozilla/5.0 (X11; Linux x86_64; rv:10.0.12) Gecko/20100101 Firefox/21.0 WordPress.com mShots"
66.155.8.225 - - [03/Nov/2014:19:39:13 +0100] "GET /img/glyphicons-halflings.png HTTP/1.1" 200 12799 "http://www.dialyse-falkensee.de/" "Mozilla/5.0 (X11; Linux x86_64; rv:10.0.12) Gecko/20100101 Firefox/21.0 WordPress.com mShots"
188.165.15.87 - - [03/Nov/2014:20:35:58 +0100] "GET / HTTP/1.1" 200 3274 "-" "Mozilla/5.0 (compatible; AhrefsBot/5.0; +http://ahrefs.com/robot/)"
66.249.78.58 - - [04/Nov/2014:03:06:13 +0100] "GET /robots.txt HTTP/1.1" 404 1256 "-" "Mozilla/5.0 (compatible; Googlebot/2.1; +http://www.google.com/bot.html)"
66.249.78.51 - - [04/Nov/2014:03:06:13 +0100] "GET / HTTP/1.1" 200 3274 "-" "Mozilla/5.0 (compatible; Googlebot/2.1; +http://www.google.com/bot.html)"
157.55.39.29 - - [04/Nov/2014:08:01:55 +0100] "GET /robots.txt HTTP/1.1" 404 1256 "-" "Mozilla/5.0 (compatible; bingbot/2.0; +http://www.bing.com/bingbot.htm)"
66.249.78.44 - - [04/Nov/2014:08:27:35 +0100] "GET / HTTP/1.1" 200 3274 "-" "Mozilla/5.0 (iPhone; CPU iPhone OS 6_0 like Mac OS X) AppleWebKit/536.26 (KHTML, like Gecko) Version/6.0 Mobile/10A5376e Safari/8536.25 (compatible; Googlebot/2.1; +http://www.google.com/bot.html)"
66.249.78.44 - - [04/Nov/2014:08:40:13 +0100] "GET / HTTP/1.1" 200 3274 "-" "Mozilla/5.0 (compatible; Googlebot/2.1; +http://www.google.com/bot.html)"
222.239.162.7 - - [04/Nov/2014:09:50:44 +0100] "GET /robots.txt HTTP/1.1" 404 1256 "http://search.daum.net/" "Mozilla/5.0 (compatible; MSIE or Firefox mutant; not on Windows server; + http://tab.search.daum.net/aboutWebSearch.html) Daumoa/3.0"
222.239.162.7 - - [04/Nov/2014:09:50:45 +0100] "GET / HTTP/1.1" 200 3274 "http://search.daum.net/" "Mozilla/5.0 (compatible; MSIE or Firefox mutant; not on Windows server; + http://tab.search.daum.net/aboutWebSearch.html) Daumoa/3.0"
157.55.39.29 - - [04/Nov/2014:11:23:27 +0100] "GET /robots.txt HTTP/1.1" 404 1256 "-" "Mozilla/5.0 (compatible; bingbot/2.0; +http://www.bing.com/bingbot.htm)"
157.55.39.30 - - [04/Nov/2014:11:53:14 +0100] "GET /robots.txt HTTP/1.1" 404 1256 "-" "Mozilla/5.0 (compatible; bingbot/2.0; +http://www.bing.com/bingbot.htm)"
66.249.78.58 - - [04/Nov/2014:12:48:44 +0100] "GET /favicon.ico HTTP/1.1" 404 1256 "-" "Googlebot-Image/1.0"
66.249.64.82 - - [04/Nov/2014:16:56:23 +0100] "GET /robots.txt HTTP/1.1" 404 1256 "-" "Mozilla/5.0 (compatible; Googlebot/2.1; +http://www.google.com/bot.html)"
66.249.78.51 - - [04/Nov/2014:16:56:23 +0100] "GET / HTTP/1.1" 200 3274 "-" "Mozilla/5.0 (compatible; Googlebot/2.1; +http://www.google.com/bot.html)"
46.114.154.241 - - [04/Nov/2014:20:13:12 +0100] "GET / HTTP/1.1" 200 3274 "-" "Mozilla/5.0 (Linux; U; Android 4.3; de-de; GT-I9300 Build/JSS15J) AppleWebKit/534.30 (KHTML, like Gecko) Version/4.0 Mobile Safari/534.30"
46.114.154.241 - - [04/Nov/2014:20:13:12 +0100] "GET /css/bootstrap.min.css HTTP/1.1" 200 101265 "http://www.dialyse-falkensee.de/" "Mozilla/5.0 (Linux; U; Android 4.3; de-de; GT-I9300 Build/JSS15J) AppleWebKit/534.30 (KHTML, like Gecko) Version/4.0 Mobile Safari/534.30"
66.249.78.58 - - [04/Nov/2014:23:29:54 +0100] "GET /css/bootstrap.min.css HTTP/1.1" 200 101265 "-" "Mozilla/5.0 (compatible; Googlebot/2.1; +http://www.google.com/bot.html)"
66.249.78.58 - - [05/Nov/2014:00:00:23 +0100] "GET /css/bootstrap-responsive.min.css HTTP/1.1" 200 16520 "-" "Mozilla/5.0 (compatible; Googlebot/2.1; +http://www.google.com/bot.html)"
193.252.118.167 - - [05/Nov/2014:01:37:09 +0100] "GET /robots.txt HTTP/1.1" 404 1256 "-" "Mozilla/5.0 (compatible; OrangeBot/2.0; support.voilabot@orange.com)"
193.252.118.167 - - [05/Nov/2014:01:37:15 +0100] "GET / HTTP/1.1" 200 3274 "-" "Mozilla/5.0 (compatible; OrangeBot/2.0; support.voilabot@orange.com)"
212.204.33.242 - - [05/Nov/2014:07:38:55 +0100] "GET / HTTP/1.1" 200 3274 "http://www.google.de/url?sa=t&rct=j&q=&esrc=s&source=web&cd=1&sqi=2&ved=0CCoQFjAA&url=http%3A%2F%2Fwww.dialyse-falkensee.de%2F&ei=5MVZVOzGAYjWPZLMgMAL&usg=AFQjCNECgXXq-DVOeCPbM1zyqacv9mR2gg" "Mozilla/5.0 (Windows NT 5.1; rv:30.0) Gecko/20100101 Firefox/30.0"
212.204.33.242 - - [05/Nov/2014:07:38:55 +0100] "GET /css/bootstrap-responsive.min.css HTTP/1.1" 200 16520 "http://www.dialyse-falkensee.de/" "Mozilla/5.0 (Windows NT 5.1; rv:30.0) Gecko/20100101 Firefox/30.0"
212.204.33.242 - - [05/Nov/2014:07:38:56 +0100] "GET /ico/favicon.ico HTTP/1.1" 404 1256 "-" "Mozilla/5.0 (Windows NT 5.1; rv:30.0) Gecko/20100101 Firefox/30.0"
212.204.33.242 - - [05/Nov/2014:07:38:55 +0100] "GET /css/bootstrap.min.css HTTP/1.1" 200 101265 "http://www.dialyse-falkensee.de/" "Mozilla/5.0 (Windows NT 5.1; rv:30.0) Gecko/20100101 Firefox/30.0"
212.204.33.242 - - [05/Nov/2014:07:38:56 +0100] "GET /js/bootstrap.min.js HTTP/1.1" 200 25764 "http://www.dialyse-falkensee.de/" "Mozilla/5.0 (Windows NT 5.1; rv:30.0) Gecko/20100101 Firefox/30.0"
188.165.15.240 - - [05/Nov/2014:08:50:51 +0100] "GET /robots.txt HTTP/1.1" 404 1256 "-" "Mozilla/5.0 (compatible; AhrefsBot/5.0; +http://ahrefs.com/robot/)"
157.55.39.240 - - [05/Nov/2014:09:00:21 +0100] "GET /robots.txt HTTP/1.1" 404 1256 "-" "Mozilla/5.0 (compatible; bingbot/2.0; +http://www.bing.com/bingbot.htm)"
157.55.39.240 - - [05/Nov/2014:10:26:12 +0100] "GET / HTTP/1.1" 200 3274 "-" "Mozilla/5.0 (compatible; bingbot/2.0; +http://www.bing.com/bingbot.htm)"
66.249.64.78 - - [05/Nov/2014:11:28:01 +0100] "GET /robots.txt HTTP/1.1" 404 1256 "-" "Mozilla/5.0 (compatible; Googlebot/2.1; +http://www.google.com/bot.html)"
66.249.78.51 - - [05/Nov/2014:11:28:01 +0100] "GET / HTTP/1.1" 304 - "-" "Mozilla/5.0 (compatible; Googlebot/2.1; +http://www.google.com/bot.html)"
176.9.82.10 - - [05/Nov/2014:12:09:30 +0100] "GET / HTTP/1.1" 200 3274 "-" "Mozilla/4.0 (compatible; MSIE 8.0; Windows NT 6.1; Trident/4.0; SLCC2; .NET CLR 2.0.50727; .NET4.0C; .NET4.0E; InfoPath.3; .NET CLR 3.5.30729; .NET CL"
141.8.147.12 - - [05/Nov/2014:15:09:47 +0100] "GET /robots.txt HTTP/1.1" 404 1256 "-" "Mozilla/5.0 (compatible; YandexBot/3.0; +http://yandex.com/bots)"
66.249.78.51 - - [05/Nov/2014:17:16:23 +0100] "GET / HTTP/1.1" 304 - "-" "Mozilla/5.0 (compatible; Googlebot/2.1; +http://www.google.com/bot.html)"
141.8.147.12 - - [05/Nov/2014:18:28:08 +0100] "GET / HTTP/1.1" 200 3274 "-" "Mozilla/5.0 (compatible; YandexBot/3.0; +http://yandex.com/bots)"
208.115.113.83 - - [05/Nov/2014:23:08:36 +0100] "GET /robots.txt HTTP/1.1" 404 1256 "-" "Mozilla/5.0 (compatible; DotBot/1.1; http://www.opensiteexplorer.org/dotbot, help@moz.com)"
208.115.113.83 - - [05/Nov/2014:23:33:00 +0100] "GET / HTTP/1.1" 200 3274 "-" "Mozilla/5.0 (compatible; DotBot/1.1; http://www.opensiteexplorer.org/dotbot, help@moz.com)"
208.115.113.83 - - [06/Nov/2014:00:39:21 +0100] "GET /mail/contact.html HTTP/1.1" 404 1256 "-" "Mozilla/5.0 (compatible; DotBot/1.1; http://www.opensiteexplorer.org/dotbot, help@moz.com)"
144.76.182.149 - - [06/Nov/2014:02:03:47 +0100] "GET /robots.txt HTTP/1.0" 404 1256 "-" "Mozilla/5.0 (compatible; SEOkicks-Robot; +http://www.seokicks.de/robot.html)"
144.76.182.149 - - [06/Nov/2014:02:03:50 +0100] "GET / HTTP/1.0" 200 3274 "-" "Mozilla/5.0 (compatible; SEOkicks-Robot; +http://www.seokicks.de/robot.html)"
144.76.182.149 - - [06/Nov/2014:02:03:54 +0100] "GET /css/bootstrap.min.css HTTP/1.0" 200 101265 "http://www.dialyse-falkensee.de/" "Mozilla/5.0 (compatible; SEOkicks-Robot; +http://www.seokicks.de/robot.html)"
144.76.182.149 - - [06/Nov/2014:02:03:57 +0100] "GET /css/bootstrap-responsive.min.css HTTP/1.0" 200 16520 "http://www.dialyse-falkensee.de/" "Mozilla/5.0 (compatible; SEOkicks-Robot; +http://www.seokicks.de/robot.html)"
144.76.182.149 - - [06/Nov/2014:02:03:59 +0100] "GET /ico/favicon.ico HTTP/1.0" 404 1256 "http://www.dialyse-falkensee.de/" "Mozilla/5.0 (compatible; SEOkicks-Robot; +http://www.seokicks.de/robot.html)"
144.76.182.149 - - [06/Nov/2014:02:04:01 +0100] "GET /js/bootstrap.min.js HTTP/1.0" 200 25764 "http://www.dialyse-falkensee.de/" "Mozilla/5.0 (compatible; SEOkicks-Robot; +http://www.seokicks.de/robot.html)"
157.55.39.240 - - [06/Nov/2014:08:29:17 +0100] "GET /robots.txt HTTP/1.1" 404 1256 "-" "Mozilla/5.0 (compatible; bingbot/2.0; +http://www.bing.com/bingbot.htm)"
157.55.39.240 - - [06/Nov/2014:08:29:24 +0100] "GET / HTTP/1.1" 200 3274 "-" "Mozilla/5.0 (compatible; bingbot/2.0; +http://www.bing.com/bingbot.htm)"
199.30.24.114 - - [06/Nov/2014:08:29:27 +0100] "GET /css/bootstrap-responsive.min.css HTTP/1.1" 200 16520 "http://www.dialyse-falkensee.de/" "Mozilla/5.0 (Windows NT 6.1; WOW64) AppleWebKit/534+ (KHTML, like Gecko) BingPreview/1.0b"
199.30.24.114 - - [06/Nov/2014:08:29:27 +0100] "GET /css/bootstrap.min.css HTTP/1.1" 200 101265 "http://www.dialyse-falkensee.de/" "Mozilla/5.0 (Windows NT 6.1; WOW64) AppleWebKit/534+ (KHTML, like Gecko) BingPreview/1.0b"
199.30.24.114 - - [06/Nov/2014:08:29:29 +0100] "GET /js/bootstrap.min.js HTTP/1.1" 200 25764 "http://www.dialyse-falkensee.de/" "Mozilla/5.0 (Windows NT 6.1; WOW64) AppleWebKit/534+ (KHTML, like Gecko) BingPreview/1.0b"
157.55.39.185 - - [06/Nov/2014:08:29:44 +0100] "GET /robots.txt HTTP/1.1" 404 1256 "-" "Mozilla/5.0 (compatible; bingbot/2.0; +http://www.bing.com/bingbot.htm)"
157.55.39.240 - - [06/Nov/2014:08:54:08 +0100] "GET / HTTP/1.1" 200 3274 "-" "Mozilla/5.0 (compatible; bingbot/2.0; +http://www.bing.com/bingbot.htm)"
66.249.64.82 - - [06/Nov/2014:09:55:26 +0100] "GET /robots.txt HTTP/1.1" 404 1256 "-" "Mozilla/5.0 (compatible; Googlebot/2.1; +http://www.google.com/bot.html)"
66.249.78.44 - - [06/Nov/2014:09:55:27 +0100] "GET / HTTP/1.1" 200 3274 "-" "SAMSUNG-SGH-E250/1.0 Profile/MIDP-2.0 Configuration/CLDC-1.1 UP.Browser/6.2.3.3.c.1.101 (GUI) MMP/2.0 (compatible; Googlebot-Mobile/2.1; +http://www.google.com/bot.html)"
88.130.178.135 - - [06/Nov/2014:12:53:23 +0100] "GET / HTTP/1.1" 200 3274 "https://www.google.de/" "Mozilla/5.0 (Linux; Android 4.4.2; GT-I9505 Build/KOT49H) AppleWebKit/537.36 (KHTML, like Gecko) Chrome/38.0.2125.114 Mobile Safari/537.36"
88.130.178.135 - - [06/Nov/2014:12:53:23 +0100] "GET /css/bootstrap-responsive.min.css HTTP/1.1" 200 16520 "http://www.dialyse-falkensee.de/" "Mozilla/5.0 (Linux; Android 4.4.2; GT-I9505 Build/KOT49H) AppleWebKit/537.36 (KHTML, like Gecko) Chrome/38.0.2125.114 Mobile Safari/537.36"
88.130.178.135 - - [06/Nov/2014:12:53:23 +0100] "GET /js/bootstrap.min.js HTTP/1.1" 200 25764 "http://www.dialyse-falkensee.de/" "Mozilla/5.0 (Linux; Android 4.4.2; GT-I9505 Build/KOT49H) AppleWebKit/537.36 (KHTML, like Gecko) Chrome/38.0.2125.114 Mobile Safari/537.36"
88.130.178.135 - - [06/Nov/2014:12:53:23 +0100] "GET /css/bootstrap.min.css HTTP/1.1" 200 101265 "http://www.dialyse-falkensee.de/" "Mozilla/5.0 (Linux; Android 4.4.2; GT-I9505 Build/KOT49H) AppleWebKit/537.36 (KHTML, like Gecko) Chrome/38.0.2125.114 Mobile Safari/537.36"
88.130.178.135 - - [06/Nov/2014:12:53:24 +0100] "GET /img/glyphicons-halflings.png HTTP/1.1" 200 12799 "http://www.dialyse-falkensee.de/css/bootstrap.min.css" "Mozilla/5.0 (Linux; Android 4.4.2; GT-I9505 Build/KOT49H) AppleWebKit/537.36 (KHTML, like Gecko) Chrome/38.0.2125.114 Mobile Safari/537.36"
88.130.178.135 - - [06/Nov/2014:12:53:25 +0100] "GET /ico/favicon.ico HTTP/1.1" 404 1256 "-" "Mozilla/5.0 (Linux; Android 4.4.2; GT-I9505 Build/KOT49H) AppleWebKit/537.36 (KHTML, like Gecko) Chrome/38.0.2125.114 Mobile Safari/537.36"
87.146.47.68 - - [06/Nov/2014:13:49:10 +0100] "GET / HTTP/1.1" 200 3274 "https://www.google.de/" "Mozilla/5.0 (Windows NT 6.1; WOW64) AppleWebKit/537.36 (KHTML, like Gecko) Chrome/38.0.2125.111 Safari/537.36 OPR/25.0.1614.68"
87.146.47.68 - - [06/Nov/2014:13:49:10 +0100] "GET /css/bootstrap-responsive.min.css HTTP/1.1" 200 16520 "http://www.dialyse-falkensee.de/" "Mozilla/5.0 (Windows NT 6.1; WOW64) AppleWebKit/537.36 (KHTML, like Gecko) Chrome/38.0.2125.111 Safari/537.36 OPR/25.0.1614.68"
87.146.47.68 - - [06/Nov/2014:13:49:10 +0100] "GET /js/bootstrap.min.js HTTP/1.1" 200 25764 "http://www.dialyse-falkensee.de/" "Mozilla/5.0 (Windows NT 6.1; WOW64) AppleWebKit/537.36 (KHTML, like Gecko) Chrome/38.0.2125.111 Safari/537.36 OPR/25.0.1614.68"
87.146.47.68 - - [06/Nov/2014:13:49:10 +0100] "GET /css/bootstrap.min.css HTTP/1.1" 200 101265 "http://www.dialyse-falkensee.de/" "Mozilla/5.0 (Windows NT 6.1; WOW64) AppleWebKit/537.36 (KHTML, like Gecko) Chrome/38.0.2125.111 Safari/537.36 OPR/25.0.1614.68"
87.146.47.68 - - [06/Nov/2014:13:49:11 +0100] "GET /ico/favicon.ico HTTP/1.1" 404 1256 "-" "Mozilla/5.0 (Windows NT 6.1; WOW64) AppleWebKit/537.36 (KHTML, like Gecko) Chrome/38.0.2125.111 Safari/537.36 OPR/25.0.1614.68"
199.19.249.196 - - [06/Nov/2014:14:07:50 +0100] "GET / HTTP/1.1" 200 3274 "-" "Mozilla/4.0 (compatible; MSIE 7.0; Windows NT 5.1; InfoPath.1; .NET CLR 2.0.50727; .NET CLR 1.1.4322; MS-RTC LM 8; .NET CLR 3.0.4506.2152; .NET CLR 3.5.30729)"
195.149.76.1 - - [06/Nov/2014:14:07:50 +0100] "GET / HTTP/1.1" 200 3274 "http://www.google.de/url?sa=t&rct=j&q=&esrc=s&source=web&cd=3&ved=0CDAQFjAC&url=http%3A%2F%2Fwww.dialyse-falkensee.de%2F&ei=PHJbVOTxKMO4OJDOgeAP&usg=AFQjCNECgXXq-DVOeCPbM1zyqacv9mR2gg" "Mozilla/5.0 (Windows NT 6.1; WOW64; Trident/7.0; rv:11.0) like Gecko"
195.149.76.1 - - [06/Nov/2014:14:07:50 +0100] "GET /ico/favicon.ico HTTP/1.1" 404 1256 "http://www.dialyse-falkensee.de/" "Mozilla/5.0 (Windows NT 6.1; WOW64; Trident/7.0; rv:11.0) like Gecko"
195.149.76.1 - - [06/Nov/2014:14:07:50 +0100] "GET /css/bootstrap.min.css HTTP/1.1" 200 101265 "http://www.dialyse-falkensee.de/" "Mozilla/5.0 (Windows NT 6.1; WOW64; Trident/7.0; rv:11.0) like Gecko"
195.149.76.1 - - [06/Nov/2014:14:07:50 +0100] "GET /css/bootstrap-responsive.min.css HTTP/1.1" 200 16520 "http://www.dialyse-falkensee.de/" "Mozilla/5.0 (Windows NT 6.1; WOW64; Trident/7.0; rv:11.0) like Gecko"
195.149.76.1 - - [06/Nov/2014:14:07:50 +0100] "GET /js/bootstrap.min.js HTTP/1.1" 200 25764 "http://www.dialyse-falkensee.de/" "Mozilla/5.0 (Windows NT 6.1; WOW64; Trident/7.0; rv:11.0) like Gecko"
195.149.76.1 - - [06/Nov/2014:14:07:50 +0100] "GET /ico/favicon.ico HTTP/1.1" 404 1256 "-" "Mozilla/5.0 (Windows NT 6.1; WOW64; Trident/7.0; rv:11.0) like Gecko"
195.149.76.1 - - [06/Nov/2014:14:07:51 +0100] "GET /favicon.ico HTTP/1.1" 404 1256 "-" "Mozilla/5.0 (Windows NT 6.1; WOW64; Trident/7.0; rv:11.0) like Gecko"
195.149.76.1 - - [06/Nov/2014:14:10:08 +0100] "GET /ico/favicon.ico HTTP/1.1" 404 1256 "-" "Mozilla/5.0 (Windows NT 6.1; WOW64; Trident/7.0; rv:11.0) like Gecko"
195.149.76.1 - - [06/Nov/2014:14:10:09 +0100] "GET /favicon.ico HTTP/1.1" 404 1256 "-" "Mozilla/5.0 (Windows NT 6.1; WOW64; Trident/7.0; rv:11.0) like Gecko"
195.149.76.1 - - [06/Nov/2014:14:10:09 +0100] "GET /img/glyphicons-halflings.png HTTP/1.1" 200 12799 "http://www.dialyse-falkensee.de/" "Mozilla/5.0 (Windows NT 6.1; WOW64; Trident/7.0; rv:11.0) like Gecko"
85.177.95.20 - - [06/Nov/2014:18:08:20 +0100] "GET / HTTP/1.1" 200 3274 "http://www.google.de/url?sa=t&rct=j&q=&esrc=s&source=web&cd=4&ved=0CDUQFjAD&url=http%3A%2F%2Fwww.dialyse-falkensee.de%2F&ei=dKRbVNSbBczsaMWLgNgM&usg=AFQjCNECgXXq-DVOeCPbM1zyqacv9mR2gg" "Mozilla/5.0 (Windows NT 5.1; rv:33.0) Gecko/20100101 Firefox/33.0"
85.177.95.20 - - [06/Nov/2014:18:08:20 +0100] "GET /css/bootstrap-responsive.min.css HTTP/1.1" 200 16520 "http://www.dialyse-falkensee.de/" "Mozilla/5.0 (Windows NT 5.1; rv:33.0) Gecko/20100101 Firefox/33.0"
85.177.95.20 - - [06/Nov/2014:18:08:21 +0100] "GET /ico/favicon.ico HTTP/1.1" 404 1256 "-" "Mozilla/5.0 (Windows NT 5.1; rv:33.0) Gecko/20100101 Firefox/33.0"
85.177.95.20 - - [06/Nov/2014:18:08:20 +0100] "GET /css/bootstrap.min.css HTTP/1.1" 200 101265 "http://www.dialyse-falkensee.de/" "Mozilla/5.0 (Windows NT 5.1; rv:33.0) Gecko/20100101 Firefox/33.0"
85.177.95.20 - - [06/Nov/2014:18:08:21 +0100] "GET /js/bootstrap.min.js HTTP/1.1" 200 25764 "http://www.dialyse-falkensee.de/" "Mozilla/5.0 (Windows NT 5.1; rv:33.0) Gecko/20100101 Firefox/33.0"
85.177.95.20 - - [06/Nov/2014:18:08:21 +0100] "GET /ico/favicon.ico HTTP/1.1" 404 1256 "-" "Mozilla/5.0 (Windows NT 5.1; rv:33.0) Gecko/20100101 Firefox/33.0"
72.46.136.178 - - [06/Nov/2014:22:36:58 +0100] "GET / HTTP/1.1" 200 3274 "-" "Mozilla/4.0 (compatible; MSIE 6.0; Windows NT 5.1; SV1; Mozilla/4.0 (compatible; MSIE 6.0; Windows NT 5.1; SV1) )"
141.8.147.12 - - [07/Nov/2014:04:00:53 +0100] "GET /robots.txt HTTP/1.1" 404 1256 "-" "Mozilla/5.0 (compatible; YandexBot/3.0; +http://yandex.com/bots)"
180.153.236.66 - - [07/Nov/2014:04:49:21 +0100] "GET / HTTP/1.1" 200 3274 "http://www.dialyse-falkensee.de/" "Mozilla/5.0 (compatible; MSIE 9.0; Windows NT 6.1; Trident/5.0); 360Spider"
182.118.44.82 - - [07/Nov/2014:04:49:24 +0100] "GET / HTTP/1.1" 200 3274 "-" "Mozilla/4.0 (compatible; MSIE 8.0; Windows NT 6.1; Trident/4.0; SLCC2; .NET CLR 2.0.50727; .NET CLR 3.5.30729; .NET CLR 3.0.30729; Media Center PC 6.0)"
182.118.44.82 - - [07/Nov/2014:04:49:24 +0100] "GET /css/bootstrap-responsive.min.css HTTP/1.1" 200 16520 "http://www.dialyse-falkensee.de/" "Mozilla/4.0 (compatible; MSIE 8.0; Windows NT 6.1; Trident/4.0; SLCC2; .NET CLR 2.0.50727; .NET CLR 3.5.30729; .NET CLR 3.0.30729; Media Center PC 6.0)"
182.118.44.82 - - [07/Nov/2014:04:49:24 +0100] "GET /js/bootstrap.min.js HTTP/1.1" 200 25764 "http://www.dialyse-falkensee.de/" "Mozilla/4.0 (compatible; MSIE 8.0; Windows NT 6.1; Trident/4.0; SLCC2; .NET CLR 2.0.50727; .NET CLR 3.5.30729; .NET CLR 3.0.30729; Media Center PC 6.0)"
182.118.44.82 - - [07/Nov/2014:04:49:24 +0100] "GET /css/bootstrap.min.css HTTP/1.1" 200 101265 "http://www.dialyse-falkensee.de/" "Mozilla/4.0 (compatible; MSIE 8.0; Windows NT 6.1; Trident/4.0; SLCC2; .NET CLR 2.0.50727; .NET CLR 3.5.30729; .NET CLR 3.0.30729; Media Center PC 6.0)"
157.55.39.240 - - [07/Nov/2014:09:09:23 +0100] "GET / HTTP/1.1" 200 3274 "-" "Mozilla/5.0 (compatible; bingbot/2.0; +http://www.bing.com/bingbot.htm)"
141.8.147.12 - - [07/Nov/2014:09:30:33 +0100] "GET / HTTP/1.1" 200 3274 "-" "Mozilla/5.0 (compatible; YandexBot/3.0; +http://yandex.com/bots)"
192.108.72.125 - - [07/Nov/2014:09:41:26 +0100] "GET / HTTP/1.1" 200 3274 "http://www.google.de/url?sa=t&rct=j&q=&esrc=s&frm=1&source=web&cd=2&ved=0CCcQFjAB&url=http%3A%2F%2Fwww.dialyse-falkensee.de%2F&ei=fIVcVNWGEYnZPZ7UgagO&usg=AFQjCNECgXXq-DVOeCPbM1zyqacv9mR2gg&bvm=bv.79184187,d.ZWU" "Mozilla/5.0 (compatible; MSIE 9.0; Windows NT 6.1; WOW64; Trident/5.0)"
192.108.72.125 - - [07/Nov/2014:09:41:26 +0100] "GET /css/bootstrap-responsive.min.css HTTP/1.1" 200 16520 "http://www.dialyse-falkensee.de/" "Mozilla/5.0 (compatible; MSIE 9.0; Windows NT 6.1; WOW64; Trident/5.0)"
192.108.72.125 - - [07/Nov/2014:09:41:26 +0100] "GET /css/bootstrap.min.css HTTP/1.1" 200 101265 "http://www.dialyse-falkensee.de/" "Mozilla/5.0 (compatible; MSIE 9.0; Windows NT 6.1; WOW64; Trident/5.0)"
199.19.249.196 - - [07/Nov/2014:09:41:26 +0100] "GET / HTTP/1.1" 200 3274 "-" "Mozilla/4.0 (compatible; MSIE 7.0; Windows NT 5.1; InfoPath.1; .NET CLR 2.0.50727; .NET CLR 1.1.4322; MS-RTC LM 8; .NET CLR 3.0.4506.2152; .NET CLR 3.5.30729)"
192.108.72.125 - - [07/Nov/2014:09:41:27 +0100] "GET /img/glyphicons-halflings.png HTTP/1.1" 200 12799 "http://www.dialyse-falkensee.de/" "Mozilla/5.0 (compatible; MSIE 9.0; Windows NT 6.1; WOW64; Trident/5.0)"
192.108.72.125 - - [07/Nov/2014:09:41:27 +0100] "GET /js/bootstrap.min.js HTTP/1.1" 200 25764 "http://www.dialyse-falkensee.de/" "Mozilla/5.0 (compatible; MSIE 9.0; Windows NT 6.1; WOW64; Trident/5.0)"
192.108.72.125 - - [07/Nov/2014:09:41:28 +0100] "GET /ico/favicon.ico HTTP/1.1" 404 1256 "-" "Mozilla/5.0 (compatible; MSIE 9.0; Windows NT 6.1; WOW64; Trident/5.0)"
150.70.97.116 - - [07/Nov/2014:09:42:06 +0100] "GET / HTTP/1.1" 200 3274 "-" "Mozilla/4.0 (compatible; MSIE 8.0; Windows NT 5.1; Trident/4.0)"
192.108.72.125 - - [07/Nov/2014:09:42:12 +0100] "GET / HTTP/1.1" 304 - "-" "Mozilla/5.0 (Windows NT 6.1; WOW64; rv:31.0) Gecko/20100101 Firefox/31.0"
192.108.72.125 - - [07/Nov/2014:09:42:12 +0100] "GET /css/bootstrap.min.css HTTP/1.1" 304 - "http://www.dialyse-falkensee.de/" "Mozilla/5.0 (Windows NT 6.1; WOW64; rv:31.0) Gecko/20100101 Firefox/31.0"
192.108.72.125 - - [07/Nov/2014:09:42:12 +0100] "GET /css/bootstrap-responsive.min.css HTTP/1.1" 304 - "http://www.dialyse-falkensee.de/" "Mozilla/5.0 (Windows NT 6.1; WOW64; rv:31.0) Gecko/20100101 Firefox/31.0"
192.108.72.125 - - [07/Nov/2014:09:42:12 +0100] "GET /ico/favicon.ico HTTP/1.1" 404 1256 "-" "Mozilla/5.0 (Windows NT 6.1; WOW64; rv:31.0) Gecko/20100101 Firefox/31.0"
192.108.72.125 - - [07/Nov/2014:09:42:12 +0100] "GET /js/bootstrap.min.js HTTP/1.1" 304 - "http://www.dialyse-falkensee.de/" "Mozilla/5.0 (Windows NT 6.1; WOW64; rv:31.0) Gecko/20100101 Firefox/31.0"
192.108.72.125 - - [07/Nov/2014:09:42:12 +0100] "GET /ico/favicon.ico HTTP/1.1" 404 1256 "-" "Mozilla/5.0 (Windows NT 6.1; WOW64; rv:31.0) Gecko/20100101 Firefox/31.0"
192.108.72.125 - - [07/Nov/2014:09:42:38 +0100] "GET / HTTP/1.1" 304 - "-" "Mozilla/5.0 (Windows NT 6.1; WOW64; rv:31.0) Gecko/20100101 Firefox/31.0"
192.108.72.125 - - [07/Nov/2014:09:42:38 +0100] "GET /css/bootstrap.min.css HTTP/1.1" 304 - "http://www.dialyse-falkensee.de/" "Mozilla/5.0 (Windows NT 6.1; WOW64; rv:31.0) Gecko/20100101 Firefox/31.0"
192.108.72.125 - - [07/Nov/2014:09:42:38 +0100] "GET /css/bootstrap-responsive.min.css HTTP/1.1" 304 - "http://www.dialyse-falkensee.de/" "Mozilla/5.0 (Windows NT 6.1; WOW64; rv:31.0) Gecko/20100101 Firefox/31.0"
192.108.72.125 - - [07/Nov/2014:09:42:38 +0100] "GET /js/bootstrap.min.js HTTP/1.1" 304 - "http://www.dialyse-falkensee.de/" "Mozilla/5.0 (Windows NT 6.1; WOW64; rv:31.0) Gecko/20100101 Firefox/31.0"
192.108.72.125 - - [07/Nov/2014:09:42:38 +0100] "GET /favicon.ico HTTP/1.1" 404 1256 "-" "Mozilla/5.0 (Windows NT 6.1; WOW64; rv:31.0) Gecko/20100101 Firefox/31.0"
192.108.72.125 - - [07/Nov/2014:09:42:38 +0100] "GET /favicon.ico HTTP/1.1" 404 1256 "-" "Mozilla/5.0 (Windows NT 6.1; WOW64; rv:31.0) Gecko/20100101 Firefox/31.0"
88.198.1.77 - - [07/Nov/2014:18:29:28 +0100] "GET /robots.txt HTTP/1.1" 404 1256 "http://www.sitedomain.de/" "Sitedomain-Bot(Sitedomain-Bot 1.0, http://www.sitedomain.de/sitedomain-bot/)"
162.210.196.97 - - [07/Nov/2014:19:43:24 +0100] "GET /robots.txt HTTP/1.0" 404 1256 "-" "Mozilla/5.0 (compatible; MJ12bot/v1.4.5; http://www.majestic12.co.uk/bot.php?+)"
162.210.196.97 - - [07/Nov/2014:19:43:25 +0100] "GET / HTTP/1.0" 200 3274 "-" "Mozilla/5.0 (compatible; MJ12bot/v1.4.5; http://www.majestic12.co.uk/bot.php?+)"
91.44.82.229 - - [07/Nov/2014:22:07:23 +0100] "GET / HTTP/1.1" 200 3274 "-" "Mozilla/5.0 (iPad; CPU OS 7_1_1 like Mac OS X) AppleWebKit/537.51.2 (KHTML, like Gecko) Version/7.0 Mobile/11D201 Safari/9537.53"
91.44.82.229 - - [07/Nov/2014:22:07:23 +0100] "GET /css/bootstrap-responsive.min.css HTTP/1.1" 200 16520 "http://www.dialyse-falkensee.de/" "Mozilla/5.0 (iPad; CPU OS 7_1_1 like Mac OS X) AppleWebKit/537.51.2 (KHTML, like Gecko) Version/7.0 Mobile/11D201 Safari/9537.53"
91.44.82.229 - - [07/Nov/2014:22:07:23 +0100] "GET /css/bootstrap.min.css HTTP/1.1" 200 101265 "http://www.dialyse-falkensee.de/" "Mozilla/5.0 (iPad; CPU OS 7_1_1 like Mac OS X) AppleWebKit/537.51.2 (KHTML, like Gecko) Version/7.0 Mobile/11D201 Safari/9537.53"
91.44.82.229 - - [07/Nov/2014:22:07:25 +0100] "GET /js/bootstrap.min.js HTTP/1.1" 200 25764 "http://www.dialyse-falkensee.de/" "Mozilla/5.0 (iPad; CPU OS 7_1_1 like Mac OS X) AppleWebKit/537.51.2 (KHTML, like Gecko) Version/7.0 Mobile/11D201 Safari/9537.53"
157.55.39.240 - - [08/Nov/2014:00:08:40 +0100] "GET /robots.txt HTTP/1.1" 404 1256 "-" "Mozilla/5.0 (compatible; bingbot/2.0; +http://www.bing.com/bingbot.htm)"
141.8.189.109 - - [08/Nov/2014:01:24:16 +0100] "GET /robots.txt HTTP/1.1" 404 1256 "-" "Mozilla/5.0 (compatible; YandexBot/3.0; +http://yandex.com/bots)"
141.8.189.109 - - [08/Nov/2014:01:41:36 +0100] "GET / HTTP/1.1" 200 3274 "-" "Mozilla/5.0 (compatible; YandexBot/3.0; +http://yandex.com/bots)"
66.249.78.58 - - [08/Nov/2014:03:02:44 +0100] "GET /robots.txt HTTP/1.1" 404 1256 "-" "Mozilla/5.0 (compatible; Googlebot/2.1; +http://www.google.com/bot.html)"
66.249.78.44 - - [08/Nov/2014:03:02:44 +0100] "GET /kontakt2.htm HTTP/1.1" 404 1256 "-" "Mozilla/5.0 (compatible; Googlebot/2.1; +http://www.google.com/bot.html)"
157.55.39.240 - - [08/Nov/2014:04:44:55 +0100] "GET / HTTP/1.1" 200 3274 "-" "Mozilla/5.0 (compatible; bingbot/2.0; +http://www.bing.com/bingbot.htm)"
82.207.137.1 - - [08/Nov/2014:07:50:36 +0100] "GET / HTTP/1.1" 200 3274 "-" "WWW-Mechanize/1.73"
82.207.137.1 - - [08/Nov/2014:07:50:36 +0100] "GET / HTTP/1.1" 200 3274 "-" "WWW-Mechanize/1.73"
144.76.100.150 - - [08/Nov/2014:08:03:38 +0100] "GET / HTTP/1.0" 200 3274 "-" "-"
144.76.100.150 - - [08/Nov/2014:08:03:38 +0100] "GET / HTTP/1.0" 200 3274 "-" "-"
178.63.14.15 - - [08/Nov/2014:10:02:33 +0100] "GET / HTTP/1.1" 200 3274 "-" "Mozilla/5.0 (Windows; U; Windows NT 5.1; de; rv:1.8.1.3) Gecko/20070309 Firefox/2.0.0.3"
178.63.14.15 - - [08/Nov/2014:10:02:33 +0100] "GET /robots.txt HTTP/1.1" 404 1256 "-" "libwww-perl/6.05"
178.63.14.15 - - [08/Nov/2014:10:02:34 +0100] "GET / HTTP/1.1" 200 3274 "-" "Mozilla/5.0 (Windows; U; Windows NT 5.1; de; rv:1.8.1.3) Gecko/20070309 Firefox/2.0.0.3"
84.38.65.176 - - [08/Nov/2014:12:17:20 +0100] "GET / HTTP/1.1" 200 3274 "http://www.sumaja.de/" "Mozilla/4.0 (compatible; MSIE 8.0; Windows NT 6.0; Trident/4.0; GTB0.0; SLCC1; .NET CLR 2.0.50727; Media Center PC 5.0; .NET CLR 3.5.30729; .NET CLR 3.0.30729; .NET4.0C)"
85.25.202.18 - - [08/Nov/2014:12:17:20 +0100] "GET / HTTP/1.0" 200 3274 "-" "-"
85.25.202.18 - - [08/Nov/2014:12:17:20 +0100] "GET / HTTP/1.0" 200 3274 "-" "-"
208.115.113.83 - - [08/Nov/2014:15:14:47 +0100] "GET /robots.txt HTTP/1.1" 404 1256 "-" "Mozilla/5.0 (compatible; DotBot/1.1; http://www.opensiteexplorer.org/dotbot, help@moz.com)"
208.115.113.83 - - [08/Nov/2014:17:04:38 +0100] "GET /praxis2.htm HTTP/1.1" 404 1256 "-" "Mozilla/5.0 (compatible; DotBot/1.1; http://www.opensiteexplorer.org/dotbot, help@moz.com)"
141.8.147.12 - - [08/Nov/2014:19:06:09 +0100] "GET /robots.txt HTTP/1.1" 404 1256 "-" "Mozilla/5.0 (compatible; YandexBot/3.0; +http://yandex.com/bots)"
141.8.147.12 - - [08/Nov/2014:23:26:13 +0100] "GET / HTTP/1.1" 200 3274 "-" "Mozilla/5.0 (compatible; YandexBot/3.0; +http://yandex.com/bots)"
66.249.78.51 - - [08/Nov/2014:23:29:37 +0100] "GET /robots.txt HTTP/1.1" 404 1256 "-" "Mozilla/5.0 (compatible; Googlebot/2.1; +http://www.google.com/bot.html)"
66.249.64.78 - - [08/Nov/2014:23:29:37 +0100] "GET / HTTP/1.1" 200 3274 "-" "DoCoMo/2.0 N905i(c100;TB;W24H16) (compatible; Googlebot-Mobile/2.1; +http://www.google.com/bot.html)"
157.55.39.240 - - [09/Nov/2014:04:52:54 +0100] "GET /robots.txt HTTP/1.1" 404 1256 "-" "Mozilla/5.0 (compatible; bingbot/2.0; +http://www.bing.com/bingbot.htm)"
157.55.39.240 - - [09/Nov/2014:07:03:54 +0100] "GET / HTTP/1.1" 200 3274 "-" "Mozilla/5.0 (compatible; bingbot/2.0; +http://www.bing.com/bingbot.htm)"
157.55.39.219 - - [09/Nov/2014:07:03:57 +0100] "GET /robots.txt HTTP/1.1" 404 1256 "-" "Mozilla/5.0 (compatible; bingbot/2.0; +http://www.bing.com/bingbot.htm)"
157.55.39.219 - - [09/Nov/2014:07:03:58 +0100] "GET /robots.txt HTTP/1.1" 404 1256 "-" "Mozilla/5.0 (compatible; bingbot/2.0; +http://www.bing.com/bingbot.htm)"
157.55.39.219 - - [09/Nov/2014:07:03:58 +0100] "GET /robots.txt HTTP/1.1" 404 1256 "-" "Mozilla/5.0 (compatible; bingbot/2.0; +http://www.bing.com/bingbot.htm)"
157.55.39.219 - - [09/Nov/2014:07:03:58 +0100] "GET /robots.txt HTTP/1.1" 404 1256 "-" "Mozilla/5.0 (compatible; bingbot/2.0; +http://www.bing.com/bingbot.htm)"
157.55.39.219 - - [09/Nov/2014:07:03:59 +0100] "GET /robots.txt HTTP/1.1" 404 1256 "-" "Mozilla/5.0 (compatible; bingbot/2.0; +http://www.bing.com/bingbot.htm)"
157.55.39.219 - - [09/Nov/2014:07:04:03 +0100] "GET /css/bootstrap.min.css HTTP/1.1" 200 101265 "-" "Mozilla/5.0 (compatible; bingbot/2.0; +http://www.bing.com/bingbot.htm)"
157.55.39.253 - - [09/Nov/2014:07:04:07 +0100] "GET /js/bootstrap.min.js HTTP/1.1" 200 25764 "-" "Mozilla/5.0 (compatible; bingbot/2.0; +http://www.bing.com/bingbot.htm)"
157.55.39.240 - - [09/Nov/2014:07:35:50 +0100] "GET /css/bootstrap-responsive.min.css HTTP/1.1" 200 16520 "-" "Mozilla/5.0 (compatible; bingbot/2.0; +http://www.bing.com/bingbot.htm)"
157.55.39.240 - - [09/Nov/2014:08:15:28 +0100] "GET /css/bootstrap-responsive.min.css HTTP/1.1" 200 16520 "-" "Mozilla/5.0 (compatible; bingbot/2.0; +http://www.bing.com/bingbot.htm)"
157.55.39.240 - - [09/Nov/2014:08:15:29 +0100] "GET / HTTP/1.1" 200 3274 "-" "Mozilla/5.0 (compatible; bingbot/2.0; +http://www.bing.com/bingbot.htm)"
157.55.39.240 - - [09/Nov/2014:09:04:44 +0100] "GET /leer.htm HTTP/1.1" 404 1256 "-" "Mozilla/5.0 (compatible; bingbot/2.0; +http://www.bing.com/bingbot.htm)"
211.244.83.215 - - [09/Nov/2014:13:44:19 +0100] "GET /robots.txt HTTP/1.1" 404 1256 "http://search.daum.net/" "Mozilla/5.0 (compatible; MSIE or Firefox mutant; not on Windows server; + http://tab.search.daum.net/aboutWebSearch.html) Daumoa/3.0"
211.244.83.215 - - [09/Nov/2014:13:44:21 +0100] "GET / HTTP/1.1" 200 3274 "http://search.daum.net/" "Mozilla/5.0 (compatible; MSIE or Firefox mutant; not on Windows server; + http://tab.search.daum.net/aboutWebSearch.html) Daumoa/3.0"
119.63.196.41 - - [09/Nov/2014:17:29:01 +0100] "GET / HTTP/1.1" 200 3274 "-" "Mozilla/5.0 (compatible; Baiduspider/2.0; +http://www.baidu.com/search/spider.html)"
89.204.155.64 - - [09/Nov/2014:18:29:57 +0100] "GET / HTTP/1.1" 200 3274 "-" "Mozilla/4.0 (compatible; MSIE 7.0; Windows NT 6.0; GTB7.5; SLCC1; .NET CLR 2.0.50727; Media Center PC 5.0; eSobiSubscriber 2.0.4.16; .NET CLR 3.5.30729; .NET CLR 3.0.30618; .NET4.0C)"
89.204.155.64 - - [09/Nov/2014:18:29:58 +0100] "GET /css/bootstrap-responsive.min.css HTTP/1.1" 200 16520 "http://www.dialyse-falkensee.de/" "Mozilla/4.0 (compatible; MSIE 7.0; Windows NT 6.0; GTB7.5; SLCC1; .NET CLR 2.0.50727; Media Center PC 5.0; eSobiSubscriber 2.0.4.16; .NET CLR 3.5.30729; .NET CLR 3.0.30618; .NET4.0C)"
89.204.155.64 - - [09/Nov/2014:18:29:57 +0100] "GET /css/bootstrap.min.css HTTP/1.1" 200 101265 "http://www.dialyse-falkensee.de/" "Mozilla/4.0 (compatible; MSIE 7.0; Windows NT 6.0; GTB7.5; SLCC1; .NET CLR 2.0.50727; Media Center PC 5.0; eSobiSubscriber 2.0.4.16; .NET CLR 3.5.30729; .NET CLR 3.0.30618; .NET4.0C)"
89.204.155.64 - - [09/Nov/2014:18:29:59 +0100] "GET /img/glyphicons-halflings.png HTTP/1.1" 200 12799 "http://www.dialyse-falkensee.de/" "Mozilla/4.0 (compatible; MSIE 7.0; Windows NT 6.0; GTB7.5; SLCC1; .NET CLR 2.0.50727; Media Center PC 5.0; eSobiSubscriber 2.0.4.16; .NET CLR 3.5.30729; .NET CLR 3.0.30618; .NET4.0C)"
89.204.155.64 - - [09/Nov/2014:18:30:00 +0100] "GET /js/bootstrap.min.js HTTP/1.1" 200 25764 "http://www.dialyse-falkensee.de/" "Mozilla/4.0 (compatible; MSIE 7.0; Windows NT 6.0; GTB7.5; SLCC1; .NET CLR 2.0.50727; Media Center PC 5.0; eSobiSubscriber 2.0.4.16; .NET CLR 3.5.30729; .NET CLR 3.0.30618; .NET4.0C)"
89.204.155.64 - - [09/Nov/2014:18:30:01 +0100] "GET /ico/favicon.ico HTTP/1.1" 404 1256 "-" "Mozilla/4.0 (compatible; MSIE 7.0; Windows NT 6.0; GTB7.5; SLCC1; .NET CLR 2.0.50727; Media Center PC 5.0; eSobiSubscriber 2.0.4.16; .NET CLR 3.5.30729; .NET CLR 3.0.30618; .NET4.0C)"
188.165.15.136 - - [10/Nov/2014:02:30:46 +0100] "GET /robots.txt HTTP/1.1" 404 1256 "-" "Mozilla/5.0 (compatible; AhrefsBot/5.0; +http://ahrefs.com/robot/)"
157.55.39.240 - - [10/Nov/2014:06:02:28 +0100] "GET /robots.txt HTTP/1.1" 404 1256 "-" "Mozilla/5.0 (compatible; bingbot/2.0; +http://www.bing.com/bingbot.htm)"
192.99.107.136 - - [10/Nov/2014:07:14:37 +0100] "GET /robots.txt HTTP/1.1" 404 1256 "-" "Mozilla/5.0 (compatible; meanpathbot/1.0; +http://www.meanpath.com/meanpathbot.html)"
192.99.107.136 - - [10/Nov/2014:07:14:37 +0100] "GET / HTTP/1.1" 200 3274 "-" "Mozilla/5.0 (compatible; meanpathbot/1.0; +http://www.meanpath.com/meanpathbot.html)"
157.55.39.176 - - [10/Nov/2014:07:37:47 +0100] "GET /home.htm HTTP/1.1" 404 1256 "-" "Mozilla/5.0 (compatible; bingbot/2.0; +http://www.bing.com/bingbot.htm)"
141.8.147.12 - - [10/Nov/2014:09:43:09 +0100] "GET /robots.txt HTTP/1.1" 404 1256 "-" "Mozilla/5.0 (compatible; YandexBot/3.0; +http://yandex.com/bots)"
176.9.39.170 - - [10/Nov/2014:09:47:32 +0100] "GET / HTTP/1.1" 206 3274 "-" "-"
199.58.86.209 - - [10/Nov/2014:10:28:21 +0100] "GET /robots.txt HTTP/1.0" 404 1256 "-" "Mozilla/5.0 (compatible; MJ12bot/v1.4.5; http://www.majestic12.co.uk/bot.php?+)"
