207.46.13.3 - - [22/Nov/2014:00:41:23 +0100] "GET /robots.txt HTTP/1.1" 404 1256 "-" "Mozilla/5.0 (compatible; bingbot/2.0; +http://www.bing.com/bingbot.htm)"
207.46.13.3 - - [22/Nov/2014:00:41:23 +0100] "GET /robots.txt HTTP/1.1" 404 1256 "-" "Mozilla/5.0 (compatible; bingbot/2.0; +http://www.bing.com/bingbot.htm)"
46.119.114.223 - - [22/Nov/2014:02:10:15 +0100] "GET / HTTP/1.1" 200 3274 "http://ucsol.ru/" "Mozilla/4.0 (compatible; MSIE 6.0; Windows NT 5.1; .NET CLR 1.1.4322; FDM)"
46.119.114.223 - - [22/Nov/2014:02:10:15 +0100] "GET / HTTP/1.1" 200 3274 "http://ucsol.ru/" "Mozilla/4.0 (compatible; MSIE 6.0; Windows NT 5.1; .NET CLR 1.1.4322; FDM)"
46.119.114.223 - - [22/Nov/2014:02:10:16 +0100] "GET / HTTP/1.1" 200 3274 "http://ucsol.ru/" "Mozilla/4.0 (compatible; MSIE 6.0; Windows NT 5.1; .NET CLR 1.1.4322; FDM)"
188.165.15.110 - - [22/Nov/2014:04:53:33 +0100] "GET /robots.txt HTTP/1.1" 404 1256 "-" "Mozilla/5.0 (compatible; AhrefsBot/5.0; +http://ahrefs.com/robot/)"
193.150.120.14 - - [22/Nov/2014:07:01:52 +0100] "GET / HTTP/1.1" 200 3274 "http://sexhd.tv/" "Mozilla/5.0 (Windows NT 5.1; U; en) Opera 8.01"
193.150.120.14 - - [22/Nov/2014:07:01:53 +0100] "GET / HTTP/1.1" 200 3274 "http://sexhd.tv/" "Mozilla/5.0 (Windows NT 5.1; U; en) Opera 8.01"
193.150.120.14 - - [22/Nov/2014:07:01:54 +0100] "GET / HTTP/1.1" 200 3274 "http://sexhd.tv/" "Mozilla/5.0 (Windows NT 5.1; U; en) Opera 8.01"
162.243.94.221 - - [22/Nov/2014:10:30:20 +0100] "GET /robots.txt HTTP/1.1" 404 1256 "-" "Mozilla/5.0 (compatible; spbot/4.4.0; +http://OpenLinkProfiler.org/bot )"
162.243.94.221 - - [22/Nov/2014:10:30:25 +0100] "GET / HTTP/1.1" 200 3274 "-" "Mozilla/5.0 (compatible; spbot/4.4.0; +http://OpenLinkProfiler.org/bot )"
74.52.245.146 - - [22/Nov/2014:10:56:50 +0100] "GET / HTTP/1.0" 200 3274 "-" "Mozilla/5.0 (X11; U; Linux i686; en-US; rv:1.7.5) Gecko/20041107 Firefox/1.0"
80.153.101.65 - - [22/Nov/2014:11:42:48 +0100] "GET /robots.txt HTTP/1.1" 404 1256 "-" "Mozilla/5.0 (compatible; WeViKaBot/1.0; +http://www.wevika.de/)"
208.43.252.203 - - [22/Nov/2014:11:49:44 +0100] "GET /robots.txt HTTP/1.1" 404 1256 "-" "Mozilla/5.0 (compatible; SiteExplorer/1.0b; +http://siteexplorer.info/)"
208.43.252.203 - - [22/Nov/2014:11:49:49 +0100] "GET / HTTP/1.1" 200 3274 "-" "Mozilla/5.0 (compatible; SiteExplorer/1.0b; +http://siteexplorer.info/)"
213.110.133.221 - - [22/Nov/2014:14:09:45 +0100] "GET / HTTP/1.1" 200 3274 "http://doska-vsem.ru/" "Mozilla/4.0 (compatible; Blog Search;)"
213.110.133.221 - - [22/Nov/2014:14:09:45 +0100] "GET / HTTP/1.1" 200 3274 "http://doska-vsem.ru/" "Mozilla/4.0 (compatible; Blog Search;)"
213.110.133.221 - - [22/Nov/2014:14:09:46 +0100] "GET / HTTP/1.1" 200 3274 "http://doska-vsem.ru/" "Mozilla/4.0 (compatible; Blog Search;)"
195.242.218.133 - - [22/Nov/2014:14:35:45 +0100] "GET / HTTP/1.1" 200 3274 "http://akksbrut.wordpress.com/" "Mozilla/0.6 Beta (Windows)"
195.242.218.133 - - [22/Nov/2014:14:35:47 +0100] "GET / HTTP/1.1" 200 3274 "http://akksbrut.wordpress.com/" "Mozilla/0.6 Beta (Windows)"
195.242.218.133 - - [22/Nov/2014:14:35:48 +0100] "GET / HTTP/1.1" 200 3274 "http://akksbrut.wordpress.com/" "Mozilla/0.6 Beta (Windows)"
157.55.39.72 - - [22/Nov/2014:16:17:23 +0100] "GET /robots.txt HTTP/1.1" 404 1256 "-" "Mozilla/5.0 (compatible; bingbot/2.0; +http://www.bing.com/bingbot.htm)"
157.55.39.72 - - [22/Nov/2014:16:17:29 +0100] "GET / HTTP/1.1" 200 3274 "-" "Mozilla/5.0 (compatible; bingbot/2.0; +http://www.bing.com/bingbot.htm)"
66.249.78.44 - - [22/Nov/2014:16:26:52 +0100] "GET /robots.txt HTTP/1.1" 404 1256 "-" "Mozilla/5.0 (compatible; Googlebot/2.1; +http://www.google.com/bot.html)"
66.249.78.44 - - [22/Nov/2014:16:26:53 +0100] "GET / HTTP/1.1" 200 3274 "-" "Mozilla/5.0 (iPhone; CPU iPhone OS 6_0 like Mac OS X) AppleWebKit/536.26 (KHTML, like Gecko) Version/6.0 Mobile/10A5376e Safari/8536.25 (compatible; Googlebot/2.1; +http://www.google.com/bot.html)"
37.139.52.23 - - [22/Nov/2014:17:44:14 +0100] "GET / HTTP/1.1" 200 3274 "http://psi-lab.ru/" "Mozilla/4.0 (compatible; MSIE 6.0; Windows NT 5.1; SV1)"
37.139.52.23 - - [22/Nov/2014:17:44:14 +0100] "GET / HTTP/1.1" 200 3274 "http://psi-lab.ru/" "Mozilla/4.0 (compatible; MSIE 6.0; Windows NT 5.1; SV1)"
37.139.52.23 - - [22/Nov/2014:17:44:14 +0100] "GET / HTTP/1.1" 200 3274 "http://psi-lab.ru/" "Mozilla/4.0 (compatible; MSIE 6.0; Windows NT 5.1; SV1)"
176.8.91.201 - - [23/Nov/2014:00:48:22 +0100] "GET / HTTP/1.1" 200 3274 "http://fastxak.com/" "Opera/9.00 (Windows NT 5.1; U; ru)"
176.8.91.201 - - [23/Nov/2014:00:48:22 +0100] "GET / HTTP/1.1" 200 3274 "http://servisural.ru/" "Mozilla/4.0 (compatible; MSIE 6.0; Windows NT 5.1; SV1; InfoPath.1)"
46.119.114.223 - - [23/Nov/2014:00:48:22 +0100] "GET / HTTP/1.1" 200 3274 "http://pornofiljmi.com/" "Mozilla/4.0 (compatible; MSIE 6.0; Windows NT 5.1)"
176.8.91.201 - - [23/Nov/2014:00:48:23 +0100] "GET / HTTP/1.1" 200 3274 "http://servisural.ru/" "Mozilla/4.0 (compatible; MSIE 6.0; Windows NT 5.1; SV1; InfoPath.1)"
176.8.91.201 - - [23/Nov/2014:00:48:23 +0100] "GET / HTTP/1.1" 200 3274 "http://fastxak.com/" "Opera/9.00 (Windows NT 5.1; U; ru)"
94.153.8.139 - - [23/Nov/2014:00:48:23 +0100] "GET / HTTP/1.1" 200 3274 "http://station-craft.ru/" "Opera/9.00 (Windows NT 4.0; U; en)"
94.153.8.139 - - [23/Nov/2014:00:48:23 +0100] "GET / HTTP/1.1" 200 3274 "http://serialsway.ucoz.ru/" "Opera/9.00 (Windows NT 4.0; U; en)"
94.153.8.139 - - [23/Nov/2014:00:48:23 +0100] "GET / HTTP/1.1" 200 3274 "http://1fe.ru/" "Opera/9.00 (Windows NT 4.0; U; en)"
46.119.114.223 - - [23/Nov/2014:00:48:23 +0100] "GET / HTTP/1.1" 200 3274 "http://pornofiljmi.com/" "Mozilla/4.0 (compatible; MSIE 6.0; Windows NT 5.1)"
176.8.91.201 - - [23/Nov/2014:00:48:23 +0100] "GET / HTTP/1.1" 200 3274 "http://servisural.ru/" "Mozilla/4.0 (compatible; MSIE 6.0; Windows NT 5.1; SV1; InfoPath.1)"
176.8.91.201 - - [23/Nov/2014:00:48:23 +0100] "GET / HTTP/1.1" 200 3274 "http://fastxak.com/" "Opera/9.00 (Windows NT 5.1; U; ru)"
94.153.8.139 - - [23/Nov/2014:00:48:23 +0100] "GET / HTTP/1.1" 200 3274 "http://station-craft.ru/" "Opera/9.00 (Windows NT 4.0; U; en)"
94.153.8.139 - - [23/Nov/2014:00:48:23 +0100] "GET / HTTP/1.1" 200 3274 "http://serialsway.ucoz.ru/" "Opera/9.00 (Windows NT 4.0; U; en)"
46.119.114.223 - - [23/Nov/2014:00:48:23 +0100] "GET / HTTP/1.1" 200 3274 "http://pornofiljmi.com/" "Mozilla/4.0 (compatible; MSIE 6.0; Windows NT 5.1)"
94.153.8.139 - - [23/Nov/2014:00:48:23 +0100] "GET / HTTP/1.1" 200 3274 "http://1fe.ru/" "Opera/9.00 (Windows NT 4.0; U; en)"
94.153.8.139 - - [23/Nov/2014:00:48:23 +0100] "GET / HTTP/1.1" 200 3274 "http://station-craft.ru/" "Opera/9.00 (Windows NT 4.0; U; en)"
94.153.8.139 - - [23/Nov/2014:00:48:23 +0100] "GET / HTTP/1.1" 200 3274 "http://serialsway.ucoz.ru/" "Opera/9.00 (Windows NT 4.0; U; en)"
94.153.8.139 - - [23/Nov/2014:00:48:24 +0100] "GET / HTTP/1.1" 200 3274 "http://1fe.ru/" "Opera/9.00 (Windows NT 4.0; U; en)"
94.153.8.139 - - [23/Nov/2014:01:02:24 +0100] "GET / HTTP/1.1" 200 3274 "http://dresswoman.ru/" "Mozilla/3.0 (compatible; WebCapture 2.0; Auto; Windows)"
94.153.8.139 - - [23/Nov/2014:01:02:24 +0100] "GET / HTTP/1.1" 200 3274 "http://dresswoman.ru/" "Mozilla/3.0 (compatible; WebCapture 2.0; Auto; Windows)"
94.153.8.139 - - [23/Nov/2014:01:02:24 +0100] "GET / HTTP/1.1" 200 3274 "http://dresswoman.ru/" "Mozilla/3.0 (compatible; WebCapture 2.0; Auto; Windows)"
46.119.114.223 - - [23/Nov/2014:01:33:15 +0100] "GET / HTTP/1.1" 200 3274 "http://remont-fridge-tv.ru/" "Mozilla/5.0 (Windows NT 5.1; U; en) Opera 8.00"
46.119.114.223 - - [23/Nov/2014:01:33:15 +0100] "GET / HTTP/1.1" 200 3274 "http://www.wedding-cz.ru/" "Mozilla/5.0 (Windows NT 5.1; U; en) Opera 8.00"
46.119.114.223 - - [23/Nov/2014:01:33:16 +0100] "GET / HTTP/1.1" 200 3274 "http://www.wedding-cz.ru/" "Mozilla/5.0 (Windows NT 5.1; U; en) Opera 8.00"
46.119.114.223 - - [23/Nov/2014:01:33:16 +0100] "GET / HTTP/1.1" 200 3274 "http://www.wedding-cz.ru/" "Mozilla/5.0 (Windows NT 5.1; U; en) Opera 8.00"
46.119.114.223 - - [23/Nov/2014:01:33:19 +0100] "GET / HTTP/1.1" 200 3274 "http://remont-fridge-tv.ru/" "Mozilla/5.0 (Windows NT 5.1; U; en) Opera 8.00"
46.119.114.223 - - [23/Nov/2014:01:33:19 +0100] "GET / HTTP/1.1" 200 3274 "http://remont-fridge-tv.ru/" "Mozilla/5.0 (Windows NT 5.1; U; en) Opera 8.00"
134.249.77.209 - - [23/Nov/2014:02:04:34 +0100] "GET / HTTP/1.1" 200 3274 "http://nalberan.com/" "Mozilla/4.0 (compatible; MSIE 5.5; Windows 98)"
134.249.77.209 - - [23/Nov/2014:02:04:35 +0100] "GET / HTTP/1.1" 200 3274 "http://nalberan.com/" "Mozilla/4.0 (compatible; MSIE 5.5; Windows 98)"
134.249.77.209 - - [23/Nov/2014:02:04:35 +0100] "GET / HTTP/1.1" 200 3274 "http://nalberan.com/" "Mozilla/4.0 (compatible; MSIE 5.5; Windows 98)"
176.8.91.201 - - [23/Nov/2014:02:06:29 +0100] "GET / HTTP/1.1" 200 3274 "http://www.kbaptupa.ru/" "Opera/8.00 (Windows NT 5.1; U; en)"
176.8.91.201 - - [23/Nov/2014:02:06:29 +0100] "GET / HTTP/1.1" 200 3274 "http://www.kbaptupa.ru/" "Opera/8.00 (Windows NT 5.1; U; en)"
176.8.91.201 - - [23/Nov/2014:02:06:30 +0100] "GET / HTTP/1.1" 200 3274 "http://www.kbaptupa.ru/" "Opera/8.00 (Windows NT 5.1; U; en)"
141.8.147.12 - - [23/Nov/2014:08:27:34 +0100] "GET /robots.txt HTTP/1.1" 404 1256 "-" "Mozilla/5.0 (compatible; YandexBot/3.0; +http://yandex.com/bots)"
141.8.147.12 - - [23/Nov/2014:08:27:51 +0100] "GET / HTTP/1.1" 200 3274 "-" "Mozilla/5.0 (compatible; YandexBot/3.0; +http://yandex.com/bots)"
157.55.39.72 - - [23/Nov/2014:11:26:54 +0100] "GET /robots.txt HTTP/1.1" 404 1256 "-" "Mozilla/5.0 (compatible; bingbot/2.0; +http://www.bing.com/bingbot.htm)"
157.55.39.72 - - [23/Nov/2014:11:27:13 +0100] "GET / HTTP/1.1" 200 3274 "-" "Mozilla/5.0 (compatible; bingbot/2.0; +http://www.bing.com/bingbot.htm)"
66.249.78.44 - - [23/Nov/2014:11:33:07 +0100] "GET /robots.txt HTTP/1.1" 404 1256 "-" "Mozilla/5.0 (compatible; Googlebot/2.1; +http://www.google.com/bot.html)"
66.249.78.44 - - [23/Nov/2014:11:33:07 +0100] "GET / HTTP/1.1" 200 3274 "-" "SAMSUNG-SGH-E250/1.0 Profile/MIDP-2.0 Configuration/CLDC-1.1 UP.Browser/6.2.3.3.c.1.101 (GUI) MMP/2.0 (compatible; Googlebot-Mobile/2.1; +http://www.google.com/bot.html)"
209.222.8.59 - - [23/Nov/2014:11:37:05 +0100] "GET / HTTP/1.1" 200 3274 "-" "Mozilla/5.0 (compatible; AhrefsBot/5.0; +http://ahrefs.com/robot/)"
82.113.121.129 - - [23/Nov/2014:13:11:41 +0100] "GET / HTTP/1.1" 200 3274 "-" "Mozilla/4.0 (compatible; MSIE 7.0; Windows NT 6.0; GTB7.5; SLCC1; .NET CLR 2.0.50727; Media Center PC 5.0; eSobiSubscriber 2.0.4.16; .NET CLR 3.5.30729; .NET CLR 3.0.30618; .NET4.0C)"
82.113.121.129 - - [23/Nov/2014:13:11:43 +0100] "GET /css/bootstrap-responsive.min.css HTTP/1.1" 200 16520 "http://www.dialyse-falkensee.de/" "Mozilla/4.0 (compatible; MSIE 7.0; Windows NT 6.0; GTB7.5; SLCC1; .NET CLR 2.0.50727; Media Center PC 5.0; eSobiSubscriber 2.0.4.16; .NET CLR 3.5.30729; .NET CLR 3.0.30618; .NET4.0C)"
82.113.121.129 - - [23/Nov/2014:13:11:42 +0100] "GET /css/bootstrap.min.css HTTP/1.1" 200 101265 "http://www.dialyse-falkensee.de/" "Mozilla/4.0 (compatible; MSIE 7.0; Windows NT 6.0; GTB7.5; SLCC1; .NET CLR 2.0.50727; Media Center PC 5.0; eSobiSubscriber 2.0.4.16; .NET CLR 3.5.30729; .NET CLR 3.0.30618; .NET4.0C)"
82.113.121.129 - - [23/Nov/2014:13:11:46 +0100] "GET /img/glyphicons-halflings.png HTTP/1.1" 200 12799 "http://www.dialyse-falkensee.de/" "Mozilla/4.0 (compatible; MSIE 7.0; Windows NT 6.0; GTB7.5; SLCC1; .NET CLR 2.0.50727; Media Center PC 5.0; eSobiSubscriber 2.0.4.16; .NET CLR 3.5.30729; .NET CLR 3.0.30618; .NET4.0C)"
82.113.121.129 - - [23/Nov/2014:13:11:47 +0100] "GET /js/bootstrap.min.js HTTP/1.1" 200 25764 "http://www.dialyse-falkensee.de/" "Mozilla/4.0 (compatible; MSIE 7.0; Windows NT 6.0; GTB7.5; SLCC1; .NET CLR 2.0.50727; Media Center PC 5.0; eSobiSubscriber 2.0.4.16; .NET CLR 3.5.30729; .NET CLR 3.0.30618; .NET4.0C)"
134.249.76.28 - - [23/Nov/2014:13:30:48 +0100] "GET / HTTP/1.1" 200 3274 "http://csanty-online.ru/" "Mozilla/4.0 (compatible; MSIE 5.01; Windows 95; MSIECrawler)"
134.249.76.28 - - [23/Nov/2014:13:30:49 +0100] "GET / HTTP/1.1" 200 3274 "http://csanty-online.ru/" "Mozilla/4.0 (compatible; MSIE 5.01; Windows 95; MSIECrawler)"
134.249.76.28 - - [23/Nov/2014:13:30:49 +0100] "GET / HTTP/1.1" 200 3274 "http://csanty-online.ru/" "Mozilla/4.0 (compatible; MSIE 5.01; Windows 95; MSIECrawler)"
46.229.164.114 - - [23/Nov/2014:15:14:35 +0100] "GET /robots.txt HTTP/1.1" 404 1256 "-" "Mozilla/5.0 (compatible; SemrushBot/0.98~bl; +http://www.semrush.com/bot.html)"
193.150.120.14 - - [23/Nov/2014:16:42:42 +0100] "GET / HTTP/1.1" 200 3274 "http://muznachas-service.ru/" "Mozilla/4.61 [en] (X11; U; ) - BrowseX (2.0.0 Windows)"
193.150.120.14 - - [23/Nov/2014:16:42:43 +0100] "GET / HTTP/1.1" 200 3274 "http://muznachas-service.ru/" "Mozilla/4.61 [en] (X11; U; ) - BrowseX (2.0.0 Windows)"
193.150.120.14 - - [23/Nov/2014:16:42:43 +0100] "GET / HTTP/1.1" 200 3274 "http://muznachas-service.ru/" "Mozilla/4.61 [en] (X11; U; ) - BrowseX (2.0.0 Windows)"
176.8.91.201 - - [23/Nov/2014:23:18:27 +0100] "GET / HTTP/1.1" 200 3274 "http://xvideos-h.com/" "Mozilla/4.0 (compatible; MSIE 6.0; Windows NT 5.1; SV1; .NET CLR 1.1.4322)"
176.8.91.201 - - [23/Nov/2014:23:18:27 +0100] "GET / HTTP/1.1" 200 3274 "http://xvideos-h.com/" "Mozilla/4.0 (compatible; MSIE 6.0; Windows NT 5.1; SV1; .NET CLR 1.1.4322)"
176.8.91.201 - - [23/Nov/2014:23:18:27 +0100] "GET / HTTP/1.1" 200 3274 "http://xvideos-h.com/" "Mozilla/4.0 (compatible; MSIE 6.0; Windows NT 5.1; SV1; .NET CLR 1.1.4322)"
208.115.113.83 - - [23/Nov/2014:23:51:14 +0100] "GET /robots.txt HTTP/1.1" 404 1256 "-" "Mozilla/5.0 (compatible; DotBot/1.1; http://www.opensiteexplorer.org/dotbot, help@moz.com)"
208.115.113.83 - - [24/Nov/2014:00:19:10 +0100] "GET / HTTP/1.1" 200 3274 "-" "Mozilla/5.0 (compatible; DotBot/1.1; http://www.opensiteexplorer.org/dotbot, help@moz.com)"
46.119.114.223 - - [24/Nov/2014:00:39:37 +0100] "GET / HTTP/1.1" 200 3274 "http://10-casino.net/" "Opera/7.60 (Windows NT 5.2; U) [en] (IBM EVV/3.0/EAK01AG9/LE)"
46.119.114.223 - - [24/Nov/2014:00:39:37 +0100] "GET / HTTP/1.1" 200 3274 "http://10-casino.net/" "Opera/7.60 (Windows NT 5.2; U) [en] (IBM EVV/3.0/EAK01AG9/LE)"
46.119.114.223 - - [24/Nov/2014:00:39:38 +0100] "GET / HTTP/1.1" 200 3274 "http://10-casino.net/" "Opera/7.60 (Windows NT 5.2; U) [en] (IBM EVV/3.0/EAK01AG9/LE)"
208.115.113.83 - - [24/Nov/2014:01:37:05 +0100] "GET /mail/contact.html HTTP/1.1" 404 1256 "-" "Mozilla/5.0 (compatible; DotBot/1.1; http://www.opensiteexplorer.org/dotbot, help@moz.com)"
109.120.157.179 - - [24/Nov/2014:08:53:48 +0100] "GET / HTTP/1.1" 200 3274 "http://chimiver.info/" "Mozilla/5.0 (compatible; Add Catalog/2.1;)"
109.120.157.179 - - [24/Nov/2014:08:53:48 +0100] "GET / HTTP/1.1" 200 3274 "http://chimiver.info/" "Mozilla/5.0 (compatible; Add Catalog/2.1;)"
109.120.157.179 - - [24/Nov/2014:08:53:49 +0100] "GET / HTTP/1.1" 200 3274 "http://chimiver.info/" "Mozilla/5.0 (compatible; Add Catalog/2.1;)"
192.99.107.46 - - [24/Nov/2014:09:29:59 +0100] "GET /robots.txt HTTP/1.1" 404 1256 "-" "Mozilla/5.0 (compatible; meanpathbot/1.0; +http://www.meanpath.com/meanpathbot.html)"
192.99.107.46 - - [24/Nov/2014:09:29:59 +0100] "GET / HTTP/1.1" 200 3274 "-" "Mozilla/5.0 (compatible; meanpathbot/1.0; +http://www.meanpath.com/meanpathbot.html)"
94.153.8.139 - - [24/Nov/2014:10:15:08 +0100] "GET / HTTP/1.1" 200 3274 "http://agent12.ru/" "Mozilla/4.0 (compatible; MSIE 5.5; Windows NT 5.0; .NET CLR 1.1.4322)"
94.153.8.139 - - [24/Nov/2014:10:15:09 +0100] "GET / HTTP/1.1" 200 3274 "http://agent12.ru/" "Mozilla/4.0 (compatible; MSIE 5.5; Windows NT 5.0; .NET CLR 1.1.4322)"
94.153.8.139 - - [24/Nov/2014:10:15:09 +0100] "GET / HTTP/1.1" 200 3274 "http://agent12.ru/" "Mozilla/4.0 (compatible; MSIE 5.5; Windows NT 5.0; .NET CLR 1.1.4322)"
157.55.39.71 - - [24/Nov/2014:10:27:26 +0100] "GET /robots.txt HTTP/1.1" 404 1256 "-" "Mozilla/5.0 (compatible; bingbot/2.0; +http://www.bing.com/bingbot.htm)"
157.55.39.72 - - [24/Nov/2014:10:29:47 +0100] "GET / HTTP/1.1" 200 3274 "-" "Mozilla/5.0 (compatible; bingbot/2.0; +http://www.bing.com/bingbot.htm)"
212.204.54.162 - - [24/Nov/2014:11:23:36 +0100] "GET / HTTP/1.1" 200 3274 "http://www.google.de/url?sa=t&rct=j&q=&esrc=s&frm=1&source=web&cd=3&ved=0CC4QFjAC&url=http%3A%2F%2Fwww.dialyse-falkensee.de%2F&ei=FAZzVLmoOIbUONH-gfgD&usg=AFQjCNECgXXq-DVOeCPbM1zyqacv9mR2gg" "Mozilla/5.0 (compatible; MSIE 10.0; Windows NT 6.1; Trident/6.0)"
212.204.54.162 - - [24/Nov/2014:11:23:36 +0100] "GET /css/bootstrap-responsive.min.css HTTP/1.1" 200 16520 "http://www.dialyse-falkensee.de/" "Mozilla/5.0 (compatible; MSIE 10.0; Windows NT 6.1; Trident/6.0)"
212.204.54.162 - - [24/Nov/2014:11:23:36 +0100] "GET /js/bootstrap.min.js HTTP/1.1" 200 25764 "http://www.dialyse-falkensee.de/" "Mozilla/5.0 (compatible; MSIE 10.0; Windows NT 6.1; Trident/6.0)"
212.204.54.162 - - [24/Nov/2014:11:23:36 +0100] "GET /css/bootstrap.min.css HTTP/1.1" 200 101265 "http://www.dialyse-falkensee.de/" "Mozilla/5.0 (compatible; MSIE 10.0; Windows NT 6.1; Trident/6.0)"
212.204.54.162 - - [24/Nov/2014:11:23:36 +0100] "GET /ico/favicon.ico HTTP/1.1" 404 1256 "-" "Mozilla/5.0 (compatible; MSIE 10.0; Windows NT 6.1; Trident/6.0)"
37.139.52.23 - - [24/Nov/2014:13:13:10 +0100] "GET / HTTP/1.1" 200 3274 "http://alarmobninsk.ru/" "Mozilla/4.0 (compatible; MSIE 6.0; Windows NT 5.1; ru) Opera 8.50"
37.139.52.23 - - [24/Nov/2014:13:13:11 +0100] "GET / HTTP/1.1" 200 3274 "http://alarmobninsk.ru/" "Mozilla/4.0 (compatible; MSIE 6.0; Windows NT 5.1; ru) Opera 8.50"
37.139.52.23 - - [24/Nov/2014:13:13:11 +0100] "GET / HTTP/1.1" 200 3274 "http://alarmobninsk.ru/" "Mozilla/4.0 (compatible; MSIE 6.0; Windows NT 5.1; ru) Opera 8.50"
209.222.8.59 - - [24/Nov/2014:14:01:44 +0100] "GET / HTTP/1.1" 200 3274 "-" "Mozilla/5.0 (compatible; AhrefsBot/5.0; +http://ahrefs.com/robot/)"
176.8.91.201 - - [24/Nov/2014:15:17:52 +0100] "GET / HTTP/1.1" 200 3274 "http://servisural.ru/" "Mozilla/4.0 (compatible; MSIE 6.0; Windows NT 5.1; SV1; YPC 3.0.2; .NET CLR 1.1.4322; yplus 4.4.02b)"
176.8.91.201 - - [24/Nov/2014:15:17:52 +0100] "GET / HTTP/1.1" 200 3274 "http://servisural.ru/" "Mozilla/4.0 (compatible; MSIE 6.0; Windows NT 5.1; SV1; YPC 3.0.2; .NET CLR 1.1.4322; yplus 4.4.02b)"
176.8.91.201 - - [24/Nov/2014:15:17:52 +0100] "GET / HTTP/1.1" 200 3274 "http://servisural.ru/" "Mozilla/4.0 (compatible; MSIE 6.0; Windows NT 5.1; SV1; YPC 3.0.2; .NET CLR 1.1.4322; yplus 4.4.02b)"
193.150.120.14 - - [24/Nov/2014:15:57:11 +0100] "GET / HTTP/1.1" 200 3274 "http://ogli.org/erotika/" "Mozilla/4.0 (compatible; MSIE 6.0; MSIE 5.5; Windows NT 4.0) Opera 7.0 [en]"
193.150.120.14 - - [24/Nov/2014:15:57:11 +0100] "GET / HTTP/1.1" 200 3274 "http://ogli.org/erotika/" "Mozilla/4.0 (compatible; MSIE 6.0; MSIE 5.5; Windows NT 4.0) Opera 7.0 [en]"
193.150.120.14 - - [24/Nov/2014:15:57:12 +0100] "GET / HTTP/1.1" 200 3274 "http://ogli.org/erotika/" "Mozilla/4.0 (compatible; MSIE 6.0; MSIE 5.5; Windows NT 4.0) Opera 7.0 [en]"
94.153.8.139 - - [24/Nov/2014:16:38:10 +0100] "GET / HTTP/1.1" 200 3274 "http://myfavoritebag.ru/" "Mozilla/4.79 [en] (Windows NT 5.0; U)"
94.153.8.139 - - [24/Nov/2014:16:38:11 +0100] "GET / HTTP/1.1" 200 3274 "http://myfavoritebag.ru/" "Mozilla/4.79 [en] (Windows NT 5.0; U)"
94.153.8.139 - - [24/Nov/2014:16:38:11 +0100] "GET / HTTP/1.1" 200 3274 "http://myfavoritebag.ru/" "Mozilla/4.79 [en] (Windows NT 5.0; U)"
66.249.78.51 - - [24/Nov/2014:18:54:09 +0100] "GET /robots.txt HTTP/1.1" 404 1256 "-" "Mozilla/5.0 (compatible; Googlebot/2.1; +http://www.google.com/bot.html)"
66.249.78.44 - - [24/Nov/2014:18:54:09 +0100] "GET / HTTP/1.1" 200 3274 "-" "Mozilla/5.0 (compatible; Googlebot/2.1; +http://www.google.com/bot.html)"
176.8.91.201 - - [24/Nov/2014:19:23:30 +0100] "GET / HTTP/1.1" 200 3274 "http://internet-apteka.ru/" "Opera/9.0 (Windows NT 5.1; U; en)"
176.8.91.201 - - [24/Nov/2014:19:23:31 +0100] "GET / HTTP/1.1" 200 3274 "http://internet-apteka.ru/" "Opera/9.0 (Windows NT 5.1; U; en)"
176.8.91.201 - - [24/Nov/2014:19:23:31 +0100] "GET / HTTP/1.1" 200 3274 "http://internet-apteka.ru/" "Opera/9.0 (Windows NT 5.1; U; en)"
176.8.91.201 - - [24/Nov/2014:19:57:31 +0100] "GET / HTTP/1.1" 200 3274 "http://fastxak.com/" "Opera/9.00 (Windows NT 5.1; U; ru)"
176.8.91.201 - - [24/Nov/2014:19:57:32 +0100] "GET / HTTP/1.1" 200 3274 "http://fastxak.com/" "Opera/9.00 (Windows NT 5.1; U; ru)"
176.8.91.201 - - [24/Nov/2014:19:57:32 +0100] "GET / HTTP/1.1" 200 3274 "http://fastxak.com/" "Opera/9.00 (Windows NT 5.1; U; ru)"
218.30.103.135 - - [24/Nov/2014:21:11:56 +0100] "GET / HTTP/1.1" 200 3274 "-" "Sogou web spider/4.0(+http://www.sogou.com/docs/help/webmasters.htm#07)"
218.30.103.135 - - [24/Nov/2014:21:12:07 +0100] "GET /robots.txt HTTP/1.1" 404 1256 "-" "Sogou web spider/4.0(+http://www.sogou.com/docs/help/webmasters.htm#07)"
64.246.165.160 - - [24/Nov/2014:21:55:24 +0100] "GET /robots.txt HTTP/1.0" 404 1256 "-" "Mozilla/5.0 (Windows; U; Windows NT 5.1; en; rv:1.9.0.13) Gecko/2009073022 Firefox/3.5.2 (.NET CLR 3.5.30729) SurveyBot/2.3 (DomainTools)"
64.246.165.160 - - [24/Nov/2014:21:55:25 +0100] "GET / HTTP/1.1" 200 3274 "http://whois.domaintools.com/dialyse-falkensee.de" "Mozilla/5.0 (Windows; U; Windows NT 5.1; en; rv:1.9.0.13) Gecko/2009073022 Firefox/3.5.2 (.NET CLR 3.5.30729) SurveyBot/2.3 (DomainTools)"
199.58.86.206 - - [24/Nov/2014:22:54:03 +0100] "GET /robots.txt HTTP/1.0" 404 1256 "-" "Mozilla/5.0 (compatible; MJ12bot/v1.4.5; http://www.majestic12.co.uk/bot.php?+)"
199.58.86.206 - - [24/Nov/2014:22:54:04 +0100] "GET / HTTP/1.0" 200 3274 "-" "Mozilla/5.0 (compatible; MJ12bot/v1.4.5; http://www.majestic12.co.uk/bot.php?+)"
94.153.8.139 - - [24/Nov/2014:23:25:38 +0100] "GET / HTTP/1.1" 200 3274 "http://7zap.pro/" "Mozilla/4.0 (compatible; MSIE 6.0; Windows NT 5.1; ru) Opera 8.50"
94.153.8.139 - - [24/Nov/2014:23:25:38 +0100] "GET / HTTP/1.1" 200 3274 "http://golden-praga.ru/" "Mozilla/4.0 (compatible; MSIE 6.0; Windows NT 5.1; FREE; .NET CLR 1.1.4322)"
94.153.8.139 - - [24/Nov/2014:23:25:39 +0100] "GET / HTTP/1.1" 200 3274 "http://golden-praga.ru/" "Mozilla/4.0 (compatible; MSIE 6.0; Windows NT 5.1; FREE; .NET CLR 1.1.4322)"
94.153.8.139 - - [24/Nov/2014:23:25:39 +0100] "GET / HTTP/1.1" 200 3274 "http://7zap.pro/" "Mozilla/4.0 (compatible; MSIE 6.0; Windows NT 5.1; ru) Opera 8.50"
94.153.8.139 - - [24/Nov/2014:23:25:39 +0100] "GET / HTTP/1.1" 200 3274 "http://golden-praga.ru/" "Mozilla/4.0 (compatible; MSIE 6.0; Windows NT 5.1; FREE; .NET CLR 1.1.4322)"
94.153.8.139 - - [24/Nov/2014:23:25:39 +0100] "GET / HTTP/1.1" 200 3274 "http://7zap.pro/" "Mozilla/4.0 (compatible; MSIE 6.0; Windows NT 5.1; ru) Opera 8.50"
46.119.114.223 - - [24/Nov/2014:23:28:32 +0100] "GET / HTTP/1.1" 200 3274 "http://promo-kodi.ru/" "Mozilla/4.0 (compatible; MSIE 6.0; Windows NT 5.1; SV1; InfoPath.1)"
46.119.114.223 - - [24/Nov/2014:23:28:32 +0100] "GET / HTTP/1.1" 200 3274 "http://promo-kodi.ru/" "Mozilla/4.0 (compatible; MSIE 6.0; Windows NT 5.1; SV1; InfoPath.1)"
46.119.114.223 - - [24/Nov/2014:23:28:33 +0100] "GET / HTTP/1.1" 200 3274 "http://promo-kodi.ru/" "Mozilla/4.0 (compatible; MSIE 6.0; Windows NT 5.1; SV1; InfoPath.1)"
193.150.120.14 - - [24/Nov/2014:23:45:38 +0100] "GET / HTTP/1.1" 200 3274 "http://line-techno.ru/" "Mozilla/4.79 [en] (Windows NT 5.0; U)"
193.150.120.14 - - [24/Nov/2014:23:45:38 +0100] "GET / HTTP/1.1" 200 3274 "http://line-techno.ru/" "Mozilla/4.79 [en] (Windows NT 5.0; U)"
193.150.120.14 - - [24/Nov/2014:23:45:38 +0100] "GET / HTTP/1.1" 200 3274 "http://line-techno.ru/" "Mozilla/4.79 [en] (Windows NT 5.0; U)"
46.119.114.223 - - [24/Nov/2014:23:53:34 +0100] "GET / HTTP/1.1" 200 3274 "http://pornofiljmi.com/" "Mozilla/4.0 (compatible; MSIE 6.0; Windows NT 5.1)"
46.119.114.223 - - [24/Nov/2014:23:53:34 +0100] "GET / HTTP/1.1" 200 3274 "http://remont-comp-pomosh.ru/" "Mozilla/4.0 (compatible; MSIE 6.0; Windows NT 5.1)"
46.119.114.223 - - [24/Nov/2014:23:53:34 +0100] "GET / HTTP/1.1" 200 3274 "http://pornofiljmi.com/" "Mozilla/4.0 (compatible; MSIE 6.0; Windows NT 5.1)"
46.119.114.223 - - [24/Nov/2014:23:53:34 +0100] "GET / HTTP/1.1" 200 3274 "http://remont-comp-pomosh.ru/" "Mozilla/4.0 (compatible; MSIE 6.0; Windows NT 5.1)"
46.119.114.223 - - [24/Nov/2014:23:53:34 +0100] "GET / HTTP/1.1" 200 3274 "http://pornofiljmi.com/" "Mozilla/4.0 (compatible; MSIE 6.0; Windows NT 5.1)"
46.119.114.223 - - [24/Nov/2014:23:53:34 +0100] "GET / HTTP/1.1" 200 3274 "http://remont-comp-pomosh.ru/" "Mozilla/4.0 (compatible; MSIE 6.0; Windows NT 5.1)"
134.249.76.28 - - [25/Nov/2014:01:32:41 +0100] "GET / HTTP/1.1" 200 3274 "http://amoremio.by/" "Mozilla/4.0 (compatible; MSIE 6.0; Windows NT 5.1; SV1; .NET CLR 1.0.3705; .NET CLR 1.1.4322; .NET CLR 2.0.40607)"
134.249.76.28 - - [25/Nov/2014:01:32:42 +0100] "GET / HTTP/1.1" 200 3274 "http://amoremio.by/" "Mozilla/4.0 (compatible; MSIE 6.0; Windows NT 5.1; SV1; .NET CLR 1.0.3705; .NET CLR 1.1.4322; .NET CLR 2.0.40607)"
134.249.76.28 - - [25/Nov/2014:01:32:42 +0100] "GET / HTTP/1.1" 200 3274 "http://amoremio.by/" "Mozilla/4.0 (compatible; MSIE 6.0; Windows NT 5.1; SV1; .NET CLR 1.0.3705; .NET CLR 1.1.4322; .NET CLR 2.0.40607)"
192.99.107.190 - - [25/Nov/2014:07:37:43 +0100] "GET /robots.txt HTTP/1.1" 404 1256 "-" "Mozilla/5.0 (compatible; meanpathbot/1.0; +http://www.meanpath.com/meanpathbot.html)"
192.99.107.190 - - [25/Nov/2014:07:37:44 +0100] "GET / HTTP/1.1" 200 3274 "-" "Mozilla/5.0 (compatible; meanpathbot/1.0; +http://www.meanpath.com/meanpathbot.html)"
79.194.9.211 - - [25/Nov/2014:08:38:13 +0100] "GET /ico/favicon.ico HTTP/1.1" 404 1256 "-" "Mozilla/5.0 (Windows NT 6.1; rv:33.0) Gecko/20100101 Firefox/33.0"
79.194.9.211 - - [25/Nov/2014:08:38:13 +0100] "GET /ico/favicon.ico HTTP/1.1" 404 1256 "-" "Mozilla/5.0 (Windows NT 6.1; rv:33.0) Gecko/20100101 Firefox/33.0"
79.194.9.211 - - [25/Nov/2014:08:38:14 +0100] "GET /ico/favicon.ico HTTP/1.1" 404 1256 "-" "Mozilla/5.0 (Windows NT 6.1; rv:33.0) Gecko/20100101 Firefox/33.0"
157.55.39.72 - - [25/Nov/2014:09:36:18 +0100] "GET /robots.txt HTTP/1.1" 404 1256 "-" "Mozilla/5.0 (compatible; bingbot/2.0; +http://www.bing.com/bingbot.htm)"
157.55.39.72 - - [25/Nov/2014:09:36:44 +0100] "GET / HTTP/1.1" 200 3274 "-" "Mozilla/5.0 (compatible; bingbot/2.0; +http://www.bing.com/bingbot.htm)"
157.55.39.72 - - [25/Nov/2014:10:01:45 +0100] "GET / HTTP/1.1" 200 3274 "-" "Mozilla/5.0 (compatible; bingbot/2.0; +http://www.bing.com/bingbot.htm)"
207.46.13.115 - - [25/Nov/2014:10:01:51 +0100] "GET /robots.txt HTTP/1.1" 404 1256 "-" "Mozilla/5.0 (compatible; bingbot/2.0; +http://www.bing.com/bingbot.htm)"
207.46.13.115 - - [25/Nov/2014:10:01:52 +0100] "GET /css/bootstrap.min.css HTTP/1.1" 200 101265 "-" "Mozilla/5.0 (compatible; bingbot/2.0; +http://www.bing.com/bingbot.htm)"
207.46.13.96 - - [25/Nov/2014:10:01:58 +0100] "GET /js/bootstrap.min.js HTTP/1.1" 200 25764 "-" "Mozilla/5.0 (compatible; bingbot/2.0; +http://www.bing.com/bingbot.htm)"
157.55.39.72 - - [25/Nov/2014:10:02:07 +0100] "GET /css/bootstrap-responsive.min.css HTTP/1.1" 200 16520 "-" "Mozilla/5.0 (compatible; bingbot/2.0; +http://www.bing.com/bingbot.htm)"
78.96.76.3 - - [25/Nov/2014:11:00:55 +0100] "GET / HTTP/1.1" 200 3274 "-" "Mozilla/5.0 (compatible; bingbot/2.0; +http://www.bing.com/bingbot.htm)"
84.191.20.210 - - [25/Nov/2014:11:24:11 +0100] "GET / HTTP/1.1" 200 3274 "http://www.blnp.de/index.php?id=51" "Mozilla/5.0 (Windows NT 6.1; WOW64; Trident/7.0; rv:11.0) like Gecko"
84.191.20.210 - - [25/Nov/2014:11:24:12 +0100] "GET /css/bootstrap-responsive.min.css HTTP/1.1" 200 16520 "http://www.dialyse-falkensee.de/" "Mozilla/5.0 (Windows NT 6.1; WOW64; Trident/7.0; rv:11.0) like Gecko"
84.191.20.210 - - [25/Nov/2014:11:24:12 +0100] "GET /js/bootstrap.min.js HTTP/1.1" 200 25764 "http://www.dialyse-falkensee.de/" "Mozilla/5.0 (Windows NT 6.1; WOW64; Trident/7.0; rv:11.0) like Gecko"
84.191.20.210 - - [25/Nov/2014:11:24:12 +0100] "GET /css/bootstrap.min.css HTTP/1.1" 200 101265 "http://www.dialyse-falkensee.de/" "Mozilla/5.0 (Windows NT 6.1; WOW64; Trident/7.0; rv:11.0) like Gecko"
84.191.20.210 - - [25/Nov/2014:11:24:18 +0100] "GET /ico/favicon.ico HTTP/1.1" 404 1256 "-" "Mozilla/5.0 (Windows NT 6.1; Win64; x64; Trident/7.0; rv:11.0) like Gecko"
84.191.20.210 - - [25/Nov/2014:11:24:24 +0100] "GET /favicon.ico HTTP/1.1" 404 1256 "-" "Mozilla/5.0 (Windows NT 6.1; Win64; x64; Trident/7.0; rv:11.0) like Gecko"
211.244.83.248 - - [25/Nov/2014:11:31:39 +0100] "GET /robots.txt HTTP/1.1" 404 1256 "http://search.daum.net/" "Mozilla/5.0 (compatible; MSIE or Firefox mutant; not on Windows server; + http://tab.search.daum.net/aboutWebSearch.html) Daumoa/3.0"
211.244.83.248 - - [25/Nov/2014:11:31:41 +0100] "GET / HTTP/1.1" 200 3274 "http://search.daum.net/" "Mozilla/5.0 (compatible; MSIE or Firefox mutant; not on Windows server; + http://tab.search.daum.net/aboutWebSearch.html) Daumoa/3.0"
174.47.215.254 - - [25/Nov/2014:11:44:06 +0100] "GET / HTTP/1.1" 200 3274 "-" "Mozilla/5.0 (Windows; U; Windows NT 5.1; en-US; rv:1.8.1.11) Gecko/20071127 Firefox/2.0.0.11"
46.229.164.113 - - [25/Nov/2014:13:00:28 +0100] "GET / HTTP/1.1" 200 3274 "-" "Mozilla/5.0 (compatible; SemrushBot/0.98~bl; +http://www.semrush.com/bot.html)"
178.255.215.76 - - [25/Nov/2014:13:20:15 +0100] "GET /robots.txt HTTP/1.1" 404 1256 "-" "Mozilla/5.0 (compatible; Exabot/3.0; +http://www.exabot.com/go/robot)"
178.255.215.76 - - [25/Nov/2014:13:20:15 +0100] "GET / HTTP/1.1" 304 - "-" "Mozilla/5.0 (compatible; Exabot/3.0; +http://www.exabot.com/go/robot)"
46.229.164.115 - - [25/Nov/2014:13:59:33 +0100] "GET /index.html HTTP/1.1" 200 3274 "-" "Mozilla/5.0 (compatible; SemrushBot/0.98~bl; +http://www.semrush.com/bot.html)"
79.229.60.132 - - [25/Nov/2014:14:18:02 +0100] "HEAD / HTTP/1.1" 200 - "-" "Microsoft Office Excel 2013"
79.229.60.132 - - [25/Nov/2014:14:18:02 +0100] "GET / HTTP/1.1" 200 3274 "-" "Mozilla/4.0 (compatible; MSIE 7.0; Windows NT 6.1; Trident/7.0; SLCC2; .NET CLR 2.0.50727; .NET CLR 3.5.30729; .NET CLR 3.0.30729; Media Center PC 6.0; MALN; .NET4.0C; Tablet PC 2.0; .NET4.0E; InfoPath.3; ms-office)"
79.229.60.132 - - [25/Nov/2014:14:18:05 +0100] "GET / HTTP/1.1" 200 3274 "-" "Mozilla/5.0 (Windows NT 6.1; rv:33.0) Gecko/20100101 Firefox/33.0"
79.229.60.132 - - [25/Nov/2014:14:18:06 +0100] "GET /css/bootstrap-responsive.min.css HTTP/1.1" 200 16520 "http://www.dialyse-falkensee.de/" "Mozilla/5.0 (Windows NT 6.1; rv:33.0) Gecko/20100101 Firefox/33.0"
79.229.60.132 - - [25/Nov/2014:14:18:06 +0100] "GET /ico/favicon.ico HTTP/1.1" 404 1256 "-" "Mozilla/5.0 (Windows NT 6.1; rv:33.0) Gecko/20100101 Firefox/33.0"
79.229.60.132 - - [25/Nov/2014:14:18:06 +0100] "GET /ico/favicon.ico HTTP/1.1" 404 1256 "-" "Mozilla/5.0 (Windows NT 6.1; rv:33.0) Gecko/20100101 Firefox/33.0"
79.229.60.132 - - [25/Nov/2014:14:18:06 +0100] "GET /css/bootstrap.min.css HTTP/1.1" 200 101265 "http://www.dialyse-falkensee.de/" "Mozilla/5.0 (Windows NT 6.1; rv:33.0) Gecko/20100101 Firefox/33.0"
79.229.60.132 - - [25/Nov/2014:14:18:06 +0100] "GET /js/bootstrap.min.js HTTP/1.1" 200 25764 "http://www.dialyse-falkensee.de/" "Mozilla/5.0 (Windows NT 6.1; rv:33.0) Gecko/20100101 Firefox/33.0"
79.229.60.132 - - [25/Nov/2014:14:20:22 +0100] "GET /favicon.ico HTTP/1.1" 404 1256 "-" "Mozilla/5.0 (Windows NT 6.1; rv:33.0) Gecko/20100101 Firefox/33.0"
79.229.60.132 - - [25/Nov/2014:14:20:22 +0100] "GET /favicon.ico HTTP/1.1" 404 1256 "-" "Mozilla/5.0 (Windows NT 6.1; rv:33.0) Gecko/20100101 Firefox/33.0"
46.119.114.223 - - [25/Nov/2014:14:58:49 +0100] "GET / HTTP/1.1" 200 3274 "http://xxart.ru/" "Mozilla/4.0 (compatible; MSIE 6.0; Windows NT 5.0; Avant Browser [avantbrowser.com]; Hotbar 4.4.5.0)"
46.119.114.223 - - [25/Nov/2014:14:58:49 +0100] "GET / HTTP/1.1" 200 3274 "http://xxart.ru/" "Mozilla/4.0 (compatible; MSIE 6.0; Windows NT 5.0; Avant Browser [avantbrowser.com]; Hotbar 4.4.5.0)"
46.119.114.223 - - [25/Nov/2014:14:58:50 +0100] "GET / HTTP/1.1" 200 3274 "http://xxart.ru/" "Mozilla/4.0 (compatible; MSIE 6.0; Windows NT 5.0; Avant Browser [avantbrowser.com]; Hotbar 4.4.5.0)"
66.249.78.58 - - [25/Nov/2014:18:30:45 +0100] "GET /robots.txt HTTP/1.1" 404 1256 "-" "Mozilla/5.0 (compatible; Googlebot/2.1; +http://www.google.com/bot.html)"
193.150.120.14 - - [25/Nov/2014:19:04:21 +0100] "GET / HTTP/1.1" 200 3274 "http://www.odeialo.ru/" "Mozilla/4.0 (compatible; MSIE 5.01; Windows 95; MSIECrawler)"
193.150.120.14 - - [25/Nov/2014:19:04:21 +0100] "GET / HTTP/1.1" 200 3274 "http://www.odeialo.ru/" "Mozilla/4.0 (compatible; MSIE 5.01; Windows 95; MSIECrawler)"
193.150.120.14 - - [25/Nov/2014:19:04:22 +0100] "GET / HTTP/1.1" 200 3274 "http://www.odeialo.ru/" "Mozilla/4.0 (compatible; MSIE 5.01; Windows 95; MSIECrawler)"
46.229.164.112 - - [25/Nov/2014:19:23:04 +0100] "GET / HTTP/1.1" 200 3274 "-" "Mozilla/5.0 (compatible; SemrushBot/0.98~bl; +http://www.semrush.com/bot.html)"
66.249.78.58 - - [25/Nov/2014:20:18:37 +0100] "GET /css/bootstrap.min.css HTTP/1.1" 200 101265 "-" "Mozilla/5.0 (compatible; Googlebot/2.1; +http://www.google.com/bot.html)"
46.229.164.113 - - [25/Nov/2014:20:21:47 +0100] "GET /index.html HTTP/1.1" 200 3274 "-" "Mozilla/5.0 (compatible; SemrushBot/0.98~bl; +http://www.semrush.com/bot.html)"
66.249.78.44 - - [25/Nov/2014:20:27:59 +0100] "GET /css/bootstrap-responsive.min.css HTTP/1.1" 200 16520 "-" "Mozilla/5.0 (compatible; Googlebot/2.1; +http://www.google.com/bot.html)"
46.119.114.223 - - [25/Nov/2014:22:31:45 +0100] "GET / HTTP/1.1" 200 3274 "http://w7s.ru/" "Mozilla/4.0 (compatible; MSIE 6.0; Windows 98; Win 9x 4.90)"
46.119.114.223 - - [25/Nov/2014:22:31:48 +0100] "GET / HTTP/1.1" 200 3274 "http://w7s.ru/" "Mozilla/4.0 (compatible; MSIE 6.0; Windows 98; Win 9x 4.90)"
46.119.114.223 - - [25/Nov/2014:22:31:48 +0100] "GET / HTTP/1.1" 200 3274 "http://w7s.ru/" "Mozilla/4.0 (compatible; MSIE 6.0; Windows 98; Win 9x 4.90)"
176.8.91.201 - - [25/Nov/2014:23:02:43 +0100] "GET / HTTP/1.1" 200 3274 "http://www.germes-trans.com/poleznaya-informaciya/sovremennaya-rol-logistiki-v-upravlenii-biznesom.html" "Mozilla/4.0 (compatible; MSIE 6.0; Windows NT 5.1; SV1; FunWebProducts)"
176.8.91.201 - - [25/Nov/2014:23:02:44 +0100] "GET / HTTP/1.1" 200 3274 "http://www.germes-trans.com/poleznaya-informaciya/sovremennaya-rol-logistiki-v-upravlenii-biznesom.html" "Mozilla/4.0 (compatible; MSIE 6.0; Windows NT 5.1; SV1; FunWebProducts)"
176.8.91.201 - - [25/Nov/2014:23:02:45 +0100] "GET / HTTP/1.1" 200 3274 "http://www.germes-trans.com/poleznaya-informaciya/sovremennaya-rol-logistiki-v-upravlenii-biznesom.html" "Mozilla/4.0 (compatible; MSIE 6.0; Windows NT 5.1; SV1; FunWebProducts)"
176.8.91.201 - - [26/Nov/2014:02:07:55 +0100] "GET / HTTP/1.1" 200 3274 "http://fin48.ru/" "Mozilla/4.0 (compatible; MSIE 6.0; Windows NT 5.1; SV1)"
176.8.91.201 - - [26/Nov/2014:02:07:56 +0100] "GET / HTTP/1.1" 200 3274 "http://fin48.ru/" "Mozilla/4.0 (compatible; MSIE 6.0; Windows NT 5.1; SV1)"
176.8.91.201 - - [26/Nov/2014:02:07:56 +0100] "GET / HTTP/1.1" 200 3274 "http://fin48.ru/" "Mozilla/4.0 (compatible; MSIE 6.0; Windows NT 5.1; SV1)"
176.8.91.201 - - [26/Nov/2014:02:27:21 +0100] "GET / HTTP/1.1" 200 3274 "http://sexvideo-chat.ru/" "Mozilla/4.0 (compatible; MSIE 6.0; Windows NT 5.0)"
176.8.91.201 - - [26/Nov/2014:02:27:21 +0100] "GET / HTTP/1.1" 200 3274 "http://sexvideo-chat.ru/" "Mozilla/4.0 (compatible; MSIE 6.0; Windows NT 5.0)"
176.8.91.201 - - [26/Nov/2014:02:27:22 +0100] "GET / HTTP/1.1" 200 3274 "http://sexvideo-chat.ru/" "Mozilla/4.0 (compatible; MSIE 6.0; Windows NT 5.0)"
94.153.8.139 - - [26/Nov/2014:03:08:10 +0100] "GET / HTTP/1.1" 200 3274 "http://golden-praga.ru/" "Mozilla/4.0 (compatible; MSIE 6.0; Windows NT 5.1; FREE; .NET CLR 1.1.4322)"
94.153.8.139 - - [26/Nov/2014:03:08:10 +0100] "GET / HTTP/1.1" 200 3274 "http://golden-praga.ru/" "Mozilla/4.0 (compatible; MSIE 6.0; Windows NT 5.1; FREE; .NET CLR 1.1.4322)"
94.153.8.139 - - [26/Nov/2014:03:08:11 +0100] "GET / HTTP/1.1" 200 3274 "http://golden-praga.ru/" "Mozilla/4.0 (compatible; MSIE 6.0; Windows NT 5.1; FREE; .NET CLR 1.1.4322)"
91.207.7.54 - - [26/Nov/2014:03:57:39 +0100] "GET / HTTP/1.1" 200 3274 "-" "Mozilla/4.0 (compatible; MSIE 6.0; Windows NT 5.1; SV1)"
176.8.91.201 - - [26/Nov/2014:05:24:40 +0100] "GET / HTTP/1.1" 200 3274 "http://www.narugka.ru/" "Mozilla/4.0 (compatible; MSIE 5.0; Windows 2000) Opera 6.0 [en]"
176.8.91.201 - - [26/Nov/2014:05:24:41 +0100] "GET / HTTP/1.1" 200 3274 "http://www.narugka.ru/" "Mozilla/4.0 (compatible; MSIE 5.0; Windows 2000) Opera 6.0 [en]"
176.8.91.201 - - [26/Nov/2014:05:24:41 +0100] "GET / HTTP/1.1" 200 3274 "http://www.narugka.ru/" "Mozilla/4.0 (compatible; MSIE 5.0; Windows 2000) Opera 6.0 [en]"
94.153.8.139 - - [26/Nov/2014:05:38:38 +0100] "GET / HTTP/1.1" 200 3274 "http://1fe.ru/" "Mozilla/4.0 (compatible; MSIE 5.0; Windows 2000) Opera 6.0 [en]"
94.153.8.139 - - [26/Nov/2014:05:38:38 +0100] "GET / HTTP/1.1" 200 3274 "http://xn-----8kcnijgeam1andnpi2aq8m.xn--p1ai/" "Mozilla/4.0 (compatible; MSIE 5.0; Windows 2000) Opera 6.0 [en]"
94.153.8.139 - - [26/Nov/2014:05:38:38 +0100] "GET / HTTP/1.1" 200 3274 "http://1fe.ru/" "Mozilla/4.0 (compatible; MSIE 5.0; Windows 2000) Opera 6.0 [en]"
94.153.8.139 - - [26/Nov/2014:05:38:38 +0100] "GET / HTTP/1.1" 200 3274 "http://xn-----8kcnijgeam1andnpi2aq8m.xn--p1ai/" "Mozilla/4.0 (compatible; MSIE 5.0; Windows 2000) Opera 6.0 [en]"
94.153.8.139 - - [26/Nov/2014:05:38:38 +0100] "GET / HTTP/1.1" 200 3274 "http://xn-----8kcnijgeam1andnpi2aq8m.xn--p1ai/" "Mozilla/4.0 (compatible; MSIE 5.0; Windows 2000) Opera 6.0 [en]"
94.153.8.139 - - [26/Nov/2014:05:38:38 +0100] "GET / HTTP/1.1" 200 3274 "http://1fe.ru/" "Mozilla/4.0 (compatible; MSIE 5.0; Windows 2000) Opera 6.0 [en]"
94.153.8.139 - - [26/Nov/2014:05:38:39 +0100] "GET / HTTP/1.1" 200 3274 "http://7zap.pro/" "Mozilla/4.0 (compatible; MSIE 5.0; Windows 2000) Opera 6.0 [en]"
94.153.8.139 - - [26/Nov/2014:05:38:39 +0100] "GET / HTTP/1.1" 200 3274 "http://7zap.pro/" "Mozilla/4.0 (compatible; MSIE 5.0; Windows 2000) Opera 6.0 [en]"
94.153.8.139 - - [26/Nov/2014:05:38:39 +0100] "GET / HTTP/1.1" 200 3274 "http://7zap.pro/" "Mozilla/4.0 (compatible; MSIE 5.0; Windows 2000) Opera 6.0 [en]"
134.249.76.28 - - [26/Nov/2014:08:48:26 +0100] "GET / HTTP/1.1" 200 3274 "http://kupitmishku.ru/" "Mozilla/0.6 Beta (Windows)"
134.249.76.28 - - [26/Nov/2014:08:48:26 +0100] "GET / HTTP/1.1" 200 3274 "http://kupitmishku.ru/" "Mozilla/0.6 Beta (Windows)"
134.249.76.28 - - [26/Nov/2014:08:48:26 +0100] "GET / HTTP/1.1" 200 3274 "http://kupitmishku.ru/" "Mozilla/0.6 Beta (Windows)"
217.27.196.55 - - [26/Nov/2014:10:01:52 +0100] "GET / HTTP/1.1" 200 3274 "http://www.google.de/url?sa=t&rct=j&q=&esrc=s&frm=1&source=web&cd=2&ved=0CCcQFjAB&url=http%3A%2F%2Fwww.dialyse-falkensee.de%2F&ei=5JZ1VJGvCJHeapbggrgP&usg=AFQjCNECgXXq-DVOeCPbM1zyqacv9mR2gg" "Mozilla/5.0 (compatible; MSIE 9.0; Windows NT 6.1; Trident/5.0)"
217.27.196.55 - - [26/Nov/2014:10:01:53 +0100] "GET /css/bootstrap-responsive.min.css HTTP/1.1" 200 16520 "http://www.dialyse-falkensee.de/" "Mozilla/5.0 (compatible; MSIE 9.0; Windows NT 6.1; Trident/5.0)"
217.27.196.55 - - [26/Nov/2014:10:01:53 +0100] "GET /css/bootstrap.min.css HTTP/1.1" 200 101265 "http://www.dialyse-falkensee.de/" "Mozilla/5.0 (compatible; MSIE 9.0; Windows NT 6.1; Trident/5.0)"
217.27.196.55 - - [26/Nov/2014:10:01:53 +0100] "GET /img/glyphicons-halflings.png HTTP/1.1" 200 12799 "http://www.dialyse-falkensee.de/" "Mozilla/5.0 (compatible; MSIE 9.0; Windows NT 6.1; Trident/5.0)"
217.27.196.55 - - [26/Nov/2014:10:01:53 +0100] "GET /js/bootstrap.min.js HTTP/1.1" 200 25764 "http://www.dialyse-falkensee.de/" "Mozilla/5.0 (compatible; MSIE 9.0; Windows NT 6.1; Trident/5.0)"
217.27.196.55 - - [26/Nov/2014:10:01:53 +0100] "GET /ico/favicon.ico HTTP/1.1" 404 1256 "-" "Mozilla/5.0 (compatible; MSIE 9.0; Windows NT 6.1; Trident/5.0)"
157.55.39.72 - - [26/Nov/2014:10:40:34 +0100] "GET /robots.txt HTTP/1.1" 404 1256 "-" "Mozilla/5.0 (compatible; bingbot/2.0; +http://www.bing.com/bingbot.htm)"
157.55.39.72 - - [26/Nov/2014:10:41:16 +0100] "GET / HTTP/1.1" 200 3274 "-" "Mozilla/5.0 (compatible; bingbot/2.0; +http://www.bing.com/bingbot.htm)"
193.175.73.217 - - [26/Nov/2014:10:59:22 +0100] "GET / HTTP/1.1" 200 3274 "http://www.google.de/url?sa=t&rct=j&q=&esrc=s&frm=1&source=web&cd=1&ved=0CCEQFjAA&url=http%3A%2F%2Fwww.dialyse-falkensee.de%2F&ei=XaR1VOmEMMP4ygOsvYKIDw&usg=AFQjCNECgXXq-DVOeCPbM1zyqacv9mR2gg&bvm=bv.80642063,d.ZGU" "Mozilla/5.0 (compatible; MSIE 10.0; Windows NT 6.1; WOW64; Trident/6.0)"
193.175.73.217 - - [26/Nov/2014:10:59:22 +0100] "GET /css/bootstrap-responsive.min.css HTTP/1.1" 200 16520 "http://www.dialyse-falkensee.de/" "Mozilla/5.0 (compatible; MSIE 10.0; Windows NT 6.1; WOW64; Trident/6.0)"
193.175.73.217 - - [26/Nov/2014:10:59:22 +0100] "GET /js/bootstrap.min.js HTTP/1.1" 200 25764 "http://www.dialyse-falkensee.de/" "Mozilla/5.0 (compatible; MSIE 10.0; Windows NT 6.1; WOW64; Trident/6.0)"
193.175.73.217 - - [26/Nov/2014:10:59:22 +0100] "GET /css/bootstrap.min.css HTTP/1.1" 200 101265 "http://www.dialyse-falkensee.de/" "Mozilla/5.0 (compatible; MSIE 10.0; Windows NT 6.1; WOW64; Trident/6.0)"
193.175.73.217 - - [26/Nov/2014:10:59:22 +0100] "GET /ico/favicon.ico HTTP/1.1" 404 1256 "-" "Mozilla/5.0 (compatible; MSIE 10.0; Windows NT 6.1; WOW64; Trident/6.0)"
208.115.113.83 - - [26/Nov/2014:11:32:26 +0100] "GET /robots.txt HTTP/1.1" 404 1256 "-" "Mozilla/5.0 (compatible; DotBot/1.1; http://www.opensiteexplorer.org/dotbot, help@moz.com)"
46.119.114.223 - - [26/Nov/2014:12:15:03 +0100] "GET / HTTP/1.1" 200 3274 "http://www.intim-art.ru/" "Mozilla/4.0 (compatible; MSIE 5.0; Windows 95) Opera 6.01 [en]"
46.119.114.223 - - [26/Nov/2014:12:15:03 +0100] "GET / HTTP/1.1" 200 3274 "http://www.intim-art.ru/" "Mozilla/4.0 (compatible; MSIE 5.0; Windows 95) Opera 6.01 [en]"
46.119.114.223 - - [26/Nov/2014:12:15:04 +0100] "GET / HTTP/1.1" 200 3274 "http://www.intim-art.ru/" "Mozilla/4.0 (compatible; MSIE 5.0; Windows 95) Opera 6.01 [en]"
208.115.113.83 - - [26/Nov/2014:13:25:18 +0100] "GET /praxis2.htm HTTP/1.1" 404 1256 "-" "Mozilla/5.0 (compatible; DotBot/1.1; http://www.opensiteexplorer.org/dotbot, help@moz.com)"
157.55.39.72 - - [26/Nov/2014:14:10:54 +0100] "GET /leer.htm HTTP/1.1" 404 1256 "-" "Mozilla/5.0 (compatible; bingbot/2.0; +http://www.bing.com/bingbot.htm)"
37.139.52.23 - - [26/Nov/2014:16:44:25 +0100] "GET / HTTP/1.1" 200 3274 "http://www.tecspb.ru/rasprostranenie-listovok.html" "Mozilla/4.0 (compatible; MSIE 4.01; Digital AlphaServer 1000A 4/233; Windows NT; Powered By 64-Bit Alpha Processor)"
37.139.52.23 - - [26/Nov/2014:16:44:26 +0100] "GET / HTTP/1.1" 200 3274 "http://www.tecspb.ru/rasprostranenie-listovok.html" "Mozilla/4.0 (compatible; MSIE 4.01; Digital AlphaServer 1000A 4/233; Windows NT; Powered By 64-Bit Alpha Processor)"
37.139.52.23 - - [26/Nov/2014:16:44:27 +0100] "GET / HTTP/1.1" 200 3274 "http://www.tecspb.ru/rasprostranenie-listovok.html" "Mozilla/4.0 (compatible; MSIE 4.01; Digital AlphaServer 1000A 4/233; Windows NT; Powered By 64-Bit Alpha Processor)"
80.153.101.65 - - [26/Nov/2014:20:15:29 +0100] "GET / HTTP/1.1" 200 3274 "-" "Mozilla/5.0 (compatible; WeViKaBot/1.0; +http://www.wevika.de/)"
176.8.91.201 - - [26/Nov/2014:20:43:39 +0100] "GET / HTTP/1.1" 200 3274 "http://www.xtubeporno.net/" "Mozilla/4.0 (compatible; MSIE 6.0; Windows NT 5.1) Opera 7.54 [en]"
176.8.91.201 - - [26/Nov/2014:20:43:39 +0100] "GET / HTTP/1.1" 200 3274 "http://www.rmes.ru/" "Mozilla/4.0 (compatible; MSIE 6.0; Windows NT 5.1) Opera 7.54 [en]"
176.8.91.201 - - [26/Nov/2014:20:43:39 +0100] "GET / HTTP/1.1" 200 3274 "http://www.xtubeporno.net/" "Mozilla/4.0 (compatible; MSIE 6.0; Windows NT 5.1) Opera 7.54 [en]"
176.8.91.201 - - [26/Nov/2014:20:43:39 +0100] "GET / HTTP/1.1" 200 3274 "http://www.xtubeporno.net/" "Mozilla/4.0 (compatible; MSIE 6.0; Windows NT 5.1) Opera 7.54 [en]"
176.8.91.201 - - [26/Nov/2014:20:43:39 +0100] "GET / HTTP/1.1" 200 3274 "http://www.rmes.ru/" "Mozilla/4.0 (compatible; MSIE 6.0; Windows NT 5.1) Opera 7.54 [en]"
176.8.91.201 - - [26/Nov/2014:20:43:39 +0100] "GET / HTTP/1.1" 200 3274 "http://www.rmes.ru/" "Mozilla/4.0 (compatible; MSIE 6.0; Windows NT 5.1) Opera 7.54 [en]"
94.153.8.139 - - [26/Nov/2014:20:45:33 +0100] "GET / HTTP/1.1" 200 3274 "http://7zap.pro/" "Mozilla/4.0 (compatible; MSIE 6.0; Windows NT 5.1; SV1; InfoPath.1)"
94.153.8.139 - - [26/Nov/2014:20:45:33 +0100] "GET / HTTP/1.1" 200 3274 "http://7zap.pro/" "Mozilla/4.0 (compatible; MSIE 6.0; Windows NT 5.1; SV1; InfoPath.1)"
94.153.8.139 - - [26/Nov/2014:20:45:34 +0100] "GET / HTTP/1.1" 200 3274 "http://golden-praga.ru/" "Mozilla/4.0 (compatible; MSIE 6.0; Windows NT 5.1) Opera 7.54 [en]"
94.153.8.139 - - [26/Nov/2014:20:45:34 +0100] "GET / HTTP/1.1" 200 3274 "http://7zap.pro/" "Mozilla/4.0 (compatible; MSIE 6.0; Windows NT 5.1; SV1; InfoPath.1)"
94.153.8.139 - - [26/Nov/2014:20:45:35 +0100] "GET / HTTP/1.1" 200 3274 "http://golden-praga.ru/" "Mozilla/4.0 (compatible; MSIE 6.0; Windows NT 5.1) Opera 7.54 [en]"
94.153.8.139 - - [26/Nov/2014:20:45:35 +0100] "GET / HTTP/1.1" 200 3274 "http://golden-praga.ru/" "Mozilla/4.0 (compatible; MSIE 6.0; Windows NT 5.1) Opera 7.54 [en]"
91.207.8.46 - - [26/Nov/2014:22:55:36 +0100] "GET / HTTP/1.1" 200 3274 "http://ogli.org/erotika/" "Mozilla/4.76 [en] (Windows NT 5.0; U)"
91.207.8.46 - - [26/Nov/2014:22:55:37 +0100] "GET / HTTP/1.1" 200 3274 "http://ogli.org/erotika/" "Mozilla/4.76 [en] (Windows NT 5.0; U)"
91.207.8.46 - - [26/Nov/2014:22:55:38 +0100] "GET / HTTP/1.1" 200 3274 "http://ogli.org/erotika/" "Mozilla/4.76 [en] (Windows NT 5.0; U)"
66.249.79.98 - - [27/Nov/2014:02:23:04 +0100] "GET /robots.txt HTTP/1.1" 404 1256 "-" "Mozilla/5.0 (compatible; Googlebot/2.1; +http://www.google.com/bot.html)"
66.249.79.106 - - [27/Nov/2014:02:23:04 +0100] "GET / HTTP/1.1" 200 3274 "-" "DoCoMo/2.0 N905i(c100;TB;W24H16) (compatible; Googlebot-Mobile/2.1; +http://www.google.com/bot.html)"
94.153.8.139 - - [27/Nov/2014:03:49:47 +0100] "GET / HTTP/1.1" 200 3274 "http://anti-radari.ru/" "Mozilla/4.0 (compatible; MSIE 6.0; Windows NT 5.1)"
176.8.91.201 - - [27/Nov/2014:03:49:47 +0100] "GET / HTTP/1.1" 200 3274 "http://uiutdom.ru/" "Mozilla/4.0 (compatible; MSIE 6.0; Windows NT 5.1)"
94.153.8.139 - - [27/Nov/2014:03:49:48 +0100] "GET / HTTP/1.1" 200 3274 "http://anti-radari.ru/" "Mozilla/4.0 (compatible; MSIE 6.0; Windows NT 5.1)"
94.153.8.139 - - [27/Nov/2014:03:49:48 +0100] "GET / HTTP/1.1" 200 3274 "http://anti-radari.ru/" "Mozilla/4.0 (compatible; MSIE 6.0; Windows NT 5.1)"
176.8.91.201 - - [27/Nov/2014:03:49:51 +0100] "GET / HTTP/1.1" 200 3274 "http://uiutdom.ru/" "Mozilla/4.0 (compatible; MSIE 6.0; Windows NT 5.1)"
176.8.91.201 - - [27/Nov/2014:03:49:51 +0100] "GET / HTTP/1.1" 200 3274 "http://uiutdom.ru/" "Mozilla/4.0 (compatible; MSIE 6.0; Windows NT 5.1)"
157.55.39.72 - - [27/Nov/2014:08:02:08 +0100] "GET /robots.txt HTTP/1.1" 404 1256 "-" "Mozilla/5.0 (compatible; bingbot/2.0; +http://www.bing.com/bingbot.htm)"
157.55.39.72 - - [27/Nov/2014:08:03:33 +0100] "GET / HTTP/1.1" 200 3274 "-" "Mozilla/5.0 (compatible; bingbot/2.0; +http://www.bing.com/bingbot.htm)"
94.153.8.139 - - [27/Nov/2014:10:02:10 +0100] "GET / HTTP/1.1" 200 3274 "http://www.video12.ru/" "Mozilla/4.0 (compatible; MSIE 6.0; Windows NT 5.2; SV1; .NET CLR 1.1.4322; .NET CLR 2.0.50727)"
94.153.8.139 - - [27/Nov/2014:10:02:11 +0100] "GET / HTTP/1.1" 200 3274 "http://www.video12.ru/" "Mozilla/4.0 (compatible; MSIE 6.0; Windows NT 5.2; SV1; .NET CLR 1.1.4322; .NET CLR 2.0.50727)"
94.153.8.139 - - [27/Nov/2014:10:02:11 +0100] "GET / HTTP/1.1" 200 3274 "http://www.video12.ru/" "Mozilla/4.0 (compatible; MSIE 6.0; Windows NT 5.2; SV1; .NET CLR 1.1.4322; .NET CLR 2.0.50727)"
46.119.114.223 - - [27/Nov/2014:10:51:06 +0100] "GET / HTTP/1.1" 200 3274 "http://www.intim-art.ru/" "Mozilla/4.0 (compatible; MSIE 5.0; Windows 2000) Opera 6.0 [en]"
46.119.114.223 - - [27/Nov/2014:10:51:06 +0100] "GET / HTTP/1.1" 200 3274 "http://remont-mobile-phones.ru/" "Mozilla/4.0 (compatible; MSIE 5.0; Windows 2000) Opera 6.0 [en]"
46.119.114.223 - - [27/Nov/2014:10:51:06 +0100] "GET / HTTP/1.1" 200 3274 "http://vprosmotre.ucoz.ru/" "Mozilla/4.0 (compatible; MSIE 5.0; Windows 2000) Opera 6.0 [en]"
46.119.114.223 - - [27/Nov/2014:10:51:06 +0100] "GET / HTTP/1.1" 200 3274 "http://jjbabskoe.ru/" "Mozilla/4.0 (compatible; MSIE 5.0; Windows 2000) Opera 6.0 [en]"
46.119.114.223 - - [27/Nov/2014:10:51:06 +0100] "GET / HTTP/1.1" 200 3274 "http://remont-mobile-phones.ru/" "Mozilla/4.0 (compatible; MSIE 5.0; Windows 2000) Opera 6.0 [en]"
46.119.114.223 - - [27/Nov/2014:10:51:06 +0100] "GET / HTTP/1.1" 200 3274 "http://www.intim-art.ru/" "Mozilla/4.0 (compatible; MSIE 5.0; Windows 2000) Opera 6.0 [en]"
46.119.114.223 - - [27/Nov/2014:10:51:06 +0100] "GET / HTTP/1.1" 200 3274 "http://vprosmotre.ucoz.ru/" "Mozilla/4.0 (compatible; MSIE 5.0; Windows 2000) Opera 6.0 [en]"
46.119.114.223 - - [27/Nov/2014:10:51:06 +0100] "GET / HTTP/1.1" 200 3274 "http://jjbabskoe.ru/" "Mozilla/4.0 (compatible; MSIE 5.0; Windows 2000) Opera 6.0 [en]"
46.119.114.223 - - [27/Nov/2014:10:51:06 +0100] "GET / HTTP/1.1" 200 3274 "http://remont-mobile-phones.ru/" "Mozilla/4.0 (compatible; MSIE 5.0; Windows 2000) Opera 6.0 [en]"
46.119.114.223 - - [27/Nov/2014:10:51:06 +0100] "GET / HTTP/1.1" 200 3274 "http://www.intim-art.ru/" "Mozilla/4.0 (compatible; MSIE 5.0; Windows 2000) Opera 6.0 [en]"
46.119.114.223 - - [27/Nov/2014:10:51:06 +0100] "GET / HTTP/1.1" 200 3274 "http://vprosmotre.ucoz.ru/" "Mozilla/4.0 (compatible; MSIE 5.0; Windows 2000) Opera 6.0 [en]"
46.119.114.223 - - [27/Nov/2014:10:51:07 +0100] "GET / HTTP/1.1" 200 3274 "http://jjbabskoe.ru/" "Mozilla/4.0 (compatible; MSIE 5.0; Windows 2000) Opera 6.0 [en]"
66.249.79.106 - - [27/Nov/2014:11:21:32 +0100] "GET / HTTP/1.1" 200 3274 "-" "Mozilla/5.0 (compatible; Googlebot/2.1; +http://www.google.com/bot.html)"
