199.58.86.209 - - [10/Nov/2014:10:28:23 +0100] "GET / HTTP/1.0" 200 3274 "-" "Mozilla/5.0 (compatible; MJ12bot/v1.4.5; http://www.majestic12.co.uk/bot.php?+)"
141.8.147.12 - - [10/Nov/2014:12:06:46 +0100] "GET / HTTP/1.1" 200 3274 "-" "Mozilla/5.0 (compatible; YandexBot/3.0; +http://yandex.com/bots)"
218.30.103.135 - - [10/Nov/2014:21:12:03 +0100] "GET / HTTP/1.1" 200 3274 "-" "Sogou web spider/4.0(+http://www.sogou.com/docs/help/webmasters.htm#07)"
218.30.103.135 - - [10/Nov/2014:21:12:19 +0100] "GET /robots.txt HTTP/1.1" 404 1256 "-" "Sogou web spider/4.0(+http://www.sogou.com/docs/help/webmasters.htm#07)"
66.249.78.44 - - [10/Nov/2014:22:51:29 +0100] "GET /robots.txt HTTP/1.1" 404 1256 "-" "Mozilla/5.0 (compatible; Googlebot/2.1; +http://www.google.com/bot.html)"
66.249.78.44 - - [10/Nov/2014:22:51:29 +0100] "GET / HTTP/1.1" 200 3274 "-" "Mozilla/5.0 (iPhone; CPU iPhone OS 6_0 like Mac OS X) AppleWebKit/536.26 (KHTML, like Gecko) Version/6.0 Mobile/10A5376e Safari/8536.25 (compatible; Googlebot/2.1; +http://www.google.com/bot.html)"
157.55.39.219 - - [10/Nov/2014:23:12:34 +0100] "GET /index.html HTTP/1.1" 304 - "-" "Mozilla/5.0 (compatible; bingbot/2.0; +http://www.bing.com/bingbot.htm)"
66.249.78.58 - - [11/Nov/2014:00:25:10 +0100] "GET /css/bootstrap.min.css HTTP/1.1" 200 101265 "-" "Mozilla/5.0 (compatible; Googlebot/2.1; +http://www.google.com/bot.html)"
66.249.78.51 - - [11/Nov/2014:01:17:00 +0100] "GET /css/bootstrap-responsive.min.css HTTP/1.1" 200 16520 "-" "Mozilla/5.0 (compatible; Googlebot/2.1; +http://www.google.com/bot.html)"
66.249.78.58 - - [11/Nov/2014:01:26:00 +0100] "GET /js/bootstrap.min.js HTTP/1.1" 200 25764 "-" "Mozilla/5.0 (compatible; Googlebot/2.1; +http://www.google.com/bot.html)"
66.249.78.51 - - [11/Nov/2014:05:09:40 +0100] "GET / HTTP/1.1" 200 3274 "-" "Mozilla/5.0 (compatible; Googlebot/2.1; +http://www.google.com/bot.html)"
157.55.39.240 - - [11/Nov/2014:06:04:19 +0100] "GET / HTTP/1.1" 200 3274 "-" "Mozilla/5.0 (compatible; bingbot/2.0; +http://www.bing.com/bingbot.htm)"
188.165.15.223 - - [11/Nov/2014:06:06:31 +0100] "GET /index.html HTTP/1.1" 200 3274 "-" "Mozilla/5.0 (compatible; AhrefsBot/5.0; +http://ahrefs.com/robot/)"
85.25.202.18 - - [11/Nov/2014:09:15:31 +0100] "GET / HTTP/1.1" 200 3274 "http://www.sumaja.de/?such_wert=dialyse" "Mozilla/4.0 (compatible; MSIE 8.0; Windows NT 6.0; Trident/4.0; GTB0.0; SLCC1; .NET CLR 2.0.50727; Media Center PC 5.0; .NET CLR 3.5.30729; .NET CLR 3.0.30729; .NET4.0C)"
66.249.78.44 - - [11/Nov/2014:10:20:31 +0100] "GET / HTTP/1.1" 200 3274 "-" "Mozilla/5.0 (compatible; Googlebot/2.1; +http://www.google.com/bot.html)"
141.8.147.12 - - [11/Nov/2014:11:38:35 +0100] "GET /robots.txt HTTP/1.1" 404 1256 "-" "Mozilla/5.0 (compatible; YandexBot/3.0; +http://yandex.com/bots)"
141.8.147.12 - - [11/Nov/2014:11:38:37 +0100] "GET / HTTP/1.1" 200 3274 "-" "Mozilla/5.0 (compatible; YandexBot/3.0; +http://yandex.com/bots)"
217.87.109.153 - - [11/Nov/2014:18:30:07 +0100] "GET / HTTP/1.1" 200 3274 "-" "Mozilla/5.0 (iPad; CPU OS 7_1_1 like Mac OS X) AppleWebKit/537.51.2 (KHTML, like Gecko) Version/7.0 Mobile/11D201 Safari/9537.53"
217.87.109.153 - - [11/Nov/2014:18:30:07 +0100] "GET /css/bootstrap-responsive.min.css HTTP/1.1" 200 16520 "http://www.dialyse-falkensee.de/" "Mozilla/5.0 (iPad; CPU OS 7_1_1 like Mac OS X) AppleWebKit/537.51.2 (KHTML, like Gecko) Version/7.0 Mobile/11D201 Safari/9537.53"
217.87.109.153 - - [11/Nov/2014:18:30:07 +0100] "GET /css/bootstrap.min.css HTTP/1.1" 200 101265 "http://www.dialyse-falkensee.de/" "Mozilla/5.0 (iPad; CPU OS 7_1_1 like Mac OS X) AppleWebKit/537.51.2 (KHTML, like Gecko) Version/7.0 Mobile/11D201 Safari/9537.53"
217.87.109.153 - - [11/Nov/2014:18:30:08 +0100] "GET /js/bootstrap.min.js HTTP/1.1" 200 25764 "http://www.dialyse-falkensee.de/" "Mozilla/5.0 (iPad; CPU OS 7_1_1 like Mac OS X) AppleWebKit/537.51.2 (KHTML, like Gecko) Version/7.0 Mobile/11D201 Safari/9537.53"
64.246.165.150 - - [11/Nov/2014:23:01:38 +0100] "GET /robots.txt HTTP/1.0" 404 1256 "-" "Mozilla/5.0 (Windows; U; Windows NT 5.1; en; rv:1.9.0.13) Gecko/2009073022 Firefox/3.5.2 (.NET CLR 3.5.30729) SurveyBot/2.3 (DomainTools)"
64.246.165.150 - - [11/Nov/2014:23:01:38 +0100] "GET / HTTP/1.1" 200 3274 "http://whois.domaintools.com/dialyse-falkensee.de" "Mozilla/5.0 (Windows; U; Windows NT 5.1; en; rv:1.9.0.13) Gecko/2009073022 Firefox/3.5.2 (.NET CLR 3.5.30729) SurveyBot/2.3 (DomainTools)"
91.64.189.156 - - [12/Nov/2014:00:50:47 +0100] "GET / HTTP/1.1" 200 3274 "http://www.google.com/" "Mozilla/5.0 (Linux; U; Android 4.3; de-de; GT-I9300 Build/JSS15J) AppleWebKit/534.30 (KHTML, like Gecko) Version/4.0 Mobile Safari/534.30"
91.64.189.156 - - [12/Nov/2014:00:50:48 +0100] "GET /css/bootstrap-responsive.min.css HTTP/1.1" 200 16520 "http://www.dialyse-falkensee.de/" "Mozilla/5.0 (Linux; U; Android 4.3; de-de; GT-I9300 Build/JSS15J) AppleWebKit/534.30 (KHTML, like Gecko) Version/4.0 Mobile Safari/534.30"
91.64.189.156 - - [12/Nov/2014:00:50:48 +0100] "GET /js/bootstrap.min.js HTTP/1.1" 200 25764 "http://www.dialyse-falkensee.de/" "Mozilla/5.0 (Linux; U; Android 4.3; de-de; GT-I9300 Build/JSS15J) AppleWebKit/534.30 (KHTML, like Gecko) Version/4.0 Mobile Safari/534.30"
91.64.189.156 - - [12/Nov/2014:00:50:48 +0100] "GET /css/bootstrap.min.css HTTP/1.1" 200 101265 "http://www.dialyse-falkensee.de/" "Mozilla/5.0 (Linux; U; Android 4.3; de-de; GT-I9300 Build/JSS15J) AppleWebKit/534.30 (KHTML, like Gecko) Version/4.0 Mobile Safari/534.30"
91.64.189.156 - - [12/Nov/2014:00:50:48 +0100] "GET /img/glyphicons-halflings.png HTTP/1.1" 200 12799 "http://www.dialyse-falkensee.de/" "Mozilla/5.0 (Linux; U; Android 4.3; de-de; GT-I9300 Build/JSS15J) AppleWebKit/534.30 (KHTML, like Gecko) Version/4.0 Mobile Safari/534.30"
91.64.189.156 - - [12/Nov/2014:00:50:49 +0100] "GET /ico/favicon.ico HTTP/1.1" 404 1256 "http://www.dialyse-falkensee.de/" "Mozilla/5.0 (Linux; U; Android 4.3; de-de; GT-I9300 Build/JSS15J) AppleWebKit/534.30 (KHTML, like Gecko) Version/4.0 Mobile Safari/534.30"
66.249.67.3 - - [12/Nov/2014:04:44:59 +0100] "GET /robots.txt HTTP/1.1" 404 1256 "-" "Mozilla/5.0 (compatible; Googlebot/2.1; +http://www.google.com/bot.html)"
66.249.67.154 - - [12/Nov/2014:04:44:59 +0100] "GET / HTTP/1.1" 200 3274 "-" "Mozilla/5.0 (compatible; Googlebot/2.1; +http://www.google.com/bot.html)"
157.55.39.157 - - [12/Nov/2014:07:49:17 +0100] "GET /robots.txt HTTP/1.1" 404 1256 "-" "Mozilla/5.0 (compatible; bingbot/2.0; +http://www.bing.com/bingbot.htm)"
157.55.39.157 - - [12/Nov/2014:07:53:25 +0100] "GET /home.htm HTTP/1.1" 404 1256 "-" "Mozilla/5.0 (compatible; bingbot/2.0; +http://www.bing.com/bingbot.htm)"
37.59.55.128 - - [12/Nov/2014:09:11:54 +0100] "GET /robots.txt HTTP/1.1" 404 1256 "-" "Mozilla/5.0 (compatible; fr-crawler/1.1)"
37.59.55.128 - - [12/Nov/2014:09:11:55 +0100] "GET / HTTP/1.1" 206 3274 "-" "Mozilla/5.0 (compatible; fr-crawler/1.1)"
117.78.13.18 - - [12/Nov/2014:13:19:46 +0100] "GET /robots.txt HTTP/1.0" 404 1256 "-" "nutch-1.4/Nutch-1.4"
117.78.13.18 - - [12/Nov/2014:13:19:47 +0100] "GET / HTTP/1.0" 200 3274 "-" "nutch-1.4/Nutch-1.4"
157.55.39.74 - - [12/Nov/2014:13:33:44 +0100] "GET / HTTP/1.1" 200 3274 "-" "Mozilla/5.0 (compatible; bingbot/2.0; +http://www.bing.com/bingbot.htm)"
157.55.39.230 - - [12/Nov/2014:13:33:50 +0100] "GET /robots.txt HTTP/1.1" 404 1256 "-" "Mozilla/5.0 (compatible; bingbot/2.0; +http://www.bing.com/bingbot.htm)"
157.55.39.230 - - [12/Nov/2014:13:33:51 +0100] "GET /robots.txt HTTP/1.1" 404 1256 "-" "Mozilla/5.0 (compatible; bingbot/2.0; +http://www.bing.com/bingbot.htm)"
157.55.39.230 - - [12/Nov/2014:13:33:51 +0100] "GET /robots.txt HTTP/1.1" 404 1256 "-" "Mozilla/5.0 (compatible; bingbot/2.0; +http://www.bing.com/bingbot.htm)"
157.55.39.230 - - [12/Nov/2014:13:33:52 +0100] "GET /css/bootstrap.min.css HTTP/1.1" 200 101265 "-" "Mozilla/5.0 (compatible; bingbot/2.0; +http://www.bing.com/bingbot.htm)"
207.46.13.96 - - [12/Nov/2014:13:33:55 +0100] "GET /js/bootstrap.min.js HTTP/1.1" 200 25764 "-" "Mozilla/5.0 (compatible; bingbot/2.0; +http://www.bing.com/bingbot.htm)"
157.55.39.74 - - [12/Nov/2014:13:34:40 +0100] "GET /css/bootstrap-responsive.min.css HTTP/1.1" 200 16520 "-" "Mozilla/5.0 (compatible; bingbot/2.0; +http://www.bing.com/bingbot.htm)"
157.55.39.74 - - [12/Nov/2014:13:59:21 +0100] "GET / HTTP/1.1" 200 3274 "-" "Mozilla/5.0 (compatible; bingbot/2.0; +http://www.bing.com/bingbot.htm)"
82.80.249.158 - - [12/Nov/2014:15:23:35 +0100] "GET / HTTP/1.1" 200 3274 "-" "Mozilla/5.0 (X11; Linux x86_64) AppleWebKit/537.36 (KHTML, like Gecko) Chrome/31.0.1650.57 Safari/537.36"
82.80.249.158 - - [12/Nov/2014:15:23:44 +0100] "GET /css/bootstrap-responsive.min.css HTTP/1.1" 200 16520 "http://www.dialyse-falkensee.de/" "Mozilla/5.0 (Windows NT 6.1; rv:25.0) Gecko/20100101 Firefox/25.0"
82.80.249.158 - - [12/Nov/2014:15:23:44 +0100] "GET /css/bootstrap.min.css HTTP/1.1" 200 101265 "http://www.dialyse-falkensee.de/" "Mozilla/5.0 (Windows NT 6.2; WOW64; rv:26.0) Gecko/20100101 Firefox/26.0"
82.80.249.164 - - [12/Nov/2014:15:49:02 +0100] "GET /img/glyphicons-halflings-white.png HTTP/1.1" 200 8777 "-" "Mozilla/5.0 (compatible; MSIE 9.0; Windows NT 6.1; WOW64; Trident/5.0)"
192.114.71.13 - - [12/Nov/2014:15:49:06 +0100] "GET /img/glyphicons-halflings.png HTTP/1.1" 200 12799 "-" "Mozilla/5.0 (Windows NT 6.1) AppleWebKit/537.36 (KHTML, like Gecko) Chrome/32.0.1700.72 Safari/537.36"
119.63.196.40 - - [12/Nov/2014:17:27:32 +0100] "GET / HTTP/1.1" 200 3274 "-" "Mozilla/5.0 (compatible; Baiduspider/2.0; +http://www.baidu.com/search/spider.html)"
66.249.78.58 - - [12/Nov/2014:21:30:51 +0100] "GET /robots.txt HTTP/1.1" 404 1256 "-" "Mozilla/5.0 (compatible; Googlebot/2.1; +http://www.google.com/bot.html)"
66.249.78.51 - - [12/Nov/2014:21:30:51 +0100] "GET / HTTP/1.1" 200 3274 "-" "Mozilla/5.0 (iPhone; CPU iPhone OS 6_0 like Mac OS X) AppleWebKit/536.26 (KHTML, like Gecko) Version/6.0 Mobile/10A5376e Safari/8536.25 (compatible; Googlebot/2.1; +http://www.google.com/bot.html)"
141.8.147.12 - - [13/Nov/2014:00:57:25 +0100] "GET /robots.txt HTTP/1.1" 404 1256 "-" "Mozilla/5.0 (compatible; YandexBot/3.0; +http://yandex.com/bots)"
141.8.147.12 - - [13/Nov/2014:01:45:51 +0100] "GET / HTTP/1.1" 200 3274 "-" "Mozilla/5.0 (compatible; YandexBot/3.0; +http://yandex.com/bots)"
66.249.78.51 - - [13/Nov/2014:01:53:11 +0100] "GET / HTTP/1.1" 304 - "-" "Mozilla/5.0 (compatible; Googlebot/2.1; +http://www.google.com/bot.html)"
178.255.215.76 - - [13/Nov/2014:05:45:42 +0100] "GET /robots.txt HTTP/1.1" 404 1256 "-" "Mozilla/5.0 (compatible; Exabot/3.0; +http://www.exabot.com/go/robot)"
178.255.215.76 - - [13/Nov/2014:05:45:42 +0100] "GET / HTTP/1.1" 304 - "-" "Mozilla/5.0 (compatible; Exabot/3.0; +http://www.exabot.com/go/robot)"
66.249.78.44 - - [13/Nov/2014:06:52:19 +0100] "GET / HTTP/1.1" 304 - "-" "Mozilla/5.0 (compatible; Googlebot/2.1; +http://www.google.com/bot.html)"
192.99.107.172 - - [13/Nov/2014:11:32:56 +0100] "GET /robots.txt HTTP/1.1" 404 1256 "-" "Mozilla/5.0 (compatible; meanpathbot/1.0; +http://www.meanpath.com/meanpathbot.html)"
192.99.107.172 - - [13/Nov/2014:11:32:57 +0100] "GET / HTTP/1.1" 200 3274 "-" "Mozilla/5.0 (compatible; meanpathbot/1.0; +http://www.meanpath.com/meanpathbot.html)"
195.50.155.96 - - [13/Nov/2014:11:52:51 +0100] "GET / HTTP/1.1" 200 3274 "http://www.bing.com/search?q=nephrologe+falkensee&src=IE-SearchBox&Form=IE8SRC" "Mozilla/4.0 (compatible; MSIE 8.0; Windows NT 5.2; WOW64; Trident/4.0; .NET CLR 2.0.50727; .NET CLR 3.0.04506.30; .NET CLR 3.0.4506.2152; .NET CLR 3.5.30729)"
195.50.155.96 - - [13/Nov/2014:11:52:51 +0100] "GET /css/bootstrap-responsive.min.css HTTP/1.1" 200 16520 "http://www.dialyse-falkensee.de/" "Mozilla/4.0 (compatible; MSIE 8.0; Windows NT 5.2; WOW64; Trident/4.0; .NET CLR 2.0.50727; .NET CLR 3.0.04506.30; .NET CLR 3.0.4506.2152; .NET CLR 3.5.30729)"
195.50.155.96 - - [13/Nov/2014:11:52:51 +0100] "GET /css/bootstrap.min.css HTTP/1.1" 200 101265 "http://www.dialyse-falkensee.de/" "Mozilla/4.0 (compatible; MSIE 8.0; Windows NT 5.2; WOW64; Trident/4.0; .NET CLR 2.0.50727; .NET CLR 3.0.04506.30; .NET CLR 3.0.4506.2152; .NET CLR 3.5.30729)"
195.50.155.96 - - [13/Nov/2014:11:52:52 +0100] "GET /img/glyphicons-halflings.png HTTP/1.1" 200 12799 "http://www.dialyse-falkensee.de/" "Mozilla/4.0 (compatible; MSIE 8.0; Windows NT 5.2; WOW64; Trident/4.0; .NET CLR 2.0.50727; .NET CLR 3.0.04506.30; .NET CLR 3.0.4506.2152; .NET CLR 3.5.30729)"
195.50.155.96 - - [13/Nov/2014:11:52:52 +0100] "GET /js/bootstrap.min.js HTTP/1.1" 200 25764 "http://www.dialyse-falkensee.de/" "Mozilla/4.0 (compatible; MSIE 8.0; Windows NT 5.2; WOW64; Trident/4.0; .NET CLR 2.0.50727; .NET CLR 3.0.04506.30; .NET CLR 3.0.4506.2152; .NET CLR 3.5.30729)"
195.50.155.96 - - [13/Nov/2014:11:52:53 +0100] "GET /ico/favicon.ico HTTP/1.1" 404 1256 "-" "Mozilla/4.0 (compatible; MSIE 8.0; Windows NT 5.2; WOW64; Trident/4.0; .NET CLR 2.0.50727; .NET CLR 3.0.04506.30; .NET CLR 3.0.4506.2152; .NET CLR 3.5.30729)"
195.50.155.96 - - [13/Nov/2014:11:53:44 +0100] "GET / HTTP/1.1" 304 - "-" "Mozilla/4.0 (compatible; MSIE 8.0; Windows NT 5.2; WOW64; Trident/4.0; .NET CLR 2.0.50727; .NET CLR 3.0.04506.30; .NET CLR 3.0.4506.2152; .NET CLR 3.5.30729)"
195.50.155.96 - - [13/Nov/2014:11:53:44 +0100] "GET /js/bootstrap.min.js HTTP/1.1" 304 - "http://www.dialyse-falkensee.de/" "Mozilla/4.0 (compatible; MSIE 8.0; Windows NT 5.2; WOW64; Trident/4.0; .NET CLR 2.0.50727; .NET CLR 3.0.04506.30; .NET CLR 3.0.4506.2152; .NET CLR 3.5.30729)"
195.50.155.96 - - [13/Nov/2014:11:53:44 +0100] "GET /css/bootstrap.min.css HTTP/1.1" 304 - "http://www.dialyse-falkensee.de/" "Mozilla/4.0 (compatible; MSIE 8.0; Windows NT 5.2; WOW64; Trident/4.0; .NET CLR 2.0.50727; .NET CLR 3.0.04506.30; .NET CLR 3.0.4506.2152; .NET CLR 3.5.30729)"
195.50.155.96 - - [13/Nov/2014:11:53:44 +0100] "GET /css/bootstrap-responsive.min.css HTTP/1.1" 304 - "http://www.dialyse-falkensee.de/" "Mozilla/4.0 (compatible; MSIE 8.0; Windows NT 5.2; WOW64; Trident/4.0; .NET CLR 2.0.50727; .NET CLR 3.0.04506.30; .NET CLR 3.0.4506.2152; .NET CLR 3.5.30729)"
195.50.155.96 - - [13/Nov/2014:11:53:44 +0100] "GET /img/glyphicons-halflings.png HTTP/1.1" 304 - "http://www.dialyse-falkensee.de/" "Mozilla/4.0 (compatible; MSIE 8.0; Windows NT 5.2; WOW64; Trident/4.0; .NET CLR 2.0.50727; .NET CLR 3.0.04506.30; .NET CLR 3.0.4506.2152; .NET CLR 3.5.30729)"
195.50.155.96 - - [13/Nov/2014:11:53:44 +0100] "GET /js/bootstrap.min.js HTTP/1.1" 304 - "http://www.dialyse-falkensee.de/" "Mozilla/4.0 (compatible; MSIE 8.0; Windows NT 5.2; WOW64; Trident/4.0; .NET CLR 2.0.50727; .NET CLR 3.0.04506.30; .NET CLR 3.0.4506.2152; .NET CLR 3.5.30729)"
195.50.155.96 - - [13/Nov/2014:11:53:44 +0100] "GET /ico/favicon.ico HTTP/1.1" 404 1256 "-" "Mozilla/4.0 (compatible; MSIE 8.0; Windows NT 5.2; WOW64; Trident/4.0; .NET CLR 2.0.50727; .NET CLR 3.0.04506.30; .NET CLR 3.0.4506.2152; .NET CLR 3.5.30729)"
66.249.78.58 - - [13/Nov/2014:13:32:24 +0100] "GET /robots.txt HTTP/1.1" 404 1256 "-" "Mozilla/5.0 (compatible; Googlebot/2.1; +http://www.google.com/bot.html)"
66.249.78.44 - - [13/Nov/2014:13:32:24 +0100] "GET / HTTP/1.1" 304 - "-" "Mozilla/5.0 (compatible; Googlebot/2.1; +http://www.google.com/bot.html)"
157.55.39.74 - - [13/Nov/2014:19:05:20 +0100] "GET /robots.txt HTTP/1.1" 404 1256 "-" "Mozilla/5.0 (compatible; bingbot/2.0; +http://www.bing.com/bingbot.htm)"
157.55.39.74 - - [13/Nov/2014:19:05:27 +0100] "GET / HTTP/1.1" 200 3274 "-" "Mozilla/5.0 (compatible; bingbot/2.0; +http://www.bing.com/bingbot.htm)"
176.196.106.176 - - [14/Nov/2014:07:32:08 +0100] "GET / HTTP/1.0" 200 3274 "http://www.dialyse-falkensee.de/" "Mozilla/4.0 (compatible; MSIE 6.0; Windows 98; Win 9x 4.90)"
178.62.247.171 - - [14/Nov/2014:08:29:59 +0100] "GET / HTTP/1.0" 200 3274 "-" "Mozilla/5.0 (Windows NT 6.1; WOW64; rv:18.0) Gecko/20100101 Firefox/18.0"
54.217.78.46 - - [14/Nov/2014:09:46:41 +0100] "GET / HTTP/1.1" 200 3274 "-" "Mozilla/5.0 (compatible; Googlebot/2.1; +http://www.google.com/bot.html)"
66.249.78.44 - - [14/Nov/2014:12:14:43 +0100] "GET /robots.txt HTTP/1.1" 404 1256 "-" "Mozilla/5.0 (compatible; Googlebot/2.1; +http://www.google.com/bot.html)"
66.249.78.44 - - [14/Nov/2014:12:14:43 +0100] "GET / HTTP/1.1" 200 3274 "-" "Mozilla/5.0 (iPhone; CPU iPhone OS 6_0 like Mac OS X) AppleWebKit/536.26 (KHTML, like Gecko) Version/6.0 Mobile/10A5376e Safari/8536.25 (compatible; Googlebot/2.1; +http://www.google.com/bot.html)"
66.249.78.58 - - [14/Nov/2014:12:20:44 +0100] "GET /css/bootstrap-responsive.min.css HTTP/1.1" 200 16520 "-" "Mozilla/5.0 (compatible; Googlebot/2.1; +http://www.google.com/bot.html)"
66.249.78.44 - - [14/Nov/2014:12:20:45 +0100] "GET /css/bootstrap.min.css HTTP/1.1" 200 101265 "-" "Mozilla/5.0 (compatible; Googlebot/2.1; +http://www.google.com/bot.html)"
119.63.196.84 - - [14/Nov/2014:17:28:13 +0100] "GET / HTTP/1.1" 200 3274 "-" "Mozilla/5.0 (compatible; Baiduspider/2.0; +http://www.baidu.com/search/spider.html)"
211.244.83.248 - - [14/Nov/2014:17:30:38 +0100] "GET /robots.txt HTTP/1.1" 404 1256 "http://search.daum.net/" "Mozilla/5.0 (compatible; MSIE or Firefox mutant; not on Windows server; + http://tab.search.daum.net/aboutWebSearch.html) Daumoa/3.0"
211.244.83.248 - - [14/Nov/2014:17:30:40 +0100] "GET / HTTP/1.1" 200 3274 "http://search.daum.net/" "Mozilla/5.0 (compatible; MSIE or Firefox mutant; not on Windows server; + http://tab.search.daum.net/aboutWebSearch.html) Daumoa/3.0"
157.55.39.74 - - [14/Nov/2014:20:37:46 +0100] "GET /robots.txt HTTP/1.1" 404 1256 "-" "Mozilla/5.0 (compatible; bingbot/2.0; +http://www.bing.com/bingbot.htm)"
157.55.39.74 - - [14/Nov/2014:20:39:49 +0100] "GET / HTTP/1.1" 200 3274 "-" "Mozilla/5.0 (compatible; bingbot/2.0; +http://www.bing.com/bingbot.htm)"
217.251.209.193 - - [14/Nov/2014:21:40:35 +0100] "GET / HTTP/1.1" 200 3274 "http://m.bigfinder.de/?c=ws&q=web&v=1" "T-Online Browser (Windows NT 6.1; de)"
66.249.78.44 - - [14/Nov/2014:22:59:06 +0100] "GET / HTTP/1.1" 200 3274 "-" "SAMSUNG-SGH-E250/1.0 Profile/MIDP-2.0 Configuration/CLDC-1.1 UP.Browser/6.2.3.3.c.1.101 (GUI) MMP/2.0 (compatible; Googlebot-Mobile/2.1; +http://www.google.com/bot.html)"
148.251.78.167 - - [15/Nov/2014:03:05:11 +0100] "GET / HTTP/1.1" 200 3274 "http://www.abcd4.de/link.php" "Mozilla/5.0 (compatible; MSIE 9.0; Windows NT 6.0; Trident/5.0; Trident/5.0)"
148.251.78.167 - - [15/Nov/2014:03:05:11 +0100] "GET /css/bootstrap-responsive.min.css HTTP/1.1" 200 16520 "http://www.abcd4.de/link.php" "Mozilla/5.0 (compatible; MSIE 9.0; Windows NT 6.0; Trident/5.0; Trident/5.0)"
148.251.78.167 - - [15/Nov/2014:03:05:11 +0100] "GET /js/bootstrap.min.js HTTP/1.1" 200 25764 "http://www.abcd4.de/link.php" "Mozilla/5.0 (compatible; MSIE 9.0; Windows NT 6.0; Trident/5.0; Trident/5.0)"
148.251.78.167 - - [15/Nov/2014:03:05:11 +0100] "GET /css/bootstrap.min.css HTTP/1.1" 200 101265 "http://www.abcd4.de/link.php" "Mozilla/5.0 (compatible; MSIE 9.0; Windows NT 6.0; Trident/5.0; Trident/5.0)"
148.251.78.167 - - [15/Nov/2014:03:05:11 +0100] "GET /img/glyphicons-halflings.png HTTP/1.1" 200 12799 "http://www.abcd4.de/link.php" "Mozilla/5.0 (compatible; MSIE 9.0; Windows NT 6.0; Trident/5.0; Trident/5.0)"
141.8.147.12 - - [15/Nov/2014:04:15:57 +0100] "GET /robots.txt HTTP/1.1" 404 1256 "-" "Mozilla/5.0 (compatible; YandexBot/3.0; +http://yandex.com/bots)"
141.8.147.12 - - [15/Nov/2014:04:36:22 +0100] "GET / HTTP/1.1" 200 3274 "-" "Mozilla/5.0 (compatible; YandexBot/3.0; +http://yandex.com/bots)"
157.55.39.74 - - [15/Nov/2014:17:12:04 +0100] "GET /robots.txt HTTP/1.1" 404 1256 "-" "Mozilla/5.0 (compatible; bingbot/2.0; +http://www.bing.com/bingbot.htm)"
157.55.39.74 - - [15/Nov/2014:17:12:16 +0100] "GET / HTTP/1.1" 200 3274 "-" "Mozilla/5.0 (compatible; bingbot/2.0; +http://www.bing.com/bingbot.htm)"
157.55.39.74 - - [15/Nov/2014:21:12:12 +0100] "GET / HTTP/1.1" 200 3274 "-" "Mozilla/5.0 (compatible; bingbot/2.0; +http://www.bing.com/bingbot.htm)"
130.185.109.239 - - [15/Nov/2014:23:37:14 +0100] "GET /robots.txt HTTP/1.1" 404 1256 "-" "PagesInventory (robot http://www.pagesinventory.com)"
130.185.109.239 - - [15/Nov/2014:23:37:14 +0100] "GET / HTTP/1.1" 200 3274 "-" "PagesInventory (robot +http://www.pagesinventory.com)"
72.46.136.178 - - [16/Nov/2014:03:39:04 +0100] "GET / HTTP/1.1" 200 3274 "-" "Mozilla/4.0 (compatible; MSIE 6.0; Windows NT 5.1)"
157.55.39.72 - - [16/Nov/2014:17:53:44 +0100] "GET / HTTP/1.1" 200 3274 "-" "Mozilla/5.0 (compatible; bingbot/2.0; +http://www.bing.com/bingbot.htm)"
188.165.15.195 - - [16/Nov/2014:23:23:38 +0100] "GET /robots.txt HTTP/1.1" 404 1256 "-" "Mozilla/5.0 (compatible; AhrefsBot/5.0; +http://ahrefs.com/robot/)"
141.8.147.12 - - [17/Nov/2014:01:47:41 +0100] "GET /robots.txt HTTP/1.1" 404 1256 "-" "Mozilla/5.0 (compatible; YandexBot/3.0; +http://yandex.com/bots)"
141.8.147.12 - - [17/Nov/2014:02:06:41 +0100] "GET / HTTP/1.1" 200 3274 "-" "Mozilla/5.0 (compatible; YandexBot/3.0; +http://yandex.com/bots)"
192.99.107.82 - - [17/Nov/2014:02:44:39 +0100] "GET /robots.txt HTTP/1.1" 404 1256 "-" "Mozilla/5.0 (compatible; meanpathbot/1.0; +http://www.meanpath.com/meanpathbot.html)"
192.99.107.82 - - [17/Nov/2014:02:44:40 +0100] "GET / HTTP/1.1" 200 3274 "-" "Mozilla/5.0 (compatible; meanpathbot/1.0; +http://www.meanpath.com/meanpathbot.html)"
198.245.51.49 - - [17/Nov/2014:08:19:28 +0100] "GET / HTTP/1.1" 200 3274 "-" "Mozilla/5.0"
198.245.51.49 - - [17/Nov/2014:08:19:28 +0100] "GET /css/bootstrap-responsive.min.css HTTP/1.1" 200 16520 "http://www.dialyse-falkensee.de/" "Mozilla/5.0"
198.245.51.49 - - [17/Nov/2014:08:19:28 +0100] "GET /js/bootstrap.min.js HTTP/1.1" 200 25764 "http://www.dialyse-falkensee.de/" "Mozilla/5.0"
198.245.51.49 - - [17/Nov/2014:08:19:28 +0100] "GET /css/bootstrap.min.css HTTP/1.1" 200 101265 "http://www.dialyse-falkensee.de/" "Mozilla/5.0"
93.219.204.190 - - [17/Nov/2014:09:25:47 +0100] "GET / HTTP/1.1" 200 3274 "http://www.google.de/url?sa=t&rct=j&q=&esrc=s&source=web&cd=2&ved=0CCkQFjAB&url=http%3A%2F%2Fwww.dialyse-falkensee.de%2F&ei=b7BpVJOcFoHuPP7RgZAB&usg=AFQjCNECgXXq-DVOeCPbM1zyqacv9mR2gg&bvm=bv.79142246,d.ZWU" "Mozilla/5.0 (Windows NT 6.1; WOW64; rv:33.0) Gecko/20100101 Firefox/33.0"
93.219.204.190 - - [17/Nov/2014:09:25:47 +0100] "GET /css/bootstrap-responsive.min.css HTTP/1.1" 200 16520 "http://www.dialyse-falkensee.de/" "Mozilla/5.0 (Windows NT 6.1; WOW64; rv:33.0) Gecko/20100101 Firefox/33.0"
93.219.204.190 - - [17/Nov/2014:09:25:47 +0100] "GET /ico/favicon.ico HTTP/1.1" 404 1256 "-" "Mozilla/5.0 (Windows NT 6.1; WOW64; rv:33.0) Gecko/20100101 Firefox/33.0"
93.219.204.190 - - [17/Nov/2014:09:25:47 +0100] "GET /ico/favicon.ico HTTP/1.1" 404 1256 "-" "Mozilla/5.0 (Windows NT 6.1; WOW64; rv:33.0) Gecko/20100101 Firefox/33.0"
93.219.204.190 - - [17/Nov/2014:09:25:47 +0100] "GET /css/bootstrap.min.css HTTP/1.1" 200 101265 "http://www.dialyse-falkensee.de/" "Mozilla/5.0 (Windows NT 6.1; WOW64; rv:33.0) Gecko/20100101 Firefox/33.0"
93.219.204.190 - - [17/Nov/2014:09:25:47 +0100] "GET /js/bootstrap.min.js HTTP/1.1" 200 25764 "http://www.dialyse-falkensee.de/" "Mozilla/5.0 (Windows NT 6.1; WOW64; rv:33.0) Gecko/20100101 Firefox/33.0"
93.219.204.190 - - [17/Nov/2014:09:25:47 +0100] "GET /ico/favicon.ico HTTP/1.1" 404 1256 "-" "Mozilla/5.0 (Windows NT 6.1; WOW64; rv:33.0) Gecko/20100101 Firefox/33.0"
77.75.77.11 - - [17/Nov/2014:12:35:18 +0100] "GET /robots.txt HTTP/1.1" 404 1256 "-" "Mozilla/5.0 (compatible; SeznamBot/3.2; +http://fulltext.sblog.cz/)"
77.75.77.11 - - [17/Nov/2014:12:35:18 +0100] "GET / HTTP/1.1" 200 3274 "-" "Mozilla/5.0 (compatible; SeznamBot/3.2; +http://fulltext.sblog.cz/)"
66.155.8.225 - - [17/Nov/2014:13:49:56 +0100] "GET / HTTP/1.1" 200 3274 "-" "Mozilla/5.0 (X11; Linux x86_64; rv:10.0.12) Gecko/20100101 Firefox/21.0 WordPress.com mShots"
66.155.8.225 - - [17/Nov/2014:13:49:56 +0100] "GET /css/bootstrap-responsive.min.css HTTP/1.1" 200 16520 "http://www.dialyse-falkensee.de/" "Mozilla/5.0 (X11; Linux x86_64; rv:10.0.12) Gecko/20100101 Firefox/21.0 WordPress.com mShots"
66.155.8.225 - - [17/Nov/2014:13:49:56 +0100] "GET /css/bootstrap.min.css HTTP/1.1" 200 101265 "http://www.dialyse-falkensee.de/" "Mozilla/5.0 (X11; Linux x86_64; rv:10.0.12) Gecko/20100101 Firefox/21.0 WordPress.com mShots"
66.155.8.225 - - [17/Nov/2014:13:49:57 +0100] "GET /js/bootstrap.min.js HTTP/1.1" 200 25764 "http://www.dialyse-falkensee.de/" "Mozilla/5.0 (X11; Linux x86_64; rv:10.0.12) Gecko/20100101 Firefox/21.0 WordPress.com mShots"
66.155.8.225 - - [17/Nov/2014:13:49:57 +0100] "GET /img/glyphicons-halflings.png HTTP/1.1" 200 12799 "http://www.dialyse-falkensee.de/" "Mozilla/5.0 (X11; Linux x86_64; rv:10.0.12) Gecko/20100101 Firefox/21.0 WordPress.com mShots"
46.165.197.142 - - [17/Nov/2014:15:42:33 +0100] "GET /robots.txt HTTP/1.0" 404 1256 "-" "Mozilla/5.0 (compatible; MJ12bot/v1.4.5; http://www.majestic12.co.uk/bot.php?+)"
46.165.197.142 - - [17/Nov/2014:15:42:35 +0100] "GET / HTTP/1.0" 200 3274 "-" "Mozilla/5.0 (compatible; MJ12bot/v1.4.5; http://www.majestic12.co.uk/bot.php?+)"
209.190.1.132 - - [17/Nov/2014:16:52:44 +0100] "GET / HTTP/1.1" 200 3274 "-" "Mozilla/5.0 (Windows NT 6.1; Win64; x64) KomodiaBot/1.0"
157.55.39.72 - - [17/Nov/2014:17:18:13 +0100] "GET / HTTP/1.1" 200 3274 "-" "Mozilla/5.0 (compatible; bingbot/2.0; +http://www.bing.com/bingbot.htm)"
208.115.113.83 - - [17/Nov/2014:19:18:41 +0100] "GET /robots.txt HTTP/1.1" 404 1256 "-" "Mozilla/5.0 (compatible; DotBot/1.1; http://www.opensiteexplorer.org/dotbot, help@moz.com)"
192.99.9.164 - - [17/Nov/2014:20:55:44 +0100] "GET / HTTP/1.1" 200 3274 "-" "Mozilla/5.0 (Macintosh; Intel Mac OS X 10_8_4) AppleWebKit/537.36 (KHTML, like Gecko) Chrome/27.0.1453.110 Safari/537.36"
208.115.113.83 - - [17/Nov/2014:21:06:56 +0100] "GET /index.html HTTP/1.1" 200 3274 "-" "Mozilla/5.0 (compatible; DotBot/1.1; http://www.opensiteexplorer.org/dotbot, help@moz.com)"
218.30.103.135 - - [17/Nov/2014:21:12:08 +0100] "GET / HTTP/1.1" 200 3274 "-" "Sogou web spider/4.0(+http://www.sogou.com/docs/help/webmasters.htm#07)"
218.30.103.135 - - [17/Nov/2014:21:12:20 +0100] "GET /robots.txt HTTP/1.1" 404 1256 "-" "Sogou web spider/4.0(+http://www.sogou.com/docs/help/webmasters.htm#07)"
66.249.78.44 - - [17/Nov/2014:23:44:25 +0100] "GET /robots.txt HTTP/1.1" 404 1256 "-" "Mozilla/5.0 (compatible; Googlebot/2.1; +http://www.google.com/bot.html)"
66.249.78.58 - - [17/Nov/2014:23:44:26 +0100] "GET / HTTP/1.1" 200 3274 "-" "Mozilla/5.0 (iPhone; CPU iPhone OS 6_0 like Mac OS X) AppleWebKit/536.26 (KHTML, like Gecko) Version/6.0 Mobile/10A5376e Safari/8536.25 (compatible; Googlebot/2.1; +http://www.google.com/bot.html)"
66.249.78.58 - - [18/Nov/2014:00:29:04 +0100] "GET /css/bootstrap-responsive.min.css HTTP/1.1" 200 16520 "-" "Mozilla/5.0 (compatible; Googlebot/2.1; +http://www.google.com/bot.html)"
66.249.78.44 - - [18/Nov/2014:01:07:29 +0100] "GET /css/bootstrap.min.css HTTP/1.1" 200 101265 "-" "Mozilla/5.0 (compatible; Googlebot/2.1; +http://www.google.com/bot.html)"
210.187.161.69 - - [18/Nov/2014:03:07:02 +0100] "GET / HTTP/1.1" 200 3274 "http://www.blnp.de/index.php?id=51" "Mozilla/4.0 (compatible; MSIE 7.0; Windows NT 6.1; WOW64; Trident/4.0; SLCC2; .NET CLR 2.0.50727; .NET CLR 3.5.30729; .NET CLR 3.0.30729; Media Center PC 6.0; InfoPath.3; AskTB5.6)"
66.249.64.82 - - [18/Nov/2014:05:13:31 +0100] "GET / HTTP/1.1" 200 3274 "-" "DoCoMo/2.0 N905i(c100;TB;W24H16) (compatible; Googlebot-Mobile/2.1; +http://www.google.com/bot.html)"
192.99.107.226 - - [18/Nov/2014:08:56:18 +0100] "GET /robots.txt HTTP/1.1" 404 1256 "-" "Mozilla/5.0 (compatible; meanpathbot/1.0; +http://www.meanpath.com/meanpathbot.html)"
192.99.107.226 - - [18/Nov/2014:08:56:18 +0100] "GET / HTTP/1.1" 200 3274 "-" "Mozilla/5.0 (compatible; meanpathbot/1.0; +http://www.meanpath.com/meanpathbot.html)"
141.8.147.12 - - [18/Nov/2014:10:41:03 +0100] "GET /robots.txt HTTP/1.1" 404 1256 "-" "Mozilla/5.0 (compatible; YandexBot/3.0; +http://yandex.com/bots)"
218.30.103.135 - - [18/Nov/2014:11:02:20 +0100] "GET /js/bootstrap.min.js HTTP/1.1" 200 25764 "-" "Sogou web spider/4.0(+http://www.sogou.com/docs/help/webmasters.htm#07)"
141.8.147.12 - - [18/Nov/2014:11:27:00 +0100] "GET / HTTP/1.1" 200 3274 "-" "Mozilla/5.0 (compatible; YandexBot/3.0; +http://yandex.com/bots)"
93.219.207.221 - - [18/Nov/2014:12:07:26 +0100] "GET / HTTP/1.1" 200 3274 "http://www.google.com/" "Mozilla/5.0 (Linux; Android 4.3; C5303 Build/12.1.A.1.205) AppleWebKit/537.36 (KHTML, like Gecko) Chrome/39.0.2171.59 Mobile Safari/537.36"
93.219.207.221 - - [18/Nov/2014:12:07:27 +0100] "GET /css/bootstrap-responsive.min.css HTTP/1.1" 200 16520 "http://www.google.com/" "Mozilla/5.0 (Linux; Android 4.3; C5303 Build/12.1.A.1.205) AppleWebKit/537.36 (KHTML, like Gecko) Chrome/39.0.2171.59 Mobile Safari/537.36"
93.219.207.221 - - [18/Nov/2014:12:07:27 +0100] "GET /js/bootstrap.min.js HTTP/1.1" 200 25764 "http://www.google.com/" "Mozilla/5.0 (Linux; Android 4.3; C5303 Build/12.1.A.1.205) AppleWebKit/537.36 (KHTML, like Gecko) Chrome/39.0.2171.59 Mobile Safari/537.36"
93.219.207.221 - - [18/Nov/2014:12:07:27 +0100] "GET /css/bootstrap.min.css HTTP/1.1" 200 101265 "http://www.google.com/" "Mozilla/5.0 (Linux; Android 4.3; C5303 Build/12.1.A.1.205) AppleWebKit/537.36 (KHTML, like Gecko) Chrome/39.0.2171.59 Mobile Safari/537.36"
93.219.207.221 - - [18/Nov/2014:12:07:27 +0100] "GET /img/glyphicons-halflings.png HTTP/1.1" 200 12799 "http://www.google.com/" "Mozilla/5.0 (Linux; Android 4.3; C5303 Build/12.1.A.1.205) AppleWebKit/537.36 (KHTML, like Gecko) Chrome/39.0.2171.59 Mobile Safari/537.36"
93.219.207.221 - - [18/Nov/2014:12:07:28 +0100] "GET /ico/favicon.ico HTTP/1.1" 404 1256 "http://www.google.com/" "Mozilla/5.0 (Linux; Android 4.3; C5303 Build/12.1.A.1.205) AppleWebKit/537.36 (KHTML, like Gecko) Chrome/39.0.2171.59 Mobile Safari/537.36"
80.153.175.91 - - [18/Nov/2014:14:44:45 +0100] "GET / HTTP/1.1" 200 3274 "http://www.bing.com/search?q=dialyse+falkensee&src=ie9tr" "Mozilla/5.0 (compatible; MSIE 9.0; Windows NT 6.1; WOW64; Trident/5.0)"
80.153.175.91 - - [18/Nov/2014:14:44:46 +0100] "GET /css/bootstrap-responsive.min.css HTTP/1.1" 200 16520 "http://www.dialyse-falkensee.de/" "Mozilla/5.0 (compatible; MSIE 9.0; Windows NT 6.1; WOW64; Trident/5.0)"
80.153.175.91 - - [18/Nov/2014:14:44:46 +0100] "GET /css/bootstrap.min.css HTTP/1.1" 200 101265 "http://www.dialyse-falkensee.de/" "Mozilla/5.0 (compatible; MSIE 9.0; Windows NT 6.1; WOW64; Trident/5.0)"
80.153.175.91 - - [18/Nov/2014:14:44:47 +0100] "GET /img/glyphicons-halflings.png HTTP/1.1" 200 12799 "http://www.dialyse-falkensee.de/" "Mozilla/5.0 (compatible; MSIE 9.0; Windows NT 6.1; WOW64; Trident/5.0)"
80.153.175.91 - - [18/Nov/2014:14:44:48 +0100] "GET /js/bootstrap.min.js HTTP/1.1" 200 25764 "http://www.dialyse-falkensee.de/" "Mozilla/5.0 (compatible; MSIE 9.0; Windows NT 6.1; WOW64; Trident/5.0)"
80.153.175.91 - - [18/Nov/2014:14:44:50 +0100] "GET /ico/favicon.ico HTTP/1.1" 404 1256 "-" "Mozilla/5.0 (compatible; MSIE 9.0; Windows NT 6.1; WOW64; Trident/5.0)"
72.46.136.178 - - [18/Nov/2014:18:34:27 +0100] "GET / HTTP/1.1" 200 3274 "-" "Mozilla/4.0 (compatible; MSIE 6.0; Windows NT 5.1)"
66.249.78.51 - - [18/Nov/2014:22:54:47 +0100] "GET /robots.txt HTTP/1.1" 404 1256 "-" "Mozilla/5.0 (compatible; Googlebot/2.1; +http://www.google.com/bot.html)"
66.249.64.86 - - [18/Nov/2014:22:54:48 +0100] "GET / HTTP/1.1" 200 3274 "-" "Mozilla/5.0 (compatible; Googlebot/2.1; +http://www.google.com/bot.html)"
157.55.39.72 - - [19/Nov/2014:00:09:18 +0100] "GET /robots.txt HTTP/1.1" 404 1256 "-" "Mozilla/5.0 (compatible; bingbot/2.0; +http://www.bing.com/bingbot.htm)"
157.55.39.72 - - [19/Nov/2014:00:09:22 +0100] "GET / HTTP/1.1" 200 3274 "-" "Mozilla/5.0 (compatible; bingbot/2.0; +http://www.bing.com/bingbot.htm)"
157.55.39.72 - - [19/Nov/2014:02:25:10 +0100] "GET / HTTP/1.1" 200 3274 "-" "Mozilla/5.0 (compatible; bingbot/2.0; +http://www.bing.com/bingbot.htm)"
117.78.13.18 - - [19/Nov/2014:10:12:03 +0100] "GET /robots.txt HTTP/1.0" 404 1256 "-" "nutch-1.4/Nutch-1.4"
117.78.13.18 - - [19/Nov/2014:10:12:04 +0100] "GET / HTTP/1.0" 200 3274 "-" "nutch-1.4/Nutch-1.4"
141.8.147.12 - - [19/Nov/2014:13:24:16 +0100] "GET /robots.txt HTTP/1.1" 404 1256 "-" "Mozilla/5.0 (compatible; YandexBot/3.0; +http://yandex.com/bots)"
217.69.133.222 - - [19/Nov/2014:15:00:28 +0100] "GET /robots.txt HTTP/1.1" 404 1256 "-" "Mozilla/5.0 (compatible; Linux x86_64; Mail.RU_Bot/2.0; +http://go.mail.ru/help/robots)"
217.69.133.224 - - [19/Nov/2014:15:00:30 +0100] "GET / HTTP/1.1" 304 - "-" "Mozilla/5.0 (compatible; Linux x86_64; Mail.RU_Bot/2.0; +http://go.mail.ru/help/robots)"
141.8.147.12 - - [19/Nov/2014:17:07:22 +0100] "GET / HTTP/1.1" 200 3274 "-" "Mozilla/5.0 (compatible; YandexBot/3.0; +http://yandex.com/bots)"
77.75.77.17 - - [19/Nov/2014:18:30:23 +0100] "GET /robots.txt HTTP/1.1" 404 1256 "-" "Mozilla/5.0 (compatible; SeznamBot/3.2; +http://fulltext.sblog.cz/)"
77.75.77.17 - - [19/Nov/2014:18:30:23 +0100] "GET / HTTP/1.1" 200 3274 "-" "Mozilla/5.0 (compatible; SeznamBot/3.2; +http://fulltext.sblog.cz/)"
207.46.13.127 - - [19/Nov/2014:19:41:24 +0100] "GET /robots.txt HTTP/1.1" 404 1256 "-" "Mozilla/5.0 (compatible; bingbot/2.0; +http://www.bing.com/bingbot.htm)"
207.46.13.127 - - [19/Nov/2014:19:41:31 +0100] "GET /index.html HTTP/1.1" 200 3274 "-" "Mozilla/5.0 (compatible; bingbot/2.0; +http://www.bing.com/bingbot.htm)"
211.244.83.232 - - [19/Nov/2014:23:00:14 +0100] "GET /robots.txt HTTP/1.1" 404 1256 "http://search.daum.net/" "Mozilla/5.0 (compatible; MSIE or Firefox mutant; not on Windows server; + http://tab.search.daum.net/aboutWebSearch.html) Daumoa/3.0"
211.244.83.232 - - [19/Nov/2014:23:00:16 +0100] "GET / HTTP/1.1" 200 3274 "http://search.daum.net/" "Mozilla/5.0 (compatible; MSIE or Firefox mutant; not on Windows server; + http://tab.search.daum.net/aboutWebSearch.html) Daumoa/3.0"
207.46.13.127 - - [20/Nov/2014:00:11:20 +0100] "GET /index.html HTTP/1.1" 200 3274 "-" "Mozilla/5.0 (compatible; bingbot/2.0; +http://www.bing.com/bingbot.htm)"
207.46.13.127 - - [20/Nov/2014:00:11:46 +0100] "GET /robots.txt HTTP/1.1" 404 1256 "-" "Mozilla/5.0 (compatible; bingbot/2.0; +http://www.bing.com/bingbot.htm)"
207.46.13.127 - - [20/Nov/2014:00:12:32 +0100] "GET /css/bootstrap.min.css HTTP/1.1" 200 101265 "-" "Mozilla/5.0 (compatible; bingbot/2.0; +http://www.bing.com/bingbot.htm)"
157.55.39.72 - - [20/Nov/2014:00:28:39 +0100] "GET /css/bootstrap-responsive.min.css HTTP/1.1" 200 16520 "-" "Mozilla/5.0 (compatible; bingbot/2.0; +http://www.bing.com/bingbot.htm)"
207.46.13.96 - - [20/Nov/2014:00:31:58 +0100] "GET /js/bootstrap.min.js HTTP/1.1" 200 25764 "-" "Mozilla/5.0 (compatible; bingbot/2.0; +http://www.bing.com/bingbot.htm)"
176.31.126.56 - - [20/Nov/2014:01:06:18 +0100] "GET /robots.txt HTTP/1.1" 404 1256 "-" "Mozilla/5.0 (compatible; fr-crawler/1.1)"
176.31.126.56 - - [20/Nov/2014:01:06:19 +0100] "GET / HTTP/1.1" 206 3274 "-" "Mozilla/5.0 (compatible; fr-crawler/1.1)"
65.55.210.121 - - [20/Nov/2014:01:12:51 +0100] "GET /css/bootstrap.min.css HTTP/1.1" 200 101265 "http://www.dialyse-falkensee.de/index.html" "Mozilla/5.0 (Windows NT 6.1; WOW64) AppleWebKit/534+ (KHTML, like Gecko) BingPreview/1.0b"
217.251.214.129 - - [20/Nov/2014:03:07:15 +0100] "GET / HTTP/1.1" 200 3274 "http://www.bigfinder.de/?c=ws&q=online&v=1" "Mozilla/5.0 (Windows NT 6.1; WOW64; Trident/7.0; rv:11.0) like Gecko"
157.55.39.72 - - [20/Nov/2014:07:32:03 +0100] "GET / HTTP/1.1" 200 3274 "-" "Mozilla/5.0 (compatible; bingbot/2.0; +http://www.bing.com/bingbot.htm)"
93.219.218.97 - - [20/Nov/2014:08:52:13 +0100] "GET / HTTP/1.1" 200 3274 "http://www.google.de/url?sa=t&rct=j&q=&esrc=s&source=web&cd=2&ved=0CCcQFjAB&url=http%3A%2F%2Fwww.dialyse-falkensee.de%2F&ei=eJ1tVKjhKM3HPbiLgIAO&usg=AFQjCNECgXXq-DVOeCPbM1zyqacv9mR2gg&bvm=bv.80120444,d.ZWU" "Mozilla/5.0 (Windows NT 6.1; Trident/7.0; MALC; rv:11.0) like Gecko"
93.219.218.97 - - [20/Nov/2014:08:52:13 +0100] "GET /css/bootstrap-responsive.min.css HTTP/1.1" 200 16520 "http://www.dialyse-falkensee.de/" "Mozilla/5.0 (Windows NT 6.1; Trident/7.0; MALC; rv:11.0) like Gecko"
93.219.218.97 - - [20/Nov/2014:08:52:13 +0100] "GET /js/bootstrap.min.js HTTP/1.1" 200 25764 "http://www.dialyse-falkensee.de/" "Mozilla/5.0 (Windows NT 6.1; Trident/7.0; MALC; rv:11.0) like Gecko"
93.219.218.97 - - [20/Nov/2014:08:52:13 +0100] "GET /css/bootstrap.min.css HTTP/1.1" 200 101265 "http://www.dialyse-falkensee.de/" "Mozilla/5.0 (Windows NT 6.1; Trident/7.0; MALC; rv:11.0) like Gecko"
93.219.218.97 - - [20/Nov/2014:08:52:13 +0100] "GET /ico/favicon.ico HTTP/1.1" 404 1256 "-" "Mozilla/5.0 (Windows NT 6.1; Trident/7.0; MALC; rv:11.0) like Gecko"
93.219.218.97 - - [20/Nov/2014:08:52:14 +0100] "GET /favicon.ico HTTP/1.1" 404 1256 "-" "Mozilla/5.0 (Windows NT 6.1; Trident/7.0; MALC; rv:11.0) like Gecko"
95.91.247.23 - - [20/Nov/2014:14:25:35 +0100] "GET / HTTP/1.1" 200 3274 "http://www.google.de/url?sa=t&rct=j&q=&esrc=s&source=web&cd=1&ved=0CCoQFjAA&url=http%3A%2F%2Fwww.dialyse-falkensee.de%2F&ei=pOttVN2TFdHksATyg4EI&usg=AFQjCNECgXXq-DVOeCPbM1zyqacv9mR2gg&sig2=QbfvEsvc3OotP2ouSC7VcA&bvm=bv.80120444,d.cWc" "Mozilla/5.0 (Windows NT 6.3; WOW64; rv:33.0) Gecko/20100101 Firefox/33.0"
95.91.247.23 - - [20/Nov/2014:14:25:35 +0100] "GET /css/bootstrap-responsive.min.css HTTP/1.1" 200 16520 "http://www.dialyse-falkensee.de/" "Mozilla/5.0 (Windows NT 6.3; WOW64; rv:33.0) Gecko/20100101 Firefox/33.0"
95.91.247.23 - - [20/Nov/2014:14:25:36 +0100] "GET /ico/favicon.ico HTTP/1.1" 404 1256 "-" "Mozilla/5.0 (Windows NT 6.3; WOW64; rv:33.0) Gecko/20100101 Firefox/33.0"
95.91.247.23 - - [20/Nov/2014:14:25:36 +0100] "GET /ico/favicon.ico HTTP/1.1" 404 1256 "-" "Mozilla/5.0 (Windows NT 6.3; WOW64; rv:33.0) Gecko/20100101 Firefox/33.0"
95.91.247.23 - - [20/Nov/2014:14:25:35 +0100] "GET /css/bootstrap.min.css HTTP/1.1" 200 101265 "http://www.dialyse-falkensee.de/" "Mozilla/5.0 (Windows NT 6.3; WOW64; rv:33.0) Gecko/20100101 Firefox/33.0"
95.91.247.23 - - [20/Nov/2014:14:25:36 +0100] "GET /js/bootstrap.min.js HTTP/1.1" 200 25764 "http://www.dialyse-falkensee.de/" "Mozilla/5.0 (Windows NT 6.3; WOW64; rv:33.0) Gecko/20100101 Firefox/33.0"
89.228.142.94 - - [20/Nov/2014:16:10:00 +0100] "HEAD / HTTP/1.1" 200 - "-" "Xenu Link Sleuth/1.3.8"
78.96.76.3 - - [20/Nov/2014:19:03:39 +0100] "GET /index.html HTTP/1.1" 200 3274 "-" "Mozilla/5.0 (compatible; bingbot/2.0; +http://www.bing.com/bingbot.htm)"
94.153.8.139 - - [21/Nov/2014:00:33:01 +0100] "GET / HTTP/1.1" 200 3274 "http://megakalyan.com/" "Opera/7.11 (Windows NT 5.1; U) [en]"
94.153.8.139 - - [21/Nov/2014:00:33:02 +0100] "GET / HTTP/1.1" 200 3274 "http://megakalyan.com/" "Opera/7.11 (Windows NT 5.1; U) [en]"
94.153.8.139 - - [21/Nov/2014:00:33:02 +0100] "GET / HTTP/1.1" 200 3274 "http://megakalyan.com/" "Opera/7.11 (Windows NT 5.1; U) [en]"
46.119.114.223 - - [21/Nov/2014:00:35:22 +0100] "GET / HTTP/1.1" 200 3274 "http://komputernaya-pomosh-moscow.ru/" "Opera/7.54 (Windows NT 5.1; U) [pl]"
46.119.114.223 - - [21/Nov/2014:00:35:22 +0100] "GET / HTTP/1.1" 200 3274 "http://komputernaya-pomosh-moscow.ru/" "Opera/7.54 (Windows NT 5.1; U) [pl]"
46.119.114.223 - - [21/Nov/2014:00:35:23 +0100] "GET / HTTP/1.1" 200 3274 "http://komputernaya-pomosh-moscow.ru/" "Opera/7.54 (Windows NT 5.1; U) [pl]"
176.8.91.201 - - [21/Nov/2014:00:47:09 +0100] "GET / HTTP/1.1" 200 3274 "http://sexvideo-chat.ru/" "Opera/7.54 (Windows NT 5.1; U) [pl]"
176.8.91.201 - - [21/Nov/2014:00:47:09 +0100] "GET / HTTP/1.1" 200 3274 "http://domik-derevne.ru/" "Opera/7.60 (Windows NT 5.2; U) [en] (IBM EVV/3.0/EAK01AG9/LE)"
176.8.91.201 - - [21/Nov/2014:00:47:09 +0100] "GET / HTTP/1.1" 200 3274 "http://sexvideo-chat.ru/" "Opera/7.54 (Windows NT 5.1; U) [pl]"
176.8.91.201 - - [21/Nov/2014:00:47:10 +0100] "GET / HTTP/1.1" 200 3274 "http://domik-derevne.ru/" "Opera/7.60 (Windows NT 5.2; U) [en] (IBM EVV/3.0/EAK01AG9/LE)"
176.8.91.201 - - [21/Nov/2014:00:47:10 +0100] "GET / HTTP/1.1" 200 3274 "http://sexvideo-chat.ru/" "Opera/7.54 (Windows NT 5.1; U) [pl]"
176.8.91.201 - - [21/Nov/2014:00:47:10 +0100] "GET / HTTP/1.1" 200 3274 "http://domik-derevne.ru/" "Opera/7.60 (Windows NT 5.2; U) [en] (IBM EVV/3.0/EAK01AG9/LE)"
66.249.78.51 - - [21/Nov/2014:00:58:17 +0100] "GET /robots.txt HTTP/1.1" 404 1256 "-" "Mozilla/5.0 (compatible; Googlebot/2.1; +http://www.google.com/bot.html)"
66.249.78.44 - - [21/Nov/2014:00:58:17 +0100] "GET / HTTP/1.1" 200 3274 "-" "Mozilla/5.0 (iPhone; CPU iPhone OS 6_0 like Mac OS X) AppleWebKit/536.26 (KHTML, like Gecko) Version/6.0 Mobile/10A5376e Safari/8536.25 (compatible; Googlebot/2.1; +http://www.google.com/bot.html)"
193.150.120.14 - - [21/Nov/2014:02:10:11 +0100] "GET / HTTP/1.1" 200 3274 "http://profil-saiding.ru/" "Mozilla/4.0 (compatible; MSIE 6.0; Windows NT 5.1; SV1; .NET CLR 1.1.4322)"
193.150.120.14 - - [21/Nov/2014:02:10:12 +0100] "GET / HTTP/1.1" 200 3274 "http://profil-saiding.ru/" "Mozilla/4.0 (compatible; MSIE 6.0; Windows NT 5.1; SV1; .NET CLR 1.1.4322)"
193.150.120.14 - - [21/Nov/2014:02:10:12 +0100] "GET / HTTP/1.1" 200 3274 "http://profil-saiding.ru/" "Mozilla/4.0 (compatible; MSIE 6.0; Windows NT 5.1; SV1; .NET CLR 1.1.4322)"
218.30.103.135 - - [21/Nov/2014:02:41:29 +0100] "GET /robots.txt HTTP/1.1" 404 1256 "-" "Sogou web spider/4.0(+http://www.sogou.com/docs/help/webmasters.htm#07)"
218.30.103.135 - - [21/Nov/2014:02:41:27 +0100] "GET /js/bootstrap.min.js HTTP/1.1" 200 25764 "-" "Sogou web spider/4.0(+http://www.sogou.com/docs/help/webmasters.htm#07)"
94.153.8.139 - - [21/Nov/2014:07:39:04 +0100] "GET / HTTP/1.1" 200 3274 "http://www.afina-lingerie.ru/" "Mozilla/4.0 (compatible; MSIE 5.5; Windows NT 4.0)"
94.153.8.139 - - [21/Nov/2014:07:39:04 +0100] "GET / HTTP/1.1" 200 3274 "http://www.afina-lingerie.ru/" "Mozilla/4.0 (compatible; MSIE 5.5; Windows NT 4.0)"
94.153.8.139 - - [21/Nov/2014:07:39:05 +0100] "GET / HTTP/1.1" 200 3274 "http://www.afina-lingerie.ru/" "Mozilla/4.0 (compatible; MSIE 5.5; Windows NT 4.0)"
141.8.147.12 - - [21/Nov/2014:07:55:16 +0100] "GET /robots.txt HTTP/1.1" 404 1256 "-" "Mozilla/5.0 (compatible; YandexBot/3.0; +http://yandex.com/bots)"
91.33.127.34 - - [21/Nov/2014:10:48:50 +0100] "GET / HTTP/1.1" 200 3274 "http://www.google.de/url?sa=t&rct=j&q=&esrc=s&source=web&cd=1&sqi=2&ved=0CCoQFjAA&url=http%3A%2F%2Fwww.dialyse-falkensee.de%2F&ei=AApvVMdWyvY8--uB4AE&usg=AFQjCNECgXXq-DVOeCPbM1zyqacv9mR2gg&sig2=Gr6xErshINZfz-bU7fOWlg" "Mozilla/5.0 (Windows NT 6.1; rv:33.0) Gecko/20100101 Firefox/33.0 DT-Browser/DTB7.033.0011"
91.33.127.34 - - [21/Nov/2014:10:48:50 +0100] "GET /ico/favicon.ico HTTP/1.1" 404 1256 "-" "Mozilla/5.0 (Windows NT 6.1; rv:33.0) Gecko/20100101 Firefox/33.0 DT-Browser/DTB7.033.0011"
91.33.127.34 - - [21/Nov/2014:10:48:50 +0100] "GET /css/bootstrap-responsive.min.css HTTP/1.1" 200 16520 "http://www.dialyse-falkensee.de/" "Mozilla/5.0 (Windows NT 6.1; rv:33.0) Gecko/20100101 Firefox/33.0 DT-Browser/DTB7.033.0011"
91.33.127.34 - - [21/Nov/2014:10:48:50 +0100] "GET /css/bootstrap.min.css HTTP/1.1" 200 101265 "http://www.dialyse-falkensee.de/" "Mozilla/5.0 (Windows NT 6.1; rv:33.0) Gecko/20100101 Firefox/33.0 DT-Browser/DTB7.033.0011"
91.33.127.34 - - [21/Nov/2014:10:48:50 +0100] "GET /js/bootstrap.min.js HTTP/1.1" 200 25764 "http://www.dialyse-falkensee.de/" "Mozilla/5.0 (Windows NT 6.1; rv:33.0) Gecko/20100101 Firefox/33.0 DT-Browser/DTB7.033.0011"
91.33.127.34 - - [21/Nov/2014:10:48:50 +0100] "GET /ico/favicon.ico HTTP/1.1" 404 1256 "-" "Mozilla/5.0 (Windows NT 6.1; rv:33.0) Gecko/20100101 Firefox/33.0 DT-Browser/DTB7.033.0011"
66.249.78.51 - - [21/Nov/2014:11:04:24 +0100] "GET /css/bootstrap-responsive.min.css HTTP/1.1" 200 16520 "-" "Mozilla/5.0 (compatible; Googlebot/2.1; +http://www.google.com/bot.html)"
46.119.114.223 - - [21/Nov/2014:12:31:22 +0100] "GET / HTTP/1.1" 200 3274 "http://cvety24.by/" "Mozilla/4.0 (compatible; MSIE 6.0; Windows NT 5.0; APC; .NET CLR 1.0.3705; .NET CLR 1.1.4322; .NET CLR 2.0.50215; InfoPath.1)"
46.119.114.223 - - [21/Nov/2014:12:31:23 +0100] "GET / HTTP/1.1" 200 3274 "http://cvety24.by/" "Mozilla/4.0 (compatible; MSIE 6.0; Windows NT 5.0; APC; .NET CLR 1.0.3705; .NET CLR 1.1.4322; .NET CLR 2.0.50215; InfoPath.1)"
46.119.114.223 - - [21/Nov/2014:12:31:23 +0100] "GET / HTTP/1.1" 200 3274 "http://cvety24.by/" "Mozilla/4.0 (compatible; MSIE 6.0; Windows NT 5.0; APC; .NET CLR 1.0.3705; .NET CLR 1.1.4322; .NET CLR 2.0.50215; InfoPath.1)"
46.119.114.223 - - [21/Nov/2014:13:41:05 +0100] "GET / HTTP/1.1" 200 3274 "http://sex-shop-internet.ru/" "Mozilla/4.0 (compatible; MSIE 6.0; Windows NT 5.1; SV1; .NET CLR 1.1.4322) NS8/0.9.6"
46.119.114.223 - - [21/Nov/2014:13:41:05 +0100] "GET / HTTP/1.1" 200 3274 "http://sex-shop-internet.ru/" "Mozilla/4.0 (compatible; MSIE 6.0; Windows NT 5.1; SV1; .NET CLR 1.1.4322) NS8/0.9.6"
46.119.114.223 - - [21/Nov/2014:13:41:06 +0100] "GET / HTTP/1.1" 200 3274 "http://sex-shop-internet.ru/" "Mozilla/4.0 (compatible; MSIE 6.0; Windows NT 5.1; SV1; .NET CLR 1.1.4322) NS8/0.9.6"
94.153.8.139 - - [21/Nov/2014:13:52:38 +0100] "GET / HTTP/1.1" 200 3274 "http://instalegs.com/" "Mozilla/4.7 (compatible; OffByOne; Windows 2000) Webster Pro V3.4"
94.153.8.139 - - [21/Nov/2014:13:52:39 +0100] "GET / HTTP/1.1" 200 3274 "http://instalegs.com/" "Mozilla/4.7 (compatible; OffByOne; Windows 2000) Webster Pro V3.4"
94.153.8.139 - - [21/Nov/2014:13:52:39 +0100] "GET / HTTP/1.1" 200 3274 "http://instalegs.com/" "Mozilla/4.7 (compatible; OffByOne; Windows 2000) Webster Pro V3.4"
141.8.147.12 - - [21/Nov/2014:14:15:27 +0100] "GET / HTTP/1.1" 200 3274 "-" "Mozilla/5.0 (compatible; YandexBot/3.0; +http://yandex.com/bots)"
176.8.91.201 - - [21/Nov/2014:15:17:07 +0100] "GET / HTTP/1.1" 200 3274 "http://www.kbaptupa.ru/" "Mozilla/4.0 (compatible; MSIE 6.0; Windows NT 5.1)"
176.8.91.201 - - [21/Nov/2014:15:17:08 +0100] "GET / HTTP/1.1" 200 3274 "http://www.kbaptupa.ru/" "Mozilla/4.0 (compatible; MSIE 6.0; Windows NT 5.1)"
176.8.91.201 - - [21/Nov/2014:15:17:08 +0100] "GET / HTTP/1.1" 200 3274 "http://www.kbaptupa.ru/" "Mozilla/4.0 (compatible; MSIE 6.0; Windows NT 5.1)"
157.55.39.72 - - [21/Nov/2014:16:47:08 +0100] "GET /robots.txt HTTP/1.1" 404 1256 "-" "Mozilla/5.0 (compatible; bingbot/2.0; +http://www.bing.com/bingbot.htm)"
157.55.39.72 - - [21/Nov/2014:16:55:48 +0100] "GET / HTTP/1.1" 200 3274 "-" "Mozilla/5.0 (compatible; bingbot/2.0; +http://www.bing.com/bingbot.htm)"
193.150.120.14 - - [21/Nov/2014:17:27:23 +0100] "GET / HTTP/1.1" 200 3274 "http://farmville-2.ru/" "Mozilla/4.0 (compatible; MSIE 6.0; Windows NT 5.0; .NET CLR 1.0.3705; .NET CLR 1.1.4322)"
193.150.120.14 - - [21/Nov/2014:17:27:23 +0100] "GET / HTTP/1.1" 200 3274 "http://farmville-2.ru/" "Mozilla/4.0 (compatible; MSIE 6.0; Windows NT 5.0; .NET CLR 1.0.3705; .NET CLR 1.1.4322)"
193.150.120.14 - - [21/Nov/2014:17:27:24 +0100] "GET / HTTP/1.1" 200 3274 "http://farmville-2.ru/" "Mozilla/4.0 (compatible; MSIE 6.0; Windows NT 5.0; .NET CLR 1.0.3705; .NET CLR 1.1.4322)"
66.155.8.225 - - [21/Nov/2014:17:57:02 +0100] "GET / HTTP/1.1" 200 3274 "-" "Mozilla/5.0 (X11; Linux x86_64; rv:10.0.12) Gecko/20100101 Firefox/21.0 WordPress.com mShots"
66.155.8.225 - - [21/Nov/2014:17:57:03 +0100] "GET /css/bootstrap-responsive.min.css HTTP/1.1" 200 16520 "http://www.dialyse-falkensee.de/" "Mozilla/5.0 (X11; Linux x86_64; rv:10.0.12) Gecko/20100101 Firefox/21.0 WordPress.com mShots"
66.155.8.225 - - [21/Nov/2014:17:57:03 +0100] "GET /css/bootstrap.min.css HTTP/1.1" 200 101265 "http://www.dialyse-falkensee.de/" "Mozilla/5.0 (X11; Linux x86_64; rv:10.0.12) Gecko/20100101 Firefox/21.0 WordPress.com mShots"
66.155.8.225 - - [21/Nov/2014:17:57:03 +0100] "GET /js/bootstrap.min.js HTTP/1.1" 200 25764 "http://www.dialyse-falkensee.de/" "Mozilla/5.0 (X11; Linux x86_64; rv:10.0.12) Gecko/20100101 Firefox/21.0 WordPress.com mShots"
66.155.8.225 - - [21/Nov/2014:17:57:04 +0100] "GET /img/glyphicons-halflings.png HTTP/1.1" 200 12799 "http://www.dialyse-falkensee.de/" "Mozilla/5.0 (X11; Linux x86_64; rv:10.0.12) Gecko/20100101 Firefox/21.0 WordPress.com mShots"
78.96.76.3 - - [21/Nov/2014:20:54:35 +0100] "GET /robots.txt HTTP/1.1" 404 1256 "-" "Mozilla/5.0 (compatible; bingbot/2.0; +http://www.bing.com/bingbot.htm)"
78.96.76.3 - - [21/Nov/2014:20:54:35 +0100] "GET / HTTP/1.1" 200 3274 "-" "Mozilla/5.0 (compatible; bingbot/2.0; +http://www.bing.com/bingbot.htm)"
134.249.76.28 - - [22/Nov/2014:00:06:12 +0100] "GET / HTTP/1.1" 200 3274 "http://amoremio.by/" "Mozilla/4.0 (compatible; MSIE 7.0b; Windows NT 6.0 ; .NET CLR 2.0.50215; SL Commerce Client v1.0; Tablet PC 2.0"
134.249.76.28 - - [22/Nov/2014:00:06:13 +0100] "GET / HTTP/1.1" 200 3274 "http://amoremio.by/" "Mozilla/4.0 (compatible; MSIE 7.0b; Windows NT 6.0 ; .NET CLR 2.0.50215; SL Commerce Client v1.0; Tablet PC 2.0"
134.249.76.28 - - [22/Nov/2014:00:06:13 +0100] "GET / HTTP/1.1" 200 3274 "http://amoremio.by/" "Mozilla/4.0 (compatible; MSIE 7.0b; Windows NT 6.0 ; .NET CLR 2.0.50215; SL Commerce Client v1.0; Tablet PC 2.0"
109.120.157.179 - - [22/Nov/2014:00:09:57 +0100] "GET / HTTP/1.1" 200 3274 "http://chimiver.info/" "Mozilla/5.0 (compatible; Add Catalog/2.1;)"
109.120.157.179 - - [22/Nov/2014:00:09:58 +0100] "GET / HTTP/1.1" 200 3274 "http://chimiver.info/" "Mozilla/5.0 (compatible; Add Catalog/2.1;)"
109.120.157.179 - - [22/Nov/2014:00:09:58 +0100] "GET / HTTP/1.1" 200 3274 "http://chimiver.info/" "Mozilla/5.0 (compatible; Add Catalog/2.1;)"
157.55.39.72 - - [22/Nov/2014:00:41:18 +0100] "GET / HTTP/1.1" 200 3274 "-" "Mozilla/5.0 (compatible; bingbot/2.0; +http://www.bing.com/bingbot.htm)"
199.30.25.62 - - [22/Nov/2014:00:41:20 +0100] "GET /css/bootstrap-responsive.min.css HTTP/1.1" 200 16520 "http://www.dialyse-falkensee.de/" "Mozilla/5.0 (Windows NT 6.1; WOW64) AppleWebKit/534+ (KHTML, like Gecko) BingPreview/1.0b"
199.30.25.62 - - [22/Nov/2014:00:41:21 +0100] "GET /js/bootstrap.min.js HTTP/1.1" 200 25764 "http://www.dialyse-falkensee.de/" "Mozilla/5.0 (Windows NT 6.1; WOW64) AppleWebKit/534+ (KHTML, like Gecko) BingPreview/1.0b"
