212.121.153.12 - - [03/Jan/2014:14:59:02 +0100] "GET /img/head.gif HTTP/1.1" 200 4213 "http://www.dialyse-in-salzwedel.de/seiten/start.htm" "Mozilla/5.0 (Windows NT 6.1; Trident/7.0; rv:11.0) like Gecko"
212.121.153.12 - - [03/Jan/2014:14:59:02 +0100] "GET /img/men03.gif HTTP/1.1" 200 999 "http://www.dialyse-in-salzwedel.de/seiten/start.htm" "Mozilla/5.0 (Windows NT 6.1; Trident/7.0; rv:11.0) like Gecko"
212.121.153.12 - - [03/Jan/2014:14:59:02 +0100] "GET /img/men05.gif HTTP/1.1" 200 1042 "http://www.dialyse-in-salzwedel.de/seiten/start.htm" "Mozilla/5.0 (Windows NT 6.1; Trident/7.0; rv:11.0) like Gecko"
212.121.153.12 - - [03/Jan/2014:14:59:02 +0100] "GET /img/men01.gif HTTP/1.1" 200 702 "http://www.dialyse-in-salzwedel.de/seiten/start.htm" "Mozilla/5.0 (Windows NT 6.1; Trident/7.0; rv:11.0) like Gecko"
212.121.153.12 - - [03/Jan/2014:14:59:02 +0100] "GET /img/men06.gif HTTP/1.1" 200 904 "http://www.dialyse-in-salzwedel.de/seiten/start.htm" "Mozilla/5.0 (Windows NT 6.1; Trident/7.0; rv:11.0) like Gecko"
212.121.153.12 - - [03/Jan/2014:14:59:03 +0100] "GET /img/men07.gif HTTP/1.1" 200 893 "http://www.dialyse-in-salzwedel.de/seiten/start.htm" "Mozilla/5.0 (Windows NT 6.1; Trident/7.0; rv:11.0) like Gecko"
212.121.153.12 - - [03/Jan/2014:14:59:03 +0100] "GET /img/men08.gif HTTP/1.1" 200 1069 "http://www.dialyse-in-salzwedel.de/seiten/start.htm" "Mozilla/5.0 (Windows NT 6.1; Trident/7.0; rv:11.0) like Gecko"
212.121.153.12 - - [03/Jan/2014:14:59:04 +0100] "GET /img/lay01.gif HTTP/1.1" 200 149 "http://www.dialyse-in-salzwedel.de/seiten/start.htm" "Mozilla/5.0 (Windows NT 6.1; Trident/7.0; rv:11.0) like Gecko"
212.121.153.12 - - [03/Jan/2014:14:59:04 +0100] "GET /img/men09.gif HTTP/1.1" 200 1200 "http://www.dialyse-in-salzwedel.de/seiten/start.htm" "Mozilla/5.0 (Windows NT 6.1; Trident/7.0; rv:11.0) like Gecko"
212.121.153.12 - - [03/Jan/2014:14:59:04 +0100] "GET /img/men02.gif HTTP/1.1" 200 758 "http://www.dialyse-in-salzwedel.de/seiten/start.htm" "Mozilla/5.0 (Windows NT 6.1; Trident/7.0; rv:11.0) like Gecko"
212.121.153.12 - - [03/Jan/2014:14:59:04 +0100] "GET /img/start.jpg HTTP/1.1" 200 18933 "http://www.dialyse-in-salzwedel.de/seiten/start.htm" "Mozilla/5.0 (Windows NT 6.1; Trident/7.0; rv:11.0) like Gecko"
212.121.153.12 - - [03/Jan/2014:14:59:05 +0100] "GET /img/lay02.gif HTTP/1.1" 200 153 "http://www.dialyse-in-salzwedel.de/seiten/start.htm" "Mozilla/5.0 (Windows NT 6.1; Trident/7.0; rv:11.0) like Gecko"
212.121.153.12 - - [03/Jan/2014:14:59:05 +0100] "GET /img/lay04.gif HTTP/1.1" 200 272 "http://www.dialyse-in-salzwedel.de/seiten/start.htm" "Mozilla/5.0 (Windows NT 6.1; Trident/7.0; rv:11.0) like Gecko"
212.121.153.12 - - [03/Jan/2014:14:59:05 +0100] "GET /img/lay03.gif HTTP/1.1" 200 253 "http://www.dialyse-in-salzwedel.de/seiten/start.htm" "Mozilla/5.0 (Windows NT 6.1; Trident/7.0; rv:11.0) like Gecko"
212.121.153.12 - - [03/Jan/2014:14:59:05 +0100] "GET /img/bg01.gif HTTP/1.1" 200 70 "http://www.dialyse-in-salzwedel.de/seiten/start.htm" "Mozilla/5.0 (Windows NT 6.1; Trident/7.0; rv:11.0) like Gecko"
212.121.153.12 - - [03/Jan/2014:14:59:05 +0100] "GET /img/bg04.gif HTTP/1.1" 200 92 "http://www.dialyse-in-salzwedel.de/seiten/start.htm" "Mozilla/5.0 (Windows NT 6.1; Trident/7.0; rv:11.0) like Gecko"
212.121.153.12 - - [03/Jan/2014:14:59:05 +0100] "GET /img/bg03.gif HTTP/1.1" 200 84 "http://www.dialyse-in-salzwedel.de/seiten/start.htm" "Mozilla/5.0 (Windows NT 6.1; Trident/7.0; rv:11.0) like Gecko"
212.121.153.12 - - [03/Jan/2014:14:59:05 +0100] "GET /img/1px.gif HTTP/1.1" 200 43 "http://www.dialyse-in-salzwedel.de/seiten/start.htm" "Mozilla/5.0 (Windows NT 6.1; Trident/7.0; rv:11.0) like Gecko"
212.121.153.12 - - [03/Jan/2014:14:59:05 +0100] "GET /img/bg02.gif HTTP/1.1" 200 67 "http://www.dialyse-in-salzwedel.de/seiten/start.htm" "Mozilla/5.0 (Windows NT 6.1; Trident/7.0; rv:11.0) like Gecko"
212.121.153.12 - - [03/Jan/2014:14:59:06 +0100] "GET /favicon.ico HTTP/1.1" 404 1256 "-" "Mozilla/5.0 (Windows NT 6.1; Trident/7.0; rv:11.0) like Gecko"
212.121.153.12 - - [03/Jan/2014:14:59:06 +0100] "GET /img/meno06.gif HTTP/1.1" 200 1054 "http://www.dialyse-in-salzwedel.de/seiten/start.htm" "Mozilla/5.0 (Windows NT 6.1; Trident/7.0; rv:11.0) like Gecko"
199.19.249.196 - - [03/Jan/2014:14:59:07 +0100] "GET /seiten/kontakt.htm HTTP/1.1" 200 5472 "-" "Mozilla/4.0 (compatible; MSIE 7.0; Windows NT 5.1; InfoPath.1; .NET CLR 2.0.50727; .NET CLR 1.1.4322; MS-RTC LM 8; .NET CLR 3.0.4506.2152; .NET CLR 3.5.30729)"
212.121.153.12 - - [03/Jan/2014:14:59:07 +0100] "GET /seiten/kontakt.htm HTTP/1.1" 200 5472 "http://www.dialyse-in-salzwedel.de/seiten/start.htm" "Mozilla/5.0 (Windows NT 6.1; Trident/7.0; rv:11.0) like Gecko"
212.121.153.12 - - [03/Jan/2014:14:59:07 +0100] "GET /favicon.ico HTTP/1.1" 404 1256 "-" "Mozilla/5.0 (Windows NT 6.1; Trident/7.0; rv:11.0) like Gecko"
220.181.108.75 - - [03/Jan/2014:16:04:17 +0100] "GET / HTTP/1.1" 200 2301 "-" "Mozilla/5.0 (compatible; Baiduspider/2.0; +http://www.baidu.com/search/spider.html)"
123.125.71.33 - - [03/Jan/2014:16:06:02 +0100] "GET / HTTP/1.1" 200 2301 "-" "Mozilla/5.0 (compatible; Baiduspider/2.0; +http://www.baidu.com/search/spider.html)"
66.249.78.91 - - [03/Jan/2014:16:07:37 +0100] "GET /robots.txt HTTP/1.1" 404 1256 "-" "Mozilla/5.0 (compatible; Googlebot/2.1; +http://www.google.com/bot.html)"
66.249.78.91 - - [03/Jan/2014:16:07:37 +0100] "GET /seiten/links.htm HTTP/1.1" 304 - "-" "Mozilla/5.0 (iPhone; CPU iPhone OS 6_0 like Mac OS X) AppleWebKit/536.26 (KHTML, like Gecko) Version/6.0 Mobile/10A5376e Safari/8536.25 (compatible; Googlebot-Mobile/2.1; +http://www.google.com/bot.html)"
123.125.71.38 - - [03/Jan/2014:17:02:36 +0100] "GET / HTTP/1.1" 200 2301 "-" "Mozilla/5.0 (compatible; Baiduspider/2.0; +http://www.baidu.com/search/spider.html)"
220.181.108.117 - - [03/Jan/2014:17:06:55 +0100] "GET / HTTP/1.1" 200 2301 "-" "Mozilla/5.0 (compatible; Baiduspider/2.0; +http://www.baidu.com/search/spider.html)"
80.187.96.164 - - [03/Jan/2014:18:04:51 +0100] "GET /seiten/links.htm HTTP/1.1" 200 5092 "-" "Mozilla/5.0 (iPhone; CPU iPhone OS 6_1_1 like Mac OS X) AppleWebKit/536.26 (KHTML, like Gecko) Version/6.0 Mobile/10B145 Safari/8536.25"
80.187.96.164 - - [03/Jan/2014:18:04:52 +0100] "GET /scripte/basics.js HTTP/1.1" 200 1078 "http://www.dialyse-in-salzwedel.de/seiten/links.htm" "Mozilla/5.0 (iPhone; CPU iPhone OS 6_1_1 like Mac OS X) AppleWebKit/536.26 (KHTML, like Gecko) Version/6.0 Mobile/10B145 Safari/8536.25"
80.187.96.164 - - [03/Jan/2014:18:04:52 +0100] "GET /css/style.css HTTP/1.1" 200 3212 "http://www.dialyse-in-salzwedel.de/seiten/links.htm" "Mozilla/5.0 (iPhone; CPU iPhone OS 6_1_1 like Mac OS X) AppleWebKit/536.26 (KHTML, like Gecko) Version/6.0 Mobile/10B145 Safari/8536.25"
80.187.96.164 - - [03/Jan/2014:18:04:52 +0100] "GET /img/head.gif HTTP/1.1" 200 4213 "http://www.dialyse-in-salzwedel.de/seiten/links.htm" "Mozilla/5.0 (iPhone; CPU iPhone OS 6_1_1 like Mac OS X) AppleWebKit/536.26 (KHTML, like Gecko) Version/6.0 Mobile/10B145 Safari/8536.25"
80.187.96.164 - - [03/Jan/2014:18:04:52 +0100] "GET /img/men05.gif HTTP/1.1" 200 1042 "http://www.dialyse-in-salzwedel.de/seiten/links.htm" "Mozilla/5.0 (iPhone; CPU iPhone OS 6_1_1 like Mac OS X) AppleWebKit/536.26 (KHTML, like Gecko) Version/6.0 Mobile/10B145 Safari/8536.25"
80.187.96.164 - - [03/Jan/2014:18:04:52 +0100] "GET /img/men06.gif HTTP/1.1" 200 904 "http://www.dialyse-in-salzwedel.de/seiten/links.htm" "Mozilla/5.0 (iPhone; CPU iPhone OS 6_1_1 like Mac OS X) AppleWebKit/536.26 (KHTML, like Gecko) Version/6.0 Mobile/10B145 Safari/8536.25"
80.187.96.164 - - [03/Jan/2014:18:04:52 +0100] "GET /img/men03.gif HTTP/1.1" 200 999 "http://www.dialyse-in-salzwedel.de/seiten/links.htm" "Mozilla/5.0 (iPhone; CPU iPhone OS 6_1_1 like Mac OS X) AppleWebKit/536.26 (KHTML, like Gecko) Version/6.0 Mobile/10B145 Safari/8536.25"
80.187.96.164 - - [03/Jan/2014:18:04:52 +0100] "GET /img/men02.gif HTTP/1.1" 200 758 "http://www.dialyse-in-salzwedel.de/seiten/links.htm" "Mozilla/5.0 (iPhone; CPU iPhone OS 6_1_1 like Mac OS X) AppleWebKit/536.26 (KHTML, like Gecko) Version/6.0 Mobile/10B145 Safari/8536.25"
80.187.96.164 - - [03/Jan/2014:18:04:52 +0100] "GET /img/1px.gif HTTP/1.1" 200 43 "http://www.dialyse-in-salzwedel.de/seiten/links.htm" "Mozilla/5.0 (iPhone; CPU iPhone OS 6_1_1 like Mac OS X) AppleWebKit/536.26 (KHTML, like Gecko) Version/6.0 Mobile/10B145 Safari/8536.25"
80.187.96.164 - - [03/Jan/2014:18:04:52 +0100] "GET /img/meno05.gif HTTP/1.1" 200 788 "http://www.dialyse-in-salzwedel.de/seiten/links.htm" "Mozilla/5.0 (iPhone; CPU iPhone OS 6_1_1 like Mac OS X) AppleWebKit/536.26 (KHTML, like Gecko) Version/6.0 Mobile/10B145 Safari/8536.25"
80.187.96.164 - - [03/Jan/2014:18:04:53 +0100] "GET /img/men01.gif HTTP/1.1" 200 702 "http://www.dialyse-in-salzwedel.de/seiten/links.htm" "Mozilla/5.0 (iPhone; CPU iPhone OS 6_1_1 like Mac OS X) AppleWebKit/536.26 (KHTML, like Gecko) Version/6.0 Mobile/10B145 Safari/8536.25"
80.187.96.164 - - [03/Jan/2014:18:04:53 +0100] "GET /img/men09.gif HTTP/1.1" 200 1200 "http://www.dialyse-in-salzwedel.de/seiten/links.htm" "Mozilla/5.0 (iPhone; CPU iPhone OS 6_1_1 like Mac OS X) AppleWebKit/536.26 (KHTML, like Gecko) Version/6.0 Mobile/10B145 Safari/8536.25"
80.187.96.164 - - [03/Jan/2014:18:04:53 +0100] "GET /img/lay03.gif HTTP/1.1" 200 253 "http://www.dialyse-in-salzwedel.de/seiten/links.htm" "Mozilla/5.0 (iPhone; CPU iPhone OS 6_1_1 like Mac OS X) AppleWebKit/536.26 (KHTML, like Gecko) Version/6.0 Mobile/10B145 Safari/8536.25"
80.187.96.164 - - [03/Jan/2014:18:04:53 +0100] "GET /img/sites.jpg HTTP/1.1" 200 12916 "http://www.dialyse-in-salzwedel.de/seiten/links.htm" "Mozilla/5.0 (iPhone; CPU iPhone OS 6_1_1 like Mac OS X) AppleWebKit/536.26 (KHTML, like Gecko) Version/6.0 Mobile/10B145 Safari/8536.25"
80.187.96.164 - - [03/Jan/2014:18:04:53 +0100] "GET /img/lay04.gif HTTP/1.1" 200 272 "http://www.dialyse-in-salzwedel.de/seiten/links.htm" "Mozilla/5.0 (iPhone; CPU iPhone OS 6_1_1 like Mac OS X) AppleWebKit/536.26 (KHTML, like Gecko) Version/6.0 Mobile/10B145 Safari/8536.25"
80.187.96.164 - - [03/Jan/2014:18:04:53 +0100] "GET /img/lay01.gif HTTP/1.1" 200 149 "http://www.dialyse-in-salzwedel.de/seiten/links.htm" "Mozilla/5.0 (iPhone; CPU iPhone OS 6_1_1 like Mac OS X) AppleWebKit/536.26 (KHTML, like Gecko) Version/6.0 Mobile/10B145 Safari/8536.25"
80.187.96.164 - - [03/Jan/2014:18:04:53 +0100] "GET /img/men08.gif HTTP/1.1" 200 1069 "http://www.dialyse-in-salzwedel.de/seiten/links.htm" "Mozilla/5.0 (iPhone; CPU iPhone OS 6_1_1 like Mac OS X) AppleWebKit/536.26 (KHTML, like Gecko) Version/6.0 Mobile/10B145 Safari/8536.25"
80.187.96.164 - - [03/Jan/2014:18:04:53 +0100] "GET /img/men04.gif HTTP/1.1" 200 1234 "http://www.dialyse-in-salzwedel.de/seiten/links.htm" "Mozilla/5.0 (iPhone; CPU iPhone OS 6_1_1 like Mac OS X) AppleWebKit/536.26 (KHTML, like Gecko) Version/6.0 Mobile/10B145 Safari/8536.25"
80.187.96.164 - - [03/Jan/2014:18:04:53 +0100] "GET /img/lay02.gif HTTP/1.1" 200 153 "http://www.dialyse-in-salzwedel.de/seiten/links.htm" "Mozilla/5.0 (iPhone; CPU iPhone OS 6_1_1 like Mac OS X) AppleWebKit/536.26 (KHTML, like Gecko) Version/6.0 Mobile/10B145 Safari/8536.25"
80.187.96.164 - - [03/Jan/2014:18:04:54 +0100] "GET /img/bg04.gif HTTP/1.1" 200 92 "http://www.dialyse-in-salzwedel.de/seiten/links.htm" "Mozilla/5.0 (iPhone; CPU iPhone OS 6_1_1 like Mac OS X) AppleWebKit/536.26 (KHTML, like Gecko) Version/6.0 Mobile/10B145 Safari/8536.25"
80.187.96.164 - - [03/Jan/2014:18:04:54 +0100] "GET /img/bg02.gif HTTP/1.1" 200 67 "http://www.dialyse-in-salzwedel.de/seiten/links.htm" "Mozilla/5.0 (iPhone; CPU iPhone OS 6_1_1 like Mac OS X) AppleWebKit/536.26 (KHTML, like Gecko) Version/6.0 Mobile/10B145 Safari/8536.25"
80.187.96.164 - - [03/Jan/2014:18:04:54 +0100] "GET /img/bg03.gif HTTP/1.1" 200 84 "http://www.dialyse-in-salzwedel.de/seiten/links.htm" "Mozilla/5.0 (iPhone; CPU iPhone OS 6_1_1 like Mac OS X) AppleWebKit/536.26 (KHTML, like Gecko) Version/6.0 Mobile/10B145 Safari/8536.25"
80.187.96.164 - - [03/Jan/2014:18:04:54 +0100] "GET /img/bg01.gif HTTP/1.1" 200 70 "http://www.dialyse-in-salzwedel.de/seiten/links.htm" "Mozilla/5.0 (iPhone; CPU iPhone OS 6_1_1 like Mac OS X) AppleWebKit/536.26 (KHTML, like Gecko) Version/6.0 Mobile/10B145 Safari/8536.25"
105.235.131.58 - - [03/Jan/2014:18:22:47 +0100] "GET /img/dialyse.jpg HTTP/1.1" 200 21241 "http://www.google.com/search?q=dialyse&client=ms-ms-android-google&site=webhp&source=lnms&tbm=isch&sa=X&ei=wvHGUrzyIuP-ygP17oLIBA&ved=0CAgQ_AUoAA" "Mozilla/5.0 (Linux; U; Android 4.0.4; fr-fr; Q7A+ Build/IMM76I) AppleWebKit/534.30 (KHTML, like Gecko) Version/4.0 Mobile Safari/534.30"
105.235.131.58 - - [03/Jan/2014:18:27:34 +0100] "GET /img/dialyse.jpg HTTP/1.1" 200 21241 "http://www.google.com/search?q=dialyse&client=ms-ms-android-google&site=webhp&source=lnms&tbm=isch&sa=X&ei=wvHGUrzyIuP-ygP17oLIBA&ved=0CAgQ_AUoAA" "Mozilla/5.0 (Linux; U; Android 4.0.4; fr-fr; Q7A+ Build/IMM76I) AppleWebKit/534.30 (KHTML, like Gecko) Version/4.0 Mobile Safari/534.30"
66.249.78.91 - - [03/Jan/2014:18:41:12 +0100] "GET /seiten/dialyse.htm HTTP/1.1" 304 - "-" "Mozilla/5.0 (iPhone; CPU iPhone OS 6_0 like Mac OS X) AppleWebKit/536.26 (KHTML, like Gecko) Version/6.0 Mobile/10A5376e Safari/8536.25 (compatible; Googlebot-Mobile/2.1; +http://www.google.com/bot.html)"
134.249.77.75 - - [03/Jan/2014:19:24:02 +0100] "GET /seiten/news.php HTTP/1.1" 200 4865 "http://druzhbany.ru/" "Mozilla/4.0 (compatible; MSIE 6.0; Windows XP)"
134.249.77.75 - - [03/Jan/2014:19:24:03 +0100] "GET /seiten/news.php HTTP/1.1" 200 4865 "http://druzhbany.ru/" "Mozilla/4.0 (compatible; MSIE 6.0; Windows XP)"
134.249.77.75 - - [03/Jan/2014:19:24:03 +0100] "GET /seiten/news.php HTTP/1.1" 200 4865 "http://druzhbany.ru/" "Mozilla/4.0 (compatible; MSIE 6.0; Windows XP)"
157.56.92.176 - - [03/Jan/2014:19:38:19 +0100] "GET /robots.txt HTTP/1.1" 404 1256 "-" "Mozilla/5.0 (compatible; bingbot/2.0; +http://www.bing.com/bingbot.htm)"
157.56.92.176 - - [03/Jan/2014:20:37:14 +0100] "GET /seiten/start.htm HTTP/1.1" 200 4313 "-" "Mozilla/5.0 (compatible; bingbot/2.0; +http://www.bing.com/bingbot.htm)"
199.30.24.173 - - [03/Jan/2014:20:37:18 +0100] "GET /css/style.css HTTP/1.1" 200 3212 "http://www.dialyse-in-salzwedel.de/seiten/start.htm" "Mozilla/5.0 (Windows NT 6.1; WOW64) AppleWebKit/534+ (KHTML, like Gecko) BingPreview/1.0b"
178.137.92.166 - - [03/Jan/2014:21:21:50 +0100] "GET /seiten/news.php HTTP/1.1" 200 4865 "http://kvartiry-remont.ucoz.ru/" "Mozilla/4.0 (compatible; MSIE 6.0; Windows NT 5.1) Opera 7.54 [en]"
178.137.92.166 - - [03/Jan/2014:21:21:50 +0100] "GET /seiten/news.php HTTP/1.1" 200 4865 "http://kvartiry-remont.ucoz.ru/" "Mozilla/4.0 (compatible; MSIE 6.0; Windows NT 5.1) Opera 7.54 [en]"
178.137.92.166 - - [03/Jan/2014:21:21:51 +0100] "GET /seiten/news.php HTTP/1.1" 200 4865 "http://kvartiry-remont.ucoz.ru/" "Mozilla/4.0 (compatible; MSIE 6.0; Windows NT 5.1) Opera 7.54 [en]"
66.249.75.109 - - [03/Jan/2014:21:47:05 +0100] "GET /seiten/impressum.htm HTTP/1.1" 304 - "-" "DoCoMo/2.0 N905i(c100;TB;W24H16) (compatible; Googlebot-Mobile/2.1; +http://www.google.com/bot.html)"
157.56.93.61 - - [03/Jan/2014:22:12:43 +0100] "GET /robots.txt HTTP/1.1" 404 1256 "-" "Mozilla/5.0 (compatible; bingbot/2.0; +http://www.bing.com/bingbot.htm)"
157.56.93.61 - - [03/Jan/2014:22:20:49 +0100] "GET / HTTP/1.1" 200 2301 "-" "Mozilla/5.0 (compatible; bingbot/2.0; +http://www.bing.com/bingbot.htm)"
141.8.147.12 - - [03/Jan/2014:22:53:33 +0100] "GET /seiten/leistungen.htm HTTP/1.1" 200 5060 "-" "Mozilla/5.0 (compatible; YandexBot/3.0; +http://yandex.com/bots)"
180.76.6.65 - - [03/Jan/2014:23:38:09 +0100] "GET /robots.txt HTTP/1.1" 404 1256 "-" "Mozilla/5.0 (Windows NT 5.1; rv:6.0.2) Gecko/20100101 Firefox/6.0.2"
178.255.215.73 - - [03/Jan/2014:23:49:57 +0100] "GET /robots.txt HTTP/1.1" 404 1256 "-" "Mozilla/5.0 (compatible; Exabot/3.0; +http://www.exabot.com/go/robot)"
178.255.215.73 - - [03/Jan/2014:23:49:57 +0100] "GET / HTTP/1.1" 304 - "-" "Mozilla/5.0 (compatible; Exabot/3.0; +http://www.exabot.com/go/robot)"
217.212.224.183 - - [04/Jan/2014:01:49:13 +0100] "GET /robots.txt HTTP/1.0" 404 1256 "-" "psbot/0.1 (+http://www.picsearch.com/bot.html)"
217.212.224.181 - - [04/Jan/2014:01:49:14 +0100] "GET /seiten/dialyse.htm HTTP/1.0" 304 - "-" "psbot/0.1 (+http://www.picsearch.com/bot.html)"
141.8.147.12 - - [04/Jan/2014:02:13:43 +0100] "GET /robots.txt HTTP/1.1" 404 1256 "-" "Mozilla/5.0 (compatible; YandexBot/3.0; +http://yandex.com/bots)"
141.8.147.12 - - [04/Jan/2014:02:14:33 +0100] "GET /seiten/kontakt.htm HTTP/1.1" 200 5472 "-" "Mozilla/5.0 (compatible; YandexBot/3.0; +http://yandex.com/bots)"
141.8.147.12 - - [04/Jan/2014:04:12:06 +0100] "GET /img/FL_check.swf HTTP/1.1" 200 100 "-" "Mozilla/5.0 (compatible; YandexBot/3.0; +http://yandex.com/bots)"
123.125.71.29 - - [04/Jan/2014:04:18:52 +0100] "GET / HTTP/1.1" 200 2301 "-" "Mozilla/5.0 (compatible; Baiduspider/2.0; +http://www.baidu.com/search/spider.html)"
220.181.108.103 - - [04/Jan/2014:04:20:06 +0100] "GET / HTTP/1.1" 200 2301 "-" "Mozilla/5.0 (compatible; Baiduspider/2.0; +http://www.baidu.com/search/spider.html)"
92.249.127.111 - - [04/Jan/2014:06:25:13 +0100] "GET /seiten/news.php HTTP/1.1" 200 4865 "http://free-games-downloads.com/" "Mozilla/4.0 (compatible; MSIE 6.0; AOL 9.0; Windows NT 5.1)"
92.249.127.111 - - [04/Jan/2014:06:25:13 +0100] "GET /seiten/news.php HTTP/1.1" 200 4865 "http://free-games-downloads.com/" "Mozilla/4.0 (compatible; MSIE 6.0; AOL 9.0; Windows NT 5.1)"
92.249.127.111 - - [04/Jan/2014:06:25:14 +0100] "GET /seiten/news.php HTTP/1.1" 200 4865 "http://free-games-downloads.com/" "Mozilla/4.0 (compatible; MSIE 6.0; AOL 9.0; Windows NT 5.1)"
195.242.218.133 - - [04/Jan/2014:06:34:22 +0100] "GET /seiten/news.php HTTP/1.1" 200 4865 "http://e-mexx.ru/" "Mozilla/4.0 (compatible; MSIE 6.0; Windows NT 5.1; Q312461)"
195.242.218.133 - - [04/Jan/2014:06:34:23 +0100] "GET /seiten/news.php HTTP/1.1" 200 4865 "http://e-mexx.ru/" "Mozilla/4.0 (compatible; MSIE 6.0; Windows NT 5.1; Q312461)"
195.242.218.133 - - [04/Jan/2014:06:34:24 +0100] "GET /seiten/news.php HTTP/1.1" 200 4865 "http://e-mexx.ru/" "Mozilla/4.0 (compatible; MSIE 6.0; Windows NT 5.1; Q312461)"
141.8.147.12 - - [04/Jan/2014:06:47:02 +0100] "GET /seiten/praxis.htm HTTP/1.1" 200 5018 "-" "Mozilla/5.0 (compatible; YandexBot/3.0; +http://yandex.com/bots)"
66.249.78.91 - - [04/Jan/2014:07:05:24 +0100] "GET /robots.txt HTTP/1.1" 404 1256 "-" "Mozilla/5.0 (compatible; Googlebot/2.1; +http://www.google.com/bot.html)"
66.249.78.91 - - [04/Jan/2014:07:05:24 +0100] "GET / HTTP/1.1" 200 2301 "-" "Mozilla/5.0 (iPhone; CPU iPhone OS 6_0 like Mac OS X) AppleWebKit/536.26 (KHTML, like Gecko) Version/6.0 Mobile/10A5376e Safari/8536.25 (compatible; Googlebot-Mobile/2.1; +http://www.google.com/bot.html)"
66.249.78.91 - - [04/Jan/2014:07:14:44 +0100] "GET /css/style.css HTTP/1.1" 200 3212 "http://www.dialyse-in-salzwedel.de/" "Mozilla/5.0 (compatible; Googlebot/2.1; +http://www.google.com/bot.html)"
66.249.78.91 - - [04/Jan/2014:09:07:28 +0100] "GET /seiten/kontakt.htm HTTP/1.1" 304 - "-" "Mozilla/5.0 (iPhone; CPU iPhone OS 6_0 like Mac OS X) AppleWebKit/536.26 (KHTML, like Gecko) Version/6.0 Mobile/10A5376e Safari/8536.25 (compatible; Googlebot-Mobile/2.1; +http://www.google.com/bot.html)"
141.8.147.12 - - [04/Jan/2014:09:10:31 +0100] "GET /seiten/news.php HTTP/1.1" 200 4865 "-" "Mozilla/5.0 (compatible; YandexBot/3.0; +http://yandex.com/bots)"
157.56.93.61 - - [04/Jan/2014:09:52:09 +0100] "GET /robots.txt HTTP/1.1" 404 1256 "-" "Mozilla/5.0 (compatible; bingbot/2.0; +http://www.bing.com/bingbot.htm)"
157.56.93.61 - - [04/Jan/2014:09:52:56 +0100] "GET / HTTP/1.1" 200 2301 "-" "Mozilla/5.0 (compatible; bingbot/2.0; +http://www.bing.com/bingbot.htm)"
141.8.147.12 - - [04/Jan/2014:10:00:44 +0100] "GET /seiten/start.htm HTTP/1.1" 200 4313 "-" "Mozilla/5.0 (compatible; YandexBot/3.0; +http://yandex.com/bots)"
141.8.147.12 - - [04/Jan/2014:10:13:01 +0100] "GET /seiten/links.htm HTTP/1.1" 200 5092 "-" "Mozilla/5.0 (compatible; YandexBot/3.0; +http://yandex.com/bots)"
157.56.93.61 - - [04/Jan/2014:10:41:20 +0100] "GET /seiten/praxis.htm HTTP/1.1" 200 5018 "-" "Mozilla/5.0 (compatible; bingbot/2.0; +http://www.bing.com/bingbot.htm)"
199.30.25.234 - - [04/Jan/2014:10:41:22 +0100] "GET /img/head.gif HTTP/1.1" 200 4213 "http://www.dialyse-in-salzwedel.de/seiten/praxis.htm" "Mozilla/5.0 (Windows NT 6.1; WOW64) AppleWebKit/534+ (KHTML, like Gecko) BingPreview/1.0b"
157.56.93.41 - - [04/Jan/2014:10:43:05 +0100] "GET /img/bg02.gif HTTP/1.1" 200 67 "-" "Mozilla/5.0 (compatible; bingbot/2.0; +http://www.bing.com/bingbot.htm)"
157.56.93.41 - - [04/Jan/2014:10:43:06 +0100] "GET /img/lay02.gif HTTP/1.1" 200 153 "-" "Mozilla/5.0 (compatible; bingbot/2.0; +http://www.bing.com/bingbot.htm)"
157.56.93.41 - - [04/Jan/2014:10:43:06 +0100] "GET /img/men07.gif HTTP/1.1" 200 893 "-" "Mozilla/5.0 (compatible; bingbot/2.0; +http://www.bing.com/bingbot.htm)"
65.55.55.231 - - [04/Jan/2014:10:44:26 +0100] "GET /img/lay03.gif HTTP/1.1" 200 253 "-" "Mozilla/5.0 (compatible; bingbot/2.0; +http://www.bing.com/bingbot.htm)"
157.56.93.61 - - [04/Jan/2014:10:45:26 +0100] "GET /img/men05.gif HTTP/1.1" 200 1042 "-" "Mozilla/5.0 (compatible; bingbot/2.0; +http://www.bing.com/bingbot.htm)"
157.56.93.61 - - [04/Jan/2014:10:45:26 +0100] "GET /img/men09.gif HTTP/1.1" 200 1200 "-" "Mozilla/5.0 (compatible; bingbot/2.0; +http://www.bing.com/bingbot.htm)"
157.55.32.116 - - [04/Jan/2014:10:53:07 +0100] "GET /img/meno01.gif HTTP/1.1" 200 938 "-" "Mozilla/5.0 (compatible; bingbot/2.0; +http://www.bing.com/bingbot.htm)"
157.55.32.116 - - [04/Jan/2014:10:53:07 +0100] "GET /img/lay01.gif HTTP/1.1" 200 149 "-" "Mozilla/5.0 (compatible; bingbot/2.0; +http://www.bing.com/bingbot.htm)"
157.55.32.116 - - [04/Jan/2014:10:53:07 +0100] "GET /img/men04.gif HTTP/1.1" 200 1234 "-" "Mozilla/5.0 (compatible; bingbot/2.0; +http://www.bing.com/bingbot.htm)"
157.55.32.116 - - [04/Jan/2014:10:53:07 +0100] "GET /img/men08.gif HTTP/1.1" 200 1069 "-" "Mozilla/5.0 (compatible; bingbot/2.0; +http://www.bing.com/bingbot.htm)"
157.55.32.116 - - [04/Jan/2014:10:53:07 +0100] "GET /img/bg01.gif HTTP/1.1" 200 70 "-" "Mozilla/5.0 (compatible; bingbot/2.0; +http://www.bing.com/bingbot.htm)"
157.55.32.116 - - [04/Jan/2014:10:53:07 +0100] "GET /img/men02.gif HTTP/1.1" 200 758 "-" "Mozilla/5.0 (compatible; bingbot/2.0; +http://www.bing.com/bingbot.htm)"
65.55.55.231 - - [04/Jan/2014:11:02:45 +0100] "GET /img/men06.gif HTTP/1.1" 200 904 "-" "Mozilla/5.0 (compatible; bingbot/2.0; +http://www.bing.com/bingbot.htm)"
208.115.113.82 - - [04/Jan/2014:11:16:03 +0100] "GET /robots.txt HTTP/1.1" 404 1256 "-" "Mozilla/5.0 (compatible; Ezooms/1.0; help@moz.com)"
141.8.147.12 - - [04/Jan/2014:11:17:16 +0100] "GET /seiten/impressum.htm HTTP/1.1" 200 6907 "-" "Mozilla/5.0 (compatible; YandexBot/3.0; +http://yandex.com/bots)"
199.30.25.234 - - [04/Jan/2014:11:42:40 +0100] "GET /img/praxis.jpg HTTP/1.1" 200 13082 "http://www.dialyse-in-salzwedel.de/seiten/praxis.htm" "Mozilla/5.0 (Windows NT 6.1; WOW64) AppleWebKit/534+ (KHTML, like Gecko) BingPreview/1.0b"
199.30.25.234 - - [04/Jan/2014:11:42:40 +0100] "GET /img/men01.gif HTTP/1.1" 200 702 "http://www.dialyse-in-salzwedel.de/seiten/praxis.htm" "Mozilla/5.0 (Windows NT 6.1; WOW64) AppleWebKit/534+ (KHTML, like Gecko) BingPreview/1.0b"
199.30.25.234 - - [04/Jan/2014:11:42:40 +0100] "GET /img/bg03.gif HTTP/1.1" 200 84 "http://www.dialyse-in-salzwedel.de/seiten/praxis.htm" "Mozilla/5.0 (Windows NT 6.1; WOW64) AppleWebKit/534+ (KHTML, like Gecko) BingPreview/1.0b"
199.30.25.234 - - [04/Jan/2014:11:42:40 +0100] "GET /img/bg04.gif HTTP/1.1" 200 92 "http://www.dialyse-in-salzwedel.de/seiten/praxis.htm" "Mozilla/5.0 (Windows NT 6.1; WOW64) AppleWebKit/534+ (KHTML, like Gecko) BingPreview/1.0b"
109.120.157.179 - - [04/Jan/2014:12:32:39 +0100] "GET /seiten/news.php HTTP/1.1" 200 4865 "http://www.arenda.triumf-realty.ru/" "Mozilla/5.0 (compatible; Add Catalog/2.1;)"
109.120.157.179 - - [04/Jan/2014:12:32:40 +0100] "GET /seiten/news.php HTTP/1.1" 200 4865 "http://www.arenda.triumf-realty.ru/" "Mozilla/5.0 (compatible; Add Catalog/2.1;)"
141.8.147.12 - - [04/Jan/2014:12:56:37 +0100] "GET /seiten/dialyse.htm HTTP/1.1" 200 4906 "-" "Mozilla/5.0 (compatible; YandexBot/3.0; +http://yandex.com/bots)"
208.115.113.82 - - [04/Jan/2014:13:06:34 +0100] "GET /seiten/kontakt.htm HTTP/1.1" 200 5472 "-" "Mozilla/5.0 (compatible; Ezooms/1.0; help@moz.com)"
141.8.147.12 - - [04/Jan/2014:13:09:04 +0100] "GET /seiten/kont_form.php HTTP/1.1" 200 6397 "-" "Mozilla/5.0 (compatible; YandexBot/3.0; +http://yandex.com/bots)"
37.115.185.43 - - [04/Jan/2014:13:53:55 +0100] "GET /seiten/news.php HTTP/1.1" 200 4865 "http://welcomeauto.ru/" "Mozilla/4.0 (compatible; MSIE 6.0; Windows NT 5.1) Netscape/8.0.4"
37.115.185.43 - - [04/Jan/2014:13:53:56 +0100] "GET /seiten/news.php HTTP/1.1" 200 4865 "http://welcomeauto.ru/" "Mozilla/4.0 (compatible; MSIE 6.0; Windows NT 5.1) Netscape/8.0.4"
37.115.185.43 - - [04/Jan/2014:13:53:56 +0100] "GET /seiten/news.php HTTP/1.1" 200 4865 "http://welcomeauto.ru/" "Mozilla/4.0 (compatible; MSIE 6.0; Windows NT 5.1) Netscape/8.0.4"
178.137.160.196 - - [04/Jan/2014:14:11:05 +0100] "GET /seiten/news.php HTTP/1.1" 200 4865 "http://sk.golden-praga.ru/" "Mozilla/4.0 (compatible; MSIE 6.0; Windows NT 5.1) Netscape/8.0.4"
178.137.160.196 - - [04/Jan/2014:14:11:06 +0100] "GET /seiten/news.php HTTP/1.1" 200 4865 "http://sk.golden-praga.ru/" "Mozilla/4.0 (compatible; MSIE 6.0; Windows NT 5.1) Netscape/8.0.4"
178.137.160.196 - - [04/Jan/2014:14:11:07 +0100] "GET /seiten/news.php HTTP/1.1" 200 4865 "http://sk.golden-praga.ru/" "Mozilla/4.0 (compatible; MSIE 6.0; Windows NT 5.1) Netscape/8.0.4"
123.125.71.47 - - [04/Jan/2014:17:01:45 +0100] "GET / HTTP/1.1" 200 2301 "-" "Mozilla/5.0 (compatible; Baiduspider/2.0; +http://www.baidu.com/search/spider.html)"
220.181.108.105 - - [04/Jan/2014:17:02:27 +0100] "GET / HTTP/1.1" 200 2301 "-" "Mozilla/5.0 (compatible; Baiduspider/2.0; +http://www.baidu.com/search/spider.html)"
66.249.78.91 - - [04/Jan/2014:17:04:10 +0100] "GET /seiten/kontakt.htm HTTP/1.1" 304 - "-" "Mozilla/5.0 (iPhone; CPU iPhone OS 6_0 like Mac OS X) AppleWebKit/536.26 (KHTML, like Gecko) Version/6.0 Mobile/10A5376e Safari/8536.25 (compatible; Googlebot-Mobile/2.1; +http://www.google.com/bot.html)"
66.249.75.109 - - [04/Jan/2014:17:17:15 +0100] "GET /seiten/kontakt.htm HTTP/1.1" 304 - "-" "DoCoMo/2.0 N905i(c100;TB;W24H16) (compatible; Googlebot-Mobile/2.1; +http://www.google.com/bot.html)"
178.137.92.166 - - [04/Jan/2014:20:22:05 +0100] "GET /seiten/news.php HTTP/1.1" 200 4865 "http://looking-auto.com/gallery.php" "Mozilla/3.0 (compatible; WebCapture 2.0; Auto; Windows)"
178.137.92.166 - - [04/Jan/2014:20:22:06 +0100] "GET /seiten/news.php HTTP/1.1" 200 4865 "http://looking-auto.com/gallery.php" "Mozilla/3.0 (compatible; WebCapture 2.0; Auto; Windows)"
178.137.92.166 - - [04/Jan/2014:20:22:07 +0100] "GET /seiten/news.php HTTP/1.1" 200 4865 "http://looking-auto.com/gallery.php" "Mozilla/3.0 (compatible; WebCapture 2.0; Auto; Windows)"
41.99.79.158 - - [04/Jan/2014:20:24:12 +0100] "GET /img/dialyse.jpg HTTP/1.1" 200 21241 "-" "Mozilla/5.0 (Windows NT 5.1) AppleWebKit/537.36 (KHTML, like Gecko) Chrome/31.0.1650.63 Safari/537.36"
66.249.78.91 - - [04/Jan/2014:20:26:52 +0100] "GET /robots.txt HTTP/1.1" 404 1256 "-" "Mozilla/5.0 (compatible; Googlebot/2.1; +http://www.google.com/bot.html)"
66.249.78.91 - - [04/Jan/2014:20:26:52 +0100] "GET / HTTP/1.1" 200 2301 "-" "Mozilla/5.0 (compatible; Googlebot/2.1; +http://www.google.com/bot.html)"
208.115.113.92 - - [04/Jan/2014:21:15:04 +0100] "GET /robots.txt HTTP/1.1" 404 1256 "-" "Mozilla/5.0 (compatible; Ezooms/1.0; help@moz.com)"
66.249.78.91 - - [04/Jan/2014:21:30:52 +0100] "GET /seiten/start.htm HTTP/1.1" 304 - "-" "Mozilla/5.0 (compatible; Googlebot/2.1; +http://www.google.com/bot.html)"
157.56.93.61 - - [04/Jan/2014:21:50:41 +0100] "GET /robots.txt HTTP/1.1" 404 1256 "-" "Mozilla/5.0 (compatible; bingbot/2.0; +http://www.bing.com/bingbot.htm)"
94.223.121.52 - - [04/Jan/2014:22:30:05 +0100] "GET /img/dialyse.jpg HTTP/1.1" 200 21241 "http://www.bing.com/images/search?q=dialyse+frisenius&go=&qs=n&form=QBIR&pq=dialyse+frisenius&sc=1-17&sp=-1&sk=" "Mozilla/5.0 (Windows NT 6.1; WOW64) AppleWebKit/537.36 (KHTML, like Gecko) Chrome/32.0.1700.68 Safari/537.36"
66.249.78.91 - - [04/Jan/2014:22:49:11 +0100] "GET /seiten/impressum.htm HTTP/1.1" 304 - "-" "Mozilla/5.0 (iPhone; CPU iPhone OS 6_0 like Mac OS X) AppleWebKit/536.26 (KHTML, like Gecko) Version/6.0 Mobile/10A5376e Safari/8536.25 (compatible; Googlebot-Mobile/2.1; +http://www.google.com/bot.html)"
157.56.93.61 - - [04/Jan/2014:23:02:08 +0100] "GET / HTTP/1.1" 200 2301 "-" "Mozilla/5.0 (compatible; bingbot/2.0; +http://www.bing.com/bingbot.htm)"
82.193.99.33 - - [04/Jan/2014:23:12:18 +0100] "GET /seiten/news.php HTTP/1.1" 200 4865 "http://shinavmashiny.ru/" "Mozilla/4.0 (compatible; MSIE 6.0; Windows NT 5.1) Netscape/8.0.4"
82.193.99.33 - - [04/Jan/2014:23:12:18 +0100] "GET /seiten/news.php HTTP/1.1" 200 4865 "http://shinavmashiny.ru/" "Mozilla/4.0 (compatible; MSIE 6.0; Windows NT 5.1) Netscape/8.0.4"
82.193.99.33 - - [04/Jan/2014:23:12:19 +0100] "GET /seiten/news.php HTTP/1.1" 200 4865 "http://shinavmashiny.ru/" "Mozilla/4.0 (compatible; MSIE 6.0; Windows NT 5.1) Netscape/8.0.4"
208.115.113.92 - - [04/Jan/2014:23:17:49 +0100] "GET /seiten/start.htm HTTP/1.1" 200 4313 "-" "Mozilla/5.0 (compatible; Ezooms/1.0; help@moz.com)"
178.137.160.196 - - [05/Jan/2014:00:45:38 +0100] "GET /seiten/news.php HTTP/1.1" 200 4865 "http://videochaty.ru/" "Mozilla/4.0 (compatible; MSIE 6.0; Windows NT 5.1) Netscape/8.0.4"
178.137.160.196 - - [05/Jan/2014:00:45:38 +0100] "GET /seiten/news.php HTTP/1.1" 200 4865 "http://silverage.ru/" "Mozilla/4.0 (compatible; MSIE 6.0; Windows NT 5.1) Netscape/8.0.4"
178.137.160.196 - - [05/Jan/2014:00:45:39 +0100] "GET /seiten/news.php HTTP/1.1" 200 4865 "http://silverage.ru/" "Mozilla/4.0 (compatible; MSIE 6.0; Windows NT 5.1) Netscape/8.0.4"
178.137.160.196 - - [05/Jan/2014:00:45:39 +0100] "GET /seiten/news.php HTTP/1.1" 200 4865 "http://silverage.ru/" "Mozilla/4.0 (compatible; MSIE 6.0; Windows NT 5.1) Netscape/8.0.4"
178.137.160.196 - - [05/Jan/2014:00:45:40 +0100] "GET /seiten/news.php HTTP/1.1" 200 4865 "http://videochaty.ru/" "Mozilla/4.0 (compatible; MSIE 6.0; Windows NT 5.1) Netscape/8.0.4"
178.137.160.196 - - [05/Jan/2014:00:45:40 +0100] "GET /seiten/news.php HTTP/1.1" 200 4865 "http://videochaty.ru/" "Mozilla/4.0 (compatible; MSIE 6.0; Windows NT 5.1) Netscape/8.0.4"
37.115.185.43 - - [05/Jan/2014:00:46:36 +0100] "GET /seiten/news.php HTTP/1.1" 200 4865 "http://statustroll.com/" "Mozilla/4.0 (compatible; MSIE 6.0; Windows NT 5.1) Netscape/8.0.4"
37.115.185.43 - - [05/Jan/2014:00:46:37 +0100] "GET /seiten/news.php HTTP/1.1" 200 4865 "http://mug-na-chas-moscow.ru/" "Mozilla/4.0 (compatible; MSIE 6.0; Windows NT 5.1) Netscape/8.0.4"
37.115.185.43 - - [05/Jan/2014:00:46:37 +0100] "GET /seiten/news.php HTTP/1.1" 200 4865 "http://statustroll.com/" "Mozilla/4.0 (compatible; MSIE 6.0; Windows NT 5.1) Netscape/8.0.4"
37.115.185.43 - - [05/Jan/2014:00:46:37 +0100] "GET /seiten/news.php HTTP/1.1" 200 4865 "http://mug-na-chas-moscow.ru/" "Mozilla/4.0 (compatible; MSIE 6.0; Windows NT 5.1) Netscape/8.0.4"
37.115.185.43 - - [05/Jan/2014:00:46:37 +0100] "GET /seiten/news.php HTTP/1.1" 200 4865 "http://statustroll.com/" "Mozilla/4.0 (compatible; MSIE 6.0; Windows NT 5.1) Netscape/8.0.4"
37.115.185.43 - - [05/Jan/2014:00:46:37 +0100] "GET /seiten/news.php HTTP/1.1" 200 4865 "http://mug-na-chas-moscow.ru/" "Mozilla/4.0 (compatible; MSIE 6.0; Windows NT 5.1) Netscape/8.0.4"
37.115.185.43 - - [05/Jan/2014:00:46:39 +0100] "GET /seiten/news.php HTTP/1.1" 200 4865 "http://admforum.ru/" "Mozilla/4.0 (compatible; MSIE 6.0; Windows NT 5.1) Netscape/8.0.4"
37.115.185.43 - - [05/Jan/2014:00:46:40 +0100] "GET /seiten/news.php HTTP/1.1" 200 4865 "http://admforum.ru/" "Mozilla/4.0 (compatible; MSIE 6.0; Windows NT 5.1) Netscape/8.0.4"
37.115.185.43 - - [05/Jan/2014:00:46:41 +0100] "GET /seiten/news.php HTTP/1.1" 200 4865 "http://admforum.ru/" "Mozilla/4.0 (compatible; MSIE 6.0; Windows NT 5.1) Netscape/8.0.4"
134.249.77.75 - - [05/Jan/2014:04:51:46 +0100] "GET /seiten/news.php HTTP/1.1" 200 4865 "http://narkologiya-orel.ru/" "Mozilla/4.0 (compatible; MSIE 6.0; AOL 9.0; Windows NT 5.1)"
134.249.77.75 - - [05/Jan/2014:04:51:46 +0100] "GET /seiten/news.php HTTP/1.1" 200 4865 "http://vimax-original.ru/" "Mozilla/4.0 (compatible; MSIE 6.0; Windows NT 5.1; SV1; InfoPath.1"
134.249.77.75 - - [05/Jan/2014:04:51:46 +0100] "GET /seiten/news.php HTTP/1.1" 200 4865 "http://vimax-original.ru/" "Mozilla/4.0 (compatible; MSIE 6.0; Windows NT 5.1; SV1; InfoPath.1"
134.249.77.75 - - [05/Jan/2014:04:51:46 +0100] "GET /seiten/news.php HTTP/1.1" 200 4865 "http://narkologiya-orel.ru/" "Mozilla/4.0 (compatible; MSIE 6.0; AOL 9.0; Windows NT 5.1)"
134.249.77.75 - - [05/Jan/2014:04:51:46 +0100] "GET /seiten/news.php HTTP/1.1" 200 4865 "http://vimax-original.ru/" "Mozilla/4.0 (compatible; MSIE 6.0; Windows NT 5.1; SV1; InfoPath.1"
134.249.77.75 - - [05/Jan/2014:04:51:47 +0100] "GET /seiten/news.php HTTP/1.1" 200 4865 "http://narkologiya-orel.ru/" "Mozilla/4.0 (compatible; MSIE 6.0; AOL 9.0; Windows NT 5.1)"
178.137.92.166 - - [05/Jan/2014:05:00:21 +0100] "GET /seiten/news.php HTTP/1.1" 200 4865 "http://xn----7sbittjtdqw.xn--p1ai/" "Mozilla/4.0 (compatible; MSIE 6.0; Windows NT 5.1) Netscape/8.0.4"
178.137.92.166 - - [05/Jan/2014:05:00:21 +0100] "GET /seiten/news.php HTTP/1.1" 200 4865 "http://academia-nsk.org/" "Mozilla/4.0 (compatible; MSIE 6.0; Windows NT 5.1) Netscape/8.0.4"
178.137.92.166 - - [05/Jan/2014:05:00:21 +0100] "GET /seiten/news.php HTTP/1.1" 200 4865 "http://academia-nsk.org/" "Mozilla/4.0 (compatible; MSIE 6.0; Windows NT 5.1) Netscape/8.0.4"
178.137.92.166 - - [05/Jan/2014:05:00:22 +0100] "GET /seiten/news.php HTTP/1.1" 200 4865 "http://academia-nsk.org/" "Mozilla/4.0 (compatible; MSIE 6.0; Windows NT 5.1) Netscape/8.0.4"
178.137.92.166 - - [05/Jan/2014:05:00:22 +0100] "GET /seiten/news.php HTTP/1.1" 200 4865 "http://xn----7sbittjtdqw.xn--p1ai/" "Mozilla/4.0 (compatible; MSIE 6.0; Windows NT 5.1) Netscape/8.0.4"
178.137.92.166 - - [05/Jan/2014:05:00:26 +0100] "GET /seiten/news.php HTTP/1.1" 200 4865 "http://xn----7sbittjtdqw.xn--p1ai/" "Mozilla/4.0 (compatible; MSIE 6.0; Windows NT 5.1) Netscape/8.0.4"
208.115.113.92 - - [05/Jan/2014:05:17:27 +0100] "GET /robots.txt HTTP/1.1" 404 1256 "-" "Mozilla/5.0 (compatible; Ezooms/1.0; help@moz.com)"
208.115.113.92 - - [05/Jan/2014:07:22:42 +0100] "GET /seiten/praxis.htm HTTP/1.1" 200 5018 "-" "Mozilla/5.0 (compatible; Ezooms/1.0; help@moz.com)"
66.249.78.91 - - [05/Jan/2014:08:03:04 +0100] "GET /seiten/start.htm HTTP/1.1" 304 - "-" "Mozilla/5.0 (iPhone; CPU iPhone OS 6_0 like Mac OS X) AppleWebKit/536.26 (KHTML, like Gecko) Version/6.0 Mobile/10A5376e Safari/8536.25 (compatible; Googlebot-Mobile/2.1; +http://www.google.com/bot.html)"
123.125.71.13 - - [05/Jan/2014:08:06:46 +0100] "GET / HTTP/1.1" 200 2301 "-" "Mozilla/5.0 (compatible; Baiduspider/2.0; +http://www.baidu.com/search/spider.html)"
220.181.108.92 - - [05/Jan/2014:08:09:56 +0100] "GET / HTTP/1.1" 200 2301 "-" "Mozilla/5.0 (compatible; Baiduspider/2.0; +http://www.baidu.com/search/spider.html)"
178.137.160.196 - - [05/Jan/2014:10:58:59 +0100] "GET /seiten/news.php HTTP/1.1" 200 4865 "http://driving.kiev.ua/" "Mozilla/4.0 (compatible; MSIE 6.0; Windows NT 5.1) Netscape/8.0.4"
178.137.160.196 - - [05/Jan/2014:10:58:59 +0100] "GET /seiten/news.php HTTP/1.1" 200 4865 "http://driving.kiev.ua/" "Mozilla/4.0 (compatible; MSIE 6.0; Windows NT 5.1) Netscape/8.0.4"
178.137.160.196 - - [05/Jan/2014:10:59:00 +0100] "GET /seiten/news.php HTTP/1.1" 200 4865 "http://driving.kiev.ua/" "Mozilla/4.0 (compatible; MSIE 6.0; Windows NT 5.1) Netscape/8.0.4"
162.210.196.100 - - [05/Jan/2014:12:30:09 +0100] "GET /robots.txt HTTP/1.0" 404 1256 "-" "Mozilla/5.0 (compatible; MJ12bot/v1.4.4; http://www.majestic12.co.uk/bot.php?+)"
162.210.196.100 - - [05/Jan/2014:12:30:10 +0100] "GET / HTTP/1.0" 200 2301 "-" "Mozilla/5.0 (compatible; MJ12bot/v1.4.4; http://www.majestic12.co.uk/bot.php?+)"
91.224.226.196 - - [05/Jan/2014:12:40:23 +0100] "GET /scripte/basics.js HTTP/1.1" 304 - "-" "Mozilla/4.0 (compatible;)"
84.141.154.254 - - [05/Jan/2014:13:02:23 +0100] "GET /seiten/dialyse.htm HTTP/1.1" 200 4906 "http://www.google.de/imgres?biw=1366&bih=595&tbm=isch&tbnid=X1I_YDZL3jeJTM:&imgrefurl=http://www.dialyse-in-salzwedel.de/seiten/dialyse.htm&docid=PUbPJtek_nfasM&imgurl=http://www.dialyse-in-salzwedel.de/img/dialyse.jpg&w=360&h=312&ei=tEnJUu3EKcjZswbd_IG4Bg&zoom=1&iact=hc&vpx=389&vpy=270&dur=6032&hovh=209&hovw=241&tx=108&ty=207&page=2&tbnh=150&tbnw=162&start=20&ndsp=26&ved=1t:429,r:41,s:0,i:219" "Mozilla/5.0 (Windows NT 6.1; WOW64; Trident/7.0; rv:11.0) like Gecko"
84.141.154.254 - - [05/Jan/2014:13:02:23 +0100] "GET /scripte/basics.js HTTP/1.1" 200 1078 "http://www.dialyse-in-salzwedel.de/seiten/dialyse.htm" "Mozilla/5.0 (Windows NT 6.1; WOW64; Trident/7.0; rv:11.0) like Gecko"
84.141.154.254 - - [05/Jan/2014:13:02:23 +0100] "GET /css/style.css HTTP/1.1" 200 3212 "http://www.dialyse-in-salzwedel.de/seiten/dialyse.htm" "Mozilla/5.0 (Windows NT 6.1; WOW64; Trident/7.0; rv:11.0) like Gecko"
84.141.154.254 - - [05/Jan/2014:13:02:23 +0100] "GET /img/head.gif HTTP/1.1" 200 4213 "http://www.dialyse-in-salzwedel.de/seiten/dialyse.htm" "Mozilla/5.0 (Windows NT 6.1; WOW64; Trident/7.0; rv:11.0) like Gecko"
84.141.154.254 - - [05/Jan/2014:13:02:23 +0100] "GET /img/men01.gif HTTP/1.1" 200 702 "http://www.dialyse-in-salzwedel.de/seiten/dialyse.htm" "Mozilla/5.0 (Windows NT 6.1; WOW64; Trident/7.0; rv:11.0) like Gecko"
84.141.154.254 - - [05/Jan/2014:13:02:23 +0100] "GET /img/men03.gif HTTP/1.1" 200 999 "http://www.dialyse-in-salzwedel.de/seiten/dialyse.htm" "Mozilla/5.0 (Windows NT 6.1; WOW64; Trident/7.0; rv:11.0) like Gecko"
84.141.154.254 - - [05/Jan/2014:13:02:24 +0100] "GET /img/men04.gif HTTP/1.1" 200 1234 "http://www.dialyse-in-salzwedel.de/seiten/dialyse.htm" "Mozilla/5.0 (Windows NT 6.1; WOW64; Trident/7.0; rv:11.0) like Gecko"
84.141.154.254 - - [05/Jan/2014:13:02:24 +0100] "GET /img/meno03.gif HTTP/1.1" 200 931 "http://www.dialyse-in-salzwedel.de/seiten/dialyse.htm" "Mozilla/5.0 (Windows NT 6.1; WOW64; Trident/7.0; rv:11.0) like Gecko"
84.141.154.254 - - [05/Jan/2014:13:02:24 +0100] "GET /img/bg01.gif HTTP/1.1" 200 70 "http://www.dialyse-in-salzwedel.de/seiten/dialyse.htm" "Mozilla/5.0 (Windows NT 6.1; WOW64; Trident/7.0; rv:11.0) like Gecko"
84.141.154.254 - - [05/Jan/2014:13:02:24 +0100] "GET /img/bg03.gif HTTP/1.1" 200 84 "http://www.dialyse-in-salzwedel.de/seiten/dialyse.htm" "Mozilla/5.0 (Windows NT 6.1; WOW64; Trident/7.0; rv:11.0) like Gecko"
84.141.154.254 - - [05/Jan/2014:13:02:24 +0100] "GET /img/bg04.gif HTTP/1.1" 200 92 "http://www.dialyse-in-salzwedel.de/seiten/dialyse.htm" "Mozilla/5.0 (Windows NT 6.1; WOW64; Trident/7.0; rv:11.0) like Gecko"
84.141.154.254 - - [05/Jan/2014:13:02:24 +0100] "GET /img/bg02.gif HTTP/1.1" 200 67 "http://www.dialyse-in-salzwedel.de/seiten/dialyse.htm" "Mozilla/5.0 (Windows NT 6.1; WOW64; Trident/7.0; rv:11.0) like Gecko"
84.141.154.254 - - [05/Jan/2014:13:02:24 +0100] "GET /img/men06.gif HTTP/1.1" 200 904 "http://www.dialyse-in-salzwedel.de/seiten/dialyse.htm" "Mozilla/5.0 (Windows NT 6.1; WOW64; Trident/7.0; rv:11.0) like Gecko"
84.141.154.254 - - [05/Jan/2014:13:02:24 +0100] "GET /img/men07.gif HTTP/1.1" 200 893 "http://www.dialyse-in-salzwedel.de/seiten/dialyse.htm" "Mozilla/5.0 (Windows NT 6.1; WOW64; Trident/7.0; rv:11.0) like Gecko"
84.141.154.254 - - [05/Jan/2014:13:02:24 +0100] "GET /img/men08.gif HTTP/1.1" 200 1069 "http://www.dialyse-in-salzwedel.de/seiten/dialyse.htm" "Mozilla/5.0 (Windows NT 6.1; WOW64; Trident/7.0; rv:11.0) like Gecko"
84.141.154.254 - - [05/Jan/2014:13:02:24 +0100] "GET /img/men09.gif HTTP/1.1" 200 1200 "http://www.dialyse-in-salzwedel.de/seiten/dialyse.htm" "Mozilla/5.0 (Windows NT 6.1; WOW64; Trident/7.0; rv:11.0) like Gecko"
84.141.154.254 - - [05/Jan/2014:13:02:24 +0100] "GET /img/men02.gif HTTP/1.1" 200 758 "http://www.dialyse-in-salzwedel.de/seiten/dialyse.htm" "Mozilla/5.0 (Windows NT 6.1; WOW64; Trident/7.0; rv:11.0) like Gecko"
84.141.154.254 - - [05/Jan/2014:13:02:24 +0100] "GET /img/lay01.gif HTTP/1.1" 200 149 "http://www.dialyse-in-salzwedel.de/seiten/dialyse.htm" "Mozilla/5.0 (Windows NT 6.1; WOW64; Trident/7.0; rv:11.0) like Gecko"
84.141.154.254 - - [05/Jan/2014:13:02:24 +0100] "GET /img/lay02.gif HTTP/1.1" 200 153 "http://www.dialyse-in-salzwedel.de/seiten/dialyse.htm" "Mozilla/5.0 (Windows NT 6.1; WOW64; Trident/7.0; rv:11.0) like Gecko"
84.141.154.254 - - [05/Jan/2014:13:02:24 +0100] "GET /img/dialyse.jpg HTTP/1.1" 200 21241 "http://www.dialyse-in-salzwedel.de/seiten/dialyse.htm" "Mozilla/5.0 (Windows NT 6.1; WOW64; Trident/7.0; rv:11.0) like Gecko"
84.141.154.254 - - [05/Jan/2014:13:02:24 +0100] "GET /img/lay03.gif HTTP/1.1" 200 253 "http://www.dialyse-in-salzwedel.de/seiten/dialyse.htm" "Mozilla/5.0 (Windows NT 6.1; WOW64; Trident/7.0; rv:11.0) like Gecko"
84.141.154.254 - - [05/Jan/2014:13:02:24 +0100] "GET /img/1px.gif HTTP/1.1" 200 43 "http://www.dialyse-in-salzwedel.de/seiten/dialyse.htm" "Mozilla/5.0 (Windows NT 6.1; WOW64; Trident/7.0; rv:11.0) like Gecko"
84.141.154.254 - - [05/Jan/2014:13:02:24 +0100] "GET /img/lay04.gif HTTP/1.1" 200 272 "http://www.dialyse-in-salzwedel.de/seiten/dialyse.htm" "Mozilla/5.0 (Windows NT 6.1; WOW64; Trident/7.0; rv:11.0) like Gecko"
66.249.78.91 - - [05/Jan/2014:13:02:39 +0100] "GET /robots.txt HTTP/1.1" 404 1256 "-" "Mozilla/5.0 (compatible; Googlebot/2.1; +http://www.google.com/bot.html)"
66.249.78.91 - - [05/Jan/2014:13:02:39 +0100] "GET /seiten/leistungen.htm HTTP/1.1" 304 - "-" "Mozilla/5.0 (iPhone; CPU iPhone OS 6_0 like Mac OS X) AppleWebKit/536.26 (KHTML, like Gecko) Version/6.0 Mobile/10A5376e Safari/8536.25 (compatible; Googlebot-Mobile/2.1; +http://www.google.com/bot.html)"
84.141.154.254 - - [05/Jan/2014:13:03:05 +0100] "GET /img/meno01.gif HTTP/1.1" 200 938 "http://www.dialyse-in-salzwedel.de/seiten/dialyse.htm" "Mozilla/5.0 (Windows NT 6.1; WOW64; Trident/7.0; rv:11.0) like Gecko"
66.249.78.91 - - [05/Jan/2014:15:16:56 +0100] "GET /seiten/start.htm HTTP/1.1" 200 4313 "-" "Mozilla/5.0 (compatible; Googlebot/2.1; +http://www.google.com/bot.html)"
66.249.78.91 - - [05/Jan/2014:15:16:58 +0100] "GET /css/style.css HTTP/1.1" 200 3212 "http://www.dialyse-in-salzwedel.de/" "Mozilla/5.0 (compatible; Googlebot/2.1; +http://www.google.com/bot.html)"
85.25.100.239 - - [05/Jan/2014:15:56:14 +0100] "GET /seiten/impressum.htm HTTP/1.1" 200 6907 "-" "Mozilla/4.0 (compatible; MSIE 6.0; Windows 98; Win 9x4.90)"
66.249.78.91 - - [05/Jan/2014:16:06:53 +0100] "GET /seiten/dialyse.htm HTTP/1.1" 304 - "-" "Mozilla/5.0 (iPhone; CPU iPhone OS 6_0 like Mac OS X) AppleWebKit/536.26 (KHTML, like Gecko) Version/6.0 Mobile/10A5376e Safari/8536.25 (compatible; Googlebot-Mobile/2.1; +http://www.google.com/bot.html)"
93.183.225.174 - - [05/Jan/2014:16:10:30 +0100] "GET /seiten/links.htm HTTP/1.0" 200 5092 "http://www.dialyse-in-salzwedel.de/seiten/links.htm" "Mozilla/5.0 (X11; Linux i686) AppleWebKit/537.11 (KHTML, like Gecko) Chrome/23.0.1271.64 Safari/537.11"
66.249.78.91 - - [05/Jan/2014:16:41:40 +0100] "GET / HTTP/1.1" 200 2301 "-" "Mozilla/5.0 (iPhone; CPU iPhone OS 6_0 like Mac OS X) AppleWebKit/536.26 (KHTML, like Gecko) Version/6.0 Mobile/10A5376e Safari/8536.25 (compatible; Googlebot-Mobile/2.1; +http://www.google.com/bot.html)"
66.249.78.91 - - [05/Jan/2014:16:44:53 +0100] "GET /seiten/start.htm HTTP/1.1" 200 4313 "-" "Mozilla/5.0 (iPhone; CPU iPhone OS 6_0 like Mac OS X) AppleWebKit/536.26 (KHTML, like Gecko) Version/6.0 Mobile/10A5376e Safari/8536.25 (compatible; Googlebot-Mobile/2.1; +http://www.google.com/bot.html)"
157.55.32.236 - - [05/Jan/2014:17:25:42 +0100] "GET /robots.txt HTTP/1.1" 404 1256 "-" "Mozilla/5.0 (compatible; bingbot/2.0; +http://www.bing.com/bingbot.htm)"
157.55.32.236 - - [05/Jan/2014:17:33:01 +0100] "GET /seiten/dialyse.htm HTTP/1.1" 200 4906 "-" "Mozilla/5.0 (compatible; bingbot/2.0; +http://www.bing.com/bingbot.htm)"
157.56.93.41 - - [05/Jan/2014:17:35:47 +0100] "GET /css/style.css HTTP/1.1" 200 3212 "-" "Mozilla/5.0 (compatible; bingbot/2.0; +http://www.bing.com/bingbot.htm)"
157.56.93.41 - - [05/Jan/2014:17:35:47 +0100] "GET /img/lay04.gif HTTP/1.1" 200 272 "-" "Mozilla/5.0 (compatible; bingbot/2.0; +http://www.bing.com/bingbot.htm)"
157.56.93.41 - - [05/Jan/2014:17:35:47 +0100] "GET /img/men07.gif HTTP/1.1" 200 893 "-" "Mozilla/5.0 (compatible; bingbot/2.0; +http://www.bing.com/bingbot.htm)"
157.55.32.236 - - [05/Jan/2014:17:39:20 +0100] "GET /img/men03.gif HTTP/1.1" 200 999 "-" "Mozilla/5.0 (compatible; bingbot/2.0; +http://www.bing.com/bingbot.htm)"
157.56.93.41 - - [05/Jan/2014:17:40:03 +0100] "GET /img/dialyse.jpg HTTP/1.1" 200 21241 "-" "Mozilla/5.0 (compatible; bingbot/2.0; +http://www.bing.com/bingbot.htm)"
157.56.93.41 - - [05/Jan/2014:17:50:42 +0100] "GET /img/bg02.gif HTTP/1.1" 200 67 "-" "Mozilla/5.0 (compatible; bingbot/2.0; +http://www.bing.com/bingbot.htm)"
157.55.32.116 - - [05/Jan/2014:17:55:21 +0100] "GET /img/men08.gif HTTP/1.1" 200 1069 "-" "Mozilla/5.0 (compatible; bingbot/2.0; +http://www.bing.com/bingbot.htm)"
157.55.32.116 - - [05/Jan/2014:17:55:21 +0100] "GET /img/men02.gif HTTP/1.1" 200 758 "-" "Mozilla/5.0 (compatible; bingbot/2.0; +http://www.bing.com/bingbot.htm)"
157.55.35.31 - - [05/Jan/2014:17:55:41 +0100] "GET /img/meno03.gif HTTP/1.1" 200 931 "-" "Mozilla/5.0 (compatible; bingbot/2.0; +http://www.bing.com/bingbot.htm)"
157.55.35.31 - - [05/Jan/2014:18:12:16 +0100] "GET /img/bg03.gif HTTP/1.1" 200 84 "-" "Mozilla/5.0 (compatible; bingbot/2.0; +http://www.bing.com/bingbot.htm)"
157.55.35.31 - - [05/Jan/2014:18:12:16 +0100] "GET /img/lay03.gif HTTP/1.1" 200 253 "-" "Mozilla/5.0 (compatible; bingbot/2.0; +http://www.bing.com/bingbot.htm)"
157.55.35.31 - - [05/Jan/2014:18:12:16 +0100] "GET /img/men06.gif HTTP/1.1" 200 904 "-" "Mozilla/5.0 (compatible; bingbot/2.0; +http://www.bing.com/bingbot.htm)"
199.30.24.239 - - [05/Jan/2014:18:34:21 +0100] "GET /img/head.gif HTTP/1.1" 200 4213 "http://www.dialyse-in-salzwedel.de/seiten/dialyse.htm" "Mozilla/5.0 (Windows NT 6.1; WOW64) AppleWebKit/534+ (KHTML, like Gecko) BingPreview/1.0b"
199.30.20.15 - - [05/Jan/2014:18:57:02 +0100] "GET /robots.txt HTTP/1.1" 404 1256 "-" "msnbot-media/1.1 (+http://search.msn.com/msnbot.htm)"
199.30.20.15 - - [05/Jan/2014:18:57:02 +0100] "GET /img/dialyse.jpg HTTP/1.1" 200 21241 "-" "msnbot-media/1.1 (+http://search.msn.com/msnbot.htm)"
220.181.108.107 - - [05/Jan/2014:19:39:02 +0100] "GET / HTTP/1.1" 200 2301 "-" "Mozilla/5.0 (compatible; Baiduspider/2.0; +http://www.baidu.com/search/spider.html)"
123.125.71.26 - - [05/Jan/2014:19:46:02 +0100] "GET / HTTP/1.1" 200 2301 "-" "Mozilla/5.0 (compatible; Baiduspider/2.0; +http://www.baidu.com/search/spider.html)"
94.153.64.33 - - [05/Jan/2014:19:51:57 +0100] "GET /seiten/news.php HTTP/1.1" 200 4865 "https://itunes.apple.com/us/app/cookies!-i-need-more-cookies!/id723364834" "Mozilla/4.0 (compatible; Powermarks/3.5; Windows 95/98/2000/NT)"
94.153.64.33 - - [05/Jan/2014:19:51:57 +0100] "GET /seiten/news.php HTTP/1.1" 200 4865 "http://afora.ru/" "Mozilla/4.0 (compatible; MSIE 6.0; Windows NT 5.1) Netscape/8.0.4"
94.153.64.33 - - [05/Jan/2014:19:51:57 +0100] "GET /seiten/news.php HTTP/1.1" 200 4865 "https://itunes.apple.com/us/app/cookies!-i-need-more-cookies!/id723364834" "Mozilla/4.0 (compatible; Powermarks/3.5; Windows 95/98/2000/NT)"
94.153.64.33 - - [05/Jan/2014:19:51:57 +0100] "GET /seiten/news.php HTTP/1.1" 200 4865 "http://afora.ru/" "Mozilla/4.0 (compatible; MSIE 6.0; Windows NT 5.1) Netscape/8.0.4"
94.153.64.33 - - [05/Jan/2014:19:51:58 +0100] "GET /seiten/news.php HTTP/1.1" 200 4865 "https://itunes.apple.com/us/app/cookies!-i-need-more-cookies!/id723364834" "Mozilla/4.0 (compatible; Powermarks/3.5; Windows 95/98/2000/NT)"
94.153.64.33 - - [05/Jan/2014:19:51:58 +0100] "GET /seiten/news.php HTTP/1.1" 200 4865 "http://afora.ru/" "Mozilla/4.0 (compatible; MSIE 6.0; Windows NT 5.1) Netscape/8.0.4"
157.55.32.236 - - [05/Jan/2014:20:03:07 +0100] "GET /robots.txt HTTP/1.1" 404 1256 "-" "Mozilla/5.0 (compatible; bingbot/2.0; +http://www.bing.com/bingbot.htm)"
157.55.32.236 - - [05/Jan/2014:20:25:11 +0100] "GET / HTTP/1.1" 200 2301 "-" "Mozilla/5.0 (compatible; bingbot/2.0; +http://www.bing.com/bingbot.htm)"
66.249.78.91 - - [05/Jan/2014:21:18:55 +0100] "GET /seiten/praxis.htm HTTP/1.1" 304 - "-" "Mozilla/5.0 (iPhone; CPU iPhone OS 6_0 like Mac OS X) AppleWebKit/536.26 (KHTML, like Gecko) Version/6.0 Mobile/10A5376e Safari/8536.25 (compatible; Googlebot-Mobile/2.1; +http://www.google.com/bot.html)"
188.138.41.175 - - [05/Jan/2014:22:13:37 +0100] "GET / HTTP/1.1" 200 2301 "-" "Mozilla/5.0 (X11; U; Linux i686; en-US; rv:1.9.0.1) Gecko/2008070206 Firefox/3.0.1"
188.138.41.175 - - [05/Jan/2014:22:13:37 +0100] "GET /seiten/kontakt.htm HTTP/1.1" 200 5472 "-" "Mozilla/5.0 (X11; U; Linux i686; en-US; rv:1.9.0.1) Gecko/2008070206 Firefox/3.0.1"
157.56.93.41 - - [05/Jan/2014:22:55:14 +0100] "GET /robots.txt HTTP/1.1" 404 1256 "-" "Mozilla/5.0 (compatible; bingbot/2.0; +http://www.bing.com/bingbot.htm)"
178.137.92.166 - - [06/Jan/2014:00:43:56 +0100] "GET /seiten/news.php HTTP/1.1" 200 4865 "http://buy-tramadolonline.org/" "Mozilla/4.0 (compatible; MSIE 6.0; Windows NT 5.1) Netscape/8.0.4"
178.137.92.166 - - [06/Jan/2014:00:43:56 +0100] "GET /seiten/news.php HTTP/1.1" 200 4865 "http://buy-tramadolonline.org/" "Mozilla/4.0 (compatible; MSIE 6.0; Windows NT 5.1) Netscape/8.0.4"
