79.198.168.182 - - [08/May/2013:22:34:27 +0200] "GET /img/meno07.gif HTTP/1.1" 200 1052 "http://www.dialyse-in-salzwedel.de/seiten/dialyse.htm" "Mozilla/5.0 (compatible; MSIE 9.0; Windows NT 6.1; WOW64; Trident/5.0)"
79.198.168.182 - - [08/May/2013:22:34:29 +0200] "GET /seiten/impressum.htm HTTP/1.1" 200 6907 "http://www.dialyse-in-salzwedel.de/seiten/dialyse.htm" "Mozilla/5.0 (compatible; MSIE 9.0; Windows NT 6.1; WOW64; Trident/5.0)"
79.198.168.182 - - [08/May/2013:22:34:34 +0200] "GET /img/meno06.gif HTTP/1.1" 200 1054 "http://www.dialyse-in-salzwedel.de/seiten/impressum.htm" "Mozilla/5.0 (compatible; MSIE 9.0; Windows NT 6.1; WOW64; Trident/5.0)"
79.198.168.182 - - [08/May/2013:22:34:34 +0200] "GET /img/meno05.gif HTTP/1.1" 200 788 "http://www.dialyse-in-salzwedel.de/seiten/impressum.htm" "Mozilla/5.0 (compatible; MSIE 9.0; Windows NT 6.1; WOW64; Trident/5.0)"
139.18.2.209 - - [08/May/2013:22:36:01 +0200] "GET / HTTP/1.1" 200 2301 "-" "findlinks/2.6 (+http://wortschatz.uni-leipzig.de/findlinks/)"
157.55.33.111 - - [08/May/2013:22:37:28 +0200] "GET /seiten/dialyse.htm HTTP/1.1" 200 4906 "-" "Mozilla/5.0 (compatible; bingbot/2.0; +http://www.bing.com/bingbot.htm)"
157.56.92.172 - - [08/May/2013:22:43:29 +0200] "GET / HTTP/1.1" 200 2301 "-" "Mozilla/5.0 (compatible; bingbot/2.0; +http://www.bing.com/bingbot.htm)"
157.55.32.108 - - [08/May/2013:22:48:00 +0200] "GET /seiten/news.php HTTP/1.1" 200 4865 "-" "Mozilla/5.0 (compatible; bingbot/2.0; +http://www.bing.com/bingbot.htm)"
157.55.36.35 - - [08/May/2013:23:35:11 +0200] "GET /robots.txt HTTP/1.1" 404 1256 "-" "Mozilla/5.0 (compatible; bingbot/2.0; +http://www.bing.com/bingbot.htm)"
157.55.36.35 - - [08/May/2013:23:38:39 +0200] "GET /seiten/links.htm HTTP/1.1" 304 - "-" "Mozilla/5.0 (compatible; bingbot/2.0; +http://www.bing.com/bingbot.htm)"
178.255.21.181 - - [09/May/2013:00:22:49 +0200] "GET / HTTP/1.1" 200 2301 "http://www.google.de/url?sa=t&rct=j&q=nevrologe%20salzwedel&source=web&cd=1&ved=0CDEQFjAA&url=http%3A%2F%2Fwww.dialyse-in-salzwedel.de%2F&ei=6s-KUanMG-mI7AajlIDoBg&usg=AFQjCNHBZzdzRK6NkOJc_vuRxJ6F08FD_w&bvm=bv.46226182,d.d2k" "Mozilla/5.0 (Windows NT 6.1; WOW64; rv:20.0) Gecko/20100101 Firefox/20.0"
178.255.21.181 - - [09/May/2013:00:22:49 +0200] "GET /scripte/basics.js HTTP/1.1" 200 1078 "http://www.dialyse-in-salzwedel.de/" "Mozilla/5.0 (Windows NT 6.1; WOW64; rv:20.0) Gecko/20100101 Firefox/20.0"
178.255.21.181 - - [09/May/2013:00:22:49 +0200] "GET /css/style.css HTTP/1.1" 200 3212 "http://www.dialyse-in-salzwedel.de/" "Mozilla/5.0 (Windows NT 6.1; WOW64; rv:20.0) Gecko/20100101 Firefox/20.0"
178.255.21.181 - - [09/May/2013:00:22:49 +0200] "GET /favicon.ico HTTP/1.1" 404 1256 "-" "Mozilla/5.0 (Windows NT 6.1; WOW64; rv:20.0) Gecko/20100101 Firefox/20.0"
178.255.21.181 - - [09/May/2013:00:22:49 +0200] "GET /seiten/start.htm HTTP/1.1" 200 4313 "http://www.dialyse-in-salzwedel.de/" "Mozilla/5.0 (Windows NT 6.1; WOW64; rv:20.0) Gecko/20100101 Firefox/20.0"
178.255.21.181 - - [09/May/2013:00:22:49 +0200] "GET /favicon.ico HTTP/1.1" 404 1256 "-" "Mozilla/5.0 (Windows NT 6.1; WOW64; rv:20.0) Gecko/20100101 Firefox/20.0"
178.255.21.181 - - [09/May/2013:00:22:49 +0200] "GET /img/head.gif HTTP/1.1" 200 4213 "http://www.dialyse-in-salzwedel.de/seiten/start.htm" "Mozilla/5.0 (Windows NT 6.1; WOW64; rv:20.0) Gecko/20100101 Firefox/20.0"
178.255.21.181 - - [09/May/2013:00:22:49 +0200] "GET /img/men01.gif HTTP/1.1" 200 702 "http://www.dialyse-in-salzwedel.de/seiten/start.htm" "Mozilla/5.0 (Windows NT 6.1; WOW64; rv:20.0) Gecko/20100101 Firefox/20.0"
178.255.21.181 - - [09/May/2013:00:22:49 +0200] "GET /img/men03.gif HTTP/1.1" 200 999 "http://www.dialyse-in-salzwedel.de/seiten/start.htm" "Mozilla/5.0 (Windows NT 6.1; WOW64; rv:20.0) Gecko/20100101 Firefox/20.0"
178.255.21.181 - - [09/May/2013:00:22:49 +0200] "GET /img/men04.gif HTTP/1.1" 200 1234 "http://www.dialyse-in-salzwedel.de/seiten/start.htm" "Mozilla/5.0 (Windows NT 6.1; WOW64; rv:20.0) Gecko/20100101 Firefox/20.0"
178.255.21.181 - - [09/May/2013:00:22:49 +0200] "GET /img/men05.gif HTTP/1.1" 200 1042 "http://www.dialyse-in-salzwedel.de/seiten/start.htm" "Mozilla/5.0 (Windows NT 6.1; WOW64; rv:20.0) Gecko/20100101 Firefox/20.0"
178.255.21.181 - - [09/May/2013:00:22:49 +0200] "GET /img/men06.gif HTTP/1.1" 200 904 "http://www.dialyse-in-salzwedel.de/seiten/start.htm" "Mozilla/5.0 (Windows NT 6.1; WOW64; rv:20.0) Gecko/20100101 Firefox/20.0"
178.255.21.181 - - [09/May/2013:00:22:49 +0200] "GET /img/men07.gif HTTP/1.1" 200 893 "http://www.dialyse-in-salzwedel.de/seiten/start.htm" "Mozilla/5.0 (Windows NT 6.1; WOW64; rv:20.0) Gecko/20100101 Firefox/20.0"
178.255.21.181 - - [09/May/2013:00:22:49 +0200] "GET /img/men08.gif HTTP/1.1" 200 1069 "http://www.dialyse-in-salzwedel.de/seiten/start.htm" "Mozilla/5.0 (Windows NT 6.1; WOW64; rv:20.0) Gecko/20100101 Firefox/20.0"
178.255.21.181 - - [09/May/2013:00:22:49 +0200] "GET /img/men09.gif HTTP/1.1" 200 1200 "http://www.dialyse-in-salzwedel.de/seiten/start.htm" "Mozilla/5.0 (Windows NT 6.1; WOW64; rv:20.0) Gecko/20100101 Firefox/20.0"
178.255.21.181 - - [09/May/2013:00:22:49 +0200] "GET /img/men02.gif HTTP/1.1" 200 758 "http://www.dialyse-in-salzwedel.de/seiten/start.htm" "Mozilla/5.0 (Windows NT 6.1; WOW64; rv:20.0) Gecko/20100101 Firefox/20.0"
178.255.21.181 - - [09/May/2013:00:22:49 +0200] "GET /img/lay01.gif HTTP/1.1" 200 149 "http://www.dialyse-in-salzwedel.de/seiten/start.htm" "Mozilla/5.0 (Windows NT 6.1; WOW64; rv:20.0) Gecko/20100101 Firefox/20.0"
178.255.21.181 - - [09/May/2013:00:22:49 +0200] "GET /img/lay02.gif HTTP/1.1" 200 153 "http://www.dialyse-in-salzwedel.de/seiten/start.htm" "Mozilla/5.0 (Windows NT 6.1; WOW64; rv:20.0) Gecko/20100101 Firefox/20.0"
178.255.21.181 - - [09/May/2013:00:22:49 +0200] "GET /img/start.jpg HTTP/1.1" 200 18933 "http://www.dialyse-in-salzwedel.de/seiten/start.htm" "Mozilla/5.0 (Windows NT 6.1; WOW64; rv:20.0) Gecko/20100101 Firefox/20.0"
178.255.21.181 - - [09/May/2013:00:22:49 +0200] "GET /img/lay03.gif HTTP/1.1" 200 253 "http://www.dialyse-in-salzwedel.de/seiten/start.htm" "Mozilla/5.0 (Windows NT 6.1; WOW64; rv:20.0) Gecko/20100101 Firefox/20.0"
178.255.21.181 - - [09/May/2013:00:22:49 +0200] "GET /img/1px.gif HTTP/1.1" 200 43 "http://www.dialyse-in-salzwedel.de/seiten/start.htm" "Mozilla/5.0 (Windows NT 6.1; WOW64; rv:20.0) Gecko/20100101 Firefox/20.0"
178.255.21.181 - - [09/May/2013:00:22:49 +0200] "GET /img/bg01.gif HTTP/1.1" 200 70 "http://www.dialyse-in-salzwedel.de/seiten/start.htm" "Mozilla/5.0 (Windows NT 6.1; WOW64; rv:20.0) Gecko/20100101 Firefox/20.0"
178.255.21.181 - - [09/May/2013:00:22:49 +0200] "GET /img/bg02.gif HTTP/1.1" 200 67 "http://www.dialyse-in-salzwedel.de/seiten/start.htm" "Mozilla/5.0 (Windows NT 6.1; WOW64; rv:20.0) Gecko/20100101 Firefox/20.0"
178.255.21.181 - - [09/May/2013:00:22:49 +0200] "GET /img/bg03.gif HTTP/1.1" 200 84 "http://www.dialyse-in-salzwedel.de/seiten/start.htm" "Mozilla/5.0 (Windows NT 6.1; WOW64; rv:20.0) Gecko/20100101 Firefox/20.0"
178.255.21.181 - - [09/May/2013:00:22:49 +0200] "GET /img/bg04.gif HTTP/1.1" 200 92 "http://www.dialyse-in-salzwedel.de/seiten/start.htm" "Mozilla/5.0 (Windows NT 6.1; WOW64; rv:20.0) Gecko/20100101 Firefox/20.0"
178.255.21.181 - - [09/May/2013:00:22:49 +0200] "GET /img/lay04.gif HTTP/1.1" 200 272 "http://www.dialyse-in-salzwedel.de/seiten/start.htm" "Mozilla/5.0 (Windows NT 6.1; WOW64; rv:20.0) Gecko/20100101 Firefox/20.0"
178.255.21.181 - - [09/May/2013:00:22:54 +0200] "GET /img/meno05.gif HTTP/1.1" 200 788 "http://www.dialyse-in-salzwedel.de/seiten/start.htm" "Mozilla/5.0 (Windows NT 6.1; WOW64; rv:20.0) Gecko/20100101 Firefox/20.0"
178.255.21.181 - - [09/May/2013:00:22:54 +0200] "GET /img/meno04.gif HTTP/1.1" 200 727 "http://www.dialyse-in-salzwedel.de/seiten/start.htm" "Mozilla/5.0 (Windows NT 6.1; WOW64; rv:20.0) Gecko/20100101 Firefox/20.0"
178.255.21.181 - - [09/May/2013:00:23:08 +0200] "GET /img/meno05.gif HTTP/1.1" 200 788 "http://www.dialyse-in-salzwedel.de/seiten/start.htm" "Mozilla/5.0 (Windows NT 6.1; WOW64; rv:20.0) Gecko/20100101 Firefox/20.0"
178.255.21.181 - - [09/May/2013:00:23:08 +0200] "GET /img/meno04.gif HTTP/1.1" 200 727 "http://www.dialyse-in-salzwedel.de/seiten/start.htm" "Mozilla/5.0 (Windows NT 6.1; WOW64; rv:20.0) Gecko/20100101 Firefox/20.0"
178.255.21.181 - - [09/May/2013:00:23:08 +0200] "GET /img/meno03.gif HTTP/1.1" 200 931 "http://www.dialyse-in-salzwedel.de/seiten/start.htm" "Mozilla/5.0 (Windows NT 6.1; WOW64; rv:20.0) Gecko/20100101 Firefox/20.0"
178.255.21.181 - - [09/May/2013:00:23:08 +0200] "GET /img/meno02.gif HTTP/1.1" 200 1200 "http://www.dialyse-in-salzwedel.de/seiten/start.htm" "Mozilla/5.0 (Windows NT 6.1; WOW64; rv:20.0) Gecko/20100101 Firefox/20.0"
178.255.21.181 - - [09/May/2013:00:23:08 +0200] "GET /img/meno01.gif HTTP/1.1" 200 938 "http://www.dialyse-in-salzwedel.de/seiten/start.htm" "Mozilla/5.0 (Windows NT 6.1; WOW64; rv:20.0) Gecko/20100101 Firefox/20.0"
178.255.21.181 - - [09/May/2013:00:23:09 +0200] "GET /seiten/praxis.htm HTTP/1.1" 200 5018 "http://www.dialyse-in-salzwedel.de/seiten/start.htm" "Mozilla/5.0 (Windows NT 6.1; WOW64; rv:20.0) Gecko/20100101 Firefox/20.0"
178.255.21.181 - - [09/May/2013:00:23:10 +0200] "GET /img/praxis.jpg HTTP/1.1" 200 13082 "http://www.dialyse-in-salzwedel.de/seiten/praxis.htm" "Mozilla/5.0 (Windows NT 6.1; WOW64; rv:20.0) Gecko/20100101 Firefox/20.0"
178.255.21.181 - - [09/May/2013:00:23:57 +0200] "GET /img/meno05.gif HTTP/1.1" 200 788 "http://www.dialyse-in-salzwedel.de/seiten/praxis.htm" "Mozilla/5.0 (Windows NT 6.1; WOW64; rv:20.0) Gecko/20100101 Firefox/20.0"
178.255.21.181 - - [09/May/2013:00:23:58 +0200] "GET /img/meno06.gif HTTP/1.1" 200 1054 "http://www.dialyse-in-salzwedel.de/seiten/praxis.htm" "Mozilla/5.0 (Windows NT 6.1; WOW64; rv:20.0) Gecko/20100101 Firefox/20.0"
178.255.21.181 - - [09/May/2013:00:23:59 +0200] "GET /img/meno07.gif HTTP/1.1" 200 1052 "http://www.dialyse-in-salzwedel.de/seiten/praxis.htm" "Mozilla/5.0 (Windows NT 6.1; WOW64; rv:20.0) Gecko/20100101 Firefox/20.0"
178.255.21.181 - - [09/May/2013:00:24:00 +0200] "GET /seiten/kontakt.htm HTTP/1.1" 200 5472 "http://www.dialyse-in-salzwedel.de/seiten/praxis.htm" "Mozilla/5.0 (Windows NT 6.1; WOW64; rv:20.0) Gecko/20100101 Firefox/20.0"
85.25.120.73 - - [09/May/2013:02:29:23 +0200] "GET / HTTP/1.1" 200 2301 "-" "Mozilla/5.0 (X11; U; Linux i686; en-US; rv:1.9.0.1) Gecko/2008070206 Firefox/3.0.1"
85.25.120.73 - - [09/May/2013:02:29:23 +0200] "GET /seiten/kontakt.htm HTTP/1.1" 200 5472 "-" "Mozilla/5.0 (X11; U; Linux i686; en-US; rv:1.9.0.1) Gecko/2008070206 Firefox/3.0.1"
157.56.92.153 - - [09/May/2013:03:39:00 +0200] "GET /robots.txt HTTP/1.1" 404 1256 "-" "Mozilla/5.0 (compatible; bingbot/2.0; +http://www.bing.com/bingbot.htm)"
157.56.92.153 - - [09/May/2013:03:40:34 +0200] "GET /seiten/start.htm HTTP/1.1" 200 4313 "-" "Mozilla/5.0 (compatible; bingbot/2.0; +http://www.bing.com/bingbot.htm)"
123.125.71.46 - - [09/May/2013:03:48:21 +0200] "GET / HTTP/1.1" 200 2301 "-" "Mozilla/5.0 (compatible; Baiduspider/2.0; +http://www.baidu.com/search/spider.html)"
220.181.108.81 - - [09/May/2013:03:49:09 +0200] "GET / HTTP/1.1" 200 2301 "-" "Mozilla/5.0 (compatible; Baiduspider/2.0; +http://www.baidu.com/search/spider.html)"
139.18.2.209 - - [09/May/2013:04:14:21 +0200] "GET /seiten/links.htm HTTP/1.1" 200 5092 "-" "findlinks/2.6 (+http://wortschatz.uni-leipzig.de/findlinks/)"
157.55.32.236 - - [09/May/2013:04:24:15 +0200] "GET /seiten/kont_form.php HTTP/1.1" 200 6397 "-" "Mozilla/5.0 (compatible; bingbot/2.0; +http://www.bing.com/bingbot.htm)"
123.125.71.24 - - [09/May/2013:04:41:55 +0200] "GET / HTTP/1.1" 200 2301 "-" "Mozilla/5.0 (compatible; Baiduspider/2.0; +http://www.baidu.com/search/spider.html)"
220.181.108.78 - - [09/May/2013:04:42:45 +0200] "GET / HTTP/1.1" 200 2301 "-" "Mozilla/5.0 (compatible; Baiduspider/2.0; +http://www.baidu.com/search/spider.html)"
208.115.113.82 - - [09/May/2013:07:48:09 +0200] "GET /robots.txt HTTP/1.1" 404 1256 "-" "Mozilla/5.0 (compatible; Ezooms/1.0; ezooms.bot@gmail.com)"
157.56.92.172 - - [09/May/2013:08:11:52 +0200] "GET /robots.txt HTTP/1.1" 404 1256 "-" "Mozilla/5.0 (compatible; bingbot/2.0; +http://www.bing.com/bingbot.htm)"
157.56.92.172 - - [09/May/2013:08:13:52 +0200] "GET / HTTP/1.1" 200 2301 "-" "Mozilla/5.0 (compatible; bingbot/2.0; +http://www.bing.com/bingbot.htm)"
130.83.167.153 - - [09/May/2013:09:09:53 +0200] "GET /seiten/kontakt.htm HTTP/1.1" 200 5472 "-" "findlinks/2.6 (+http://wortschatz.uni-leipzig.de/findlinks/)"
141.8.147.12 - - [09/May/2013:09:27:22 +0200] "GET /robots.txt HTTP/1.1" 404 1256 "-" "Mozilla/5.0 (compatible; YandexBot/3.0; +http://yandex.com/bots)"
208.115.113.82 - - [09/May/2013:09:59:41 +0200] "GET /seiten/kontakt.htm HTTP/1.1" 200 5472 "-" "Mozilla/5.0 (compatible; Ezooms/1.0; ezooms.bot@gmail.com)"
208.80.194.149 - - [09/May/2013:10:42:57 +0200] "GET / HTTP/1.0" 200 2301 "-" "Mozilla/5.0 (Windows NT 5.1) Gecko/20100101 Firefox/5.0"
208.80.194.159 - - [09/May/2013:11:46:56 +0200] "GET / HTTP/1.1" 200 2301 "-" "Mozilla/4.0 (compatible; MSIE 6.0; Windows NT 5.1; SV1; .NET CLR 1.1.4322; .NET CLR 2.0.50728)"
66.249.78.91 - - [09/May/2013:12:47:25 +0200] "GET /robots.txt HTTP/1.1" 404 1256 "-" "Mozilla/5.0 (compatible; Googlebot/2.1; +http://www.google.com/bot.html)"
66.249.78.91 - - [09/May/2013:12:47:25 +0200] "GET /seiten/start.htm HTTP/1.1" 304 - "-" "Mozilla/5.0 (compatible; Googlebot/2.1; +http://www.google.com/bot.html)"
141.8.147.12 - - [09/May/2013:15:53:27 +0200] "GET / HTTP/1.1" 200 2301 "-" "Mozilla/5.0 (compatible; YandexBot/3.0; +http://yandex.com/bots)"
201.229.15.14 - - [09/May/2013:18:17:53 +0200] "GET /img/dialyse.jpg HTTP/1.1" 200 21241 "-" "Mozilla/5.0 (Windows NT 6.1; WOW64) AppleWebKit/537.36 (KHTML, like Gecko) Chrome/27.0.1453.15 Safari/537.36"
139.18.2.209 - - [09/May/2013:18:20:20 +0200] "GET /seiten/leistungen.htm HTTP/1.1" 200 5060 "-" "findlinks/2.6 (+http://wortschatz.uni-leipzig.de/findlinks/)"
130.83.167.153 - - [09/May/2013:18:55:45 +0200] "GET /seiten/praxis.htm HTTP/1.1" 200 5018 "-" "findlinks/2.6 (+http://wortschatz.uni-leipzig.de/findlinks/)"
130.83.167.153 - - [09/May/2013:18:59:38 +0200] "GET /seiten/news.php HTTP/1.1" 200 4865 "-" "findlinks/2.6 (+http://wortschatz.uni-leipzig.de/findlinks/)"
141.8.147.12 - - [09/May/2013:19:29:22 +0200] "GET /robots.txt HTTP/1.1" 404 1256 "-" "Mozilla/5.0 (compatible; YandexBot/3.0; +http://yandex.com/bots)"
157.56.92.172 - - [09/May/2013:19:30:07 +0200] "GET /robots.txt HTTP/1.1" 404 1256 "-" "Mozilla/5.0 (compatible; bingbot/2.0; +http://www.bing.com/bingbot.htm)"
157.56.92.172 - - [09/May/2013:19:32:01 +0200] "GET / HTTP/1.1" 200 2301 "-" "Mozilla/5.0 (compatible; bingbot/2.0; +http://www.bing.com/bingbot.htm)"
139.18.2.209 - - [09/May/2013:21:49:30 +0200] "GET /seiten/kont_form.php HTTP/1.1" 200 6397 "-" "findlinks/2.6 (+http://wortschatz.uni-leipzig.de/findlinks/)"
130.83.167.153 - - [09/May/2013:22:00:19 +0200] "GET /seiten/start.htm HTTP/1.1" 200 4313 "-" "findlinks/2.6 (+http://wortschatz.uni-leipzig.de/findlinks/)"
2.129.161.185 - - [09/May/2013:22:04:08 +0200] "GET /img/dialyse.jpg HTTP/1.1" 200 21241 "http://www.google.dk/search?q=dialyse&source=lnms&tbm=isch&sa=X&ei=IwCMUaiBJciL4ATxsYDQDw&ved=0CAgQ_AUoAQ&biw=320&bih=504" "Mozilla/5.0 (iPhone; CPU iPhone OS 6_1_3 like Mac OS X) AppleWebKit/536.26 (KHTML, like Gecko) Version/6.0 Mobile/10B329 Safari/8536.25"
130.83.167.153 - - [09/May/2013:22:38:02 +0200] "GET /seiten/impressum.htm HTTP/1.1" 200 6907 "-" "findlinks/2.6 (+http://wortschatz.uni-leipzig.de/findlinks/)"
66.249.78.91 - - [09/May/2013:23:17:55 +0200] "GET /robots.txt HTTP/1.1" 404 1256 "-" "Mozilla/5.0 (compatible; Googlebot/2.1; +http://www.google.com/bot.html)"
66.249.75.109 - - [09/May/2013:23:17:55 +0200] "GET /seiten/links.htm HTTP/1.1" 200 5092 "-" "DoCoMo/2.0 N905i(c100;TB;W24H16) (compatible; Googlebot-Mobile/2.1; +http://www.google.com/bot.html)"
141.8.147.12 - - [10/May/2013:00:54:58 +0200] "GET /img/head.gif HTTP/1.1" 304 - "-" "Mozilla/5.0 (compatible; YandexImages/3.0; +http://yandex.com/bots)"
66.249.78.91 - - [10/May/2013:01:29:47 +0200] "GET / HTTP/1.1" 200 2301 "-" "Mozilla/5.0 (compatible; Googlebot/2.1; +http://www.google.com/bot.html)"
66.249.78.91 - - [10/May/2013:01:32:39 +0200] "GET /css/style.css HTTP/1.1" 200 3212 "-" "Mozilla/5.0 (compatible; Googlebot/2.1; +http://www.google.com/bot.html)"
66.249.78.91 - - [10/May/2013:01:37:23 +0200] "GET /seiten/start.htm HTTP/1.1" 304 - "-" "Mozilla/5.0 (iPhone; U; CPU iPhone OS 4_1 like Mac OS X; en-us) AppleWebKit/532.9 (KHTML, like Gecko) Version/4.0.5 Mobile/8B117 Safari/6531.22.7 (compatible; Googlebot-Mobile/2.1; +http://www.google.com/bot.html)"
199.30.20.60 - - [10/May/2013:02:27:31 +0200] "GET /robots.txt HTTP/1.1" 404 1256 "-" "msnbot-media/1.1 (+http://search.msn.com/msnbot.htm)"
199.30.20.60 - - [10/May/2013:02:27:31 +0200] "GET /img/lay04.gif HTTP/1.1" 200 272 "-" "msnbot-media/1.1 (+http://search.msn.com/msnbot.htm)"
66.249.75.109 - - [10/May/2013:02:28:31 +0200] "GET / HTTP/1.1" 200 2301 "-" "DoCoMo/2.0 N905i(c100;TB;W24H16) (compatible; Googlebot-Mobile/2.1; +http://www.google.com/bot.html)"
66.249.78.91 - - [10/May/2013:02:36:10 +0200] "GET /seiten/impressum.htm HTTP/1.1" 304 - "-" "Mozilla/5.0 (iPhone; U; CPU iPhone OS 4_1 like Mac OS X; en-us) AppleWebKit/532.9 (KHTML, like Gecko) Version/4.0.5 Mobile/8B117 Safari/6531.22.7 (compatible; Googlebot-Mobile/2.1; +http://www.google.com/bot.html)"
65.55.215.88 - - [10/May/2013:02:46:38 +0200] "GET /robots.txt HTTP/1.1" 404 1256 "-" "msnbot-media/1.1 (+http://search.msn.com/msnbot.htm)"
65.55.215.88 - - [10/May/2013:02:46:39 +0200] "GET /img/men08.gif HTTP/1.1" 200 1069 "-" "msnbot-media/1.1 (+http://search.msn.com/msnbot.htm)"
66.249.75.109 - - [10/May/2013:02:57:28 +0200] "GET /seiten/impressum.htm HTTP/1.1" 304 - "-" "Mozilla/5.0 (iPhone; U; CPU iPhone OS 4_1 like Mac OS X; en-us) AppleWebKit/532.9 (KHTML, like Gecko) Version/4.0.5 Mobile/8B117 Safari/6531.22.7 (compatible; Googlebot-Mobile/2.1; +http://www.google.com/bot.html)"
123.125.71.54 - - [10/May/2013:04:42:36 +0200] "GET / HTTP/1.1" 200 2301 "-" "Mozilla/5.0 (compatible; Baiduspider/2.0; +http://www.baidu.com/search/spider.html)"
220.181.108.107 - - [10/May/2013:04:43:28 +0200] "GET / HTTP/1.1" 200 2301 "-" "Mozilla/5.0 (compatible; Baiduspider/2.0; +http://www.baidu.com/search/spider.html)"
199.30.16.48 - - [10/May/2013:05:40:31 +0200] "GET /robots.txt HTTP/1.1" 404 1256 "-" "msnbot-media/1.1 (+http://search.msn.com/msnbot.htm)"
199.30.16.48 - - [10/May/2013:05:40:32 +0200] "GET /img/men05.gif HTTP/1.1" 200 1042 "-" "msnbot-media/1.1 (+http://search.msn.com/msnbot.htm)"
157.56.92.172 - - [10/May/2013:07:11:00 +0200] "GET /robots.txt HTTP/1.1" 404 1256 "-" "Mozilla/5.0 (compatible; bingbot/2.0; +http://www.bing.com/bingbot.htm)"
157.56.92.172 - - [10/May/2013:07:13:24 +0200] "GET / HTTP/1.1" 200 2301 "-" "Mozilla/5.0 (compatible; bingbot/2.0; +http://www.bing.com/bingbot.htm)"
199.30.20.76 - - [10/May/2013:07:19:18 +0200] "GET /robots.txt HTTP/1.1" 404 1256 "-" "msnbot-media/1.1 (+http://search.msn.com/msnbot.htm)"
199.30.20.76 - - [10/May/2013:07:19:18 +0200] "GET /img/lay03.gif HTTP/1.1" 200 253 "-" "msnbot-media/1.1 (+http://search.msn.com/msnbot.htm)"
139.18.2.209 - - [10/May/2013:07:59:39 +0200] "GET /seiten/news.php HTTP/1.1" 200 4865 "-" "findlinks/2.6 (+http://wortschatz.uni-leipzig.de/findlinks/)"
87.139.121.22 - - [10/May/2013:11:48:42 +0200] "GET /seiten/praxis.htm HTTP/1.1" 200 5018 "http://www.google.de/url?sa=t&rct=j&q=dialyse%20salzwedel&source=web&cd=2&ved=0CDoQjBAwAQ&url=http%3A%2F%2Fwww.dialyse-in-salzwedel.de%2Fseiten%2Fpraxis.htm&ei=PMKMUaGRNMfXtQbAnIHABQ&usg=AFQjCNFqeSWEy_XnvhEqPi-eg1VDqcpcVg&bvm=bv.46340616,d.Yms" "Mozilla/5.0 (Windows NT 6.1; WOW64) AppleWebKit/537.31 (KHTML, like Gecko) Chrome/26.0.1410.64 Safari/537.31"
87.139.121.22 - - [10/May/2013:11:48:42 +0200] "GET /css/style.css HTTP/1.1" 200 3212 "http://www.dialyse-in-salzwedel.de/seiten/praxis.htm" "Mozilla/5.0 (Windows NT 6.1; WOW64) AppleWebKit/537.31 (KHTML, like Gecko) Chrome/26.0.1410.64 Safari/537.31"
87.139.121.22 - - [10/May/2013:11:48:42 +0200] "GET /scripte/basics.js HTTP/1.1" 200 1078 "http://www.dialyse-in-salzwedel.de/seiten/praxis.htm" "Mozilla/5.0 (Windows NT 6.1; WOW64) AppleWebKit/537.31 (KHTML, like Gecko) Chrome/26.0.1410.64 Safari/537.31"
87.139.121.22 - - [10/May/2013:11:48:42 +0200] "GET /img/head.gif HTTP/1.1" 200 4213 "http://www.dialyse-in-salzwedel.de/seiten/praxis.htm" "Mozilla/5.0 (Windows NT 6.1; WOW64) AppleWebKit/537.31 (KHTML, like Gecko) Chrome/26.0.1410.64 Safari/537.31"
87.139.121.22 - - [10/May/2013:11:48:42 +0200] "GET /img/men01.gif HTTP/1.1" 200 702 "http://www.dialyse-in-salzwedel.de/seiten/praxis.htm" "Mozilla/5.0 (Windows NT 6.1; WOW64) AppleWebKit/537.31 (KHTML, like Gecko) Chrome/26.0.1410.64 Safari/537.31"
87.139.121.22 - - [10/May/2013:11:48:42 +0200] "GET /img/meno01.gif HTTP/1.1" 200 938 "http://www.dialyse-in-salzwedel.de/seiten/praxis.htm" "Mozilla/5.0 (Windows NT 6.1; WOW64) AppleWebKit/537.31 (KHTML, like Gecko) Chrome/26.0.1410.64 Safari/537.31"
87.139.121.22 - - [10/May/2013:11:48:42 +0200] "GET /img/men04.gif HTTP/1.1" 200 1234 "http://www.dialyse-in-salzwedel.de/seiten/praxis.htm" "Mozilla/5.0 (Windows NT 6.1; WOW64) AppleWebKit/537.31 (KHTML, like Gecko) Chrome/26.0.1410.64 Safari/537.31"
87.139.121.22 - - [10/May/2013:11:48:42 +0200] "GET /img/men05.gif HTTP/1.1" 200 1042 "http://www.dialyse-in-salzwedel.de/seiten/praxis.htm" "Mozilla/5.0 (Windows NT 6.1; WOW64) AppleWebKit/537.31 (KHTML, like Gecko) Chrome/26.0.1410.64 Safari/537.31"
87.139.121.22 - - [10/May/2013:11:48:42 +0200] "GET /img/men06.gif HTTP/1.1" 200 904 "http://www.dialyse-in-salzwedel.de/seiten/praxis.htm" "Mozilla/5.0 (Windows NT 6.1; WOW64) AppleWebKit/537.31 (KHTML, like Gecko) Chrome/26.0.1410.64 Safari/537.31"
87.139.121.22 - - [10/May/2013:11:48:42 +0200] "GET /img/men07.gif HTTP/1.1" 200 893 "http://www.dialyse-in-salzwedel.de/seiten/praxis.htm" "Mozilla/5.0 (Windows NT 6.1; WOW64) AppleWebKit/537.31 (KHTML, like Gecko) Chrome/26.0.1410.64 Safari/537.31"
87.139.121.22 - - [10/May/2013:11:48:42 +0200] "GET /img/men08.gif HTTP/1.1" 200 1069 "http://www.dialyse-in-salzwedel.de/seiten/praxis.htm" "Mozilla/5.0 (Windows NT 6.1; WOW64) AppleWebKit/537.31 (KHTML, like Gecko) Chrome/26.0.1410.64 Safari/537.31"
87.139.121.22 - - [10/May/2013:11:48:42 +0200] "GET /img/men09.gif HTTP/1.1" 200 1200 "http://www.dialyse-in-salzwedel.de/seiten/praxis.htm" "Mozilla/5.0 (Windows NT 6.1; WOW64) AppleWebKit/537.31 (KHTML, like Gecko) Chrome/26.0.1410.64 Safari/537.31"
87.139.121.22 - - [10/May/2013:11:48:42 +0200] "GET /img/men02.gif HTTP/1.1" 200 758 "http://www.dialyse-in-salzwedel.de/seiten/praxis.htm" "Mozilla/5.0 (Windows NT 6.1; WOW64) AppleWebKit/537.31 (KHTML, like Gecko) Chrome/26.0.1410.64 Safari/537.31"
87.139.121.22 - - [10/May/2013:11:48:42 +0200] "GET /img/lay01.gif HTTP/1.1" 200 149 "http://www.dialyse-in-salzwedel.de/seiten/praxis.htm" "Mozilla/5.0 (Windows NT 6.1; WOW64) AppleWebKit/537.31 (KHTML, like Gecko) Chrome/26.0.1410.64 Safari/537.31"
87.139.121.22 - - [10/May/2013:11:48:43 +0200] "GET /img/bg02.gif HTTP/1.1" 200 67 "http://www.dialyse-in-salzwedel.de/seiten/praxis.htm" "Mozilla/5.0 (Windows NT 6.1; WOW64) AppleWebKit/537.31 (KHTML, like Gecko) Chrome/26.0.1410.64 Safari/537.31"
87.139.121.22 - - [10/May/2013:11:48:43 +0200] "GET /img/lay02.gif HTTP/1.1" 200 153 "http://www.dialyse-in-salzwedel.de/seiten/praxis.htm" "Mozilla/5.0 (Windows NT 6.1; WOW64) AppleWebKit/537.31 (KHTML, like Gecko) Chrome/26.0.1410.64 Safari/537.31"
87.139.121.22 - - [10/May/2013:11:48:43 +0200] "GET /img/bg01.gif HTTP/1.1" 200 70 "http://www.dialyse-in-salzwedel.de/seiten/praxis.htm" "Mozilla/5.0 (Windows NT 6.1; WOW64) AppleWebKit/537.31 (KHTML, like Gecko) Chrome/26.0.1410.64 Safari/537.31"
87.139.121.22 - - [10/May/2013:11:48:43 +0200] "GET /img/praxis.jpg HTTP/1.1" 200 13082 "http://www.dialyse-in-salzwedel.de/seiten/praxis.htm" "Mozilla/5.0 (Windows NT 6.1; WOW64) AppleWebKit/537.31 (KHTML, like Gecko) Chrome/26.0.1410.64 Safari/537.31"
87.139.121.22 - - [10/May/2013:11:48:43 +0200] "GET /img/bg03.gif HTTP/1.1" 200 84 "http://www.dialyse-in-salzwedel.de/seiten/praxis.htm" "Mozilla/5.0 (Windows NT 6.1; WOW64) AppleWebKit/537.31 (KHTML, like Gecko) Chrome/26.0.1410.64 Safari/537.31"
87.139.121.22 - - [10/May/2013:11:48:43 +0200] "GET /img/lay03.gif HTTP/1.1" 200 253 "http://www.dialyse-in-salzwedel.de/seiten/praxis.htm" "Mozilla/5.0 (Windows NT 6.1; WOW64) AppleWebKit/537.31 (KHTML, like Gecko) Chrome/26.0.1410.64 Safari/537.31"
87.139.121.22 - - [10/May/2013:11:48:43 +0200] "GET /img/bg04.gif HTTP/1.1" 200 92 "http://www.dialyse-in-salzwedel.de/seiten/praxis.htm" "Mozilla/5.0 (Windows NT 6.1; WOW64) AppleWebKit/537.31 (KHTML, like Gecko) Chrome/26.0.1410.64 Safari/537.31"
87.139.121.22 - - [10/May/2013:11:48:43 +0200] "GET /img/1px.gif HTTP/1.1" 200 43 "http://www.dialyse-in-salzwedel.de/seiten/praxis.htm" "Mozilla/5.0 (Windows NT 6.1; WOW64) AppleWebKit/537.31 (KHTML, like Gecko) Chrome/26.0.1410.64 Safari/537.31"
87.139.121.22 - - [10/May/2013:11:48:43 +0200] "GET /img/lay04.gif HTTP/1.1" 200 272 "http://www.dialyse-in-salzwedel.de/seiten/praxis.htm" "Mozilla/5.0 (Windows NT 6.1; WOW64) AppleWebKit/537.31 (KHTML, like Gecko) Chrome/26.0.1410.64 Safari/537.31"
87.139.121.22 - - [10/May/2013:11:48:43 +0200] "GET /favicon.ico HTTP/1.1" 404 1256 "-" "Mozilla/5.0 (Windows NT 6.1; WOW64) AppleWebKit/537.31 (KHTML, like Gecko) Chrome/26.0.1410.64 Safari/537.31"
87.139.121.22 - - [10/May/2013:11:48:46 +0200] "GET /img/meno02.gif HTTP/1.1" 200 1200 "http://www.dialyse-in-salzwedel.de/seiten/praxis.htm" "Mozilla/5.0 (Windows NT 6.1; WOW64) AppleWebKit/537.31 (KHTML, like Gecko) Chrome/26.0.1410.64 Safari/537.31"
87.139.121.22 - - [10/May/2013:11:48:46 +0200] "GET /img/meno03.gif HTTP/1.1" 200 931 "http://www.dialyse-in-salzwedel.de/seiten/praxis.htm" "Mozilla/5.0 (Windows NT 6.1; WOW64) AppleWebKit/537.31 (KHTML, like Gecko) Chrome/26.0.1410.64 Safari/537.31"
87.139.121.22 - - [10/May/2013:11:48:47 +0200] "GET /img/meno04.gif HTTP/1.1" 200 727 "http://www.dialyse-in-salzwedel.de/seiten/praxis.htm" "Mozilla/5.0 (Windows NT 6.1; WOW64) AppleWebKit/537.31 (KHTML, like Gecko) Chrome/26.0.1410.64 Safari/537.31"
87.139.121.22 - - [10/May/2013:11:48:47 +0200] "GET /img/meno05.gif HTTP/1.1" 200 788 "http://www.dialyse-in-salzwedel.de/seiten/praxis.htm" "Mozilla/5.0 (Windows NT 6.1; WOW64) AppleWebKit/537.31 (KHTML, like Gecko) Chrome/26.0.1410.64 Safari/537.31"
87.139.121.22 - - [10/May/2013:11:48:47 +0200] "GET /img/meno06.gif HTTP/1.1" 200 1054 "http://www.dialyse-in-salzwedel.de/seiten/praxis.htm" "Mozilla/5.0 (Windows NT 6.1; WOW64) AppleWebKit/537.31 (KHTML, like Gecko) Chrome/26.0.1410.64 Safari/537.31"
87.139.121.22 - - [10/May/2013:11:48:47 +0200] "GET /img/meno07.gif HTTP/1.1" 200 1052 "http://www.dialyse-in-salzwedel.de/seiten/praxis.htm" "Mozilla/5.0 (Windows NT 6.1; WOW64) AppleWebKit/537.31 (KHTML, like Gecko) Chrome/26.0.1410.64 Safari/537.31"
87.139.121.22 - - [10/May/2013:11:48:48 +0200] "GET /seiten/kontakt.htm HTTP/1.1" 200 5472 "http://www.dialyse-in-salzwedel.de/seiten/praxis.htm" "Mozilla/5.0 (Windows NT 6.1; WOW64) AppleWebKit/537.31 (KHTML, like Gecko) Chrome/26.0.1410.64 Safari/537.31"
87.139.121.22 - - [10/May/2013:11:48:48 +0200] "GET /img/men03.gif HTTP/1.1" 200 999 "http://www.dialyse-in-salzwedel.de/seiten/kontakt.htm" "Mozilla/5.0 (Windows NT 6.1; WOW64) AppleWebKit/537.31 (KHTML, like Gecko) Chrome/26.0.1410.64 Safari/537.31"
87.139.121.22 - - [10/May/2013:11:48:48 +0200] "GET /favicon.ico HTTP/1.1" 404 1256 "-" "Mozilla/5.0 (Windows NT 6.1; WOW64) AppleWebKit/537.31 (KHTML, like Gecko) Chrome/26.0.1410.64 Safari/537.31"
87.139.121.22 - - [10/May/2013:11:50:23 +0200] "GET /favicon.ico HTTP/1.1" 404 1256 "-" "Mozilla/5.0 (Windows NT 6.1; WOW64) AppleWebKit/537.31 (KHTML, like Gecko) Chrome/26.0.1410.64 Safari/537.31"
123.125.71.12 - - [10/May/2013:12:42:15 +0200] "GET / HTTP/1.1" 200 2301 "-" "Mozilla/5.0 (compatible; Baiduspider/2.0; +http://www.baidu.com/search/spider.html)"
220.181.108.118 - - [10/May/2013:12:43:06 +0200] "GET / HTTP/1.1" 200 2301 "-" "Mozilla/5.0 (compatible; Baiduspider/2.0; +http://www.baidu.com/search/spider.html)"
123.125.71.23 - - [10/May/2013:14:43:07 +0200] "GET / HTTP/1.1" 200 2301 "-" "Mozilla/5.0 (compatible; Baiduspider/2.0; +http://www.baidu.com/search/spider.html)"
220.181.108.115 - - [10/May/2013:14:44:02 +0200] "GET / HTTP/1.1" 200 2301 "-" "Mozilla/5.0 (compatible; Baiduspider/2.0; +http://www.baidu.com/search/spider.html)"
65.55.215.83 - - [10/May/2013:15:04:20 +0200] "GET /robots.txt HTTP/1.1" 404 1256 "-" "msnbot-media/1.1 (+http://search.msn.com/msnbot.htm)"
65.55.215.83 - - [10/May/2013:15:04:20 +0200] "GET /img/meno03.gif HTTP/1.1" 200 931 "-" "msnbot-media/1.1 (+http://search.msn.com/msnbot.htm)"
199.30.20.107 - - [10/May/2013:15:06:53 +0200] "GET /robots.txt HTTP/1.1" 404 1256 "-" "msnbot-media/1.1 (+http://search.msn.com/msnbot.htm)"
199.30.20.107 - - [10/May/2013:15:06:53 +0200] "GET /img/meno01.gif HTTP/1.1" 200 938 "-" "msnbot-media/1.1 (+http://search.msn.com/msnbot.htm)"
199.30.20.82 - - [10/May/2013:15:10:50 +0200] "GET /robots.txt HTTP/1.1" 404 1256 "-" "msnbot-media/1.1 (+http://search.msn.com/msnbot.htm)"
199.30.20.82 - - [10/May/2013:15:10:50 +0200] "GET /img/meno04.gif HTTP/1.1" 200 727 "-" "msnbot-media/1.1 (+http://search.msn.com/msnbot.htm)"
164.40.201.76 - - [10/May/2013:15:15:55 +0200] "GET /seiten/impressum.htm HTTP/1.1" 200 6907 "http://www.google.de/url?sa=t&rct=j&q=dr.%20med.%20susanne%20mattig&source=web&cd=5&ved=0CEwQFjAE&url=http%3A%2F%2Fwww.dialyse-in-salzwedel.de%2Fseiten%2Fimpressum.htm&ei=ufKMUbv9KJT14QSIoICYDA&usg=AFQjCNGdohbh6jZPZnaxja9Yp8LuqFVZkA&bvm=bv.46340616,d.bGE" "Opera/9.80 (X11; Linux i686; U; de) Presto/2.10.289 Version/12.02"
164.40.201.76 - - [10/May/2013:15:15:55 +0200] "GET /img/men05.gif HTTP/1.1" 200 1042 "http://www.dialyse-in-salzwedel.de/seiten/impressum.htm" "Opera/9.80 (X11; Linux i686; U; de) Presto/2.10.289 Version/12.02"
164.40.201.76 - - [10/May/2013:15:15:55 +0200] "GET /img/men02.gif HTTP/1.1" 200 758 "http://www.dialyse-in-salzwedel.de/seiten/impressum.htm" "Opera/9.80 (X11; Linux i686; U; de) Presto/2.10.289 Version/12.02"
164.40.201.76 - - [10/May/2013:15:15:55 +0200] "GET /css/style.css HTTP/1.1" 200 3212 "http://www.dialyse-in-salzwedel.de/seiten/impressum.htm" "Opera/9.80 (X11; Linux i686; U; de) Presto/2.10.289 Version/12.02"
164.40.201.76 - - [10/May/2013:15:15:55 +0200] "GET /img/men06.gif HTTP/1.1" 200 904 "http://www.dialyse-in-salzwedel.de/seiten/impressum.htm" "Opera/9.80 (X11; Linux i686; U; de) Presto/2.10.289 Version/12.02"
164.40.201.76 - - [10/May/2013:15:15:55 +0200] "GET /img/men04.gif HTTP/1.1" 200 1234 "http://www.dialyse-in-salzwedel.de/seiten/impressum.htm" "Opera/9.80 (X11; Linux i686; U; de) Presto/2.10.289 Version/12.02"
164.40.201.76 - - [10/May/2013:15:15:55 +0200] "GET /img/meno07.gif HTTP/1.1" 200 1052 "http://www.dialyse-in-salzwedel.de/seiten/impressum.htm" "Opera/9.80 (X11; Linux i686; U; de) Presto/2.10.289 Version/12.02"
164.40.201.76 - - [10/May/2013:15:15:55 +0200] "GET /scripte/basics.js HTTP/1.1" 200 1078 "http://www.dialyse-in-salzwedel.de/seiten/impressum.htm" "Opera/9.80 (X11; Linux i686; U; de) Presto/2.10.289 Version/12.02"
164.40.201.76 - - [10/May/2013:15:15:55 +0200] "GET /img/men01.gif HTTP/1.1" 200 702 "http://www.dialyse-in-salzwedel.de/seiten/impressum.htm" "Opera/9.80 (X11; Linux i686; U; de) Presto/2.10.289 Version/12.02"
164.40.201.76 - - [10/May/2013:15:15:55 +0200] "GET /img/head.gif HTTP/1.1" 200 4213 "http://www.dialyse-in-salzwedel.de/seiten/impressum.htm" "Opera/9.80 (X11; Linux i686; U; de) Presto/2.10.289 Version/12.02"
164.40.201.76 - - [10/May/2013:15:15:55 +0200] "GET /img/men07.gif HTTP/1.1" 200 893 "http://www.dialyse-in-salzwedel.de/seiten/impressum.htm" "Opera/9.80 (X11; Linux i686; U; de) Presto/2.10.289 Version/12.02"
164.40.201.76 - - [10/May/2013:15:15:55 +0200] "GET /img/men03.gif HTTP/1.1" 200 999 "http://www.dialyse-in-salzwedel.de/seiten/impressum.htm" "Opera/9.80 (X11; Linux i686; U; de) Presto/2.10.289 Version/12.02"
164.40.201.76 - - [10/May/2013:15:15:55 +0200] "GET /img/men08.gif HTTP/1.1" 200 1069 "http://www.dialyse-in-salzwedel.de/seiten/impressum.htm" "Opera/9.80 (X11; Linux i686; U; de) Presto/2.10.289 Version/12.02"
164.40.201.76 - - [10/May/2013:15:15:55 +0200] "GET /img/lay01.gif HTTP/1.1" 200 149 "http://www.dialyse-in-salzwedel.de/seiten/impressum.htm" "Opera/9.80 (X11; Linux i686; U; de) Presto/2.10.289 Version/12.02"
164.40.201.76 - - [10/May/2013:15:15:55 +0200] "GET /img/lay01.gif HTTP/1.1" 200 149 "http://www.dialyse-in-salzwedel.de/seiten/impressum.htm" "Opera/9.80 (X11; Linux i686; U; de) Presto/2.10.289 Version/12.02"
164.40.201.76 - - [10/May/2013:15:15:55 +0200] "GET /img/lay04.gif HTTP/1.1" 200 272 "http://www.dialyse-in-salzwedel.de/seiten/impressum.htm" "Opera/9.80 (X11; Linux i686; U; de) Presto/2.10.289 Version/12.02"
164.40.201.76 - - [10/May/2013:15:15:55 +0200] "GET /img/lay03.gif HTTP/1.1" 200 253 "http://www.dialyse-in-salzwedel.de/seiten/impressum.htm" "Opera/9.80 (X11; Linux i686; U; de) Presto/2.10.289 Version/12.02"
164.40.201.76 - - [10/May/2013:15:15:55 +0200] "GET /img/lay02.gif HTTP/1.1" 200 153 "http://www.dialyse-in-salzwedel.de/seiten/impressum.htm" "Opera/9.80 (X11; Linux i686; U; de) Presto/2.10.289 Version/12.02"
164.40.201.76 - - [10/May/2013:15:15:55 +0200] "GET /img/1px.gif HTTP/1.1" 200 43 "http://www.dialyse-in-salzwedel.de/seiten/impressum.htm" "Opera/9.80 (X11; Linux i686; U; de) Presto/2.10.289 Version/12.02"
164.40.201.76 - - [10/May/2013:15:15:55 +0200] "GET /img/bg02.gif HTTP/1.1" 200 67 "http://www.dialyse-in-salzwedel.de/seiten/impressum.htm" "Opera/9.80 (X11; Linux i686; U; de) Presto/2.10.289 Version/12.02"
164.40.201.76 - - [10/May/2013:15:15:55 +0200] "GET /img/bg03.gif HTTP/1.1" 200 84 "http://www.dialyse-in-salzwedel.de/seiten/impressum.htm" "Opera/9.80 (X11; Linux i686; U; de) Presto/2.10.289 Version/12.02"
164.40.201.76 - - [10/May/2013:15:15:55 +0200] "GET /img/bg04.gif HTTP/1.1" 200 92 "http://www.dialyse-in-salzwedel.de/seiten/impressum.htm" "Opera/9.80 (X11; Linux i686; U; de) Presto/2.10.289 Version/12.02"
164.40.201.76 - - [10/May/2013:15:15:55 +0200] "GET /img/lay02.gif HTTP/1.1" 200 153 "http://www.dialyse-in-salzwedel.de/seiten/impressum.htm" "Opera/9.80 (X11; Linux i686; U; de) Presto/2.10.289 Version/12.02"
164.40.201.76 - - [10/May/2013:15:15:55 +0200] "GET /favicon.ico HTTP/1.1" 404 1256 "http://www.dialyse-in-salzwedel.de/seiten/impressum.htm" "Opera/9.80 (X11; Linux i686; U; de) Presto/2.10.289 Version/12.02"
164.40.201.76 - - [10/May/2013:15:15:55 +0200] "GET /img/bg01.gif HTTP/1.1" 200 70 "http://www.dialyse-in-salzwedel.de/seiten/impressum.htm" "Opera/9.80 (X11; Linux i686; U; de) Presto/2.10.289 Version/12.02"
164.40.201.76 - - [10/May/2013:15:15:56 +0200] "GET /img/meno01.gif HTTP/1.1" 200 938 "http://www.dialyse-in-salzwedel.de/seiten/impressum.htm" "Opera/9.80 (X11; Linux i686; U; de) Presto/2.10.289 Version/12.02"
164.40.201.76 - - [10/May/2013:15:15:57 +0200] "GET /img/meno01.gif HTTP/1.1" 200 938 "http://www.dialyse-in-salzwedel.de/seiten/impressum.htm" "Opera/9.80 (X11; Linux i686; U; de) Presto/2.10.289 Version/12.02"
164.40.201.76 - - [10/May/2013:15:15:57 +0200] "GET /seiten/praxis.htm HTTP/1.1" 200 5018 "http://www.dialyse-in-salzwedel.de/seiten/impressum.htm" "Opera/9.80 (X11; Linux i686; U; de) Presto/2.10.289 Version/12.02"
164.40.201.76 - - [10/May/2013:15:15:57 +0200] "GET /img/men09.gif HTTP/1.1" 200 1200 "http://www.dialyse-in-salzwedel.de/seiten/praxis.htm" "Opera/9.80 (X11; Linux i686; U; de) Presto/2.10.289 Version/12.02"
164.40.201.76 - - [10/May/2013:15:15:57 +0200] "GET /img/praxis.jpg HTTP/1.1" 200 13082 "http://www.dialyse-in-salzwedel.de/seiten/praxis.htm" "Opera/9.80 (X11; Linux i686; U; de) Presto/2.10.289 Version/12.02"
164.40.201.76 - - [10/May/2013:15:15:57 +0200] "GET /img/meno02.gif HTTP/1.1" 200 1200 "http://www.dialyse-in-salzwedel.de/seiten/praxis.htm" "Opera/9.80 (X11; Linux i686; U; de) Presto/2.10.289 Version/12.02"
164.40.201.76 - - [10/May/2013:15:15:58 +0200] "GET /img/meno03.gif HTTP/1.1" 200 931 "http://www.dialyse-in-salzwedel.de/seiten/praxis.htm" "Opera/9.80 (X11; Linux i686; U; de) Presto/2.10.289 Version/12.02"
164.40.201.76 - - [10/May/2013:15:15:58 +0200] "GET /img/meno03.gif HTTP/1.1" 200 931 "http://www.dialyse-in-salzwedel.de/seiten/praxis.htm" "Opera/9.80 (X11; Linux i686; U; de) Presto/2.10.289 Version/12.02"
164.40.201.76 - - [10/May/2013:15:15:58 +0200] "GET /img/meno04.gif HTTP/1.1" 200 727 "http://www.dialyse-in-salzwedel.de/seiten/praxis.htm" "Opera/9.80 (X11; Linux i686; U; de) Presto/2.10.289 Version/12.02"
164.40.201.76 - - [10/May/2013:15:15:58 +0200] "GET /img/meno05.gif HTTP/1.1" 200 788 "http://www.dialyse-in-salzwedel.de/seiten/praxis.htm" "Opera/9.80 (X11; Linux i686; U; de) Presto/2.10.289 Version/12.02"
164.40.201.76 - - [10/May/2013:15:15:58 +0200] "GET /img/meno04.gif HTTP/1.1" 200 727 "http://www.dialyse-in-salzwedel.de/seiten/praxis.htm" "Opera/9.80 (X11; Linux i686; U; de) Presto/2.10.289 Version/12.02"
164.40.201.76 - - [10/May/2013:15:15:59 +0200] "GET /seiten/news.php HTTP/1.1" 200 4865 "http://www.dialyse-in-salzwedel.de/seiten/praxis.htm" "Opera/9.80 (X11; Linux i686; U; de) Presto/2.10.289 Version/12.02"
164.40.201.76 - - [10/May/2013:15:16:00 +0200] "GET /img/meno03.gif HTTP/1.1" 200 931 "http://www.dialyse-in-salzwedel.de/seiten/news.php" "Opera/9.80 (X11; Linux i686; U; de) Presto/2.10.289 Version/12.02"
199.30.20.104 - - [10/May/2013:15:29:36 +0200] "GET /robots.txt HTTP/1.1" 404 1256 "-" "msnbot-media/1.1 (+http://search.msn.com/msnbot.htm)"
199.30.20.104 - - [10/May/2013:15:29:36 +0200] "GET /img/meno05.gif HTTP/1.1" 200 788 "-" "msnbot-media/1.1 (+http://search.msn.com/msnbot.htm)"
85.216.108.89 - - [10/May/2013:16:20:20 +0200] "GET /seiten/impressum.htm HTTP/1.1" 200 6907 "-" "Mozilla/5.0 (Windows; U; Windows NT 5.1; en-US; rv:1.9.1) Gecko/20090624 Firefox/3.5"
66.249.78.91 - - [10/May/2013:16:28:41 +0200] "GET /robots.txt HTTP/1.1" 404 1256 "-" "Mozilla/5.0 (compatible; Googlebot/2.1; +http://www.google.com/bot.html)"
66.249.78.91 - - [10/May/2013:16:28:41 +0200] "GET /seiten/kontakt.htm HTTP/1.1" 304 - "-" "Mozilla/5.0 (iPhone; U; CPU iPhone OS 4_1 like Mac OS X; en-us) AppleWebKit/532.9 (KHTML, like Gecko) Version/4.0.5 Mobile/8B117 Safari/6531.22.7 (compatible; Googlebot-Mobile/2.1; +http://www.google.com/bot.html)"
123.125.71.79 - - [10/May/2013:16:48:16 +0200] "GET /robots.txt HTTP/1.1" 404 1256 "-" "Mozilla/5.0 (Windows NT 5.1; rv:6.0.2) Gecko/20100101 Firefox/6.0.2"
123.125.71.48 - - [10/May/2013:17:41:25 +0200] "GET / HTTP/1.1" 200 2301 "-" "Mozilla/5.0 (compatible; Baiduspider/2.0; +http://www.baidu.com/search/spider.html)"
220.181.108.85 - - [10/May/2013:17:42:16 +0200] "GET / HTTP/1.1" 200 2301 "-" "Mozilla/5.0 (compatible; Baiduspider/2.0; +http://www.baidu.com/search/spider.html)"
199.30.16.19 - - [10/May/2013:18:15:01 +0200] "GET /robots.txt HTTP/1.1" 404 1256 "-" "msnbot-media/1.1 (+http://search.msn.com/msnbot.htm)"
199.30.16.19 - - [10/May/2013:18:15:01 +0200] "GET /img/men03.gif HTTP/1.1" 200 999 "-" "msnbot-media/1.1 (+http://search.msn.com/msnbot.htm)"
216.145.17.190 - - [10/May/2013:18:16:20 +0200] "GET /robots.txt HTTP/1.0" 404 1256 "-" "Mozilla/5.0 (Windows; U; Windows NT 5.1; en; rv:1.9.0.13) Gecko/2009073022 Firefox/3.5.2 (.NET CLR 3.5.30729) SurveyBot/2.3 (DomainTools)"
216.145.17.190 - - [10/May/2013:18:16:21 +0200] "GET / HTTP/1.1" 200 2301 "http://whois.domaintools.com/dialyse-in-salzwedel.de" "Mozilla/5.0 (Windows; U; Windows NT 5.1; en; rv:1.9.0.13) Gecko/2009073022 Firefox/3.5.2 (.NET CLR 3.5.30729) SurveyBot/2.3 (DomainTools)"
131.253.38.101 - - [10/May/2013:20:34:28 +0200] "GET /robots.txt HTTP/1.1" 404 1256 "-" "msnbot-media/1.1 (+http://search.msn.com/msnbot.htm)"
131.253.38.101 - - [10/May/2013:20:34:28 +0200] "GET /img/meno07.gif HTTP/1.1" 200 1052 "-" "msnbot-media/1.1 (+http://search.msn.com/msnbot.htm)"
199.30.20.70 - - [10/May/2013:21:46:35 +0200] "GET /robots.txt HTTP/1.1" 404 1256 "-" "msnbot-media/1.1 (+http://search.msn.com/msnbot.htm)"
199.30.20.70 - - [10/May/2013:21:46:35 +0200] "GET /img/1px.gif HTTP/1.1" 200 43 "-" "msnbot-media/1.1 (+http://search.msn.com/msnbot.htm)"
66.249.78.91 - - [10/May/2013:23:17:57 +0200] "GET /robots.txt HTTP/1.1" 404 1256 "-" "Mozilla/5.0 (compatible; Googlebot/2.1; +http://www.google.com/bot.html)"
66.249.78.91 - - [10/May/2013:23:17:57 +0200] "GET / HTTP/1.1" 200 2301 "-" "Mozilla/5.0 (iPhone; U; CPU iPhone OS 4_1 like Mac OS X; en-us) AppleWebKit/532.9 (KHTML, like Gecko) Version/4.0.5 Mobile/8B117 Safari/6531.22.7 (compatible; Googlebot-Mobile/2.1; +http://www.google.com/bot.html)"
157.56.92.172 - - [10/May/2013:23:18:51 +0200] "GET /robots.txt HTTP/1.1" 404 1256 "-" "Mozilla/5.0 (compatible; bingbot/2.0; +http://www.bing.com/bingbot.htm)"
157.56.92.172 - - [10/May/2013:23:21:20 +0200] "GET / HTTP/1.1" 200 2301 "-" "Mozilla/5.0 (compatible; bingbot/2.0; +http://www.bing.com/bingbot.htm)"
139.18.2.209 - - [11/May/2013:00:01:17 +0200] "GET /robots.txt HTTP/1.1" 404 1256 "-" "findlinks/2.6 (+http://wortschatz.uni-leipzig.de/findlinks/)"
123.125.71.57 - - [11/May/2013:00:40:15 +0200] "GET / HTTP/1.1" 200 2301 "-" "Mozilla/5.0 (compatible; Baiduspider/2.0; +http://www.baidu.com/search/spider.html)"
220.181.108.80 - - [11/May/2013:00:41:02 +0200] "GET / HTTP/1.1" 200 2301 "-" "Mozilla/5.0 (compatible; Baiduspider/2.0; +http://www.baidu.com/search/spider.html)"
199.30.20.13 - - [11/May/2013:01:09:24 +0200] "GET /robots.txt HTTP/1.1" 404 1256 "-" "msnbot-media/1.1 (+http://search.msn.com/msnbot.htm)"
199.30.20.13 - - [11/May/2013:01:09:24 +0200] "GET /img/meno02.gif HTTP/1.1" 200 1200 "-" "msnbot-media/1.1 (+http://search.msn.com/msnbot.htm)"
206.253.226.23 - - [11/May/2013:01:24:20 +0200] "GET / HTTP/1.1" 200 2301 "-" "Mozilla/5.0 (compatible; oBot/2.3.1; +http://filterdb.iss.net/crawler/)"
212.86.219.134 - - [11/May/2013:03:04:53 +0200] "GET /robots.txt HTTP/1.1" 404 1256 "-" "Mozilla/5.0 (Macintosh; U; Intel Mac OS X 10_5_6; en-us) AppleWebKit/528.16 (KHTML, like Gecko) Version/4.0 Safari/528.16"
212.86.219.134 - - [11/May/2013:03:04:53 +0200] "GET / HTTP/1.1" 200 2301 "-" "Mozilla/5.0 (Macintosh; U; Intel Mac OS X 10_5_6; en-us) AppleWebKit/528.16 (KHTML, like Gecko) Version/4.0 Safari/528.16"
66.249.78.91 - - [11/May/2013:04:00:46 +0200] "GET /seiten/links.htm HTTP/1.1" 304 - "-" "Mozilla/5.0 (iPhone; U; CPU iPhone OS 4_1 like Mac OS X; en-us) AppleWebKit/532.9 (KHTML, like Gecko) Version/4.0.5 Mobile/8B117 Safari/6531.22.7 (compatible; Googlebot-Mobile/2.1; +http://www.google.com/bot.html)"
66.249.78.91 - - [11/May/2013:04:25:28 +0200] "GET /img/FL_check.swf HTTP/1.1" 200 100 "-" "Mozilla/5.0 (compatible; Googlebot/2.1; +http://www.google.com/bot.html)"
65.55.215.43 - - [11/May/2013:05:19:06 +0200] "GET /robots.txt HTTP/1.1" 404 1256 "-" "msnbot-media/1.1 (+http://search.msn.com/msnbot.htm)"
65.55.215.43 - - [11/May/2013:05:19:07 +0200] "GET /img/men07.gif HTTP/1.1" 200 893 "-" "msnbot-media/1.1 (+http://search.msn.com/msnbot.htm)"
199.30.20.128 - - [11/May/2013:05:43:28 +0200] "GET /robots.txt HTTP/1.1" 404 1256 "-" "msnbot-media/1.1 (+http://search.msn.com/msnbot.htm)"
199.30.20.128 - - [11/May/2013:05:43:29 +0200] "GET /img/lay02.gif HTTP/1.1" 200 153 "-" "msnbot-media/1.1 (+http://search.msn.com/msnbot.htm)"
66.249.78.91 - - [11/May/2013:06:39:29 +0200] "GET /seiten/kont_form.php HTTP/1.1" 200 6397 "-" "Mozilla/5.0 (compatible; Googlebot/2.1; +http://www.google.com/bot.html)"
66.249.75.109 - - [11/May/2013:06:43:47 +0200] "GET /seiten/links.htm HTTP/1.1" 200 5092 "-" "Mozilla/5.0 (compatible; Googlebot/2.1; +http://www.google.com/bot.html)"
66.249.78.91 - - [11/May/2013:06:53:48 +0200] "GET /seiten/news.php HTTP/1.1" 200 4865 "-" "Mozilla/5.0 (compatible; Googlebot/2.1; +http://www.google.com/bot.html)"
66.249.78.91 - - [11/May/2013:07:48:16 +0200] "GET /seiten/start.htm HTTP/1.1" 200 4313 "-" "Mozilla/5.0 (compatible; Googlebot/2.1; +http://www.google.com/bot.html)"
66.249.78.91 - - [11/May/2013:08:08:18 +0200] "GET /seiten/praxis.htm HTTP/1.1" 200 5018 "-" "Mozilla/5.0 (compatible; Googlebot/2.1; +http://www.google.com/bot.html)"
66.249.78.91 - - [11/May/2013:08:20:00 +0200] "GET /seiten/kontakt.htm HTTP/1.1" 200 5472 "-" "Mozilla/5.0 (compatible; Googlebot/2.1; +http://www.google.com/bot.html)"
66.249.78.91 - - [11/May/2013:08:41:02 +0200] "GET /seiten/dialyse.htm HTTP/1.1" 200 4906 "-" "Mozilla/5.0 (compatible; Googlebot/2.1; +http://www.google.com/bot.html)"
66.249.78.91 - - [11/May/2013:09:09:51 +0200] "GET /seiten/leistungen.htm HTTP/1.1" 200 5060 "-" "Mozilla/5.0 (compatible; Googlebot/2.1; +http://www.google.com/bot.html)"
123.125.71.29 - - [11/May/2013:09:40:15 +0200] "GET / HTTP/1.1" 200 2301 "-" "Mozilla/5.0 (compatible; Baiduspider/2.0; +http://www.baidu.com/search/spider.html)"
220.181.108.113 - - [11/May/2013:09:41:04 +0200] "GET / HTTP/1.1" 200 2301 "-" "Mozilla/5.0 (compatible; Baiduspider/2.0; +http://www.baidu.com/search/spider.html)"
208.115.113.92 - - [11/May/2013:10:00:54 +0200] "GET /robots.txt HTTP/1.1" 404 1256 "-" "Mozilla/5.0 (compatible; Ezooms/1.0; ezooms.bot@gmail.com)"
157.56.92.172 - - [11/May/2013:10:58:37 +0200] "GET /robots.txt HTTP/1.1" 404 1256 "-" "Mozilla/5.0 (compatible; bingbot/2.0; +http://www.bing.com/bingbot.htm)"
157.56.92.172 - - [11/May/2013:11:00:28 +0200] "GET / HTTP/1.1" 200 2301 "-" "Mozilla/5.0 (compatible; bingbot/2.0; +http://www.bing.com/bingbot.htm)"
65.55.215.110 - - [11/May/2013:11:48:58 +0200] "GET /robots.txt HTTP/1.1" 404 1256 "-" "msnbot-media/1.1 (+http://search.msn.com/msnbot.htm)"
65.55.215.110 - - [11/May/2013:11:48:58 +0200] "GET /img/men06.gif HTTP/1.1" 200 904 "-" "msnbot-media/1.1 (+http://search.msn.com/msnbot.htm)"
66.249.78.91 - - [11/May/2013:13:09:28 +0200] "GET /robots.txt HTTP/1.1" 404 1256 "-" "Mozilla/5.0 (compatible; Googlebot/2.1; +http://www.google.com/bot.html)"
66.249.75.109 - - [11/May/2013:13:09:28 +0200] "GET /seiten/dialyse.htm HTTP/1.1" 200 4906 "-" "DoCoMo/2.0 N905i(c100;TB;W24H16) (compatible; Googlebot-Mobile/2.1; +http://www.google.com/bot.html)"
199.30.16.6 - - [11/May/2013:15:15:14 +0200] "GET /robots.txt HTTP/1.1" 404 1256 "-" "msnbot-media/1.1 (+http://search.msn.com/msnbot.htm)"
199.30.16.6 - - [11/May/2013:15:15:15 +0200] "GET /img/men04.gif HTTP/1.1" 200 1234 "-" "msnbot-media/1.1 (+http://search.msn.com/msnbot.htm)"
199.30.16.63 - - [11/May/2013:15:17:32 +0200] "GET /robots.txt HTTP/1.1" 404 1256 "-" "msnbot-media/1.1 (+http://search.msn.com/msnbot.htm)"
199.30.16.63 - - [11/May/2013:15:17:32 +0200] "GET /img/men01.gif HTTP/1.1" 200 702 "-" "msnbot-media/1.1 (+http://search.msn.com/msnbot.htm)"
65.55.215.104 - - [11/May/2013:15:24:54 +0200] "GET /robots.txt HTTP/1.1" 404 1256 "-" "msnbot-media/1.1 (+http://search.msn.com/msnbot.htm)"
65.55.215.104 - - [11/May/2013:15:24:54 +0200] "GET /img/men09.gif HTTP/1.1" 200 1200 "-" "msnbot-media/1.1 (+http://search.msn.com/msnbot.htm)"
208.115.113.92 - - [11/May/2013:18:01:38 +0200] "GET /robots.txt HTTP/1.1" 404 1256 "-" "Mozilla/5.0 (compatible; Ezooms/1.0; ezooms.bot@gmail.com)"
66.249.78.91 - - [11/May/2013:18:53:26 +0200] "GET /img/1px.gif HTTP/1.1" 200 43 "-" "Mozilla/5.0 (compatible; Googlebot/2.1; +http://www.google.com/bot.html)"
66.249.78.91 - - [11/May/2013:18:53:26 +0200] "GET /img/lay01.gif HTTP/1.1" 200 149 "-" "Mozilla/5.0 (compatible; Googlebot/2.1; +http://www.google.com/bot.html)"
66.249.78.91 - - [11/May/2013:18:53:27 +0200] "GET /img/men02.gif HTTP/1.1" 200 758 "-" "Mozilla/5.0 (compatible; Googlebot/2.1; +http://www.google.com/bot.html)"
66.249.78.91 - - [11/May/2013:18:53:27 +0200] "GET /css/style.css HTTP/1.1" 200 3212 "-" "Mozilla/5.0 (compatible; Googlebot/2.1; +http://www.google.com/bot.html)"
66.249.78.91 - - [11/May/2013:18:53:28 +0200] "GET /img/bg02.gif HTTP/1.1" 200 67 "-" "Mozilla/5.0 (compatible; Googlebot/2.1; +http://www.google.com/bot.html)"
66.249.78.91 - - [11/May/2013:18:53:29 +0200] "GET /img/bg01.gif HTTP/1.1" 200 70 "-" "Mozilla/5.0 (compatible; Googlebot/2.1; +http://www.google.com/bot.html)"
66.249.78.91 - - [11/May/2013:18:53:30 +0200] "GET /img/bg03.gif HTTP/1.1" 200 84 "-" "Mozilla/5.0 (compatible; Googlebot/2.1; +http://www.google.com/bot.html)"
66.249.78.91 - - [11/May/2013:18:53:31 +0200] "GET /img/bg04.gif HTTP/1.1" 200 92 "-" "Mozilla/5.0 (compatible; Googlebot/2.1; +http://www.google.com/bot.html)"
66.249.78.91 - - [11/May/2013:18:53:31 +0200] "GET /scripte/basics.js HTTP/1.1" 200 1078 "-" "Mozilla/5.0 (compatible; Googlebot/2.1; +http://www.google.com/bot.html)"
66.249.78.91 - - [11/May/2013:18:53:32 +0200] "GET /img/head.gif HTTP/1.1" 200 4213 "-" "Mozilla/5.0 (compatible; Googlebot/2.1; +http://www.google.com/bot.html)"
66.249.78.91 - - [11/May/2013:18:53:33 +0200] "GET /img/men01.gif HTTP/1.1" 200 702 "-" "Mozilla/5.0 (compatible; Googlebot/2.1; +http://www.google.com/bot.html)"
66.249.78.91 - - [11/May/2013:18:53:34 +0200] "GET /img/lay03.gif HTTP/1.1" 200 253 "-" "Mozilla/5.0 (compatible; Googlebot/2.1; +http://www.google.com/bot.html)"
66.249.78.91 - - [11/May/2013:18:53:35 +0200] "GET /img/men05.gif HTTP/1.1" 200 1042 "-" "Mozilla/5.0 (compatible; Googlebot/2.1; +http://www.google.com/bot.html)"
66.249.78.91 - - [11/May/2013:18:53:35 +0200] "GET /img/lay02.gif HTTP/1.1" 200 153 "-" "Mozilla/5.0 (compatible; Googlebot/2.1; +http://www.google.com/bot.html)"
130.83.167.153 - - [11/May/2013:19:03:22 +0200] "GET /seiten/links.htm HTTP/1.1" 200 5092 "-" "findlinks/2.6 (+http://wortschatz.uni-leipzig.de/findlinks/)"
