92.225.226.110 - - [11/Feb/2014:20:12:45 +0100] "GET /img/men03a.gif HTTP/1.1" 200 820 "http://www.dialyse-borna.de/seiten/praxis.htm" "Mozilla/5.0 (iPad; CPU OS 7_0_2 like Mac OS X) AppleWebKit/537.51.1 (KHTML, like Gecko) Version/7.0 Mobile/11A501 Safari/9537.53"
92.225.226.110 - - [11/Feb/2014:20:12:45 +0100] "GET /img/men04a.gif HTTP/1.1" 200 669 "http://www.dialyse-borna.de/seiten/praxis.htm" "Mozilla/5.0 (iPad; CPU OS 7_0_2 like Mac OS X) AppleWebKit/537.51.1 (KHTML, like Gecko) Version/7.0 Mobile/11A501 Safari/9537.53"
92.225.226.110 - - [11/Feb/2014:20:12:45 +0100] "GET /img/men05a.gif HTTP/1.1" 200 556 "http://www.dialyse-borna.de/seiten/praxis.htm" "Mozilla/5.0 (iPad; CPU OS 7_0_2 like Mac OS X) AppleWebKit/537.51.1 (KHTML, like Gecko) Version/7.0 Mobile/11A501 Safari/9537.53"
92.225.226.110 - - [11/Feb/2014:20:12:45 +0100] "GET /img/men06a.gif HTTP/1.1" 200 518 "http://www.dialyse-borna.de/seiten/praxis.htm" "Mozilla/5.0 (iPad; CPU OS 7_0_2 like Mac OS X) AppleWebKit/537.51.1 (KHTML, like Gecko) Version/7.0 Mobile/11A501 Safari/9537.53"
92.225.226.110 - - [11/Feb/2014:20:12:45 +0100] "GET /img/men07a.gif HTTP/1.1" 200 666 "http://www.dialyse-borna.de/seiten/praxis.htm" "Mozilla/5.0 (iPad; CPU OS 7_0_2 like Mac OS X) AppleWebKit/537.51.1 (KHTML, like Gecko) Version/7.0 Mobile/11A501 Safari/9537.53"
92.225.226.110 - - [11/Feb/2014:20:12:46 +0100] "GET /img/men08a.gif HTTP/1.1" 200 819 "http://www.dialyse-borna.de/seiten/praxis.htm" "Mozilla/5.0 (iPad; CPU OS 7_0_2 like Mac OS X) AppleWebKit/537.51.1 (KHTML, like Gecko) Version/7.0 Mobile/11A501 Safari/9537.53"
46.118.125.84 - - [11/Feb/2014:20:56:25 +0100] "GET /seiten/start.htm HTTP/1.1" 200 7516 "http://gcup.ru/games/Ant/" "Mozilla/4.0 (compatible; MSIE 5.0; Windows 95) Opera 6.01 [en]"
46.118.125.84 - - [11/Feb/2014:20:56:25 +0100] "GET /seiten/start.htm HTTP/1.1" 200 7516 "http://gcup.ru/games/Ant/" "Mozilla/4.0 (compatible; MSIE 5.0; Windows 95) Opera 6.01 [en]"
46.118.125.84 - - [11/Feb/2014:20:56:36 +0100] "GET /seiten/start.htm HTTP/1.1" 200 7516 "http://gcup.ru/games/Ant/" "Mozilla/4.0 (compatible; MSIE 5.0; Windows 95) Opera 6.01 [en]"
66.249.78.101 - - [11/Feb/2014:22:14:59 +0100] "GET /robots.txt HTTP/1.1" 200 157 "-" "Mozilla/5.0 (compatible; Googlebot/2.1; +http://www.google.com/bot.html)"
66.249.78.101 - - [11/Feb/2014:22:14:59 +0100] "GET /seiten/links.htm HTTP/1.1" 304 - "-" "Mozilla/5.0 (iPhone; CPU iPhone OS 6_0 like Mac OS X) AppleWebKit/536.26 (KHTML, like Gecko) Version/6.0 Mobile/10A5376e Safari/8536.25 (compatible; Googlebot/2.1; +http://www.google.com/bot.html)"
37.115.112.240 - - [12/Feb/2014:03:44:10 +0100] "GET /seiten/start.htm HTTP/1.1" 200 7516 "http://www.sportbetfair.com/" "Mozilla/4.0 (compatible; MSIE 5.5; Windows NT 5.0; .NET CLR 1.1.4322)"
37.115.112.240 - - [12/Feb/2014:03:44:10 +0100] "GET /seiten/start.htm HTTP/1.1" 200 7516 "http://www.sportbetfair.com/" "Mozilla/4.0 (compatible; MSIE 5.5; Windows NT 5.0; .NET CLR 1.1.4322)"
37.115.112.240 - - [12/Feb/2014:03:44:11 +0100] "GET /seiten/start.htm HTTP/1.1" 200 7516 "http://www.sportbetfair.com/" "Mozilla/4.0 (compatible; MSIE 5.5; Windows NT 5.0; .NET CLR 1.1.4322)"
5.255.253.79 - - [12/Feb/2014:06:09:55 +0100] "GET /robots.txt HTTP/1.1" 200 157 "-" "Mozilla/5.0 (compatible; YandexImages/3.0; +http://yandex.com/bots)"
5.255.253.79 - - [12/Feb/2014:06:58:49 +0100] "GET /img/main_pic.jpg HTTP/1.1" 304 - "-" "Mozilla/5.0 (compatible; YandexImages/3.0; +http://yandex.com/bots)"
46.118.127.106 - - [12/Feb/2014:07:25:18 +0100] "GET /seiten/start.htm HTTP/1.1" 200 7516 "http://winterior.com.ua/" "Mozilla/4.0 (compatible; MSIE 6.0; Windows NT 5.1; SV1)"
46.118.127.106 - - [12/Feb/2014:07:25:18 +0100] "GET /seiten/start.htm HTTP/1.1" 200 7516 "http://winterior.com.ua/" "Mozilla/4.0 (compatible; MSIE 6.0; Windows NT 5.1; SV1)"
46.118.127.106 - - [12/Feb/2014:07:25:19 +0100] "GET /seiten/start.htm HTTP/1.1" 200 7516 "http://winterior.com.ua/" "Mozilla/4.0 (compatible; MSIE 6.0; Windows NT 5.1; SV1)"
5.255.253.79 - - [12/Feb/2014:07:47:42 +0100] "GET /img/dialyse.jpg HTTP/1.1" 304 - "-" "Mozilla/5.0 (compatible; YandexImages/3.0; +http://yandex.com/bots)"
5.255.253.79 - - [12/Feb/2014:08:36:36 +0100] "GET /img/links.jpg HTTP/1.1" 304 - "-" "Mozilla/5.0 (compatible; YandexImages/3.0; +http://yandex.com/bots)"
178.255.215.68 - - [12/Feb/2014:08:39:51 +0100] "GET /robots.txt HTTP/1.1" 200 157 "-" "Mozilla/5.0 (compatible; Exabot/3.0; +http://www.exabot.com/go/robot)"
178.255.215.68 - - [12/Feb/2014:08:39:51 +0100] "GET / HTTP/1.1" 304 - "-" "Mozilla/5.0 (compatible; Exabot/3.0; +http://www.exabot.com/go/robot)"
109.120.157.179 - - [12/Feb/2014:09:31:47 +0100] "GET /seiten/start.htm HTTP/1.1" 200 7516 "http://loadka.ru/news" "Mozilla/5.0 (compatible; Add Catalog/2.1;)"
109.120.157.179 - - [12/Feb/2014:09:31:48 +0100] "GET /seiten/start.htm HTTP/1.1" 200 7516 "http://loadka.ru/news" "Mozilla/5.0 (compatible; Add Catalog/2.1;)"
66.249.78.101 - - [12/Feb/2014:10:03:33 +0100] "GET / HTTP/1.1" 200 2663 "-" "Mozilla/5.0 (iPhone; CPU iPhone OS 6_0 like Mac OS X) AppleWebKit/536.26 (KHTML, like Gecko) Version/6.0 Mobile/10A5376e Safari/8536.25 (compatible; Googlebot/2.1; +http://www.google.com/bot.html)"
66.249.78.101 - - [12/Feb/2014:10:05:03 +0100] "GET /seiten/start.htm HTTP/1.1" 200 7516 "-" "Mozilla/5.0 (iPhone; CPU iPhone OS 6_0 like Mac OS X) AppleWebKit/536.26 (KHTML, like Gecko) Version/6.0 Mobile/10A5376e Safari/8536.25 (compatible; Googlebot-Mobile/2.1; +http://www.google.com/bot.html)"
5.255.253.79 - - [12/Feb/2014:10:29:18 +0100] "GET /img/leist.jpg HTTP/1.1" 304 - "-" "Mozilla/5.0 (compatible; YandexImages/3.0; +http://yandex.com/bots)"
5.255.253.79 - - [12/Feb/2014:12:13:33 +0100] "GET /img/schild.jpg HTTP/1.1" 304 - "-" "Mozilla/5.0 (compatible; YandexImages/3.0; +http://yandex.com/bots)"
66.249.78.101 - - [12/Feb/2014:12:23:21 +0100] "GET /seiten/leist.htm HTTP/1.1" 200 7640 "-" "Mozilla/5.0 (iPhone; CPU iPhone OS 6_0 like Mac OS X) AppleWebKit/536.26 (KHTML, like Gecko) Version/6.0 Mobile/10A5376e Safari/8536.25 (compatible; Googlebot/2.1; +http://www.google.com/bot.html)"
92.249.127.111 - - [12/Feb/2014:12:33:29 +0100] "GET /seiten/start.htm HTTP/1.1" 200 7516 "http://finbizel.7bb.ru/" "Mozilla/4.0 (compatible; MSIE 6.0; AOL 9.0; Windows NT 5.1)"
92.249.127.111 - - [12/Feb/2014:12:33:30 +0100] "GET /seiten/start.htm HTTP/1.1" 200 7516 "http://finbizel.7bb.ru/" "Mozilla/4.0 (compatible; MSIE 6.0; AOL 9.0; Windows NT 5.1)"
65.55.52.92 - - [12/Feb/2014:13:12:56 +0100] "GET /robots.txt HTTP/1.1" 200 157 "-" "Mozilla/5.0 (compatible; bingbot/2.0; +http://www.bing.com/bingbot.htm)"
65.55.52.92 - - [12/Feb/2014:13:16:04 +0100] "GET /seiten/dialyse.htm HTTP/1.1" 200 7403 "-" "Mozilla/5.0 (compatible; bingbot/2.0; +http://www.bing.com/bingbot.htm)"
178.255.215.88 - - [12/Feb/2014:14:48:26 +0100] "GET /robots.txt HTTP/1.1" 200 157 "-" "Mozilla/5.0 (compatible; Exabot/3.0 (BiggerBetter); +http://www.exabot.com/go/robot)"
178.255.215.88 - - [12/Feb/2014:14:48:26 +0100] "GET / HTTP/1.1" 200 2663 "-" "Mozilla/5.0 (compatible; Exabot/3.0 (BiggerBetter); +http://www.exabot.com/go/robot)"
134.249.76.182 - - [12/Feb/2014:14:48:28 +0100] "GET /seiten/start.htm HTTP/1.1" 200 7516 "http://www.puzo2arbuza.ru/" "Mozilla/4.0 (compatible; MSIE 6.0; Windows NT 5.1; ru) Opera 8.01"
134.249.76.182 - - [12/Feb/2014:14:48:28 +0100] "GET /seiten/start.htm HTTP/1.1" 200 7516 "http://www.puzo2arbuza.ru/" "Mozilla/4.0 (compatible; MSIE 6.0; Windows NT 5.1; ru) Opera 8.01"
134.249.76.182 - - [12/Feb/2014:14:48:28 +0100] "GET /seiten/start.htm HTTP/1.1" 200 7516 "http://www.puzo2arbuza.ru/" "Mozilla/4.0 (compatible; MSIE 6.0; Windows NT 5.1; ru) Opera 8.01"
66.249.78.101 - - [12/Feb/2014:17:35:07 +0100] "GET /seiten/start.htm HTTP/1.1" 304 - "-" "Mozilla/5.0 (compatible; Googlebot/2.1; +http://www.google.com/bot.html)"
66.249.78.101 - - [12/Feb/2014:17:52:18 +0100] "GET /seiten/start.htm HTTP/1.1" 200 7516 "-" "Mozilla/5.0 (compatible; Googlebot/2.1; +http://www.google.com/bot.html)"
66.249.78.101 - - [12/Feb/2014:18:14:30 +0100] "GET / HTTP/1.1" 200 2663 "-" "Mozilla/5.0 (compatible; Googlebot/2.1; +http://www.google.com/bot.html)"
157.55.34.171 - - [12/Feb/2014:20:34:11 +0100] "GET /robots.txt HTTP/1.1" 200 157 "-" "Mozilla/5.0 (compatible; bingbot/2.0; +http://www.bing.com/bingbot.htm)"
157.55.34.171 - - [12/Feb/2014:20:48:12 +0100] "GET /seiten/praxis.htm HTTP/1.1" 304 - "-" "Mozilla/5.0 (compatible; bingbot/2.0; +http://www.bing.com/bingbot.htm)"
66.249.78.101 - - [12/Feb/2014:21:10:53 +0100] "GET /seiten/impr.htm HTTP/1.1" 304 - "-" "Mozilla/5.0 (iPhone; CPU iPhone OS 6_0 like Mac OS X) AppleWebKit/536.26 (KHTML, like Gecko) Version/6.0 Mobile/10A5376e Safari/8536.25 (compatible; Googlebot/2.1; +http://www.google.com/bot.html)"
66.249.78.101 - - [12/Feb/2014:22:53:37 +0100] "GET /robots.txt HTTP/1.1" 200 157 "-" "Mozilla/5.0 (compatible; Googlebot/2.1; +http://www.google.com/bot.html)"
66.249.78.101 - - [12/Feb/2014:22:53:37 +0100] "GET /img/links.jpg HTTP/1.1" 200 15669 "-" "Googlebot-Image/1.0"
37.115.112.240 - - [12/Feb/2014:23:30:07 +0100] "GET /seiten/start.htm HTTP/1.1" 200 7516 "http://erotikstories.ru/" "Mozilla/4.0 (compatible; MSIE 6.0; Update a; AOL 6.0; Windows 98)"
37.115.112.240 - - [12/Feb/2014:23:30:07 +0100] "GET /seiten/start.htm HTTP/1.1" 200 7516 "http://erotikstories.ru/" "Mozilla/4.0 (compatible; MSIE 6.0; Update a; AOL 6.0; Windows 98)"
37.115.112.240 - - [12/Feb/2014:23:30:08 +0100] "GET /seiten/start.htm HTTP/1.1" 200 7516 "http://erotikstories.ru/" "Mozilla/4.0 (compatible; MSIE 6.0; Update a; AOL 6.0; Windows 98)"
92.249.127.111 - - [13/Feb/2014:02:55:39 +0100] "GET /seiten/start.htm HTTP/1.1" 200 7516 "http://chimiver.info/" "Mozilla/4.0 (compatible; MSIE 6.0; AOL 9.0; Windows NT 5.1)"
92.249.127.111 - - [13/Feb/2014:02:55:40 +0100] "GET /seiten/start.htm HTTP/1.1" 200 7516 "http://chimiver.info/" "Mozilla/4.0 (compatible; MSIE 6.0; AOL 9.0; Windows NT 5.1)"
92.249.127.111 - - [13/Feb/2014:02:55:40 +0100] "GET /seiten/start.htm HTTP/1.1" 200 7516 "http://chimiver.info/" "Mozilla/4.0 (compatible; MSIE 6.0; AOL 9.0; Windows NT 5.1)"
94.23.164.2 - - [13/Feb/2014:02:58:40 +0100] "GET /seiten/impr.htm HTTP/1.1" 200 9648 "-" "Mozilla/5.0 (X11; Linux i686; rv:6.0) Gecko/20100101 Firefox/6.0"
193.111.141.134 - - [13/Feb/2014:02:58:45 +0100] "GET /seiten/kont.htm HTTP/1.1" 200 8048 "-" "Mozilla/5.0 (X11; Linux i686; rv:6.0) Gecko/20100101 Firefox/6.0"
82.193.99.33 - - [13/Feb/2014:04:21:39 +0100] "GET /seiten/start.htm HTTP/1.1" 200 7516 "http://credit-banki.net/" "Mozilla/4.0 (compatible; MSIE 5.5; Windows 98)"
82.193.99.33 - - [13/Feb/2014:04:21:39 +0100] "GET /seiten/start.htm HTTP/1.1" 200 7516 "http://credit-banki.net/" "Mozilla/4.0 (compatible; MSIE 5.5; Windows 98)"
82.193.99.33 - - [13/Feb/2014:04:21:40 +0100] "GET /seiten/start.htm HTTP/1.1" 200 7516 "http://credit-banki.net/" "Mozilla/4.0 (compatible; MSIE 5.5; Windows 98)"
141.8.147.12 - - [13/Feb/2014:05:17:44 +0100] "GET /robots.txt HTTP/1.1" 200 157 "-" "Mozilla/5.0 (compatible; YandexBot/3.0; +http://yandex.com/bots)"
141.8.147.12 - - [13/Feb/2014:06:20:31 +0100] "GET /img/bilder.swf HTTP/1.1" 200 78858 "-" "Mozilla/5.0 (compatible; YandexBot/3.0; +http://yandex.com/bots)"
66.249.78.101 - - [13/Feb/2014:06:43:39 +0100] "GET /seiten/praxis.htm HTTP/1.1" 304 - "-" "SAMSUNG-SGH-E250/1.0 Profile/MIDP-2.0 Configuration/CLDC-1.1 UP.Browser/6.2.3.3.c.1.101 (GUI) MMP/2.0 (compatible; Googlebot-Mobile/2.1; +http://www.google.com/bot.html)"
213.110.133.221 - - [13/Feb/2014:08:30:22 +0100] "GET /seiten/news.php HTTP/1.1" 200 7079 "http://infolivefly.rolevaya.info/" "Mozilla/4.0 (compatible; Blog Search;)"
213.110.133.221 - - [13/Feb/2014:08:30:22 +0100] "GET /seiten/news.php HTTP/1.1" 200 7079 "http://infolivefly.rolevaya.info/" "Mozilla/4.0 (compatible; Blog Search;)"
46.115.52.13 - - [13/Feb/2014:10:29:35 +0100] "GET /seiten/leist.htm HTTP/1.1" 200 7640 "https://www.google.de/" "Mozilla/5.0 (iPhone; CPU iPhone OS 7_0_4 like Mac OS X) AppleWebKit/537.51.1 (KHTML, like Gecko) Version/7.0 Mobile/11B554a Safari/9537.53"
134.249.76.182 - - [13/Feb/2014:14:31:38 +0100] "GET /seiten/start.htm HTTP/1.1" 200 7516 "http://cardsharp1.ru/" "Mozilla/4.0 (compatible; MSIE 6.0; AOL 9.0; Windows NT 5.1)"
134.249.76.182 - - [13/Feb/2014:14:31:39 +0100] "GET /seiten/start.htm HTTP/1.1" 200 7516 "http://cardsharp1.ru/" "Mozilla/4.0 (compatible; MSIE 6.0; AOL 9.0; Windows NT 5.1)"
134.249.76.182 - - [13/Feb/2014:14:31:39 +0100] "GET /seiten/start.htm HTTP/1.1" 200 7516 "http://cardsharp1.ru/" "Mozilla/4.0 (compatible; MSIE 6.0; AOL 9.0; Windows NT 5.1)"
37.115.112.240 - - [13/Feb/2014:15:55:42 +0100] "GET /seiten/start.htm HTTP/1.1" 200 7516 "http://jjbabskoe.ru/" "Mozilla/4.0 (compatible; MSIE 5.5; Windows NT 5.0; .NET CLR 1.1.4322)"
37.115.112.240 - - [13/Feb/2014:15:55:42 +0100] "GET /seiten/start.htm HTTP/1.1" 200 7516 "http://jjbabskoe.ru/" "Mozilla/4.0 (compatible; MSIE 5.5; Windows NT 5.0; .NET CLR 1.1.4322)"
37.115.112.240 - - [13/Feb/2014:15:55:43 +0100] "GET /seiten/start.htm HTTP/1.1" 200 7516 "http://jjbabskoe.ru/" "Mozilla/4.0 (compatible; MSIE 5.5; Windows NT 5.0; .NET CLR 1.1.4322)"
46.118.125.84 - - [13/Feb/2014:16:07:25 +0100] "GET /seiten/start.htm HTTP/1.1" 200 7516 "http://sisiynas.ru/" "Mozilla/4.0 (compatible; MSIE 6.0; Windows 98; Win 9x 4.90; Creative)"
46.118.125.84 - - [13/Feb/2014:16:07:26 +0100] "GET /seiten/start.htm HTTP/1.1" 200 7516 "http://sisiynas.ru/" "Mozilla/4.0 (compatible; MSIE 6.0; Windows 98; Win 9x 4.90; Creative)"
46.118.125.84 - - [13/Feb/2014:16:07:26 +0100] "GET /seiten/start.htm HTTP/1.1" 200 7516 "http://sisiynas.ru/" "Mozilla/4.0 (compatible; MSIE 6.0; Windows 98; Win 9x 4.90; Creative)"
195.242.218.133 - - [13/Feb/2014:16:35:25 +0100] "GET /seiten/start.htm HTTP/1.1" 200 7516 "http://wetgames.ru/" "Mozilla/4.61 [en] (X11; U; ) - BrowseX (2.0.0 Windows)"
195.242.218.133 - - [13/Feb/2014:16:35:26 +0100] "GET /seiten/start.htm HTTP/1.1" 200 7516 "http://wetgames.ru/" "Mozilla/4.61 [en] (X11; U; ) - BrowseX (2.0.0 Windows)"
195.242.218.133 - - [13/Feb/2014:16:35:31 +0100] "GET /seiten/start.htm HTTP/1.1" 200 7516 "http://wetgames.ru/" "Mozilla/4.61 [en] (X11; U; ) - BrowseX (2.0.0 Windows)"
66.249.73.186 - - [13/Feb/2014:18:03:23 +0100] "GET /robots.txt HTTP/1.1" 200 157 "-" "Mozilla/5.0 (compatible; Googlebot/2.1; +http://www.google.com/bot.html)"
66.249.73.186 - - [13/Feb/2014:18:03:23 +0100] "GET /seiten/links.htm HTTP/1.1" 304 - "-" "SAMSUNG-SGH-E250/1.0 Profile/MIDP-2.0 Configuration/CLDC-1.1 UP.Browser/6.2.3.3.c.1.101 (GUI) MMP/2.0 (compatible; Googlebot-Mobile/2.1; +http://www.google.com/bot.html)"
46.119.119.29 - - [13/Feb/2014:23:36:45 +0100] "GET /seiten/start.htm HTTP/1.1" 200 7516 "http://vivasan.swisstrade.ru/" "Mozilla/4.0 (compatible; MSIE 6.0; Windows NT 5.1; en) Opera 8.00"
46.119.119.29 - - [13/Feb/2014:23:36:46 +0100] "GET /seiten/start.htm HTTP/1.1" 200 7516 "http://vivasan.swisstrade.ru/" "Mozilla/4.0 (compatible; MSIE 6.0; Windows NT 5.1; en) Opera 8.00"
46.119.119.29 - - [13/Feb/2014:23:36:46 +0100] "GET /seiten/start.htm HTTP/1.1" 200 7516 "http://vivasan.swisstrade.ru/" "Mozilla/4.0 (compatible; MSIE 6.0; Windows NT 5.1; en) Opera 8.00"
134.249.76.182 - - [14/Feb/2014:00:02:27 +0100] "GET /seiten/news.php HTTP/1.1" 200 7079 "http://ganja-seeds.net/" "Mozilla/4.0 (compatible; MSIE 6.0; Windows ME) Opera 7.11 [en]"
134.249.76.182 - - [14/Feb/2014:00:02:27 +0100] "GET /seiten/news.php HTTP/1.1" 200 7079 "http://ganja-seeds.net/" "Mozilla/4.0 (compatible; MSIE 6.0; Windows ME) Opera 7.11 [en]"
134.249.76.182 - - [14/Feb/2014:00:02:27 +0100] "GET /seiten/news.php HTTP/1.1" 200 7079 "http://ganja-seeds.net/" "Mozilla/4.0 (compatible; MSIE 6.0; Windows ME) Opera 7.11 [en]"
84.38.65.176 - - [14/Feb/2014:00:36:01 +0100] "GET / HTTP/1.1" 200 2663 "http://www.sumaja.de/" "Mozilla/5.0 (Windows; U; Windows NT 5.1; de; rv:1.9.0.12) Gecko/2009070611 Firefox/3.0.12 GTB7.1 (.NET CLR 3.5.30729)"
83.133.125.202 - - [14/Feb/2014:00:36:01 +0100] "GET / HTTP/1.0" 200 2663 "-" "-"
83.133.125.202 - - [14/Feb/2014:00:36:01 +0100] "GET / HTTP/1.0" 200 2663 "-" "-"
37.115.112.240 - - [14/Feb/2014:04:19:37 +0100] "GET /seiten/start.htm HTTP/1.1" 200 7516 "http://www.sportbetfair.com/" "Mozilla/4.0 (compatible; MSIE 5.5; Windows NT 5.0; .NET CLR 1.1.4322)"
37.115.112.240 - - [14/Feb/2014:04:19:38 +0100] "GET /seiten/start.htm HTTP/1.1" 200 7516 "http://www.sportbetfair.com/" "Mozilla/4.0 (compatible; MSIE 5.5; Windows NT 5.0; .NET CLR 1.1.4322)"
37.115.112.240 - - [14/Feb/2014:04:19:38 +0100] "GET /seiten/start.htm HTTP/1.1" 200 7516 "http://www.sportbetfair.com/" "Mozilla/4.0 (compatible; MSIE 5.5; Windows NT 5.0; .NET CLR 1.1.4322)"
92.249.127.111 - - [14/Feb/2014:06:18:21 +0100] "GET /seiten/start.htm HTTP/1.1" 200 7516 "http://moscforums.rolebb.ru/" "Mozilla/4.0 (compatible; MSIE 6.0; Windows NT 5.1; en) Opera 8.00"
92.249.127.111 - - [14/Feb/2014:06:18:21 +0100] "GET /seiten/start.htm HTTP/1.1" 200 7516 "http://moscforums.rolebb.ru/" "Mozilla/4.0 (compatible; MSIE 6.0; Windows NT 5.1; en) Opera 8.00"
176.57.142.28 - - [14/Feb/2014:07:09:34 +0100] "GET /seiten/kont.htm HTTP/1.1" 200 8048 "-" "Mozilla/5.0 (X11; Linux i686; rv:6.0) Gecko/20100101 Firefox/6.0"
193.111.141.54 - - [14/Feb/2014:07:09:34 +0100] "GET /seiten/impr.htm HTTP/1.1" 200 9648 "-" "Mozilla/5.0 (X11; Linux i686; rv:6.0) Gecko/20100101 Firefox/6.0"
66.249.73.186 - - [14/Feb/2014:08:32:30 +0100] "GET /seiten/start.htm HTTP/1.1" 304 - "-" "Mozilla/5.0 (iPhone; CPU iPhone OS 6_0 like Mac OS X) AppleWebKit/536.26 (KHTML, like Gecko) Version/6.0 Mobile/10A5376e Safari/8536.25 (compatible; Googlebot/2.1; +http://www.google.com/bot.html)"
176.9.138.27 - - [14/Feb/2014:11:41:17 +0100] "GET /robots.txt HTTP/1.1" 200 157 "-" "Mozilla/5.0 (compatible; waybackarchive.org/1.0; +spider@waybackarchive.org)"
176.9.138.27 - - [14/Feb/2014:11:41:17 +0100] "GET /img/men03.gif HTTP/1.1" 200 1621 "-" "Mozilla/5.0 (compatible; waybackarchive.org/1.0; +spider@waybackarchive.org)"
66.249.64.3 - - [14/Feb/2014:12:07:23 +0100] "GET /robots.txt HTTP/1.1" 200 157 "-" "Mozilla/5.0 (compatible; Googlebot/2.1; +http://www.google.com/bot.html)"
66.249.64.3 - - [14/Feb/2014:12:07:23 +0100] "GET /img/bilder.swf HTTP/1.1" 200 78858 "-" "Mozilla/5.0 (iPhone; CPU iPhone OS 6_0 like Mac OS X) AppleWebKit/536.26 (KHTML, like Gecko) Version/6.0 Mobile/10A5376e Safari/8536.25 (compatible; Googlebot/2.1; +http://www.google.com/bot.html)"
208.115.111.73 - - [14/Feb/2014:14:27:27 +0100] "GET /robots.txt HTTP/1.1" 200 157 "-" "Mozilla/5.0 (compatible; Ezooms/1.0; help@moz.com)"
83.149.126.98 - - [14/Feb/2014:15:13:21 +0100] "GET /robots.txt HTTP/1.0" 200 157 "-" "Mozilla/5.0 (compatible; MJ12bot/v1.4.4; http://www.majestic12.co.uk/bot.php?+)"
83.149.126.98 - - [14/Feb/2014:15:13:22 +0100] "GET / HTTP/1.0" 200 2663 "-" "Mozilla/5.0 (compatible; MJ12bot/v1.4.4; http://www.majestic12.co.uk/bot.php?+)"
46.118.127.106 - - [14/Feb/2014:16:03:20 +0100] "GET /seiten/start.htm HTTP/1.1" 200 7516 "http://pornokajf.com/" "Mozilla/4.0 (compatible; MSIE 6.0; Windows NT 5.1; SV1; Crazy Browser 2.0.0 Beta 1; .NET CLR 1.0.3705; .NET CLR 1.1.4322)"
46.118.127.106 - - [14/Feb/2014:16:03:20 +0100] "GET /seiten/start.htm HTTP/1.1" 200 7516 "http://pornokajf.com/" "Mozilla/4.0 (compatible; MSIE 6.0; Windows NT 5.1; SV1; Crazy Browser 2.0.0 Beta 1; .NET CLR 1.0.3705; .NET CLR 1.1.4322)"
46.118.127.106 - - [14/Feb/2014:16:03:24 +0100] "GET /seiten/start.htm HTTP/1.1" 200 7516 "http://pornokajf.com/" "Mozilla/4.0 (compatible; MSIE 6.0; Windows NT 5.1; SV1; Crazy Browser 2.0.0 Beta 1; .NET CLR 1.0.3705; .NET CLR 1.1.4322)"
141.8.147.12 - - [14/Feb/2014:16:15:26 +0100] "GET /robots.txt HTTP/1.1" 200 157 "-" "Mozilla/5.0 (compatible; YandexBot/3.0; +http://yandex.com/bots)"
208.115.111.73 - - [14/Feb/2014:16:22:35 +0100] "GET /seiten/leist.htm HTTP/1.1" 200 7640 "-" "Mozilla/5.0 (compatible; Ezooms/1.0; help@moz.com)"
141.8.147.12 - - [14/Feb/2014:17:34:31 +0100] "GET / HTTP/1.1" 200 2663 "-" "Mozilla/5.0 (compatible; YandexBot/3.0; +http://yandex.com/bots)"
37.115.112.88 - - [14/Feb/2014:19:29:23 +0100] "GET /seiten/start.htm HTTP/1.1" 200 7516 "http://fermersovet.ru/" "Opera/8.00 (Windows NT 5.1; U; en)"
37.115.112.88 - - [14/Feb/2014:19:29:24 +0100] "GET /seiten/start.htm HTTP/1.1" 200 7516 "http://fermersovet.ru/" "Opera/8.00 (Windows NT 5.1; U; en)"
37.115.112.88 - - [14/Feb/2014:19:29:24 +0100] "GET /seiten/start.htm HTTP/1.1" 200 7516 "http://fermersovet.ru/" "Opera/8.00 (Windows NT 5.1; U; en)"
66.249.64.3 - - [14/Feb/2014:19:51:53 +0100] "GET / HTTP/1.1" 200 2663 "-" "Mozilla/5.0 (iPhone; CPU iPhone OS 6_0 like Mac OS X) AppleWebKit/536.26 (KHTML, like Gecko) Version/6.0 Mobile/10A5376e Safari/8536.25 (compatible; Googlebot/2.1; +http://www.google.com/bot.html)"
66.249.64.3 - - [14/Feb/2014:20:06:18 +0100] "GET /seiten/start.htm HTTP/1.1" 200 7516 "-" "Mozilla/5.0 (iPhone; CPU iPhone OS 6_0 like Mac OS X) AppleWebKit/536.26 (KHTML, like Gecko) Version/6.0 Mobile/10A5376e Safari/8536.25 (compatible; Googlebot-Mobile/2.1; +http://www.google.com/bot.html)"
199.58.86.206 - - [14/Feb/2014:20:32:44 +0100] "GET /robots.txt HTTP/1.0" 200 157 "-" "Mozilla/5.0 (compatible; MJ12bot/v1.4.4; http://www.majestic12.co.uk/bot.php?+)"
199.58.86.206 - - [14/Feb/2014:20:32:45 +0100] "GET /seiten/impr.htm HTTP/1.0" 200 9648 "-" "Mozilla/5.0 (compatible; MJ12bot/v1.4.4; http://www.majestic12.co.uk/bot.php?+)"
199.58.86.206 - - [14/Feb/2014:20:32:47 +0100] "GET /seiten/links.htm HTTP/1.0" 200 7302 "-" "Mozilla/5.0 (compatible; MJ12bot/v1.4.4; http://www.majestic12.co.uk/bot.php?+)"
46.118.125.84 - - [14/Feb/2014:20:36:25 +0100] "GET /seiten/start.htm HTTP/1.1" 200 7516 "http://muztops.ru/" "Mozilla/3.0 (compatible; WebCapture 2.0; Auto; Windows)"
46.118.125.84 - - [14/Feb/2014:20:36:27 +0100] "GET /seiten/start.htm HTTP/1.1" 200 7516 "http://muztops.ru/" "Mozilla/3.0 (compatible; WebCapture 2.0; Auto; Windows)"
46.118.125.84 - - [14/Feb/2014:20:36:27 +0100] "GET /seiten/start.htm HTTP/1.1" 200 7516 "http://muztops.ru/" "Mozilla/3.0 (compatible; WebCapture 2.0; Auto; Windows)"
92.249.127.111 - - [14/Feb/2014:20:37:21 +0100] "GET /seiten/start.htm HTTP/1.1" 200 7516 "http://chimiver.info/" "Mozilla/4.0 (compatible; MSIE 6.0; AOL 9.0; Windows NT 5.1)"
92.249.127.111 - - [14/Feb/2014:20:37:21 +0100] "GET /seiten/start.htm HTTP/1.1" 200 7516 "http://chimiver.info/" "Mozilla/4.0 (compatible; MSIE 6.0; AOL 9.0; Windows NT 5.1)"
92.249.127.111 - - [14/Feb/2014:20:37:22 +0100] "GET /seiten/start.htm HTTP/1.1" 200 7516 "http://chimiver.info/" "Mozilla/4.0 (compatible; MSIE 6.0; AOL 9.0; Windows NT 5.1)"
66.249.64.21 - - [14/Feb/2014:23:18:23 +0100] "GET /seiten/praxis.htm HTTP/1.1" 304 - "-" "Mozilla/5.0 (iPhone; CPU iPhone OS 6_0 like Mac OS X) AppleWebKit/536.26 (KHTML, like Gecko) Version/6.0 Mobile/10A5376e Safari/8536.25 (compatible; Googlebot/2.1; +http://www.google.com/bot.html)"
141.8.147.12 - - [15/Feb/2014:00:06:13 +0100] "GET /img/bilder.swf HTTP/1.1" 200 78858 "-" "Mozilla/5.0 (compatible; YandexBot/3.0; +http://yandex.com/bots)"
82.193.99.33 - - [15/Feb/2014:01:55:24 +0100] "GET /seiten/start.htm HTTP/1.1" 200 7516 "http://minecraft-neo.ru/" "Mozilla/1.22 (compatible; MSIE 2.0d; Windows NT)"
82.193.99.33 - - [15/Feb/2014:01:55:25 +0100] "GET /seiten/start.htm HTTP/1.1" 200 7516 "http://minecraft-neo.ru/" "Mozilla/1.22 (compatible; MSIE 2.0d; Windows NT)"
82.193.99.33 - - [15/Feb/2014:01:55:25 +0100] "GET /seiten/start.htm HTTP/1.1" 200 7516 "http://minecraft-neo.ru/" "Mozilla/1.22 (compatible; MSIE 2.0d; Windows NT)"
37.115.113.172 - - [15/Feb/2014:04:03:11 +0100] "GET /seiten/start.htm HTTP/1.1" 200 7516 "http://cookingmeat.ru/" "Mozilla/4.0 (compatible; MSIE 6.0; Windows NT 5.1)"
37.115.113.172 - - [15/Feb/2014:04:03:12 +0100] "GET /seiten/start.htm HTTP/1.1" 200 7516 "http://cookingmeat.ru/" "Mozilla/4.0 (compatible; MSIE 6.0; Windows NT 5.1)"
37.115.113.172 - - [15/Feb/2014:04:03:12 +0100] "GET /seiten/start.htm HTTP/1.1" 200 7516 "http://cookingmeat.ru/" "Mozilla/4.0 (compatible; MSIE 6.0; Windows NT 5.1)"
66.249.64.21 - - [15/Feb/2014:05:12:14 +0100] "GET /seiten/leist.htm HTTP/1.1" 304 - "-" "SAMSUNG-SGH-E250/1.0 Profile/MIDP-2.0 Configuration/CLDC-1.1 UP.Browser/6.2.3.3.c.1.101 (GUI) MMP/2.0 (compatible; Googlebot-Mobile/2.1; +http://www.google.com/bot.html)"
46.118.127.106 - - [15/Feb/2014:05:29:17 +0100] "GET /seiten/start.htm HTTP/1.1" 200 7516 "http://promokodoff.net/" "Mozilla/4.0 (compatible; MSIE 6.0; Windows NT 5.1)"
46.118.127.106 - - [15/Feb/2014:05:29:17 +0100] "GET /seiten/start.htm HTTP/1.1" 200 7516 "http://promokodoff.net/" "Mozilla/4.0 (compatible; MSIE 6.0; Windows NT 5.1)"
46.118.127.106 - - [15/Feb/2014:05:29:17 +0100] "GET /seiten/start.htm HTTP/1.1" 200 7516 "http://promokodoff.net/" "Mozilla/4.0 (compatible; MSIE 6.0; Windows NT 5.1)"
66.249.64.3 - - [15/Feb/2014:06:06:59 +0100] "GET /seiten/kont.htm HTTP/1.1" 200 8048 "-" "Mozilla/5.0 (iPhone; CPU iPhone OS 6_0 like Mac OS X) AppleWebKit/536.26 (KHTML, like Gecko) Version/6.0 Mobile/10A5376e Safari/8536.25 (compatible; Googlebot/2.1; +http://www.google.com/bot.html)"
78.46.71.247 - - [15/Feb/2014:09:30:41 +0100] "GET / HTTP/1.1" 200 2663 "-" "Mozilla/5.0 (Windows; U; Windows NT 5.1; de; rv:1.8.1.3) Gecko/20070309 Firefox/2.0.0.3"
78.46.71.247 - - [15/Feb/2014:09:30:41 +0100] "GET /robots.txt HTTP/1.1" 200 157 "-" "libwww-perl/6.05"
78.46.71.247 - - [15/Feb/2014:09:30:41 +0100] "GET / HTTP/1.1" 200 2663 "-" "Mozilla/5.0 (Windows; U; Windows NT 5.1; de; rv:1.8.1.3) Gecko/20070309 Firefox/2.0.0.3"
78.46.71.247 - - [15/Feb/2014:09:30:41 +0100] "GET /seiten/start.htm HTTP/1.1" 200 7516 "http://www.dialyse-borna.de/" "Mozilla/5.0 (Windows; U; Windows NT 5.1; de; rv:1.8.1.3) Gecko/20070309 Firefox/2.0.0.3"
78.46.71.247 - - [15/Feb/2014:09:30:41 +0100] "GET /seiten/impr.htm HTTP/1.1" 200 9648 "http://www.dialyse-borna.de/seiten/start.htm" "Mozilla/5.0 (Windows; U; Windows NT 5.1; de; rv:1.8.1.3) Gecko/20070309 Firefox/2.0.0.3"
78.46.71.247 - - [15/Feb/2014:09:30:41 +0100] "GET /seiten/links.htm HTTP/1.1" 200 7302 "http://www.dialyse-borna.de/seiten/impr.htm" "Mozilla/5.0 (Windows; U; Windows NT 5.1; de; rv:1.8.1.3) Gecko/20070309 Firefox/2.0.0.3"
78.46.71.247 - - [15/Feb/2014:09:30:42 +0100] "GET /seiten/dialyse.htm HTTP/1.1" 200 7403 "http://www.dialyse-borna.de/seiten/links.htm" "Mozilla/5.0 (Windows; U; Windows NT 5.1; de; rv:1.8.1.3) Gecko/20070309 Firefox/2.0.0.3"
78.46.71.247 - - [15/Feb/2014:09:30:42 +0100] "GET /seiten/praxis.htm HTTP/1.1" 200 7847 "http://www.dialyse-borna.de/seiten/dialyse.htm" "Mozilla/5.0 (Windows; U; Windows NT 5.1; de; rv:1.8.1.3) Gecko/20070309 Firefox/2.0.0.3"
78.46.71.247 - - [15/Feb/2014:09:30:42 +0100] "GET /seiten/leist.htm HTTP/1.1" 200 7640 "http://www.dialyse-borna.de/seiten/praxis.htm" "Mozilla/5.0 (Windows; U; Windows NT 5.1; de; rv:1.8.1.3) Gecko/20070309 Firefox/2.0.0.3"
78.46.71.247 - - [15/Feb/2014:09:30:42 +0100] "GET /seiten/kont.htm HTTP/1.1" 200 8048 "http://www.dialyse-borna.de/seiten/leist.htm" "Mozilla/5.0 (Windows; U; Windows NT 5.1; de; rv:1.8.1.3) Gecko/20070309 Firefox/2.0.0.3"
78.46.71.247 - - [15/Feb/2014:09:30:42 +0100] "GET /seiten/kont_form.php HTTP/1.1" 200 8561 "http://www.dialyse-borna.de/seiten/kont.htm" "Mozilla/5.0 (Windows; U; Windows NT 5.1; de; rv:1.8.1.3) Gecko/20070309 Firefox/2.0.0.3"
78.46.71.247 - - [15/Feb/2014:09:30:42 +0100] "GET /seiten/news.php HTTP/1.1" 200 7079 "http://www.dialyse-borna.de/seiten/kont_form.php" "Mozilla/5.0 (Windows; U; Windows NT 5.1; de; rv:1.8.1.3) Gecko/20070309 Firefox/2.0.0.3"
78.46.71.247 - - [15/Feb/2014:09:30:42 +0100] "GET /seiten/function.include HTTP/1.1" 404 1256 "http://www.dialyse-borna.de/seiten/news.php" "Mozilla/5.0 (Windows; U; Windows NT 5.1; de; rv:1.8.1.3) Gecko/20070309 Firefox/2.0.0.3"
66.249.64.3 - - [15/Feb/2014:10:45:28 +0100] "GET /seiten/start.htm HTTP/1.1" 304 - "-" "Mozilla/5.0 (compatible; Googlebot/2.1; +http://www.google.com/bot.html)"
66.249.64.22 - - [15/Feb/2014:11:41:56 +0100] "GET /seiten/start.htm HTTP/1.1" 200 7516 "-" "Mozilla/5.0 (compatible; Googlebot/2.1; +http://www.google.com/bot.html)"
66.249.78.101 - - [15/Feb/2014:12:42:51 +0100] "GET /robots.txt HTTP/1.1" 200 157 "-" "Mozilla/5.0 (compatible; Googlebot/2.1; +http://www.google.com/bot.html)"
66.249.78.101 - - [15/Feb/2014:12:42:51 +0100] "GET / HTTP/1.1" 200 2663 "-" "Mozilla/5.0 (compatible; Googlebot/2.1; +http://www.google.com/bot.html)"
157.56.93.153 - - [15/Feb/2014:15:50:05 +0100] "GET /robots.txt HTTP/1.1" 200 157 "-" "Mozilla/5.0 (compatible; bingbot/2.0; +http://www.bing.com/bingbot.htm)"
157.56.93.153 - - [15/Feb/2014:15:51:07 +0100] "GET / HTTP/1.1" 200 2663 "-" "Mozilla/5.0 (compatible; bingbot/2.0; +http://www.bing.com/bingbot.htm)"
157.55.33.98 - - [15/Feb/2014:15:59:26 +0100] "GET /seiten/kont.htm HTTP/1.1" 304 - "-" "Mozilla/5.0 (compatible; bingbot/2.0; +http://www.bing.com/bingbot.htm)"
217.212.224.183 - - [15/Feb/2014:17:42:30 +0100] "GET /robots.txt HTTP/1.0" 200 157 "-" "psbot/0.1 (+http://www.picsearch.com/bot.html)"
217.212.224.181 - - [15/Feb/2014:17:42:30 +0100] "GET /seiten/kont.htm HTTP/1.0" 304 - "-" "psbot/0.1 (+http://www.picsearch.com/bot.html)"
157.55.32.105 - - [15/Feb/2014:18:43:04 +0100] "GET /seiten/start.htm HTTP/1.1" 200 7516 "-" "Mozilla/5.0 (compatible; bingbot/2.0; +http://www.bing.com/bingbot.htm)"
109.120.157.179 - - [15/Feb/2014:19:16:34 +0100] "GET /seiten/start.htm HTTP/1.1" 200 7516 "http://gfaq.ru/forum" "Mozilla/5.0 (compatible; Add Catalog/2.1;)"
109.120.157.179 - - [15/Feb/2014:19:16:35 +0100] "GET /seiten/start.htm HTTP/1.1" 200 7516 "http://gfaq.ru/forum" "Mozilla/5.0 (compatible; Add Catalog/2.1;)"
66.249.78.101 - - [15/Feb/2014:19:24:41 +0100] "GET /seiten/start.htm HTTP/1.1" 304 - "-" "Mozilla/5.0 (iPhone; CPU iPhone OS 6_0 like Mac OS X) AppleWebKit/536.26 (KHTML, like Gecko) Version/6.0 Mobile/10A5376e Safari/8536.25 (compatible; Googlebot/2.1; +http://www.google.com/bot.html)"
37.115.112.88 - - [15/Feb/2014:20:31:07 +0100] "GET /seiten/start.htm HTTP/1.1" 200 7516 "http://my-bc.ru/" "Mozilla/4.0 (compatible; MSIE 6.0; Windows NT 5.1; SV1)"
37.115.112.88 - - [15/Feb/2014:20:31:08 +0100] "GET /seiten/start.htm HTTP/1.1" 200 7516 "http://my-bc.ru/" "Mozilla/4.0 (compatible; MSIE 6.0; Windows NT 5.1; SV1)"
37.115.112.88 - - [15/Feb/2014:20:31:08 +0100] "GET /seiten/start.htm HTTP/1.1" 200 7516 "http://my-bc.ru/" "Mozilla/4.0 (compatible; MSIE 6.0; Windows NT 5.1; SV1)"
37.115.113.172 - - [15/Feb/2014:20:52:45 +0100] "GET /seiten/start.htm HTTP/1.1" 200 7516 "http://jjbabskoe.ru/" "Mozilla/4.0 (compatible; MSIE 5.5; Windows NT 5.0; .NET CLR 1.1.4322)"
37.115.113.172 - - [15/Feb/2014:20:52:45 +0100] "GET /seiten/start.htm HTTP/1.1" 200 7516 "http://jjbabskoe.ru/" "Mozilla/4.0 (compatible; MSIE 5.5; Windows NT 5.0; .NET CLR 1.1.4322)"
37.115.113.172 - - [15/Feb/2014:20:52:47 +0100] "GET /seiten/start.htm HTTP/1.1" 200 7516 "http://jjbabskoe.ru/" "Mozilla/4.0 (compatible; MSIE 5.5; Windows NT 5.0; .NET CLR 1.1.4322)"
66.249.78.101 - - [15/Feb/2014:22:57:39 +0100] "GET /seiten/dialyse.htm HTTP/1.1" 304 - "-" "Mozilla/5.0 (iPhone; CPU iPhone OS 6_0 like Mac OS X) AppleWebKit/536.26 (KHTML, like Gecko) Version/6.0 Mobile/10A5376e Safari/8536.25 (compatible; Googlebot/2.1; +http://www.google.com/bot.html)"
66.249.78.101 - - [16/Feb/2014:04:02:12 +0100] "GET /seiten/links.htm HTTP/1.1" 304 - "-" "Mozilla/5.0 (iPhone; CPU iPhone OS 6_0 like Mac OS X) AppleWebKit/536.26 (KHTML, like Gecko) Version/6.0 Mobile/10A5376e Safari/8536.25 (compatible; Googlebot/2.1; +http://www.google.com/bot.html)"
141.8.147.12 - - [16/Feb/2014:05:05:00 +0100] "GET /robots.txt HTTP/1.1" 200 157 "-" "Mozilla/5.0 (compatible; YandexBot/3.0; +http://yandex.com/bots)"
178.255.215.88 - - [16/Feb/2014:05:17:35 +0100] "GET /robots.txt HTTP/1.1" 200 157 "-" "Mozilla/5.0 (compatible; Exabot/3.0 (BiggerBetter); +http://www.exabot.com/go/robot)"
178.255.215.88 - - [16/Feb/2014:05:17:35 +0100] "GET /seiten/start.htm HTTP/1.1" 200 7516 "-" "Mozilla/5.0 (compatible; Exabot/3.0 (BiggerBetter); +http://www.exabot.com/go/robot)"
66.249.78.101 - - [16/Feb/2014:06:15:32 +0100] "GET / HTTP/1.1" 200 2663 "-" "Mozilla/5.0 (iPhone; CPU iPhone OS 6_0 like Mac OS X) AppleWebKit/536.26 (KHTML, like Gecko) Version/6.0 Mobile/10A5376e Safari/8536.25 (compatible; Googlebot/2.1; +http://www.google.com/bot.html)"
66.249.78.101 - - [16/Feb/2014:06:16:19 +0100] "GET /seiten/start.htm HTTP/1.1" 200 7516 "-" "Mozilla/5.0 (iPhone; CPU iPhone OS 6_0 like Mac OS X) AppleWebKit/536.26 (KHTML, like Gecko) Version/6.0 Mobile/10A5376e Safari/8536.25 (compatible; Googlebot-Mobile/2.1; +http://www.google.com/bot.html)"
66.249.78.101 - - [16/Feb/2014:07:36:59 +0100] "GET /seiten/impr.htm HTTP/1.1" 304 - "-" "Mozilla/5.0 (iPhone; CPU iPhone OS 6_0 like Mac OS X) AppleWebKit/536.26 (KHTML, like Gecko) Version/6.0 Mobile/10A5376e Safari/8536.25 (compatible; Googlebot/2.1; +http://www.google.com/bot.html)"
37.115.113.172 - - [16/Feb/2014:07:54:20 +0100] "GET /seiten/start.htm HTTP/1.1" 200 7516 "http://stroydetali.ru/" "Mozilla/4.0 (compatible; MSIE 6.0; Windows NT) ::ELNSB50::000061100320025802a00111000000000507000900000000"
37.115.113.172 - - [16/Feb/2014:07:54:20 +0100] "GET /seiten/start.htm HTTP/1.1" 200 7516 "http://stroydetali.ru/" "Mozilla/4.0 (compatible; MSIE 6.0; Windows NT) ::ELNSB50::000061100320025802a00111000000000507000900000000"
37.115.113.172 - - [16/Feb/2014:07:54:21 +0100] "GET /seiten/start.htm HTTP/1.1" 200 7516 "http://stroydetali.ru/" "Mozilla/4.0 (compatible; MSIE 6.0; Windows NT) ::ELNSB50::000061100320025802a00111000000000507000900000000"
141.8.147.12 - - [16/Feb/2014:07:56:26 +0100] "GET / HTTP/1.1" 200 2663 "-" "Mozilla/5.0 (compatible; YandexBot/3.0; +http://yandex.com/bots)"
37.115.112.88 - - [16/Feb/2014:07:58:12 +0100] "GET /seiten/news.php HTTP/1.1" 200 7079 "http://pornoforadult.com/" "Mozilla/4.0 (compatible; MSIE 6.0; Windows NT 5.1; SV1; .NET CLR 1.1.4322; .NET CLR 2.0.50727)"
37.115.112.88 - - [16/Feb/2014:07:58:12 +0100] "GET /seiten/news.php HTTP/1.1" 200 7079 "http://pornoforadult.com/" "Mozilla/4.0 (compatible; MSIE 6.0; Windows NT 5.1; SV1; .NET CLR 1.1.4322; .NET CLR 2.0.50727)"
37.115.112.88 - - [16/Feb/2014:07:58:12 +0100] "GET /seiten/news.php HTTP/1.1" 200 7079 "http://pornoforadult.com/" "Mozilla/4.0 (compatible; MSIE 6.0; Windows NT 5.1; SV1; .NET CLR 1.1.4322; .NET CLR 2.0.50727)"
93.186.202.197 - - [16/Feb/2014:07:59:37 +0100] "GET /seiten/impr.htm HTTP/1.1" 200 9648 "-" "Mozilla/5.0 (X11; Linux i686; rv:6.0) Gecko/20100101 Firefox/6.0"
94.23.167.218 - - [16/Feb/2014:07:59:45 +0100] "GET /seiten/kont.htm HTTP/1.1" 200 8048 "-" "Mozilla/5.0 (X11; Linux i686; rv:6.0) Gecko/20100101 Firefox/6.0"
84.38.65.176 - - [16/Feb/2014:10:09:21 +0100] "GET / HTTP/1.1" 200 2663 "http://www.sumaja.de/" "Mozilla/4.0 (compatible; MSIE 8.0; Windows NT 5.1; Trident/4.0; FBSMTWB; ATC/1.0; .NET CLR 1.1.4322; ATC/1.0; .NET CLR 2.0.50727; .NET CLR 3.0.4506.2152; .NET CLR 3.5.30729)"
85.25.202.18 - - [16/Feb/2014:10:09:21 +0100] "GET / HTTP/1.0" 200 2663 "-" "-"
85.25.202.18 - - [16/Feb/2014:10:09:21 +0100] "GET / HTTP/1.0" 200 2663 "-" "-"
208.115.111.73 - - [16/Feb/2014:11:06:45 +0100] "GET /robots.txt HTTP/1.1" 200 157 "-" "Mozilla/5.0 (compatible; Ezooms/1.0; help@moz.com)"
141.8.147.12 - - [16/Feb/2014:12:10:46 +0100] "GET /img/bilder.swf HTTP/1.1" 200 78858 "-" "Mozilla/5.0 (compatible; YandexBot/3.0; +http://yandex.com/bots)"
208.115.111.73 - - [16/Feb/2014:12:51:48 +0100] "GET /seiten/praxis.htm HTTP/1.1" 200 7847 "-" "Mozilla/5.0 (compatible; Ezooms/1.0; help@moz.com)"
46.119.119.29 - - [16/Feb/2014:13:12:20 +0100] "GET /seiten/start.htm HTTP/1.1" 200 7516 "http://bimatoprost-careprost.com/" "Mozilla/4.0 (compatible; MSIE 6.0; Windows NT 5.1; en) Opera 8.00"
46.119.119.29 - - [16/Feb/2014:13:12:21 +0100] "GET /seiten/start.htm HTTP/1.1" 200 7516 "http://bimatoprost-careprost.com/" "Mozilla/4.0 (compatible; MSIE 6.0; Windows NT 5.1; en) Opera 8.00"
46.119.119.29 - - [16/Feb/2014:13:12:21 +0100] "GET /seiten/start.htm HTTP/1.1" 200 7516 "http://bimatoprost-careprost.com/" "Mozilla/4.0 (compatible; MSIE 6.0; Windows NT 5.1; en) Opera 8.00"
92.249.127.111 - - [16/Feb/2014:13:39:08 +0100] "GET /seiten/start.htm HTTP/1.1" 200 7516 "http://chimiver.info/" "Mozilla/4.0 (compatible; MSIE 6.0; AOL 9.0; Windows NT 5.1)"
92.249.127.111 - - [16/Feb/2014:13:39:09 +0100] "GET /seiten/start.htm HTTP/1.1" 200 7516 "http://chimiver.info/" "Mozilla/4.0 (compatible; MSIE 6.0; AOL 9.0; Windows NT 5.1)"
92.249.127.111 - - [16/Feb/2014:13:39:09 +0100] "GET /seiten/start.htm HTTP/1.1" 200 7516 "http://chimiver.info/" "Mozilla/4.0 (compatible; MSIE 6.0; AOL 9.0; Windows NT 5.1)"
46.118.125.84 - - [16/Feb/2014:15:14:30 +0100] "GET /seiten/start.htm HTTP/1.1" 200 7516 "http://adult-picture.net/" "Mozilla/4.0 (compatible; MSIE 5.5; Windows NT 5.0; .NET CLR 1.1.4322)"
46.118.125.84 - - [16/Feb/2014:15:14:30 +0100] "GET /seiten/start.htm HTTP/1.1" 200 7516 "http://adult-picture.net/" "Mozilla/4.0 (compatible; MSIE 5.5; Windows NT 5.0; .NET CLR 1.1.4322)"
46.118.125.84 - - [16/Feb/2014:15:14:30 +0100] "GET /seiten/start.htm HTTP/1.1" 200 7516 "http://adult-picture.net/" "Mozilla/4.0 (compatible; MSIE 5.5; Windows NT 5.0; .NET CLR 1.1.4322)"
66.249.78.101 - - [16/Feb/2014:18:04:19 +0100] "GET /robots.txt HTTP/1.1" 200 157 "-" "Mozilla/5.0 (compatible; Googlebot/2.1; +http://www.google.com/bot.html)"
66.249.78.101 - - [16/Feb/2014:18:04:19 +0100] "GET /seiten/leist.htm HTTP/1.1" 304 - "-" "Mozilla/5.0 (iPhone; CPU iPhone OS 6_0 like Mac OS X) AppleWebKit/536.26 (KHTML, like Gecko) Version/6.0 Mobile/10A5376e Safari/8536.25 (compatible; Googlebot/2.1; +http://www.google.com/bot.html)"
37.115.112.88 - - [16/Feb/2014:19:20:29 +0100] "GET /seiten/start.htm HTTP/1.1" 200 7516 "http://snomer1.ru/" "Mozilla/4.0 (compatible; MSIE 6.0; AOL 9.0; Windows NT 5.1)"
37.115.112.88 - - [16/Feb/2014:19:20:29 +0100] "GET /seiten/start.htm HTTP/1.1" 200 7516 "http://snomer1.ru/" "Mozilla/4.0 (compatible; MSIE 6.0; AOL 9.0; Windows NT 5.1)"
37.115.112.88 - - [16/Feb/2014:19:20:30 +0100] "GET /seiten/start.htm HTTP/1.1" 200 7516 "http://snomer1.ru/" "Mozilla/4.0 (compatible; MSIE 6.0; AOL 9.0; Windows NT 5.1)"
82.193.99.33 - - [16/Feb/2014:23:33:18 +0100] "GET /seiten/start.htm HTTP/1.1" 200 7516 "http://lovecs.ru/" "Mozilla/4.0 (compatible; MSIE 6.0; Windows 98; Win 9x 4.90; Creative)"
82.193.99.33 - - [16/Feb/2014:23:33:19 +0100] "GET /seiten/start.htm HTTP/1.1" 200 7516 "http://lovecs.ru/" "Mozilla/4.0 (compatible; MSIE 6.0; Windows 98; Win 9x 4.90; Creative)"
82.193.99.33 - - [16/Feb/2014:23:33:19 +0100] "GET /seiten/start.htm HTTP/1.1" 200 7516 "http://lovecs.ru/" "Mozilla/4.0 (compatible; MSIE 6.0; Windows 98; Win 9x 4.90; Creative)"
66.249.78.101 - - [17/Feb/2014:04:34:39 +0100] "GET /snqyzolgwdvjlfi.html HTTP/1.1" 404 1256 "-" "Mozilla/5.0 (compatible; Googlebot/2.1; +http://www.google.com/bot.html)"
46.119.119.29 - - [17/Feb/2014:05:02:53 +0100] "GET /seiten/start.htm HTTP/1.1" 200 7516 "http://avtoads.net/" "Mozilla/4.0 (compatible; MSIE 6.0; MSIE 5.5; Windows NT 5.0) Opera 7.02 Bork-edition [en]"
46.119.119.29 - - [17/Feb/2014:05:02:53 +0100] "GET /seiten/start.htm HTTP/1.1" 200 7516 "http://avtoads.net/" "Mozilla/4.0 (compatible; MSIE 6.0; MSIE 5.5; Windows NT 5.0) Opera 7.02 Bork-edition [en]"
46.119.119.29 - - [17/Feb/2014:05:02:57 +0100] "GET /seiten/start.htm HTTP/1.1" 200 7516 "http://avtoads.net/" "Mozilla/4.0 (compatible; MSIE 6.0; MSIE 5.5; Windows NT 5.0) Opera 7.02 Bork-edition [en]"
37.115.113.172 - - [17/Feb/2014:05:28:44 +0100] "GET /seiten/start.htm HTTP/1.1" 200 7516 "http://erotikstories.ru/" "Mozilla/4.0 (compatible; MSIE 6.0; Windows NT 5.1; SV1; .NET CLR 1.0.3705; .NET CLR 1.1.4322; .NET CLR 2.0.40607)"
37.115.113.172 - - [17/Feb/2014:05:28:45 +0100] "GET /seiten/start.htm HTTP/1.1" 200 7516 "http://erotikstories.ru/" "Mozilla/4.0 (compatible; MSIE 6.0; Windows NT 5.1; SV1; .NET CLR 1.0.3705; .NET CLR 1.1.4322; .NET CLR 2.0.40607)"
37.115.113.172 - - [17/Feb/2014:05:28:46 +0100] "GET /seiten/start.htm HTTP/1.1" 200 7516 "http://erotikstories.ru/" "Mozilla/4.0 (compatible; MSIE 6.0; Windows NT 5.1; SV1; .NET CLR 1.0.3705; .NET CLR 1.1.4322; .NET CLR 2.0.40607)"
141.8.147.12 - - [17/Feb/2014:05:28:48 +0100] "GET /robots.txt HTTP/1.1" 200 157 "-" "Mozilla/5.0 (compatible; YandexBot/3.0; +http://yandex.com/bots)"
141.8.147.12 - - [17/Feb/2014:05:28:50 +0100] "GET /img/leist.jpg HTTP/1.1" 304 - "-" "Mozilla/5.0 (compatible; YandexImages/3.0; +http://yandex.com/bots)"
5.1.1.132 - - [17/Feb/2014:05:53:05 +0100] "GET /seiten/links.htm HTTP/1.0" 200 7302 "http://www.dialyse-borna.de/seiten/links.htm" "Mozilla/5.0 (Windows NT 5.1) AppleWebKit/537.19 (KHTML, like Gecko) Chrome/25.0.1323.1 Safari/537.19"
66.249.78.101 - - [17/Feb/2014:06:27:47 +0100] "GET / HTTP/1.1" 200 2663 "-" "Mozilla/5.0 (iPhone; CPU iPhone OS 6_0 like Mac OS X) AppleWebKit/536.26 (KHTML, like Gecko) Version/6.0 Mobile/10A5376e Safari/8536.25 (compatible; Googlebot/2.1; +http://www.google.com/bot.html)"
141.8.147.12 - - [17/Feb/2014:07:28:00 +0100] "GET /img/main_pic.jpg HTTP/1.1" 304 - "-" "Mozilla/5.0 (compatible; YandexImages/3.0; +http://yandex.com/bots)"
194.127.8.30 - - [17/Feb/2014:07:40:33 +0100] "GET /seiten/impr.htm HTTP/1.1" 200 9648 "-" "Mozilla/5.0 (compatible; MSIE 9.0; Windows NT 6.1; WOW64; Trident/5.0)"
194.127.8.25 - - [17/Feb/2014:07:40:34 +0100] "GET /seiten/impr.htm HTTP/1.1" 200 9648 "-" "Mozilla/5.0 (compatible; MSIE 9.0; Windows NT 6.1; WOW64; Trident/5.0)"
194.127.8.12 - - [17/Feb/2014:07:40:34 +0100] "GET /img/1pixel.gif HTTP/1.1" 200 45 "http://www.dialyse-borna.de/seiten/impr.htm" "Mozilla/5.0 (compatible; MSIE 9.0; Windows NT 6.1; WOW64; Trident/5.0)"
194.127.8.11 - - [17/Feb/2014:07:40:34 +0100] "GET /img/bg3.gif HTTP/1.1" 200 143 "http://www.dialyse-borna.de/seiten/impr.htm" "Mozilla/5.0 (compatible; MSIE 9.0; Windows NT 6.1; WOW64; Trident/5.0)"
194.127.8.11 - - [17/Feb/2014:07:40:34 +0100] "GET /img/bg4.gif HTTP/1.1" 200 135 "http://www.dialyse-borna.de/seiten/impr.htm" "Mozilla/5.0 (compatible; MSIE 9.0; Windows NT 6.1; WOW64; Trident/5.0)"
194.127.8.12 - - [17/Feb/2014:07:40:34 +0100] "GET /img/lay02.gif HTTP/1.1" 200 3503 "http://www.dialyse-borna.de/seiten/impr.htm" "Mozilla/5.0 (compatible; MSIE 9.0; Windows NT 6.1; WOW64; Trident/5.0)"
194.127.8.11 - - [17/Feb/2014:07:40:34 +0100] "GET /img/men02.gif HTTP/1.1" 200 1273 "http://www.dialyse-borna.de/seiten/impr.htm" "Mozilla/5.0 (compatible; MSIE 9.0; Windows NT 6.1; WOW64; Trident/5.0)"
194.127.8.11 - - [17/Feb/2014:07:40:34 +0100] "GET /img/lay05.gif HTTP/1.1" 200 541 "http://www.dialyse-borna.de/seiten/impr.htm" "Mozilla/5.0 (compatible; MSIE 9.0; Windows NT 6.1; WOW64; Trident/5.0)"
194.127.8.11 - - [17/Feb/2014:07:40:34 +0100] "GET /img/men06.gif HTTP/1.1" 200 1162 "http://www.dialyse-borna.de/seiten/impr.htm" "Mozilla/5.0 (compatible; MSIE 9.0; Windows NT 6.1; WOW64; Trident/5.0)"
194.127.8.12 - - [17/Feb/2014:07:40:34 +0100] "GET /img/men07.gif HTTP/1.1" 200 1396 "http://www.dialyse-borna.de/seiten/impr.htm" "Mozilla/5.0 (compatible; MSIE 9.0; Windows NT 6.1; WOW64; Trident/5.0)"
194.127.8.25 - - [17/Feb/2014:07:40:35 +0100] "GET /img/men04a.gif HTTP/1.1" 200 669 "http://www.dialyse-borna.de/seiten/impr.htm" "Mozilla/5.0 (compatible; MSIE 9.0; Windows NT 6.1; WOW64; Trident/5.0)"
194.127.8.12 - - [17/Feb/2014:07:40:35 +0100] "GET /img/lay08.gif HTTP/1.1" 200 322 "http://www.dialyse-borna.de/seiten/impr.htm" "Mozilla/5.0 (compatible; MSIE 9.0; Windows NT 6.1; WOW64; Trident/5.0)"
194.127.8.12 - - [17/Feb/2014:07:40:35 +0100] "GET /img/men09.gif HTTP/1.1" 200 708 "http://www.dialyse-borna.de/seiten/impr.htm" "Mozilla/5.0 (compatible; MSIE 9.0; Windows NT 6.1; WOW64; Trident/5.0)"
194.127.8.12 - - [17/Feb/2014:07:40:36 +0100] "GET /img/men03.gif HTTP/1.1" 200 1621 "http://www.dialyse-borna.de/seiten/impr.htm" "Mozilla/5.0 (compatible; MSIE 9.0; Windows NT 6.1; WOW64; Trident/5.0)"
194.127.8.12 - - [17/Feb/2014:07:40:36 +0100] "GET /img/men08a.gif HTTP/1.1" 200 819 "http://www.dialyse-borna.de/seiten/impr.htm" "Mozilla/5.0 (compatible; MSIE 9.0; Windows NT 6.1; WOW64; Trident/5.0)"
194.127.8.11 - - [17/Feb/2014:07:40:36 +0100] "GET /img/lay04.gif HTTP/1.1" 200 210 "http://www.dialyse-borna.de/seiten/impr.htm" "Mozilla/5.0 (compatible; MSIE 9.0; Windows NT 6.1; WOW64; Trident/5.0)"
194.127.8.11 - - [17/Feb/2014:07:40:36 +0100] "GET /img/lay07.gif HTTP/1.1" 200 272 "http://www.dialyse-borna.de/seiten/impr.htm" "Mozilla/5.0 (compatible; MSIE 9.0; Windows NT 6.1; WOW64; Trident/5.0)"
194.127.8.25 - - [17/Feb/2014:07:40:37 +0100] "GET /img/men02a.gif HTTP/1.1" 200 589 "http://www.dialyse-borna.de/seiten/impr.htm" "Mozilla/5.0 (compatible; MSIE 9.0; Windows NT 6.1; WOW64; Trident/5.0)"
194.127.8.25 - - [17/Feb/2014:07:40:37 +0100] "GET /img/men03a.gif HTTP/1.1" 200 820 "http://www.dialyse-borna.de/seiten/impr.htm" "Mozilla/5.0 (compatible; MSIE 9.0; Windows NT 6.1; WOW64; Trident/5.0)"
194.127.8.25 - - [17/Feb/2014:07:40:37 +0100] "GET /img/men05a.gif HTTP/1.1" 200 556 "http://www.dialyse-borna.de/seiten/impr.htm" "Mozilla/5.0 (compatible; MSIE 9.0; Windows NT 6.1; WOW64; Trident/5.0)"
194.127.8.25 - - [17/Feb/2014:07:40:37 +0100] "GET /img/men07a.gif HTTP/1.1" 200 666 "http://www.dialyse-borna.de/seiten/impr.htm" "Mozilla/5.0 (compatible; MSIE 9.0; Windows NT 6.1; WOW64; Trident/5.0)"
194.127.8.25 - - [17/Feb/2014:07:40:37 +0100] "GET /img/men06a.gif HTTP/1.1" 200 518 "http://www.dialyse-borna.de/seiten/impr.htm" "Mozilla/5.0 (compatible; MSIE 9.0; Windows NT 6.1; WOW64; Trident/5.0)"
194.127.8.25 - - [17/Feb/2014:07:40:50 +0100] "GET /seiten/praxis.htm HTTP/1.1" 200 7847 "http://www.dialyse-borna.de/seiten/impr.htm" "Mozilla/5.0 (compatible; MSIE 9.0; Windows NT 6.1; WOW64; Trident/5.0)"
194.127.8.11 - - [17/Feb/2014:07:40:50 +0100] "GET /img/men08.gif HTTP/1.1" 200 1642 "http://www.dialyse-borna.de/seiten/praxis.htm" "Mozilla/5.0 (compatible; MSIE 9.0; Windows NT 6.1; WOW64; Trident/5.0)"
194.127.8.12 - - [17/Feb/2014:07:40:50 +0100] "GET /img/schild.jpg HTTP/1.1" 200 12757 "http://www.dialyse-borna.de/seiten/praxis.htm" "Mozilla/5.0 (compatible; MSIE 9.0; Windows NT 6.1; WOW64; Trident/5.0)"
194.127.8.25 - - [17/Feb/2014:07:40:58 +0100] "GET /seiten/leist.htm HTTP/1.1" 200 7640 "http://www.dialyse-borna.de/seiten/praxis.htm" "Mozilla/5.0 (compatible; MSIE 9.0; Windows NT 6.1; WOW64; Trident/5.0)"
194.127.8.25 - - [17/Feb/2014:07:40:58 +0100] "GET /img/leist.jpg HTTP/1.1" 200 18546 "http://www.dialyse-borna.de/seiten/leist.htm" "Mozilla/5.0 (compatible; MSIE 9.0; Windows NT 6.1; WOW64; Trident/5.0)"
194.127.8.25 - - [17/Feb/2014:07:41:04 +0100] "GET /seiten/dialyse.htm HTTP/1.1" 200 7403 "http://www.dialyse-borna.de/seiten/leist.htm" "Mozilla/5.0 (compatible; MSIE 9.0; Windows NT 6.1; WOW64; Trident/5.0)"
194.127.8.25 - - [17/Feb/2014:07:41:04 +0100] "GET /img/dialyse.jpg HTTP/1.1" 200 18017 "http://www.dialyse-borna.de/seiten/dialyse.htm" "Mozilla/5.0 (compatible; MSIE 9.0; Windows NT 6.1; WOW64; Trident/5.0)"
194.127.8.25 - - [17/Feb/2014:07:41:24 +0100] "GET /seiten/links.htm HTTP/1.1" 200 7302 "http://www.dialyse-borna.de/seiten/dialyse.htm" "Mozilla/5.0 (compatible; MSIE 9.0; Windows NT 6.1; WOW64; Trident/5.0)"
194.127.8.12 - - [17/Feb/2014:07:41:24 +0100] "GET /img/links.jpg HTTP/1.1" 200 15669 "http://www.dialyse-borna.de/seiten/links.htm" "Mozilla/5.0 (compatible; MSIE 9.0; Windows NT 6.1; WOW64; Trident/5.0)"
141.8.147.12 - - [17/Feb/2014:08:00:09 +0100] "GET /img/links.jpg HTTP/1.1" 304 - "-" "Mozilla/5.0 (compatible; YandexImages/3.0; +http://yandex.com/bots)"
141.8.147.12 - - [17/Feb/2014:08:10:09 +0100] "GET /img/dialyse.jpg HTTP/1.1" 304 - "-" "Mozilla/5.0 (compatible; YandexImages/3.0; +http://yandex.com/bots)"
141.8.147.12 - - [17/Feb/2014:08:48:05 +0100] "GET /img/schild.jpg HTTP/1.1" 304 - "-" "Mozilla/5.0 (compatible; YandexImages/3.0; +http://yandex.com/bots)"
46.165.197.151 - - [17/Feb/2014:09:53:56 +0100] "GET /robots.txt HTTP/1.0" 200 157 "-" "Mozilla/5.0 (compatible; MJ12bot/v1.4.4; http://www.majestic12.co.uk/bot.php?+)"
46.165.197.151 - - [17/Feb/2014:09:53:58 +0100] "GET / HTTP/1.0" 200 2663 "-" "Mozilla/5.0 (compatible; MJ12bot/v1.4.4; http://www.majestic12.co.uk/bot.php?+)"
66.249.78.101 - - [17/Feb/2014:10:32:43 +0100] "GET /seiten/praxis.htm HTTP/1.1" 304 - "-" "Mozilla/5.0 (iPhone; CPU iPhone OS 6_0 like Mac OS X) AppleWebKit/536.26 (KHTML, like Gecko) Version/6.0 Mobile/10A5376e Safari/8536.25 (compatible; Googlebot/2.1; +http://www.google.com/bot.html)"
195.242.218.133 - - [17/Feb/2014:12:08:32 +0100] "GET /seiten/start.htm HTTP/1.1" 200 7516 "http://top-seo.by/" "Mozilla/4.0 (compatible; MSIE 6.0; Windows NT 5.1; SV1; .NET CLR 1.1.4322; .NET CLR 2.0.50727)"
195.242.218.133 - - [17/Feb/2014:12:08:33 +0100] "GET /seiten/start.htm HTTP/1.1" 200 7516 "http://top-seo.by/" "Mozilla/4.0 (compatible; MSIE 6.0; Windows NT 5.1; SV1; .NET CLR 1.1.4322; .NET CLR 2.0.50727)"
195.242.218.133 - - [17/Feb/2014:12:08:33 +0100] "GET /seiten/start.htm HTTP/1.1" 200 7516 "http://top-seo.by/" "Mozilla/4.0 (compatible; MSIE 6.0; Windows NT 5.1; SV1; .NET CLR 1.1.4322; .NET CLR 2.0.50727)"
141.8.147.12 - - [17/Feb/2014:15:34:02 +0100] "GET / HTTP/1.1" 200 2663 "-" "Mozilla/5.0 (compatible; YandexBot/3.0; +http://yandex.com/bots)"
46.118.127.106 - - [17/Feb/2014:16:54:04 +0100] "GET /seiten/start.htm HTTP/1.1" 200 7516 "http://promokodoff.net/" "Mozilla/4.0 (compatible; MSIE 6.0; Windows NT 5.1; Deepnet Explorer 1.5.0; .NET CLR 1.0.3705)"
46.118.127.106 - - [17/Feb/2014:16:54:05 +0100] "GET /seiten/start.htm HTTP/1.1" 200 7516 "http://promokodoff.net/" "Mozilla/4.0 (compatible; MSIE 6.0; Windows NT 5.1; Deepnet Explorer 1.5.0; .NET CLR 1.0.3705)"
