188.138.41.175 - - [09/Feb/2014:18:21:05 +0100] "GET /seiten/kont_form.php HTTP/1.1" 200 8561 "-" "Mozilla/5.0 (X11; U; Linux i686; en-US; rv:1.9.0.1) Gecko/2008070206 Firefox/3.0.1"
64.246.165.170 - - [09/Feb/2014:19:36:55 +0100] "GET /robots.txt HTTP/1.0" 200 157 "-" "Mozilla/5.0 (Windows; U; Windows NT 5.1; en; rv:1.9.0.13) Gecko/2009073022 Firefox/3.5.2 (.NET CLR 3.5.30729) SurveyBot/2.3 (DomainTools)"
64.246.165.170 - - [09/Feb/2014:19:36:56 +0100] "GET / HTTP/1.1" 200 2663 "http://whois.domaintools.com/dialyse-borna.de" "Mozilla/5.0 (Windows; U; Windows NT 5.1; en; rv:1.9.0.13) Gecko/2009073022 Firefox/3.5.2 (.NET CLR 3.5.30729) SurveyBot/2.3 (DomainTools)"
208.115.113.89 - - [09/Feb/2014:20:28:39 +0100] "GET /robots.txt HTTP/1.1" 200 157 "-" "Mozilla/5.0 (compatible; Ezooms/1.0; help@moz.com)"
195.242.218.133 - - [09/Feb/2014:22:09:39 +0100] "GET /seiten/start.htm HTTP/1.1" 200 7516 "http://avtojur.ru/" "Mozilla/3.0 (x86 [en] Windows NT 5.1; Sun)"
195.242.218.133 - - [09/Feb/2014:22:09:39 +0100] "GET /seiten/start.htm HTTP/1.1" 200 7516 "http://avtojur.ru/" "Mozilla/3.0 (x86 [en] Windows NT 5.1; Sun)"
195.242.218.133 - - [09/Feb/2014:22:09:40 +0100] "GET /seiten/start.htm HTTP/1.1" 200 7516 "http://avtojur.ru/" "Mozilla/3.0 (x86 [en] Windows NT 5.1; Sun)"
208.115.113.89 - - [09/Feb/2014:22:23:50 +0100] "GET /seiten/links.htm HTTP/1.1" 200 7302 "-" "Mozilla/5.0 (compatible; Ezooms/1.0; help@moz.com)"
66.249.78.101 - - [09/Feb/2014:22:51:14 +0100] "GET /robots.txt HTTP/1.1" 200 157 "-" "Mozilla/5.0 (compatible; Googlebot/2.1; +http://www.google.com/bot.html)"
66.249.78.101 - - [09/Feb/2014:22:51:15 +0100] "GET /seiten/impr.htm HTTP/1.1" 304 - "-" "Mozilla/5.0 (iPhone; CPU iPhone OS 6_0 like Mac OS X) AppleWebKit/536.26 (KHTML, like Gecko) Version/6.0 Mobile/10A5376e Safari/8536.25 (compatible; Googlebot-Mobile/2.1; +http://www.google.com/bot.html)"
92.249.127.111 - - [09/Feb/2014:22:55:57 +0100] "GET /seiten/start.htm HTTP/1.1" 200 7516 "http://chimiver.info/" "Mozilla/4.0 (compatible; MSIE 6.0; AOL 9.0; Windows NT 5.1)"
92.249.127.111 - - [09/Feb/2014:22:55:58 +0100] "GET /seiten/start.htm HTTP/1.1" 200 7516 "http://chimiver.info/" "Mozilla/4.0 (compatible; MSIE 6.0; AOL 9.0; Windows NT 5.1)"
92.249.127.111 - - [09/Feb/2014:22:55:58 +0100] "GET /seiten/start.htm HTTP/1.1" 200 7516 "http://chimiver.info/" "Mozilla/4.0 (compatible; MSIE 6.0; AOL 9.0; Windows NT 5.1)"
46.118.125.84 - - [09/Feb/2014:23:20:52 +0100] "GET /seiten/start.htm HTTP/1.1" 200 7516 "http://samo-cvet.com/" "Mozilla/4.0 (compatible; MSIE 6.0; Windows NT 5.1; FREE; .NET CLR 1.1.4322)"
46.118.125.84 - - [09/Feb/2014:23:20:53 +0100] "GET /seiten/start.htm HTTP/1.1" 200 7516 "http://samo-cvet.com/" "Mozilla/4.0 (compatible; MSIE 6.0; Windows NT 5.1; FREE; .NET CLR 1.1.4322)"
46.118.125.84 - - [09/Feb/2014:23:20:57 +0100] "GET /seiten/start.htm HTTP/1.1" 200 7516 "http://samo-cvet.com/" "Mozilla/4.0 (compatible; MSIE 6.0; Windows NT 5.1; FREE; .NET CLR 1.1.4322)"
208.115.113.89 - - [10/Feb/2014:04:30:37 +0100] "GET /robots.txt HTTP/1.1" 200 157 "-" "Mozilla/5.0 (compatible; Ezooms/1.0; help@moz.com)"
77.236.192.239 - - [10/Feb/2014:05:30:33 +0100] "GET / HTTP/1.1" 200 2663 "-" "-"
208.115.113.89 - - [10/Feb/2014:06:27:19 +0100] "GET /seiten/dialyse.htm HTTP/1.1" 200 7403 "-" "Mozilla/5.0 (compatible; Ezooms/1.0; help@moz.com)"
37.115.112.240 - - [10/Feb/2014:07:12:10 +0100] "GET /seiten/start.htm HTTP/1.1" 200 7516 "http://www.sportbetfair.com/" "Mozilla/4.0 (compatible; MSIE 5.5; Windows NT 5.0; .NET CLR 1.1.4322)"
37.115.112.240 - - [10/Feb/2014:07:12:10 +0100] "GET /seiten/start.htm HTTP/1.1" 200 7516 "http://www.sportbetfair.com/" "Mozilla/4.0 (compatible; MSIE 5.5; Windows NT 5.0; .NET CLR 1.1.4322)"
37.115.112.240 - - [10/Feb/2014:07:12:11 +0100] "GET /seiten/start.htm HTTP/1.1" 200 7516 "http://www.sportbetfair.com/" "Mozilla/4.0 (compatible; MSIE 5.5; Windows NT 5.0; .NET CLR 1.1.4322)"
66.249.78.101 - - [10/Feb/2014:07:17:30 +0100] "GET / HTTP/1.1" 200 2663 "-" "Mozilla/5.0 (iPhone; CPU iPhone OS 6_0 like Mac OS X) AppleWebKit/536.26 (KHTML, like Gecko) Version/6.0 Mobile/10A5376e Safari/8536.25 (compatible; Googlebot-Mobile/2.1; +http://www.google.com/bot.html)"
66.249.78.101 - - [10/Feb/2014:07:26:56 +0100] "GET /seiten/start.htm HTTP/1.1" 200 7516 "-" "Mozilla/5.0 (iPhone; CPU iPhone OS 6_0 like Mac OS X) AppleWebKit/536.26 (KHTML, like Gecko) Version/6.0 Mobile/10A5376e Safari/8536.25 (compatible; Googlebot-Mobile/2.1; +http://www.google.com/bot.html)"
77.125.123.137 - - [10/Feb/2014:10:00:15 +0100] "GET /seiten/links.htm HTTP/1.0" 200 7302 "http://www.dialyse-borna.de/seiten/links.htm" "Opera/9.80 (Windows NT 6.1; MRA 6.0 (build 6001)) Presto/2.12.388 Version/12.10"
66.249.78.101 - - [10/Feb/2014:13:12:42 +0100] "GET /robots.txt HTTP/1.1" 200 157 "-" "Mozilla/5.0 (compatible; Googlebot/2.1; +http://www.google.com/bot.html)"
66.249.78.101 - - [10/Feb/2014:13:12:42 +0100] "GET /seiten/kont.htm HTTP/1.1" 304 - "-" "Mozilla/5.0 (iPhone; CPU iPhone OS 6_0 like Mac OS X) AppleWebKit/536.26 (KHTML, like Gecko) Version/6.0 Mobile/10A5376e Safari/8536.25 (compatible; Googlebot-Mobile/2.1; +http://www.google.com/bot.html)"
66.249.78.101 - - [10/Feb/2014:14:37:02 +0100] "GET / HTTP/1.1" 200 2663 "-" "SAMSUNG-SGH-E250/1.0 Profile/MIDP-2.0 Configuration/CLDC-1.1 UP.Browser/6.2.3.3.c.1.101 (GUI) MMP/2.0 (compatible; Googlebot-Mobile/2.1; +http://www.google.com/bot.html)"
2.206.3.123 - - [10/Feb/2014:15:08:29 +0100] "GET /seiten/praxis.htm HTTP/1.1" 200 7847 "http://www.google.de/imgres?biw=320&bih=372&tbm=isch&tbnid=--OoB329NHkbIM%3A&imgrefurl=http%3A%2F%2Fwww.dialyse-borna.de%2Fseiten%2Fpraxis.htm&docid=iZUGzxDYejzkvM&imgurl=http%3A%2F%2Fwww.dialyse-borna.de%2Fimg%2Fschild.jpg&w=300&h=230&ei=t9z4Ut75B6354QTe24GAAg&zoom=1&iact=rc&page=1&start=0&ndsp=12&ved=0CEMQrQMwBg" "Mozilla/5.0 (iPhone; CPU iPhone OS 7_0 like Mac OS X) AppleWebKit/537.51.1 (KHTML, like Gecko) Version/7.0 Mobile/11A465 Safari/9537.53"
2.206.3.123 - - [10/Feb/2014:15:08:29 +0100] "GET /css/borna.css HTTP/1.1" 200 2909 "http://www.dialyse-borna.de/seiten/praxis.htm" "Mozilla/5.0 (iPhone; CPU iPhone OS 7_0 like Mac OS X) AppleWebKit/537.51.1 (KHTML, like Gecko) Version/7.0 Mobile/11A465 Safari/9537.53"
2.206.3.123 - - [10/Feb/2014:15:08:31 +0100] "GET /img/bg2.gif HTTP/1.1" 200 49 "http://www.dialyse-borna.de/seiten/praxis.htm" "Mozilla/5.0 (iPhone; CPU iPhone OS 7_0 like Mac OS X) AppleWebKit/537.51.1 (KHTML, like Gecko) Version/7.0 Mobile/11A465 Safari/9537.53"
2.206.3.123 - - [10/Feb/2014:15:08:31 +0100] "GET /img/men07.gif HTTP/1.1" 200 1396 "http://www.dialyse-borna.de/seiten/praxis.htm" "Mozilla/5.0 (iPhone; CPU iPhone OS 7_0 like Mac OS X) AppleWebKit/537.51.1 (KHTML, like Gecko) Version/7.0 Mobile/11A465 Safari/9537.53"
2.206.3.123 - - [10/Feb/2014:15:08:31 +0100] "GET /img/1pixel.gif HTTP/1.1" 200 45 "http://www.dialyse-borna.de/seiten/praxis.htm" "Mozilla/5.0 (iPhone; CPU iPhone OS 7_0 like Mac OS X) AppleWebKit/537.51.1 (KHTML, like Gecko) Version/7.0 Mobile/11A465 Safari/9537.53"
2.206.3.123 - - [10/Feb/2014:15:08:31 +0100] "GET /img/men06.gif HTTP/1.1" 200 1162 "http://www.dialyse-borna.de/seiten/praxis.htm" "Mozilla/5.0 (iPhone; CPU iPhone OS 7_0 like Mac OS X) AppleWebKit/537.51.1 (KHTML, like Gecko) Version/7.0 Mobile/11A465 Safari/9537.53"
2.206.3.123 - - [10/Feb/2014:15:08:31 +0100] "GET /img/lay08.gif HTTP/1.1" 200 322 "http://www.dialyse-borna.de/seiten/praxis.htm" "Mozilla/5.0 (iPhone; CPU iPhone OS 7_0 like Mac OS X) AppleWebKit/537.51.1 (KHTML, like Gecko) Version/7.0 Mobile/11A465 Safari/9537.53"
2.206.3.123 - - [10/Feb/2014:15:08:31 +0100] "GET /img/men09.gif HTTP/1.1" 200 708 "http://www.dialyse-borna.de/seiten/praxis.htm" "Mozilla/5.0 (iPhone; CPU iPhone OS 7_0 like Mac OS X) AppleWebKit/537.51.1 (KHTML, like Gecko) Version/7.0 Mobile/11A465 Safari/9537.53"
2.206.3.123 - - [10/Feb/2014:15:08:31 +0100] "GET /img/men01.gif HTTP/1.1" 200 432 "http://www.dialyse-borna.de/seiten/praxis.htm" "Mozilla/5.0 (iPhone; CPU iPhone OS 7_0 like Mac OS X) AppleWebKit/537.51.1 (KHTML, like Gecko) Version/7.0 Mobile/11A465 Safari/9537.53"
2.206.3.123 - - [10/Feb/2014:15:08:31 +0100] "GET /img/men04.gif HTTP/1.1" 200 1395 "http://www.dialyse-borna.de/seiten/praxis.htm" "Mozilla/5.0 (iPhone; CPU iPhone OS 7_0 like Mac OS X) AppleWebKit/537.51.1 (KHTML, like Gecko) Version/7.0 Mobile/11A465 Safari/9537.53"
2.206.3.123 - - [10/Feb/2014:15:08:31 +0100] "GET /img/men02a.gif HTTP/1.1" 200 589 "http://www.dialyse-borna.de/seiten/praxis.htm" "Mozilla/5.0 (iPhone; CPU iPhone OS 7_0 like Mac OS X) AppleWebKit/537.51.1 (KHTML, like Gecko) Version/7.0 Mobile/11A465 Safari/9537.53"
2.206.3.123 - - [10/Feb/2014:15:08:31 +0100] "GET /img/schild.jpg HTTP/1.1" 200 12757 "http://www.dialyse-borna.de/seiten/praxis.htm" "Mozilla/5.0 (iPhone; CPU iPhone OS 7_0 like Mac OS X) AppleWebKit/537.51.1 (KHTML, like Gecko) Version/7.0 Mobile/11A465 Safari/9537.53"
2.206.3.123 - - [10/Feb/2014:15:08:31 +0100] "GET /img/men03.gif HTTP/1.1" 200 1621 "http://www.dialyse-borna.de/seiten/praxis.htm" "Mozilla/5.0 (iPhone; CPU iPhone OS 7_0 like Mac OS X) AppleWebKit/537.51.1 (KHTML, like Gecko) Version/7.0 Mobile/11A465 Safari/9537.53"
2.206.3.123 - - [10/Feb/2014:15:08:32 +0100] "GET /img/men08.gif HTTP/1.1" 200 1642 "http://www.dialyse-borna.de/seiten/praxis.htm" "Mozilla/5.0 (iPhone; CPU iPhone OS 7_0 like Mac OS X) AppleWebKit/537.51.1 (KHTML, like Gecko) Version/7.0 Mobile/11A465 Safari/9537.53"
2.206.3.123 - - [10/Feb/2014:15:08:32 +0100] "GET /img/lay02.gif HTTP/1.1" 200 3503 "http://www.dialyse-borna.de/seiten/praxis.htm" "Mozilla/5.0 (iPhone; CPU iPhone OS 7_0 like Mac OS X) AppleWebKit/537.51.1 (KHTML, like Gecko) Version/7.0 Mobile/11A465 Safari/9537.53"
2.206.3.123 - - [10/Feb/2014:15:08:32 +0100] "GET /img/lay03.gif HTTP/1.1" 200 671 "http://www.dialyse-borna.de/seiten/praxis.htm" "Mozilla/5.0 (iPhone; CPU iPhone OS 7_0 like Mac OS X) AppleWebKit/537.51.1 (KHTML, like Gecko) Version/7.0 Mobile/11A465 Safari/9537.53"
2.206.3.123 - - [10/Feb/2014:15:08:33 +0100] "GET /img/lay01.gif HTTP/1.1" 200 384 "http://www.dialyse-borna.de/seiten/praxis.htm" "Mozilla/5.0 (iPhone; CPU iPhone OS 7_0 like Mac OS X) AppleWebKit/537.51.1 (KHTML, like Gecko) Version/7.0 Mobile/11A465 Safari/9537.53"
2.206.3.123 - - [10/Feb/2014:15:08:33 +0100] "GET /img/lay05.gif HTTP/1.1" 200 541 "http://www.dialyse-borna.de/seiten/praxis.htm" "Mozilla/5.0 (iPhone; CPU iPhone OS 7_0 like Mac OS X) AppleWebKit/537.51.1 (KHTML, like Gecko) Version/7.0 Mobile/11A465 Safari/9537.53"
2.206.3.123 - - [10/Feb/2014:15:08:33 +0100] "GET /img/lay07.gif HTTP/1.1" 200 272 "http://www.dialyse-borna.de/seiten/praxis.htm" "Mozilla/5.0 (iPhone; CPU iPhone OS 7_0 like Mac OS X) AppleWebKit/537.51.1 (KHTML, like Gecko) Version/7.0 Mobile/11A465 Safari/9537.53"
2.206.3.123 - - [10/Feb/2014:15:08:33 +0100] "GET /img/bg1.gif HTTP/1.1" 200 54 "http://www.dialyse-borna.de/seiten/praxis.htm" "Mozilla/5.0 (iPhone; CPU iPhone OS 7_0 like Mac OS X) AppleWebKit/537.51.1 (KHTML, like Gecko) Version/7.0 Mobile/11A465 Safari/9537.53"
2.206.3.123 - - [10/Feb/2014:15:08:33 +0100] "GET /img/lay04.gif HTTP/1.1" 200 210 "http://www.dialyse-borna.de/seiten/praxis.htm" "Mozilla/5.0 (iPhone; CPU iPhone OS 7_0 like Mac OS X) AppleWebKit/537.51.1 (KHTML, like Gecko) Version/7.0 Mobile/11A465 Safari/9537.53"
2.206.3.123 - - [10/Feb/2014:15:08:33 +0100] "GET /img/bg4.gif HTTP/1.1" 200 135 "http://www.dialyse-borna.de/seiten/praxis.htm" "Mozilla/5.0 (iPhone; CPU iPhone OS 7_0 like Mac OS X) AppleWebKit/537.51.1 (KHTML, like Gecko) Version/7.0 Mobile/11A465 Safari/9537.53"
2.206.3.123 - - [10/Feb/2014:15:08:34 +0100] "GET /img/bg3.gif HTTP/1.1" 200 143 "http://www.dialyse-borna.de/seiten/praxis.htm" "Mozilla/5.0 (iPhone; CPU iPhone OS 7_0 like Mac OS X) AppleWebKit/537.51.1 (KHTML, like Gecko) Version/7.0 Mobile/11A465 Safari/9537.53"
2.206.3.123 - - [10/Feb/2014:15:08:34 +0100] "GET /img/men03a.gif HTTP/1.1" 200 820 "http://www.dialyse-borna.de/seiten/praxis.htm" "Mozilla/5.0 (iPhone; CPU iPhone OS 7_0 like Mac OS X) AppleWebKit/537.51.1 (KHTML, like Gecko) Version/7.0 Mobile/11A465 Safari/9537.53"
2.206.3.123 - - [10/Feb/2014:15:08:34 +0100] "GET /img/men04a.gif HTTP/1.1" 200 669 "http://www.dialyse-borna.de/seiten/praxis.htm" "Mozilla/5.0 (iPhone; CPU iPhone OS 7_0 like Mac OS X) AppleWebKit/537.51.1 (KHTML, like Gecko) Version/7.0 Mobile/11A465 Safari/9537.53"
2.206.3.123 - - [10/Feb/2014:15:08:34 +0100] "GET /img/men06a.gif HTTP/1.1" 200 518 "http://www.dialyse-borna.de/seiten/praxis.htm" "Mozilla/5.0 (iPhone; CPU iPhone OS 7_0 like Mac OS X) AppleWebKit/537.51.1 (KHTML, like Gecko) Version/7.0 Mobile/11A465 Safari/9537.53"
2.206.3.123 - - [10/Feb/2014:15:08:34 +0100] "GET /img/men05a.gif HTTP/1.1" 200 556 "http://www.dialyse-borna.de/seiten/praxis.htm" "Mozilla/5.0 (iPhone; CPU iPhone OS 7_0 like Mac OS X) AppleWebKit/537.51.1 (KHTML, like Gecko) Version/7.0 Mobile/11A465 Safari/9537.53"
2.206.3.123 - - [10/Feb/2014:15:08:34 +0100] "GET /img/men07a.gif HTTP/1.1" 200 666 "http://www.dialyse-borna.de/seiten/praxis.htm" "Mozilla/5.0 (iPhone; CPU iPhone OS 7_0 like Mac OS X) AppleWebKit/537.51.1 (KHTML, like Gecko) Version/7.0 Mobile/11A465 Safari/9537.53"
2.206.3.123 - - [10/Feb/2014:15:08:35 +0100] "GET /img/men08a.gif HTTP/1.1" 200 819 "http://www.dialyse-borna.de/seiten/praxis.htm" "Mozilla/5.0 (iPhone; CPU iPhone OS 7_0 like Mac OS X) AppleWebKit/537.51.1 (KHTML, like Gecko) Version/7.0 Mobile/11A465 Safari/9537.53"
2.206.3.123 - - [10/Feb/2014:15:08:55 +0100] "GET /img/schild.jpg HTTP/1.1" 200 12757 "http://www.google.de/imgres?biw=320&bih=372&tbm=isch&tbnid=--OoB329NHkbIM%3A&imgrefurl=http%3A%2F%2Fwww.dialyse-borna.de%2Fseiten%2Fpraxis.htm&docid=iZUGzxDYejzkvM&imgurl=http%3A%2F%2Fwww.dialyse-borna.de%2Fimg%2Fschild.jpg&w=300&h=230&ei=t9z4Ut75B6354QTe24GAAg&zoom=1&iact=rc&page=1&start=0&ndsp=12&ved=0CEMQrQMwBg" "Mozilla/5.0 (iPhone; CPU iPhone OS 7_0 like Mac OS X) AppleWebKit/537.51.1 (KHTML, like Gecko) Version/7.0 Mobile/11A465 Safari/9537.53"
94.23.161.188 - - [10/Feb/2014:16:14:12 +0100] "GET /seiten/kont.htm HTTP/1.1" 200 8048 "-" "Mozilla/5.0 (X11; Linux i686; rv:6.0) Gecko/20100101 Firefox/6.0"
193.111.141.44 - - [10/Feb/2014:16:14:16 +0100] "GET /seiten/impr.htm HTTP/1.1" 200 9648 "-" "Mozilla/5.0 (X11; Linux i686; rv:6.0) Gecko/20100101 Firefox/6.0"
46.119.119.29 - - [10/Feb/2014:17:00:49 +0100] "GET /seiten/start.htm HTTP/1.1" 200 7516 "http://coffee-green.biz/" "Mozilla/4.0 (compatible; MSIE 6.0; Windows NT 5.2; SV1; .NET CLR 1.1.4322; .NET CLR 2.0.50727)"
46.119.119.29 - - [10/Feb/2014:17:00:49 +0100] "GET /seiten/start.htm HTTP/1.1" 200 7516 "http://coffee-green.biz/" "Mozilla/4.0 (compatible; MSIE 6.0; Windows NT 5.2; SV1; .NET CLR 1.1.4322; .NET CLR 2.0.50727)"
46.119.119.29 - - [10/Feb/2014:17:00:49 +0100] "GET /seiten/start.htm HTTP/1.1" 200 7516 "http://coffee-green.biz/" "Mozilla/4.0 (compatible; MSIE 6.0; Windows NT 5.2; SV1; .NET CLR 1.1.4322; .NET CLR 2.0.50727)"
66.249.78.101 - - [10/Feb/2014:19:40:34 +0100] "GET /seiten/start.htm HTTP/1.1" 304 - "-" "Mozilla/5.0 (iPhone; CPU iPhone OS 6_0 like Mac OS X) AppleWebKit/536.26 (KHTML, like Gecko) Version/6.0 Mobile/10A5376e Safari/8536.25 (compatible; Googlebot-Mobile/2.1; +http://www.google.com/bot.html)"
66.249.78.101 - - [10/Feb/2014:22:38:45 +0100] "GET /seiten/praxis.htm HTTP/1.1" 200 7847 "-" "Mozilla/5.0 (iPhone; CPU iPhone OS 6_0 like Mac OS X) AppleWebKit/536.26 (KHTML, like Gecko) Version/6.0 Mobile/10A5376e Safari/8536.25 (compatible; Googlebot/2.1; +http://www.google.com/bot.html)"
66.249.78.101 - - [10/Feb/2014:23:03:55 +0100] "GET /seiten/kont.htm HTTP/1.1" 304 - "-" "SAMSUNG-SGH-E250/1.0 Profile/MIDP-2.0 Configuration/CLDC-1.1 UP.Browser/6.2.3.3.c.1.101 (GUI) MMP/2.0 (compatible; Googlebot-Mobile/2.1; +http://www.google.com/bot.html)"
37.115.112.240 - - [11/Feb/2014:00:03:26 +0100] "GET /seiten/start.htm HTTP/1.1" 200 7516 "http://erotikstories.ru/" "Mozilla/4.0 (compatible; MSIE 6.0; Windows NT 5.1; SV1; .NET CLR 1.0.3705; .NET CLR 1.1.4322; .NET CLR 2.0.40607)"
37.115.112.240 - - [11/Feb/2014:00:03:27 +0100] "GET /seiten/start.htm HTTP/1.1" 200 7516 "http://erotikstories.ru/" "Mozilla/4.0 (compatible; MSIE 6.0; Windows NT 5.1; SV1; .NET CLR 1.0.3705; .NET CLR 1.1.4322; .NET CLR 2.0.40607)"
37.115.112.240 - - [11/Feb/2014:00:03:27 +0100] "GET /seiten/start.htm HTTP/1.1" 200 7516 "http://erotikstories.ru/" "Mozilla/4.0 (compatible; MSIE 6.0; Windows NT 5.1; SV1; .NET CLR 1.0.3705; .NET CLR 1.1.4322; .NET CLR 2.0.40607)"
208.115.111.73 - - [11/Feb/2014:02:24:47 +0100] "GET /robots.txt HTTP/1.1" 200 157 "-" "Mozilla/5.0 (compatible; Ezooms/1.0; help@moz.com)"
131.253.24.3 - - [11/Feb/2014:03:08:04 +0100] "GET /robots.txt HTTP/1.1" 200 157 "-" "msnbot-media/1.1 (+http://search.msn.com/msnbot.htm)"
131.253.24.3 - - [11/Feb/2014:03:08:04 +0100] "GET /img/links.jpg HTTP/1.1" 200 15669 "-" "msnbot-media/1.1 (+http://search.msn.com/msnbot.htm)"
141.8.147.12 - - [11/Feb/2014:06:21:41 +0100] "GET /robots.txt HTTP/1.1" 200 157 "-" "Mozilla/5.0 (compatible; YandexBot/3.0; +http://yandex.com/bots)"
182.68.178.112 - - [11/Feb/2014:06:50:52 +0100] "GET / HTTP/1.1" 200 2663 "-" "-"
66.249.78.101 - - [11/Feb/2014:07:47:34 +0100] "GET /seiten/dialyse.htm HTTP/1.1" 304 - "-" "Mozilla/5.0 (iPhone; CPU iPhone OS 6_0 like Mac OS X) AppleWebKit/536.26 (KHTML, like Gecko) Version/6.0 Mobile/10A5376e Safari/8536.25 (compatible; Googlebot/2.1; +http://www.google.com/bot.html)"
5.10.83.36 - - [11/Feb/2014:10:31:10 +0100] "GET /robots.txt HTTP/1.1" 200 157 "-" "Mozilla/5.0 (compatible; AhrefsBot/5.0; +http://ahrefs.com/robot/)"
92.249.127.111 - - [11/Feb/2014:12:41:07 +0100] "GET /seiten/start.htm HTTP/1.1" 200 7516 "http://chimiver.info/" "Mozilla/4.0 (compatible; MSIE 6.0; AOL 9.0; Windows NT 5.1)"
92.249.127.111 - - [11/Feb/2014:12:41:08 +0100] "GET /seiten/start.htm HTTP/1.1" 200 7516 "http://chimiver.info/" "Mozilla/4.0 (compatible; MSIE 6.0; AOL 9.0; Windows NT 5.1)"
92.249.127.111 - - [11/Feb/2014:12:41:08 +0100] "GET /seiten/start.htm HTTP/1.1" 200 7516 "http://chimiver.info/" "Mozilla/4.0 (compatible; MSIE 6.0; AOL 9.0; Windows NT 5.1)"
46.165.197.151 - - [11/Feb/2014:13:02:19 +0100] "GET /robots.txt HTTP/1.0" 200 157 "-" "Mozilla/5.0 (compatible; MJ12bot/v1.4.4; http://www.majestic12.co.uk/bot.php?+)"
46.165.197.151 - - [11/Feb/2014:13:02:20 +0100] "GET / HTTP/1.0" 200 2663 "-" "Mozilla/5.0 (compatible; MJ12bot/v1.4.4; http://www.majestic12.co.uk/bot.php?+)"
141.8.147.12 - - [11/Feb/2014:13:09:10 +0100] "GET / HTTP/1.1" 200 2663 "-" "Mozilla/5.0 (compatible; YandexBot/3.0; +http://yandex.com/bots)"
141.8.147.12 - - [11/Feb/2014:13:48:28 +0100] "GET /img/bilder.swf HTTP/1.1" 200 78858 "-" "Mozilla/5.0 (compatible; YandexBot/3.0; +http://yandex.com/bots)"
194.127.8.24 - - [11/Feb/2014:13:55:02 +0100] "GET /seiten/impr.htm HTTP/1.1" 200 9648 "-" "Mozilla/5.0 (compatible; MSIE 9.0; Windows NT 6.1; WOW64; Trident/5.0)"
194.127.8.11 - - [11/Feb/2014:13:55:02 +0100] "GET /css/borna.css HTTP/1.1" 200 2909 "http://www.dialyse-borna.de/seiten/impr.htm" "Mozilla/5.0 (compatible; MSIE 9.0; Windows NT 6.1; WOW64; Trident/5.0)"
194.127.8.11 - - [11/Feb/2014:13:55:02 +0100] "GET /img/lay01.gif HTTP/1.1" 200 384 "http://www.dialyse-borna.de/seiten/impr.htm" "Mozilla/5.0 (compatible; MSIE 9.0; Windows NT 6.1; WOW64; Trident/5.0)"
194.127.8.12 - - [11/Feb/2014:13:55:02 +0100] "GET /img/men01.gif HTTP/1.1" 200 432 "http://www.dialyse-borna.de/seiten/impr.htm" "Mozilla/5.0 (compatible; MSIE 9.0; Windows NT 6.1; WOW64; Trident/5.0)"
194.127.8.11 - - [11/Feb/2014:13:55:02 +0100] "GET /img/bg2.gif HTTP/1.1" 200 49 "http://www.dialyse-borna.de/seiten/impr.htm" "Mozilla/5.0 (compatible; MSIE 9.0; Windows NT 6.1; WOW64; Trident/5.0)"
194.127.8.28 - - [11/Feb/2014:13:55:03 +0100] "GET /seiten/impr.htm HTTP/1.1" 200 9648 "-" "Mozilla/5.0 (compatible; MSIE 9.0; Windows NT 6.1; WOW64; Trident/5.0)"
194.127.8.11 - - [11/Feb/2014:13:55:03 +0100] "GET /img/men01.gif HTTP/1.1" 200 432 "http://www.dialyse-borna.de/seiten/impr.htm" "Mozilla/5.0 (compatible; MSIE 9.0; Windows NT 6.1; WOW64; Trident/5.0)"
194.127.8.11 - - [11/Feb/2014:13:55:03 +0100] "GET /img/men02.gif HTTP/1.1" 200 1273 "http://www.dialyse-borna.de/seiten/impr.htm" "Mozilla/5.0 (compatible; MSIE 9.0; Windows NT 6.1; WOW64; Trident/5.0)"
194.127.8.11 - - [11/Feb/2014:13:55:03 +0100] "GET /img/1pixel.gif HTTP/1.1" 200 45 "http://www.dialyse-borna.de/seiten/impr.htm" "Mozilla/5.0 (compatible; MSIE 9.0; Windows NT 6.1; WOW64; Trident/5.0)"
194.127.8.28 - - [11/Feb/2014:13:55:03 +0100] "GET /css/borna.css HTTP/1.1" 200 2909 "http://www.dialyse-borna.de/seiten/impr.htm" "Mozilla/5.0 (compatible; MSIE 9.0; Windows NT 6.1; WOW64; Trident/5.0)"
194.127.8.11 - - [11/Feb/2014:13:55:03 +0100] "GET /img/lay02.gif HTTP/1.1" 200 3503 "http://www.dialyse-borna.de/seiten/impr.htm" "Mozilla/5.0 (compatible; MSIE 9.0; Windows NT 6.1; WOW64; Trident/5.0)"
194.127.8.11 - - [11/Feb/2014:13:55:03 +0100] "GET /img/men03.gif HTTP/1.1" 200 1621 "http://www.dialyse-borna.de/seiten/impr.htm" "Mozilla/5.0 (compatible; MSIE 9.0; Windows NT 6.1; WOW64; Trident/5.0)"
194.127.8.11 - - [11/Feb/2014:13:55:03 +0100] "GET /img/men06.gif HTTP/1.1" 200 1162 "http://www.dialyse-borna.de/seiten/impr.htm" "Mozilla/5.0 (compatible; MSIE 9.0; Windows NT 6.1; WOW64; Trident/5.0)"
194.127.8.11 - - [11/Feb/2014:13:55:03 +0100] "GET /img/men04.gif HTTP/1.1" 200 1395 "http://www.dialyse-borna.de/seiten/impr.htm" "Mozilla/5.0 (compatible; MSIE 9.0; Windows NT 6.1; WOW64; Trident/5.0)"
194.127.8.12 - - [11/Feb/2014:13:55:03 +0100] "GET /img/bg3.gif HTTP/1.1" 200 143 "http://www.dialyse-borna.de/seiten/impr.htm" "Mozilla/5.0 (compatible; MSIE 9.0; Windows NT 6.1; WOW64; Trident/5.0)"
194.127.8.11 - - [11/Feb/2014:13:55:03 +0100] "GET /img/men07.gif HTTP/1.1" 200 1396 "http://www.dialyse-borna.de/seiten/impr.htm" "Mozilla/5.0 (compatible; MSIE 9.0; Windows NT 6.1; WOW64; Trident/5.0)"
194.127.8.11 - - [11/Feb/2014:13:55:04 +0100] "GET /img/men09.gif HTTP/1.1" 200 708 "http://www.dialyse-borna.de/seiten/impr.htm" "Mozilla/5.0 (compatible; MSIE 9.0; Windows NT 6.1; WOW64; Trident/5.0)"
194.127.8.11 - - [11/Feb/2014:13:55:04 +0100] "GET /img/lay08.gif HTTP/1.1" 200 322 "http://www.dialyse-borna.de/seiten/impr.htm" "Mozilla/5.0 (compatible; MSIE 9.0; Windows NT 6.1; WOW64; Trident/5.0)"
194.127.8.11 - - [11/Feb/2014:13:55:05 +0100] "GET /img/men08a.gif HTTP/1.1" 200 819 "http://www.dialyse-borna.de/seiten/impr.htm" "Mozilla/5.0 (compatible; MSIE 9.0; Windows NT 6.1; WOW64; Trident/5.0)"
194.127.8.12 - - [11/Feb/2014:13:55:05 +0100] "GET /img/lay03.gif HTTP/1.1" 200 671 "http://www.dialyse-borna.de/seiten/impr.htm" "Mozilla/5.0 (compatible; MSIE 9.0; Windows NT 6.1; WOW64; Trident/5.0)"
194.127.8.12 - - [11/Feb/2014:13:55:05 +0100] "GET /img/bg1.gif HTTP/1.1" 200 54 "http://www.dialyse-borna.de/seiten/impr.htm" "Mozilla/5.0 (compatible; MSIE 9.0; Windows NT 6.1; WOW64; Trident/5.0)"
194.127.8.12 - - [11/Feb/2014:13:55:05 +0100] "GET /img/bg4.gif HTTP/1.1" 200 135 "http://www.dialyse-borna.de/seiten/impr.htm" "Mozilla/5.0 (compatible; MSIE 9.0; Windows NT 6.1; WOW64; Trident/5.0)"
194.127.8.12 - - [11/Feb/2014:13:55:06 +0100] "GET /img/lay04.gif HTTP/1.1" 200 210 "http://www.dialyse-borna.de/seiten/impr.htm" "Mozilla/5.0 (compatible; MSIE 9.0; Windows NT 6.1; WOW64; Trident/5.0)"
194.127.8.12 - - [11/Feb/2014:13:55:06 +0100] "GET /img/lay07.gif HTTP/1.1" 200 272 "http://www.dialyse-borna.de/seiten/impr.htm" "Mozilla/5.0 (compatible; MSIE 9.0; Windows NT 6.1; WOW64; Trident/5.0)"
194.127.8.12 - - [11/Feb/2014:13:55:06 +0100] "GET /img/lay05.gif HTTP/1.1" 200 541 "http://www.dialyse-borna.de/seiten/impr.htm" "Mozilla/5.0 (compatible; MSIE 9.0; Windows NT 6.1; WOW64; Trident/5.0)"
194.127.8.28 - - [11/Feb/2014:13:55:06 +0100] "GET /img/bg2.gif HTTP/1.1" 200 49 "http://www.dialyse-borna.de/seiten/impr.htm" "Mozilla/5.0 (compatible; MSIE 9.0; Windows NT 6.1; WOW64; Trident/5.0)"
194.127.8.28 - - [11/Feb/2014:13:55:06 +0100] "GET /img/men02a.gif HTTP/1.1" 200 589 "http://www.dialyse-borna.de/seiten/impr.htm" "Mozilla/5.0 (compatible; MSIE 9.0; Windows NT 6.1; WOW64; Trident/5.0)"
194.127.8.28 - - [11/Feb/2014:13:55:06 +0100] "GET /img/men03a.gif HTTP/1.1" 200 820 "http://www.dialyse-borna.de/seiten/impr.htm" "Mozilla/5.0 (compatible; MSIE 9.0; Windows NT 6.1; WOW64; Trident/5.0)"
194.127.8.28 - - [11/Feb/2014:13:55:06 +0100] "GET /img/men04a.gif HTTP/1.1" 200 669 "http://www.dialyse-borna.de/seiten/impr.htm" "Mozilla/5.0 (compatible; MSIE 9.0; Windows NT 6.1; WOW64; Trident/5.0)"
194.127.8.28 - - [11/Feb/2014:13:55:06 +0100] "GET /img/men06a.gif HTTP/1.1" 200 518 "http://www.dialyse-borna.de/seiten/impr.htm" "Mozilla/5.0 (compatible; MSIE 9.0; Windows NT 6.1; WOW64; Trident/5.0)"
194.127.8.28 - - [11/Feb/2014:13:55:06 +0100] "GET /img/men07a.gif HTTP/1.1" 200 666 "http://www.dialyse-borna.de/seiten/impr.htm" "Mozilla/5.0 (compatible; MSIE 9.0; Windows NT 6.1; WOW64; Trident/5.0)"
194.127.8.28 - - [11/Feb/2014:13:55:06 +0100] "GET /img/men05a.gif HTTP/1.1" 200 556 "http://www.dialyse-borna.de/seiten/impr.htm" "Mozilla/5.0 (compatible; MSIE 9.0; Windows NT 6.1; WOW64; Trident/5.0)"
131.253.24.3 - - [11/Feb/2014:15:53:05 +0100] "GET /robots.txt HTTP/1.1" 200 157 "-" "msnbot-media/1.1 (+http://search.msn.com/msnbot.htm)"
131.253.24.3 - - [11/Feb/2014:15:53:05 +0100] "GET /img/links.jpg HTTP/1.1" 200 15669 "-" "msnbot-media/1.1 (+http://search.msn.com/msnbot.htm)"
134.249.76.182 - - [11/Feb/2014:16:20:11 +0100] "GET /seiten/start.htm HTTP/1.1" 200 7516 "http://cardsharp1.ru/" "Mozilla/4.0 (compatible; MSIE 6.0; AOL 9.0; Windows NT 5.1)"
134.249.76.182 - - [11/Feb/2014:16:20:11 +0100] "GET /seiten/start.htm HTTP/1.1" 200 7516 "http://cardsharp1.ru/" "Mozilla/4.0 (compatible; MSIE 6.0; AOL 9.0; Windows NT 5.1)"
134.249.76.182 - - [11/Feb/2014:16:20:12 +0100] "GET /seiten/start.htm HTTP/1.1" 200 7516 "http://cardsharp1.ru/" "Mozilla/4.0 (compatible; MSIE 6.0; AOL 9.0; Windows NT 5.1)"
199.19.249.196 - - [11/Feb/2014:16:22:21 +0100] "GET / HTTP/1.1" 200 2663 "-" "Mozilla/4.0 (compatible; MSIE 7.0; Windows NT 5.1; InfoPath.1; .NET CLR 2.0.50727; .NET CLR 1.1.4322; MS-RTC LM 8; .NET CLR 3.0.4506.2152; .NET CLR 3.5.30729)"
193.41.37.3 - - [11/Feb/2014:16:22:21 +0100] "GET / HTTP/1.1" 200 2663 "http://www.google.de/url?sa=t&rct=j&q=&esrc=s&frm=1&source=web&cd=1&ved=0CDgQFjAA&url=http%3A%2F%2Fwww.dialyse-borna.de%2F&ei=IED6UpGJFof8ygPE0IK4Bw&usg=AFQjCNF2KNTIkBF7QiIB3UFmpF4J1FAf4w&bvm=bv.61190604,d.bGQ" "Mozilla/4.0 (compatible; MSIE 8.0; Windows NT 6.1; Trident/4.0; SLCC2; .NET CLR 2.0.50727; .NET CLR 3.5.30729; .NET CLR 3.0.30729; Media Center PC 6.0; .NET4.0C; .NET4.0E)"
193.41.37.3 - - [11/Feb/2014:16:22:21 +0100] "GET /img/FL_check.swf HTTP/1.1" 200 100 "http://www.dialyse-borna.de/" "Mozilla/4.0 (compatible; MSIE 8.0; Windows NT 6.1; Trident/4.0; SLCC2; .NET CLR 2.0.50727; .NET CLR 3.5.30729; .NET CLR 3.0.30729; Media Center PC 6.0; .NET4.0C; .NET4.0E)"
199.19.249.196 - - [11/Feb/2014:16:22:21 +0100] "GET /seiten/start.htm HTTP/1.1" 200 7516 "-" "Mozilla/4.0 (compatible; MSIE 7.0; Windows NT 5.1; InfoPath.1; .NET CLR 2.0.50727; .NET CLR 1.1.4322; MS-RTC LM 8; .NET CLR 3.0.4506.2152; .NET CLR 3.5.30729)"
193.41.37.3 - - [11/Feb/2014:16:22:21 +0100] "GET /seiten/start.htm HTTP/1.1" 200 7516 "-" "Mozilla/4.0 (compatible; MSIE 8.0; Windows NT 6.1; Trident/4.0; SLCC2; .NET CLR 2.0.50727; .NET CLR 3.5.30729; .NET CLR 3.0.30729; Media Center PC 6.0; .NET4.0C; .NET4.0E)"
193.41.37.3 - - [11/Feb/2014:16:22:21 +0100] "GET /img/men08.gif HTTP/1.1" 200 1642 "http://www.dialyse-borna.de/seiten/start.htm" "Mozilla/4.0 (compatible; MSIE 8.0; Windows NT 6.1; Trident/4.0; SLCC2; .NET CLR 2.0.50727; .NET CLR 3.5.30729; .NET CLR 3.0.30729; Media Center PC 6.0; .NET4.0C; .NET4.0E)"
193.41.37.3 - - [11/Feb/2014:16:22:21 +0100] "GET /img/pfeil.jpg HTTP/1.1" 200 380 "http://www.dialyse-borna.de/seiten/start.htm" "Mozilla/4.0 (compatible; MSIE 8.0; Windows NT 6.1; Trident/4.0; SLCC2; .NET CLR 2.0.50727; .NET CLR 3.5.30729; .NET CLR 3.0.30729; Media Center PC 6.0; .NET4.0C; .NET4.0E)"
193.41.37.3 - - [11/Feb/2014:16:22:21 +0100] "GET /img/main_pic.jpg HTTP/1.1" 200 14864 "http://www.dialyse-borna.de/seiten/start.htm" "Mozilla/4.0 (compatible; MSIE 8.0; Windows NT 6.1; Trident/4.0; SLCC2; .NET CLR 2.0.50727; .NET CLR 3.5.30729; .NET CLR 3.0.30729; Media Center PC 6.0; .NET4.0C; .NET4.0E)"
193.41.37.3 - - [11/Feb/2014:16:22:21 +0100] "GET /img/bilder.swf HTTP/1.1" 200 78858 "http://www.dialyse-borna.de/seiten/start.htm" "Mozilla/4.0 (compatible; MSIE 8.0; Windows NT 6.1; Trident/4.0; SLCC2; .NET CLR 2.0.50727; .NET CLR 3.5.30729; .NET CLR 3.0.30729; Media Center PC 6.0; .NET4.0C; .NET4.0E)"
193.41.37.3 - - [11/Feb/2014:16:22:22 +0100] "GET /favicon.ico HTTP/1.1" 404 1256 "-" "Mozilla/4.0 (compatible; MSIE 8.0; Windows NT 6.1; Trident/4.0; SLCC2; .NET CLR 2.0.50727; .NET CLR 3.5.30729; .NET CLR 3.0.30729; Media Center PC 6.0; .NET4.0C; .NET4.0E)"
193.41.37.3 - - [11/Feb/2014:16:22:22 +0100] "GET /img/men07a.gif HTTP/1.1" 200 666 "http://www.dialyse-borna.de/seiten/start.htm" "Mozilla/4.0 (compatible; MSIE 8.0; Windows NT 6.1; Trident/4.0; SLCC2; .NET CLR 2.0.50727; .NET CLR 3.5.30729; .NET CLR 3.0.30729; Media Center PC 6.0; .NET4.0C; .NET4.0E)"
193.41.37.3 - - [11/Feb/2014:16:22:22 +0100] "GET /img/men06a.gif HTTP/1.1" 200 518 "http://www.dialyse-borna.de/seiten/start.htm" "Mozilla/4.0 (compatible; MSIE 8.0; Windows NT 6.1; Trident/4.0; SLCC2; .NET CLR 2.0.50727; .NET CLR 3.5.30729; .NET CLR 3.0.30729; Media Center PC 6.0; .NET4.0C; .NET4.0E)"
199.19.249.196 - - [11/Feb/2014:16:22:24 +0100] "GET /seiten/impr.htm HTTP/1.1" 200 9648 "-" "Mozilla/4.0 (compatible; MSIE 7.0; Windows NT 5.1; InfoPath.1; .NET CLR 2.0.50727; .NET CLR 1.1.4322; MS-RTC LM 8; .NET CLR 3.0.4506.2152; .NET CLR 3.5.30729)"
193.41.37.3 - - [11/Feb/2014:16:22:24 +0100] "GET /favicon.ico HTTP/1.1" 404 1256 "-" "Mozilla/4.0 (compatible; MSIE 8.0; Windows NT 6.1; Trident/4.0; SLCC2; .NET CLR 2.0.50727; .NET CLR 3.5.30729; .NET CLR 3.0.30729; Media Center PC 6.0; .NET4.0C; .NET4.0E)"
199.19.249.196 - - [11/Feb/2014:16:22:35 +0100] "GET /seiten/praxis.htm HTTP/1.1" 200 7847 "-" "Mozilla/4.0 (compatible; MSIE 7.0; Windows NT 5.1; InfoPath.1; .NET CLR 2.0.50727; .NET CLR 1.1.4322; MS-RTC LM 8; .NET CLR 3.0.4506.2152; .NET CLR 3.5.30729)"
193.41.37.3 - - [11/Feb/2014:16:22:35 +0100] "GET /seiten/praxis.htm HTTP/1.1" 200 7847 "http://www.dialyse-borna.de/seiten/impr.htm" "Mozilla/4.0 (compatible; MSIE 8.0; Windows NT 6.1; Trident/4.0; SLCC2; .NET CLR 2.0.50727; .NET CLR 3.5.30729; .NET CLR 3.0.30729; Media Center PC 6.0; .NET4.0C; .NET4.0E)"
193.41.37.3 - - [11/Feb/2014:16:22:35 +0100] "GET /img/schild.jpg HTTP/1.1" 200 12757 "http://www.dialyse-borna.de/seiten/praxis.htm" "Mozilla/4.0 (compatible; MSIE 8.0; Windows NT 6.1; Trident/4.0; SLCC2; .NET CLR 2.0.50727; .NET CLR 3.5.30729; .NET CLR 3.0.30729; Media Center PC 6.0; .NET4.0C; .NET4.0E)"
199.19.249.196 - - [11/Feb/2014:16:22:48 +0100] "GET /seiten/leist.htm HTTP/1.1" 200 7640 "-" "Mozilla/4.0 (compatible; MSIE 7.0; Windows NT 5.1; InfoPath.1; .NET CLR 2.0.50727; .NET CLR 1.1.4322; MS-RTC LM 8; .NET CLR 3.0.4506.2152; .NET CLR 3.5.30729)"
193.41.37.3 - - [11/Feb/2014:16:22:49 +0100] "GET /seiten/leist.htm HTTP/1.1" 200 7640 "http://www.dialyse-borna.de/seiten/praxis.htm" "Mozilla/4.0 (compatible; MSIE 8.0; Windows NT 6.1; Trident/4.0; SLCC2; .NET CLR 2.0.50727; .NET CLR 3.5.30729; .NET CLR 3.0.30729; Media Center PC 6.0; .NET4.0C; .NET4.0E)"
193.41.37.3 - - [11/Feb/2014:16:22:49 +0100] "GET /img/leist.jpg HTTP/1.1" 200 18546 "http://www.dialyse-borna.de/seiten/leist.htm" "Mozilla/4.0 (compatible; MSIE 8.0; Windows NT 6.1; Trident/4.0; SLCC2; .NET CLR 2.0.50727; .NET CLR 3.5.30729; .NET CLR 3.0.30729; Media Center PC 6.0; .NET4.0C; .NET4.0E)"
199.19.249.196 - - [11/Feb/2014:16:22:51 +0100] "GET /seiten/dialyse.htm HTTP/1.1" 200 7403 "-" "Mozilla/4.0 (compatible; MSIE 7.0; Windows NT 5.1; InfoPath.1; .NET CLR 2.0.50727; .NET CLR 1.1.4322; MS-RTC LM 8; .NET CLR 3.0.4506.2152; .NET CLR 3.5.30729)"
193.41.37.3 - - [11/Feb/2014:16:22:51 +0100] "GET /seiten/dialyse.htm HTTP/1.1" 200 7403 "http://www.dialyse-borna.de/seiten/leist.htm" "Mozilla/4.0 (compatible; MSIE 8.0; Windows NT 6.1; Trident/4.0; SLCC2; .NET CLR 2.0.50727; .NET CLR 3.5.30729; .NET CLR 3.0.30729; Media Center PC 6.0; .NET4.0C; .NET4.0E)"
193.41.37.3 - - [11/Feb/2014:16:22:51 +0100] "GET /img/dialyse.jpg HTTP/1.1" 200 18017 "http://www.dialyse-borna.de/seiten/dialyse.htm" "Mozilla/4.0 (compatible; MSIE 8.0; Windows NT 6.1; Trident/4.0; SLCC2; .NET CLR 2.0.50727; .NET CLR 3.5.30729; .NET CLR 3.0.30729; Media Center PC 6.0; .NET4.0C; .NET4.0E)"
199.19.249.196 - - [11/Feb/2014:16:22:54 +0100] "GET /seiten/kont.htm HTTP/1.1" 200 8048 "-" "Mozilla/4.0 (compatible; MSIE 7.0; Windows NT 5.1; InfoPath.1; .NET CLR 2.0.50727; .NET CLR 1.1.4322; MS-RTC LM 8; .NET CLR 3.0.4506.2152; .NET CLR 3.5.30729)"
193.41.37.3 - - [11/Feb/2014:16:22:54 +0100] "GET /seiten/kont.htm HTTP/1.1" 200 8048 "http://www.dialyse-borna.de/seiten/dialyse.htm" "Mozilla/4.0 (compatible; MSIE 8.0; Windows NT 6.1; Trident/4.0; SLCC2; .NET CLR 2.0.50727; .NET CLR 3.5.30729; .NET CLR 3.0.30729; Media Center PC 6.0; .NET4.0C; .NET4.0E)"
193.41.37.3 - - [11/Feb/2014:16:23:20 +0100] "GET /seiten/impr.htm HTTP/1.1" 200 9648 "http://www.google.de/url?sa=t&rct=j&q=&esrc=s&frm=1&source=web&cd=3&cad=rja&ved=0CEkQFjAC&url=http%3A%2F%2Fwww.dialyse-borna.de%2Fseiten%2Fimpr.htm&ei=WkD6UofJE8T8ywPwpoHAAw&usg=AFQjCNHLZZEhkKT2QkjwwRmqgb-uGk-kyg&bvm=bv.61190604,d.bGQ" "Mozilla/4.0 (compatible; MSIE 8.0; Windows NT 5.1; Trident/4.0; .NET CLR 2.0.50727; .NET CLR 3.0.4506.2152; .NET CLR 3.5.30729; .NET CLR 1.1.4322; .NET4.0C; .NET4.0E)"
193.41.37.3 - - [11/Feb/2014:16:23:20 +0100] "GET /img/men01.gif HTTP/1.1" 200 432 "http://www.dialyse-borna.de/seiten/impr.htm" "Mozilla/4.0 (compatible; MSIE 8.0; Windows NT 5.1; Trident/4.0; .NET CLR 2.0.50727; .NET CLR 3.0.4506.2152; .NET CLR 3.5.30729; .NET CLR 1.1.4322; .NET4.0C; .NET4.0E)"
193.41.37.3 - - [11/Feb/2014:16:23:20 +0100] "GET /img/1pixel.gif HTTP/1.1" 200 45 "http://www.dialyse-borna.de/seiten/impr.htm" "Mozilla/4.0 (compatible; MSIE 8.0; Windows NT 5.1; Trident/4.0; .NET CLR 2.0.50727; .NET CLR 3.0.4506.2152; .NET CLR 3.5.30729; .NET CLR 1.1.4322; .NET4.0C; .NET4.0E)"
193.41.37.3 - - [11/Feb/2014:16:23:20 +0100] "GET /img/men02.gif HTTP/1.1" 200 1273 "http://www.dialyse-borna.de/seiten/impr.htm" "Mozilla/4.0 (compatible; MSIE 8.0; Windows NT 5.1; Trident/4.0; .NET CLR 2.0.50727; .NET CLR 3.0.4506.2152; .NET CLR 3.5.30729; .NET CLR 1.1.4322; .NET4.0C; .NET4.0E)"
193.41.37.3 - - [11/Feb/2014:16:23:20 +0100] "GET /img/bg2.gif HTTP/1.1" 200 49 "http://www.dialyse-borna.de/seiten/impr.htm" "Mozilla/4.0 (compatible; MSIE 8.0; Windows NT 5.1; Trident/4.0; .NET CLR 2.0.50727; .NET CLR 3.0.4506.2152; .NET CLR 3.5.30729; .NET CLR 1.1.4322; .NET4.0C; .NET4.0E)"
193.41.37.3 - - [11/Feb/2014:16:23:20 +0100] "GET /img/lay02.gif HTTP/1.1" 200 3503 "http://www.dialyse-borna.de/seiten/impr.htm" "Mozilla/4.0 (compatible; MSIE 8.0; Windows NT 5.1; Trident/4.0; .NET CLR 2.0.50727; .NET CLR 3.0.4506.2152; .NET CLR 3.5.30729; .NET CLR 1.1.4322; .NET4.0C; .NET4.0E)"
193.41.37.3 - - [11/Feb/2014:16:23:20 +0100] "GET /css/borna.css HTTP/1.1" 200 2909 "http://www.dialyse-borna.de/seiten/impr.htm" "Mozilla/4.0 (compatible; MSIE 8.0; Windows NT 5.1; Trident/4.0; .NET CLR 2.0.50727; .NET CLR 3.0.4506.2152; .NET CLR 3.5.30729; .NET CLR 1.1.4322; .NET4.0C; .NET4.0E)"
193.41.37.3 - - [11/Feb/2014:16:23:20 +0100] "GET /img/lay01.gif HTTP/1.1" 200 384 "http://www.dialyse-borna.de/seiten/impr.htm" "Mozilla/4.0 (compatible; MSIE 8.0; Windows NT 5.1; Trident/4.0; .NET CLR 2.0.50727; .NET CLR 3.0.4506.2152; .NET CLR 3.5.30729; .NET CLR 1.1.4322; .NET4.0C; .NET4.0E)"
193.41.37.3 - - [11/Feb/2014:16:23:20 +0100] "GET /img/men03.gif HTTP/1.1" 200 1621 "http://www.dialyse-borna.de/seiten/impr.htm" "Mozilla/4.0 (compatible; MSIE 8.0; Windows NT 5.1; Trident/4.0; .NET CLR 2.0.50727; .NET CLR 3.0.4506.2152; .NET CLR 3.5.30729; .NET CLR 1.1.4322; .NET4.0C; .NET4.0E)"
193.41.37.3 - - [11/Feb/2014:16:23:20 +0100] "GET /img/men08a.gif HTTP/1.1" 200 819 "http://www.dialyse-borna.de/seiten/impr.htm" "Mozilla/4.0 (compatible; MSIE 8.0; Windows NT 5.1; Trident/4.0; .NET CLR 2.0.50727; .NET CLR 3.0.4506.2152; .NET CLR 3.5.30729; .NET CLR 1.1.4322; .NET4.0C; .NET4.0E)"
193.41.37.3 - - [11/Feb/2014:16:23:21 +0100] "GET /img/men04.gif HTTP/1.1" 200 1395 "http://www.dialyse-borna.de/seiten/impr.htm" "Mozilla/4.0 (compatible; MSIE 8.0; Windows NT 5.1; Trident/4.0; .NET CLR 2.0.50727; .NET CLR 3.0.4506.2152; .NET CLR 3.5.30729; .NET CLR 1.1.4322; .NET4.0C; .NET4.0E)"
193.41.37.3 - - [11/Feb/2014:16:23:22 +0100] "GET /img/men07.gif HTTP/1.1" 200 1396 "http://www.dialyse-borna.de/seiten/impr.htm" "Mozilla/4.0 (compatible; MSIE 8.0; Windows NT 5.1; Trident/4.0; .NET CLR 2.0.50727; .NET CLR 3.0.4506.2152; .NET CLR 3.5.30729; .NET CLR 1.1.4322; .NET4.0C; .NET4.0E)"
193.41.37.3 - - [11/Feb/2014:16:23:22 +0100] "GET /img/men06.gif HTTP/1.1" 200 1162 "http://www.dialyse-borna.de/seiten/impr.htm" "Mozilla/4.0 (compatible; MSIE 8.0; Windows NT 5.1; Trident/4.0; .NET CLR 2.0.50727; .NET CLR 3.0.4506.2152; .NET CLR 3.5.30729; .NET CLR 1.1.4322; .NET4.0C; .NET4.0E)"
193.41.37.3 - - [11/Feb/2014:16:23:23 +0100] "GET /img/men09.gif HTTP/1.1" 200 708 "http://www.dialyse-borna.de/seiten/impr.htm" "Mozilla/4.0 (compatible; MSIE 8.0; Windows NT 5.1; Trident/4.0; .NET CLR 2.0.50727; .NET CLR 3.0.4506.2152; .NET CLR 3.5.30729; .NET CLR 1.1.4322; .NET4.0C; .NET4.0E)"
193.41.37.3 - - [11/Feb/2014:16:23:23 +0100] "GET /img/lay08.gif HTTP/1.1" 200 322 "http://www.dialyse-borna.de/seiten/impr.htm" "Mozilla/4.0 (compatible; MSIE 8.0; Windows NT 5.1; Trident/4.0; .NET CLR 2.0.50727; .NET CLR 3.0.4506.2152; .NET CLR 3.5.30729; .NET CLR 1.1.4322; .NET4.0C; .NET4.0E)"
193.41.37.3 - - [11/Feb/2014:16:23:23 +0100] "GET /img/bg3.gif HTTP/1.1" 200 143 "http://www.dialyse-borna.de/seiten/impr.htm" "Mozilla/4.0 (compatible; MSIE 8.0; Windows NT 5.1; Trident/4.0; .NET CLR 2.0.50727; .NET CLR 3.0.4506.2152; .NET CLR 3.5.30729; .NET CLR 1.1.4322; .NET4.0C; .NET4.0E)"
193.41.37.3 - - [11/Feb/2014:16:23:23 +0100] "GET /img/lay03.gif HTTP/1.1" 200 671 "http://www.dialyse-borna.de/seiten/impr.htm" "Mozilla/4.0 (compatible; MSIE 8.0; Windows NT 5.1; Trident/4.0; .NET CLR 2.0.50727; .NET CLR 3.0.4506.2152; .NET CLR 3.5.30729; .NET CLR 1.1.4322; .NET4.0C; .NET4.0E)"
193.41.37.3 - - [11/Feb/2014:16:23:24 +0100] "GET /img/lay04.gif HTTP/1.1" 200 210 "http://www.dialyse-borna.de/seiten/impr.htm" "Mozilla/4.0 (compatible; MSIE 8.0; Windows NT 5.1; Trident/4.0; .NET CLR 2.0.50727; .NET CLR 3.0.4506.2152; .NET CLR 3.5.30729; .NET CLR 1.1.4322; .NET4.0C; .NET4.0E)"
193.41.37.3 - - [11/Feb/2014:16:23:24 +0100] "GET /img/bg1.gif HTTP/1.1" 200 54 "http://www.dialyse-borna.de/seiten/impr.htm" "Mozilla/4.0 (compatible; MSIE 8.0; Windows NT 5.1; Trident/4.0; .NET CLR 2.0.50727; .NET CLR 3.0.4506.2152; .NET CLR 3.5.30729; .NET CLR 1.1.4322; .NET4.0C; .NET4.0E)"
193.41.37.3 - - [11/Feb/2014:16:23:24 +0100] "GET /img/lay05.gif HTTP/1.1" 200 541 "http://www.dialyse-borna.de/seiten/impr.htm" "Mozilla/4.0 (compatible; MSIE 8.0; Windows NT 5.1; Trident/4.0; .NET CLR 2.0.50727; .NET CLR 3.0.4506.2152; .NET CLR 3.5.30729; .NET CLR 1.1.4322; .NET4.0C; .NET4.0E)"
193.41.37.3 - - [11/Feb/2014:16:23:24 +0100] "GET /img/lay07.gif HTTP/1.1" 200 272 "http://www.dialyse-borna.de/seiten/impr.htm" "Mozilla/4.0 (compatible; MSIE 8.0; Windows NT 5.1; Trident/4.0; .NET CLR 2.0.50727; .NET CLR 3.0.4506.2152; .NET CLR 3.5.30729; .NET CLR 1.1.4322; .NET4.0C; .NET4.0E)"
193.41.37.3 - - [11/Feb/2014:16:23:24 +0100] "GET /img/bg4.gif HTTP/1.1" 200 135 "http://www.dialyse-borna.de/seiten/impr.htm" "Mozilla/4.0 (compatible; MSIE 8.0; Windows NT 5.1; Trident/4.0; .NET CLR 2.0.50727; .NET CLR 3.0.4506.2152; .NET CLR 3.5.30729; .NET CLR 1.1.4322; .NET4.0C; .NET4.0E)"
193.41.37.3 - - [11/Feb/2014:16:23:24 +0100] "GET /img/men02a.gif HTTP/1.1" 200 589 "http://www.dialyse-borna.de/seiten/impr.htm" "Mozilla/4.0 (compatible; MSIE 8.0; Windows NT 5.1; Trident/4.0; .NET CLR 2.0.50727; .NET CLR 3.0.4506.2152; .NET CLR 3.5.30729; .NET CLR 1.1.4322; .NET4.0C; .NET4.0E)"
193.41.37.3 - - [11/Feb/2014:16:23:24 +0100] "GET /img/men03a.gif HTTP/1.1" 200 820 "http://www.dialyse-borna.de/seiten/impr.htm" "Mozilla/4.0 (compatible; MSIE 8.0; Windows NT 5.1; Trident/4.0; .NET CLR 2.0.50727; .NET CLR 3.0.4506.2152; .NET CLR 3.5.30729; .NET CLR 1.1.4322; .NET4.0C; .NET4.0E)"
193.41.37.3 - - [11/Feb/2014:16:23:24 +0100] "GET /img/men04a.gif HTTP/1.1" 200 669 "http://www.dialyse-borna.de/seiten/impr.htm" "Mozilla/4.0 (compatible; MSIE 8.0; Windows NT 5.1; Trident/4.0; .NET CLR 2.0.50727; .NET CLR 3.0.4506.2152; .NET CLR 3.5.30729; .NET CLR 1.1.4322; .NET4.0C; .NET4.0E)"
193.41.37.3 - - [11/Feb/2014:16:23:24 +0100] "GET /img/men05a.gif HTTP/1.1" 200 556 "http://www.dialyse-borna.de/seiten/impr.htm" "Mozilla/4.0 (compatible; MSIE 8.0; Windows NT 5.1; Trident/4.0; .NET CLR 2.0.50727; .NET CLR 3.0.4506.2152; .NET CLR 3.5.30729; .NET CLR 1.1.4322; .NET4.0C; .NET4.0E)"
193.41.37.3 - - [11/Feb/2014:16:23:24 +0100] "GET /img/men06a.gif HTTP/1.1" 200 518 "http://www.dialyse-borna.de/seiten/impr.htm" "Mozilla/4.0 (compatible; MSIE 8.0; Windows NT 5.1; Trident/4.0; .NET CLR 2.0.50727; .NET CLR 3.0.4506.2152; .NET CLR 3.5.30729; .NET CLR 1.1.4322; .NET4.0C; .NET4.0E)"
193.41.37.3 - - [11/Feb/2014:16:23:24 +0100] "GET /img/men07a.gif HTTP/1.1" 200 666 "http://www.dialyse-borna.de/seiten/impr.htm" "Mozilla/4.0 (compatible; MSIE 8.0; Windows NT 5.1; Trident/4.0; .NET CLR 2.0.50727; .NET CLR 3.0.4506.2152; .NET CLR 3.5.30729; .NET CLR 1.1.4322; .NET4.0C; .NET4.0E)"
199.19.249.196 - - [11/Feb/2014:16:23:35 +0100] "GET /seiten/kont_form.php HTTP/1.1" 200 8561 "-" "Mozilla/4.0 (compatible; MSIE 7.0; Windows NT 5.1; InfoPath.1; .NET CLR 2.0.50727; .NET CLR 1.1.4322; MS-RTC LM 8; .NET CLR 3.0.4506.2152; .NET CLR 3.5.30729)"
193.41.37.3 - - [11/Feb/2014:16:23:35 +0100] "GET /seiten/kont_form.php HTTP/1.1" 200 8561 "http://www.dialyse-borna.de/seiten/kont.htm" "Mozilla/4.0 (compatible; MSIE 8.0; Windows NT 6.1; Trident/4.0; SLCC2; .NET CLR 2.0.50727; .NET CLR 3.5.30729; .NET CLR 3.0.30729; Media Center PC 6.0; .NET4.0C; .NET4.0E)"
193.41.37.3 - - [11/Feb/2014:16:23:35 +0100] "GET /img/men05.gif HTTP/1.1" 200 1200 "http://www.dialyse-borna.de/seiten/kont_form.php" "Mozilla/4.0 (compatible; MSIE 8.0; Windows NT 6.1; Trident/4.0; SLCC2; .NET CLR 2.0.50727; .NET CLR 3.5.30729; .NET CLR 3.0.30729; Media Center PC 6.0; .NET4.0C; .NET4.0E)"
46.119.119.29 - - [11/Feb/2014:17:55:05 +0100] "GET /seiten/start.htm HTTP/1.1" 200 7516 "http://avtoads.net/" "Mozilla/4.0 (compatible; MSIE 6.0; MSIE 5.5; Windows NT 5.0) Opera 7.02 Bork-edition [en]"
46.119.119.29 - - [11/Feb/2014:17:55:06 +0100] "GET /seiten/start.htm HTTP/1.1" 200 7516 "http://avtoads.net/" "Mozilla/4.0 (compatible; MSIE 6.0; MSIE 5.5; Windows NT 5.0) Opera 7.02 Bork-edition [en]"
46.119.119.29 - - [11/Feb/2014:17:55:06 +0100] "GET /seiten/start.htm HTTP/1.1" 200 7516 "http://avtoads.net/" "Mozilla/4.0 (compatible; MSIE 6.0; MSIE 5.5; Windows NT 5.0) Opera 7.02 Bork-edition [en]"
92.225.226.110 - - [11/Feb/2014:20:12:44 +0100] "GET /seiten/praxis.htm HTTP/1.1" 200 7847 "http://www.google.de/imgres?client=safari&sa=X&hl=de&biw=1024&bih=671&tbm=isch&tbnid=--OoB329NHkbIM%3A&imgrefurl=http%3A%2F%2Fwww.dialyse-borna.de%2Fseiten%2Fpraxis.htm&docid=iZUGzxDYejzkvM&imgurl=http%3A%2F%2Fwww.dialyse-borna.de%2Fimg%2Fschild.jpg&w=300&h=230&ei=aHL6UovGMcantAbR2oCgAQ&zoom=1&iact=rc&page=1&start=0&ndsp=14&ved=0CEAQrQMwBA" "Mozilla/5.0 (iPad; CPU OS 7_0_2 like Mac OS X) AppleWebKit/537.51.1 (KHTML, like Gecko) Version/7.0 Mobile/11A501 Safari/9537.53"
92.225.226.110 - - [11/Feb/2014:20:12:45 +0100] "GET /css/borna.css HTTP/1.1" 200 2909 "http://www.dialyse-borna.de/seiten/praxis.htm" "Mozilla/5.0 (iPad; CPU OS 7_0_2 like Mac OS X) AppleWebKit/537.51.1 (KHTML, like Gecko) Version/7.0 Mobile/11A501 Safari/9537.53"
92.225.226.110 - - [11/Feb/2014:20:12:45 +0100] "GET /img/men01.gif HTTP/1.1" 200 432 "http://www.dialyse-borna.de/seiten/praxis.htm" "Mozilla/5.0 (iPad; CPU OS 7_0_2 like Mac OS X) AppleWebKit/537.51.1 (KHTML, like Gecko) Version/7.0 Mobile/11A501 Safari/9537.53"
92.225.226.110 - - [11/Feb/2014:20:12:45 +0100] "GET /img/lay03.gif HTTP/1.1" 200 671 "http://www.dialyse-borna.de/seiten/praxis.htm" "Mozilla/5.0 (iPad; CPU OS 7_0_2 like Mac OS X) AppleWebKit/537.51.1 (KHTML, like Gecko) Version/7.0 Mobile/11A501 Safari/9537.53"
92.225.226.110 - - [11/Feb/2014:20:12:45 +0100] "GET /img/bg2.gif HTTP/1.1" 200 49 "http://www.dialyse-borna.de/seiten/praxis.htm" "Mozilla/5.0 (iPad; CPU OS 7_0_2 like Mac OS X) AppleWebKit/537.51.1 (KHTML, like Gecko) Version/7.0 Mobile/11A501 Safari/9537.53"
92.225.226.110 - - [11/Feb/2014:20:12:45 +0100] "GET /img/lay02.gif HTTP/1.1" 200 3503 "http://www.dialyse-borna.de/seiten/praxis.htm" "Mozilla/5.0 (iPad; CPU OS 7_0_2 like Mac OS X) AppleWebKit/537.51.1 (KHTML, like Gecko) Version/7.0 Mobile/11A501 Safari/9537.53"
92.225.226.110 - - [11/Feb/2014:20:12:45 +0100] "GET /img/men02a.gif HTTP/1.1" 200 589 "http://www.dialyse-borna.de/seiten/praxis.htm" "Mozilla/5.0 (iPad; CPU OS 7_0_2 like Mac OS X) AppleWebKit/537.51.1 (KHTML, like Gecko) Version/7.0 Mobile/11A501 Safari/9537.53"
92.225.226.110 - - [11/Feb/2014:20:12:45 +0100] "GET /img/men03.gif HTTP/1.1" 200 1621 "http://www.dialyse-borna.de/seiten/praxis.htm" "Mozilla/5.0 (iPad; CPU OS 7_0_2 like Mac OS X) AppleWebKit/537.51.1 (KHTML, like Gecko) Version/7.0 Mobile/11A501 Safari/9537.53"
92.225.226.110 - - [11/Feb/2014:20:12:45 +0100] "GET /img/1pixel.gif HTTP/1.1" 200 45 "http://www.dialyse-borna.de/seiten/praxis.htm" "Mozilla/5.0 (iPad; CPU OS 7_0_2 like Mac OS X) AppleWebKit/537.51.1 (KHTML, like Gecko) Version/7.0 Mobile/11A501 Safari/9537.53"
92.225.226.110 - - [11/Feb/2014:20:12:45 +0100] "GET /img/lay05.gif HTTP/1.1" 200 541 "http://www.dialyse-borna.de/seiten/praxis.htm" "Mozilla/5.0 (iPad; CPU OS 7_0_2 like Mac OS X) AppleWebKit/537.51.1 (KHTML, like Gecko) Version/7.0 Mobile/11A501 Safari/9537.53"
92.225.226.110 - - [11/Feb/2014:20:12:45 +0100] "GET /img/men04.gif HTTP/1.1" 200 1395 "http://www.dialyse-borna.de/seiten/praxis.htm" "Mozilla/5.0 (iPad; CPU OS 7_0_2 like Mac OS X) AppleWebKit/537.51.1 (KHTML, like Gecko) Version/7.0 Mobile/11A501 Safari/9537.53"
92.225.226.110 - - [11/Feb/2014:20:12:45 +0100] "GET /img/men07.gif HTTP/1.1" 200 1396 "http://www.dialyse-borna.de/seiten/praxis.htm" "Mozilla/5.0 (iPad; CPU OS 7_0_2 like Mac OS X) AppleWebKit/537.51.1 (KHTML, like Gecko) Version/7.0 Mobile/11A501 Safari/9537.53"
92.225.226.110 - - [11/Feb/2014:20:12:45 +0100] "GET /img/men08.gif HTTP/1.1" 200 1642 "http://www.dialyse-borna.de/seiten/praxis.htm" "Mozilla/5.0 (iPad; CPU OS 7_0_2 like Mac OS X) AppleWebKit/537.51.1 (KHTML, like Gecko) Version/7.0 Mobile/11A501 Safari/9537.53"
92.225.226.110 - - [11/Feb/2014:20:12:45 +0100] "GET /img/men06.gif HTTP/1.1" 200 1162 "http://www.dialyse-borna.de/seiten/praxis.htm" "Mozilla/5.0 (iPad; CPU OS 7_0_2 like Mac OS X) AppleWebKit/537.51.1 (KHTML, like Gecko) Version/7.0 Mobile/11A501 Safari/9537.53"
92.225.226.110 - - [11/Feb/2014:20:12:45 +0100] "GET /img/men09.gif HTTP/1.1" 200 708 "http://www.dialyse-borna.de/seiten/praxis.htm" "Mozilla/5.0 (iPad; CPU OS 7_0_2 like Mac OS X) AppleWebKit/537.51.1 (KHTML, like Gecko) Version/7.0 Mobile/11A501 Safari/9537.53"
92.225.226.110 - - [11/Feb/2014:20:12:45 +0100] "GET /img/lay04.gif HTTP/1.1" 200 210 "http://www.dialyse-borna.de/seiten/praxis.htm" "Mozilla/5.0 (iPad; CPU OS 7_0_2 like Mac OS X) AppleWebKit/537.51.1 (KHTML, like Gecko) Version/7.0 Mobile/11A501 Safari/9537.53"
92.225.226.110 - - [11/Feb/2014:20:12:45 +0100] "GET /img/lay07.gif HTTP/1.1" 200 272 "http://www.dialyse-borna.de/seiten/praxis.htm" "Mozilla/5.0 (iPad; CPU OS 7_0_2 like Mac OS X) AppleWebKit/537.51.1 (KHTML, like Gecko) Version/7.0 Mobile/11A501 Safari/9537.53"
92.225.226.110 - - [11/Feb/2014:20:12:45 +0100] "GET /img/schild.jpg HTTP/1.1" 200 12757 "http://www.dialyse-borna.de/seiten/praxis.htm" "Mozilla/5.0 (iPad; CPU OS 7_0_2 like Mac OS X) AppleWebKit/537.51.1 (KHTML, like Gecko) Version/7.0 Mobile/11A501 Safari/9537.53"
92.225.226.110 - - [11/Feb/2014:20:12:45 +0100] "GET /img/lay01.gif HTTP/1.1" 200 384 "http://www.dialyse-borna.de/seiten/praxis.htm" "Mozilla/5.0 (iPad; CPU OS 7_0_2 like Mac OS X) AppleWebKit/537.51.1 (KHTML, like Gecko) Version/7.0 Mobile/11A501 Safari/9537.53"
92.225.226.110 - - [11/Feb/2014:20:12:45 +0100] "GET /img/bg3.gif HTTP/1.1" 200 143 "http://www.dialyse-borna.de/seiten/praxis.htm" "Mozilla/5.0 (iPad; CPU OS 7_0_2 like Mac OS X) AppleWebKit/537.51.1 (KHTML, like Gecko) Version/7.0 Mobile/11A501 Safari/9537.53"
92.225.226.110 - - [11/Feb/2014:20:12:45 +0100] "GET /img/bg1.gif HTTP/1.1" 200 54 "http://www.dialyse-borna.de/seiten/praxis.htm" "Mozilla/5.0 (iPad; CPU OS 7_0_2 like Mac OS X) AppleWebKit/537.51.1 (KHTML, like Gecko) Version/7.0 Mobile/11A501 Safari/9537.53"
92.225.226.110 - - [11/Feb/2014:20:12:45 +0100] "GET /img/bg4.gif HTTP/1.1" 200 135 "http://www.dialyse-borna.de/seiten/praxis.htm" "Mozilla/5.0 (iPad; CPU OS 7_0_2 like Mac OS X) AppleWebKit/537.51.1 (KHTML, like Gecko) Version/7.0 Mobile/11A501 Safari/9537.53"
92.225.226.110 - - [11/Feb/2014:20:12:45 +0100] "GET /img/lay08.gif HTTP/1.1" 200 322 "http://www.dialyse-borna.de/seiten/praxis.htm" "Mozilla/5.0 (iPad; CPU OS 7_0_2 like Mac OS X) AppleWebKit/537.51.1 (KHTML, like Gecko) Version/7.0 Mobile/11A501 Safari/9537.53"
