66.249.78.101 - - [01/Feb/2014:00:00:05 +0100] "GET /robots.txt HTTP/1.1" 200 157 "-" "Mozilla/5.0 (compatible; Googlebot/2.1; +http://www.google.com/bot.html)"
66.249.78.101 - - [01/Feb/2014:00:00:05 +0100] "GET / HTTP/1.1" 200 2663 "-" "Mozilla/5.0 (iPhone; CPU iPhone OS 6_0 like Mac OS X) AppleWebKit/536.26 (KHTML, like Gecko) Version/6.0 Mobile/10A5376e Safari/8536.25 (compatible; Googlebot-Mobile/2.1; +http://www.google.com/bot.html)"
144.76.137.226 - - [01/Feb/2014:00:04:40 +0100] "GET /robots.txt HTTP/1.0" 200 157 "-" "Mozilla/5.0 (compatible; MJ12bot/v1.4.4; http://www.majestic12.co.uk/bot.php?+)"
144.76.137.226 - - [01/Feb/2014:00:04:44 +0100] "GET /seiten/dialyse.htm HTTP/1.0" 200 7403 "-" "Mozilla/5.0 (compatible; MJ12bot/v1.4.4; http://www.majestic12.co.uk/bot.php?+)"
144.76.137.226 - - [01/Feb/2014:00:04:47 +0100] "GET /seiten/impr.htm HTTP/1.0" 200 9648 "-" "Mozilla/5.0 (compatible; MJ12bot/v1.4.4; http://www.majestic12.co.uk/bot.php?+)"
144.76.137.226 - - [01/Feb/2014:00:04:51 +0100] "GET /seiten/kont.htm HTTP/1.0" 200 8048 "-" "Mozilla/5.0 (compatible; MJ12bot/v1.4.4; http://www.majestic12.co.uk/bot.php?+)"
144.76.137.226 - - [01/Feb/2014:00:04:54 +0100] "GET /seiten/kont_form.php HTTP/1.0" 200 8561 "-" "Mozilla/5.0 (compatible; MJ12bot/v1.4.4; http://www.majestic12.co.uk/bot.php?+)"
144.76.137.226 - - [01/Feb/2014:00:04:57 +0100] "GET /seiten/leist.htm HTTP/1.0" 200 7640 "-" "Mozilla/5.0 (compatible; MJ12bot/v1.4.4; http://www.majestic12.co.uk/bot.php?+)"
144.76.137.226 - - [01/Feb/2014:00:05:01 +0100] "GET /seiten/links.htm HTTP/1.0" 200 7302 "-" "Mozilla/5.0 (compatible; MJ12bot/v1.4.4; http://www.majestic12.co.uk/bot.php?+)"
144.76.137.226 - - [01/Feb/2014:00:05:06 +0100] "GET /seiten/news.php HTTP/1.0" 200 7079 "-" "Mozilla/5.0 (compatible; MJ12bot/v1.4.4; http://www.majestic12.co.uk/bot.php?+)"
144.76.137.226 - - [01/Feb/2014:00:05:08 +0100] "GET /seiten/praxis.htm HTTP/1.0" 200 7847 "-" "Mozilla/5.0 (compatible; MJ12bot/v1.4.4; http://www.majestic12.co.uk/bot.php?+)"
66.249.78.101 - - [01/Feb/2014:00:44:52 +0100] "GET / HTTP/1.1" 200 2663 "-" "SAMSUNG-SGH-E250/1.0 Profile/MIDP-2.0 Configuration/CLDC-1.1 UP.Browser/6.2.3.3.c.1.101 (GUI) MMP/2.0 (compatible; Googlebot-Mobile/2.1; +http://www.google.com/bot.html)"
66.249.78.101 - - [01/Feb/2014:02:07:14 +0100] "GET /img/main_pic.jpg HTTP/1.1" 200 14864 "-" "Googlebot-Image/1.0"
66.249.78.101 - - [01/Feb/2014:02:55:53 +0100] "GET /seiten/leist.htm HTTP/1.1" 304 - "-" "Mozilla/5.0 (iPhone; CPU iPhone OS 6_0 like Mac OS X) AppleWebKit/536.26 (KHTML, like Gecko) Version/6.0 Mobile/10A5376e Safari/8536.25 (compatible; Googlebot-Mobile/2.1; +http://www.google.com/bot.html)"
195.242.218.133 - - [01/Feb/2014:03:21:35 +0100] "GET /seiten/news.php HTTP/1.1" 200 7079 "http://avtogury.ru/" "Mozilla/4.0 (compatible; MSIE 6.0; Windows NT 5.1; SV1; .NET CLR 1.1.4322; .NET CLR 2.0.50727)"
195.242.218.133 - - [01/Feb/2014:03:21:36 +0100] "GET /seiten/news.php HTTP/1.1" 200 7079 "http://avtogury.ru/" "Mozilla/4.0 (compatible; MSIE 6.0; Windows NT 5.1; SV1; .NET CLR 1.1.4322; .NET CLR 2.0.50727)"
195.242.218.133 - - [01/Feb/2014:03:21:36 +0100] "GET /seiten/news.php HTTP/1.1" 200 7079 "http://avtogury.ru/" "Mozilla/4.0 (compatible; MSIE 6.0; Windows NT 5.1; SV1; .NET CLR 1.1.4322; .NET CLR 2.0.50727)"
134.249.76.173 - - [01/Feb/2014:05:50:15 +0100] "GET /seiten/news.php HTTP/1.1" 200 7079 "http://imperia31.ru/" "Mozilla/4.0 (compatible; MSIE 6.0; Windows NT 5.1; SV1; .NET CLR 1.1.4322; .NET CLR 2.0.50727)"
134.249.76.173 - - [01/Feb/2014:05:50:16 +0100] "GET /seiten/news.php HTTP/1.1" 200 7079 "http://imperia31.ru/" "Mozilla/4.0 (compatible; MSIE 6.0; Windows NT 5.1; SV1; .NET CLR 1.1.4322; .NET CLR 2.0.50727)"
134.249.76.173 - - [01/Feb/2014:05:50:16 +0100] "GET /seiten/news.php HTTP/1.1" 200 7079 "http://imperia31.ru/" "Mozilla/4.0 (compatible; MSIE 6.0; Windows NT 5.1; SV1; .NET CLR 1.1.4322; .NET CLR 2.0.50727)"
178.137.90.83 - - [01/Feb/2014:05:55:09 +0100] "GET /seiten/news.php HTTP/1.1" 200 7079 "http://sport-kosa.ru/" "Mozilla/4.0 (compatible; MSIE 6.0; Windows NT 5.0; T312461)"
178.137.90.83 - - [01/Feb/2014:05:55:10 +0100] "GET /seiten/news.php HTTP/1.1" 200 7079 "http://sport-kosa.ru/" "Mozilla/4.0 (compatible; MSIE 6.0; Windows NT 5.0; T312461)"
178.137.90.83 - - [01/Feb/2014:05:55:11 +0100] "GET /seiten/news.php HTTP/1.1" 200 7079 "http://sport-kosa.ru/" "Mozilla/4.0 (compatible; MSIE 6.0; Windows NT 5.0; T312461)"
178.137.90.83 - - [01/Feb/2014:05:55:11 +0100] "GET /seiten/news.php HTTP/1.1" 200 7079 "http://pornogig.com/" "Mozilla/4.0 (compatible; MSIE 6.0; Windows NT 5.0; T312461)"
178.137.90.83 - - [01/Feb/2014:05:55:11 +0100] "GET /seiten/news.php HTTP/1.1" 200 7079 "http://pornogig.com/" "Mozilla/4.0 (compatible; MSIE 6.0; Windows NT 5.0; T312461)"
178.137.90.83 - - [01/Feb/2014:05:55:12 +0100] "GET /seiten/news.php HTTP/1.1" 200 7079 "http://pornogig.com/" "Mozilla/4.0 (compatible; MSIE 6.0; Windows NT 5.0; T312461)"
134.249.49.231 - - [01/Feb/2014:06:16:20 +0100] "GET /seiten/news.php HTTP/1.1" 200 7079 "http://megavolt.net.ua/" "Mozilla/4.0 (compatible; MSIE 6.0; Windows NT 5.0; T312461)"
134.249.49.231 - - [01/Feb/2014:06:16:21 +0100] "GET /seiten/news.php HTTP/1.1" 200 7079 "http://megavolt.net.ua/" "Mozilla/4.0 (compatible; MSIE 6.0; Windows NT 5.0; T312461)"
134.249.49.231 - - [01/Feb/2014:06:16:21 +0100] "GET /seiten/news.php HTTP/1.1" 200 7079 "http://megavolt.net.ua/" "Mozilla/4.0 (compatible; MSIE 6.0; Windows NT 5.0; T312461)"
141.8.147.12 - - [01/Feb/2014:06:39:04 +0100] "GET /robots.txt HTTP/1.1" 200 157 "-" "Mozilla/5.0 (compatible; YandexBot/3.0; +http://yandex.com/bots)"
141.8.147.12 - - [01/Feb/2014:08:05:28 +0100] "GET /seiten/kont_form.php HTTP/1.1" 200 8561 "-" "Mozilla/5.0 (compatible; YandexBot/3.0; +http://yandex.com/bots)"
66.249.78.101 - - [01/Feb/2014:08:37:19 +0100] "GET /seiten/leist.htm HTTP/1.1" 304 - "-" "Mozilla/5.0 (iPhone; CPU iPhone OS 6_0 like Mac OS X) AppleWebKit/536.26 (KHTML, like Gecko) Version/6.0 Mobile/10A5376e Safari/8536.25 (compatible; Googlebot-Mobile/2.1; +http://www.google.com/bot.html)"
157.55.32.209 - - [01/Feb/2014:09:55:33 +0100] "GET /robots.txt HTTP/1.1" 200 157 "-" "Mozilla/5.0 (compatible; bingbot/2.0; +http://www.bing.com/bingbot.htm)"
157.55.32.209 - - [01/Feb/2014:10:00:23 +0100] "GET /seiten/dialyse.htm HTTP/1.1" 200 7403 "-" "Mozilla/5.0 (compatible; bingbot/2.0; +http://www.bing.com/bingbot.htm)"
66.249.78.101 - - [01/Feb/2014:10:04:06 +0100] "GET /seiten/start.htm HTTP/1.1" 304 - "-" "Mozilla/5.0 (iPhone; CPU iPhone OS 6_0 like Mac OS X) AppleWebKit/536.26 (KHTML, like Gecko) Version/6.0 Mobile/10A5376e Safari/8536.25 (compatible; Googlebot-Mobile/2.1; +http://www.google.com/bot.html)"
66.249.73.186 - - [01/Feb/2014:12:16:51 +0100] "GET /robots.txt HTTP/1.1" 200 157 "-" "Mozilla/5.0 (compatible; Googlebot/2.1; +http://www.google.com/bot.html)"
66.249.73.186 - - [01/Feb/2014:12:16:52 +0100] "GET /seiten/dialyse.htm HTTP/1.1" 304 - "-" "Mozilla/5.0 (iPhone; CPU iPhone OS 6_0 like Mac OS X) AppleWebKit/536.26 (KHTML, like Gecko) Version/6.0 Mobile/10A5376e Safari/8536.25 (compatible; Googlebot-Mobile/2.1; +http://www.google.com/bot.html)"
108.59.8.80 - - [01/Feb/2014:12:33:41 +0100] "GET /robots.txt HTTP/1.0" 200 157 "-" "Mozilla/5.0 (compatible; MJ12bot/v1.4.4; http://www.majestic12.co.uk/bot.php?+)"
108.59.8.80 - - [01/Feb/2014:12:33:42 +0100] "GET / HTTP/1.0" 200 2663 "-" "Mozilla/5.0 (compatible; MJ12bot/v1.4.4; http://www.majestic12.co.uk/bot.php?+)"
199.30.20.102 - - [01/Feb/2014:13:35:11 +0100] "GET /robots.txt HTTP/1.1" 200 157 "-" "msnbot-media/1.1 (+http://search.msn.com/msnbot.htm)"
199.30.20.102 - - [01/Feb/2014:13:35:11 +0100] "GET /img/dialyse.jpg HTTP/1.1" 200 18017 "-" "msnbot-media/1.1 (+http://search.msn.com/msnbot.htm)"
178.137.90.83 - - [01/Feb/2014:16:34:54 +0100] "GET /seiten/news.php HTTP/1.1" 200 7079 "http://naphukete.ru/" "Mozilla/4.0 (compatible; MSIE 6.0; Windows NT 5.0; T312461)"
178.137.90.83 - - [01/Feb/2014:16:34:54 +0100] "GET /seiten/news.php HTTP/1.1" 200 7079 "http://naphukete.ru/" "Mozilla/4.0 (compatible; MSIE 6.0; Windows NT 5.0; T312461)"
178.137.90.83 - - [01/Feb/2014:16:34:55 +0100] "GET /seiten/news.php HTTP/1.1" 200 7079 "http://naphukete.ru/" "Mozilla/4.0 (compatible; MSIE 6.0; Windows NT 5.0; T312461)"
134.249.49.231 - - [01/Feb/2014:16:38:56 +0100] "GET /seiten/news.php HTTP/1.1" 200 7079 "http://xn--90adhhccf5aeewt7j.xn--p1ai/" "Mozilla/4.0 (compatible; MSIE 6.0; Windows NT 5.0; T312461)"
134.249.49.231 - - [01/Feb/2014:16:38:56 +0100] "GET /seiten/news.php HTTP/1.1" 200 7079 "http://onlinefilmz.net/" "Mozilla/4.0 (compatible; MSIE 6.0; Windows NT 5.0; T312461)"
134.249.49.231 - - [01/Feb/2014:16:38:56 +0100] "GET /seiten/news.php HTTP/1.1" 200 7079 "http://xn--90adhhccf5aeewt7j.xn--p1ai/" "Mozilla/4.0 (compatible; MSIE 6.0; Windows NT 5.0; T312461)"
134.249.49.231 - - [01/Feb/2014:16:38:56 +0100] "GET /seiten/news.php HTTP/1.1" 200 7079 "http://onlinefilmz.net/" "Mozilla/4.0 (compatible; MSIE 6.0; Windows NT 5.0; T312461)"
134.249.49.231 - - [01/Feb/2014:16:38:57 +0100] "GET /seiten/news.php HTTP/1.1" 200 7079 "http://xn--90adhhccf5aeewt7j.xn--p1ai/" "Mozilla/4.0 (compatible; MSIE 6.0; Windows NT 5.0; T312461)"
134.249.49.231 - - [01/Feb/2014:16:38:57 +0100] "GET /seiten/news.php HTTP/1.1" 200 7079 "http://onlinefilmz.net/" "Mozilla/4.0 (compatible; MSIE 6.0; Windows NT 5.0; T312461)"
5.255.253.79 - - [01/Feb/2014:16:56:55 +0100] "GET /robots.txt HTTP/1.1" 200 157 "-" "Mozilla/5.0 (compatible; YandexImages/3.0; +http://yandex.com/bots)"
5.255.253.79 - - [01/Feb/2014:17:25:29 +0100] "GET /img/schild.jpg HTTP/1.1" 304 - "-" "Mozilla/5.0 (compatible; YandexImages/3.0; +http://yandex.com/bots)"
5.255.253.79 - - [01/Feb/2014:18:25:52 +0100] "GET /img/dialyse.jpg HTTP/1.1" 304 - "-" "Mozilla/5.0 (compatible; YandexImages/3.0; +http://yandex.com/bots)"
5.255.253.79 - - [01/Feb/2014:19:28:22 +0100] "GET /img/main_pic.jpg HTTP/1.1" 304 - "-" "Mozilla/5.0 (compatible; YandexImages/3.0; +http://yandex.com/bots)"
193.111.141.44 - - [01/Feb/2014:19:53:43 +0100] "GET /seiten/impr.htm HTTP/1.1" 200 9648 "-" "Mozilla/5.0 (X11; Linux i686; rv:6.0) Gecko/20100101 Firefox/6.0"
93.186.202.198 - - [01/Feb/2014:19:53:44 +0100] "GET /seiten/kont.htm HTTP/1.1" 200 8048 "-" "Mozilla/5.0 (X11; Linux i686; rv:6.0) Gecko/20100101 Firefox/6.0"
5.255.253.79 - - [01/Feb/2014:20:29:32 +0100] "GET /img/leist.jpg HTTP/1.1" 304 - "-" "Mozilla/5.0 (compatible; YandexImages/3.0; +http://yandex.com/bots)"
199.30.20.102 - - [01/Feb/2014:21:57:33 +0100] "GET /robots.txt HTTP/1.1" 200 157 "-" "msnbot-media/1.1 (+http://search.msn.com/msnbot.htm)"
199.30.20.102 - - [01/Feb/2014:21:57:34 +0100] "GET /img/dialyse.jpg HTTP/1.1" 200 18017 "-" "msnbot-media/1.1 (+http://search.msn.com/msnbot.htm)"
178.137.94.155 - - [01/Feb/2014:22:14:59 +0100] "GET /seiten/news.php HTTP/1.1" 200 7079 "http://cranly.net/" "Mozilla/4.0 (compatible; MSIE 6.0; MSIE 5.5; Windows NT 5.0) Opera 7.02 Bork-edition [en]"
178.137.94.155 - - [01/Feb/2014:22:15:00 +0100] "GET /seiten/news.php HTTP/1.1" 200 7079 "http://cranly.net/" "Mozilla/4.0 (compatible; MSIE 6.0; MSIE 5.5; Windows NT 5.0) Opera 7.02 Bork-edition [en]"
178.137.94.155 - - [01/Feb/2014:22:15:00 +0100] "GET /seiten/news.php HTTP/1.1" 200 7079 "http://cranly.net/" "Mozilla/4.0 (compatible; MSIE 6.0; MSIE 5.5; Windows NT 5.0) Opera 7.02 Bork-edition [en]"
5.255.253.79 - - [01/Feb/2014:23:30:58 +0100] "GET /img/links.jpg HTTP/1.1" 304 - "-" "Mozilla/5.0 (compatible; YandexImages/3.0; +http://yandex.com/bots)"
66.249.73.186 - - [01/Feb/2014:23:50:07 +0100] "GET / HTTP/1.1" 200 2663 "-" "Mozilla/5.0 (iPhone; CPU iPhone OS 6_0 like Mac OS X) AppleWebKit/536.26 (KHTML, like Gecko) Version/6.0 Mobile/10A5376e Safari/8536.25 (compatible; Googlebot-Mobile/2.1; +http://www.google.com/bot.html)"
66.249.73.186 - - [01/Feb/2014:23:56:03 +0100] "GET /seiten/start.htm HTTP/1.1" 200 7516 "-" "Mozilla/5.0 (iPhone; CPU iPhone OS 6_0 like Mac OS X) AppleWebKit/536.26 (KHTML, like Gecko) Version/6.0 Mobile/10A5376e Safari/8536.25 (compatible; Googlebot-Mobile/2.1; +http://www.google.com/bot.html)"
82.193.99.33 - - [02/Feb/2014:00:32:19 +0100] "GET /seiten/news.php HTTP/1.1" 200 7079 "http://drevrus.biz/" "Mozilla/4.0 (compatible; MSIE 6.0; Windows NT 5.0; T312461)"
82.193.99.33 - - [02/Feb/2014:00:32:20 +0100] "GET /seiten/news.php HTTP/1.1" 200 7079 "http://drevrus.biz/" "Mozilla/4.0 (compatible; MSIE 6.0; Windows NT 5.0; T312461)"
82.193.99.33 - - [02/Feb/2014:00:32:21 +0100] "GET /seiten/news.php HTTP/1.1" 200 7079 "http://drevrus.biz/" "Mozilla/4.0 (compatible; MSIE 6.0; Windows NT 5.0; T312461)"
5.10.83.54 - - [02/Feb/2014:01:22:56 +0100] "GET /seiten/leist.htm HTTP/1.1" 200 7640 "-" "Mozilla/5.0 (compatible; AhrefsBot/5.0; +http://ahrefs.com/robot/)"
178.137.90.83 - - [02/Feb/2014:01:45:43 +0100] "GET /seiten/news.php HTTP/1.1" 200 7079 "http://flash-igry.net/" "Mozilla/4.0 (compatible; MSIE 6.0; Windows NT 5.1; SV1; FunWebProducts; .NET CLR 1.1.4322; PeoplePal 6.2)"
178.137.90.83 - - [02/Feb/2014:01:45:44 +0100] "GET /seiten/news.php HTTP/1.1" 200 7079 "http://flash-igry.net/" "Mozilla/4.0 (compatible; MSIE 6.0; Windows NT 5.1; SV1; FunWebProducts; .NET CLR 1.1.4322; PeoplePal 6.2)"
178.137.90.83 - - [02/Feb/2014:01:45:44 +0100] "GET /seiten/news.php HTTP/1.1" 200 7079 "http://flash-igry.net/" "Mozilla/4.0 (compatible; MSIE 6.0; Windows NT 5.1; SV1; FunWebProducts; .NET CLR 1.1.4322; PeoplePal 6.2)"
178.137.94.155 - - [02/Feb/2014:01:46:08 +0100] "GET /seiten/news.php HTTP/1.1" 200 7079 "http://pronekut.com/" "Mozilla/4.0 (compatible; MSIE 6.0; Windows NT 5.0; T312461)"
178.137.94.155 - - [02/Feb/2014:01:46:08 +0100] "GET /seiten/news.php HTTP/1.1" 200 7079 "http://pronekut.com/" "Mozilla/4.0 (compatible; MSIE 6.0; Windows NT 5.0; T312461)"
178.137.94.155 - - [02/Feb/2014:01:46:12 +0100] "GET /seiten/news.php HTTP/1.1" 200 7079 "http://pronekut.com/" "Mozilla/4.0 (compatible; MSIE 6.0; Windows NT 5.0; T312461)"
66.249.73.186 - - [02/Feb/2014:02:55:55 +0100] "GET /seiten/links.htm HTTP/1.1" 304 - "-" "Mozilla/5.0 (iPhone; CPU iPhone OS 6_0 like Mac OS X) AppleWebKit/536.26 (KHTML, like Gecko) Version/6.0 Mobile/10A5376e Safari/8536.25 (compatible; Googlebot-Mobile/2.1; +http://www.google.com/bot.html)"
190.121.231.114 - - [02/Feb/2014:03:44:16 +0100] "GET /seiten/links.htm HTTP/1.0" 200 7302 "http://www.dialyse-borna.de/seiten/links.htm" "Mozilla/5.0 (Macintosh; Intel Mac OS X 10.8; rv:11.0) Gecko/20100101 Firefox/11.0"
178.137.94.155 - - [02/Feb/2014:05:20:18 +0100] "GET /seiten/news.php HTTP/1.1" 200 7079 "http://otbelivanie-zubov.com/" "Mozilla/4.0 (compatible; MSIE 6.0; Windows NT 5.0; T312461)"
178.137.94.155 - - [02/Feb/2014:05:20:21 +0100] "GET /seiten/news.php HTTP/1.1" 200 7079 "http://otbelivanie-zubov.com/" "Mozilla/4.0 (compatible; MSIE 6.0; Windows NT 5.0; T312461)"
178.137.94.155 - - [02/Feb/2014:05:20:22 +0100] "GET /seiten/news.php HTTP/1.1" 200 7079 "http://otbelivanie-zubov.com/" "Mozilla/4.0 (compatible; MSIE 6.0; Windows NT 5.0; T312461)"
66.249.73.186 - - [02/Feb/2014:05:22:24 +0100] "GET /img/bilder.swf HTTP/1.1" 200 78858 "-" "SAMSUNG-SGH-E250/1.0 Profile/MIDP-2.0 Configuration/CLDC-1.1 UP.Browser/6.2.3.3.c.1.101 (GUI) MMP/2.0 (compatible; Googlebot-Mobile/2.1; +http://www.google.com/bot.html)"
37.115.112.240 - - [02/Feb/2014:09:17:53 +0100] "GET /seiten/news.php HTTP/1.1" 200 7079 "http://stroydetali.ru/" "Mozilla/4.0 (compatible; MSIE 6.0; Windows NT 5.1; MRA 4.6 (build 01425))"
37.115.112.240 - - [02/Feb/2014:09:17:53 +0100] "GET /seiten/news.php HTTP/1.1" 200 7079 "http://blackwitchcraft.ru/" "Mozilla/4.0 (compatible; MSIE 6.0; Windows NT 5.1; SV1; YPC 3.0.2; .NET CLR 1.1.4322; yplus 4.4.02b)"
37.115.112.240 - - [02/Feb/2014:09:17:53 +0100] "GET /seiten/news.php HTTP/1.1" 200 7079 "http://stroydetali.ru/" "Mozilla/4.0 (compatible; MSIE 6.0; Windows NT 5.1; MRA 4.6 (build 01425))"
37.115.112.240 - - [02/Feb/2014:09:17:53 +0100] "GET /seiten/news.php HTTP/1.1" 200 7079 "http://blackwitchcraft.ru/" "Mozilla/4.0 (compatible; MSIE 6.0; Windows NT 5.1; SV1; YPC 3.0.2; .NET CLR 1.1.4322; yplus 4.4.02b)"
37.115.112.240 - - [02/Feb/2014:09:17:54 +0100] "GET /seiten/news.php HTTP/1.1" 200 7079 "http://stroydetali.ru/" "Mozilla/4.0 (compatible; MSIE 6.0; Windows NT 5.1; MRA 4.6 (build 01425))"
37.115.112.240 - - [02/Feb/2014:09:17:54 +0100] "GET /seiten/news.php HTTP/1.1" 200 7079 "http://blackwitchcraft.ru/" "Mozilla/4.0 (compatible; MSIE 6.0; Windows NT 5.1; SV1; YPC 3.0.2; .NET CLR 1.1.4322; yplus 4.4.02b)"
66.249.73.186 - - [02/Feb/2014:09:32:20 +0100] "GET / HTTP/1.1" 200 2663 "-" "Mozilla/5.0 (compatible; Googlebot/2.1; +http://www.google.com/bot.html)"
66.249.73.186 - - [02/Feb/2014:09:45:40 +0100] "GET /seiten/start.htm HTTP/1.1" 304 - "-" "Mozilla/5.0 (compatible; Googlebot/2.1; +http://www.google.com/bot.html)"
92.249.127.111 - - [02/Feb/2014:10:06:51 +0100] "GET /seiten/news.php HTTP/1.1" 200 7079 "http://doska-vsem.ru/" "Mozilla/4.0 (compatible; MSIE 6.0; Windows NT 5.1; SV1; .NET CLR 1.1.4322; .NET CLR 2.0.50727)"
92.249.127.111 - - [02/Feb/2014:10:06:52 +0100] "GET /seiten/news.php HTTP/1.1" 200 7079 "http://doska-vsem.ru/" "Mozilla/4.0 (compatible; MSIE 6.0; Windows NT 5.1; SV1; .NET CLR 1.1.4322; .NET CLR 2.0.50727)"
92.249.127.111 - - [02/Feb/2014:10:06:52 +0100] "GET /seiten/news.php HTTP/1.1" 200 7079 "http://doska-vsem.ru/" "Mozilla/4.0 (compatible; MSIE 6.0; Windows NT 5.1; SV1; .NET CLR 1.1.4322; .NET CLR 2.0.50727)"
66.249.73.186 - - [02/Feb/2014:10:28:37 +0100] "GET /img/bilder.swf HTTP/1.1" 200 78858 "-" "Mozilla/5.0 (iPhone; CPU iPhone OS 6_0 like Mac OS X) AppleWebKit/536.26 (KHTML, like Gecko) Version/6.0 Mobile/10A5376e Safari/8536.25 (compatible; Googlebot-Mobile/2.1; +http://www.google.com/bot.html)"
134.249.76.173 - - [02/Feb/2014:11:34:05 +0100] "GET /seiten/news.php HTTP/1.1" 200 7079 "http://bag77.ru/" "Mozilla/4.0 (compatible; MSIE 6.0; Windows NT 5.1; SV1; .NET CLR 1.1.4322; .NET CLR 2.0.50727)"
134.249.76.173 - - [02/Feb/2014:11:34:06 +0100] "GET /seiten/news.php HTTP/1.1" 200 7079 "http://bag77.ru/" "Mozilla/4.0 (compatible; MSIE 6.0; Windows NT 5.1; SV1; .NET CLR 1.1.4322; .NET CLR 2.0.50727)"
134.249.76.173 - - [02/Feb/2014:11:34:06 +0100] "GET /seiten/news.php HTTP/1.1" 200 7079 "http://bag77.ru/" "Mozilla/4.0 (compatible; MSIE 6.0; Windows NT 5.1; SV1; .NET CLR 1.1.4322; .NET CLR 2.0.50727)"
66.249.78.101 - - [02/Feb/2014:15:59:05 +0100] "GET /robots.txt HTTP/1.1" 200 157 "-" "Mozilla/5.0 (compatible; Googlebot/2.1; +http://www.google.com/bot.html)"
66.249.78.101 - - [02/Feb/2014:15:59:05 +0100] "GET / HTTP/1.1" 200 2663 "-" "Mozilla/5.0 (compatible; Googlebot/2.1; +http://www.google.com/bot.html)"
66.249.78.101 - - [02/Feb/2014:16:05:58 +0100] "GET /seiten/start.htm HTTP/1.1" 200 7516 "-" "Mozilla/5.0 (compatible; Googlebot/2.1; +http://www.google.com/bot.html)"
176.57.141.193 - - [02/Feb/2014:17:38:01 +0100] "GET /seiten/impr.htm HTTP/1.1" 200 9648 "-" "Mozilla/5.0 (X11; Linux i686; rv:6.0) Gecko/20100101 Firefox/6.0"
193.111.141.116 - - [02/Feb/2014:17:38:08 +0100] "GET /seiten/kont.htm HTTP/1.1" 200 8048 "-" "Mozilla/5.0 (X11; Linux i686; rv:6.0) Gecko/20100101 Firefox/6.0"
141.8.147.12 - - [02/Feb/2014:18:16:22 +0100] "GET /robots.txt HTTP/1.1" 200 157 "-" "Mozilla/5.0 (compatible; YandexBot/3.0; +http://yandex.com/bots)"
178.137.94.155 - - [02/Feb/2014:18:47:33 +0100] "GET /seiten/news.php HTTP/1.1" 200 7079 "http://usadacha.net/" "Mozilla/4.0 (compatible; MSIE 6.0; Windows NT 5.0; T312461)"
178.137.94.155 - - [02/Feb/2014:18:47:33 +0100] "GET /seiten/news.php HTTP/1.1" 200 7079 "http://usadacha.net/" "Mozilla/4.0 (compatible; MSIE 6.0; Windows NT 5.0; T312461)"
178.137.94.155 - - [02/Feb/2014:18:47:34 +0100] "GET /seiten/news.php HTTP/1.1" 200 7079 "http://usadacha.net/" "Mozilla/4.0 (compatible; MSIE 6.0; Windows NT 5.0; T312461)"
109.120.157.179 - - [02/Feb/2014:20:17:38 +0100] "GET /seiten/news.php HTTP/1.1" 200 7079 "http://gfaq.ru/forum" "Mozilla/5.0 (compatible; Add Catalog/2.1;)"
109.120.157.179 - - [02/Feb/2014:20:17:39 +0100] "GET /seiten/news.php HTTP/1.1" 200 7079 "http://gfaq.ru/forum" "Mozilla/5.0 (compatible; Add Catalog/2.1;)"
141.8.147.12 - - [02/Feb/2014:20:40:32 +0100] "GET / HTTP/1.1" 200 2663 "-" "Mozilla/5.0 (compatible; YandexBot/3.0; +http://yandex.com/bots)"
66.249.66.240 - - [02/Feb/2014:23:31:34 +0100] "GET /seiten/start.htm HTTP/1.1" 304 - "-" "Mozilla/5.0 (iPhone; CPU iPhone OS 6_0 like Mac OS X) AppleWebKit/536.26 (KHTML, like Gecko) Version/6.0 Mobile/10A5376e Safari/8536.25 (compatible; Googlebot-Mobile/2.1; +http://www.google.com/bot.html)"
66.249.78.101 - - [03/Feb/2014:00:56:34 +0100] "GET /seiten/kont.htm HTTP/1.1" 304 - "-" "Mozilla/5.0 (iPhone; CPU iPhone OS 6_0 like Mac OS X) AppleWebKit/536.26 (KHTML, like Gecko) Version/6.0 Mobile/10A5376e Safari/8536.25 (compatible; Googlebot-Mobile/2.1; +http://www.google.com/bot.html)"
66.249.78.101 - - [03/Feb/2014:03:50:56 +0100] "GET /img/FL_check.swf HTTP/1.1" 200 100 "-" "Mozilla/5.0 (compatible; Googlebot/2.1; +http://www.google.com/bot.html)"
193.41.37.3 - - [03/Feb/2014:09:22:29 +0100] "GET /seiten/impr.htm HTTP/1.1" 200 9648 "http://www.google.de/url?sa=t&rct=j&q=&esrc=s&frm=1&source=web&cd=3&cad=rja&ved=0CEkQFjAC&url=http%3A%2F%2Fwww.dialyse-borna.de%2Fseiten%2Fimpr.htm&ei=R1HvUrPYJfH5yAOt14CYCw&usg=AFQjCNHLZZEhkKT2QkjwwRmqgb-uGk-kyg&bvm=bv.60444564,d.bGQ" "Mozilla/4.0 (compatible; MSIE 8.0; Windows NT 5.1; Trident/4.0; .NET CLR 2.0.50727; .NET CLR 3.0.4506.2152; .NET CLR 3.5.30729; .NET CLR 1.1.4322; .NET4.0C; .NET4.0E)"
193.41.37.3 - - [03/Feb/2014:09:22:29 +0100] "GET /img/bg2.gif HTTP/1.1" 200 49 "http://www.dialyse-borna.de/seiten/impr.htm" "Mozilla/4.0 (compatible; MSIE 8.0; Windows NT 5.1; Trident/4.0; .NET CLR 2.0.50727; .NET CLR 3.0.4506.2152; .NET CLR 3.5.30729; .NET CLR 1.1.4322; .NET4.0C; .NET4.0E)"
193.41.37.3 - - [03/Feb/2014:09:22:29 +0100] "GET /css/borna.css HTTP/1.1" 200 2909 "http://www.dialyse-borna.de/seiten/impr.htm" "Mozilla/4.0 (compatible; MSIE 8.0; Windows NT 5.1; Trident/4.0; .NET CLR 2.0.50727; .NET CLR 3.0.4506.2152; .NET CLR 3.5.30729; .NET CLR 1.1.4322; .NET4.0C; .NET4.0E)"
193.41.37.3 - - [03/Feb/2014:09:22:29 +0100] "GET /img/lay01.gif HTTP/1.1" 200 384 "http://www.dialyse-borna.de/seiten/impr.htm" "Mozilla/4.0 (compatible; MSIE 8.0; Windows NT 5.1; Trident/4.0; .NET CLR 2.0.50727; .NET CLR 3.0.4506.2152; .NET CLR 3.5.30729; .NET CLR 1.1.4322; .NET4.0C; .NET4.0E)"
193.41.37.3 - - [03/Feb/2014:09:22:29 +0100] "GET /img/men01.gif HTTP/1.1" 200 432 "http://www.dialyse-borna.de/seiten/impr.htm" "Mozilla/4.0 (compatible; MSIE 8.0; Windows NT 5.1; Trident/4.0; .NET CLR 2.0.50727; .NET CLR 3.0.4506.2152; .NET CLR 3.5.30729; .NET CLR 1.1.4322; .NET4.0C; .NET4.0E)"
193.41.37.3 - - [03/Feb/2014:09:22:29 +0100] "GET /img/men03.gif HTTP/1.1" 200 1621 "http://www.dialyse-borna.de/seiten/impr.htm" "Mozilla/4.0 (compatible; MSIE 8.0; Windows NT 5.1; Trident/4.0; .NET CLR 2.0.50727; .NET CLR 3.0.4506.2152; .NET CLR 3.5.30729; .NET CLR 1.1.4322; .NET4.0C; .NET4.0E)"
193.41.37.3 - - [03/Feb/2014:09:22:29 +0100] "GET /img/men04.gif HTTP/1.1" 200 1395 "http://www.dialyse-borna.de/seiten/impr.htm" "Mozilla/4.0 (compatible; MSIE 8.0; Windows NT 5.1; Trident/4.0; .NET CLR 2.0.50727; .NET CLR 3.0.4506.2152; .NET CLR 3.5.30729; .NET CLR 1.1.4322; .NET4.0C; .NET4.0E)"
193.41.37.3 - - [03/Feb/2014:09:22:29 +0100] "GET /img/lay02.gif HTTP/1.1" 200 3503 "http://www.dialyse-borna.de/seiten/impr.htm" "Mozilla/4.0 (compatible; MSIE 8.0; Windows NT 5.1; Trident/4.0; .NET CLR 2.0.50727; .NET CLR 3.0.4506.2152; .NET CLR 3.5.30729; .NET CLR 1.1.4322; .NET4.0C; .NET4.0E)"
193.41.37.3 - - [03/Feb/2014:09:22:29 +0100] "GET /img/men02.gif HTTP/1.1" 200 1273 "http://www.dialyse-borna.de/seiten/impr.htm" "Mozilla/4.0 (compatible; MSIE 8.0; Windows NT 5.1; Trident/4.0; .NET CLR 2.0.50727; .NET CLR 3.0.4506.2152; .NET CLR 3.5.30729; .NET CLR 1.1.4322; .NET4.0C; .NET4.0E)"
193.41.37.3 - - [03/Feb/2014:09:22:29 +0100] "GET /img/1pixel.gif HTTP/1.1" 200 45 "http://www.dialyse-borna.de/seiten/impr.htm" "Mozilla/4.0 (compatible; MSIE 8.0; Windows NT 5.1; Trident/4.0; .NET CLR 2.0.50727; .NET CLR 3.0.4506.2152; .NET CLR 3.5.30729; .NET CLR 1.1.4322; .NET4.0C; .NET4.0E)"
193.41.37.3 - - [03/Feb/2014:09:22:29 +0100] "GET /img/men07.gif HTTP/1.1" 200 1396 "http://www.dialyse-borna.de/seiten/impr.htm" "Mozilla/4.0 (compatible; MSIE 8.0; Windows NT 5.1; Trident/4.0; .NET CLR 2.0.50727; .NET CLR 3.0.4506.2152; .NET CLR 3.5.30729; .NET CLR 1.1.4322; .NET4.0C; .NET4.0E)"
193.41.37.3 - - [03/Feb/2014:09:22:30 +0100] "GET /img/men08a.gif HTTP/1.1" 200 819 "http://www.dialyse-borna.de/seiten/impr.htm" "Mozilla/4.0 (compatible; MSIE 8.0; Windows NT 5.1; Trident/4.0; .NET CLR 2.0.50727; .NET CLR 3.0.4506.2152; .NET CLR 3.5.30729; .NET CLR 1.1.4322; .NET4.0C; .NET4.0E)"
193.41.37.3 - - [03/Feb/2014:09:22:30 +0100] "GET /img/lay03.gif HTTP/1.1" 200 671 "http://www.dialyse-borna.de/seiten/impr.htm" "Mozilla/4.0 (compatible; MSIE 8.0; Windows NT 5.1; Trident/4.0; .NET CLR 2.0.50727; .NET CLR 3.0.4506.2152; .NET CLR 3.5.30729; .NET CLR 1.1.4322; .NET4.0C; .NET4.0E)"
193.41.37.3 - - [03/Feb/2014:09:22:31 +0100] "GET /img/men09.gif HTTP/1.1" 200 708 "http://www.dialyse-borna.de/seiten/impr.htm" "Mozilla/4.0 (compatible; MSIE 8.0; Windows NT 5.1; Trident/4.0; .NET CLR 2.0.50727; .NET CLR 3.0.4506.2152; .NET CLR 3.5.30729; .NET CLR 1.1.4322; .NET4.0C; .NET4.0E)"
193.41.37.3 - - [03/Feb/2014:09:22:31 +0100] "GET /img/lay08.gif HTTP/1.1" 200 322 "http://www.dialyse-borna.de/seiten/impr.htm" "Mozilla/4.0 (compatible; MSIE 8.0; Windows NT 5.1; Trident/4.0; .NET CLR 2.0.50727; .NET CLR 3.0.4506.2152; .NET CLR 3.5.30729; .NET CLR 1.1.4322; .NET4.0C; .NET4.0E)"
193.41.37.3 - - [03/Feb/2014:09:22:31 +0100] "GET /img/bg3.gif HTTP/1.1" 200 143 "http://www.dialyse-borna.de/seiten/impr.htm" "Mozilla/4.0 (compatible; MSIE 8.0; Windows NT 5.1; Trident/4.0; .NET CLR 2.0.50727; .NET CLR 3.0.4506.2152; .NET CLR 3.5.30729; .NET CLR 1.1.4322; .NET4.0C; .NET4.0E)"
193.41.37.3 - - [03/Feb/2014:09:22:31 +0100] "GET /img/bg1.gif HTTP/1.1" 200 54 "http://www.dialyse-borna.de/seiten/impr.htm" "Mozilla/4.0 (compatible; MSIE 8.0; Windows NT 5.1; Trident/4.0; .NET CLR 2.0.50727; .NET CLR 3.0.4506.2152; .NET CLR 3.5.30729; .NET CLR 1.1.4322; .NET4.0C; .NET4.0E)"
193.41.37.3 - - [03/Feb/2014:09:22:32 +0100] "GET /img/bg4.gif HTTP/1.1" 200 135 "http://www.dialyse-borna.de/seiten/impr.htm" "Mozilla/4.0 (compatible; MSIE 8.0; Windows NT 5.1; Trident/4.0; .NET CLR 2.0.50727; .NET CLR 3.0.4506.2152; .NET CLR 3.5.30729; .NET CLR 1.1.4322; .NET4.0C; .NET4.0E)"
193.41.37.3 - - [03/Feb/2014:09:22:32 +0100] "GET /img/lay04.gif HTTP/1.1" 200 210 "http://www.dialyse-borna.de/seiten/impr.htm" "Mozilla/4.0 (compatible; MSIE 8.0; Windows NT 5.1; Trident/4.0; .NET CLR 2.0.50727; .NET CLR 3.0.4506.2152; .NET CLR 3.5.30729; .NET CLR 1.1.4322; .NET4.0C; .NET4.0E)"
193.41.37.3 - - [03/Feb/2014:09:22:32 +0100] "GET /img/lay07.gif HTTP/1.1" 200 272 "http://www.dialyse-borna.de/seiten/impr.htm" "Mozilla/4.0 (compatible; MSIE 8.0; Windows NT 5.1; Trident/4.0; .NET CLR 2.0.50727; .NET CLR 3.0.4506.2152; .NET CLR 3.5.30729; .NET CLR 1.1.4322; .NET4.0C; .NET4.0E)"
193.41.37.3 - - [03/Feb/2014:09:22:32 +0100] "GET /img/lay05.gif HTTP/1.1" 200 541 "http://www.dialyse-borna.de/seiten/impr.htm" "Mozilla/4.0 (compatible; MSIE 8.0; Windows NT 5.1; Trident/4.0; .NET CLR 2.0.50727; .NET CLR 3.0.4506.2152; .NET CLR 3.5.30729; .NET CLR 1.1.4322; .NET4.0C; .NET4.0E)"
193.41.37.3 - - [03/Feb/2014:09:22:32 +0100] "GET /img/men06.gif HTTP/1.1" 200 1162 "http://www.dialyse-borna.de/seiten/impr.htm" "Mozilla/4.0 (compatible; MSIE 8.0; Windows NT 5.1; Trident/4.0; .NET CLR 2.0.50727; .NET CLR 3.0.4506.2152; .NET CLR 3.5.30729; .NET CLR 1.1.4322; .NET4.0C; .NET4.0E)"
193.41.37.3 - - [03/Feb/2014:09:22:32 +0100] "GET /img/men03a.gif HTTP/1.1" 200 820 "http://www.dialyse-borna.de/seiten/impr.htm" "Mozilla/4.0 (compatible; MSIE 8.0; Windows NT 5.1; Trident/4.0; .NET CLR 2.0.50727; .NET CLR 3.0.4506.2152; .NET CLR 3.5.30729; .NET CLR 1.1.4322; .NET4.0C; .NET4.0E)"
193.41.37.3 - - [03/Feb/2014:09:22:32 +0100] "GET /img/men02a.gif HTTP/1.1" 200 589 "http://www.dialyse-borna.de/seiten/impr.htm" "Mozilla/4.0 (compatible; MSIE 8.0; Windows NT 5.1; Trident/4.0; .NET CLR 2.0.50727; .NET CLR 3.0.4506.2152; .NET CLR 3.5.30729; .NET CLR 1.1.4322; .NET4.0C; .NET4.0E)"
193.41.37.3 - - [03/Feb/2014:09:22:32 +0100] "GET /img/men04a.gif HTTP/1.1" 200 669 "http://www.dialyse-borna.de/seiten/impr.htm" "Mozilla/4.0 (compatible; MSIE 8.0; Windows NT 5.1; Trident/4.0; .NET CLR 2.0.50727; .NET CLR 3.0.4506.2152; .NET CLR 3.5.30729; .NET CLR 1.1.4322; .NET4.0C; .NET4.0E)"
193.41.37.3 - - [03/Feb/2014:09:22:32 +0100] "GET /img/men05a.gif HTTP/1.1" 200 556 "http://www.dialyse-borna.de/seiten/impr.htm" "Mozilla/4.0 (compatible; MSIE 8.0; Windows NT 5.1; Trident/4.0; .NET CLR 2.0.50727; .NET CLR 3.0.4506.2152; .NET CLR 3.5.30729; .NET CLR 1.1.4322; .NET4.0C; .NET4.0E)"
193.41.37.3 - - [03/Feb/2014:09:22:32 +0100] "GET /img/men06a.gif HTTP/1.1" 200 518 "http://www.dialyse-borna.de/seiten/impr.htm" "Mozilla/4.0 (compatible; MSIE 8.0; Windows NT 5.1; Trident/4.0; .NET CLR 2.0.50727; .NET CLR 3.0.4506.2152; .NET CLR 3.5.30729; .NET CLR 1.1.4322; .NET4.0C; .NET4.0E)"
193.41.37.3 - - [03/Feb/2014:09:22:32 +0100] "GET /img/men07a.gif HTTP/1.1" 200 666 "http://www.dialyse-borna.de/seiten/impr.htm" "Mozilla/4.0 (compatible; MSIE 8.0; Windows NT 5.1; Trident/4.0; .NET CLR 2.0.50727; .NET CLR 3.0.4506.2152; .NET CLR 3.5.30729; .NET CLR 1.1.4322; .NET4.0C; .NET4.0E)"
66.249.78.101 - - [03/Feb/2014:10:02:44 +0100] "GET / HTTP/1.1" 200 2663 "-" "Mozilla/5.0 (iPhone; CPU iPhone OS 6_0 like Mac OS X) AppleWebKit/536.26 (KHTML, like Gecko) Version/6.0 Mobile/10A5376e Safari/8536.25 (compatible; Googlebot-Mobile/2.1; +http://www.google.com/bot.html)"
66.249.78.101 - - [03/Feb/2014:10:06:35 +0100] "GET /seiten/start.htm HTTP/1.1" 200 7516 "-" "Mozilla/5.0 (iPhone; CPU iPhone OS 6_0 like Mac OS X) AppleWebKit/536.26 (KHTML, like Gecko) Version/6.0 Mobile/10A5376e Safari/8536.25 (compatible; Googlebot-Mobile/2.1; +http://www.google.com/bot.html)"
134.249.49.231 - - [03/Feb/2014:10:17:14 +0100] "GET /seiten/news.php HTTP/1.1" 200 7079 "http://uborka-doma.net/" "Mozilla/4.0 (compatible; MSIE 6.0; Windows 98; Win 9x 4.90; Creative)"
134.249.49.231 - - [03/Feb/2014:10:17:14 +0100] "GET /seiten/news.php HTTP/1.1" 200 7079 "http://uborka-doma.net/" "Mozilla/4.0 (compatible; MSIE 6.0; Windows 98; Win 9x 4.90; Creative)"
134.249.49.231 - - [03/Feb/2014:10:17:15 +0100] "GET /seiten/news.php HTTP/1.1" 200 7079 "http://uborka-doma.net/" "Mozilla/4.0 (compatible; MSIE 6.0; Windows 98; Win 9x 4.90; Creative)"
178.137.94.155 - - [03/Feb/2014:10:22:42 +0100] "GET /seiten/news.php HTTP/1.1" 200 7079 "http://prodoctorel.net/" "Mozilla/4.0 (compatible; MSIE 6.0; Windows 98; Win 9x 4.90; Creative)"
178.137.94.155 - - [03/Feb/2014:10:22:43 +0100] "GET /seiten/news.php HTTP/1.1" 200 7079 "http://prodoctorel.net/" "Mozilla/4.0 (compatible; MSIE 6.0; Windows 98; Win 9x 4.90; Creative)"
178.137.94.155 - - [03/Feb/2014:10:22:44 +0100] "GET /seiten/news.php HTTP/1.1" 200 7079 "http://prodoctorel.net/" "Mozilla/4.0 (compatible; MSIE 6.0; Windows 98; Win 9x 4.90; Creative)"
217.84.223.211 - - [03/Feb/2014:10:49:42 +0100] "GET /seiten/impr.htm HTTP/1.1" 200 9648 "http://www.google.de/url?sa=t&rct=j&q=&esrc=s&source=web&cd=1&ved=0CEAQFjAA&url=http%3A%2F%2Fwww.dialyse-borna.de%2Fseiten%2Fimpr.htm&ei=uGXvUrv7KcqXtQb-poDQAQ&usg=AFQjCNHLZZEhkKT2QkjwwRmqgb-uGk-kyg&bvm=bv.60444564,d.Yms" "Mozilla/5.0 (Windows NT 6.1; WOW64; rv:26.0) Gecko/20100101 Firefox/26.0"
217.84.223.211 - - [03/Feb/2014:10:49:43 +0100] "GET /css/borna.css HTTP/1.1" 200 2909 "http://www.dialyse-borna.de/seiten/impr.htm" "Mozilla/5.0 (Windows NT 6.1; WOW64; rv:26.0) Gecko/20100101 Firefox/26.0"
217.84.223.211 - - [03/Feb/2014:10:49:43 +0100] "GET /img/men01.gif HTTP/1.1" 200 432 "http://www.dialyse-borna.de/seiten/impr.htm" "Mozilla/5.0 (Windows NT 6.1; WOW64; rv:26.0) Gecko/20100101 Firefox/26.0"
217.84.223.211 - - [03/Feb/2014:10:49:43 +0100] "GET /img/1pixel.gif HTTP/1.1" 200 45 "http://www.dialyse-borna.de/seiten/impr.htm" "Mozilla/5.0 (Windows NT 6.1; WOW64; rv:26.0) Gecko/20100101 Firefox/26.0"
217.84.223.211 - - [03/Feb/2014:10:49:43 +0100] "GET /img/men07.gif HTTP/1.1" 200 1396 "http://www.dialyse-borna.de/seiten/impr.htm" "Mozilla/5.0 (Windows NT 6.1; WOW64; rv:26.0) Gecko/20100101 Firefox/26.0"
217.84.223.211 - - [03/Feb/2014:10:49:43 +0100] "GET /img/men02.gif HTTP/1.1" 200 1273 "http://www.dialyse-borna.de/seiten/impr.htm" "Mozilla/5.0 (Windows NT 6.1; WOW64; rv:26.0) Gecko/20100101 Firefox/26.0"
217.84.223.211 - - [03/Feb/2014:10:49:43 +0100] "GET /img/men03.gif HTTP/1.1" 200 1621 "http://www.dialyse-borna.de/seiten/impr.htm" "Mozilla/5.0 (Windows NT 6.1; WOW64; rv:26.0) Gecko/20100101 Firefox/26.0"
217.84.223.211 - - [03/Feb/2014:10:49:43 +0100] "GET /img/men04.gif HTTP/1.1" 200 1395 "http://www.dialyse-borna.de/seiten/impr.htm" "Mozilla/5.0 (Windows NT 6.1; WOW64; rv:26.0) Gecko/20100101 Firefox/26.0"
217.84.223.211 - - [03/Feb/2014:10:49:43 +0100] "GET /img/men06.gif HTTP/1.1" 200 1162 "http://www.dialyse-borna.de/seiten/impr.htm" "Mozilla/5.0 (Windows NT 6.1; WOW64; rv:26.0) Gecko/20100101 Firefox/26.0"
217.84.223.211 - - [03/Feb/2014:10:49:43 +0100] "GET /img/men08a.gif HTTP/1.1" 200 819 "http://www.dialyse-borna.de/seiten/impr.htm" "Mozilla/5.0 (Windows NT 6.1; WOW64; rv:26.0) Gecko/20100101 Firefox/26.0"
217.84.223.211 - - [03/Feb/2014:10:49:43 +0100] "GET /img/men09.gif HTTP/1.1" 200 708 "http://www.dialyse-borna.de/seiten/impr.htm" "Mozilla/5.0 (Windows NT 6.1; WOW64; rv:26.0) Gecko/20100101 Firefox/26.0"
217.84.223.211 - - [03/Feb/2014:10:49:43 +0100] "GET /img/lay03.gif HTTP/1.1" 200 671 "http://www.dialyse-borna.de/seiten/impr.htm" "Mozilla/5.0 (Windows NT 6.1; WOW64; rv:26.0) Gecko/20100101 Firefox/26.0"
217.84.223.211 - - [03/Feb/2014:10:49:43 +0100] "GET /img/lay04.gif HTTP/1.1" 200 210 "http://www.dialyse-borna.de/seiten/impr.htm" "Mozilla/5.0 (Windows NT 6.1; WOW64; rv:26.0) Gecko/20100101 Firefox/26.0"
217.84.223.211 - - [03/Feb/2014:10:49:43 +0100] "GET /img/lay07.gif HTTP/1.1" 200 272 "http://www.dialyse-borna.de/seiten/impr.htm" "Mozilla/5.0 (Windows NT 6.1; WOW64; rv:26.0) Gecko/20100101 Firefox/26.0"
217.84.223.211 - - [03/Feb/2014:10:49:43 +0100] "GET /img/bg2.gif HTTP/1.1" 200 49 "http://www.dialyse-borna.de/seiten/impr.htm" "Mozilla/5.0 (Windows NT 6.1; WOW64; rv:26.0) Gecko/20100101 Firefox/26.0"
217.84.223.211 - - [03/Feb/2014:10:49:43 +0100] "GET /img/lay01.gif HTTP/1.1" 200 384 "http://www.dialyse-borna.de/seiten/impr.htm" "Mozilla/5.0 (Windows NT 6.1; WOW64; rv:26.0) Gecko/20100101 Firefox/26.0"
217.84.223.211 - - [03/Feb/2014:10:49:43 +0100] "GET /img/lay02.gif HTTP/1.1" 200 3503 "http://www.dialyse-borna.de/seiten/impr.htm" "Mozilla/5.0 (Windows NT 6.1; WOW64; rv:26.0) Gecko/20100101 Firefox/26.0"
217.84.223.211 - - [03/Feb/2014:10:49:43 +0100] "GET /img/lay08.gif HTTP/1.1" 200 322 "http://www.dialyse-borna.de/seiten/impr.htm" "Mozilla/5.0 (Windows NT 6.1; WOW64; rv:26.0) Gecko/20100101 Firefox/26.0"
217.84.223.211 - - [03/Feb/2014:10:49:43 +0100] "GET /img/bg3.gif HTTP/1.1" 200 143 "http://www.dialyse-borna.de/seiten/impr.htm" "Mozilla/5.0 (Windows NT 6.1; WOW64; rv:26.0) Gecko/20100101 Firefox/26.0"
217.84.223.211 - - [03/Feb/2014:10:49:43 +0100] "GET /img/bg1.gif HTTP/1.1" 200 54 "http://www.dialyse-borna.de/seiten/impr.htm" "Mozilla/5.0 (Windows NT 6.1; WOW64; rv:26.0) Gecko/20100101 Firefox/26.0"
217.84.223.211 - - [03/Feb/2014:10:49:43 +0100] "GET /img/bg4.gif HTTP/1.1" 200 135 "http://www.dialyse-borna.de/seiten/impr.htm" "Mozilla/5.0 (Windows NT 6.1; WOW64; rv:26.0) Gecko/20100101 Firefox/26.0"
217.84.223.211 - - [03/Feb/2014:10:49:43 +0100] "GET /img/lay05.gif HTTP/1.1" 200 541 "http://www.dialyse-borna.de/seiten/impr.htm" "Mozilla/5.0 (Windows NT 6.1; WOW64; rv:26.0) Gecko/20100101 Firefox/26.0"
217.84.223.211 - - [03/Feb/2014:10:49:43 +0100] "GET /img/men02a.gif HTTP/1.1" 200 589 "http://www.dialyse-borna.de/seiten/impr.htm" "Mozilla/5.0 (Windows NT 6.1; WOW64; rv:26.0) Gecko/20100101 Firefox/26.0"
217.84.223.211 - - [03/Feb/2014:10:49:43 +0100] "GET /img/men03a.gif HTTP/1.1" 200 820 "http://www.dialyse-borna.de/seiten/impr.htm" "Mozilla/5.0 (Windows NT 6.1; WOW64; rv:26.0) Gecko/20100101 Firefox/26.0"
217.84.223.211 - - [03/Feb/2014:10:49:43 +0100] "GET /img/men06a.gif HTTP/1.1" 200 518 "http://www.dialyse-borna.de/seiten/impr.htm" "Mozilla/5.0 (Windows NT 6.1; WOW64; rv:26.0) Gecko/20100101 Firefox/26.0"
217.84.223.211 - - [03/Feb/2014:10:49:43 +0100] "GET /img/men04a.gif HTTP/1.1" 200 669 "http://www.dialyse-borna.de/seiten/impr.htm" "Mozilla/5.0 (Windows NT 6.1; WOW64; rv:26.0) Gecko/20100101 Firefox/26.0"
217.84.223.211 - - [03/Feb/2014:10:49:43 +0100] "GET /img/men07a.gif HTTP/1.1" 200 666 "http://www.dialyse-borna.de/seiten/impr.htm" "Mozilla/5.0 (Windows NT 6.1; WOW64; rv:26.0) Gecko/20100101 Firefox/26.0"
217.84.223.211 - - [03/Feb/2014:10:49:43 +0100] "GET /img/men05a.gif HTTP/1.1" 200 556 "http://www.dialyse-borna.de/seiten/impr.htm" "Mozilla/5.0 (Windows NT 6.1; WOW64; rv:26.0) Gecko/20100101 Firefox/26.0"
217.84.223.211 - - [03/Feb/2014:10:49:43 +0100] "GET /favicon.ico HTTP/1.1" 404 1256 "-" "Mozilla/5.0 (Windows NT 6.1; WOW64; rv:26.0) Gecko/20100101 Firefox/26.0"
217.84.223.211 - - [03/Feb/2014:10:49:43 +0100] "GET /favicon.ico HTTP/1.1" 404 1256 "-" "Mozilla/5.0 (Windows NT 6.1; WOW64; rv:26.0) Gecko/20100101 Firefox/26.0"
217.84.223.211 - - [03/Feb/2014:11:00:00 +0100] "GET /favicon.ico HTTP/1.1" 404 1256 "-" "Mozilla/5.0 (Windows NT 6.1; WOW64; rv:26.0) Gecko/20100101 Firefox/26.0"
217.84.223.211 - - [03/Feb/2014:11:00:00 +0100] "GET /favicon.ico HTTP/1.1" 404 1256 "-" "Mozilla/5.0 (Windows NT 6.1; WOW64; rv:26.0) Gecko/20100101 Firefox/26.0"
66.249.78.101 - - [03/Feb/2014:11:31:02 +0100] "GET /seiten/impr.htm HTTP/1.1" 304 - "-" "Mozilla/5.0 (iPhone; CPU iPhone OS 6_0 like Mac OS X) AppleWebKit/536.26 (KHTML, like Gecko) Version/6.0 Mobile/10A5376e Safari/8536.25 (compatible; Googlebot-Mobile/2.1; +http://www.google.com/bot.html)"
176.241.139.158 - - [03/Feb/2014:11:53:55 +0100] "GET /seiten/links.htm HTTP/1.0" 200 7302 "http://www.dialyse-borna.de/seiten/links.htm" "Mozilla/5.0 (Windows NT 6.1) AppleWebKit/536.5 (KHTML, like Gecko) YaBrowser/1.1.1084.5409 Chrome/19.1.1084.5409 Safari/536.5"
176.57.142.28 - - [03/Feb/2014:12:26:47 +0100] "GET /seiten/kont.htm HTTP/1.1" 200 8048 "-" "Mozilla/5.0 (X11; Linux i686; rv:6.0) Gecko/20100101 Firefox/6.0"
193.111.141.54 - - [03/Feb/2014:12:26:47 +0100] "GET /seiten/impr.htm HTTP/1.1" 200 9648 "-" "Mozilla/5.0 (X11; Linux i686; rv:6.0) Gecko/20100101 Firefox/6.0"
178.0.232.144 - - [03/Feb/2014:13:14:04 +0100] "GET /seiten/impr.htm HTTP/1.1" 200 9648 "https://www.google.de/" "Mozilla/5.0 (Linux; U; Android 4.1.1; de-de; A700 Build/JRO03H) AppleWebKit/534.30 (KHTML, like Gecko) Version/4.0 Safari/534.30"
178.0.232.144 - - [03/Feb/2014:13:14:04 +0100] "GET /css/borna.css HTTP/1.1" 200 2909 "http://www.dialyse-borna.de/seiten/impr.htm" "Mozilla/5.0 (Linux; U; Android 4.1.1; de-de; A700 Build/JRO03H) AppleWebKit/534.30 (KHTML, like Gecko) Version/4.0 Safari/534.30"
178.0.232.144 - - [03/Feb/2014:13:14:04 +0100] "GET /img/men01.gif HTTP/1.1" 200 432 "http://www.dialyse-borna.de/seiten/impr.htm" "Mozilla/5.0 (Linux; U; Android 4.1.1; de-de; A700 Build/JRO03H) AppleWebKit/534.30 (KHTML, like Gecko) Version/4.0 Safari/534.30"
178.0.232.144 - - [03/Feb/2014:13:14:04 +0100] "GET /img/1pixel.gif HTTP/1.1" 200 45 "http://www.dialyse-borna.de/seiten/impr.htm" "Mozilla/5.0 (Linux; U; Android 4.1.1; de-de; A700 Build/JRO03H) AppleWebKit/534.30 (KHTML, like Gecko) Version/4.0 Safari/534.30"
178.0.232.144 - - [03/Feb/2014:13:14:04 +0100] "GET /img/men02.gif HTTP/1.1" 200 1273 "http://www.dialyse-borna.de/seiten/impr.htm" "Mozilla/5.0 (Linux; U; Android 4.1.1; de-de; A700 Build/JRO03H) AppleWebKit/534.30 (KHTML, like Gecko) Version/4.0 Safari/534.30"
178.0.232.144 - - [03/Feb/2014:13:14:04 +0100] "GET /img/men03.gif HTTP/1.1" 200 1621 "http://www.dialyse-borna.de/seiten/impr.htm" "Mozilla/5.0 (Linux; U; Android 4.1.1; de-de; A700 Build/JRO03H) AppleWebKit/534.30 (KHTML, like Gecko) Version/4.0 Safari/534.30"
178.0.232.144 - - [03/Feb/2014:13:14:04 +0100] "GET /img/men04.gif HTTP/1.1" 200 1395 "http://www.dialyse-borna.de/seiten/impr.htm" "Mozilla/5.0 (Linux; U; Android 4.1.1; de-de; A700 Build/JRO03H) AppleWebKit/534.30 (KHTML, like Gecko) Version/4.0 Safari/534.30"
178.0.232.144 - - [03/Feb/2014:13:14:04 +0100] "GET /img/men06.gif HTTP/1.1" 200 1162 "http://www.dialyse-borna.de/seiten/impr.htm" "Mozilla/5.0 (Linux; U; Android 4.1.1; de-de; A700 Build/JRO03H) AppleWebKit/534.30 (KHTML, like Gecko) Version/4.0 Safari/534.30"
178.0.232.144 - - [03/Feb/2014:13:14:04 +0100] "GET /img/men07.gif HTTP/1.1" 200 1396 "http://www.dialyse-borna.de/seiten/impr.htm" "Mozilla/5.0 (Linux; U; Android 4.1.1; de-de; A700 Build/JRO03H) AppleWebKit/534.30 (KHTML, like Gecko) Version/4.0 Safari/534.30"
178.0.232.144 - - [03/Feb/2014:13:14:04 +0100] "GET /img/men08a.gif HTTP/1.1" 200 819 "http://www.dialyse-borna.de/seiten/impr.htm" "Mozilla/5.0 (Linux; U; Android 4.1.1; de-de; A700 Build/JRO03H) AppleWebKit/534.30 (KHTML, like Gecko) Version/4.0 Safari/534.30"
178.0.232.144 - - [03/Feb/2014:13:14:04 +0100] "GET /img/men09.gif HTTP/1.1" 200 708 "http://www.dialyse-borna.de/seiten/impr.htm" "Mozilla/5.0 (Linux; U; Android 4.1.1; de-de; A700 Build/JRO03H) AppleWebKit/534.30 (KHTML, like Gecko) Version/4.0 Safari/534.30"
178.0.232.144 - - [03/Feb/2014:13:14:04 +0100] "GET /img/lay03.gif HTTP/1.1" 200 671 "http://www.dialyse-borna.de/seiten/impr.htm" "Mozilla/5.0 (Linux; U; Android 4.1.1; de-de; A700 Build/JRO03H) AppleWebKit/534.30 (KHTML, like Gecko) Version/4.0 Safari/534.30"
178.0.232.144 - - [03/Feb/2014:13:14:04 +0100] "GET /img/lay04.gif HTTP/1.1" 200 210 "http://www.dialyse-borna.de/seiten/impr.htm" "Mozilla/5.0 (Linux; U; Android 4.1.1; de-de; A700 Build/JRO03H) AppleWebKit/534.30 (KHTML, like Gecko) Version/4.0 Safari/534.30"
178.0.232.144 - - [03/Feb/2014:13:14:04 +0100] "GET /img/lay07.gif HTTP/1.1" 200 272 "http://www.dialyse-borna.de/seiten/impr.htm" "Mozilla/5.0 (Linux; U; Android 4.1.1; de-de; A700 Build/JRO03H) AppleWebKit/534.30 (KHTML, like Gecko) Version/4.0 Safari/534.30"
178.0.232.144 - - [03/Feb/2014:13:14:04 +0100] "GET /img/bg2.gif HTTP/1.1" 200 49 "http://www.dialyse-borna.de/seiten/impr.htm" "Mozilla/5.0 (Linux; U; Android 4.1.1; de-de; A700 Build/JRO03H) AppleWebKit/534.30 (KHTML, like Gecko) Version/4.0 Safari/534.30"
178.0.232.144 - - [03/Feb/2014:13:14:04 +0100] "GET /img/lay01.gif HTTP/1.1" 200 384 "http://www.dialyse-borna.de/seiten/impr.htm" "Mozilla/5.0 (Linux; U; Android 4.1.1; de-de; A700 Build/JRO03H) AppleWebKit/534.30 (KHTML, like Gecko) Version/4.0 Safari/534.30"
178.0.232.144 - - [03/Feb/2014:13:14:04 +0100] "GET /img/lay02.gif HTTP/1.1" 200 3503 "http://www.dialyse-borna.de/seiten/impr.htm" "Mozilla/5.0 (Linux; U; Android 4.1.1; de-de; A700 Build/JRO03H) AppleWebKit/534.30 (KHTML, like Gecko) Version/4.0 Safari/534.30"
178.0.232.144 - - [03/Feb/2014:13:14:04 +0100] "GET /img/lay08.gif HTTP/1.1" 200 322 "http://www.dialyse-borna.de/seiten/impr.htm" "Mozilla/5.0 (Linux; U; Android 4.1.1; de-de; A700 Build/JRO03H) AppleWebKit/534.30 (KHTML, like Gecko) Version/4.0 Safari/534.30"
178.0.232.144 - - [03/Feb/2014:13:14:04 +0100] "GET /img/bg3.gif HTTP/1.1" 200 143 "http://www.dialyse-borna.de/seiten/impr.htm" "Mozilla/5.0 (Linux; U; Android 4.1.1; de-de; A700 Build/JRO03H) AppleWebKit/534.30 (KHTML, like Gecko) Version/4.0 Safari/534.30"
178.0.232.144 - - [03/Feb/2014:13:14:04 +0100] "GET /img/bg1.gif HTTP/1.1" 200 54 "http://www.dialyse-borna.de/seiten/impr.htm" "Mozilla/5.0 (Linux; U; Android 4.1.1; de-de; A700 Build/JRO03H) AppleWebKit/534.30 (KHTML, like Gecko) Version/4.0 Safari/534.30"
178.0.232.144 - - [03/Feb/2014:13:14:04 +0100] "GET /img/bg4.gif HTTP/1.1" 200 135 "http://www.dialyse-borna.de/seiten/impr.htm" "Mozilla/5.0 (Linux; U; Android 4.1.1; de-de; A700 Build/JRO03H) AppleWebKit/534.30 (KHTML, like Gecko) Version/4.0 Safari/534.30"
178.0.232.144 - - [03/Feb/2014:13:14:04 +0100] "GET /img/lay05.gif HTTP/1.1" 200 541 "http://www.dialyse-borna.de/seiten/impr.htm" "Mozilla/5.0 (Linux; U; Android 4.1.1; de-de; A700 Build/JRO03H) AppleWebKit/534.30 (KHTML, like Gecko) Version/4.0 Safari/534.30"
178.0.232.144 - - [03/Feb/2014:13:14:04 +0100] "GET /favicon.ico HTTP/1.1" 404 1256 "http://www.dialyse-borna.de/seiten/impr.htm" "Mozilla/5.0 (Linux; U; Android 4.1.1; de-de; A700 Build/JRO03H) AppleWebKit/534.30 (KHTML, like Gecko) Version/4.0 Safari/534.30"
178.0.232.144 - - [03/Feb/2014:13:14:04 +0100] "GET /img/men02a.gif HTTP/1.1" 200 589 "http://www.dialyse-borna.de/seiten/impr.htm" "Mozilla/5.0 (Linux; U; Android 4.1.1; de-de; A700 Build/JRO03H) AppleWebKit/534.30 (KHTML, like Gecko) Version/4.0 Safari/534.30"
178.0.232.144 - - [03/Feb/2014:13:14:04 +0100] "GET /img/men03a.gif HTTP/1.1" 200 820 "http://www.dialyse-borna.de/seiten/impr.htm" "Mozilla/5.0 (Linux; U; Android 4.1.1; de-de; A700 Build/JRO03H) AppleWebKit/534.30 (KHTML, like Gecko) Version/4.0 Safari/534.30"
178.0.232.144 - - [03/Feb/2014:13:14:04 +0100] "GET /img/men04a.gif HTTP/1.1" 200 669 "http://www.dialyse-borna.de/seiten/impr.htm" "Mozilla/5.0 (Linux; U; Android 4.1.1; de-de; A700 Build/JRO03H) AppleWebKit/534.30 (KHTML, like Gecko) Version/4.0 Safari/534.30"
178.0.232.144 - - [03/Feb/2014:13:14:04 +0100] "GET /img/men05a.gif HTTP/1.1" 200 556 "http://www.dialyse-borna.de/seiten/impr.htm" "Mozilla/5.0 (Linux; U; Android 4.1.1; de-de; A700 Build/JRO03H) AppleWebKit/534.30 (KHTML, like Gecko) Version/4.0 Safari/534.30"
178.0.232.144 - - [03/Feb/2014:13:14:04 +0100] "GET /img/men06a.gif HTTP/1.1" 200 518 "http://www.dialyse-borna.de/seiten/impr.htm" "Mozilla/5.0 (Linux; U; Android 4.1.1; de-de; A700 Build/JRO03H) AppleWebKit/534.30 (KHTML, like Gecko) Version/4.0 Safari/534.30"
178.0.232.144 - - [03/Feb/2014:13:14:04 +0100] "GET /img/men07a.gif HTTP/1.1" 200 666 "http://www.dialyse-borna.de/seiten/impr.htm" "Mozilla/5.0 (Linux; U; Android 4.1.1; de-de; A700 Build/JRO03H) AppleWebKit/534.30 (KHTML, like Gecko) Version/4.0 Safari/534.30"
178.0.232.144 - - [03/Feb/2014:13:14:20 +0100] "GET /seiten/start.htm HTTP/1.1" 200 7516 "http://www.dialyse-borna.de/seiten/impr.htm" "Mozilla/5.0 (Linux; U; Android 4.1.1; de-de; A700 Build/JRO03H) AppleWebKit/534.30 (KHTML, like Gecko) Version/4.0 Safari/534.30"
178.0.232.144 - - [03/Feb/2014:13:14:20 +0100] "GET /img/men08.gif HTTP/1.1" 200 1642 "http://www.dialyse-borna.de/seiten/start.htm" "Mozilla/5.0 (Linux; U; Android 4.1.1; de-de; A700 Build/JRO03H) AppleWebKit/534.30 (KHTML, like Gecko) Version/4.0 Safari/534.30"
178.0.232.144 - - [03/Feb/2014:13:14:20 +0100] "GET /img/pfeil.jpg HTTP/1.1" 200 380 "http://www.dialyse-borna.de/seiten/start.htm" "Mozilla/5.0 (Linux; U; Android 4.1.1; de-de; A700 Build/JRO03H) AppleWebKit/534.30 (KHTML, like Gecko) Version/4.0 Safari/534.30"
178.0.232.144 - - [03/Feb/2014:13:14:20 +0100] "GET /img/main_pic.jpg HTTP/1.1" 200 14864 "http://www.dialyse-borna.de/seiten/start.htm" "Mozilla/5.0 (Linux; U; Android 4.1.1; de-de; A700 Build/JRO03H) AppleWebKit/534.30 (KHTML, like Gecko) Version/4.0 Safari/534.30"
178.0.232.144 - - [03/Feb/2014:13:14:25 +0100] "GET /seiten/leist.htm HTTP/1.1" 200 7640 "http://www.dialyse-borna.de/seiten/start.htm" "Mozilla/5.0 (Linux; U; Android 4.1.1; de-de; A700 Build/JRO03H) AppleWebKit/534.30 (KHTML, like Gecko) Version/4.0 Safari/534.30"
178.0.232.144 - - [03/Feb/2014:13:14:25 +0100] "GET /img/leist.jpg HTTP/1.1" 200 18546 "http://www.dialyse-borna.de/seiten/leist.htm" "Mozilla/5.0 (Linux; U; Android 4.1.1; de-de; A700 Build/JRO03H) AppleWebKit/534.30 (KHTML, like Gecko) Version/4.0 Safari/534.30"
178.0.232.144 - - [03/Feb/2014:13:14:48 +0100] "GET /seiten/dialyse.htm HTTP/1.1" 200 7403 "http://www.dialyse-borna.de/seiten/leist.htm" "Mozilla/5.0 (Linux; U; Android 4.1.1; de-de; A700 Build/JRO03H) AppleWebKit/534.30 (KHTML, like Gecko) Version/4.0 Safari/534.30"
178.0.232.144 - - [03/Feb/2014:13:14:48 +0100] "GET /img/dialyse.jpg HTTP/1.1" 200 18017 "http://www.dialyse-borna.de/seiten/dialyse.htm" "Mozilla/5.0 (Linux; U; Android 4.1.1; de-de; A700 Build/JRO03H) AppleWebKit/534.30 (KHTML, like Gecko) Version/4.0 Safari/534.30"
178.0.232.144 - - [03/Feb/2014:13:15:09 +0100] "GET /seiten/links.htm HTTP/1.1" 200 7302 "http://www.dialyse-borna.de/seiten/dialyse.htm" "Mozilla/5.0 (Linux; U; Android 4.1.1; de-de; A700 Build/JRO03H) AppleWebKit/534.30 (KHTML, like Gecko) Version/4.0 Safari/534.30"
178.0.232.144 - - [03/Feb/2014:13:15:09 +0100] "GET /img/links.jpg HTTP/1.1" 200 15669 "http://www.dialyse-borna.de/seiten/links.htm" "Mozilla/5.0 (Linux; U; Android 4.1.1; de-de; A700 Build/JRO03H) AppleWebKit/534.30 (KHTML, like Gecko) Version/4.0 Safari/534.30"
5.199.136.130 - - [03/Feb/2014:13:17:58 +0100] "GET /robots.txt HTTP/1.1" 200 157 "-" "Mozilla/5.0 (compatible; waybackarchive.org/1.0; +spider@waybackarchive.org)"
5.199.136.130 - - [03/Feb/2014:13:17:58 +0100] "GET /img/men06a.gif HTTP/1.1" 200 518 "-" "Mozilla/5.0 (compatible; waybackarchive.org/1.0; +spider@waybackarchive.org)"
178.0.232.144 - - [03/Feb/2014:15:34:06 +0100] "GET /seiten/leist.htm HTTP/1.1" 200 7640 "http://www.dialyse-borna.de/seiten/start.htm" "Mozilla/5.0 (Linux; U; Android 4.1.1; de-de; A700 Build/JRO03H) AppleWebKit/534.30 (KHTML, like Gecko) Version/4.0 Safari/534.30"
