92.249.127.111 - - [21/Feb/2014:16:22:16 +0100] "GET /seiten/start.htm HTTP/1.1" 200 7516 "http://chimiver.info/" "Mozilla/4.0 (compatible; MSIE 6.0; AOL 9.0; Windows NT 5.1)"
5.10.83.62 - - [21/Feb/2014:19:16:48 +0100] "GET /seiten/impr.htm HTTP/1.1" 200 9648 "-" "Mozilla/5.0 (compatible; AhrefsBot/5.0; +http://ahrefs.com/robot/)"
5.10.83.85 - - [21/Feb/2014:20:29:54 +0100] "GET /seiten/news.php HTTP/1.1" 200 7079 "-" "Mozilla/5.0 (compatible; AhrefsBot/5.0; +http://ahrefs.com/robot/)"
141.8.147.12 - - [21/Feb/2014:20:50:59 +0100] "GET /robots.txt HTTP/1.1" 200 157 "-" "Mozilla/5.0 (compatible; YandexBot/3.0; +http://yandex.com/bots)"
66.249.78.101 - - [21/Feb/2014:21:08:28 +0100] "GET /robots.txt HTTP/1.1" 200 157 "-" "Mozilla/5.0 (compatible; Googlebot/2.1; +http://www.google.com/bot.html)"
66.249.78.101 - - [21/Feb/2014:21:08:28 +0100] "GET /seiten/dialyse.htm HTTP/1.1" 304 - "-" "Mozilla/5.0 (iPhone; CPU iPhone OS 6_0 like Mac OS X) AppleWebKit/536.26 (KHTML, like Gecko) Version/6.0 Mobile/10A5376e Safari/8536.25 (compatible; Googlebot/2.1; +http://www.google.com/bot.html)"
141.8.147.12 - - [21/Feb/2014:23:19:08 +0100] "GET /seiten/news.php HTTP/1.1" 200 7079 "-" "Mozilla/5.0 (compatible; YandexBot/3.0; +http://yandex.com/bots)"
208.115.111.73 - - [22/Feb/2014:02:46:25 +0100] "GET /robots.txt HTTP/1.1" 200 157 "-" "Mozilla/5.0 (compatible; Ezooms/1.0; help@moz.com)"
178.137.5.3 - - [22/Feb/2014:03:43:59 +0100] "GET /seiten/start.htm HTTP/1.1" 200 7516 "http://youdesigner.kz/" "Mozilla/4.0 (compatible; MSIE 6.0; AOL 9.0; Windows NT 5.1)"
178.137.5.3 - - [22/Feb/2014:03:44:00 +0100] "GET /seiten/start.htm HTTP/1.1" 200 7516 "http://youdesigner.kz/" "Mozilla/4.0 (compatible; MSIE 6.0; AOL 9.0; Windows NT 5.1)"
178.137.5.3 - - [22/Feb/2014:03:44:00 +0100] "GET /seiten/start.htm HTTP/1.1" 200 7516 "http://youdesigner.kz/" "Mozilla/4.0 (compatible; MSIE 6.0; AOL 9.0; Windows NT 5.1)"
141.8.147.12 - - [22/Feb/2014:04:10:31 +0100] "GET / HTTP/1.1" 200 2663 "-" "Mozilla/5.0 (compatible; YandexBot/3.0; +http://yandex.com/bots)"
141.8.147.12 - - [22/Feb/2014:04:46:00 +0100] "GET /img/bilder.swf HTTP/1.1" 200 78858 "-" "Mozilla/5.0 (compatible; YandexBot/3.0; +http://yandex.com/bots)"
208.115.111.73 - - [22/Feb/2014:04:46:23 +0100] "GET / HTTP/1.1" 200 2663 "-" "Mozilla/5.0 (compatible; Ezooms/1.0; help@moz.com)"
46.118.125.84 - - [22/Feb/2014:05:57:41 +0100] "GET /seiten/start.htm HTTP/1.1" 200 7516 "http://vduplo.ru/" "Mozilla/4.0 (compatible; MSIE 5.5; Windows 95)"
46.118.125.84 - - [22/Feb/2014:05:57:41 +0100] "GET /seiten/start.htm HTTP/1.1" 200 7516 "http://vduplo.ru/" "Mozilla/4.0 (compatible; MSIE 5.5; Windows 95)"
46.118.125.84 - - [22/Feb/2014:05:57:42 +0100] "GET /seiten/start.htm HTTP/1.1" 200 7516 "http://vduplo.ru/" "Mozilla/4.0 (compatible; MSIE 5.5; Windows 95)"
94.153.65.49 - - [22/Feb/2014:07:58:42 +0100] "GET /seiten/start.htm HTTP/1.1" 200 7516 "http://www.sportbetfair.com/" "Mozilla/4.0 (compatible; MSIE 5.5; Windows NT 5.0; .NET CLR 1.1.4322)"
141.8.147.12 - - [22/Feb/2014:08:46:51 +0100] "GET /robots.txt HTTP/1.1" 200 157 "-" "Mozilla/5.0 (compatible; YandexBot/3.0; +http://yandex.com/bots)"
134.249.52.9 - - [22/Feb/2014:08:48:23 +0100] "GET /seiten/start.htm HTTP/1.1" 200 7516 "http://www.sax-sex.com/" "Mozilla/4.0 (compatible; MSIE 6.0; Windows NT 5.1; Maxthon; .NET CLR 1.1.4322)"
134.249.52.9 - - [22/Feb/2014:08:48:23 +0100] "GET /seiten/start.htm HTTP/1.1" 200 7516 "http://www.sax-sex.com/" "Mozilla/4.0 (compatible; MSIE 6.0; Windows NT 5.1; Maxthon; .NET CLR 1.1.4322)"
134.249.52.9 - - [22/Feb/2014:08:48:24 +0100] "GET /seiten/start.htm HTTP/1.1" 200 7516 "http://www.sax-sex.com/" "Mozilla/4.0 (compatible; MSIE 6.0; Windows NT 5.1; Maxthon; .NET CLR 1.1.4322)"
65.55.215.45 - - [22/Feb/2014:09:17:21 +0100] "GET /robots.txt HTTP/1.1" 200 157 "-" "msnbot-media/1.1 (+http://search.msn.com/msnbot.htm)"
65.55.215.46 - - [22/Feb/2014:09:17:21 +0100] "GET /img/schild.jpg HTTP/1.1" 200 12757 "-" "msnbot-media/1.1 (+http://search.msn.com/msnbot.htm)"
141.8.147.12 - - [22/Feb/2014:10:54:00 +0100] "GET /seiten/start.htm HTTP/1.1" 200 7516 "-" "Mozilla/5.0 (compatible; YandexBot/3.0; +http://yandex.com/bots)"
193.150.120.33 - - [22/Feb/2014:16:38:43 +0100] "GET /seiten/start.htm HTTP/1.1" 200 7516 "http://fermersovet.ru/" "Mozilla/4.0 (compatible; MSIE 6.0; Windows 98; Win 9x 4.90; Creative)"
193.150.120.33 - - [22/Feb/2014:16:38:44 +0100] "GET /seiten/start.htm HTTP/1.1" 200 7516 "http://fermersovet.ru/" "Mozilla/4.0 (compatible; MSIE 6.0; Windows 98; Win 9x 4.90; Creative)"
193.150.120.33 - - [22/Feb/2014:16:38:44 +0100] "GET /seiten/start.htm HTTP/1.1" 200 7516 "http://fermersovet.ru/" "Mozilla/4.0 (compatible; MSIE 6.0; Windows 98; Win 9x 4.90; Creative)"
193.150.120.33 - - [22/Feb/2014:18:19:41 +0100] "GET /seiten/start.htm HTTP/1.1" 200 7516 "http://fermersovet.ru/" "Mozilla/4.0 (compatible; MSIE 6.0; Windows 98; Win 9x 4.90; Creative)"
193.150.120.33 - - [22/Feb/2014:18:19:41 +0100] "GET /seiten/start.htm HTTP/1.1" 200 7516 "http://fermersovet.ru/" "Mozilla/4.0 (compatible; MSIE 6.0; Windows 98; Win 9x 4.90; Creative)"
193.150.120.33 - - [22/Feb/2014:18:19:42 +0100] "GET /seiten/start.htm HTTP/1.1" 200 7516 "http://fermersovet.ru/" "Mozilla/4.0 (compatible; MSIE 6.0; Windows 98; Win 9x 4.90; Creative)"
157.55.33.28 - - [22/Feb/2014:19:33:18 +0100] "GET /robots.txt HTTP/1.1" 200 157 "-" "Mozilla/5.0 (compatible; bingbot/2.0; +http://www.bing.com/bingbot.htm)"
157.55.33.28 - - [22/Feb/2014:19:46:05 +0100] "GET /seiten/links.htm HTTP/1.1" 304 - "-" "Mozilla/5.0 (compatible; bingbot/2.0; +http://www.bing.com/bingbot.htm)"
64.246.165.190 - - [22/Feb/2014:20:35:51 +0100] "GET /robots.txt HTTP/1.0" 200 157 "-" "Mozilla/5.0 (Windows; U; Windows NT 5.1; en; rv:1.9.0.13) Gecko/2009073022 Firefox/3.5.2 (.NET CLR 3.5.30729) SurveyBot/2.3 (DomainTools)"
64.246.165.190 - - [22/Feb/2014:20:35:51 +0100] "GET / HTTP/1.1" 200 2663 "http://whois.domaintools.com/dialyse-borna.de" "Mozilla/5.0 (Windows; U; Windows NT 5.1; en; rv:1.9.0.13) Gecko/2009073022 Firefox/3.5.2 (.NET CLR 3.5.30729) SurveyBot/2.3 (DomainTools)"
178.137.5.3 - - [22/Feb/2014:21:41:33 +0100] "GET /seiten/start.htm HTTP/1.1" 200 7516 "http://blogpic.ru/" "Mozilla/4.0 (compatible; MSIE 6.0; AOL 9.0; Windows NT 5.1)"
178.137.5.3 - - [22/Feb/2014:21:41:34 +0100] "GET /seiten/start.htm HTTP/1.1" 200 7516 "http://blogpic.ru/" "Mozilla/4.0 (compatible; MSIE 6.0; AOL 9.0; Windows NT 5.1)"
178.137.5.3 - - [22/Feb/2014:21:41:34 +0100] "GET /seiten/start.htm HTTP/1.1" 200 7516 "http://blogpic.ru/" "Mozilla/4.0 (compatible; MSIE 6.0; AOL 9.0; Windows NT 5.1)"
66.249.78.101 - - [22/Feb/2014:21:59:13 +0100] "GET /robots.txt HTTP/1.1" 200 157 "-" "Mozilla/5.0 (compatible; Googlebot/2.1; +http://www.google.com/bot.html)"
66.249.78.101 - - [22/Feb/2014:21:59:13 +0100] "GET /seiten/impr.htm HTTP/1.1" 304 - "-" "Mozilla/5.0 (compatible; Googlebot/2.1; +http://www.google.com/bot.html)"
94.153.65.49 - - [22/Feb/2014:22:05:17 +0100] "GET /seiten/start.htm HTTP/1.1" 200 7516 "http://erotikstories.ru/" "Mozilla/4.0 (compatible; MSIE 6.0; AOL 9.0; Windows NT 5.1)"
94.153.65.49 - - [22/Feb/2014:22:05:17 +0100] "GET /seiten/start.htm HTTP/1.1" 200 7516 "http://erotikstories.ru/" "Mozilla/4.0 (compatible; MSIE 6.0; AOL 9.0; Windows NT 5.1)"
94.153.65.49 - - [22/Feb/2014:22:05:18 +0100] "GET /seiten/start.htm HTTP/1.1" 200 7516 "http://erotikstories.ru/" "Mozilla/4.0 (compatible; MSIE 6.0; AOL 9.0; Windows NT 5.1)"
66.249.78.101 - - [22/Feb/2014:22:46:52 +0100] "GET /seiten/start.htm HTTP/1.1" 304 - "-" "Mozilla/5.0 (compatible; Googlebot/2.1; +http://www.google.com/bot.html)"
66.249.78.101 - - [22/Feb/2014:23:50:24 +0100] "GET /seiten/dialyse.htm HTTP/1.1" 304 - "-" "Mozilla/5.0 (compatible; Googlebot/2.1; +http://www.google.com/bot.html)"
134.249.52.9 - - [23/Feb/2014:00:05:32 +0100] "GET /seiten/start.htm HTTP/1.1" 200 7516 "http://vivasan.swisstrade.ru/" "Mozilla/4.0 (compatible; MSIE 6.0; Windows NT 5.0; T312461)"
134.249.52.9 - - [23/Feb/2014:00:05:32 +0100] "GET /seiten/start.htm HTTP/1.1" 200 7516 "http://vivasan.swisstrade.ru/" "Mozilla/4.0 (compatible; MSIE 6.0; Windows NT 5.0; T312461)"
134.249.52.9 - - [23/Feb/2014:00:05:33 +0100] "GET /seiten/start.htm HTTP/1.1" 200 7516 "http://vivasan.swisstrade.ru/" "Mozilla/4.0 (compatible; MSIE 6.0; Windows NT 5.0; T312461)"
141.8.147.12 - - [23/Feb/2014:00:08:00 +0100] "GET /robots.txt HTTP/1.1" 200 157 "-" "Mozilla/5.0 (compatible; YandexBot/3.0; +http://yandex.com/bots)"
66.249.78.101 - - [23/Feb/2014:00:59:15 +0100] "GET /seiten/praxis.htm HTTP/1.1" 304 - "-" "Mozilla/5.0 (compatible; Googlebot/2.1; +http://www.google.com/bot.html)"
157.55.35.108 - - [23/Feb/2014:01:39:39 +0100] "GET /robots.txt HTTP/1.1" 200 157 "-" "Mozilla/5.0 (compatible; bingbot/2.0; +http://www.bing.com/bingbot.htm)"
157.55.35.108 - - [23/Feb/2014:01:44:11 +0100] "GET /seiten/dialyse.htm HTTP/1.1" 200 7403 "-" "Mozilla/5.0 (compatible; bingbot/2.0; +http://www.bing.com/bingbot.htm)"
157.55.33.112 - - [23/Feb/2014:01:45:03 +0100] "GET /img/bg1.gif HTTP/1.1" 200 54 "-" "Mozilla/5.0 (compatible; bingbot/2.0; +http://www.bing.com/bingbot.htm)"
157.55.35.108 - - [23/Feb/2014:01:45:21 +0100] "GET /img/bg3.gif HTTP/1.1" 200 143 "-" "Mozilla/5.0 (compatible; bingbot/2.0; +http://www.bing.com/bingbot.htm)"
157.55.35.108 - - [23/Feb/2014:01:45:21 +0100] "GET /img/lay07.gif HTTP/1.1" 200 272 "-" "Mozilla/5.0 (compatible; bingbot/2.0; +http://www.bing.com/bingbot.htm)"
157.55.35.108 - - [23/Feb/2014:01:45:21 +0100] "GET /img/men05a.gif HTTP/1.1" 200 556 "-" "Mozilla/5.0 (compatible; bingbot/2.0; +http://www.bing.com/bingbot.htm)"
157.55.35.108 - - [23/Feb/2014:01:45:22 +0100] "GET /img/lay01.gif HTTP/1.1" 200 384 "-" "Mozilla/5.0 (compatible; bingbot/2.0; +http://www.bing.com/bingbot.htm)"
157.56.93.153 - - [23/Feb/2014:01:45:46 +0100] "GET /img/lay04.gif HTTP/1.1" 200 210 "-" "Mozilla/5.0 (compatible; bingbot/2.0; +http://www.bing.com/bingbot.htm)"
157.55.36.38 - - [23/Feb/2014:01:46:01 +0100] "GET /img/dialyse.jpg HTTP/1.1" 200 18017 "-" "Mozilla/5.0 (compatible; bingbot/2.0; +http://www.bing.com/bingbot.htm)"
157.55.36.38 - - [23/Feb/2014:01:46:02 +0100] "GET /img/lay08.gif HTTP/1.1" 200 322 "-" "Mozilla/5.0 (compatible; bingbot/2.0; +http://www.bing.com/bingbot.htm)"
157.55.36.38 - - [23/Feb/2014:01:46:03 +0100] "GET /img/lay02.gif HTTP/1.1" 200 3503 "-" "Mozilla/5.0 (compatible; bingbot/2.0; +http://www.bing.com/bingbot.htm)"
157.55.36.38 - - [23/Feb/2014:01:46:03 +0100] "GET /img/men07.gif HTTP/1.1" 200 1396 "-" "Mozilla/5.0 (compatible; bingbot/2.0; +http://www.bing.com/bingbot.htm)"
157.55.36.38 - - [23/Feb/2014:01:46:03 +0100] "GET /img/men01.gif HTTP/1.1" 200 432 "-" "Mozilla/5.0 (compatible; bingbot/2.0; +http://www.bing.com/bingbot.htm)"
157.55.36.38 - - [23/Feb/2014:01:46:03 +0100] "GET /img/men06a.gif HTTP/1.1" 200 518 "-" "Mozilla/5.0 (compatible; bingbot/2.0; +http://www.bing.com/bingbot.htm)"
157.55.33.16 - - [23/Feb/2014:01:46:36 +0100] "GET /img/bg2.gif HTTP/1.1" 200 49 "-" "Mozilla/5.0 (compatible; bingbot/2.0; +http://www.bing.com/bingbot.htm)"
157.55.33.16 - - [23/Feb/2014:01:46:37 +0100] "GET /img/men03.gif HTTP/1.1" 200 1621 "-" "Mozilla/5.0 (compatible; bingbot/2.0; +http://www.bing.com/bingbot.htm)"
157.55.33.16 - - [23/Feb/2014:01:46:37 +0100] "GET /img/men04a.gif HTTP/1.1" 200 669 "-" "Mozilla/5.0 (compatible; bingbot/2.0; +http://www.bing.com/bingbot.htm)"
157.55.33.16 - - [23/Feb/2014:01:46:37 +0100] "GET /img/men09.gif HTTP/1.1" 200 708 "-" "Mozilla/5.0 (compatible; bingbot/2.0; +http://www.bing.com/bingbot.htm)"
66.249.78.101 - - [23/Feb/2014:01:46:54 +0100] "GET /img/bilder.swf HTTP/1.1" 200 78858 "-" "Mozilla/5.0 (compatible; Googlebot/2.1; +http://www.google.com/bot.html)"
65.55.52.92 - - [23/Feb/2014:01:47:01 +0100] "GET /img/men02a.gif HTTP/1.1" 200 589 "-" "Mozilla/5.0 (compatible; bingbot/2.0; +http://www.bing.com/bingbot.htm)"
65.55.52.92 - - [23/Feb/2014:01:47:02 +0100] "GET /img/men02.gif HTTP/1.1" 200 1273 "-" "Mozilla/5.0 (compatible; bingbot/2.0; +http://www.bing.com/bingbot.htm)"
65.55.52.92 - - [23/Feb/2014:01:47:02 +0100] "GET /img/men08.gif HTTP/1.1" 200 1642 "-" "Mozilla/5.0 (compatible; bingbot/2.0; +http://www.bing.com/bingbot.htm)"
157.56.92.174 - - [23/Feb/2014:01:59:02 +0100] "GET /img/lay05.gif HTTP/1.1" 200 541 "-" "Mozilla/5.0 (compatible; bingbot/2.0; +http://www.bing.com/bingbot.htm)"
157.56.92.174 - - [23/Feb/2014:01:59:02 +0100] "GET /img/men06.gif HTTP/1.1" 200 1162 "-" "Mozilla/5.0 (compatible; bingbot/2.0; +http://www.bing.com/bingbot.htm)"
157.56.92.174 - - [23/Feb/2014:01:59:02 +0100] "GET /img/lay03.gif HTTP/1.1" 200 671 "-" "Mozilla/5.0 (compatible; bingbot/2.0; +http://www.bing.com/bingbot.htm)"
157.56.92.174 - - [23/Feb/2014:01:59:02 +0100] "GET /img/men07a.gif HTTP/1.1" 200 666 "-" "Mozilla/5.0 (compatible; bingbot/2.0; +http://www.bing.com/bingbot.htm)"
157.56.92.174 - - [23/Feb/2014:01:59:02 +0100] "GET /img/men08a.gif HTTP/1.1" 200 819 "-" "Mozilla/5.0 (compatible; bingbot/2.0; +http://www.bing.com/bingbot.htm)"
157.55.36.37 - - [23/Feb/2014:02:04:42 +0100] "GET /img/1pixel.gif HTTP/1.1" 200 45 "-" "Mozilla/5.0 (compatible; bingbot/2.0; +http://www.bing.com/bingbot.htm)"
157.55.36.37 - - [23/Feb/2014:02:04:43 +0100] "GET /img/men03a.gif HTTP/1.1" 200 820 "-" "Mozilla/5.0 (compatible; bingbot/2.0; +http://www.bing.com/bingbot.htm)"
157.55.36.37 - - [23/Feb/2014:02:04:43 +0100] "GET /img/bg4.gif HTTP/1.1" 200 135 "-" "Mozilla/5.0 (compatible; bingbot/2.0; +http://www.bing.com/bingbot.htm)"
66.249.78.101 - - [23/Feb/2014:02:18:41 +0100] "GET /seiten/impr.htm HTTP/1.1" 304 - "-" "Mozilla/5.0 (compatible; Googlebot/2.1; +http://www.google.com/bot.html)"
199.30.24.134 - - [23/Feb/2014:02:45:31 +0100] "GET /css/borna.css HTTP/1.1" 200 2909 "http://www.dialyse-borna.de/seiten/dialyse.htm" "Mozilla/5.0 (Windows NT 6.1; WOW64) AppleWebKit/534+ (KHTML, like Gecko) BingPreview/1.0b"
66.249.78.101 - - [23/Feb/2014:03:48:42 +0100] "GET /seiten/kont.htm HTTP/1.1" 304 - "-" "Mozilla/5.0 (compatible; Googlebot/2.1; +http://www.google.com/bot.html)"
141.8.147.12 - - [23/Feb/2014:04:35:53 +0100] "GET /seiten/news.php HTTP/1.1" 200 7079 "-" "Mozilla/5.0 (compatible; YandexBot/3.0; +http://yandex.com/bots)"
66.249.78.101 - - [23/Feb/2014:04:36:21 +0100] "GET /seiten/leist.htm HTTP/1.1" 200 7640 "-" "Mozilla/5.0 (compatible; Googlebot/2.1; +http://www.google.com/bot.html)"
46.118.127.106 - - [23/Feb/2014:05:50:30 +0100] "GET /seiten/start.htm HTTP/1.1" 200 7516 "http://zakazfutbolki.com/" "Mozilla/4.0 (compatible; MSIE 6.0; Windows NT 5.1; Crazy Browser 1.0.5)"
46.118.127.106 - - [23/Feb/2014:05:50:30 +0100] "GET /seiten/start.htm HTTP/1.1" 200 7516 "http://zakazfutbolki.com/" "Mozilla/4.0 (compatible; MSIE 6.0; Windows NT 5.1; Crazy Browser 1.0.5)"
46.118.127.106 - - [23/Feb/2014:05:50:31 +0100] "GET /seiten/start.htm HTTP/1.1" 200 7516 "http://zakazfutbolki.com/" "Mozilla/4.0 (compatible; MSIE 6.0; Windows NT 5.1; Crazy Browser 1.0.5)"
66.249.78.101 - - [23/Feb/2014:06:01:05 +0100] "GET /seiten/links.htm HTTP/1.1" 200 7302 "-" "Mozilla/5.0 (compatible; Googlebot/2.1; +http://www.google.com/bot.html)"
93.186.202.239 - - [23/Feb/2014:06:07:58 +0100] "GET /seiten/kont.htm HTTP/1.1" 200 8048 "-" "Mozilla/5.0 (X11; Linux i686; rv:6.0) Gecko/20100101 Firefox/6.0"
94.23.164.2 - - [23/Feb/2014:06:07:58 +0100] "GET /seiten/impr.htm HTTP/1.1" 200 9648 "-" "Mozilla/5.0 (X11; Linux i686; rv:6.0) Gecko/20100101 Firefox/6.0"
92.249.127.111 - - [23/Feb/2014:06:35:29 +0100] "GET /seiten/start.htm HTTP/1.1" 200 7516 "http://kochanelli.com/" "Opera/8.00 (Windows NT 5.1; U; en)"
92.249.127.111 - - [23/Feb/2014:06:35:30 +0100] "GET /seiten/start.htm HTTP/1.1" 200 7516 "http://kochanelli.com/" "Opera/8.00 (Windows NT 5.1; U; en)"
92.249.127.111 - - [23/Feb/2014:06:35:30 +0100] "GET /seiten/start.htm HTTP/1.1" 200 7516 "http://kochanelli.com/" "Opera/8.00 (Windows NT 5.1; U; en)"
5.255.253.79 - - [23/Feb/2014:06:56:09 +0100] "GET /robots.txt HTTP/1.1" 200 157 "-" "Mozilla/5.0 (compatible; YandexImages/3.0; +http://yandex.com/bots)"
157.55.33.97 - - [23/Feb/2014:07:11:25 +0100] "GET /robots.txt HTTP/1.1" 200 157 "-" "Mozilla/5.0 (compatible; bingbot/2.0; +http://www.bing.com/bingbot.htm)"
157.55.33.97 - - [23/Feb/2014:07:12:18 +0100] "GET /seiten/links.htm HTTP/1.1" 304 - "-" "Mozilla/5.0 (compatible; bingbot/2.0; +http://www.bing.com/bingbot.htm)"
5.255.253.79 - - [23/Feb/2014:07:40:52 +0100] "GET /img/dialyse.jpg HTTP/1.1" 304 - "-" "Mozilla/5.0 (compatible; YandexImages/3.0; +http://yandex.com/bots)"
141.8.147.12 - - [23/Feb/2014:08:05:38 +0100] "GET /img/bilder.swf HTTP/1.1" 200 78858 "-" "Mozilla/5.0 (compatible; YandexBot/3.0; +http://yandex.com/bots)"
66.249.78.101 - - [23/Feb/2014:08:06:31 +0100] "GET / HTTP/1.1" 200 2663 "-" "Mozilla/5.0 (compatible; Googlebot/2.1; +http://www.google.com/bot.html)"
66.249.78.101 - - [23/Feb/2014:08:31:39 +0100] "GET /img/bilder.swf HTTP/1.1" 200 78858 "-" "Mozilla/5.0 (iPhone; CPU iPhone OS 6_0 like Mac OS X) AppleWebKit/536.26 (KHTML, like Gecko) Version/6.0 Mobile/10A5376e Safari/8536.25 (compatible; Googlebot/2.1; +http://www.google.com/bot.html)"
5.255.253.79 - - [23/Feb/2014:08:40:30 +0100] "GET /img/schild.jpg HTTP/1.1" 304 - "-" "Mozilla/5.0 (compatible; YandexImages/3.0; +http://yandex.com/bots)"
66.249.78.101 - - [23/Feb/2014:09:22:18 +0100] "GET /seiten/impr.htm HTTP/1.1" 304 - "-" "Mozilla/5.0 (compatible; Googlebot/2.1; +http://www.google.com/bot.html)"
178.255.215.68 - - [23/Feb/2014:09:22:31 +0100] "GET /robots.txt HTTP/1.1" 200 157 "-" "Mozilla/5.0 (compatible; Exabot/3.0; +http://www.exabot.com/go/robot)"
178.255.215.68 - - [23/Feb/2014:09:22:31 +0100] "GET / HTTP/1.1" 304 - "-" "Mozilla/5.0 (compatible; Exabot/3.0; +http://www.exabot.com/go/robot)"
5.255.253.79 - - [23/Feb/2014:09:25:13 +0100] "GET /img/main_pic.jpg HTTP/1.1" 304 - "-" "Mozilla/5.0 (compatible; YandexImages/3.0; +http://yandex.com/bots)"
5.255.253.79 - - [23/Feb/2014:10:09:56 +0100] "GET /img/leist.jpg HTTP/1.1" 304 - "-" "Mozilla/5.0 (compatible; YandexImages/3.0; +http://yandex.com/bots)"
109.120.157.179 - - [23/Feb/2014:10:20:59 +0100] "GET /seiten/start.htm HTTP/1.1" 200 7516 "http://gfaq.ru/forum" "Mozilla/5.0 (compatible; Add Catalog/2.1;)"
109.120.157.179 - - [23/Feb/2014:10:21:00 +0100] "GET /seiten/start.htm HTTP/1.1" 200 7516 "http://gfaq.ru/forum" "Mozilla/5.0 (compatible; Add Catalog/2.1;)"
84.174.77.65 - - [23/Feb/2014:11:04:21 +0100] "GET / HTTP/1.1" 200 2663 "http://www.google.de/url?sa=t&rct=j&q=&esrc=s&frm=1&source=web&cd=1&ved=0CC0QFjAA&url=http%3A%2F%2Fwww.dialyse-borna.de%2F&ei=MccJU_elNcXbtAay-oDIDQ&usg=AFQjCNF2KNTIkBF7QiIB3UFmpF4J1FAf4w&bvm=bv.61725948,d.Yms" "Mozilla/4.0 (compatible; MSIE 8.0; Windows NT 5.1; Trident/4.0; BTRS101581; GTB7.5; .NET CLR 3.0.4506.2152; .NET CLR 3.5.30729; .NET CLR 2.0.50727; .NET4.0C; tb-webde/2.4.0)"
84.174.77.65 - - [23/Feb/2014:11:04:21 +0100] "GET /css/borna.css HTTP/1.1" 200 2909 "http://www.dialyse-borna.de/" "Mozilla/4.0 (compatible; MSIE 8.0; Windows NT 5.1; Trident/4.0; BTRS101581; GTB7.5; .NET CLR 3.0.4506.2152; .NET CLR 3.5.30729; .NET CLR 2.0.50727; .NET4.0C; tb-webde/2.4.0)"
84.174.77.65 - - [23/Feb/2014:11:04:21 +0100] "GET /seiten/start.htm HTTP/1.1" 200 7516 "-" "Mozilla/4.0 (compatible; MSIE 8.0; Windows NT 5.1; Trident/4.0; BTRS101581; GTB7.5; .NET CLR 3.0.4506.2152; .NET CLR 3.5.30729; .NET CLR 2.0.50727; .NET4.0C; tb-webde/2.4.0)"
84.174.77.65 - - [23/Feb/2014:11:04:21 +0100] "GET /img/bg2.gif HTTP/1.1" 200 49 "http://www.dialyse-borna.de/seiten/start.htm" "Mozilla/4.0 (compatible; MSIE 8.0; Windows NT 5.1; Trident/4.0; BTRS101581; GTB7.5; .NET CLR 3.0.4506.2152; .NET CLR 3.5.30729; .NET CLR 2.0.50727; .NET4.0C; tb-webde/2.4.0)"
84.174.77.65 - - [23/Feb/2014:11:04:21 +0100] "GET /img/1pixel.gif HTTP/1.1" 200 45 "http://www.dialyse-borna.de/seiten/start.htm" "Mozilla/4.0 (compatible; MSIE 8.0; Windows NT 5.1; Trident/4.0; BTRS101581; GTB7.5; .NET CLR 3.0.4506.2152; .NET CLR 3.5.30729; .NET CLR 2.0.50727; .NET4.0C; tb-webde/2.4.0)"
84.174.77.65 - - [23/Feb/2014:11:04:21 +0100] "GET /img/men03.gif HTTP/1.1" 200 1621 "http://www.dialyse-borna.de/seiten/start.htm" "Mozilla/4.0 (compatible; MSIE 8.0; Windows NT 5.1; Trident/4.0; BTRS101581; GTB7.5; .NET CLR 3.0.4506.2152; .NET CLR 3.5.30729; .NET CLR 2.0.50727; .NET4.0C; tb-webde/2.4.0)"
84.174.77.65 - - [23/Feb/2014:11:04:21 +0100] "GET /img/men01.gif HTTP/1.1" 200 432 "http://www.dialyse-borna.de/seiten/start.htm" "Mozilla/4.0 (compatible; MSIE 8.0; Windows NT 5.1; Trident/4.0; BTRS101581; GTB7.5; .NET CLR 3.0.4506.2152; .NET CLR 3.5.30729; .NET CLR 2.0.50727; .NET4.0C; tb-webde/2.4.0)"
84.174.77.65 - - [23/Feb/2014:11:04:21 +0100] "GET /img/men06.gif HTTP/1.1" 200 1162 "http://www.dialyse-borna.de/seiten/start.htm" "Mozilla/4.0 (compatible; MSIE 8.0; Windows NT 5.1; Trident/4.0; BTRS101581; GTB7.5; .NET CLR 3.0.4506.2152; .NET CLR 3.5.30729; .NET CLR 2.0.50727; .NET4.0C; tb-webde/2.4.0)"
84.174.77.65 - - [23/Feb/2014:11:04:21 +0100] "GET /img/men04.gif HTTP/1.1" 200 1395 "http://www.dialyse-borna.de/seiten/start.htm" "Mozilla/4.0 (compatible; MSIE 8.0; Windows NT 5.1; Trident/4.0; BTRS101581; GTB7.5; .NET CLR 3.0.4506.2152; .NET CLR 3.5.30729; .NET CLR 2.0.50727; .NET4.0C; tb-webde/2.4.0)"
84.174.77.65 - - [23/Feb/2014:11:04:21 +0100] "GET /img/lay01.gif HTTP/1.1" 200 384 "http://www.dialyse-borna.de/seiten/start.htm" "Mozilla/4.0 (compatible; MSIE 8.0; Windows NT 5.1; Trident/4.0; BTRS101581; GTB7.5; .NET CLR 3.0.4506.2152; .NET CLR 3.5.30729; .NET CLR 2.0.50727; .NET4.0C; tb-webde/2.4.0)"
84.174.77.65 - - [23/Feb/2014:11:04:21 +0100] "GET /img/men02a.gif HTTP/1.1" 200 589 "http://www.dialyse-borna.de/seiten/start.htm" "Mozilla/4.0 (compatible; MSIE 8.0; Windows NT 5.1; Trident/4.0; BTRS101581; GTB7.5; .NET CLR 3.0.4506.2152; .NET CLR 3.5.30729; .NET CLR 2.0.50727; .NET4.0C; tb-webde/2.4.0)"
84.174.77.65 - - [23/Feb/2014:11:04:21 +0100] "GET /img/men08.gif HTTP/1.1" 200 1642 "http://www.dialyse-borna.de/seiten/start.htm" "Mozilla/4.0 (compatible; MSIE 8.0; Windows NT 5.1; Trident/4.0; BTRS101581; GTB7.5; .NET CLR 3.0.4506.2152; .NET CLR 3.5.30729; .NET CLR 2.0.50727; .NET4.0C; tb-webde/2.4.0)"
84.174.77.65 - - [23/Feb/2014:11:04:21 +0100] "GET /img/men07.gif HTTP/1.1" 200 1396 "http://www.dialyse-borna.de/seiten/start.htm" "Mozilla/4.0 (compatible; MSIE 8.0; Windows NT 5.1; Trident/4.0; BTRS101581; GTB7.5; .NET CLR 3.0.4506.2152; .NET CLR 3.5.30729; .NET CLR 2.0.50727; .NET4.0C; tb-webde/2.4.0)"
84.174.77.65 - - [23/Feb/2014:11:04:21 +0100] "GET /img/lay02.gif HTTP/1.1" 200 3503 "http://www.dialyse-borna.de/seiten/start.htm" "Mozilla/4.0 (compatible; MSIE 8.0; Windows NT 5.1; Trident/4.0; BTRS101581; GTB7.5; .NET CLR 3.0.4506.2152; .NET CLR 3.5.30729; .NET CLR 2.0.50727; .NET4.0C; tb-webde/2.4.0)"
84.174.77.65 - - [23/Feb/2014:11:04:21 +0100] "GET /img/men09.gif HTTP/1.1" 200 708 "http://www.dialyse-borna.de/seiten/start.htm" "Mozilla/4.0 (compatible; MSIE 8.0; Windows NT 5.1; Trident/4.0; BTRS101581; GTB7.5; .NET CLR 3.0.4506.2152; .NET CLR 3.5.30729; .NET CLR 2.0.50727; .NET4.0C; tb-webde/2.4.0)"
84.174.77.65 - - [23/Feb/2014:11:04:21 +0100] "GET /img/main_pic.jpg HTTP/1.1" 200 14864 "http://www.dialyse-borna.de/seiten/start.htm" "Mozilla/4.0 (compatible; MSIE 8.0; Windows NT 5.1; Trident/4.0; BTRS101581; GTB7.5; .NET CLR 3.0.4506.2152; .NET CLR 3.5.30729; .NET CLR 2.0.50727; .NET4.0C; tb-webde/2.4.0)"
84.174.77.65 - - [23/Feb/2014:11:04:21 +0100] "GET /img/lay03.gif HTTP/1.1" 200 671 "http://www.dialyse-borna.de/seiten/start.htm" "Mozilla/4.0 (compatible; MSIE 8.0; Windows NT 5.1; Trident/4.0; BTRS101581; GTB7.5; .NET CLR 3.0.4506.2152; .NET CLR 3.5.30729; .NET CLR 2.0.50727; .NET4.0C; tb-webde/2.4.0)"
84.174.77.65 - - [23/Feb/2014:11:04:21 +0100] "GET /img/pfeil.jpg HTTP/1.1" 200 380 "http://www.dialyse-borna.de/seiten/start.htm" "Mozilla/4.0 (compatible; MSIE 8.0; Windows NT 5.1; Trident/4.0; BTRS101581; GTB7.5; .NET CLR 3.0.4506.2152; .NET CLR 3.5.30729; .NET CLR 2.0.50727; .NET4.0C; tb-webde/2.4.0)"
84.174.77.65 - - [23/Feb/2014:11:04:21 +0100] "GET /img/bilder.swf HTTP/1.1" 200 78858 "http://www.dialyse-borna.de/seiten/start.htm" "Mozilla/4.0 (compatible; MSIE 8.0; Windows NT 5.1; Trident/4.0; BTRS101581; GTB7.5; .NET CLR 3.0.4506.2152; .NET CLR 3.5.30729; .NET CLR 2.0.50727; .NET4.0C; tb-webde/2.4.0)"
84.174.77.65 - - [23/Feb/2014:11:04:21 +0100] "GET /img/lay04.gif HTTP/1.1" 200 210 "http://www.dialyse-borna.de/seiten/start.htm" "Mozilla/4.0 (compatible; MSIE 8.0; Windows NT 5.1; Trident/4.0; BTRS101581; GTB7.5; .NET CLR 3.0.4506.2152; .NET CLR 3.5.30729; .NET CLR 2.0.50727; .NET4.0C; tb-webde/2.4.0)"
84.174.77.65 - - [23/Feb/2014:11:04:21 +0100] "GET /img/lay07.gif HTTP/1.1" 200 272 "http://www.dialyse-borna.de/seiten/start.htm" "Mozilla/4.0 (compatible; MSIE 8.0; Windows NT 5.1; Trident/4.0; BTRS101581; GTB7.5; .NET CLR 3.0.4506.2152; .NET CLR 3.5.30729; .NET CLR 2.0.50727; .NET4.0C; tb-webde/2.4.0)"
84.174.77.65 - - [23/Feb/2014:11:04:21 +0100] "GET /img/lay08.gif HTTP/1.1" 200 322 "http://www.dialyse-borna.de/seiten/start.htm" "Mozilla/4.0 (compatible; MSIE 8.0; Windows NT 5.1; Trident/4.0; BTRS101581; GTB7.5; .NET CLR 3.0.4506.2152; .NET CLR 3.5.30729; .NET CLR 2.0.50727; .NET4.0C; tb-webde/2.4.0)"
84.174.77.65 - - [23/Feb/2014:11:04:21 +0100] "GET /img/bg3.gif HTTP/1.1" 200 143 "http://www.dialyse-borna.de/seiten/start.htm" "Mozilla/4.0 (compatible; MSIE 8.0; Windows NT 5.1; Trident/4.0; BTRS101581; GTB7.5; .NET CLR 3.0.4506.2152; .NET CLR 3.5.30729; .NET CLR 2.0.50727; .NET4.0C; tb-webde/2.4.0)"
84.174.77.65 - - [23/Feb/2014:11:04:21 +0100] "GET /img/bg1.gif HTTP/1.1" 200 54 "http://www.dialyse-borna.de/seiten/start.htm" "Mozilla/4.0 (compatible; MSIE 8.0; Windows NT 5.1; Trident/4.0; BTRS101581; GTB7.5; .NET CLR 3.0.4506.2152; .NET CLR 3.5.30729; .NET CLR 2.0.50727; .NET4.0C; tb-webde/2.4.0)"
84.174.77.65 - - [23/Feb/2014:11:04:21 +0100] "GET /img/lay05.gif HTTP/1.1" 200 541 "http://www.dialyse-borna.de/seiten/start.htm" "Mozilla/4.0 (compatible; MSIE 8.0; Windows NT 5.1; Trident/4.0; BTRS101581; GTB7.5; .NET CLR 3.0.4506.2152; .NET CLR 3.5.30729; .NET CLR 2.0.50727; .NET4.0C; tb-webde/2.4.0)"
84.174.77.65 - - [23/Feb/2014:11:04:21 +0100] "GET /img/bg4.gif HTTP/1.1" 200 135 "http://www.dialyse-borna.de/seiten/start.htm" "Mozilla/4.0 (compatible; MSIE 8.0; Windows NT 5.1; Trident/4.0; BTRS101581; GTB7.5; .NET CLR 3.0.4506.2152; .NET CLR 3.5.30729; .NET CLR 2.0.50727; .NET4.0C; tb-webde/2.4.0)"
84.174.77.65 - - [23/Feb/2014:11:04:21 +0100] "GET /img/men03a.gif HTTP/1.1" 200 820 "http://www.dialyse-borna.de/seiten/start.htm" "Mozilla/4.0 (compatible; MSIE 8.0; Windows NT 5.1; Trident/4.0; BTRS101581; GTB7.5; .NET CLR 3.0.4506.2152; .NET CLR 3.5.30729; .NET CLR 2.0.50727; .NET4.0C; tb-webde/2.4.0)"
84.174.77.65 - - [23/Feb/2014:11:04:21 +0100] "GET /img/men04a.gif HTTP/1.1" 200 669 "http://www.dialyse-borna.de/seiten/start.htm" "Mozilla/4.0 (compatible; MSIE 8.0; Windows NT 5.1; Trident/4.0; BTRS101581; GTB7.5; .NET CLR 3.0.4506.2152; .NET CLR 3.5.30729; .NET CLR 2.0.50727; .NET4.0C; tb-webde/2.4.0)"
84.174.77.65 - - [23/Feb/2014:11:04:21 +0100] "GET /favicon.ico HTTP/1.1" 404 1256 "-" "Mozilla/4.0 (compatible; MSIE 8.0; Windows NT 5.1; Trident/4.0; BTRS101581; GTB7.5; .NET CLR 3.0.4506.2152; .NET CLR 3.5.30729; .NET CLR 2.0.50727; .NET4.0C; tb-webde/2.4.0)"
84.174.77.65 - - [23/Feb/2014:11:04:21 +0100] "GET /img/men05a.gif HTTP/1.1" 200 556 "http://www.dialyse-borna.de/seiten/start.htm" "Mozilla/4.0 (compatible; MSIE 8.0; Windows NT 5.1; Trident/4.0; BTRS101581; GTB7.5; .NET CLR 3.0.4506.2152; .NET CLR 3.5.30729; .NET CLR 2.0.50727; .NET4.0C; tb-webde/2.4.0)"
84.174.77.65 - - [23/Feb/2014:11:04:21 +0100] "GET /img/men06a.gif HTTP/1.1" 200 518 "http://www.dialyse-borna.de/seiten/start.htm" "Mozilla/4.0 (compatible; MSIE 8.0; Windows NT 5.1; Trident/4.0; BTRS101581; GTB7.5; .NET CLR 3.0.4506.2152; .NET CLR 3.5.30729; .NET CLR 2.0.50727; .NET4.0C; tb-webde/2.4.0)"
84.174.77.65 - - [23/Feb/2014:11:04:21 +0100] "GET /img/men08a.gif HTTP/1.1" 200 819 "http://www.dialyse-borna.de/seiten/start.htm" "Mozilla/4.0 (compatible; MSIE 8.0; Windows NT 5.1; Trident/4.0; BTRS101581; GTB7.5; .NET CLR 3.0.4506.2152; .NET CLR 3.5.30729; .NET CLR 2.0.50727; .NET4.0C; tb-webde/2.4.0)"
84.174.77.65 - - [23/Feb/2014:11:04:22 +0100] "GET /img/men07a.gif HTTP/1.1" 200 666 "http://www.dialyse-borna.de/seiten/start.htm" "Mozilla/4.0 (compatible; MSIE 8.0; Windows NT 5.1; Trident/4.0; BTRS101581; GTB7.5; .NET CLR 3.0.4506.2152; .NET CLR 3.5.30729; .NET CLR 2.0.50727; .NET4.0C; tb-webde/2.4.0)"
84.174.77.65 - - [23/Feb/2014:11:04:32 +0100] "GET /seiten/praxis.htm HTTP/1.1" 200 7847 "http://www.dialyse-borna.de/seiten/start.htm" "Mozilla/4.0 (compatible; MSIE 8.0; Windows NT 5.1; Trident/4.0; BTRS101581; GTB7.5; .NET CLR 3.0.4506.2152; .NET CLR 3.5.30729; .NET CLR 2.0.50727; .NET4.0C; tb-webde/2.4.0)"
84.174.77.65 - - [23/Feb/2014:11:04:32 +0100] "GET /img/schild.jpg HTTP/1.1" 200 12757 "http://www.dialyse-borna.de/seiten/praxis.htm" "Mozilla/4.0 (compatible; MSIE 8.0; Windows NT 5.1; Trident/4.0; BTRS101581; GTB7.5; .NET CLR 3.0.4506.2152; .NET CLR 3.5.30729; .NET CLR 2.0.50727; .NET4.0C; tb-webde/2.4.0)"
84.174.77.65 - - [23/Feb/2014:11:04:32 +0100] "GET /favicon.ico HTTP/1.1" 404 1256 "-" "Mozilla/4.0 (compatible; MSIE 8.0; Windows NT 5.1; Trident/4.0; BTRS101581; GTB7.5; .NET CLR 3.0.4506.2152; .NET CLR 3.5.30729; .NET CLR 2.0.50727; .NET4.0C; tb-webde/2.4.0)"
84.174.77.65 - - [23/Feb/2014:11:05:35 +0100] "GET /seiten/leist.htm HTTP/1.1" 200 7640 "http://www.dialyse-borna.de/seiten/praxis.htm" "Mozilla/4.0 (compatible; MSIE 8.0; Windows NT 5.1; Trident/4.0; BTRS101581; GTB7.5; .NET CLR 3.0.4506.2152; .NET CLR 3.5.30729; .NET CLR 2.0.50727; .NET4.0C; tb-webde/2.4.0)"
84.174.77.65 - - [23/Feb/2014:11:05:35 +0100] "GET /img/men02.gif HTTP/1.1" 200 1273 "http://www.dialyse-borna.de/seiten/leist.htm" "Mozilla/4.0 (compatible; MSIE 8.0; Windows NT 5.1; Trident/4.0; BTRS101581; GTB7.5; .NET CLR 3.0.4506.2152; .NET CLR 3.5.30729; .NET CLR 2.0.50727; .NET4.0C; tb-webde/2.4.0)"
84.174.77.65 - - [23/Feb/2014:11:05:35 +0100] "GET /img/leist.jpg HTTP/1.1" 200 18546 "http://www.dialyse-borna.de/seiten/leist.htm" "Mozilla/4.0 (compatible; MSIE 8.0; Windows NT 5.1; Trident/4.0; BTRS101581; GTB7.5; .NET CLR 3.0.4506.2152; .NET CLR 3.5.30729; .NET CLR 2.0.50727; .NET4.0C; tb-webde/2.4.0)"
84.174.77.65 - - [23/Feb/2014:11:05:45 +0100] "GET /seiten/dialyse.htm HTTP/1.1" 200 7403 "http://www.dialyse-borna.de/seiten/leist.htm" "Mozilla/4.0 (compatible; MSIE 8.0; Windows NT 5.1; Trident/4.0; BTRS101581; GTB7.5; .NET CLR 3.0.4506.2152; .NET CLR 3.5.30729; .NET CLR 2.0.50727; .NET4.0C; tb-webde/2.4.0)"
84.174.77.65 - - [23/Feb/2014:11:05:45 +0100] "GET /img/dialyse.jpg HTTP/1.1" 200 18017 "http://www.dialyse-borna.de/seiten/dialyse.htm" "Mozilla/4.0 (compatible; MSIE 8.0; Windows NT 5.1; Trident/4.0; BTRS101581; GTB7.5; .NET CLR 3.0.4506.2152; .NET CLR 3.5.30729; .NET CLR 2.0.50727; .NET4.0C; tb-webde/2.4.0)"
84.174.77.65 - - [23/Feb/2014:11:07:05 +0100] "GET /seiten/kont.htm HTTP/1.1" 200 8048 "http://www.dialyse-borna.de/seiten/dialyse.htm" "Mozilla/4.0 (compatible; MSIE 8.0; Windows NT 5.1; Trident/4.0; BTRS101581; GTB7.5; .NET CLR 3.0.4506.2152; .NET CLR 3.5.30729; .NET CLR 2.0.50727; .NET4.0C; tb-webde/2.4.0)"
5.255.253.79 - - [23/Feb/2014:11:09:34 +0100] "GET /img/links.jpg HTTP/1.1" 304 - "-" "Mozilla/5.0 (compatible; YandexImages/3.0; +http://yandex.com/bots)"
157.55.33.16 - - [23/Feb/2014:11:54:18 +0100] "GET /robots.txt HTTP/1.1" 200 157 "-" "Mozilla/5.0 (compatible; bingbot/2.0; +http://www.bing.com/bingbot.htm)"
108.59.8.70 - - [23/Feb/2014:12:09:40 +0100] "GET /robots.txt HTTP/1.0" 200 157 "-" "Mozilla/5.0 (compatible; MJ12bot/v1.4.4; http://www.majestic12.co.uk/bot.php?+)"
108.59.8.70 - - [23/Feb/2014:12:09:41 +0100] "GET / HTTP/1.0" 200 2663 "-" "Mozilla/5.0 (compatible; MJ12bot/v1.4.4; http://www.majestic12.co.uk/bot.php?+)"
157.55.33.16 - - [23/Feb/2014:12:15:10 +0100] "GET /seiten/start.htm HTTP/1.1" 200 7516 "-" "Mozilla/5.0 (compatible; bingbot/2.0; +http://www.bing.com/bingbot.htm)"
141.8.147.12 - - [23/Feb/2014:12:35:01 +0100] "GET /robots.txt HTTP/1.1" 200 157 "-" "Mozilla/5.0 (compatible; YandexBot/3.0; +http://yandex.com/bots)"
141.8.147.12 - - [23/Feb/2014:12:35:05 +0100] "GET / HTTP/1.1" 200 2663 "-" "Mozilla/5.0 (compatible; YandexBot/3.0; +http://yandex.com/bots)"
157.56.93.153 - - [23/Feb/2014:13:16:32 +0100] "GET /robots.txt HTTP/1.1" 200 157 "-" "Mozilla/5.0 (compatible; bingbot/2.0; +http://www.bing.com/bingbot.htm)"
66.249.78.101 - - [23/Feb/2014:14:25:20 +0100] "GET /robots.txt HTTP/1.1" 200 157 "-" "Mozilla/5.0 (compatible; Googlebot/2.1; +http://www.google.com/bot.html)"
66.249.78.101 - - [23/Feb/2014:14:25:20 +0100] "GET /img/bilder.swf HTTP/1.1" 200 78858 "-" "SAMSUNG-SGH-E250/1.0 Profile/MIDP-2.0 Configuration/CLDC-1.1 UP.Browser/6.2.3.3.c.1.101 (GUI) MMP/2.0 (compatible; Googlebot-Mobile/2.1; +http://www.google.com/bot.html)"
193.150.120.33 - - [23/Feb/2014:15:39:55 +0100] "GET /seiten/start.htm HTTP/1.1" 200 7516 "http://jjbabskoe.ru/" "Mozilla/4.0 (compatible; MSIE 6.0; Windows 98; Win 9x 4.90; Creative)"
193.150.120.33 - - [23/Feb/2014:15:39:55 +0100] "GET /seiten/start.htm HTTP/1.1" 200 7516 "http://intercorp.hk/" "Mozilla/4.0 (compatible; MSIE 6.0; Windows 98; Win 9x 4.90; Creative)"
193.150.120.33 - - [23/Feb/2014:15:39:56 +0100] "GET /seiten/start.htm HTTP/1.1" 200 7516 "http://jjbabskoe.ru/" "Mozilla/4.0 (compatible; MSIE 6.0; Windows 98; Win 9x 4.90; Creative)"
193.150.120.33 - - [23/Feb/2014:15:39:56 +0100] "GET /seiten/start.htm HTTP/1.1" 200 7516 "http://intercorp.hk/" "Mozilla/4.0 (compatible; MSIE 6.0; Windows 98; Win 9x 4.90; Creative)"
193.150.120.33 - - [23/Feb/2014:15:39:56 +0100] "GET /seiten/start.htm HTTP/1.1" 200 7516 "http://intercorp.hk/" "Mozilla/4.0 (compatible; MSIE 6.0; Windows 98; Win 9x 4.90; Creative)"
193.150.120.33 - - [23/Feb/2014:15:39:56 +0100] "GET /seiten/start.htm HTTP/1.1" 200 7516 "http://jjbabskoe.ru/" "Mozilla/4.0 (compatible; MSIE 6.0; Windows 98; Win 9x 4.90; Creative)"
66.249.75.240 - - [23/Feb/2014:15:48:52 +0100] "GET / HTTP/1.1" 200 2663 "-" "Mozilla/5.0 (compatible; Googlebot/2.1; +http://www.google.com/bot.html)"
66.249.78.101 - - [23/Feb/2014:15:56:15 +0100] "GET /seiten/start.htm HTTP/1.1" 200 7516 "-" "Mozilla/5.0 (compatible; Googlebot/2.1; +http://www.google.com/bot.html)"
46.118.127.106 - - [23/Feb/2014:16:05:52 +0100] "GET /seiten/start.htm HTTP/1.1" 200 7516 "http://winterior.com.ua/" "Mozilla/4.0 (compatible; MSIE 6.0; Windows NT 5.1; SV1)"
46.118.127.106 - - [23/Feb/2014:16:05:56 +0100] "GET /seiten/start.htm HTTP/1.1" 200 7516 "http://winterior.com.ua/" "Mozilla/4.0 (compatible; MSIE 6.0; Windows NT 5.1; SV1)"
46.118.127.106 - - [23/Feb/2014:16:05:57 +0100] "GET /seiten/start.htm HTTP/1.1" 200 7516 "http://winterior.com.ua/" "Mozilla/4.0 (compatible; MSIE 6.0; Windows NT 5.1; SV1)"
46.118.125.84 - - [23/Feb/2014:16:54:55 +0100] "GET /seiten/start.htm HTTP/1.1" 200 7516 "http://myliveblog.ru/" "Mozilla/4.0 (compatible; MSIE 6.0; Windows 98; Win 9x 4.90; Creative)"
46.118.125.84 - - [23/Feb/2014:16:54:55 +0100] "GET /seiten/start.htm HTTP/1.1" 200 7516 "http://myliveblog.ru/" "Mozilla/4.0 (compatible; MSIE 6.0; Windows 98; Win 9x 4.90; Creative)"
46.118.125.84 - - [23/Feb/2014:16:54:55 +0100] "GET /seiten/start.htm HTTP/1.1" 200 7516 "http://myliveblog.ru/" "Mozilla/4.0 (compatible; MSIE 6.0; Windows 98; Win 9x 4.90; Creative)"
208.115.111.73 - - [23/Feb/2014:18:36:14 +0100] "GET /robots.txt HTTP/1.1" 200 157 "-" "Mozilla/5.0 (compatible; Ezooms/1.0; help@moz.com)"
37.203.212.249 - - [23/Feb/2014:18:51:10 +0100] "GET /seiten/links.htm HTTP/1.1" 200 7302 "http://www.dialyse-borna.de" "Mozilla/4.0 (compatible; MSIE 6.0; Windows NT 5.1; en) Opera 8.50"
208.115.111.73 - - [23/Feb/2014:20:31:49 +0100] "GET /seiten/impr.htm HTTP/1.1" 200 9648 "-" "Mozilla/5.0 (compatible; Ezooms/1.0; help@moz.com)"
188.0.67.114 - - [23/Feb/2014:20:46:20 +0100] "GET /seiten/links.htm HTTP/1.0" 200 7302 "http://www.dialyse-borna.de/seiten/links.htm" "Opera/9.80 (Windows NT 6.1; WOW64; Edition Yx) Presto/2.12.388 Version/12.10"
66.249.78.101 - - [23/Feb/2014:21:29:07 +0100] "GET /seiten/impr.htm HTTP/1.1" 304 - "-" "Mozilla/5.0 (iPhone; CPU iPhone OS 6_0 like Mac OS X) AppleWebKit/536.26 (KHTML, like Gecko) Version/6.0 Mobile/10A5376e Safari/8536.25 (compatible; Googlebot/2.1; +http://www.google.com/bot.html)"
66.249.78.101 - - [23/Feb/2014:22:57:36 +0100] "GET / HTTP/1.1" 200 2663 "-" "Mozilla/5.0 (iPhone; CPU iPhone OS 6_0 like Mac OS X) AppleWebKit/536.26 (KHTML, like Gecko) Version/6.0 Mobile/10A5376e Safari/8536.25 (compatible; Googlebot/2.1; +http://www.google.com/bot.html)"
94.153.64.133 - - [24/Feb/2014:00:32:51 +0100] "GET /seiten/start.htm HTTP/1.1" 200 7516 "http://youdesigner.kz/" "Mozilla/4.0 (compatible; MSIE 6.0; Windows NT 5.2; SV1; .NET CLR 1.1.4322; .NET CLR 2.0.50727)"
94.153.64.133 - - [24/Feb/2014:00:32:52 +0100] "GET /seiten/start.htm HTTP/1.1" 200 7516 "http://youdesigner.kz/" "Mozilla/4.0 (compatible; MSIE 6.0; Windows NT 5.2; SV1; .NET CLR 1.1.4322; .NET CLR 2.0.50727)"
94.153.64.133 - - [24/Feb/2014:00:32:52 +0100] "GET /seiten/start.htm HTTP/1.1" 200 7516 "http://youdesigner.kz/" "Mozilla/4.0 (compatible; MSIE 6.0; Windows NT 5.2; SV1; .NET CLR 1.1.4322; .NET CLR 2.0.50727)"
141.8.147.12 - - [24/Feb/2014:02:54:30 +0100] "GET /robots.txt HTTP/1.1" 200 157 "-" "Mozilla/5.0 (compatible; YandexBot/3.0; +http://yandex.com/bots)"
94.153.65.49 - - [24/Feb/2014:05:42:30 +0100] "GET /seiten/start.htm HTTP/1.1" 200 7516 "http://www.bookmaker-bet.com/" "Mozilla/4.0 (compatible; MSIE 5.5; Windows NT 5.0; .NET CLR 1.1.4322)"
94.153.65.49 - - [24/Feb/2014:05:42:31 +0100] "GET /seiten/start.htm HTTP/1.1" 200 7516 "http://www.bookmaker-bet.com/" "Mozilla/4.0 (compatible; MSIE 5.5; Windows NT 5.0; .NET CLR 1.1.4322)"
94.153.65.49 - - [24/Feb/2014:05:42:31 +0100] "GET /seiten/start.htm HTTP/1.1" 200 7516 "http://www.bookmaker-bet.com/" "Mozilla/4.0 (compatible; MSIE 5.5; Windows NT 5.0; .NET CLR 1.1.4322)"
95.91.59.228 - - [24/Feb/2014:11:02:04 +0100] "GET /seiten/impr.htm HTTP/1.1" 200 9648 "http://www.google.de/url?sa=t&rct=j&q=&esrc=s&source=web&cd=4&ved=0CEkQFjAD&url=http%3A%2F%2Fwww.dialyse-borna.de%2Fseiten%2Fimpr.htm&ei=GRgLU4XyMeHD7AbzooGYCA&usg=AFQjCNHLZZEhkKT2QkjwwRmqgb-uGk-kyg&bvm=bv.61725948,d.ZGU" "Mozilla/5.0 (Windows NT 6.2; WOW64; rv:27.0) Gecko/20100101 Firefox/27.0"
95.91.59.228 - - [24/Feb/2014:11:02:04 +0100] "GET /css/borna.css HTTP/1.1" 200 2909 "http://www.dialyse-borna.de/seiten/impr.htm" "Mozilla/5.0 (Windows NT 6.2; WOW64; rv:27.0) Gecko/20100101 Firefox/27.0"
95.91.59.228 - - [24/Feb/2014:11:02:04 +0100] "GET /img/men01.gif HTTP/1.1" 200 432 "http://www.dialyse-borna.de/seiten/impr.htm" "Mozilla/5.0 (Windows NT 6.2; WOW64; rv:27.0) Gecko/20100101 Firefox/27.0"
95.91.59.228 - - [24/Feb/2014:11:02:04 +0100] "GET /img/1pixel.gif HTTP/1.1" 200 45 "http://www.dialyse-borna.de/seiten/impr.htm" "Mozilla/5.0 (Windows NT 6.2; WOW64; rv:27.0) Gecko/20100101 Firefox/27.0"
95.91.59.228 - - [24/Feb/2014:11:02:04 +0100] "GET /img/men02.gif HTTP/1.1" 200 1273 "http://www.dialyse-borna.de/seiten/impr.htm" "Mozilla/5.0 (Windows NT 6.2; WOW64; rv:27.0) Gecko/20100101 Firefox/27.0"
95.91.59.228 - - [24/Feb/2014:11:02:04 +0100] "GET /img/men03.gif HTTP/1.1" 200 1621 "http://www.dialyse-borna.de/seiten/impr.htm" "Mozilla/5.0 (Windows NT 6.2; WOW64; rv:27.0) Gecko/20100101 Firefox/27.0"
95.91.59.228 - - [24/Feb/2014:11:02:04 +0100] "GET /img/men04.gif HTTP/1.1" 200 1395 "http://www.dialyse-borna.de/seiten/impr.htm" "Mozilla/5.0 (Windows NT 6.2; WOW64; rv:27.0) Gecko/20100101 Firefox/27.0"
95.91.59.228 - - [24/Feb/2014:11:02:04 +0100] "GET /img/men06.gif HTTP/1.1" 200 1162 "http://www.dialyse-borna.de/seiten/impr.htm" "Mozilla/5.0 (Windows NT 6.2; WOW64; rv:27.0) Gecko/20100101 Firefox/27.0"
95.91.59.228 - - [24/Feb/2014:11:02:04 +0100] "GET /img/men07.gif HTTP/1.1" 200 1396 "http://www.dialyse-borna.de/seiten/impr.htm" "Mozilla/5.0 (Windows NT 6.2; WOW64; rv:27.0) Gecko/20100101 Firefox/27.0"
95.91.59.228 - - [24/Feb/2014:11:02:04 +0100] "GET /img/men08a.gif HTTP/1.1" 200 819 "http://www.dialyse-borna.de/seiten/impr.htm" "Mozilla/5.0 (Windows NT 6.2; WOW64; rv:27.0) Gecko/20100101 Firefox/27.0"
95.91.59.228 - - [24/Feb/2014:11:02:04 +0100] "GET /img/men09.gif HTTP/1.1" 200 708 "http://www.dialyse-borna.de/seiten/impr.htm" "Mozilla/5.0 (Windows NT 6.2; WOW64; rv:27.0) Gecko/20100101 Firefox/27.0"
95.91.59.228 - - [24/Feb/2014:11:02:04 +0100] "GET /img/lay03.gif HTTP/1.1" 200 671 "http://www.dialyse-borna.de/seiten/impr.htm" "Mozilla/5.0 (Windows NT 6.2; WOW64; rv:27.0) Gecko/20100101 Firefox/27.0"
95.91.59.228 - - [24/Feb/2014:11:02:04 +0100] "GET /img/lay04.gif HTTP/1.1" 200 210 "http://www.dialyse-borna.de/seiten/impr.htm" "Mozilla/5.0 (Windows NT 6.2; WOW64; rv:27.0) Gecko/20100101 Firefox/27.0"
95.91.59.228 - - [24/Feb/2014:11:02:04 +0100] "GET /img/lay07.gif HTTP/1.1" 200 272 "http://www.dialyse-borna.de/seiten/impr.htm" "Mozilla/5.0 (Windows NT 6.2; WOW64; rv:27.0) Gecko/20100101 Firefox/27.0"
95.91.59.228 - - [24/Feb/2014:11:02:04 +0100] "GET /img/bg2.gif HTTP/1.1" 200 49 "http://www.dialyse-borna.de/seiten/impr.htm" "Mozilla/5.0 (Windows NT 6.2; WOW64; rv:27.0) Gecko/20100101 Firefox/27.0"
95.91.59.228 - - [24/Feb/2014:11:02:04 +0100] "GET /img/lay01.gif HTTP/1.1" 200 384 "http://www.dialyse-borna.de/seiten/impr.htm" "Mozilla/5.0 (Windows NT 6.2; WOW64; rv:27.0) Gecko/20100101 Firefox/27.0"
95.91.59.228 - - [24/Feb/2014:11:02:04 +0100] "GET /img/lay02.gif HTTP/1.1" 200 3503 "http://www.dialyse-borna.de/seiten/impr.htm" "Mozilla/5.0 (Windows NT 6.2; WOW64; rv:27.0) Gecko/20100101 Firefox/27.0"
95.91.59.228 - - [24/Feb/2014:11:02:04 +0100] "GET /img/lay08.gif HTTP/1.1" 200 322 "http://www.dialyse-borna.de/seiten/impr.htm" "Mozilla/5.0 (Windows NT 6.2; WOW64; rv:27.0) Gecko/20100101 Firefox/27.0"
95.91.59.228 - - [24/Feb/2014:11:02:04 +0100] "GET /img/bg3.gif HTTP/1.1" 200 143 "http://www.dialyse-borna.de/seiten/impr.htm" "Mozilla/5.0 (Windows NT 6.2; WOW64; rv:27.0) Gecko/20100101 Firefox/27.0"
95.91.59.228 - - [24/Feb/2014:11:02:04 +0100] "GET /img/bg1.gif HTTP/1.1" 200 54 "http://www.dialyse-borna.de/seiten/impr.htm" "Mozilla/5.0 (Windows NT 6.2; WOW64; rv:27.0) Gecko/20100101 Firefox/27.0"
95.91.59.228 - - [24/Feb/2014:11:02:04 +0100] "GET /img/bg4.gif HTTP/1.1" 200 135 "http://www.dialyse-borna.de/seiten/impr.htm" "Mozilla/5.0 (Windows NT 6.2; WOW64; rv:27.0) Gecko/20100101 Firefox/27.0"
95.91.59.228 - - [24/Feb/2014:11:02:04 +0100] "GET /img/lay05.gif HTTP/1.1" 200 541 "http://www.dialyse-borna.de/seiten/impr.htm" "Mozilla/5.0 (Windows NT 6.2; WOW64; rv:27.0) Gecko/20100101 Firefox/27.0"
95.91.59.228 - - [24/Feb/2014:11:02:04 +0100] "GET /img/men02a.gif HTTP/1.1" 200 589 "http://www.dialyse-borna.de/seiten/impr.htm" "Mozilla/5.0 (Windows NT 6.2; WOW64; rv:27.0) Gecko/20100101 Firefox/27.0"
95.91.59.228 - - [24/Feb/2014:11:02:04 +0100] "GET /img/men03a.gif HTTP/1.1" 200 820 "http://www.dialyse-borna.de/seiten/impr.htm" "Mozilla/5.0 (Windows NT 6.2; WOW64; rv:27.0) Gecko/20100101 Firefox/27.0"
95.91.59.228 - - [24/Feb/2014:11:02:04 +0100] "GET /img/men04a.gif HTTP/1.1" 200 669 "http://www.dialyse-borna.de/seiten/impr.htm" "Mozilla/5.0 (Windows NT 6.2; WOW64; rv:27.0) Gecko/20100101 Firefox/27.0"
95.91.59.228 - - [24/Feb/2014:11:02:04 +0100] "GET /img/men05a.gif HTTP/1.1" 200 556 "http://www.dialyse-borna.de/seiten/impr.htm" "Mozilla/5.0 (Windows NT 6.2; WOW64; rv:27.0) Gecko/20100101 Firefox/27.0"
95.91.59.228 - - [24/Feb/2014:11:02:04 +0100] "GET /img/men06a.gif HTTP/1.1" 200 518 "http://www.dialyse-borna.de/seiten/impr.htm" "Mozilla/5.0 (Windows NT 6.2; WOW64; rv:27.0) Gecko/20100101 Firefox/27.0"
95.91.59.228 - - [24/Feb/2014:11:02:04 +0100] "GET /img/men07a.gif HTTP/1.1" 200 666 "http://www.dialyse-borna.de/seiten/impr.htm" "Mozilla/5.0 (Windows NT 6.2; WOW64; rv:27.0) Gecko/20100101 Firefox/27.0"
95.91.59.228 - - [24/Feb/2014:11:02:04 +0100] "GET /favicon.ico HTTP/1.1" 404 1256 "-" "Mozilla/5.0 (Windows NT 6.2; WOW64; rv:27.0) Gecko/20100101 Firefox/27.0"
95.91.59.228 - - [24/Feb/2014:11:02:04 +0100] "GET /favicon.ico HTTP/1.1" 404 1256 "-" "Mozilla/5.0 (Windows NT 6.2; WOW64; rv:27.0) Gecko/20100101 Firefox/27.0"
95.91.59.228 - - [24/Feb/2014:11:03:24 +0100] "GET /seiten/praxis.htm HTTP/1.1" 200 7847 "http://www.dialyse-borna.de/seiten/impr.htm" "Mozilla/5.0 (Windows NT 6.2; WOW64; rv:27.0) Gecko/20100101 Firefox/27.0"
95.91.59.228 - - [24/Feb/2014:11:03:25 +0100] "GET /img/men08.gif HTTP/1.1" 200 1642 "http://www.dialyse-borna.de/seiten/praxis.htm" "Mozilla/5.0 (Windows NT 6.2; WOW64; rv:27.0) Gecko/20100101 Firefox/27.0"
95.91.59.228 - - [24/Feb/2014:11:03:25 +0100] "GET /img/schild.jpg HTTP/1.1" 200 12757 "http://www.dialyse-borna.de/seiten/praxis.htm" "Mozilla/5.0 (Windows NT 6.2; WOW64; rv:27.0) Gecko/20100101 Firefox/27.0"
95.91.59.228 - - [24/Feb/2014:11:03:32 +0100] "GET /seiten/leist.htm HTTP/1.1" 200 7640 "http://www.dialyse-borna.de/seiten/praxis.htm" "Mozilla/5.0 (Windows NT 6.2; WOW64; rv:27.0) Gecko/20100101 Firefox/27.0"
95.91.59.228 - - [24/Feb/2014:11:03:32 +0100] "GET /img/leist.jpg HTTP/1.1" 200 18546 "http://www.dialyse-borna.de/seiten/leist.htm" "Mozilla/5.0 (Windows NT 6.2; WOW64; rv:27.0) Gecko/20100101 Firefox/27.0"
95.91.59.228 - - [24/Feb/2014:11:03:34 +0100] "GET /seiten/dialyse.htm HTTP/1.1" 200 7403 "http://www.dialyse-borna.de/seiten/leist.htm" "Mozilla/5.0 (Windows NT 6.2; WOW64; rv:27.0) Gecko/20100101 Firefox/27.0"
95.91.59.228 - - [24/Feb/2014:11:03:34 +0100] "GET /img/dialyse.jpg HTTP/1.1" 200 18017 "http://www.dialyse-borna.de/seiten/dialyse.htm" "Mozilla/5.0 (Windows NT 6.2; WOW64; rv:27.0) Gecko/20100101 Firefox/27.0"
95.91.59.228 - - [24/Feb/2014:11:03:37 +0100] "GET /seiten/links.htm HTTP/1.1" 200 7302 "http://www.dialyse-borna.de/seiten/dialyse.htm" "Mozilla/5.0 (Windows NT 6.2; WOW64; rv:27.0) Gecko/20100101 Firefox/27.0"
95.91.59.228 - - [24/Feb/2014:11:03:37 +0100] "GET /img/links.jpg HTTP/1.1" 200 15669 "http://www.dialyse-borna.de/seiten/links.htm" "Mozilla/5.0 (Windows NT 6.2; WOW64; rv:27.0) Gecko/20100101 Firefox/27.0"
95.91.59.228 - - [24/Feb/2014:11:03:43 +0100] "GET /seiten/kont.htm HTTP/1.1" 200 8048 "http://www.dialyse-borna.de/seiten/links.htm" "Mozilla/5.0 (Windows NT 6.2; WOW64; rv:27.0) Gecko/20100101 Firefox/27.0"
66.249.78.101 - - [24/Feb/2014:11:33:03 +0100] "GET /img/leist.jpg HTTP/1.1" 200 18546 "-" "Googlebot-Image/1.0"
31.41.216.107 - - [24/Feb/2014:11:37:15 +0100] "GET /seiten/ HTTP/1.0" 403 1222 "http://www.dialyse-borna.de/seiten/" "Mozilla/5.0 (Windows NT 5.1; rv:16.0) Gecko/20100101 Firefox/16.0"
31.41.216.107 - - [24/Feb/2014:11:37:15 +0100] "GET / HTTP/1.0" 200 2663 "http://www.dialyse-borna.de/seiten/" "Mozilla/5.0 (Windows NT 5.1; rv:16.0) Gecko/20100101 Firefox/16.0"
141.8.147.12 - - [24/Feb/2014:11:53:53 +0100] "GET /seiten/news.php HTTP/1.1" 200 7079 "-" "Mozilla/5.0 (compatible; YandexBot/3.0; +http://yandex.com/bots)"
141.8.147.12 - - [24/Feb/2014:16:04:57 +0100] "GET /robots.txt HTTP/1.1" 200 157 "-" "Mozilla/5.0 (compatible; YandexBot/3.0; +http://yandex.com/bots)"
46.118.125.84 - - [24/Feb/2014:16:42:23 +0100] "GET /seiten/start.htm HTTP/1.1" 200 7516 "http://vseuznaem.com/" "Mozilla/4.0 (compatible; MSIE 6.0; Windows NT 5.1; MRA 4.3 (build 01218); .NET CLR 1.1.4322)"
46.118.125.84 - - [24/Feb/2014:16:42:26 +0100] "GET /seiten/start.htm HTTP/1.1" 200 7516 "http://vseuznaem.com/" "Mozilla/4.0 (compatible; MSIE 6.0; Windows NT 5.1; MRA 4.3 (build 01218); .NET CLR 1.1.4322)"
46.118.125.84 - - [24/Feb/2014:16:42:30 +0100] "GET /seiten/start.htm HTTP/1.1" 200 7516 "http://vseuznaem.com/" "Mozilla/4.0 (compatible; MSIE 6.0; Windows NT 5.1; MRA 4.3 (build 01218); .NET CLR 1.1.4322)"
94.153.64.133 - - [24/Feb/2014:17:23:02 +0100] "GET /seiten/start.htm HTTP/1.1" 200 7516 "http://blogpic.ru/" "Mozilla/4.0 (compatible; MSIE 6.0; AOL 9.0; Windows NT 5.1)"
94.153.64.133 - - [24/Feb/2014:17:23:03 +0100] "GET /seiten/start.htm HTTP/1.1" 200 7516 "http://blogpic.ru/" "Mozilla/4.0 (compatible; MSIE 6.0; AOL 9.0; Windows NT 5.1)"
94.153.64.133 - - [24/Feb/2014:17:23:03 +0100] "GET /seiten/start.htm HTTP/1.1" 200 7516 "http://blogpic.ru/" "Mozilla/4.0 (compatible; MSIE 6.0; AOL 9.0; Windows NT 5.1)"
66.249.78.101 - - [24/Feb/2014:20:28:36 +0100] "GET /robots.txt HTTP/1.1" 200 157 "-" "Mozilla/5.0 (compatible; Googlebot/2.1; +http://www.google.com/bot.html)"
66.249.78.101 - - [24/Feb/2014:20:28:36 +0100] "GET /seiten/start.htm HTTP/1.1" 304 - "-" "Mozilla/5.0 (iPhone; CPU iPhone OS 6_0 like Mac OS X) AppleWebKit/536.26 (KHTML, like Gecko) Version/6.0 Mobile/10A5376e Safari/8536.25 (compatible; Googlebot/2.1; +http://www.google.com/bot.html)"
94.153.65.49 - - [24/Feb/2014:21:30:21 +0100] "GET /seiten/start.htm HTTP/1.1" 200 7516 "http://vostgard.com/" "Mozilla/4.0 (compatible; MSIE 7.0b; Windows NT 6.0 ; .NET CLR 2.0.50215; SL Commerce Client v1.0; Tablet PC 2.0"
94.153.65.49 - - [24/Feb/2014:21:30:22 +0100] "GET /seiten/start.htm HTTP/1.1" 200 7516 "http://vostgard.com/" "Mozilla/4.0 (compatible; MSIE 7.0b; Windows NT 6.0 ; .NET CLR 2.0.50215; SL Commerce Client v1.0; Tablet PC 2.0"
94.153.65.49 - - [24/Feb/2014:21:30:22 +0100] "GET /seiten/start.htm HTTP/1.1" 200 7516 "http://vostgard.com/" "Mozilla/4.0 (compatible; MSIE 7.0b; Windows NT 6.0 ; .NET CLR 2.0.50215; SL Commerce Client v1.0; Tablet PC 2.0"
66.249.78.101 - - [24/Feb/2014:21:31:18 +0100] "GET /cddxyfyacaqtuwm.html HTTP/1.1" 404 1256 "-" "Mozilla/5.0 (compatible; Googlebot/2.1; +http://www.google.com/bot.html)"
92.249.127.111 - - [24/Feb/2014:21:39:22 +0100] "GET /seiten/start.htm HTTP/1.1" 200 7516 "http://chimiver.info/" "Mozilla/4.0 (compatible; MSIE 6.0; AOL 9.0; Windows NT 5.1)"
