46.118.127.106 - - [17/Feb/2014:16:54:05 +0100] "GET /seiten/start.htm HTTP/1.1" 200 7516 "http://promokodoff.net/" "Mozilla/4.0 (compatible; MSIE 6.0; Windows NT 5.1; Deepnet Explorer 1.5.0; .NET CLR 1.0.3705)"
85.25.202.18 - - [17/Feb/2014:18:19:11 +0100] "GET / HTTP/1.1" 200 2663 "http://www.sumaja.de/?such_wert=borna" "Mozilla/4.0 (compatible; MSIE 8.0; Windows NT 6.1; Trident/4.0; SLCC2; .NET CLR 2.0.50727; .NET CLR 3.5.30729; .NET CLR 3.0.30729; Media Center PC 6.0)"
46.118.125.84 - - [17/Feb/2014:18:33:41 +0100] "GET /seiten/start.htm HTTP/1.1" 200 7516 "http://foxoweb.org/" "Mozilla/4.0 (compatible; MSIE 6.0; Windows NT 5.1; SV1; MRA 4.6 (build 01425); MRSPUTNIK 1, 5, 0, 19 SW)"
46.118.125.84 - - [17/Feb/2014:18:33:42 +0100] "GET /seiten/start.htm HTTP/1.1" 200 7516 "http://foxoweb.org/" "Mozilla/4.0 (compatible; MSIE 6.0; Windows NT 5.1; SV1; MRA 4.6 (build 01425); MRSPUTNIK 1, 5, 0, 19 SW)"
46.118.125.84 - - [17/Feb/2014:18:33:42 +0100] "GET /seiten/start.htm HTTP/1.1" 200 7516 "http://foxoweb.org/" "Mozilla/4.0 (compatible; MSIE 6.0; Windows NT 5.1; SV1; MRA 4.6 (build 01425); MRSPUTNIK 1, 5, 0, 19 SW)"
37.115.113.172 - - [17/Feb/2014:18:36:36 +0100] "GET /seiten/start.htm HTTP/1.1" 200 7516 "http://jjbabskoe.ru/" "Mozilla/4.0 (compatible; MSIE 6.0; Windows NT 5.1; SV1; InfoPath.1)"
37.115.113.172 - - [17/Feb/2014:18:36:37 +0100] "GET /seiten/start.htm HTTP/1.1" 200 7516 "http://jjbabskoe.ru/" "Mozilla/4.0 (compatible; MSIE 6.0; Windows NT 5.1; SV1; InfoPath.1)"
37.115.113.172 - - [17/Feb/2014:18:36:37 +0100] "GET /seiten/start.htm HTTP/1.1" 200 7516 "http://jjbabskoe.ru/" "Mozilla/4.0 (compatible; MSIE 6.0; Windows NT 5.1; SV1; InfoPath.1)"
141.8.147.12 - - [17/Feb/2014:18:41:19 +0100] "GET /robots.txt HTTP/1.1" 200 157 "-" "Mozilla/5.0 (compatible; YandexBot/3.0; +http://yandex.com/bots)"
141.8.147.12 - - [17/Feb/2014:18:41:43 +0100] "GET /img/bilder.swf HTTP/1.1" 200 78858 "-" "Mozilla/5.0 (compatible; YandexBot/3.0; +http://yandex.com/bots)"
37.115.112.88 - - [17/Feb/2014:19:55:51 +0100] "GET /seiten/start.htm HTTP/1.1" 200 7516 "http://animebox.com.ua/" "Mozilla/4.0 (compatible; MSIE 6.0; Windows NT 5.1; SV1; FunWebProducts; MRA 4.6 (build 01425); .NET CLR 1.1.4322; .NET CLR 2.0.50727)"
37.115.112.88 - - [17/Feb/2014:19:55:51 +0100] "GET /seiten/start.htm HTTP/1.1" 200 7516 "http://animebox.com.ua/" "Mozilla/4.0 (compatible; MSIE 6.0; Windows NT 5.1; SV1; FunWebProducts; MRA 4.6 (build 01425); .NET CLR 1.1.4322; .NET CLR 2.0.50727)"
37.115.112.88 - - [17/Feb/2014:19:55:52 +0100] "GET /seiten/start.htm HTTP/1.1" 200 7516 "http://animebox.com.ua/" "Mozilla/4.0 (compatible; MSIE 6.0; Windows NT 5.1; SV1; FunWebProducts; MRA 4.6 (build 01425); .NET CLR 1.1.4322; .NET CLR 2.0.50727)"
46.229.170.197 - - [17/Feb/2014:22:25:00 +0100] "GET / HTTP/1.1" 200 2663 "-" "Mozilla/5.0 (X11; Linux x86_64; rv:5.0) Gecko/20100101 Firefox/5.0 FirePHP/0.5"
66.249.78.101 - - [18/Feb/2014:02:12:12 +0100] "GET /robots.txt HTTP/1.1" 200 157 "-" "Mozilla/5.0 (compatible; Googlebot/2.1; +http://www.google.com/bot.html)"
66.249.78.101 - - [18/Feb/2014:02:12:13 +0100] "GET /seiten/start.htm HTTP/1.1" 304 - "-" "Mozilla/5.0 (compatible; Googlebot/2.1; +http://www.google.com/bot.html)"
66.249.78.101 - - [18/Feb/2014:03:22:23 +0100] "GET / HTTP/1.1" 200 2663 "-" "Mozilla/5.0 (compatible; Googlebot/2.1; +http://www.google.com/bot.html)"
66.249.78.101 - - [18/Feb/2014:03:26:27 +0100] "GET /seiten/start.htm HTTP/1.1" 200 7516 "-" "Mozilla/5.0 (compatible; Googlebot/2.1; +http://www.google.com/bot.html)"
66.249.78.101 - - [18/Feb/2014:05:14:30 +0100] "GET /seiten/start.htm HTTP/1.1" 304 - "-" "Mozilla/5.0 (iPhone; CPU iPhone OS 6_0 like Mac OS X) AppleWebKit/536.26 (KHTML, like Gecko) Version/6.0 Mobile/10A5376e Safari/8536.25 (compatible; Googlebot/2.1; +http://www.google.com/bot.html)"
46.118.127.106 - - [18/Feb/2014:05:28:16 +0100] "GET /seiten/start.htm HTTP/1.1" 200 7516 "http://coldfilm.ru/" "Mozilla/4.0 (compatible; MSIE 6.0; Windows NT 5.1; SV1; FunWebProducts; .NET CLR 1.1.4322; PeoplePal 6.2)"
46.118.127.106 - - [18/Feb/2014:05:28:17 +0100] "GET /seiten/start.htm HTTP/1.1" 200 7516 "http://coldfilm.ru/" "Mozilla/4.0 (compatible; MSIE 6.0; Windows NT 5.1; SV1; FunWebProducts; .NET CLR 1.1.4322; PeoplePal 6.2)"
193.111.141.134 - - [18/Feb/2014:06:44:42 +0100] "GET /seiten/kont.htm HTTP/1.1" 200 8048 "-" "Mozilla/5.0 (X11; Linux i686; rv:6.0) Gecko/20100101 Firefox/6.0"
94.23.161.188 - - [18/Feb/2014:06:44:45 +0100] "GET /seiten/impr.htm HTTP/1.1" 200 9648 "-" "Mozilla/5.0 (X11; Linux i686; rv:6.0) Gecko/20100101 Firefox/6.0"
92.249.127.111 - - [18/Feb/2014:08:12:55 +0100] "GET /seiten/start.htm HTTP/1.1" 200 7516 "http://chimiver.info/" "Mozilla/4.0 (compatible; MSIE 6.0; AOL 9.0; Windows NT 5.1)"
92.249.127.111 - - [18/Feb/2014:08:12:56 +0100] "GET /seiten/start.htm HTTP/1.1" 200 7516 "http://chimiver.info/" "Mozilla/4.0 (compatible; MSIE 6.0; AOL 9.0; Windows NT 5.1)"
92.249.127.111 - - [18/Feb/2014:08:12:56 +0100] "GET /seiten/start.htm HTTP/1.1" 200 7516 "http://chimiver.info/" "Mozilla/4.0 (compatible; MSIE 6.0; AOL 9.0; Windows NT 5.1)"
178.255.215.88 - - [18/Feb/2014:08:55:40 +0100] "GET /robots.txt HTTP/1.1" 200 157 "-" "Mozilla/5.0 (compatible; Exabot/3.0 (BiggerBetter); +http://www.exabot.com/go/robot)"
178.255.215.88 - - [18/Feb/2014:08:55:40 +0100] "GET /seiten/links.htm HTTP/1.1" 200 7302 "-" "Mozilla/5.0 (compatible; Exabot/3.0 (BiggerBetter); +http://www.exabot.com/go/robot)"
178.255.215.88 - - [18/Feb/2014:08:55:43 +0100] "GET /seiten/impr.htm HTTP/1.1" 200 9648 "-" "Mozilla/5.0 (compatible; Exabot/3.0 (BiggerBetter); +http://www.exabot.com/go/robot)"
139.18.235.208 - - [18/Feb/2014:09:21:04 +0100] "GET /seiten/start.htm HTTP/1.1" 200 7516 "http://www.bing.com/search?q=dialyse+borna&src=IE-SearchBox&Form=IE8SRC" "Mozilla/4.0 (compatible; MSIE 8.0; Windows NT 5.2; Trident/4.0; .NET CLR 1.1.4322; .NET CLR 2.0.50727; .NET CLR 3.0.04506.648; .NET CLR 3.5.21022; .NET CLR 3.0.4506.2152; .NET CLR 3.5.30729; .NET4.0C; .NET4.0E; InfoPath.1)"
139.18.235.208 - - [18/Feb/2014:09:21:05 +0100] "GET /css/borna.css HTTP/1.1" 200 2909 "http://www.dialyse-borna.de/seiten/start.htm" "Mozilla/4.0 (compatible; MSIE 8.0; Windows NT 5.2; Trident/4.0; .NET CLR 1.1.4322; .NET CLR 2.0.50727; .NET CLR 3.0.04506.648; .NET CLR 3.5.21022; .NET CLR 3.0.4506.2152; .NET CLR 3.5.30729; .NET4.0C; .NET4.0E; InfoPath.1)"
139.18.235.208 - - [18/Feb/2014:09:21:05 +0100] "GET /img/bg2.gif HTTP/1.1" 200 49 "http://www.dialyse-borna.de/seiten/start.htm" "Mozilla/4.0 (compatible; MSIE 8.0; Windows NT 5.2; Trident/4.0; .NET CLR 1.1.4322; .NET CLR 2.0.50727; .NET CLR 3.0.04506.648; .NET CLR 3.5.21022; .NET CLR 3.0.4506.2152; .NET CLR 3.5.30729; .NET4.0C; .NET4.0E; InfoPath.1)"
139.18.235.208 - - [18/Feb/2014:09:21:05 +0100] "GET /img/men01.gif HTTP/1.1" 200 432 "http://www.dialyse-borna.de/seiten/start.htm" "Mozilla/4.0 (compatible; MSIE 8.0; Windows NT 5.2; Trident/4.0; .NET CLR 1.1.4322; .NET CLR 2.0.50727; .NET CLR 3.0.04506.648; .NET CLR 3.5.21022; .NET CLR 3.0.4506.2152; .NET CLR 3.5.30729; .NET4.0C; .NET4.0E; InfoPath.1)"
139.18.235.208 - - [18/Feb/2014:09:21:05 +0100] "GET /img/men03.gif HTTP/1.1" 200 1621 "http://www.dialyse-borna.de/seiten/start.htm" "Mozilla/4.0 (compatible; MSIE 8.0; Windows NT 5.2; Trident/4.0; .NET CLR 1.1.4322; .NET CLR 2.0.50727; .NET CLR 3.0.04506.648; .NET CLR 3.5.21022; .NET CLR 3.0.4506.2152; .NET CLR 3.5.30729; .NET4.0C; .NET4.0E; InfoPath.1)"
139.18.235.208 - - [18/Feb/2014:09:21:05 +0100] "GET /img/main_pic.jpg HTTP/1.1" 200 14864 "http://www.dialyse-borna.de/seiten/start.htm" "Mozilla/4.0 (compatible; MSIE 8.0; Windows NT 5.2; Trident/4.0; .NET CLR 1.1.4322; .NET CLR 2.0.50727; .NET CLR 3.0.04506.648; .NET CLR 3.5.21022; .NET CLR 3.0.4506.2152; .NET CLR 3.5.30729; .NET4.0C; .NET4.0E; InfoPath.1)"
139.18.235.208 - - [18/Feb/2014:09:21:05 +0100] "GET /img/lay04.gif HTTP/1.1" 200 210 "http://www.dialyse-borna.de/seiten/start.htm" "Mozilla/4.0 (compatible; MSIE 8.0; Windows NT 5.2; Trident/4.0; .NET CLR 1.1.4322; .NET CLR 2.0.50727; .NET CLR 3.0.04506.648; .NET CLR 3.5.21022; .NET CLR 3.0.4506.2152; .NET CLR 3.5.30729; .NET4.0C; .NET4.0E; InfoPath.1)"
139.18.235.208 - - [18/Feb/2014:09:21:05 +0100] "GET /img/men02a.gif HTTP/1.1" 200 589 "http://www.dialyse-borna.de/seiten/start.htm" "Mozilla/4.0 (compatible; MSIE 8.0; Windows NT 5.2; Trident/4.0; .NET CLR 1.1.4322; .NET CLR 2.0.50727; .NET CLR 3.0.04506.648; .NET CLR 3.5.21022; .NET CLR 3.0.4506.2152; .NET CLR 3.5.30729; .NET4.0C; .NET4.0E; InfoPath.1)"
139.18.235.208 - - [18/Feb/2014:09:21:05 +0100] "GET /img/men09.gif HTTP/1.1" 200 708 "http://www.dialyse-borna.de/seiten/start.htm" "Mozilla/4.0 (compatible; MSIE 8.0; Windows NT 5.2; Trident/4.0; .NET CLR 1.1.4322; .NET CLR 2.0.50727; .NET CLR 3.0.04506.648; .NET CLR 3.5.21022; .NET CLR 3.0.4506.2152; .NET CLR 3.5.30729; .NET4.0C; .NET4.0E; InfoPath.1)"
139.18.235.208 - - [18/Feb/2014:09:21:05 +0100] "GET /img/lay02.gif HTTP/1.1" 200 3503 "http://www.dialyse-borna.de/seiten/start.htm" "Mozilla/4.0 (compatible; MSIE 8.0; Windows NT 5.2; Trident/4.0; .NET CLR 1.1.4322; .NET CLR 2.0.50727; .NET CLR 3.0.04506.648; .NET CLR 3.5.21022; .NET CLR 3.0.4506.2152; .NET CLR 3.5.30729; .NET4.0C; .NET4.0E; InfoPath.1)"
139.18.235.208 - - [18/Feb/2014:09:21:05 +0100] "GET /img/1pixel.gif HTTP/1.1" 200 45 "http://www.dialyse-borna.de/seiten/start.htm" "Mozilla/4.0 (compatible; MSIE 8.0; Windows NT 5.2; Trident/4.0; .NET CLR 1.1.4322; .NET CLR 2.0.50727; .NET CLR 3.0.04506.648; .NET CLR 3.5.21022; .NET CLR 3.0.4506.2152; .NET CLR 3.5.30729; .NET4.0C; .NET4.0E; InfoPath.1)"
139.18.235.208 - - [18/Feb/2014:09:21:05 +0100] "GET /img/men07.gif HTTP/1.1" 200 1396 "http://www.dialyse-borna.de/seiten/start.htm" "Mozilla/4.0 (compatible; MSIE 8.0; Windows NT 5.2; Trident/4.0; .NET CLR 1.1.4322; .NET CLR 2.0.50727; .NET CLR 3.0.04506.648; .NET CLR 3.5.21022; .NET CLR 3.0.4506.2152; .NET CLR 3.5.30729; .NET4.0C; .NET4.0E; InfoPath.1)"
139.18.235.208 - - [18/Feb/2014:09:21:05 +0100] "GET /img/men08.gif HTTP/1.1" 200 1642 "http://www.dialyse-borna.de/seiten/start.htm" "Mozilla/4.0 (compatible; MSIE 8.0; Windows NT 5.2; Trident/4.0; .NET CLR 1.1.4322; .NET CLR 2.0.50727; .NET CLR 3.0.04506.648; .NET CLR 3.5.21022; .NET CLR 3.0.4506.2152; .NET CLR 3.5.30729; .NET4.0C; .NET4.0E; InfoPath.1)"
139.18.235.208 - - [18/Feb/2014:09:21:05 +0100] "GET /img/bg3.gif HTTP/1.1" 200 143 "http://www.dialyse-borna.de/seiten/start.htm" "Mozilla/4.0 (compatible; MSIE 8.0; Windows NT 5.2; Trident/4.0; .NET CLR 1.1.4322; .NET CLR 2.0.50727; .NET CLR 3.0.04506.648; .NET CLR 3.5.21022; .NET CLR 3.0.4506.2152; .NET CLR 3.5.30729; .NET4.0C; .NET4.0E; InfoPath.1)"
139.18.235.208 - - [18/Feb/2014:09:21:05 +0100] "GET /img/lay08.gif HTTP/1.1" 200 322 "http://www.dialyse-borna.de/seiten/start.htm" "Mozilla/4.0 (compatible; MSIE 8.0; Windows NT 5.2; Trident/4.0; .NET CLR 1.1.4322; .NET CLR 2.0.50727; .NET CLR 3.0.04506.648; .NET CLR 3.5.21022; .NET CLR 3.0.4506.2152; .NET CLR 3.5.30729; .NET4.0C; .NET4.0E; InfoPath.1)"
139.18.235.208 - - [18/Feb/2014:09:21:05 +0100] "GET /img/bg1.gif HTTP/1.1" 200 54 "http://www.dialyse-borna.de/seiten/start.htm" "Mozilla/4.0 (compatible; MSIE 8.0; Windows NT 5.2; Trident/4.0; .NET CLR 1.1.4322; .NET CLR 2.0.50727; .NET CLR 3.0.04506.648; .NET CLR 3.5.21022; .NET CLR 3.0.4506.2152; .NET CLR 3.5.30729; .NET4.0C; .NET4.0E; InfoPath.1)"
139.18.235.208 - - [18/Feb/2014:09:21:05 +0100] "GET /img/men04.gif HTTP/1.1" 200 1395 "http://www.dialyse-borna.de/seiten/start.htm" "Mozilla/4.0 (compatible; MSIE 8.0; Windows NT 5.2; Trident/4.0; .NET CLR 1.1.4322; .NET CLR 2.0.50727; .NET CLR 3.0.04506.648; .NET CLR 3.5.21022; .NET CLR 3.0.4506.2152; .NET CLR 3.5.30729; .NET4.0C; .NET4.0E; InfoPath.1)"
139.18.235.208 - - [18/Feb/2014:09:21:05 +0100] "GET /img/lay05.gif HTTP/1.1" 200 541 "http://www.dialyse-borna.de/seiten/start.htm" "Mozilla/4.0 (compatible; MSIE 8.0; Windows NT 5.2; Trident/4.0; .NET CLR 1.1.4322; .NET CLR 2.0.50727; .NET CLR 3.0.04506.648; .NET CLR 3.5.21022; .NET CLR 3.0.4506.2152; .NET CLR 3.5.30729; .NET4.0C; .NET4.0E; InfoPath.1)"
139.18.235.208 - - [18/Feb/2014:09:21:05 +0100] "GET /img/bg4.gif HTTP/1.1" 200 135 "http://www.dialyse-borna.de/seiten/start.htm" "Mozilla/4.0 (compatible; MSIE 8.0; Windows NT 5.2; Trident/4.0; .NET CLR 1.1.4322; .NET CLR 2.0.50727; .NET CLR 3.0.04506.648; .NET CLR 3.5.21022; .NET CLR 3.0.4506.2152; .NET CLR 3.5.30729; .NET4.0C; .NET4.0E; InfoPath.1)"
139.18.235.208 - - [18/Feb/2014:09:21:05 +0100] "GET /img/bilder.swf HTTP/1.1" 200 78858 "http://www.dialyse-borna.de/seiten/start.htm" "Mozilla/4.0 (compatible; MSIE 8.0; Windows NT 5.2; Trident/4.0; .NET CLR 1.1.4322; .NET CLR 2.0.50727; .NET CLR 3.0.04506.648; .NET CLR 3.5.21022; .NET CLR 3.0.4506.2152; .NET CLR 3.5.30729; .NET4.0C; .NET4.0E; InfoPath.1)"
139.18.235.208 - - [18/Feb/2014:09:21:06 +0100] "GET /img/men06.gif HTTP/1.1" 200 1162 "http://www.dialyse-borna.de/seiten/start.htm" "Mozilla/4.0 (compatible; MSIE 8.0; Windows NT 5.2; Trident/4.0; .NET CLR 1.1.4322; .NET CLR 2.0.50727; .NET CLR 3.0.04506.648; .NET CLR 3.5.21022; .NET CLR 3.0.4506.2152; .NET CLR 3.5.30729; .NET4.0C; .NET4.0E; InfoPath.1)"
139.18.235.208 - - [18/Feb/2014:09:21:06 +0100] "GET /img/lay03.gif HTTP/1.1" 200 671 "http://www.dialyse-borna.de/seiten/start.htm" "Mozilla/4.0 (compatible; MSIE 8.0; Windows NT 5.2; Trident/4.0; .NET CLR 1.1.4322; .NET CLR 2.0.50727; .NET CLR 3.0.04506.648; .NET CLR 3.5.21022; .NET CLR 3.0.4506.2152; .NET CLR 3.5.30729; .NET4.0C; .NET4.0E; InfoPath.1)"
139.18.235.208 - - [18/Feb/2014:09:21:07 +0100] "GET /img/lay07.gif HTTP/1.1" 200 272 "http://www.dialyse-borna.de/seiten/start.htm" "Mozilla/4.0 (compatible; MSIE 8.0; Windows NT 5.2; Trident/4.0; .NET CLR 1.1.4322; .NET CLR 2.0.50727; .NET CLR 3.0.04506.648; .NET CLR 3.5.21022; .NET CLR 3.0.4506.2152; .NET CLR 3.5.30729; .NET4.0C; .NET4.0E; InfoPath.1)"
139.18.235.208 - - [18/Feb/2014:09:21:07 +0100] "GET /img/pfeil.jpg HTTP/1.1" 200 380 "http://www.dialyse-borna.de/seiten/start.htm" "Mozilla/4.0 (compatible; MSIE 8.0; Windows NT 5.2; Trident/4.0; .NET CLR 1.1.4322; .NET CLR 2.0.50727; .NET CLR 3.0.04506.648; .NET CLR 3.5.21022; .NET CLR 3.0.4506.2152; .NET CLR 3.5.30729; .NET4.0C; .NET4.0E; InfoPath.1)"
139.18.235.208 - - [18/Feb/2014:09:21:07 +0100] "GET /img/lay01.gif HTTP/1.1" 200 384 "http://www.dialyse-borna.de/seiten/start.htm" "Mozilla/4.0 (compatible; MSIE 8.0; Windows NT 5.2; Trident/4.0; .NET CLR 1.1.4322; .NET CLR 2.0.50727; .NET CLR 3.0.04506.648; .NET CLR 3.5.21022; .NET CLR 3.0.4506.2152; .NET CLR 3.5.30729; .NET4.0C; .NET4.0E; InfoPath.1)"
139.18.235.208 - - [18/Feb/2014:09:21:07 +0100] "GET /img/men04a.gif HTTP/1.1" 200 669 "http://www.dialyse-borna.de/seiten/start.htm" "Mozilla/4.0 (compatible; MSIE 8.0; Windows NT 5.2; Trident/4.0; .NET CLR 1.1.4322; .NET CLR 2.0.50727; .NET CLR 3.0.04506.648; .NET CLR 3.5.21022; .NET CLR 3.0.4506.2152; .NET CLR 3.5.30729; .NET4.0C; .NET4.0E; InfoPath.1)"
139.18.235.208 - - [18/Feb/2014:09:21:07 +0100] "GET /img/men07a.gif HTTP/1.1" 200 666 "http://www.dialyse-borna.de/seiten/start.htm" "Mozilla/4.0 (compatible; MSIE 8.0; Windows NT 5.2; Trident/4.0; .NET CLR 1.1.4322; .NET CLR 2.0.50727; .NET CLR 3.0.04506.648; .NET CLR 3.5.21022; .NET CLR 3.0.4506.2152; .NET CLR 3.5.30729; .NET4.0C; .NET4.0E; InfoPath.1)"
139.18.235.208 - - [18/Feb/2014:09:21:07 +0100] "GET /img/men08a.gif HTTP/1.1" 200 819 "http://www.dialyse-borna.de/seiten/start.htm" "Mozilla/4.0 (compatible; MSIE 8.0; Windows NT 5.2; Trident/4.0; .NET CLR 1.1.4322; .NET CLR 2.0.50727; .NET CLR 3.0.04506.648; .NET CLR 3.5.21022; .NET CLR 3.0.4506.2152; .NET CLR 3.5.30729; .NET4.0C; .NET4.0E; InfoPath.1)"
139.18.235.208 - - [18/Feb/2014:09:21:07 +0100] "GET /img/men05a.gif HTTP/1.1" 200 556 "http://www.dialyse-borna.de/seiten/start.htm" "Mozilla/4.0 (compatible; MSIE 8.0; Windows NT 5.2; Trident/4.0; .NET CLR 1.1.4322; .NET CLR 2.0.50727; .NET CLR 3.0.04506.648; .NET CLR 3.5.21022; .NET CLR 3.0.4506.2152; .NET CLR 3.5.30729; .NET4.0C; .NET4.0E; InfoPath.1)"
139.18.235.208 - - [18/Feb/2014:09:21:07 +0100] "GET /img/men06a.gif HTTP/1.1" 200 518 "http://www.dialyse-borna.de/seiten/start.htm" "Mozilla/4.0 (compatible; MSIE 8.0; Windows NT 5.2; Trident/4.0; .NET CLR 1.1.4322; .NET CLR 2.0.50727; .NET CLR 3.0.04506.648; .NET CLR 3.5.21022; .NET CLR 3.0.4506.2152; .NET CLR 3.5.30729; .NET4.0C; .NET4.0E; InfoPath.1)"
139.18.235.208 - - [18/Feb/2014:09:21:07 +0100] "GET /img/men03a.gif HTTP/1.1" 200 820 "http://www.dialyse-borna.de/seiten/start.htm" "Mozilla/4.0 (compatible; MSIE 8.0; Windows NT 5.2; Trident/4.0; .NET CLR 1.1.4322; .NET CLR 2.0.50727; .NET CLR 3.0.04506.648; .NET CLR 3.5.21022; .NET CLR 3.0.4506.2152; .NET CLR 3.5.30729; .NET4.0C; .NET4.0E; InfoPath.1)"
139.18.235.208 - - [18/Feb/2014:09:21:07 +0100] "GET /favicon.ico HTTP/1.1" 404 1256 "-" "Mozilla/4.0 (compatible; MSIE 8.0; Windows NT 5.2; Trident/4.0; .NET CLR 1.1.4322; .NET CLR 2.0.50727; .NET CLR 3.0.04506.648; .NET CLR 3.5.21022; .NET CLR 3.0.4506.2152; .NET CLR 3.5.30729; .NET4.0C; .NET4.0E; InfoPath.1)"
139.18.235.208 - - [18/Feb/2014:09:22:11 +0100] "GET /seiten/leist.htm HTTP/1.1" 200 7640 "http://www.dialyse-borna.de/seiten/start.htm" "Mozilla/4.0 (compatible; MSIE 8.0; Windows NT 5.2; Trident/4.0; .NET CLR 1.1.4322; .NET CLR 2.0.50727; .NET CLR 3.0.04506.648; .NET CLR 3.5.21022; .NET CLR 3.0.4506.2152; .NET CLR 3.5.30729; .NET4.0C; .NET4.0E; InfoPath.1)"
139.18.235.208 - - [18/Feb/2014:09:22:11 +0100] "GET /img/men02.gif HTTP/1.1" 200 1273 "http://www.dialyse-borna.de/seiten/leist.htm" "Mozilla/4.0 (compatible; MSIE 8.0; Windows NT 5.2; Trident/4.0; .NET CLR 1.1.4322; .NET CLR 2.0.50727; .NET CLR 3.0.04506.648; .NET CLR 3.5.21022; .NET CLR 3.0.4506.2152; .NET CLR 3.5.30729; .NET4.0C; .NET4.0E; InfoPath.1)"
139.18.235.208 - - [18/Feb/2014:09:22:11 +0100] "GET /img/leist.jpg HTTP/1.1" 200 18546 "http://www.dialyse-borna.de/seiten/leist.htm" "Mozilla/4.0 (compatible; MSIE 8.0; Windows NT 5.2; Trident/4.0; .NET CLR 1.1.4322; .NET CLR 2.0.50727; .NET CLR 3.0.04506.648; .NET CLR 3.5.21022; .NET CLR 3.0.4506.2152; .NET CLR 3.5.30729; .NET4.0C; .NET4.0E; InfoPath.1)"
139.18.235.208 - - [18/Feb/2014:09:22:11 +0100] "GET /favicon.ico HTTP/1.1" 404 1256 "-" "Mozilla/4.0 (compatible; MSIE 8.0; Windows NT 5.2; Trident/4.0; .NET CLR 1.1.4322; .NET CLR 2.0.50727; .NET CLR 3.0.04506.648; .NET CLR 3.5.21022; .NET CLR 3.0.4506.2152; .NET CLR 3.5.30729; .NET4.0C; .NET4.0E; InfoPath.1)"
150.70.173.51 - - [18/Feb/2014:09:22:21 +0100] "GET /seiten/start.htm HTTP/1.1" 200 7516 "-" "Mozilla/4.0 (compatible; MSIE 8.0; Windows NT 5.1; Trident/4.0)"
139.18.235.208 - - [18/Feb/2014:09:22:35 +0100] "GET /seiten/dialyse.htm HTTP/1.1" 200 7403 "http://www.dialyse-borna.de/seiten/leist.htm" "Mozilla/4.0 (compatible; MSIE 8.0; Windows NT 5.2; Trident/4.0; .NET CLR 1.1.4322; .NET CLR 2.0.50727; .NET CLR 3.0.04506.648; .NET CLR 3.5.21022; .NET CLR 3.0.4506.2152; .NET CLR 3.5.30729; .NET4.0C; .NET4.0E; InfoPath.1)"
139.18.235.208 - - [18/Feb/2014:09:22:35 +0100] "GET /img/dialyse.jpg HTTP/1.1" 200 18017 "http://www.dialyse-borna.de/seiten/dialyse.htm" "Mozilla/4.0 (compatible; MSIE 8.0; Windows NT 5.2; Trident/4.0; .NET CLR 1.1.4322; .NET CLR 2.0.50727; .NET CLR 3.0.04506.648; .NET CLR 3.5.21022; .NET CLR 3.0.4506.2152; .NET CLR 3.5.30729; .NET4.0C; .NET4.0E; InfoPath.1)"
139.18.235.208 - - [18/Feb/2014:09:22:55 +0100] "GET /seiten/links.htm HTTP/1.1" 200 7302 "http://www.dialyse-borna.de/seiten/dialyse.htm" "Mozilla/4.0 (compatible; MSIE 8.0; Windows NT 5.2; Trident/4.0; .NET CLR 1.1.4322; .NET CLR 2.0.50727; .NET CLR 3.0.04506.648; .NET CLR 3.5.21022; .NET CLR 3.0.4506.2152; .NET CLR 3.5.30729; .NET4.0C; .NET4.0E; InfoPath.1)"
139.18.235.208 - - [18/Feb/2014:09:22:55 +0100] "GET /img/links.jpg HTTP/1.1" 200 15669 "http://www.dialyse-borna.de/seiten/links.htm" "Mozilla/4.0 (compatible; MSIE 8.0; Windows NT 5.2; Trident/4.0; .NET CLR 1.1.4322; .NET CLR 2.0.50727; .NET CLR 3.0.04506.648; .NET CLR 3.5.21022; .NET CLR 3.0.4506.2152; .NET CLR 3.5.30729; .NET4.0C; .NET4.0E; InfoPath.1)"
139.18.235.208 - - [18/Feb/2014:09:23:04 +0100] "GET /seiten/kont.htm HTTP/1.1" 200 8048 "http://www.dialyse-borna.de/seiten/links.htm" "Mozilla/4.0 (compatible; MSIE 8.0; Windows NT 5.2; Trident/4.0; .NET CLR 1.1.4322; .NET CLR 2.0.50727; .NET CLR 3.0.04506.648; .NET CLR 3.5.21022; .NET CLR 3.0.4506.2152; .NET CLR 3.5.30729; .NET4.0C; .NET4.0E; InfoPath.1)"
139.18.235.208 - - [18/Feb/2014:09:23:35 +0100] "GET /seiten/impr.htm HTTP/1.1" 200 9648 "http://www.dialyse-borna.de/seiten/kont.htm" "Mozilla/4.0 (compatible; MSIE 8.0; Windows NT 5.2; Trident/4.0; .NET CLR 1.1.4322; .NET CLR 2.0.50727; .NET CLR 3.0.04506.648; .NET CLR 3.5.21022; .NET CLR 3.0.4506.2152; .NET CLR 3.5.30729; .NET4.0C; .NET4.0E; InfoPath.1)"
150.70.172.105 - - [18/Feb/2014:09:26:44 +0100] "GET /seiten/start.htm HTTP/1.0" 200 7516 "-" "Mozilla/4.0 (compatible; MSIE 6.0; Windows NT 5.1)"
150.70.173.39 - - [18/Feb/2014:09:32:18 +0100] "GET / HTTP/1.1" 200 2663 "-" "Mozilla/4.0 (compatible; MSIE 8.0; Windows NT 5.1; Trident/4.0)"
66.249.78.101 - - [18/Feb/2014:09:34:29 +0100] "GET /img/bilder.swf HTTP/1.1" 200 78858 "-" "Mozilla/5.0 (iPhone; CPU iPhone OS 6_0 like Mac OS X) AppleWebKit/536.26 (KHTML, like Gecko) Version/6.0 Mobile/10A5376e Safari/8536.25 (compatible; Googlebot/2.1; +http://www.google.com/bot.html)"
37.115.113.172 - - [18/Feb/2014:11:34:30 +0100] "GET /seiten/start.htm HTTP/1.1" 200 7516 "http://www.sportbetfair.com/" "Mozilla/4.0 (compatible; MSIE 5.5; Windows NT 5.0; .NET CLR 1.1.4322)"
37.115.113.172 - - [18/Feb/2014:11:34:30 +0100] "GET /seiten/start.htm HTTP/1.1" 200 7516 "http://www.sportbetfair.com/" "Mozilla/4.0 (compatible; MSIE 5.5; Windows NT 5.0; .NET CLR 1.1.4322)"
37.115.113.172 - - [18/Feb/2014:11:34:30 +0100] "GET /seiten/start.htm HTTP/1.1" 200 7516 "http://www.sportbetfair.com/" "Mozilla/4.0 (compatible; MSIE 5.5; Windows NT 5.0; .NET CLR 1.1.4322)"
37.115.112.88 - - [18/Feb/2014:11:50:17 +0100] "GET /seiten/news.php HTTP/1.1" 200 7079 "http://pornoforadult.com/" "Mozilla/4.0 (compatible; MSIE 6.0; Windows NT 5.1; SV1; .NET CLR 1.1.4322; .NET CLR 2.0.50727)"
37.115.112.88 - - [18/Feb/2014:11:50:18 +0100] "GET /seiten/news.php HTTP/1.1" 200 7079 "http://pornoforadult.com/" "Mozilla/4.0 (compatible; MSIE 6.0; Windows NT 5.1; SV1; .NET CLR 1.1.4322; .NET CLR 2.0.50727)"
37.115.112.88 - - [18/Feb/2014:11:50:18 +0100] "GET /seiten/news.php HTTP/1.1" 200 7079 "http://pornoforadult.com/" "Mozilla/4.0 (compatible; MSIE 6.0; Windows NT 5.1; SV1; .NET CLR 1.1.4322; .NET CLR 2.0.50727)"
193.150.120.33 - - [18/Feb/2014:16:32:31 +0100] "GET /seiten/start.htm HTTP/1.1" 200 7516 "http://work.6bb.ru/" "Mozilla/4.0 (compatible; MSIE 5.5; Windows NT 5.0)"
193.150.120.33 - - [18/Feb/2014:16:32:32 +0100] "GET /seiten/start.htm HTTP/1.1" 200 7516 "http://work.6bb.ru/" "Mozilla/4.0 (compatible; MSIE 5.5; Windows NT 5.0)"
193.150.120.33 - - [18/Feb/2014:16:32:33 +0100] "GET /seiten/start.htm HTTP/1.1" 200 7516 "http://work.6bb.ru/" "Mozilla/4.0 (compatible; MSIE 5.5; Windows NT 5.0)"
193.150.120.33 - - [18/Feb/2014:16:49:09 +0100] "GET /seiten/start.htm HTTP/1.1" 200 7516 "http://vbabule.net/" "Mozilla/4.0 (compatible; MSIE 5.5; Windows NT 5.0)"
193.150.120.33 - - [18/Feb/2014:16:49:09 +0100] "GET /seiten/start.htm HTTP/1.1" 200 7516 "http://vbabule.net/" "Mozilla/4.0 (compatible; MSIE 5.5; Windows NT 5.0)"
193.150.120.33 - - [18/Feb/2014:16:49:10 +0100] "GET /seiten/start.htm HTTP/1.1" 200 7516 "http://vbabule.net/" "Mozilla/4.0 (compatible; MSIE 5.5; Windows NT 5.0)"
66.249.78.101 - - [18/Feb/2014:17:02:55 +0100] "GET / HTTP/1.1" 200 2663 "-" "Mozilla/5.0 (iPhone; CPU iPhone OS 6_0 like Mac OS X) AppleWebKit/536.26 (KHTML, like Gecko) Version/6.0 Mobile/10A5376e Safari/8536.25 (compatible; Googlebot/2.1; +http://www.google.com/bot.html)"
66.249.78.101 - - [18/Feb/2014:17:05:08 +0100] "GET /seiten/start.htm HTTP/1.1" 200 7516 "-" "Mozilla/5.0 (iPhone; CPU iPhone OS 6_0 like Mac OS X) AppleWebKit/536.26 (KHTML, like Gecko) Version/6.0 Mobile/10A5376e Safari/8536.25 (compatible; Googlebot-Mobile/2.1; +http://www.google.com/bot.html)"
37.115.112.88 - - [18/Feb/2014:19:10:41 +0100] "GET /seiten/start.htm HTTP/1.1" 200 7516 "http://snomer1.ru/" "Mozilla/4.0 (compatible; MSIE 6.0; AOL 9.0; Windows NT 5.1)"
37.115.112.88 - - [18/Feb/2014:19:10:42 +0100] "GET /seiten/start.htm HTTP/1.1" 200 7516 "http://snomer1.ru/" "Mozilla/4.0 (compatible; MSIE 6.0; AOL 9.0; Windows NT 5.1)"
37.115.112.88 - - [18/Feb/2014:19:10:42 +0100] "GET /seiten/start.htm HTTP/1.1" 200 7516 "http://snomer1.ru/" "Mozilla/4.0 (compatible; MSIE 6.0; AOL 9.0; Windows NT 5.1)"
66.249.78.101 - - [18/Feb/2014:21:19:06 +0100] "GET /seiten/dialyse.htm HTTP/1.1" 304 - "-" "Mozilla/5.0 (iPhone; CPU iPhone OS 6_0 like Mac OS X) AppleWebKit/536.26 (KHTML, like Gecko) Version/6.0 Mobile/10A5376e Safari/8536.25 (compatible; Googlebot/2.1; +http://www.google.com/bot.html)"
82.193.99.33 - - [18/Feb/2014:21:49:30 +0100] "GET /seiten/start.htm HTTP/1.1" 200 7516 "http://lovecs.ru/" "Mozilla/4.0 (compatible; MSIE 6.0; Windows 98; Win 9x 4.90; Creative)"
82.193.99.33 - - [18/Feb/2014:21:49:31 +0100] "GET /seiten/start.htm HTTP/1.1" 200 7516 "http://lovecs.ru/" "Mozilla/4.0 (compatible; MSIE 6.0; Windows 98; Win 9x 4.90; Creative)"
82.193.99.33 - - [18/Feb/2014:21:49:31 +0100] "GET /seiten/start.htm HTTP/1.1" 200 7516 "http://lovecs.ru/" "Mozilla/4.0 (compatible; MSIE 6.0; Windows 98; Win 9x 4.90; Creative)"
178.255.215.88 - - [18/Feb/2014:23:41:09 +0100] "GET /seiten/dialyse.htm HTTP/1.1" 200 7403 "-" "Mozilla/5.0 (compatible; Exabot/3.0 (BiggerBetter); +http://www.exabot.com/go/robot)"
217.225.166.124 - - [19/Feb/2014:04:35:12 +0100] "GET / HTTP/1.1" 200 2663 "http://www.bigfinder.de/?c=ws&q=online&v=1" "T-Online Browser"
217.225.166.124 - - [19/Feb/2014:04:53:58 +0100] "GET / HTTP/1.1" 200 2663 "http://m.bigfinder.de/?c=ws&q=internet&v=1" "Mozilla/5.0 (Windows; U; Windows NT 6.0; en-US) AppleWebKit/533.4 (KHTML, like Gecko) Chrome/5.0.375.126 Safari/533.4"
66.249.78.101 - - [19/Feb/2014:05:05:16 +0100] "GET /robots.txt HTTP/1.1" 200 157 "-" "Mozilla/5.0 (compatible; Googlebot/2.1; +http://www.google.com/bot.html)"
66.249.78.101 - - [19/Feb/2014:05:05:16 +0100] "GET /seiten/kont.htm HTTP/1.1" 304 - "-" "Mozilla/5.0 (iPhone; CPU iPhone OS 6_0 like Mac OS X) AppleWebKit/536.26 (KHTML, like Gecko) Version/6.0 Mobile/10A5376e Safari/8536.25 (compatible; Googlebot/2.1; +http://www.google.com/bot.html)"
109.120.157.179 - - [19/Feb/2014:06:52:06 +0100] "GET /seiten/start.htm HTTP/1.1" 200 7516 "http://prank.su/load" "Mozilla/5.0 (compatible; Add Catalog/2.1;)"
109.120.157.179 - - [19/Feb/2014:06:52:06 +0100] "GET /seiten/start.htm HTTP/1.1" 200 7516 "http://prank.su/load" "Mozilla/5.0 (compatible; Add Catalog/2.1;)"
141.8.147.12 - - [19/Feb/2014:09:38:58 +0100] "GET /robots.txt HTTP/1.1" 200 157 "-" "Mozilla/5.0 (compatible; YandexBot/3.0; +http://yandex.com/bots)"
141.8.147.12 - - [19/Feb/2014:09:39:00 +0100] "GET /img/dialyse.jpg HTTP/1.1" 304 - "-" "Mozilla/5.0 (compatible; YandexImages/3.0; +http://yandex.com/bots)"
46.118.125.84 - - [19/Feb/2014:10:13:49 +0100] "GET /seiten/start.htm HTTP/1.1" 200 7516 "http://vseuznaem.com/" "Mozilla/4.0 (compatible; MSIE 6.0; Windows NT 5.1; ru) Opera 8.01"
46.118.125.84 - - [19/Feb/2014:10:13:49 +0100] "GET /seiten/start.htm HTTP/1.1" 200 7516 "http://vseuznaem.com/" "Mozilla/4.0 (compatible; MSIE 6.0; Windows NT 5.1; ru) Opera 8.01"
46.118.125.84 - - [19/Feb/2014:10:13:50 +0100] "GET /seiten/start.htm HTTP/1.1" 200 7516 "http://vseuznaem.com/" "Mozilla/4.0 (compatible; MSIE 6.0; Windows NT 5.1; ru) Opera 8.01"
134.249.52.9 - - [19/Feb/2014:10:47:46 +0100] "GET /seiten/start.htm HTTP/1.1" 200 7516 "http://www.sax-sex.com.ua/" "Opera/7.60 (Windows NT 5.2; U) [en] (IBM EVV/3.0/EAK01AG9/LE)"
134.249.52.9 - - [19/Feb/2014:10:47:48 +0100] "GET /seiten/start.htm HTTP/1.1" 200 7516 "http://www.sax-sex.com.ua/" "Opera/7.60 (Windows NT 5.2; U) [en] (IBM EVV/3.0/EAK01AG9/LE)"
134.249.52.9 - - [19/Feb/2014:10:47:48 +0100] "GET /seiten/start.htm HTTP/1.1" 200 7516 "http://www.sax-sex.com.ua/" "Opera/7.60 (Windows NT 5.2; U) [en] (IBM EVV/3.0/EAK01AG9/LE)"
94.23.233.204 - - [19/Feb/2014:10:52:53 +0100] "GET /seiten/praxis.htm HTTP/1.1" 200 7847 "-" "Mozilla/4.0 (compatible; MSIE 6.0; Windows NT 5.1; SV1)"
94.23.233.204 - - [19/Feb/2014:10:52:53 +0100] "GET /seiten/start.htm HTTP/1.1" 200 7516 "-" "Mozilla/4.0 (compatible; MSIE 6.0; Windows NT 5.1; SV1)"
94.23.233.204 - - [19/Feb/2014:10:52:53 +0100] "GET /seiten/leist.htm HTTP/1.1" 200 7640 "-" "Mozilla/4.0 (compatible; MSIE 6.0; Windows NT 5.1; SV1)"
94.23.233.204 - - [19/Feb/2014:10:52:53 +0100] "GET /seiten/dialyse.htm HTTP/1.1" 200 7403 "-" "Mozilla/4.0 (compatible; MSIE 6.0; Windows NT 5.1; SV1)"
94.23.233.204 - - [19/Feb/2014:10:52:53 +0100] "GET /seiten/links.htm HTTP/1.1" 200 7302 "-" "Mozilla/4.0 (compatible; MSIE 6.0; Windows NT 5.1; SV1)"
94.23.233.204 - - [19/Feb/2014:10:52:53 +0100] "GET /seiten/kont.htm HTTP/1.1" 200 8048 "-" "Mozilla/4.0 (compatible; MSIE 6.0; Windows NT 5.1; SV1)"
94.23.233.204 - - [19/Feb/2014:10:52:53 +0100] "GET /seiten/impr.htm HTTP/1.1" 200 9648 "-" "Mozilla/4.0 (compatible; MSIE 6.0; Windows NT 5.1; SV1)"
141.8.147.12 - - [19/Feb/2014:12:30:03 +0100] "GET /img/leist.jpg HTTP/1.1" 304 - "-" "Mozilla/5.0 (compatible; YandexImages/3.0; +http://yandex.com/bots)"
141.8.147.12 - - [19/Feb/2014:13:25:36 +0100] "GET /img/main_pic.jpg HTTP/1.1" 304 - "-" "Mozilla/5.0 (compatible; YandexImages/3.0; +http://yandex.com/bots)"
141.8.147.12 - - [19/Feb/2014:14:56:49 +0100] "GET /img/links.jpg HTTP/1.1" 304 - "-" "Mozilla/5.0 (compatible; YandexImages/3.0; +http://yandex.com/bots)"
141.8.147.12 - - [19/Feb/2014:14:59:53 +0100] "GET /img/schild.jpg HTTP/1.1" 304 - "-" "Mozilla/5.0 (compatible; YandexImages/3.0; +http://yandex.com/bots)"
66.249.78.101 - - [19/Feb/2014:15:16:09 +0100] "GET /robots.txt HTTP/1.1" 200 157 "-" "Mozilla/5.0 (compatible; Googlebot/2.1; +http://www.google.com/bot.html)"
66.249.78.101 - - [19/Feb/2014:15:16:09 +0100] "GET /seiten/start.htm HTTP/1.1" 200 7516 "-" "SAMSUNG-SGH-E250/1.0 Profile/MIDP-2.0 Configuration/CLDC-1.1 UP.Browser/6.2.3.3.c.1.101 (GUI) MMP/2.0 (compatible; Googlebot-Mobile/2.1; +http://www.google.com/bot.html)"
193.111.141.54 - - [19/Feb/2014:15:16:58 +0100] "GET /seiten/impr.htm HTTP/1.1" 200 9648 "-" "Mozilla/5.0 (X11; Linux i686; rv:6.0) Gecko/20100101 Firefox/6.0"
66.249.78.101 - - [19/Feb/2014:17:25:42 +0100] "GET /seiten/start.htm HTTP/1.1" 304 - "-" "Mozilla/5.0 (iPhone; CPU iPhone OS 6_0 like Mac OS X) AppleWebKit/536.26 (KHTML, like Gecko) Version/6.0 Mobile/10A5376e Safari/8536.25 (compatible; Googlebot/2.1; +http://www.google.com/bot.html)"
66.249.78.101 - - [19/Feb/2014:21:16:36 +0100] "GET /seiten/impr.htm HTTP/1.1" 304 - "-" "Mozilla/5.0 (iPhone; CPU iPhone OS 6_0 like Mac OS X) AppleWebKit/536.26 (KHTML, like Gecko) Version/6.0 Mobile/10A5376e Safari/8536.25 (compatible; Googlebot/2.1; +http://www.google.com/bot.html)"
217.225.166.124 - - [20/Feb/2014:00:06:41 +0100] "GET / HTTP/1.1" 200 2663 "http://m.bigfinder.de/?c=ws&q=internet&v=1" "Mozilla/5.0 (Windows; U; Windows NT 6.0; en-US) AppleWebKit/533.4 (KHTML, like Gecko) Chrome/5.0.375.126 Safari/533.4"
178.137.5.3 - - [20/Feb/2014:00:08:13 +0100] "GET /seiten/start.htm HTTP/1.1" 200 7516 "http://cardsharp1.ru/" "Mozilla/4.0 (compatible; MSIE 7.0; Windows NT 5.1; SV1; .NET CLR 2.0.50727)"
178.137.5.3 - - [20/Feb/2014:00:08:14 +0100] "GET /seiten/start.htm HTTP/1.1" 200 7516 "http://cardsharp1.ru/" "Mozilla/4.0 (compatible; MSIE 7.0; Windows NT 5.1; SV1; .NET CLR 2.0.50727)"
178.137.5.3 - - [20/Feb/2014:00:08:14 +0100] "GET /seiten/start.htm HTTP/1.1" 200 7516 "http://cardsharp1.ru/" "Mozilla/4.0 (compatible; MSIE 7.0; Windows NT 5.1; SV1; .NET CLR 2.0.50727)"
66.249.78.101 - - [20/Feb/2014:00:08:40 +0100] "GET /seiten/dialyse.htm HTTP/1.1" 304 - "-" "Mozilla/5.0 (iPhone; CPU iPhone OS 6_0 like Mac OS X) AppleWebKit/536.26 (KHTML, like Gecko) Version/6.0 Mobile/10A5376e Safari/8536.25 (compatible; Googlebot/2.1; +http://www.google.com/bot.html)"
141.8.147.12 - - [20/Feb/2014:00:48:11 +0100] "GET /robots.txt HTTP/1.1" 200 157 "-" "Mozilla/5.0 (compatible; YandexBot/3.0; +http://yandex.com/bots)"
92.249.127.111 - - [20/Feb/2014:01:41:31 +0100] "GET /seiten/start.htm HTTP/1.1" 200 7516 "http://chimiver.info/" "Mozilla/4.0 (compatible; MSIE 6.0; AOL 9.0; Windows NT 5.1)"
92.249.127.111 - - [20/Feb/2014:01:41:32 +0100] "GET /seiten/start.htm HTTP/1.1" 200 7516 "http://chimiver.info/" "Mozilla/4.0 (compatible; MSIE 6.0; AOL 9.0; Windows NT 5.1)"
92.249.127.111 - - [20/Feb/2014:01:41:32 +0100] "GET /seiten/start.htm HTTP/1.1" 200 7516 "http://chimiver.info/" "Mozilla/4.0 (compatible; MSIE 6.0; AOL 9.0; Windows NT 5.1)"
66.249.78.101 - - [20/Feb/2014:02:12:31 +0100] "GET /seiten/dialyse.htm HTTP/1.1" 304 - "-" "Mozilla/5.0 (iPhone; CPU iPhone OS 6_0 like Mac OS X) AppleWebKit/536.26 (KHTML, like Gecko) Version/6.0 Mobile/10A5376e Safari/8536.25 (compatible; Googlebot/2.1; +http://www.google.com/bot.html)"
134.249.52.9 - - [20/Feb/2014:02:46:27 +0100] "GET /seiten/start.htm HTTP/1.1" 200 7516 "http://www.swisstrade.ru/" "Mozilla/4.0 (compatible; MSIE 7.0b; Windows NT 6.0)"
134.249.52.9 - - [20/Feb/2014:02:46:27 +0100] "GET /seiten/start.htm HTTP/1.1" 200 7516 "http://www.swisstrade.ru/" "Mozilla/4.0 (compatible; MSIE 7.0b; Windows NT 6.0)"
134.249.52.9 - - [20/Feb/2014:02:46:27 +0100] "GET /seiten/start.htm HTTP/1.1" 200 7516 "http://www.swisstrade.ru/" "Mozilla/4.0 (compatible; MSIE 7.0b; Windows NT 6.0)"
178.255.215.88 - - [20/Feb/2014:04:23:24 +0100] "GET /robots.txt HTTP/1.1" 200 157 "-" "Mozilla/5.0 (compatible; Exabot/3.0 (BiggerBetter); +http://www.exabot.com/go/robot)"
178.255.215.88 - - [20/Feb/2014:04:23:24 +0100] "GET /seiten/praxis.htm HTTP/1.1" 200 7847 "-" "Mozilla/5.0 (compatible; Exabot/3.0 (BiggerBetter); +http://www.exabot.com/go/robot)"
178.255.215.88 - - [20/Feb/2014:04:23:27 +0100] "GET /seiten/kont.htm HTTP/1.1" 200 8048 "-" "Mozilla/5.0 (compatible; Exabot/3.0 (BiggerBetter); +http://www.exabot.com/go/robot)"
141.8.147.12 - - [20/Feb/2014:04:42:02 +0100] "GET /seiten/news.php HTTP/1.1" 200 7079 "-" "Mozilla/5.0 (compatible; YandexBot/3.0; +http://yandex.com/bots)"
46.118.125.84 - - [20/Feb/2014:06:19:49 +0100] "GET /seiten/start.htm HTTP/1.1" 200 7516 "http://mobplayer.ru/" "Mozilla/4.0 (compatible; MSIE 6.0; Windows NT 5.1; TheFreeDictionary.com; .NET CLR 1.1.4322; .NET CLR 1.0.3705; .NET CLR 2.0.50727)"
46.118.125.84 - - [20/Feb/2014:06:19:49 +0100] "GET /seiten/start.htm HTTP/1.1" 200 7516 "http://mobplayer.ru/" "Mozilla/4.0 (compatible; MSIE 6.0; Windows NT 5.1; TheFreeDictionary.com; .NET CLR 1.1.4322; .NET CLR 1.0.3705; .NET CLR 2.0.50727)"
46.118.125.84 - - [20/Feb/2014:06:19:50 +0100] "GET /seiten/start.htm HTTP/1.1" 200 7516 "http://mobplayer.ru/" "Mozilla/4.0 (compatible; MSIE 6.0; Windows NT 5.1; TheFreeDictionary.com; .NET CLR 1.1.4322; .NET CLR 1.0.3705; .NET CLR 2.0.50727)"
141.8.147.12 - - [20/Feb/2014:07:15:25 +0100] "GET / HTTP/1.1" 200 2663 "-" "Mozilla/5.0 (compatible; YandexBot/3.0; +http://yandex.com/bots)"
66.249.78.101 - - [20/Feb/2014:07:22:51 +0100] "GET /seiten/links.htm HTTP/1.1" 304 - "-" "Mozilla/5.0 (iPhone; CPU iPhone OS 6_0 like Mac OS X) AppleWebKit/536.26 (KHTML, like Gecko) Version/6.0 Mobile/10A5376e Safari/8536.25 (compatible; Googlebot/2.1; +http://www.google.com/bot.html)"
85.176.113.39 - - [20/Feb/2014:08:27:39 +0100] "HEAD /robots.txt HTTP/1.1" 206 - "-" "Toplistbot"
85.176.113.39 - - [20/Feb/2014:08:27:39 +0100] "GET /robots.txt HTTP/1.1" 206 157 "-" "Toplistbot"
85.176.113.39 - - [20/Feb/2014:08:27:39 +0100] "GET /seiten/kont.htm HTTP/1.1" 206 8048 "-" "Toplistbot"
85.176.113.39 - - [20/Feb/2014:09:47:45 +0100] "HEAD /robots.txt HTTP/1.1" 206 - "-" "Toplistbot"
85.176.113.39 - - [20/Feb/2014:09:47:45 +0100] "GET /robots.txt HTTP/1.1" 206 157 "-" "Toplistbot"
85.176.113.39 - - [20/Feb/2014:09:47:45 +0100] "GET / HTTP/1.1" 206 2663 "-" "Toplistbot"
85.176.113.39 - - [20/Feb/2014:09:47:46 +0100] "GET /favicon.ico HTTP/1.1" 404 1256 "-" "Toplistbot"
85.176.113.39 - - [20/Feb/2014:09:53:40 +0100] "HEAD /robots.txt HTTP/1.1" 206 - "-" "Toplistbot"
85.176.113.39 - - [20/Feb/2014:09:53:40 +0100] "GET /robots.txt HTTP/1.1" 206 157 "-" "Toplistbot"
85.176.113.39 - - [20/Feb/2014:09:53:40 +0100] "GET / HTTP/1.1" 206 2663 "-" "Toplistbot"
85.176.113.39 - - [20/Feb/2014:09:53:40 +0100] "GET /seiten/start.htm HTTP/1.1" 206 7516 "-" "Toplistbot"
178.137.5.3 - - [20/Feb/2014:12:00:28 +0100] "GET /seiten/start.htm HTTP/1.1" 200 7516 "http://rangapoker.com/_/ruletka" "Mozilla/4.0 (compatible; MSIE 6.0; Windows NT 5.1; SV1; .NET CLR 1.1.4322) NS8/0.9.6"
178.137.5.3 - - [20/Feb/2014:12:00:29 +0100] "GET /seiten/start.htm HTTP/1.1" 200 7516 "http://rangapoker.com/_/ruletka" "Mozilla/4.0 (compatible; MSIE 6.0; Windows NT 5.1; SV1; .NET CLR 1.1.4322) NS8/0.9.6"
178.137.5.3 - - [20/Feb/2014:12:00:30 +0100] "GET /seiten/start.htm HTTP/1.1" 200 7516 "http://rangapoker.com/_/ruletka" "Mozilla/4.0 (compatible; MSIE 6.0; Windows NT 5.1; SV1; .NET CLR 1.1.4322) NS8/0.9.6"
193.150.120.33 - - [20/Feb/2014:13:10:16 +0100] "GET /seiten/start.htm HTTP/1.1" 200 7516 "http://sexvporno.ru/" "Mozilla/4.0 (compatible; MSIE 6.0; Windows NT 5.1; SV1; .NET CLR 1.1.4322) Babya Discoverer 8.0:"
193.150.120.33 - - [20/Feb/2014:13:10:16 +0100] "GET /seiten/start.htm HTTP/1.1" 200 7516 "http://sexvporno.ru/" "Mozilla/4.0 (compatible; MSIE 6.0; Windows NT 5.1; SV1; .NET CLR 1.1.4322) Babya Discoverer 8.0:"
193.150.120.33 - - [20/Feb/2014:13:10:17 +0100] "GET /seiten/start.htm HTTP/1.1" 200 7516 "http://sexvporno.ru/" "Mozilla/4.0 (compatible; MSIE 6.0; Windows NT 5.1; SV1; .NET CLR 1.1.4322) Babya Discoverer 8.0:"
157.55.33.91 - - [20/Feb/2014:14:14:32 +0100] "GET /robots.txt HTTP/1.1" 200 157 "-" "Mozilla/5.0 (compatible; bingbot/2.0; +http://www.bing.com/bingbot.htm)"
157.55.33.91 - - [20/Feb/2014:14:45:40 +0100] "GET /seiten/impr.htm HTTP/1.1" 200 9648 "-" "Mozilla/5.0 (compatible; bingbot/2.0; +http://www.bing.com/bingbot.htm)"
46.118.127.106 - - [20/Feb/2014:15:08:58 +0100] "GET /seiten/start.htm HTTP/1.1" 200 7516 "http://delayreferat.ru/" "Mozilla/4.0 (compatible; MSIE 6.0; Windows 98; Win 9x 4.90; Creative)"
46.118.127.106 - - [20/Feb/2014:15:09:03 +0100] "GET /seiten/start.htm HTTP/1.1" 200 7516 "http://delayreferat.ru/" "Mozilla/4.0 (compatible; MSIE 6.0; Windows 98; Win 9x 4.90; Creative)"
46.118.127.106 - - [20/Feb/2014:15:09:04 +0100] "GET /seiten/start.htm HTTP/1.1" 200 7516 "http://delayreferat.ru/" "Mozilla/4.0 (compatible; MSIE 6.0; Windows 98; Win 9x 4.90; Creative)"
62.212.73.211 - - [20/Feb/2014:15:39:12 +0100] "GET /robots.txt HTTP/1.0" 200 157 "-" "Mozilla/5.0 (compatible; MJ12bot/v1.4.4; http://www.majestic12.co.uk/bot.php?+)"
62.212.73.211 - - [20/Feb/2014:15:39:15 +0100] "GET / HTTP/1.0" 200 2663 "-" "Mozilla/5.0 (compatible; MJ12bot/v1.4.4; http://www.majestic12.co.uk/bot.php?+)"
65.55.24.239 - - [20/Feb/2014:15:47:03 +0100] "GET /robots.txt HTTP/1.1" 200 157 "-" "Mozilla/5.0 (compatible; bingbot/2.0; +http://www.bing.com/bingbot.htm)"
141.8.147.12 - - [20/Feb/2014:16:03:38 +0100] "GET /robots.txt HTTP/1.1" 200 157 "-" "Mozilla/5.0 (compatible; YandexBot/3.0; +http://yandex.com/bots)"
141.8.147.12 - - [20/Feb/2014:16:10:25 +0100] "GET /img/bilder.swf HTTP/1.1" 200 78858 "-" "Mozilla/5.0 (compatible; YandexBot/3.0; +http://yandex.com/bots)"
94.153.65.49 - - [20/Feb/2014:16:25:48 +0100] "GET /seiten/start.htm HTTP/1.1" 200 7516 "http://www.sportbetfair.com/" "Mozilla/4.0 (compatible; MSIE 5.5; Windows NT 5.0; .NET CLR 1.1.4322)"
94.153.65.49 - - [20/Feb/2014:16:25:48 +0100] "GET /seiten/start.htm HTTP/1.1" 200 7516 "http://www.sportbetfair.com/" "Mozilla/4.0 (compatible; MSIE 5.5; Windows NT 5.0; .NET CLR 1.1.4322)"
94.153.65.49 - - [20/Feb/2014:16:25:49 +0100] "GET /seiten/start.htm HTTP/1.1" 200 7516 "http://www.sportbetfair.com/" "Mozilla/4.0 (compatible; MSIE 5.5; Windows NT 5.0; .NET CLR 1.1.4322)"
193.150.120.33 - - [20/Feb/2014:16:28:34 +0100] "GET /seiten/start.htm HTTP/1.1" 200 7516 "http://pornoforadult.com/" "Mozilla/4.0 (compatible; MSIE 6.0; Windows NT 5.1; Deepnet Explorer 1.5.0; .NET CLR 1.0.3705)"
193.150.120.33 - - [20/Feb/2014:16:28:35 +0100] "GET /seiten/start.htm HTTP/1.1" 200 7516 "http://pornoforadult.com/" "Mozilla/4.0 (compatible; MSIE 6.0; Windows NT 5.1; Deepnet Explorer 1.5.0; .NET CLR 1.0.3705)"
193.150.120.33 - - [20/Feb/2014:16:28:35 +0100] "GET /seiten/start.htm HTTP/1.1" 200 7516 "http://pornoforadult.com/" "Mozilla/4.0 (compatible; MSIE 6.0; Windows NT 5.1; Deepnet Explorer 1.5.0; .NET CLR 1.0.3705)"
94.153.65.49 - - [20/Feb/2014:18:43:27 +0100] "GET /seiten/start.htm HTTP/1.1" 200 7516 "http://psvita.ru/" "Mozilla/4.0 (compatible; MSIE 6.0; Windows NT 5.1; .NET CLR 1.1.4322)"
94.153.65.49 - - [20/Feb/2014:18:43:28 +0100] "GET /seiten/start.htm HTTP/1.1" 200 7516 "http://psvita.ru/" "Mozilla/4.0 (compatible; MSIE 6.0; Windows NT 5.1; .NET CLR 1.1.4322)"
94.153.65.49 - - [20/Feb/2014:18:43:28 +0100] "GET /seiten/start.htm HTTP/1.1" 200 7516 "http://psvita.ru/" "Mozilla/4.0 (compatible; MSIE 6.0; Windows NT 5.1; .NET CLR 1.1.4322)"
94.23.161.188 - - [20/Feb/2014:18:49:42 +0100] "GET /seiten/impr.htm HTTP/1.1" 200 9648 "-" "Mozilla/5.0 (X11; Linux i686; rv:6.0) Gecko/20100101 Firefox/6.0"
66.249.78.3 - - [20/Feb/2014:19:24:03 +0100] "GET /robots.txt HTTP/1.1" 200 157 "-" "Mozilla/5.0 (compatible; Googlebot/2.1; +http://www.google.com/bot.html)"
66.249.78.57 - - [20/Feb/2014:19:24:23 +0100] "GET / HTTP/1.1" 200 2663 "-" "Mozilla/5.0 (iPhone; CPU iPhone OS 6_0 like Mac OS X) AppleWebKit/536.26 (KHTML, like Gecko) Version/6.0 Mobile/10A5376e Safari/8536.25 (compatible; Googlebot/2.1; +http://www.google.com/bot.html)"
66.249.78.101 - - [20/Feb/2014:20:21:58 +0100] "GET /seiten/start.htm HTTP/1.1" 304 - "-" "Mozilla/5.0 (compatible; Googlebot/2.1; +http://www.google.com/bot.html)"
141.8.147.12 - - [20/Feb/2014:20:47:32 +0100] "GET /seiten/start.htm HTTP/1.1" 200 7516 "-" "Mozilla/5.0 (compatible; YandexBot/3.0; +http://yandex.com/bots)"
66.249.78.101 - - [20/Feb/2014:20:53:33 +0100] "GET / HTTP/1.1" 200 2663 "-" "Mozilla/5.0 (compatible; Googlebot/2.1; +http://www.google.com/bot.html)"
66.249.78.113 - - [20/Feb/2014:21:19:03 +0100] "GET /seiten/leist.htm HTTP/1.1" 304 - "-" "Mozilla/5.0 (iPhone; CPU iPhone OS 6_0 like Mac OS X) AppleWebKit/536.26 (KHTML, like Gecko) Version/6.0 Mobile/10A5376e Safari/8536.25 (compatible; Googlebot/2.1; +http://www.google.com/bot.html)"
66.249.78.101 - - [20/Feb/2014:22:31:58 +0100] "GET / HTTP/1.1" 200 2663 "-" "SAMSUNG-SGH-E250/1.0 Profile/MIDP-2.0 Configuration/CLDC-1.1 UP.Browser/6.2.3.3.c.1.101 (GUI) MMP/2.0 (compatible; Googlebot-Mobile/2.1; +http://www.google.com/bot.html)"
213.110.133.221 - - [20/Feb/2014:23:40:12 +0100] "GET /seiten/news.php HTTP/1.1" 200 7079 "http://tarunvanov.ya.ru/replies.xml?item_no=30" "Mozilla/4.0 (compatible; Blog Search;)"
213.110.133.221 - - [20/Feb/2014:23:40:13 +0100] "GET /seiten/news.php HTTP/1.1" 200 7079 "http://tarunvanov.ya.ru/replies.xml?item_no=30" "Mozilla/4.0 (compatible; Blog Search;)"
144.76.4.165 - - [21/Feb/2014:02:43:57 +0100] "GET /robots.txt HTTP/1.1" 200 157 "-" "Mozilla/5.0 (compatible; SISTRIX Crawler; http://crawler.sistrix.net/)"
144.76.4.165 - - [21/Feb/2014:02:43:57 +0100] "GET / HTTP/1.1" 206 2663 "-" "Mozilla/5.0 (compatible; SISTRIX Crawler; http://crawler.sistrix.net/)"
188.226.157.250 - - [21/Feb/2014:03:05:43 +0100] "GET / HTTP/1.1" 200 2663 "-" "Scrapy/0.22.0 (+http://scrapy.org)"
195.242.218.133 - - [21/Feb/2014:04:24:19 +0100] "GET /seiten/start.htm HTTP/1.1" 200 7516 "http://online-freebee.ru/" "Mozilla/4.0 (compatible; MSIE 6.0; AOL 9.0; Windows NT 5.1)"
195.242.218.133 - - [21/Feb/2014:04:24:20 +0100] "GET /seiten/start.htm HTTP/1.1" 200 7516 "http://online-freebee.ru/" "Mozilla/4.0 (compatible; MSIE 6.0; AOL 9.0; Windows NT 5.1)"
195.242.218.133 - - [21/Feb/2014:04:24:20 +0100] "GET /seiten/start.htm HTTP/1.1" 200 7516 "http://online-freebee.ru/" "Mozilla/4.0 (compatible; MSIE 6.0; AOL 9.0; Windows NT 5.1)"
66.249.78.101 - - [21/Feb/2014:05:59:24 +0100] "GET /seiten/start.htm HTTP/1.1" 200 7516 "-" "Mozilla/5.0 (compatible; Googlebot/2.1; +http://www.google.com/bot.html)"
82.193.99.33 - - [21/Feb/2014:07:03:18 +0100] "GET /seiten/start.htm HTTP/1.1" 200 7516 "http://lovecs.ru/" "Mozilla/4.0 (compatible; MSIE 6.0; Windows 98; Win 9x 4.90; Creative)"
82.193.99.33 - - [21/Feb/2014:07:03:19 +0100] "GET /seiten/start.htm HTTP/1.1" 200 7516 "http://lovecs.ru/" "Mozilla/4.0 (compatible; MSIE 6.0; Windows 98; Win 9x 4.90; Creative)"
82.193.99.33 - - [21/Feb/2014:07:03:20 +0100] "GET /seiten/start.htm HTTP/1.1" 200 7516 "http://lovecs.ru/" "Mozilla/4.0 (compatible; MSIE 6.0; Windows 98; Win 9x 4.90; Creative)"
194.153.113.13 - - [21/Feb/2014:07:04:22 +0100] "GET / HTTP/1.1" 200 2663 "-" "Mozilla/5.0 (compatible; oBot/2.3.1; +http://filterdb.iss.net/crawler/)"
178.255.215.88 - - [21/Feb/2014:07:16:05 +0100] "GET /robots.txt HTTP/1.1" 200 157 "-" "Mozilla/5.0 (compatible; Exabot/3.0 (BiggerBetter); +http://www.exabot.com/go/robot)"
178.255.215.88 - - [21/Feb/2014:07:16:05 +0100] "GET /seiten/leist.htm HTTP/1.1" 200 7640 "-" "Mozilla/5.0 (compatible; Exabot/3.0 (BiggerBetter); +http://www.exabot.com/go/robot)"
93.222.78.96 - - [21/Feb/2014:07:19:01 +0100] "GET / HTTP/1.1" 200 2663 "-" "Apache-HttpClient/4.3.1 (java 1.5)"
93.222.78.96 - - [21/Feb/2014:07:19:01 +0100] "GET /seiten/start.htm HTTP/1.1" 200 7516 "-" "Apache-HttpClient/4.3.1 (java 1.5)"
93.222.78.96 - - [21/Feb/2014:07:19:01 +0100] "GET /seiten/impr.htm HTTP/1.1" 200 9648 "-" "Apache-HttpClient/4.3.1 (java 1.5)"
93.222.78.96 - - [21/Feb/2014:07:19:01 +0100] "GET /seiten/impr.htm HTTP/1.1" 200 9648 "-" "Apache-HttpClient/4.3.1 (java 1.5)"
66.249.78.101 - - [21/Feb/2014:08:04:00 +0100] "GET /img/dialyse.jpg HTTP/1.1" 200 18017 "-" "Googlebot-Image/1.0"
157.55.33.109 - - [21/Feb/2014:08:18:41 +0100] "GET /robots.txt HTTP/1.1" 200 157 "-" "Mozilla/5.0 (compatible; bingbot/2.0; +http://www.bing.com/bingbot.htm)"
193.111.141.54 - - [21/Feb/2014:08:20:42 +0100] "GET /seiten/impr.htm HTTP/1.1" 200 9648 "-" "Mozilla/5.0 (X11; Linux i686; rv:6.0) Gecko/20100101 Firefox/6.0"
93.186.202.198 - - [21/Feb/2014:08:20:42 +0100] "GET /seiten/kont.htm HTTP/1.1" 200 8048 "-" "Mozilla/5.0 (X11; Linux i686; rv:6.0) Gecko/20100101 Firefox/6.0"
157.55.33.109 - - [21/Feb/2014:08:25:33 +0100] "GET /seiten/leist.htm HTTP/1.1" 200 7640 "-" "Mozilla/5.0 (compatible; bingbot/2.0; +http://www.bing.com/bingbot.htm)"
157.55.33.109 - - [21/Feb/2014:09:27:42 +0100] "GET /robots.txt HTTP/1.1" 200 157 "-" "Mozilla/5.0 (compatible; bingbot/2.0; +http://www.bing.com/bingbot.htm)"
66.249.78.101 - - [21/Feb/2014:10:35:51 +0100] "GET /seiten/start.htm HTTP/1.1" 304 - "-" "Mozilla/5.0 (iPhone; CPU iPhone OS 6_0 like Mac OS X) AppleWebKit/536.26 (KHTML, like Gecko) Version/6.0 Mobile/10A5376e Safari/8536.25 (compatible; Googlebot/2.1; +http://www.google.com/bot.html)"
193.150.120.33 - - [21/Feb/2014:10:58:33 +0100] "GET /seiten/start.htm HTTP/1.1" 200 7516 "http://www.avek.ru/" "Mozilla/4.0 (compatible; MSIE 6.0; Windows NT 5.0; .NET CLR 1.0.3705; .NET CLR 1.1.4322)"
193.150.120.33 - - [21/Feb/2014:10:58:33 +0100] "GET /seiten/start.htm HTTP/1.1" 200 7516 "http://seryeznie-znakomstva.ru/" "Mozilla/4.0 (compatible; MSIE 6.0; Windows NT 5.1)"
193.150.120.33 - - [21/Feb/2014:10:58:34 +0100] "GET /seiten/start.htm HTTP/1.1" 200 7516 "http://www.avek.ru/" "Mozilla/4.0 (compatible; MSIE 6.0; Windows NT 5.0; .NET CLR 1.0.3705; .NET CLR 1.1.4322)"
193.150.120.33 - - [21/Feb/2014:10:58:34 +0100] "GET /seiten/start.htm HTTP/1.1" 200 7516 "http://seryeznie-znakomstva.ru/" "Mozilla/4.0 (compatible; MSIE 6.0; Windows NT 5.1)"
193.150.120.33 - - [21/Feb/2014:10:58:34 +0100] "GET /seiten/start.htm HTTP/1.1" 200 7516 "http://www.avek.ru/" "Mozilla/4.0 (compatible; MSIE 6.0; Windows NT 5.0; .NET CLR 1.0.3705; .NET CLR 1.1.4322)"
193.150.120.33 - - [21/Feb/2014:10:58:34 +0100] "GET /seiten/start.htm HTTP/1.1" 200 7516 "http://seryeznie-znakomstva.ru/" "Mozilla/4.0 (compatible; MSIE 6.0; Windows NT 5.1)"
31.41.216.107 - - [21/Feb/2014:12:28:05 +0100] "GET /seiten/ HTTP/1.0" 403 1222 "http://www.dialyse-borna.de/seiten/" "Mozilla/5.0 (Windows NT 6.1) AppleWebKit/535.1 (KHTML, like Gecko) Chrome/14.0.835.163 Safari/535.1"
31.41.216.107 - - [21/Feb/2014:12:28:05 +0100] "GET / HTTP/1.0" 200 2663 "http://www.dialyse-borna.de/seiten/" "Mozilla/5.0 (Windows NT 6.1) AppleWebKit/535.1 (KHTML, like Gecko) Chrome/14.0.835.163 Safari/535.1"
66.249.78.101 - - [21/Feb/2014:12:53:06 +0100] "GET /seiten/praxis.htm HTTP/1.1" 304 - "-" "Mozilla/5.0 (iPhone; CPU iPhone OS 6_0 like Mac OS X) AppleWebKit/536.26 (KHTML, like Gecko) Version/6.0 Mobile/10A5376e Safari/8536.25 (compatible; Googlebot/2.1; +http://www.google.com/bot.html)"
188.226.137.227 - - [21/Feb/2014:13:25:00 +0100] "GET / HTTP/1.1" 200 2663 "-" "Scrapy/0.22.0 (+http://scrapy.org)"
5.10.83.62 - - [21/Feb/2014:14:16:06 +0100] "GET /seiten/links.htm HTTP/1.1" 200 7302 "-" "Mozilla/5.0 (compatible; AhrefsBot/5.0; +http://ahrefs.com/robot/)"
5.10.83.81 - - [21/Feb/2014:14:41:25 +0100] "GET /seiten/praxis.htm HTTP/1.1" 200 7847 "-" "Mozilla/5.0 (compatible; AhrefsBot/5.0; +http://ahrefs.com/robot/)"
92.249.127.111 - - [21/Feb/2014:16:22:15 +0100] "GET /seiten/start.htm HTTP/1.1" 200 7516 "http://chimiver.info/" "Mozilla/4.0 (compatible; MSIE 6.0; AOL 9.0; Windows NT 5.1)"
92.249.127.111 - - [21/Feb/2014:16:22:15 +0100] "GET /seiten/start.htm HTTP/1.1" 200 7516 "http://chimiver.info/" "Mozilla/4.0 (compatible; MSIE 6.0; AOL 9.0; Windows NT 5.1)"
