82.80.249.193 - - [16/Dec/2012:04:57:15 +0100] "GET /img/bg2.gif HTTP/1.0" 200 49 "http://www.dialyse-borna.de/seiten/start.htm" "Mozilla/5.0 (X11; U; Linux i686; en-US; rv:1.9.2.28) Gecko"
82.80.249.193 - - [16/Dec/2012:04:57:15 +0100] "GET /img/lay01.gif HTTP/1.0" 200 384 "http://www.dialyse-borna.de/seiten/start.htm" "Mozilla/5.0 (X11; U; Linux i686; en-US; rv:1.9.2.28) Gecko"
82.80.249.193 - - [16/Dec/2012:04:57:15 +0100] "GET /img/lay02.gif HTTP/1.0" 200 3503 "http://www.dialyse-borna.de/seiten/start.htm" "Mozilla/5.0 (X11; U; Linux i686; en-US; rv:1.9.2.28) Gecko"
82.80.249.193 - - [16/Dec/2012:04:57:15 +0100] "GET /img/lay08.gif HTTP/1.0" 200 322 "http://www.dialyse-borna.de/seiten/start.htm" "Mozilla/5.0 (X11; U; Linux i686; en-US; rv:1.9.2.28) Gecko"
82.80.249.193 - - [16/Dec/2012:04:57:15 +0100] "GET /img/bg3.gif HTTP/1.0" 200 143 "http://www.dialyse-borna.de/seiten/start.htm" "Mozilla/5.0 (X11; U; Linux i686; en-US; rv:1.9.2.28) Gecko"
82.80.249.193 - - [16/Dec/2012:04:57:15 +0100] "GET /img/bilder.swf HTTP/1.0" 200 78858 "http://www.dialyse-borna.de/seiten/start.htm" "Mozilla/5.0 (X11; U; Linux i686; en-US; rv:1.9.2.28) Gecko"
82.80.249.193 - - [16/Dec/2012:04:57:15 +0100] "GET /img/bg1.gif HTTP/1.0" 200 54 "http://www.dialyse-borna.de/seiten/start.htm" "Mozilla/5.0 (X11; U; Linux i686; en-US; rv:1.9.2.28) Gecko"
82.80.249.193 - - [16/Dec/2012:04:57:15 +0100] "GET /img/bg4.gif HTTP/1.0" 200 135 "http://www.dialyse-borna.de/seiten/start.htm" "Mozilla/5.0 (X11; U; Linux i686; en-US; rv:1.9.2.28) Gecko"
82.80.249.193 - - [16/Dec/2012:04:57:15 +0100] "GET /img/lay05.gif HTTP/1.0" 200 541 "http://www.dialyse-borna.de/seiten/start.htm" "Mozilla/5.0 (X11; U; Linux i686; en-US; rv:1.9.2.28) Gecko"
82.80.249.193 - - [16/Dec/2012:04:57:17 +0100] "GET /img/men02a.gif HTTP/1.0" 200 589 "http://www.dialyse-borna.de/seiten/start.htm" "Mozilla/5.0 (X11; U; Linux i686; en-US; rv:1.9.2.28) Gecko"
62.219.8.229 - - [16/Dec/2012:04:57:21 +0100] "GET /seiten/dialyse.htm HTTP/1.1" 200 7403 "http://www.dialyse-borna.de/seiten/start.htm" "Mozilla/5.0 (compatible)"
62.219.8.229 - - [16/Dec/2012:04:57:21 +0100] "GET /seiten/kont.htm HTTP/1.1" 200 8048 "http://www.dialyse-borna.de/seiten/start.htm" "Mozilla/5.0 (Windows NT 6.0; WOW64) AppleWebKit/534.30 (KHTML, like Gecko) Chrome/12.0.742.91 Safari/534.30"
62.219.8.229 - - [16/Dec/2012:04:57:21 +0100] "GET /seiten/links.htm HTTP/1.1" 200 7302 "http://www.dialyse-borna.de/seiten/start.htm" "Mozilla/5.0 (Windows NT 6.0; WOW64) AppleWebKit/534.30 (KHTML, like Gecko) Chrome/12.0.742.91 Safari/534.30"
62.219.8.229 - - [16/Dec/2012:04:57:21 +0100] "GET /seiten/impr.htm HTTP/1.1" 200 9648 "http://www.dialyse-borna.de/seiten/start.htm" "Mozilla/5.0 (Windows NT 6.0; WOW64) AppleWebKit/534.30 (KHTML, like Gecko) Chrome/12.0.742.91 Safari/534.30"
62.219.8.229 - - [16/Dec/2012:04:57:21 +0100] "GET /seiten/praxis.htm HTTP/1.1" 200 7847 "http://www.dialyse-borna.de/seiten/start.htm" "Mozilla/6.0 (compatible)"
62.219.8.229 - - [16/Dec/2012:04:57:22 +0100] "GET /seiten/leist.htm HTTP/1.1" 200 7640 "http://www.dialyse-borna.de/seiten/start.htm" "Mozilla/5.0 (compatible)"
62.219.8.229 - - [16/Dec/2012:04:57:21 +0100] "GET /img/bilder.swf HTTP/1.1" 200 78858 "http://www.dialyse-borna.de/seiten/start.htm" "Mozilla/5.0 (compatible)"
192.114.71.13 - - [16/Dec/2012:04:57:22 +0100] "GET /img/bilder.swf HTTP/1.0" 200 78858 "-" "Mozilla/5.0 (X11; U; Linux i686; en-US; rv:1.9.2.28) Gecko"
62.219.8.229 - - [16/Dec/2012:04:57:32 +0100] "GET /seiten/kont_form.php HTTP/1.1" 200 8561 "http://www.dialyse-borna.de/seiten/kont.htm" "Mozilla/6.0 (compatible)"
62.219.8.229 - - [16/Dec/2012:04:57:40 +0100] "GET /seiten/news.php HTTP/1.1" 200 7079 "http://www.dialyse-borna.de/seiten/kont_form.php" "Mozilla/6.0 (compatible)"
62.219.8.229 - - [16/Dec/2012:04:57:51 +0100] "GET /seiten/function.include HTTP/1.1" 404 1256 "http://www.dialyse-borna.de/seiten/news.php" "Mozilla/4.0 (compatible; MSIE 7.0; Windows NT 5.1)"
83.133.125.202 - - [16/Dec/2012:05:04:45 +0100] "GET / HTTP/1.1" 200 2663 "http://www.bigfinder.de/home-11.html" "Mozilla/4.0 (compatible; MSIE 8.0; Windows NT 5.1; Trident/4.0; FBSMTWB; ATC/1.0; .NET CLR 1.1.4322; ATC/1.0; .NET CLR 2.0.50727; .NET CLR 3.0.4506.2152; .NET CLR 3.5.30729)"
113.212.70.211 - - [16/Dec/2012:05:06:30 +0100] "GET /seiten/links.htm HTTP/1.0" 200 7302 "http://www.dialyse-borna.de/seiten/links.htm" "Mozilla/4.0 (compatible; MSIE 6.0; Windows 98; Win 9x 4.90)"
94.153.65.134 - - [16/Dec/2012:05:17:46 +0100] "GET /seiten/news.php HTTP/1.1" 200 7079 "http://www.rbsurgut.ru/" "Opera/9.00 (Windows NT 5.1; U; ru)"
94.153.65.134 - - [16/Dec/2012:05:17:47 +0100] "GET /seiten/news.php HTTP/1.1" 200 7079 "http://www.rbsurgut.ru/" "Opera/9.00 (Windows NT 5.1; U; ru)"
192.114.71.13 - - [16/Dec/2012:05:22:47 +0100] "GET /img/lay01.gif HTTP/1.1" 200 384 "-" "-"
192.114.71.13 - - [16/Dec/2012:05:22:47 +0100] "GET /img/bg2.gif HTTP/1.1" 200 49 "-" "-"
192.114.71.13 - - [16/Dec/2012:05:22:47 +0100] "GET /img/men01.gif HTTP/1.1" 200 432 "-" "-"
192.114.71.13 - - [16/Dec/2012:05:22:47 +0100] "GET /img/1pixel.gif HTTP/1.1" 200 45 "-" "-"
192.114.71.13 - - [16/Dec/2012:05:22:47 +0100] "GET /img/bg1.gif HTTP/1.1" 200 54 "-" "-"
192.114.71.13 - - [16/Dec/2012:05:22:48 +0100] "GET /img/men04.gif HTTP/1.1" 200 1395 "-" "-"
192.114.71.13 - - [16/Dec/2012:05:22:48 +0100] "GET /img/men02a.gif HTTP/1.1" 200 589 "-" "-"
192.114.71.13 - - [16/Dec/2012:05:22:48 +0100] "GET /img/men03.gif HTTP/1.1" 200 1621 "-" "-"
192.114.71.13 - - [16/Dec/2012:05:22:48 +0100] "GET /img/men06.gif HTTP/1.1" 200 1162 "-" "-"
192.114.71.13 - - [16/Dec/2012:05:22:48 +0100] "GET /img/lay02.gif HTTP/1.1" 200 3503 "-" "-"
192.114.71.13 - - [16/Dec/2012:05:22:48 +0100] "GET /img/men07.gif HTTP/1.1" 200 1396 "-" "-"
192.114.71.13 - - [16/Dec/2012:05:22:49 +0100] "GET /img/men08.gif HTTP/1.1" 200 1642 "-" "-"
192.114.71.13 - - [16/Dec/2012:05:22:49 +0100] "GET /img/men09.gif HTTP/1.1" 200 708 "-" "-"
192.114.71.13 - - [16/Dec/2012:05:22:49 +0100] "GET /img/lay08.gif HTTP/1.1" 200 322 "-" "-"
192.114.71.13 - - [16/Dec/2012:05:22:50 +0100] "GET /img/bg3.gif HTTP/1.1" 200 143 "-" "-"
192.114.71.13 - - [16/Dec/2012:05:22:50 +0100] "GET /img/lay03.gif HTTP/1.1" 200 671 "-" "-"
192.114.71.13 - - [16/Dec/2012:05:22:51 +0100] "GET /img/main_pic.jpg HTTP/1.1" 200 14864 "-" "-"
192.114.71.13 - - [16/Dec/2012:05:22:51 +0100] "GET /img/bg4.gif HTTP/1.1" 200 135 "-" "-"
192.114.71.13 - - [16/Dec/2012:05:22:51 +0100] "GET /img/lay04.gif HTTP/1.1" 200 210 "-" "-"
192.114.71.13 - - [16/Dec/2012:05:22:51 +0100] "GET /img/lay05.gif HTTP/1.1" 200 541 "-" "-"
192.114.71.13 - - [16/Dec/2012:05:22:51 +0100] "GET /img/pfeil.jpg HTTP/1.1" 200 380 "-" "-"
192.114.71.13 - - [16/Dec/2012:05:22:52 +0100] "GET /img/schild.jpg HTTP/1.1" 200 12757 "-" "-"
192.114.71.13 - - [16/Dec/2012:05:22:52 +0100] "GET /img/lay07.gif HTTP/1.1" 200 272 "-" "-"
192.114.71.13 - - [16/Dec/2012:05:22:52 +0100] "GET /img/men02.gif HTTP/1.1" 200 1273 "-" "-"
192.114.71.13 - - [16/Dec/2012:05:22:53 +0100] "GET /img/men04a.gif HTTP/1.1" 200 669 "-" "-"
192.114.71.13 - - [16/Dec/2012:05:22:53 +0100] "GET /img/dialyse.jpg HTTP/1.1" 200 18017 "-" "-"
192.114.71.13 - - [16/Dec/2012:05:22:53 +0100] "GET /img/men03a.gif HTTP/1.1" 200 820 "-" "-"
192.114.71.13 - - [16/Dec/2012:05:22:54 +0100] "GET /img/leist.jpg HTTP/1.1" 200 18546 "-" "-"
192.114.71.13 - - [16/Dec/2012:05:22:54 +0100] "GET /img/men08a.gif HTTP/1.1" 200 819 "-" "-"
192.114.71.13 - - [16/Dec/2012:05:22:55 +0100] "GET /img/men07a.gif HTTP/1.1" 200 666 "-" "-"
192.114.71.13 - - [16/Dec/2012:05:22:55 +0100] "GET /img/men06a.gif HTTP/1.1" 200 518 "-" "-"
192.114.71.13 - - [16/Dec/2012:05:22:55 +0100] "GET /img/links.jpg HTTP/1.1" 200 15669 "-" "-"
192.114.71.13 - - [16/Dec/2012:05:22:58 +0100] "GET /img/men05.gif HTTP/1.1" 200 1200 "-" "-"
192.114.71.13 - - [16/Dec/2012:05:22:58 +0100] "GET /img/men05a.gif HTTP/1.1" 200 556 "-" "-"
157.55.36.52 - - [16/Dec/2012:05:42:41 +0100] "GET /robots.txt HTTP/1.1" 200 157 "-" "Mozilla/5.0 (compatible; bingbot/2.0; +http://www.bing.com/bingbot.htm)"
157.55.35.114 - - [16/Dec/2012:06:05:58 +0100] "GET /seiten/dialyse.htm HTTP/1.1" 200 7403 "-" "Mozilla/5.0 (compatible; bingbot/2.0; +http://www.bing.com/bingbot.htm)"
66.249.75.101 - - [16/Dec/2012:06:46:00 +0100] "GET /robots.txt HTTP/1.1" 200 157 "-" "Mozilla/5.0 (compatible; Googlebot/2.1; +http://www.google.com/bot.html)"
66.249.75.101 - - [16/Dec/2012:06:46:00 +0100] "GET /seiten/kont.htm HTTP/1.1" 304 - "-" "Mozilla/5.0 (compatible; Googlebot/2.1; +http://www.google.com/bot.html)"
83.133.125.202 - - [16/Dec/2012:08:46:44 +0100] "GET / HTTP/1.1" 200 2663 "http://www.bigfinder.de/home-11.html" "Mozilla/4.0 (compatible; MSIE 8.0; Windows NT 6.0; Trident/4.0; GTB0.0; SLCC1; .NET CLR 2.0.50727; Media Center PC 5.0; .NET CLR 3.5.30729; .NET CLR 3.0.30729; .NET4.0C)"
66.249.75.101 - - [16/Dec/2012:10:16:35 +0100] "GET /seiten/impr.htm HTTP/1.1" 304 - "-" "Mozilla/5.0 (iPhone; U; CPU iPhone OS 4_1 like Mac OS X; en-us) AppleWebKit/532.9 (KHTML, like Gecko) Version/4.0.5 Mobile/8B117 Safari/6531.22.7 (compatible; Googlebot-Mobile/2.1; +http://www.google.com/bot.html)"
109.120.157.179 - - [16/Dec/2012:10:28:59 +0100] "GET /seiten/news.php HTTP/1.1" 200 7079 "http://hithard.ru/" "Mozilla/5.0 (compatible; Add Catalog/2.1;)"
109.120.157.179 - - [16/Dec/2012:10:28:59 +0100] "GET /seiten/news.php HTTP/1.1" 200 7079 "http://hithard.ru/" "Mozilla/5.0 (compatible; Add Catalog/2.1;)"
157.55.32.114 - - [16/Dec/2012:10:48:52 +0100] "GET /robots.txt HTTP/1.1" 200 157 "-" "Mozilla/5.0 (compatible; bingbot/2.0; +http://www.bing.com/bingbot.htm)"
157.55.32.114 - - [16/Dec/2012:10:52:35 +0100] "GET / HTTP/1.1" 200 2663 "-" "Mozilla/5.0 (compatible; bingbot/2.0; +http://www.bing.com/bingbot.htm)"
157.55.35.40 - - [16/Dec/2012:11:07:51 +0100] "GET /seiten/start.htm HTTP/1.1" 200 7516 "-" "Mozilla/5.0 (compatible; bingbot/2.0; +http://www.bing.com/bingbot.htm)"
157.55.35.114 - - [16/Dec/2012:11:13:52 +0100] "GET /seiten/leist.htm HTTP/1.1" 200 7640 "-" "Mozilla/5.0 (compatible; bingbot/2.0; +http://www.bing.com/bingbot.htm)"
157.55.35.114 - - [16/Dec/2012:11:13:52 +0100] "GET /seiten/links.htm HTTP/1.1" 200 7302 "-" "Mozilla/5.0 (compatible; bingbot/2.0; +http://www.bing.com/bingbot.htm)"
157.55.32.62 - - [16/Dec/2012:11:16:51 +0100] "GET /seiten/kont.htm HTTP/1.1" 200 8048 "-" "Mozilla/5.0 (compatible; bingbot/2.0; +http://www.bing.com/bingbot.htm)"
157.55.32.62 - - [16/Dec/2012:11:16:51 +0100] "GET /seiten/news.php HTTP/1.1" 200 7079 "-" "Mozilla/5.0 (compatible; bingbot/2.0; +http://www.bing.com/bingbot.htm)"
157.55.35.47 - - [16/Dec/2012:11:22:20 +0100] "GET /seiten/impr.htm HTTP/1.1" 200 9648 "-" "Mozilla/5.0 (compatible; bingbot/2.0; +http://www.bing.com/bingbot.htm)"
66.249.75.101 - - [16/Dec/2012:11:40:27 +0100] "GET /seiten/praxis.htm HTTP/1.1" 304 - "-" "Mozilla/5.0 (compatible; Googlebot/2.1; +http://www.google.com/bot.html)"
83.133.125.202 - - [16/Dec/2012:16:05:03 +0100] "GET / HTTP/1.1" 200 2663 "http://www.bigfinder.de/home-11.html" "T-Online Browser"
176.123.0.57 - - [16/Dec/2012:17:42:12 +0100] "GET /seiten/news.php HTTP/1.1" 200 7079 "http://xn----8sblcmfjchwge2b.xn--p1ai/" "Mozilla/4.0 (compatible; MSIE 5.01; Windows 95; MSIECrawler)"
176.123.0.57 - - [16/Dec/2012:17:42:12 +0100] "GET /seiten/news.php HTTP/1.1" 200 7079 "http://xn----8sblcmfjchwge2b.xn--p1ai/" "Mozilla/4.0 (compatible; MSIE 5.01; Windows 95; MSIECrawler)"
66.249.75.101 - - [16/Dec/2012:17:57:22 +0100] "GET /seiten/kont.htm HTTP/1.1" 304 - "-" "Mozilla/5.0 (compatible; Googlebot/2.1; +http://www.google.com/bot.html)"
83.133.125.202 - - [16/Dec/2012:19:02:00 +0100] "GET / HTTP/1.1" 200 2663 "http://www.bigfinder.de/home-11.html" "Mozilla/5.0 (Windows; U; Windows NT 6.0; en-US) AppleWebKit/533.4 (KHTML, like Gecko) Chrome/5.0.375.126 Safari/533.4"
37.140.141.34 - - [16/Dec/2012:19:43:05 +0100] "GET /robots.txt HTTP/1.1" 200 157 "-" "Mozilla/5.0 (compatible; YandexImages/3.0; +http://yandex.com/bots)"
94.153.65.134 - - [16/Dec/2012:20:23:27 +0100] "GET /seiten/news.php HTTP/1.1" 200 7079 "http://avena.com.ua/" "Mozilla/4.0 (compatible; MSIE 4.01; Digital AlphaServer 1000A 4/233; Windows NT; Powered By 64-Bit Alpha Processor)"
94.153.65.134 - - [16/Dec/2012:20:23:28 +0100] "GET /seiten/news.php HTTP/1.1" 200 7079 "http://avena.com.ua/" "Mozilla/4.0 (compatible; MSIE 4.01; Digital AlphaServer 1000A 4/233; Windows NT; Powered By 64-Bit Alpha Processor)"
37.140.141.34 - - [16/Dec/2012:20:53:35 +0100] "GET /img/schild.jpg HTTP/1.1" 304 - "-" "Mozilla/5.0 (compatible; YandexImages/3.0; +http://yandex.com/bots)"
83.133.125.202 - - [16/Dec/2012:21:03:03 +0100] "GET / HTTP/1.1" 200 2663 "http://www.bigfinder.de/home-11.html" "Mozilla/5.0 (Windows; U; Windows NT 6.1; de; rv:1.9.2.8) Gecko/20100722 Firefox/3.6.8 GTB7.1"
37.140.141.34 - - [16/Dec/2012:22:02:41 +0100] "GET /img/men03.gif HTTP/1.1" 200 1621 "-" "Mozilla/5.0 (compatible; YandexImages/3.0; +http://yandex.com/bots)"
37.140.141.34 - - [16/Dec/2012:23:13:55 +0100] "GET /img/men09.gif HTTP/1.1" 200 708 "-" "Mozilla/5.0 (compatible; YandexImages/3.0; +http://yandex.com/bots)"
92.249.127.111 - - [17/Dec/2012:00:23:34 +0100] "GET /seiten/news.php HTTP/1.1" 200 7079 "http://paradise-island.ru/" "Mozilla/5.0 (compatible; news bot /2.1)"
92.249.127.111 - - [17/Dec/2012:00:23:35 +0100] "GET /seiten/news.php HTTP/1.1" 200 7079 "http://paradise-island.ru/" "Mozilla/5.0 (compatible; news bot /2.1)"
37.140.141.34 - - [17/Dec/2012:00:37:39 +0100] "GET /img/leist.jpg HTTP/1.1" 304 - "-" "Mozilla/5.0 (compatible; YandexImages/3.0; +http://yandex.com/bots)"
37.140.141.34 - - [17/Dec/2012:01:55:33 +0100] "GET /img/men07.gif HTTP/1.1" 200 1396 "-" "Mozilla/5.0 (compatible; YandexImages/3.0; +http://yandex.com/bots)"
37.140.141.34 - - [17/Dec/2012:03:22:31 +0100] "GET /img/main_pic.jpg HTTP/1.1" 200 14864 "-" "Mozilla/5.0 (compatible; YandexImages/3.0; +http://yandex.com/bots)"
66.249.75.101 - - [17/Dec/2012:03:29:23 +0100] "GET / HTTP/1.1" 200 2663 "-" "Mozilla/5.0 (iPhone; U; CPU iPhone OS 4_1 like Mac OS X; en-us) AppleWebKit/532.9 (KHTML, like Gecko) Version/4.0.5 Mobile/8B117 Safari/6531.22.7 (compatible; Googlebot-Mobile/2.1; +http://www.google.com/bot.html)"
5.9.127.154 - - [17/Dec/2012:04:43:13 +0100] "GET /robots.txt HTTP/1.1" 200 157 "-" "Mozilla/5.0 (compatible; SISTRIX Crawler; http://crawler.sistrix.net/)"
5.9.127.154 - - [17/Dec/2012:04:43:13 +0100] "GET / HTTP/1.1" 200 2663 "-" "Mozilla/5.0 (compatible; SISTRIX Crawler; http://crawler.sistrix.net/)"
5.9.127.154 - - [17/Dec/2012:04:43:13 +0100] "GET /seiten/start.htm HTTP/1.1" 200 7516 "-" "Mozilla/5.0 (compatible; SISTRIX Crawler; http://crawler.sistrix.net/)"
5.9.127.154 - - [17/Dec/2012:04:43:13 +0100] "GET /seiten/impr.htm HTTP/1.1" 200 9648 "-" "Mozilla/5.0 (compatible; SISTRIX Crawler; http://crawler.sistrix.net/)"
5.9.127.154 - - [17/Dec/2012:04:43:13 +0100] "GET /seiten/news.php HTTP/1.1" 200 7079 "-" "Mozilla/5.0 (compatible; SISTRIX Crawler; http://crawler.sistrix.net/)"
5.9.127.154 - - [17/Dec/2012:04:43:14 +0100] "GET /seiten/praxis.htm HTTP/1.1" 200 7847 "-" "Mozilla/5.0 (compatible; SISTRIX Crawler; http://crawler.sistrix.net/)"
5.9.127.154 - - [17/Dec/2012:04:43:14 +0100] "GET /seiten/leist.htm HTTP/1.1" 200 7640 "-" "Mozilla/5.0 (compatible; SISTRIX Crawler; http://crawler.sistrix.net/)"
5.9.127.154 - - [17/Dec/2012:04:43:14 +0100] "GET /seiten/kont.htm HTTP/1.1" 200 8048 "-" "Mozilla/5.0 (compatible; SISTRIX Crawler; http://crawler.sistrix.net/)"
5.9.127.154 - - [17/Dec/2012:04:43:14 +0100] "GET /seiten/dialyse.htm HTTP/1.1" 200 7403 "-" "Mozilla/5.0 (compatible; SISTRIX Crawler; http://crawler.sistrix.net/)"
5.9.127.154 - - [17/Dec/2012:04:43:14 +0100] "GET /seiten/links.htm HTTP/1.1" 200 7302 "-" "Mozilla/5.0 (compatible; SISTRIX Crawler; http://crawler.sistrix.net/)"
5.9.127.154 - - [17/Dec/2012:04:43:14 +0100] "GET /seiten/kont_form.php HTTP/1.1" 200 8561 "-" "Mozilla/5.0 (compatible; SISTRIX Crawler; http://crawler.sistrix.net/)"
37.140.141.34 - - [17/Dec/2012:04:48:32 +0100] "GET /img/lay07.gif HTTP/1.1" 200 272 "-" "Mozilla/5.0 (compatible; YandexImages/3.0; +http://yandex.com/bots)"
157.55.35.40 - - [17/Dec/2012:05:55:51 +0100] "GET /robots.txt HTTP/1.1" 200 157 "-" "Mozilla/5.0 (compatible; bingbot/2.0; +http://www.bing.com/bingbot.htm)"
157.55.35.40 - - [17/Dec/2012:05:57:47 +0100] "GET /seiten/start.htm HTTP/1.1" 304 - "-" "Mozilla/5.0 (compatible; bingbot/2.0; +http://www.bing.com/bingbot.htm)"
157.55.35.40 - - [17/Dec/2012:06:02:49 +0100] "GET /seiten/start.htm HTTP/1.1" 200 7516 "-" "Mozilla/5.0 (compatible; bingbot/2.0; +http://www.bing.com/bingbot.htm)"
157.55.32.114 - - [17/Dec/2012:06:04:24 +0100] "GET / HTTP/1.1" 200 2663 "-" "Mozilla/5.0 (compatible; bingbot/2.0; +http://www.bing.com/bingbot.htm)"
37.140.141.34 - - [17/Dec/2012:06:15:09 +0100] "GET /img/men06.gif HTTP/1.1" 200 1162 "-" "Mozilla/5.0 (compatible; YandexImages/3.0; +http://yandex.com/bots)"
157.55.35.114 - - [17/Dec/2012:06:26:44 +0100] "GET /seiten/leist.htm HTTP/1.1" 200 7640 "-" "Mozilla/5.0 (compatible; bingbot/2.0; +http://www.bing.com/bingbot.htm)"
157.55.35.114 - - [17/Dec/2012:06:26:44 +0100] "GET /seiten/links.htm HTTP/1.1" 200 7302 "-" "Mozilla/5.0 (compatible; bingbot/2.0; +http://www.bing.com/bingbot.htm)"
193.106.136.56 - - [17/Dec/2012:06:28:16 +0100] "GET /seiten/news.php HTTP/1.1" 200 7079 "http://android-systems.ru/" "Mozilla/4.0 (compatible; MSIE 6.0; MSIE 5.5; Windows NT 4.0) Opera 7.0 [en]"
193.106.136.56 - - [17/Dec/2012:06:28:16 +0100] "GET /seiten/news.php HTTP/1.1" 200 7079 "http://android-systems.ru/" "Mozilla/4.0 (compatible; MSIE 6.0; MSIE 5.5; Windows NT 4.0) Opera 7.0 [en]"
157.55.32.62 - - [17/Dec/2012:06:30:16 +0100] "GET /seiten/kont.htm HTTP/1.1" 200 8048 "-" "Mozilla/5.0 (compatible; bingbot/2.0; +http://www.bing.com/bingbot.htm)"
157.55.32.62 - - [17/Dec/2012:06:30:16 +0100] "GET /seiten/news.php HTTP/1.1" 200 7079 "-" "Mozilla/5.0 (compatible; bingbot/2.0; +http://www.bing.com/bingbot.htm)"
66.249.75.101 - - [17/Dec/2012:06:35:15 +0100] "GET / HTTP/1.1" 200 2663 "-" "Mozilla/5.0 (iPhone; U; CPU iPhone OS 4_1 like Mac OS X; en-us) AppleWebKit/532.9 (KHTML, like Gecko) Version/4.0.5 Mobile/8B117 Safari/6531.22.7 (compatible; Googlebot-Mobile/2.1; +http://www.google.com/bot.html)"
157.55.32.114 - - [17/Dec/2012:06:44:58 +0100] "GET / HTTP/1.1" 200 2663 "-" "Mozilla/5.0 (compatible; bingbot/2.0; +http://www.bing.com/bingbot.htm)"
157.55.35.47 - - [17/Dec/2012:06:51:45 +0100] "GET /seiten/impr.htm HTTP/1.1" 200 9648 "-" "Mozilla/5.0 (compatible; bingbot/2.0; +http://www.bing.com/bingbot.htm)"
157.55.35.40 - - [17/Dec/2012:07:07:14 +0100] "GET /seiten/start.htm HTTP/1.1" 200 7516 "-" "Mozilla/5.0 (compatible; bingbot/2.0; +http://www.bing.com/bingbot.htm)"
37.140.141.34 - - [17/Dec/2012:07:21:47 +0100] "GET /img/men01.gif HTTP/1.1" 200 432 "-" "Mozilla/5.0 (compatible; YandexImages/3.0; +http://yandex.com/bots)"
157.55.32.114 - - [17/Dec/2012:08:36:43 +0100] "GET /robots.txt HTTP/1.1" 200 157 "-" "Mozilla/5.0 (compatible; bingbot/2.0; +http://www.bing.com/bingbot.htm)"
157.55.32.114 - - [17/Dec/2012:08:38:21 +0100] "GET / HTTP/1.1" 200 2663 "-" "Mozilla/5.0 (compatible; bingbot/2.0; +http://www.bing.com/bingbot.htm)"
199.19.249.196 - - [17/Dec/2012:08:50:33 +0100] "GET / HTTP/1.1" 200 2663 "-" "Mozilla/4.0 (compatible; MSIE 7.0; Windows NT 5.1; InfoPath.1; .NET CLR 2.0.50727; .NET CLR 1.1.4322; MS-RTC LM 8; .NET CLR 3.0.4506.2152; .NET CLR 3.5.30729)"
198.176.191.201 - - [17/Dec/2012:08:50:33 +0100] "GET / HTTP/1.1" 200 2663 "http://www.google.com/search?q=dialyse+in+borna&rls=com.microsoft:de-DE&ie=UTF-8&oe=UTF-8&startIndex=&startPage=1" "Mozilla/4.0 (compatible; MSIE 7.0; Windows NT 6.0; Q312461; SLCC1; .NET CLR 2.0.50727; .NET CLR 1.1.4322; .NET CLR 3.5.30729; MS-RTC LM 8; .NET CLR 3.0.30729)"
198.176.191.201 - - [17/Dec/2012:08:50:33 +0100] "GET /css/borna.css HTTP/1.1" 200 2909 "-" "Mozilla/4.0 (compatible;)"
198.176.191.201 - - [17/Dec/2012:08:50:33 +0100] "GET /img/FL_check.swf HTTP/1.1" 200 100 "-" "Mozilla/4.0 (compatible;)"
198.176.191.201 - - [17/Dec/2012:08:50:33 +0100] "GET /img/bg1.gif HTTP/1.1" 200 54 "-" "Mozilla/4.0 (compatible;)"
199.19.249.196 - - [17/Dec/2012:08:50:34 +0100] "GET /seiten/start.htm HTTP/1.1" 200 7516 "-" "Mozilla/4.0 (compatible; MSIE 7.0; Windows NT 5.1; InfoPath.1; .NET CLR 2.0.50727; .NET CLR 1.1.4322; MS-RTC LM 8; .NET CLR 3.0.4506.2152; .NET CLR 3.5.30729)"
198.176.191.201 - - [17/Dec/2012:08:50:34 +0100] "GET /seiten/start.htm HTTP/1.1" 200 7516 "-" "Mozilla/4.0 (compatible; MSIE 7.0; Windows NT 6.0; Q312461; SLCC1; .NET CLR 2.0.50727; .NET CLR 1.1.4322; .NET CLR 3.5.30729; MS-RTC LM 8; .NET CLR 3.0.30729)"
198.176.191.201 - - [17/Dec/2012:08:50:34 +0100] "GET /img/bg2.gif HTTP/1.1" 200 49 "-" "Mozilla/4.0 (compatible;)"
198.176.191.201 - - [17/Dec/2012:08:50:34 +0100] "GET /img/lay01.gif HTTP/1.1" 200 384 "-" "Mozilla/4.0 (compatible;)"
198.176.191.201 - - [17/Dec/2012:08:50:34 +0100] "GET /img/bg4.gif HTTP/1.1" 200 135 "-" "Mozilla/4.0 (compatible;)"
198.176.191.201 - - [17/Dec/2012:08:50:34 +0100] "GET /img/pfeil.jpg HTTP/1.1" 200 380 "-" "Mozilla/4.0 (compatible;)"
198.176.191.201 - - [17/Dec/2012:08:50:34 +0100] "GET /img/lay07.gif HTTP/1.1" 200 272 "-" "Mozilla/4.0 (compatible;)"
198.176.191.201 - - [17/Dec/2012:08:50:34 +0100] "GET /img/men08.gif HTTP/1.1" 200 1642 "-" "Mozilla/4.0 (compatible;)"
198.176.191.201 - - [17/Dec/2012:08:50:35 +0100] "GET /img/lay08.gif HTTP/1.1" 200 322 "-" "Mozilla/4.0 (compatible;)"
198.176.191.201 - - [17/Dec/2012:08:50:36 +0100] "GET /img/lay03.gif HTTP/1.1" 200 671 "-" "Mozilla/4.0 (compatible;)"
198.176.191.201 - - [17/Dec/2012:08:50:36 +0100] "GET /img/bg3.gif HTTP/1.1" 200 143 "-" "Mozilla/4.0 (compatible;)"
198.176.191.201 - - [17/Dec/2012:08:50:37 +0100] "GET /img/1pixel.gif HTTP/1.1" 200 45 "-" "Mozilla/4.0 (compatible;)"
198.176.191.201 - - [17/Dec/2012:08:50:37 +0100] "GET /img/main_pic.jpg HTTP/1.1" 200 14864 "-" "Mozilla/4.0 (compatible;)"
198.176.191.201 - - [17/Dec/2012:08:50:37 +0100] "GET /img/men03.gif HTTP/1.1" 200 1621 "-" "Mozilla/4.0 (compatible;)"
198.176.191.201 - - [17/Dec/2012:08:50:37 +0100] "GET /img/men09.gif HTTP/1.1" 200 708 "-" "Mozilla/4.0 (compatible;)"
198.176.191.201 - - [17/Dec/2012:08:50:38 +0100] "GET /img/lay04.gif HTTP/1.1" 200 210 "-" "Mozilla/4.0 (compatible;)"
198.176.191.201 - - [17/Dec/2012:08:50:38 +0100] "GET /img/men01.gif HTTP/1.1" 200 432 "-" "Mozilla/4.0 (compatible;)"
198.176.191.201 - - [17/Dec/2012:08:50:38 +0100] "GET /img/men06.gif HTTP/1.1" 200 1162 "-" "Mozilla/4.0 (compatible;)"
198.176.191.201 - - [17/Dec/2012:08:50:38 +0100] "GET /img/men07.gif HTTP/1.1" 200 1396 "-" "Mozilla/4.0 (compatible;)"
198.176.191.201 - - [17/Dec/2012:08:50:38 +0100] "GET /img/men04.gif HTTP/1.1" 200 1395 "-" "Mozilla/4.0 (compatible;)"
198.176.191.201 - - [17/Dec/2012:08:50:38 +0100] "GET /img/men02a.gif HTTP/1.1" 200 589 "-" "Mozilla/4.0 (compatible;)"
198.176.191.201 - - [17/Dec/2012:08:50:38 +0100] "GET /img/lay02.gif HTTP/1.1" 200 3503 "-" "Mozilla/4.0 (compatible;)"
198.176.191.201 - - [17/Dec/2012:08:50:38 +0100] "GET /img/bilder.swf HTTP/1.1" 200 78858 "-" "Mozilla/4.0 (compatible;)"
198.176.191.201 - - [17/Dec/2012:08:50:39 +0100] "GET /img/lay05.gif HTTP/1.1" 200 541 "-" "Mozilla/4.0 (compatible;)"
198.176.191.201 - - [17/Dec/2012:08:50:39 +0100] "GET /img/men03a.gif HTTP/1.1" 200 820 "http://www.dialyse-borna.de/seiten/start.htm" "Mozilla/4.0 (compatible; MSIE 7.0; Windows NT 6.0; Q312461; SLCC1; .NET CLR 2.0.50727; .NET CLR 1.1.4322; .NET CLR 3.5.30729; MS-RTC LM 8; .NET CLR 3.0.30729)"
198.176.191.201 - - [17/Dec/2012:08:50:39 +0100] "GET /favicon.ico HTTP/1.1" 404 1256 "-" "Mozilla/4.0 (compatible; MSIE 7.0; Windows NT 6.0; Q312461; SLCC1; .NET CLR 2.0.50727; .NET CLR 1.1.4322; .NET CLR 3.5.30729; MS-RTC LM 8; .NET CLR 3.0.30729)"
198.176.191.201 - - [17/Dec/2012:08:50:40 +0100] "GET /img/men04a.gif HTTP/1.1" 200 669 "http://www.dialyse-borna.de/seiten/start.htm" "Mozilla/4.0 (compatible; MSIE 7.0; Windows NT 6.0; Q312461; SLCC1; .NET CLR 2.0.50727; .NET CLR 1.1.4322; .NET CLR 3.5.30729; MS-RTC LM 8; .NET CLR 3.0.30729)"
198.176.191.201 - - [17/Dec/2012:08:50:40 +0100] "GET /img/men05a.gif HTTP/1.1" 200 556 "http://www.dialyse-borna.de/seiten/start.htm" "Mozilla/4.0 (compatible; MSIE 7.0; Windows NT 6.0; Q312461; SLCC1; .NET CLR 2.0.50727; .NET CLR 1.1.4322; .NET CLR 3.5.30729; MS-RTC LM 8; .NET CLR 3.0.30729)"
198.176.191.201 - - [17/Dec/2012:08:50:40 +0100] "GET /img/men06a.gif HTTP/1.1" 200 518 "http://www.dialyse-borna.de/seiten/start.htm" "Mozilla/4.0 (compatible; MSIE 7.0; Windows NT 6.0; Q312461; SLCC1; .NET CLR 2.0.50727; .NET CLR 1.1.4322; .NET CLR 3.5.30729; MS-RTC LM 8; .NET CLR 3.0.30729)"
198.176.191.201 - - [17/Dec/2012:08:50:40 +0100] "GET /img/men07a.gif HTTP/1.1" 200 666 "http://www.dialyse-borna.de/seiten/start.htm" "Mozilla/4.0 (compatible; MSIE 7.0; Windows NT 6.0; Q312461; SLCC1; .NET CLR 2.0.50727; .NET CLR 1.1.4322; .NET CLR 3.5.30729; MS-RTC LM 8; .NET CLR 3.0.30729)"
198.176.191.201 - - [17/Dec/2012:08:50:40 +0100] "GET /img/men08a.gif HTTP/1.1" 200 819 "http://www.dialyse-borna.de/seiten/start.htm" "Mozilla/4.0 (compatible; MSIE 7.0; Windows NT 6.0; Q312461; SLCC1; .NET CLR 2.0.50727; .NET CLR 1.1.4322; .NET CLR 3.5.30729; MS-RTC LM 8; .NET CLR 3.0.30729)"
198.176.191.201 - - [17/Dec/2012:08:50:55 +0100] "GET /seiten/leist.htm HTTP/1.1" 200 7640 "http://www.dialyse-borna.de/seiten/start.htm" "Mozilla/4.0 (compatible; MSIE 7.0; Windows NT 6.0; Q312461; SLCC1; .NET CLR 2.0.50727; .NET CLR 1.1.4322; .NET CLR 3.5.30729; MS-RTC LM 8; .NET CLR 3.0.30729)"
198.176.191.201 - - [17/Dec/2012:08:50:55 +0100] "GET /img/men02.gif HTTP/1.1" 200 1273 "-" "Mozilla/4.0 (compatible;)"
198.176.191.201 - - [17/Dec/2012:08:50:55 +0100] "GET /img/leist.jpg HTTP/1.1" 200 18546 "-" "Mozilla/4.0 (compatible;)"
198.176.191.201 - - [17/Dec/2012:08:50:57 +0100] "GET /seiten/dialyse.htm HTTP/1.1" 200 7403 "http://www.dialyse-borna.de/seiten/leist.htm" "Mozilla/4.0 (compatible; MSIE 7.0; Windows NT 6.0; Q312461; SLCC1; .NET CLR 2.0.50727; .NET CLR 1.1.4322; .NET CLR 3.5.30729; MS-RTC LM 8; .NET CLR 3.0.30729)"
198.176.191.201 - - [17/Dec/2012:08:50:57 +0100] "GET /img/dialyse.jpg HTTP/1.1" 200 18017 "-" "Mozilla/4.0 (compatible;)"
198.176.191.201 - - [17/Dec/2012:08:51:00 +0100] "GET /seiten/kont.htm HTTP/1.1" 200 8048 "http://www.dialyse-borna.de/seiten/dialyse.htm" "Mozilla/4.0 (compatible; MSIE 7.0; Windows NT 6.0; Q312461; SLCC1; .NET CLR 2.0.50727; .NET CLR 1.1.4322; .NET CLR 3.5.30729; MS-RTC LM 8; .NET CLR 3.0.30729)"
37.140.141.34 - - [17/Dec/2012:08:57:33 +0100] "GET /img/men08a.gif HTTP/1.1" 200 819 "-" "Mozilla/5.0 (compatible; YandexImages/3.0; +http://yandex.com/bots)"
37.140.141.34 - - [17/Dec/2012:10:23:54 +0100] "GET /img/men08.gif HTTP/1.1" 200 1642 "-" "Mozilla/5.0 (compatible; YandexImages/3.0; +http://yandex.com/bots)"
37.140.141.34 - - [17/Dec/2012:11:28:24 +0100] "GET /img/men04a.gif HTTP/1.1" 200 669 "-" "Mozilla/5.0 (compatible; YandexImages/3.0; +http://yandex.com/bots)"
157.55.35.114 - - [17/Dec/2012:11:45:15 +0100] "GET /robots.txt HTTP/1.1" 200 157 "-" "Mozilla/5.0 (compatible; bingbot/2.0; +http://www.bing.com/bingbot.htm)"
157.55.35.114 - - [17/Dec/2012:11:47:10 +0100] "GET /seiten/links.htm HTTP/1.1" 200 7302 "-" "Mozilla/5.0 (compatible; bingbot/2.0; +http://www.bing.com/bingbot.htm)"
157.55.35.114 - - [17/Dec/2012:11:47:10 +0100] "GET /seiten/praxis.htm HTTP/1.1" 200 7847 "-" "Mozilla/5.0 (compatible; bingbot/2.0; +http://www.bing.com/bingbot.htm)"
37.140.141.34 - - [17/Dec/2012:12:41:47 +0100] "GET /img/1pixel.gif HTTP/1.1" 200 45 "-" "Mozilla/5.0 (compatible; YandexImages/3.0; +http://yandex.com/bots)"
157.55.35.40 - - [17/Dec/2012:13:32:46 +0100] "GET /robots.txt HTTP/1.1" 200 157 "-" "Mozilla/5.0 (compatible; bingbot/2.0; +http://www.bing.com/bingbot.htm)"
157.55.35.40 - - [17/Dec/2012:13:34:17 +0100] "GET /seiten/kont_form.php HTTP/1.1" 200 8561 "-" "Mozilla/5.0 (compatible; bingbot/2.0; +http://www.bing.com/bingbot.htm)"
37.140.141.34 - - [17/Dec/2012:14:04:33 +0100] "GET /img/lay04.gif HTTP/1.1" 200 210 "-" "Mozilla/5.0 (compatible; YandexImages/3.0; +http://yandex.com/bots)"
37.140.141.34 - - [17/Dec/2012:15:16:27 +0100] "GET /img/men02a.gif HTTP/1.1" 200 589 "-" "Mozilla/5.0 (compatible; YandexImages/3.0; +http://yandex.com/bots)"
193.106.136.56 - - [17/Dec/2012:15:35:23 +0100] "GET /seiten/news.php HTTP/1.1" 200 7079 "http://www.ps25.ru/" "Mozilla/4.0 (compatible; MSIE 6.0; Windows NT 5.1; SV1; InfoPath.1)"
193.106.136.56 - - [17/Dec/2012:15:35:23 +0100] "GET /seiten/news.php HTTP/1.1" 200 7079 "http://www.ps25.ru/" "Mozilla/4.0 (compatible; MSIE 6.0; Windows NT 5.1; SV1; InfoPath.1)"
37.140.141.34 - - [17/Dec/2012:16:45:13 +0100] "GET /img/lay03.gif HTTP/1.1" 200 671 "-" "Mozilla/5.0 (compatible; YandexImages/3.0; +http://yandex.com/bots)"
37.140.141.34 - - [17/Dec/2012:17:57:46 +0100] "GET /img/pfeil.jpg HTTP/1.1" 200 380 "-" "Mozilla/5.0 (compatible; YandexImages/3.0; +http://yandex.com/bots)"
94.153.64.71 - - [17/Dec/2012:19:23:08 +0100] "GET /seiten/news.php HTTP/1.1" 200 7079 "http://raslav-16.com.ua/" "Mozilla/4.0 (compatible; MSIE 5.0; Windows 95) Opera 6.01 [en]"
94.153.64.71 - - [17/Dec/2012:19:23:09 +0100] "GET /seiten/news.php HTTP/1.1" 200 7079 "http://raslav-16.com.ua/" "Mozilla/4.0 (compatible; MSIE 5.0; Windows 95) Opera 6.01 [en]"
37.140.141.34 - - [17/Dec/2012:19:42:51 +0100] "GET /robots.txt HTTP/1.1" 200 157 "-" "Mozilla/5.0 (compatible; YandexImages/3.0; +http://yandex.com/bots)"
37.140.141.34 - - [17/Dec/2012:20:27:56 +0100] "GET /img/men02.gif HTTP/1.1" 200 1273 "-" "Mozilla/5.0 (compatible; YandexImages/3.0; +http://yandex.com/bots)"
37.140.141.34 - - [17/Dec/2012:21:19:03 +0100] "GET /img/men03a.gif HTTP/1.1" 200 820 "-" "Mozilla/5.0 (compatible; YandexImages/3.0; +http://yandex.com/bots)"
37.140.141.34 - - [17/Dec/2012:23:19:17 +0100] "GET /img/men04.gif HTTP/1.1" 200 1395 "-" "Mozilla/5.0 (compatible; YandexImages/3.0; +http://yandex.com/bots)"
91.223.75.117 - - [18/Dec/2012:00:48:45 +0100] "GET /seiten/news.php HTTP/1.1" 200 7079 "http://htc-review.ru/" "Mozilla/4.0 (compatible- MSIE 6.0- Windows NT 5.1- SV1- .NET CLR 1.1.4322"
91.223.75.117 - - [18/Dec/2012:00:48:46 +0100] "GET /seiten/news.php HTTP/1.1" 200 7079 "http://htc-review.ru/" "Mozilla/4.0 (compatible- MSIE 6.0- Windows NT 5.1- SV1- .NET CLR 1.1.4322"
157.55.35.47 - - [18/Dec/2012:02:03:28 +0100] "GET /robots.txt HTTP/1.1" 200 157 "-" "Mozilla/5.0 (compatible; bingbot/2.0; +http://www.bing.com/bingbot.htm)"
157.55.35.47 - - [18/Dec/2012:02:05:20 +0100] "GET /seiten/impr.htm HTTP/1.1" 200 9648 "-" "Mozilla/5.0 (compatible; bingbot/2.0; +http://www.bing.com/bingbot.htm)"
66.249.76.101 - - [18/Dec/2012:02:50:55 +0100] "GET /robots.txt HTTP/1.1" 200 157 "-" "Mozilla/5.0 (compatible; Googlebot/2.1; +http://www.google.com/bot.html)"
66.249.76.101 - - [18/Dec/2012:02:50:56 +0100] "GET / HTTP/1.1" 200 2663 "-" "Mozilla/5.0 (compatible; Googlebot/2.1; +http://www.google.com/bot.html)"
195.242.218.133 - - [18/Dec/2012:04:39:36 +0100] "GET /seiten/news.php HTTP/1.1" 200 7079 "http://www.aviabilety.travel/" "Mozilla/4.0 (compatible; MSIE 6.0; Windows NT 5.1; SV1; MRA 4.6 (build 01425); MRSPUTNIK 1, 5, 0, 19 SW)"
195.242.218.133 - - [18/Dec/2012:04:39:36 +0100] "GET /seiten/news.php HTTP/1.1" 200 7079 "http://www.aviabilety.travel/" "Mozilla/4.0 (compatible; MSIE 6.0; Windows NT 5.1; SV1; MRA 4.6 (build 01425); MRSPUTNIK 1, 5, 0, 19 SW)"
66.249.76.101 - - [18/Dec/2012:05:03:18 +0100] "GET /img/men08.gif HTTP/1.1" 200 1642 "-" "Mozilla/5.0 (compatible; Googlebot/2.1; +http://www.google.com/bot.html)"
66.249.76.101 - - [18/Dec/2012:05:03:19 +0100] "GET /seiten/start.htm HTTP/1.1" 200 7516 "-" "Mozilla/5.0 (compatible; Googlebot/2.1; +http://www.google.com/bot.html)"
157.56.93.193 - - [18/Dec/2012:05:57:31 +0100] "GET /robots.txt HTTP/1.1" 200 157 "-" "Mozilla/5.0 (compatible; bingbot/2.0; +http://www.bing.com/bingbot.htm)"
157.56.93.193 - - [18/Dec/2012:06:00:16 +0100] "GET / HTTP/1.1" 200 2663 "-" "Mozilla/5.0 (compatible; bingbot/2.0; +http://www.bing.com/bingbot.htm)"
37.139.52.23 - - [18/Dec/2012:07:02:30 +0100] "GET /seiten/news.php HTTP/1.1" 200 7079 "http://seocountry.net/news.php?readmore=26" "Mozilla/4.0 (compatible; MSIE 4.01; Digital AlphaServer 1000A 4/233; Windows NT; Powered By 64-Bit Alpha Processor)"
37.139.52.23 - - [18/Dec/2012:07:02:30 +0100] "GET /seiten/news.php HTTP/1.1" 200 7079 "http://seocountry.net/news.php?readmore=26" "Mozilla/4.0 (compatible; MSIE 4.01; Digital AlphaServer 1000A 4/233; Windows NT; Powered By 64-Bit Alpha Processor)"
178.137.129.165 - - [18/Dec/2012:11:16:59 +0100] "GET /seiten/news.php HTTP/1.1" 200 7079 "http://carsfires.ru/" "Mozilla/4.0 (compatible; MSIE 6.0; Windows NT 5.1; SV1; .NET CLR 1.1.4322) NS8/0.9.6"
178.137.129.165 - - [18/Dec/2012:11:16:59 +0100] "GET /seiten/news.php HTTP/1.1" 200 7079 "http://carsfires.ru/" "Mozilla/4.0 (compatible; MSIE 6.0; Windows NT 5.1; SV1; .NET CLR 1.1.4322) NS8/0.9.6"
91.223.75.118 - - [18/Dec/2012:12:31:18 +0100] "GET /seiten/news.php HTTP/1.1" 200 7079 "http://www.shopan.co.de/" "Mozilla/4.0 (compatible; MSIE 5.5; Windows NT 5.0)"
91.223.75.118 - - [18/Dec/2012:12:31:19 +0100] "GET /seiten/news.php HTTP/1.1" 200 7079 "http://www.shopan.co.de/" "Mozilla/4.0 (compatible; MSIE 5.5; Windows NT 5.0)"
157.56.93.193 - - [18/Dec/2012:12:47:15 +0100] "GET /robots.txt HTTP/1.1" 200 157 "-" "Mozilla/5.0 (compatible; bingbot/2.0; +http://www.bing.com/bingbot.htm)"
157.55.35.40 - - [18/Dec/2012:12:49:50 +0100] "GET /seiten/start.htm HTTP/1.1" 200 7516 "-" "Mozilla/5.0 (compatible; bingbot/2.0; +http://www.bing.com/bingbot.htm)"
157.56.93.193 - - [18/Dec/2012:12:50:02 +0100] "GET / HTTP/1.1" 200 2663 "-" "Mozilla/5.0 (compatible; bingbot/2.0; +http://www.bing.com/bingbot.htm)"
157.55.35.114 - - [18/Dec/2012:13:13:50 +0100] "GET /seiten/praxis.htm HTTP/1.1" 200 7847 "-" "Mozilla/5.0 (compatible; bingbot/2.0; +http://www.bing.com/bingbot.htm)"
157.55.35.114 - - [18/Dec/2012:13:13:50 +0100] "GET /seiten/links.htm HTTP/1.1" 200 7302 "-" "Mozilla/5.0 (compatible; bingbot/2.0; +http://www.bing.com/bingbot.htm)"
157.55.32.62 - - [18/Dec/2012:13:24:19 +0100] "GET /seiten/kont.htm HTTP/1.1" 200 8048 "-" "Mozilla/5.0 (compatible; bingbot/2.0; +http://www.bing.com/bingbot.htm)"
157.55.32.62 - - [18/Dec/2012:13:24:19 +0100] "GET /seiten/news.php HTTP/1.1" 200 7079 "-" "Mozilla/5.0 (compatible; bingbot/2.0; +http://www.bing.com/bingbot.htm)"
157.55.35.47 - - [18/Dec/2012:13:34:17 +0100] "GET /seiten/impr.htm HTTP/1.1" 200 9648 "-" "Mozilla/5.0 (compatible; bingbot/2.0; +http://www.bing.com/bingbot.htm)"
78.30.200.81 - - [18/Dec/2012:15:37:01 +0100] "GET /robots.txt HTTP/1.0" 200 157 "-" "Mozilla/5.0 (compatible; MJ12bot/v1.4.3; http://www.majestic12.co.uk/bot.php?+)"
78.30.200.81 - - [18/Dec/2012:15:37:02 +0100] "GET /seiten/start.htm HTTP/1.0" 200 7516 "-" "Mozilla/5.0 (compatible; MJ12bot/v1.4.3; http://www.majestic12.co.uk/bot.php?+)"
193.106.136.39 - - [18/Dec/2012:18:13:49 +0100] "GET /seiten/news.php HTTP/1.1" 200 7079 "http://mtech-world.net/" "Mozilla/4.0 (compatible; MSIE 6.0; Windows NT 5.1; TheFreeDictionary.com; .NET CLR 1.1.4322; .NET CLR 1.0.3705; .NET CLR 2.0.50727)"
193.106.136.39 - - [18/Dec/2012:18:13:49 +0100] "GET /seiten/news.php HTTP/1.1" 200 7079 "http://mtech-world.net/" "Mozilla/4.0 (compatible; MSIE 6.0; Windows NT 5.1; TheFreeDictionary.com; .NET CLR 1.1.4322; .NET CLR 1.0.3705; .NET CLR 2.0.50727)"
37.140.141.34 - - [18/Dec/2012:20:31:12 +0100] "GET /robots.txt HTTP/1.1" 200 157 "-" "Mozilla/5.0 (compatible; YandexImages/3.0; +http://yandex.com/bots)"
112.111.39.86 - - [18/Dec/2012:20:48:23 +0100] "GET /seiten/links.htm HTTP/1.0" 200 7302 "http://www.dialyse-borna.de/seiten/links.htm" "Mozilla/5.0 (Windows NT 5.1; rv:13.0) Gecko/20100101 Firefox/13.0.1"
92.249.127.111 - - [18/Dec/2012:21:04:07 +0100] "GET /seiten/news.php HTTP/1.1" 200 7079 "http://www.riccr.com/" "Mozilla/5.0 (compatible; news bot /2.1)"
92.249.127.111 - - [18/Dec/2012:21:04:07 +0100] "GET /seiten/news.php HTTP/1.1" 200 7079 "http://www.riccr.com/" "Mozilla/5.0 (compatible; news bot /2.1)"
37.140.141.34 - - [18/Dec/2012:21:17:11 +0100] "GET /img/men06.gif HTTP/1.1" 200 1162 "-" "Mozilla/5.0 (compatible; YandexImages/3.0; +http://yandex.com/bots)"
79.193.250.138 - - [18/Dec/2012:21:25:07 +0100] "GET /seiten/impr.htm HTTP/1.1" 200 9648 "http://www.google.de/url?sa=t&rct=j&q=tendis%20borna&source=web&cd=3&ved=0CEQQFjAC&url=http%3A%2F%2Fwww.dialyse-borna.de%2Fseiten%2Fimpr.htm&ei=_9DQUOiiAYep4ASf44CADg&usg=AFQjCNHLZZEhkKT2QkjwwRmqgb-uGk-kyg&bvm=bv.1355534169,d.Yms" "Mozilla/5.0 (Windows NT 6.1; rv:17.0) Gecko/20100101 Firefox/17.0"
79.193.250.138 - - [18/Dec/2012:21:25:07 +0100] "GET /css/borna.css HTTP/1.1" 200 2909 "http://www.dialyse-borna.de/seiten/impr.htm" "Mozilla/5.0 (Windows NT 6.1; rv:17.0) Gecko/20100101 Firefox/17.0"
79.193.250.138 - - [18/Dec/2012:21:25:07 +0100] "GET /img/men01.gif HTTP/1.1" 200 432 "http://www.dialyse-borna.de/seiten/impr.htm" "Mozilla/5.0 (Windows NT 6.1; rv:17.0) Gecko/20100101 Firefox/17.0"
79.193.250.138 - - [18/Dec/2012:21:25:07 +0100] "GET /img/1pixel.gif HTTP/1.1" 200 45 "http://www.dialyse-borna.de/seiten/impr.htm" "Mozilla/5.0 (Windows NT 6.1; rv:17.0) Gecko/20100101 Firefox/17.0"
79.193.250.138 - - [18/Dec/2012:21:25:07 +0100] "GET /img/men06.gif HTTP/1.1" 200 1162 "http://www.dialyse-borna.de/seiten/impr.htm" "Mozilla/5.0 (Windows NT 6.1; rv:17.0) Gecko/20100101 Firefox/17.0"
79.193.250.138 - - [18/Dec/2012:21:25:07 +0100] "GET /img/men02.gif HTTP/1.1" 200 1273 "http://www.dialyse-borna.de/seiten/impr.htm" "Mozilla/5.0 (Windows NT 6.1; rv:17.0) Gecko/20100101 Firefox/17.0"
79.193.250.138 - - [18/Dec/2012:21:25:07 +0100] "GET /img/men03.gif HTTP/1.1" 200 1621 "http://www.dialyse-borna.de/seiten/impr.htm" "Mozilla/5.0 (Windows NT 6.1; rv:17.0) Gecko/20100101 Firefox/17.0"
79.193.250.138 - - [18/Dec/2012:21:25:07 +0100] "GET /img/men04.gif HTTP/1.1" 200 1395 "http://www.dialyse-borna.de/seiten/impr.htm" "Mozilla/5.0 (Windows NT 6.1; rv:17.0) Gecko/20100101 Firefox/17.0"
79.193.250.138 - - [18/Dec/2012:21:25:07 +0100] "GET /img/men08a.gif HTTP/1.1" 200 819 "http://www.dialyse-borna.de/seiten/impr.htm" "Mozilla/5.0 (Windows NT 6.1; rv:17.0) Gecko/20100101 Firefox/17.0"
79.193.250.138 - - [18/Dec/2012:21:25:07 +0100] "GET /img/men07.gif HTTP/1.1" 200 1396 "http://www.dialyse-borna.de/seiten/impr.htm" "Mozilla/5.0 (Windows NT 6.1; rv:17.0) Gecko/20100101 Firefox/17.0"
79.193.250.138 - - [18/Dec/2012:21:25:07 +0100] "GET /img/men09.gif HTTP/1.1" 200 708 "http://www.dialyse-borna.de/seiten/impr.htm" "Mozilla/5.0 (Windows NT 6.1; rv:17.0) Gecko/20100101 Firefox/17.0"
79.193.250.138 - - [18/Dec/2012:21:25:07 +0100] "GET /img/lay04.gif HTTP/1.1" 200 210 "http://www.dialyse-borna.de/seiten/impr.htm" "Mozilla/5.0 (Windows NT 6.1; rv:17.0) Gecko/20100101 Firefox/17.0"
79.193.250.138 - - [18/Dec/2012:21:25:07 +0100] "GET /img/lay03.gif HTTP/1.1" 200 671 "http://www.dialyse-borna.de/seiten/impr.htm" "Mozilla/5.0 (Windows NT 6.1; rv:17.0) Gecko/20100101 Firefox/17.0"
79.193.250.138 - - [18/Dec/2012:21:25:07 +0100] "GET /img/lay07.gif HTTP/1.1" 200 272 "http://www.dialyse-borna.de/seiten/impr.htm" "Mozilla/5.0 (Windows NT 6.1; rv:17.0) Gecko/20100101 Firefox/17.0"
79.193.250.138 - - [18/Dec/2012:21:25:07 +0100] "GET /img/bg2.gif HTTP/1.1" 200 49 "http://www.dialyse-borna.de/img/bg2.gif" "Mozilla/5.0 (Windows NT 6.1; rv:17.0) Gecko/20100101 Firefox/17.0"
79.193.250.138 - - [18/Dec/2012:21:25:07 +0100] "GET /img/lay02.gif HTTP/1.1" 200 3503 "http://www.dialyse-borna.de/img/lay02.gif" "Mozilla/5.0 (Windows NT 6.1; rv:17.0) Gecko/20100101 Firefox/17.0"
79.193.250.138 - - [18/Dec/2012:21:25:07 +0100] "GET /img/lay08.gif HTTP/1.1" 200 322 "http://www.dialyse-borna.de/img/lay08.gif" "Mozilla/5.0 (Windows NT 6.1; rv:17.0) Gecko/20100101 Firefox/17.0"
79.193.250.138 - - [18/Dec/2012:21:25:07 +0100] "GET /img/lay01.gif HTTP/1.1" 200 384 "http://www.dialyse-borna.de/img/lay01.gif" "Mozilla/5.0 (Windows NT 6.1; rv:17.0) Gecko/20100101 Firefox/17.0"
79.193.250.138 - - [18/Dec/2012:21:25:07 +0100] "GET /img/bg3.gif HTTP/1.1" 200 143 "http://www.dialyse-borna.de/img/bg3.gif" "Mozilla/5.0 (Windows NT 6.1; rv:17.0) Gecko/20100101 Firefox/17.0"
79.193.250.138 - - [18/Dec/2012:21:25:07 +0100] "GET /img/bg1.gif HTTP/1.1" 200 54 "http://www.dialyse-borna.de/img/bg1.gif" "Mozilla/5.0 (Windows NT 6.1; rv:17.0) Gecko/20100101 Firefox/17.0"
79.193.250.138 - - [18/Dec/2012:21:25:07 +0100] "GET /img/bg4.gif HTTP/1.1" 200 135 "http://www.dialyse-borna.de/img/bg4.gif" "Mozilla/5.0 (Windows NT 6.1; rv:17.0) Gecko/20100101 Firefox/17.0"
79.193.250.138 - - [18/Dec/2012:21:25:07 +0100] "GET /img/lay05.gif HTTP/1.1" 200 541 "http://www.dialyse-borna.de/img/lay05.gif" "Mozilla/5.0 (Windows NT 6.1; rv:17.0) Gecko/20100101 Firefox/17.0"
79.193.250.138 - - [18/Dec/2012:21:25:07 +0100] "GET /img/men04a.gif HTTP/1.1" 200 669 "http://www.dialyse-borna.de/seiten/impr.htm" "Mozilla/5.0 (Windows NT 6.1; rv:17.0) Gecko/20100101 Firefox/17.0"
79.193.250.138 - - [18/Dec/2012:21:25:07 +0100] "GET /img/men02a.gif HTTP/1.1" 200 589 "http://www.dialyse-borna.de/seiten/impr.htm" "Mozilla/5.0 (Windows NT 6.1; rv:17.0) Gecko/20100101 Firefox/17.0"
79.193.250.138 - - [18/Dec/2012:21:25:07 +0100] "GET /img/men03a.gif HTTP/1.1" 200 820 "http://www.dialyse-borna.de/seiten/impr.htm" "Mozilla/5.0 (Windows NT 6.1; rv:17.0) Gecko/20100101 Firefox/17.0"
79.193.250.138 - - [18/Dec/2012:21:25:07 +0100] "GET /img/men06a.gif HTTP/1.1" 200 518 "http://www.dialyse-borna.de/seiten/impr.htm" "Mozilla/5.0 (Windows NT 6.1; rv:17.0) Gecko/20100101 Firefox/17.0"
79.193.250.138 - - [18/Dec/2012:21:25:07 +0100] "GET /img/men07a.gif HTTP/1.1" 200 666 "http://www.dialyse-borna.de/seiten/impr.htm" "Mozilla/5.0 (Windows NT 6.1; rv:17.0) Gecko/20100101 Firefox/17.0"
79.193.250.138 - - [18/Dec/2012:21:25:07 +0100] "GET /img/men05a.gif HTTP/1.1" 200 556 "http://www.dialyse-borna.de/seiten/impr.htm" "Mozilla/5.0 (Windows NT 6.1; rv:17.0) Gecko/20100101 Firefox/17.0"
79.193.250.138 - - [18/Dec/2012:21:25:07 +0100] "GET /favicon.ico HTTP/1.1" 404 1256 "-" "Mozilla/5.0 (Windows NT 6.1; rv:17.0) Gecko/20100101 Firefox/17.0"
79.193.250.138 - - [18/Dec/2012:21:25:13 +0100] "GET /seiten/praxis.htm HTTP/1.1" 200 7847 "http://www.dialyse-borna.de/seiten/impr.htm" "Mozilla/5.0 (Windows NT 6.1; rv:17.0) Gecko/20100101 Firefox/17.0"
79.193.250.138 - - [18/Dec/2012:21:25:13 +0100] "GET /img/men08.gif HTTP/1.1" 200 1642 "http://www.dialyse-borna.de/seiten/praxis.htm" "Mozilla/5.0 (Windows NT 6.1; rv:17.0) Gecko/20100101 Firefox/17.0"
79.193.250.138 - - [18/Dec/2012:21:25:13 +0100] "GET /img/schild.jpg HTTP/1.1" 200 12757 "http://www.dialyse-borna.de/seiten/praxis.htm" "Mozilla/5.0 (Windows NT 6.1; rv:17.0) Gecko/20100101 Firefox/17.0"
37.140.141.34 - - [18/Dec/2012:22:16:54 +0100] "GET /img/men01.gif HTTP/1.1" 200 432 "-" "Mozilla/5.0 (compatible; YandexImages/3.0; +http://yandex.com/bots)"
37.140.141.34 - - [18/Dec/2012:23:39:46 +0100] "GET /img/men04a.gif HTTP/1.1" 200 669 "-" "Mozilla/5.0 (compatible; YandexImages/3.0; +http://yandex.com/bots)"
66.249.76.101 - - [18/Dec/2012:23:42:59 +0100] "GET /robots.txt HTTP/1.1" 200 157 "-" "Mozilla/5.0 (compatible; Googlebot/2.1; +http://www.google.com/bot.html)"
66.249.76.101 - - [18/Dec/2012:23:42:59 +0100] "GET /seiten/impr.htm HTTP/1.1" 304 - "-" "Mozilla/5.0 (compatible; Googlebot/2.1; +http://www.google.com/bot.html)"
89.108.102.171 - - [19/Dec/2012:00:40:24 +0100] "GET /seiten/news.php HTTP/1.1" 200 7079 "http://popolnit.net/" "Mozilla/4.0 (compatible; MSIE 7.0b; Windows NT 6.0)"
89.108.102.171 - - [19/Dec/2012:00:40:27 +0100] "GET /seiten/news.php HTTP/1.1" 200 7079 "http://popolnit.net/" "Mozilla/4.0 (compatible; MSIE 7.0b; Windows NT 6.0)"
37.140.141.34 - - [19/Dec/2012:00:51:08 +0100] "GET /img/men08.gif HTTP/1.1" 200 1642 "-" "Mozilla/5.0 (compatible; YandexImages/3.0; +http://yandex.com/bots)"
37.140.141.34 - - [19/Dec/2012:01:56:28 +0100] "GET /img/lay07.gif HTTP/1.1" 200 272 "-" "Mozilla/5.0 (compatible; YandexImages/3.0; +http://yandex.com/bots)"
91.223.75.117 - - [19/Dec/2012:01:57:23 +0100] "GET /seiten/news.php HTTP/1.1" 200 7079 "http://myzoboss.com/" "Mozilla/4.0 (compatible; MSIE 6.0; Windows NT 5.1; SV1; FunWebProducts; MRA 4.6 (build 01425); .NET CLR 1.1.4322; .NET CLR 2.0.50727)"
91.223.75.117 - - [19/Dec/2012:01:57:24 +0100] "GET /seiten/news.php HTTP/1.1" 200 7079 "http://myzoboss.com/" "Mozilla/4.0 (compatible; MSIE 6.0; Windows NT 5.1; SV1; FunWebProducts; MRA 4.6 (build 01425); .NET CLR 1.1.4322; .NET CLR 2.0.50727)"
66.249.76.101 - - [19/Dec/2012:02:15:44 +0100] "GET /seiten/dialyse.htm HTTP/1.1" 304 - "-" "Mozilla/5.0 (compatible; Googlebot/2.1; +http://www.google.com/bot.html)"
37.140.141.34 - - [19/Dec/2012:03:04:40 +0100] "GET /img/men04.gif HTTP/1.1" 200 1395 "-" "Mozilla/5.0 (compatible; YandexImages/3.0; +http://yandex.com/bots)"
37.140.141.34 - - [19/Dec/2012:04:29:46 +0100] "GET /img/schild.jpg HTTP/1.1" 200 12757 "-" "Mozilla/5.0 (compatible; YandexImages/3.0; +http://yandex.com/bots)"
157.56.93.193 - - [19/Dec/2012:05:13:46 +0100] "GET /robots.txt HTTP/1.1" 200 157 "-" "Mozilla/5.0 (compatible; bingbot/2.0; +http://www.bing.com/bingbot.htm)"
157.56.93.193 - - [19/Dec/2012:05:28:02 +0100] "GET / HTTP/1.1" 200 2663 "-" "Mozilla/5.0 (compatible; bingbot/2.0; +http://www.bing.com/bingbot.htm)"
37.140.141.34 - - [19/Dec/2012:05:51:24 +0100] "GET /img/men02.gif HTTP/1.1" 200 1273 "-" "Mozilla/5.0 (compatible; YandexImages/3.0; +http://yandex.com/bots)"
157.55.35.40 - - [19/Dec/2012:06:37:56 +0100] "GET /robots.txt HTTP/1.1" 200 157 "-" "Mozilla/5.0 (compatible; bingbot/2.0; +http://www.bing.com/bingbot.htm)"
37.140.141.34 - - [19/Dec/2012:06:54:54 +0100] "GET /img/dialyse.jpg HTTP/1.1" 200 18017 "-" "Mozilla/5.0 (compatible; YandexImages/3.0; +http://yandex.com/bots)"
37.140.141.34 - - [19/Dec/2012:07:58:22 +0100] "GET /img/main_pic.jpg HTTP/1.1" 200 14864 "-" "Mozilla/5.0 (compatible; YandexImages/3.0; +http://yandex.com/bots)"
37.140.141.34 - - [19/Dec/2012:08:59:20 +0100] "GET /img/lay03.gif HTTP/1.1" 200 671 "-" "Mozilla/5.0 (compatible; YandexImages/3.0; +http://yandex.com/bots)"
37.140.141.34 - - [19/Dec/2012:10:12:26 +0100] "GET /img/men03.gif HTTP/1.1" 200 1621 "-" "Mozilla/5.0 (compatible; YandexImages/3.0; +http://yandex.com/bots)"
192.210.57.138 - - [19/Dec/2012:10:14:05 +0100] "GET /seiten/links.htm HTTP/1.0" 200 7302 "http://www.dialyse-borna.de/seiten/links.htm" "Opera/9.80 (Windows NT 5.1; U; Edition Campaign 09; ru) Presto/2.10.289 Version/12.00"
206.253.226.22 - - [19/Dec/2012:10:27:49 +0100] "GET /robots.txt HTTP/1.1" 200 157 "-" "Mozilla/5.0 (compatible; oBot/2.3.1; +http://filterdb.iss.net/crawler/)"
206.253.226.22 - - [19/Dec/2012:10:27:49 +0100] "GET / HTTP/1.1" 200 2663 "-" "Mozilla/5.0 (compatible; oBot/2.3.1; +http://filterdb.iss.net/crawler/)"
206.253.226.22 - - [19/Dec/2012:10:27:49 +0100] "GET /img/bg1.gif HTTP/1.1" 200 54 "-" "Mozilla/5.0 (compatible; oBot/2.3.1; +http://filterdb.iss.net/crawler/)"
206.253.226.22 - - [19/Dec/2012:10:27:50 +0100] "GET /img/FL_check.swf HTTP/1.1" 200 100 "-" "Mozilla/5.0 (compatible; oBot/2.3.1; +http://filterdb.iss.net/crawler/)"
206.253.226.22 - - [19/Dec/2012:10:27:50 +0100] "GET /img/leist.jpg HTTP/1.1" 200 18546 "-" "Mozilla/5.0 (compatible; oBot/2.3.1; +http://filterdb.iss.net/crawler/)"
206.253.226.22 - - [19/Dec/2012:10:27:52 +0100] "GET /img/dialyse.jpg HTTP/1.1" 200 18017 "-" "Mozilla/5.0 (compatible; oBot/2.3.1; +http://filterdb.iss.net/crawler/)"
157.55.35.40 - - [19/Dec/2012:10:33:13 +0100] "GET /robots.txt HTTP/1.1" 200 157 "-" "Mozilla/5.0 (compatible; bingbot/2.0; +http://www.bing.com/bingbot.htm)"
157.55.35.40 - - [19/Dec/2012:10:35:16 +0100] "GET /seiten/start.htm HTTP/1.1" 200 7516 "-" "Mozilla/5.0 (compatible; bingbot/2.0; +http://www.bing.com/bingbot.htm)"
157.56.93.193 - - [19/Dec/2012:10:37:51 +0100] "GET / HTTP/1.1" 200 2663 "-" "Mozilla/5.0 (compatible; bingbot/2.0; +http://www.bing.com/bingbot.htm)"
178.137.129.165 - - [19/Dec/2012:11:00:43 +0100] "GET /seiten/news.php HTTP/1.1" 200 7079 "http://shopseek.ru/" "Mozilla/4.0 (compatible; MSIE 6.0; Windows NT 5.2; Win64; AMD64)"
178.137.129.165 - - [19/Dec/2012:11:00:44 +0100] "GET /seiten/news.php HTTP/1.1" 200 7079 "http://shopseek.ru/" "Mozilla/4.0 (compatible; MSIE 6.0; Windows NT 5.2; Win64; AMD64)"
157.55.32.62 - - [19/Dec/2012:11:01:16 +0100] "GET /seiten/kont.htm HTTP/1.1" 200 8048 "-" "Mozilla/5.0 (compatible; bingbot/2.0; +http://www.bing.com/bingbot.htm)"
157.55.32.62 - - [19/Dec/2012:11:01:16 +0100] "GET /seiten/news.php HTTP/1.1" 200 7079 "-" "Mozilla/5.0 (compatible; bingbot/2.0; +http://www.bing.com/bingbot.htm)"
157.55.35.114 - - [19/Dec/2012:11:08:46 +0100] "GET /seiten/links.htm HTTP/1.1" 200 7302 "-" "Mozilla/5.0 (compatible; bingbot/2.0; +http://www.bing.com/bingbot.htm)"
157.55.35.114 - - [19/Dec/2012:11:08:46 +0100] "GET /seiten/praxis.htm HTTP/1.1" 200 7847 "-" "Mozilla/5.0 (compatible; bingbot/2.0; +http://www.bing.com/bingbot.htm)"
91.223.75.118 - - [19/Dec/2012:11:19:24 +0100] "GET /seiten/news.php HTTP/1.1" 200 7079 "http://megapolis-b.ru/" "Mozilla/4.0 (compatible; MSIE 6.0; Windows XP)"
91.223.75.118 - - [19/Dec/2012:11:19:24 +0100] "GET /seiten/news.php HTTP/1.1" 200 7079 "http://megapolis-b.ru/" "Mozilla/4.0 (compatible; MSIE 6.0; Windows XP)"
157.55.35.47 - - [19/Dec/2012:11:22:15 +0100] "GET /seiten/impr.htm HTTP/1.1" 200 9648 "-" "Mozilla/5.0 (compatible; bingbot/2.0; +http://www.bing.com/bingbot.htm)"
37.140.141.34 - - [19/Dec/2012:11:23:49 +0100] "GET /img/men08a.gif HTTP/1.1" 200 819 "-" "Mozilla/5.0 (compatible; YandexImages/3.0; +http://yandex.com/bots)"
