157.55.35.90 - - [08/Dec/2012:03:48:55 +0100] "GET / HTTP/1.1" 200 2663 "-" "Mozilla/5.0 (compatible; bingbot/2.0; +http://www.bing.com/bingbot.htm)"
94.23.220.161 - - [08/Dec/2012:04:14:41 +0100] "GET /seiten/impr.htm HTTP/1.1" 200 9648 "-" "Mozilla/5.0 (X11; Linux i686; rv:6.0) Gecko/20100101 Firefox/6.0"
66.249.73.174 - - [08/Dec/2012:04:15:21 +0100] "GET /robots.txt HTTP/1.1" 200 157 "-" "Mozilla/5.0 (compatible; Googlebot/2.1; +http://www.google.com/bot.html)"
66.249.73.174 - - [08/Dec/2012:04:15:21 +0100] "GET / HTTP/1.1" 200 2663 "-" "Mozilla/5.0 (compatible; Googlebot/2.1; +http://www.google.com/bot.html)"
178.154.179.250 - - [08/Dec/2012:07:18:44 +0100] "GET /seiten/start.htm HTTP/1.1" 304 - "-" "Mozilla/5.0 (compatible; YandexBot/3.0; +http://yandex.com/bots)"
88.190.37.240 - - [08/Dec/2012:08:40:04 +0100] "GET /seiten/links.htm HTTP/1.0" 200 7302 "http://www.dialyse-borna.de/seiten/links.htm" "Mozilla/5.0 (Windows NT 6.0) AppleWebKit/536.11 (KHTML, like Gecko) Chrome/20.0.1132.47 Safari/536.11"
157.56.229.185 - - [08/Dec/2012:08:45:48 +0100] "GET /robots.txt HTTP/1.1" 200 157 "-" "Mozilla/5.0 (compatible; bingbot/2.0; +http://www.bing.com/bingbot.htm)"
157.56.229.185 - - [08/Dec/2012:08:47:42 +0100] "GET /seiten/function.include HTTP/1.1" 404 1256 "-" "Mozilla/5.0 (compatible; bingbot/2.0; +http://www.bing.com/bingbot.htm)"
178.255.215.68 - - [08/Dec/2012:10:25:41 +0100] "GET /robots.txt HTTP/1.1" 200 157 "-" "Mozilla/5.0 (compatible; Exabot/3.0; +http://www.exabot.com/go/robot)"
178.255.215.68 - - [08/Dec/2012:10:25:41 +0100] "GET /seiten/news.php HTTP/1.1" 200 7079 "-" "Mozilla/5.0 (compatible; Exabot/3.0; +http://www.exabot.com/go/robot)"
37.140.141.34 - - [08/Dec/2012:12:17:31 +0100] "GET /robots.txt HTTP/1.1" 200 157 "-" "Mozilla/5.0 (compatible; YandexImages/3.0; +http://yandex.com/bots)"
157.55.35.40 - - [08/Dec/2012:12:49:41 +0100] "GET /robots.txt HTTP/1.1" 200 157 "-" "Mozilla/5.0 (compatible; bingbot/2.0; +http://www.bing.com/bingbot.htm)"
157.55.35.40 - - [08/Dec/2012:12:51:42 +0100] "GET /seiten/start.htm HTTP/1.1" 200 7516 "-" "Mozilla/5.0 (compatible; bingbot/2.0; +http://www.bing.com/bingbot.htm)"
66.249.73.174 - - [08/Dec/2012:14:06:56 +0100] "GET /robots.txt HTTP/1.1" 200 157 "-" "Mozilla/5.0 (compatible; Googlebot/2.1; +http://www.google.com/bot.html)"
66.249.73.174 - - [08/Dec/2012:14:06:56 +0100] "GET /seiten/start.htm HTTP/1.1" 304 - "-" "Mozilla/5.0 (compatible; Googlebot/2.1; +http://www.google.com/bot.html)"
62.202.76.37 - - [08/Dec/2012:15:11:30 +0100] "GET / HTTP/1.1" 200 2663 "http://www.google.ch/url?sa=t&rct=j&q=dialysezentrum%20borna&source=web&cd=4&ved=0CFMQFjAD&url=http%3A%2F%2Fwww.dialyse-borna.de%2F&ei=ikrDUKjcG4Xvsgb394GICQ&usg=AFQjCNF2KNTIkBF7QiIB3UFmpF4J1FAf4w" "Mozilla/5.0 (Windows NT 6.0; rv:17.0) Gecko/20100101 Firefox/17.0"
62.202.76.37 - - [08/Dec/2012:15:11:30 +0100] "GET /css/borna.css HTTP/1.1" 200 2909 "http://www.dialyse-borna.de/" "Mozilla/5.0 (Windows NT 6.0; rv:17.0) Gecko/20100101 Firefox/17.0"
62.202.76.37 - - [08/Dec/2012:15:11:30 +0100] "GET /seiten/start.htm HTTP/1.1" 200 7516 "http://www.dialyse-borna.de/" "Mozilla/5.0 (Windows NT 6.0; rv:17.0) Gecko/20100101 Firefox/17.0"
62.202.76.37 - - [08/Dec/2012:15:11:30 +0100] "GET /favicon.ico HTTP/1.1" 404 1256 "-" "Mozilla/5.0 (Windows NT 6.0; rv:17.0) Gecko/20100101 Firefox/17.0"
62.202.76.37 - - [08/Dec/2012:15:11:30 +0100] "GET /img/men01.gif HTTP/1.1" 200 432 "http://www.dialyse-borna.de/seiten/start.htm" "Mozilla/5.0 (Windows NT 6.0; rv:17.0) Gecko/20100101 Firefox/17.0"
62.202.76.37 - - [08/Dec/2012:15:11:31 +0100] "GET /img/1pixel.gif HTTP/1.1" 200 45 "http://www.dialyse-borna.de/seiten/start.htm" "Mozilla/5.0 (Windows NT 6.0; rv:17.0) Gecko/20100101 Firefox/17.0"
62.202.76.37 - - [08/Dec/2012:15:11:31 +0100] "GET /img/men02a.gif HTTP/1.1" 200 589 "http://www.dialyse-borna.de/seiten/start.htm" "Mozilla/5.0 (Windows NT 6.0; rv:17.0) Gecko/20100101 Firefox/17.0"
62.202.76.37 - - [08/Dec/2012:15:11:31 +0100] "GET /img/men07.gif HTTP/1.1" 200 1396 "http://www.dialyse-borna.de/seiten/start.htm" "Mozilla/5.0 (Windows NT 6.0; rv:17.0) Gecko/20100101 Firefox/17.0"
62.202.76.37 - - [08/Dec/2012:15:11:31 +0100] "GET /img/men08.gif HTTP/1.1" 200 1642 "http://www.dialyse-borna.de/seiten/start.htm" "Mozilla/5.0 (Windows NT 6.0; rv:17.0) Gecko/20100101 Firefox/17.0"
62.202.76.37 - - [08/Dec/2012:15:11:31 +0100] "GET /img/men04.gif HTTP/1.1" 200 1395 "http://www.dialyse-borna.de/seiten/start.htm" "Mozilla/5.0 (Windows NT 6.0; rv:17.0) Gecko/20100101 Firefox/17.0"
62.202.76.37 - - [08/Dec/2012:15:11:31 +0100] "GET /img/men06.gif HTTP/1.1" 200 1162 "http://www.dialyse-borna.de/seiten/start.htm" "Mozilla/5.0 (Windows NT 6.0; rv:17.0) Gecko/20100101 Firefox/17.0"
62.202.76.37 - - [08/Dec/2012:15:11:31 +0100] "GET /img/men03.gif HTTP/1.1" 200 1621 "http://www.dialyse-borna.de/seiten/start.htm" "Mozilla/5.0 (Windows NT 6.0; rv:17.0) Gecko/20100101 Firefox/17.0"
62.202.76.37 - - [08/Dec/2012:15:11:31 +0100] "GET /img/men09.gif HTTP/1.1" 200 708 "http://www.dialyse-borna.de/seiten/start.htm" "Mozilla/5.0 (Windows NT 6.0; rv:17.0) Gecko/20100101 Firefox/17.0"
62.202.76.37 - - [08/Dec/2012:15:11:31 +0100] "GET /img/lay03.gif HTTP/1.1" 200 671 "http://www.dialyse-borna.de/seiten/start.htm" "Mozilla/5.0 (Windows NT 6.0; rv:17.0) Gecko/20100101 Firefox/17.0"
62.202.76.37 - - [08/Dec/2012:15:11:31 +0100] "GET /img/main_pic.jpg HTTP/1.1" 200 14864 "http://www.dialyse-borna.de/seiten/start.htm" "Mozilla/5.0 (Windows NT 6.0; rv:17.0) Gecko/20100101 Firefox/17.0"
62.202.76.37 - - [08/Dec/2012:15:11:31 +0100] "GET /img/pfeil.jpg HTTP/1.1" 200 380 "http://www.dialyse-borna.de/seiten/start.htm" "Mozilla/5.0 (Windows NT 6.0; rv:17.0) Gecko/20100101 Firefox/17.0"
62.202.76.37 - - [08/Dec/2012:15:11:31 +0100] "GET /img/lay04.gif HTTP/1.1" 200 210 "http://www.dialyse-borna.de/seiten/start.htm" "Mozilla/5.0 (Windows NT 6.0; rv:17.0) Gecko/20100101 Firefox/17.0"
62.202.76.37 - - [08/Dec/2012:15:11:31 +0100] "GET /img/lay07.gif HTTP/1.1" 200 272 "http://www.dialyse-borna.de/seiten/start.htm" "Mozilla/5.0 (Windows NT 6.0; rv:17.0) Gecko/20100101 Firefox/17.0"
62.202.76.37 - - [08/Dec/2012:15:11:32 +0100] "GET /img/lay01.gif HTTP/1.1" 200 384 "http://www.dialyse-borna.de/img/lay01.gif" "Mozilla/5.0 (Windows NT 6.0; rv:17.0) Gecko/20100101 Firefox/17.0"
62.202.76.37 - - [08/Dec/2012:15:11:32 +0100] "GET /img/lay02.gif HTTP/1.1" 200 3503 "http://www.dialyse-borna.de/img/lay02.gif" "Mozilla/5.0 (Windows NT 6.0; rv:17.0) Gecko/20100101 Firefox/17.0"
62.202.76.37 - - [08/Dec/2012:15:11:32 +0100] "GET /img/lay08.gif HTTP/1.1" 200 322 "http://www.dialyse-borna.de/img/lay08.gif" "Mozilla/5.0 (Windows NT 6.0; rv:17.0) Gecko/20100101 Firefox/17.0"
62.202.76.37 - - [08/Dec/2012:15:11:32 +0100] "GET /img/bg2.gif HTTP/1.1" 200 49 "http://www.dialyse-borna.de/img/bg2.gif" "Mozilla/5.0 (Windows NT 6.0; rv:17.0) Gecko/20100101 Firefox/17.0"
62.202.76.37 - - [08/Dec/2012:15:11:32 +0100] "GET /img/bg3.gif HTTP/1.1" 200 143 "http://www.dialyse-borna.de/img/bg3.gif" "Mozilla/5.0 (Windows NT 6.0; rv:17.0) Gecko/20100101 Firefox/17.0"
62.202.76.37 - - [08/Dec/2012:15:11:32 +0100] "GET /img/bg1.gif HTTP/1.1" 200 54 "http://www.dialyse-borna.de/img/bg1.gif" "Mozilla/5.0 (Windows NT 6.0; rv:17.0) Gecko/20100101 Firefox/17.0"
62.202.76.37 - - [08/Dec/2012:15:11:32 +0100] "GET /img/bg4.gif HTTP/1.1" 200 135 "http://www.dialyse-borna.de/img/bg4.gif" "Mozilla/5.0 (Windows NT 6.0; rv:17.0) Gecko/20100101 Firefox/17.0"
62.202.76.37 - - [08/Dec/2012:15:11:32 +0100] "GET /img/lay05.gif HTTP/1.1" 200 541 "http://www.dialyse-borna.de/img/lay05.gif" "Mozilla/5.0 (Windows NT 6.0; rv:17.0) Gecko/20100101 Firefox/17.0"
62.202.76.37 - - [08/Dec/2012:15:11:32 +0100] "GET /img/bilder.swf HTTP/1.1" 200 78858 "http://www.dialyse-borna.de/seiten/start.htm" "Mozilla/5.0 (Windows NT 6.0; rv:17.0) Gecko/20100101 Firefox/17.0"
62.202.76.37 - - [08/Dec/2012:15:11:32 +0100] "GET /img/men04a.gif HTTP/1.1" 200 669 "http://www.dialyse-borna.de/seiten/start.htm" "Mozilla/5.0 (Windows NT 6.0; rv:17.0) Gecko/20100101 Firefox/17.0"
62.202.76.37 - - [08/Dec/2012:15:11:32 +0100] "GET /img/men05a.gif HTTP/1.1" 200 556 "http://www.dialyse-borna.de/seiten/start.htm" "Mozilla/5.0 (Windows NT 6.0; rv:17.0) Gecko/20100101 Firefox/17.0"
62.202.76.37 - - [08/Dec/2012:15:11:32 +0100] "GET /img/men07a.gif HTTP/1.1" 200 666 "http://www.dialyse-borna.de/seiten/start.htm" "Mozilla/5.0 (Windows NT 6.0; rv:17.0) Gecko/20100101 Firefox/17.0"
62.202.76.37 - - [08/Dec/2012:15:11:32 +0100] "GET /img/men08a.gif HTTP/1.1" 200 819 "http://www.dialyse-borna.de/seiten/start.htm" "Mozilla/5.0 (Windows NT 6.0; rv:17.0) Gecko/20100101 Firefox/17.0"
62.202.76.37 - - [08/Dec/2012:15:11:32 +0100] "GET /img/men03a.gif HTTP/1.1" 200 820 "http://www.dialyse-borna.de/seiten/start.htm" "Mozilla/5.0 (Windows NT 6.0; rv:17.0) Gecko/20100101 Firefox/17.0"
62.202.76.37 - - [08/Dec/2012:15:11:32 +0100] "GET /img/men06a.gif HTTP/1.1" 200 518 "http://www.dialyse-borna.de/seiten/start.htm" "Mozilla/5.0 (Windows NT 6.0; rv:17.0) Gecko/20100101 Firefox/17.0"
62.202.76.37 - - [08/Dec/2012:15:12:01 +0100] "GET /seiten/leist.htm HTTP/1.1" 200 7640 "http://www.dialyse-borna.de/seiten/start.htm" "Mozilla/5.0 (Windows NT 6.0; rv:17.0) Gecko/20100101 Firefox/17.0"
62.202.76.37 - - [08/Dec/2012:15:12:01 +0100] "GET /img/men02.gif HTTP/1.1" 200 1273 "http://www.dialyse-borna.de/seiten/leist.htm" "Mozilla/5.0 (Windows NT 6.0; rv:17.0) Gecko/20100101 Firefox/17.0"
62.202.76.37 - - [08/Dec/2012:15:12:01 +0100] "GET /img/leist.jpg HTTP/1.1" 200 18546 "http://www.dialyse-borna.de/seiten/leist.htm" "Mozilla/5.0 (Windows NT 6.0; rv:17.0) Gecko/20100101 Firefox/17.0"
62.202.76.37 - - [08/Dec/2012:15:12:19 +0100] "GET /seiten/dialyse.htm HTTP/1.1" 200 7403 "http://www.dialyse-borna.de/seiten/leist.htm" "Mozilla/5.0 (Windows NT 6.0; rv:17.0) Gecko/20100101 Firefox/17.0"
62.202.76.37 - - [08/Dec/2012:15:12:19 +0100] "GET /img/dialyse.jpg HTTP/1.1" 200 18017 "http://www.dialyse-borna.de/seiten/dialyse.htm" "Mozilla/5.0 (Windows NT 6.0; rv:17.0) Gecko/20100101 Firefox/17.0"
62.202.76.37 - - [08/Dec/2012:15:12:40 +0100] "GET /seiten/links.htm HTTP/1.1" 200 7302 "http://www.dialyse-borna.de/seiten/dialyse.htm" "Mozilla/5.0 (Windows NT 6.0; rv:17.0) Gecko/20100101 Firefox/17.0"
62.202.76.37 - - [08/Dec/2012:15:12:40 +0100] "GET /img/links.jpg HTTP/1.1" 200 15669 "http://www.dialyse-borna.de/seiten/links.htm" "Mozilla/5.0 (Windows NT 6.0; rv:17.0) Gecko/20100101 Firefox/17.0"
62.202.76.37 - - [08/Dec/2012:15:13:08 +0100] "GET /seiten/kont.htm HTTP/1.1" 200 8048 "http://www.dialyse-borna.de/seiten/links.htm" "Mozilla/5.0 (Windows NT 6.0; rv:17.0) Gecko/20100101 Firefox/17.0"
62.202.76.37 - - [08/Dec/2012:15:13:29 +0100] "GET /seiten/praxis.htm HTTP/1.1" 200 7847 "http://www.dialyse-borna.de/seiten/kont.htm" "Mozilla/5.0 (Windows NT 6.0; rv:17.0) Gecko/20100101 Firefox/17.0"
62.202.76.37 - - [08/Dec/2012:15:13:30 +0100] "GET /img/schild.jpg HTTP/1.1" 200 12757 "http://www.dialyse-borna.de/seiten/praxis.htm" "Mozilla/5.0 (Windows NT 6.0; rv:17.0) Gecko/20100101 Firefox/17.0"
37.140.141.34 - - [08/Dec/2012:17:15:19 +0100] "GET /img/men02.gif HTTP/1.1" 200 1273 "-" "Mozilla/5.0 (compatible; YandexImages/3.0; +http://yandex.com/bots)"
37.140.141.34 - - [08/Dec/2012:19:12:20 +0100] "GET /img/men01.gif HTTP/1.1" 200 432 "-" "Mozilla/5.0 (compatible; YandexImages/3.0; +http://yandex.com/bots)"
157.55.35.90 - - [08/Dec/2012:19:42:47 +0100] "GET /robots.txt HTTP/1.1" 200 157 "-" "Mozilla/5.0 (compatible; bingbot/2.0; +http://www.bing.com/bingbot.htm)"
157.55.35.90 - - [08/Dec/2012:19:44:47 +0100] "GET / HTTP/1.1" 200 2663 "-" "Mozilla/5.0 (compatible; bingbot/2.0; +http://www.bing.com/bingbot.htm)"
193.106.136.62 - - [08/Dec/2012:20:28:09 +0100] "GET /seiten/news.php HTTP/1.1" 200 7079 "http://nayra.ru/" "Opera/8.01 (Windows NT 5.1)"
193.106.136.62 - - [08/Dec/2012:20:28:10 +0100] "GET /seiten/news.php HTTP/1.1" 200 7079 "http://nayra.ru/" "Opera/8.01 (Windows NT 5.1)"
176.123.0.57 - - [08/Dec/2012:20:32:03 +0100] "GET /seiten/news.php HTTP/1.1" 200 7079 "http://basicuse.net/" "Opera/9.00 (Windows NT 5.1; U; en)"
176.123.0.57 - - [08/Dec/2012:20:32:03 +0100] "GET /seiten/news.php HTTP/1.1" 200 7079 "http://basicuse.net/" "Opera/9.00 (Windows NT 5.1; U; en)"
37.140.141.34 - - [08/Dec/2012:21:10:49 +0100] "GET /img/men07.gif HTTP/1.1" 200 1396 "-" "Mozilla/5.0 (compatible; YandexImages/3.0; +http://yandex.com/bots)"
178.154.179.250 - - [08/Dec/2012:22:19:16 +0100] "GET /robots.txt HTTP/1.1" 200 157 "-" "Mozilla/5.0 (compatible; YandexBot/3.0; +http://yandex.com/bots)"
157.55.35.32 - - [08/Dec/2012:22:52:38 +0100] "GET /robots.txt HTTP/1.1" 200 157 "-" "Mozilla/5.0 (compatible; bingbot/2.0; +http://www.bing.com/bingbot.htm)"
157.55.35.53 - - [08/Dec/2012:22:54:12 +0100] "GET /seiten/dialyse.htm HTTP/1.1" 200 7403 "-" "Mozilla/5.0 (compatible; bingbot/2.0; +http://www.bing.com/bingbot.htm)"
157.55.35.53 - - [08/Dec/2012:22:54:12 +0100] "GET /seiten/leist.htm HTTP/1.1" 200 7640 "-" "Mozilla/5.0 (compatible; bingbot/2.0; +http://www.bing.com/bingbot.htm)"
157.55.35.53 - - [08/Dec/2012:22:54:15 +0100] "GET /seiten/praxis.htm HTTP/1.1" 200 7847 "-" "Mozilla/5.0 (compatible; bingbot/2.0; +http://www.bing.com/bingbot.htm)"
157.55.35.32 - - [08/Dec/2012:22:54:41 +0100] "GET /seiten/kont.htm HTTP/1.1" 200 8048 "-" "Mozilla/5.0 (compatible; bingbot/2.0; +http://www.bing.com/bingbot.htm)"
157.55.35.40 - - [08/Dec/2012:22:54:41 +0100] "GET /seiten/start.htm HTTP/1.1" 200 7516 "-" "Mozilla/5.0 (compatible; bingbot/2.0; +http://www.bing.com/bingbot.htm)"
65.55.24.237 - - [08/Dec/2012:22:54:43 +0100] "GET /seiten/impr.htm HTTP/1.1" 200 9648 "-" "Mozilla/5.0 (compatible; bingbot/2.0; +http://www.bing.com/bingbot.htm)"
37.140.141.34 - - [08/Dec/2012:23:03:05 +0100] "GET /img/men09.gif HTTP/1.1" 200 708 "-" "Mozilla/5.0 (compatible; YandexImages/3.0; +http://yandex.com/bots)"
157.55.35.114 - - [08/Dec/2012:23:11:41 +0100] "GET /seiten/links.htm HTTP/1.1" 200 7302 "-" "Mozilla/5.0 (compatible; bingbot/2.0; +http://www.bing.com/bingbot.htm)"
157.55.35.90 - - [08/Dec/2012:23:27:12 +0100] "GET / HTTP/1.1" 200 2663 "-" "Mozilla/5.0 (compatible; bingbot/2.0; +http://www.bing.com/bingbot.htm)"
89.108.102.171 - - [09/Dec/2012:00:52:55 +0100] "GET /seiten/news.php HTTP/1.1" 200 7079 "http://wuwu.ru/" "Mozilla/4.0 (compatible; MSIE 7.0b; Windows NT 6.0)"
89.108.102.171 - - [09/Dec/2012:00:52:55 +0100] "GET /seiten/news.php HTTP/1.1" 200 7079 "http://wuwu.ru/" "Mozilla/4.0 (compatible; MSIE 7.0b; Windows NT 6.0)"
37.140.141.34 - - [09/Dec/2012:01:24:22 +0100] "GET /img/men04.gif HTTP/1.1" 200 1395 "-" "Mozilla/5.0 (compatible; YandexImages/3.0; +http://yandex.com/bots)"
31.163.99.40 - - [09/Dec/2012:01:24:35 +0100] "GET /seiten/links.htm HTTP/1.0" 200 7302 "http://foxfox.ifxworld.com/" "Mozilla/4.0 (compatible; MSIE 8.0; Windows NT 5.1; Trident/4.0; MRA 5.10 (build 5310); .NET CLR 2.0.50727; .NET CLR 3.0.4506.2152; .NET CLR 3.5.30729; .NET4.0C; .NET4.0E)"
92.249.127.111 - - [09/Dec/2012:01:41:37 +0100] "GET /seiten/news.php HTTP/1.1" 200 7079 "http://igeek.ru/" "Mozilla/5.0 (compatible; news bot /2.1)"
92.249.127.111 - - [09/Dec/2012:01:41:37 +0100] "GET /seiten/news.php HTTP/1.1" 200 7079 "http://igeek.ru/" "Mozilla/5.0 (compatible; news bot /2.1)"
65.55.24.237 - - [09/Dec/2012:02:07:27 +0100] "GET /robots.txt HTTP/1.1" 200 157 "-" "Mozilla/5.0 (compatible; bingbot/2.0; +http://www.bing.com/bingbot.htm)"
65.55.24.237 - - [09/Dec/2012:02:09:19 +0100] "GET /seiten/impr.htm HTTP/1.1" 200 9648 "-" "Mozilla/5.0 (compatible; bingbot/2.0; +http://www.bing.com/bingbot.htm)"
37.140.141.34 - - [09/Dec/2012:03:29:47 +0100] "GET /img/men06.gif HTTP/1.1" 200 1162 "-" "Mozilla/5.0 (compatible; YandexImages/3.0; +http://yandex.com/bots)"
157.55.35.90 - - [09/Dec/2012:03:55:29 +0100] "GET /robots.txt HTTP/1.1" 200 157 "-" "Mozilla/5.0 (compatible; bingbot/2.0; +http://www.bing.com/bingbot.htm)"
157.55.35.90 - - [09/Dec/2012:03:57:15 +0100] "GET / HTTP/1.1" 200 2663 "-" "Mozilla/5.0 (compatible; bingbot/2.0; +http://www.bing.com/bingbot.htm)"
37.140.141.34 - - [09/Dec/2012:05:05:38 +0100] "GET /img/men08a.gif HTTP/1.1" 200 819 "-" "Mozilla/5.0 (compatible; YandexImages/3.0; +http://yandex.com/bots)"
178.154.179.250 - - [09/Dec/2012:06:26:33 +0100] "GET /img/FL_check.swf HTTP/1.1" 304 - "-" "Mozilla/5.0 (compatible; YandexBot/3.0; +http://yandex.com/bots)"
37.140.141.34 - - [09/Dec/2012:07:49:11 +0100] "GET /robots.txt HTTP/1.1" 200 157 "-" "Mozilla/5.0 (compatible; YandexImages/3.0; +http://yandex.com/bots)"
178.137.5.218 - - [09/Dec/2012:08:47:00 +0100] "GET /seiten/news.php HTTP/1.1" 200 7079 "http://www.3carata.kiev.ua/" "Mozilla/4.0 (compatible; MSIE 6.0; Windows NT 5.1; Crazy Browser 1.0.5)"
178.137.5.218 - - [09/Dec/2012:08:47:01 +0100] "GET /seiten/news.php HTTP/1.1" 200 7079 "http://www.3carata.kiev.ua/" "Mozilla/4.0 (compatible; MSIE 6.0; Windows NT 5.1; Crazy Browser 1.0.5)"
109.120.157.179 - - [09/Dec/2012:08:57:22 +0100] "GET /seiten/news.php HTTP/1.1" 200 7079 "http://hithard.ru/" "Mozilla/5.0 (compatible; Add Catalog/2.1;)"
109.120.157.179 - - [09/Dec/2012:08:57:23 +0100] "GET /seiten/news.php HTTP/1.1" 200 7079 "http://hithard.ru/" "Mozilla/5.0 (compatible; Add Catalog/2.1;)"
37.140.141.34 - - [09/Dec/2012:09:49:27 +0100] "GET /img/men03.gif HTTP/1.1" 200 1621 "-" "Mozilla/5.0 (compatible; YandexImages/3.0; +http://yandex.com/bots)"
178.154.179.250 - - [09/Dec/2012:10:12:32 +0100] "GET /seiten/leist.htm HTTP/1.1" 304 - "-" "Mozilla/5.0 (compatible; YandexBot/3.0; +http://yandex.com/bots)"
90.136.184.211 - - [09/Dec/2012:11:17:01 +0100] "GET / HTTP/1.1" 200 2663 "http://www.google.de/url?sa=t&rct=j&q=&esrc=s&source=web&cd=1&ved=0CDIQFjAA&url=http%3A%2F%2Fwww.dialyse-borna.de%2F&ei=FWXEULygOYn04QTPzoDADw&usg=AFQjCNF2KNTIkBF7QiIB3UFmpF4J1FAf4w&sig2=Vpp8sEtGoV6TWYm-dZ0Bfg" "Mozilla/5.0 (Windows NT 6.1) AppleWebKit/537.11 (KHTML, like Gecko) Chrome/23.0.1271.95 Safari/537.11"
90.136.184.211 - - [09/Dec/2012:11:17:01 +0100] "GET /css/borna.css HTTP/1.1" 200 2909 "http://www.dialyse-borna.de/" "Mozilla/5.0 (Windows NT 6.1) AppleWebKit/537.11 (KHTML, like Gecko) Chrome/23.0.1271.95 Safari/537.11"
90.136.184.211 - - [09/Dec/2012:11:17:01 +0100] "GET /favicon.ico HTTP/1.1" 404 1256 "-" "Mozilla/5.0 (Windows NT 6.1) AppleWebKit/537.11 (KHTML, like Gecko) Chrome/23.0.1271.95 Safari/537.11"
90.136.184.211 - - [09/Dec/2012:11:17:02 +0100] "GET /seiten/start.htm HTTP/1.1" 200 7516 "http://www.dialyse-borna.de/" "Mozilla/5.0 (Windows NT 6.1) AppleWebKit/537.11 (KHTML, like Gecko) Chrome/23.0.1271.95 Safari/537.11"
90.136.184.211 - - [09/Dec/2012:11:17:02 +0100] "GET /img/lay01.gif HTTP/1.1" 200 384 "http://www.dialyse-borna.de/seiten/start.htm" "Mozilla/5.0 (Windows NT 6.1) AppleWebKit/537.11 (KHTML, like Gecko) Chrome/23.0.1271.95 Safari/537.11"
90.136.184.211 - - [09/Dec/2012:11:17:02 +0100] "GET /img/bg2.gif HTTP/1.1" 200 49 "http://www.dialyse-borna.de/seiten/start.htm" "Mozilla/5.0 (Windows NT 6.1) AppleWebKit/537.11 (KHTML, like Gecko) Chrome/23.0.1271.95 Safari/537.11"
90.136.184.211 - - [09/Dec/2012:11:17:02 +0100] "GET /img/1pixel.gif HTTP/1.1" 200 45 "http://www.dialyse-borna.de/seiten/start.htm" "Mozilla/5.0 (Windows NT 6.1) AppleWebKit/537.11 (KHTML, like Gecko) Chrome/23.0.1271.95 Safari/537.11"
90.136.184.211 - - [09/Dec/2012:11:17:02 +0100] "GET /img/men01.gif HTTP/1.1" 200 432 "http://www.dialyse-borna.de/seiten/start.htm" "Mozilla/5.0 (Windows NT 6.1) AppleWebKit/537.11 (KHTML, like Gecko) Chrome/23.0.1271.95 Safari/537.11"
90.136.184.211 - - [09/Dec/2012:11:17:02 +0100] "GET /img/lay02.gif HTTP/1.1" 200 3503 "http://www.dialyse-borna.de/seiten/start.htm" "Mozilla/5.0 (Windows NT 6.1) AppleWebKit/537.11 (KHTML, like Gecko) Chrome/23.0.1271.95 Safari/537.11"
90.136.184.211 - - [09/Dec/2012:11:17:02 +0100] "GET /img/men02a.gif HTTP/1.1" 200 589 "http://www.dialyse-borna.de/seiten/start.htm" "Mozilla/5.0 (Windows NT 6.1) AppleWebKit/537.11 (KHTML, like Gecko) Chrome/23.0.1271.95 Safari/537.11"
90.136.184.211 - - [09/Dec/2012:11:17:02 +0100] "GET /img/men04.gif HTTP/1.1" 200 1395 "http://www.dialyse-borna.de/seiten/start.htm" "Mozilla/5.0 (Windows NT 6.1) AppleWebKit/537.11 (KHTML, like Gecko) Chrome/23.0.1271.95 Safari/537.11"
90.136.184.211 - - [09/Dec/2012:11:17:02 +0100] "GET /img/men03.gif HTTP/1.1" 200 1621 "http://www.dialyse-borna.de/seiten/start.htm" "Mozilla/5.0 (Windows NT 6.1) AppleWebKit/537.11 (KHTML, like Gecko) Chrome/23.0.1271.95 Safari/537.11"
90.136.184.211 - - [09/Dec/2012:11:17:02 +0100] "GET /img/men06.gif HTTP/1.1" 200 1162 "http://www.dialyse-borna.de/seiten/start.htm" "Mozilla/5.0 (Windows NT 6.1) AppleWebKit/537.11 (KHTML, like Gecko) Chrome/23.0.1271.95 Safari/537.11"
90.136.184.211 - - [09/Dec/2012:11:17:02 +0100] "GET /img/men07.gif HTTP/1.1" 200 1396 "http://www.dialyse-borna.de/seiten/start.htm" "Mozilla/5.0 (Windows NT 6.1) AppleWebKit/537.11 (KHTML, like Gecko) Chrome/23.0.1271.95 Safari/537.11"
90.136.184.211 - - [09/Dec/2012:11:17:02 +0100] "GET /img/men08.gif HTTP/1.1" 200 1642 "http://www.dialyse-borna.de/seiten/start.htm" "Mozilla/5.0 (Windows NT 6.1) AppleWebKit/537.11 (KHTML, like Gecko) Chrome/23.0.1271.95 Safari/537.11"
90.136.184.211 - - [09/Dec/2012:11:17:02 +0100] "GET /img/men09.gif HTTP/1.1" 200 708 "http://www.dialyse-borna.de/seiten/start.htm" "Mozilla/5.0 (Windows NT 6.1) AppleWebKit/537.11 (KHTML, like Gecko) Chrome/23.0.1271.95 Safari/537.11"
90.136.184.211 - - [09/Dec/2012:11:17:03 +0100] "GET /img/lay08.gif HTTP/1.1" 200 322 "http://www.dialyse-borna.de/seiten/start.htm" "Mozilla/5.0 (Windows NT 6.1) AppleWebKit/537.11 (KHTML, like Gecko) Chrome/23.0.1271.95 Safari/537.11"
90.136.184.211 - - [09/Dec/2012:11:17:03 +0100] "GET /img/bg3.gif HTTP/1.1" 200 143 "http://www.dialyse-borna.de/seiten/start.htm" "Mozilla/5.0 (Windows NT 6.1) AppleWebKit/537.11 (KHTML, like Gecko) Chrome/23.0.1271.95 Safari/537.11"
90.136.184.211 - - [09/Dec/2012:11:17:03 +0100] "GET /img/bg1.gif HTTP/1.1" 200 54 "http://www.dialyse-borna.de/seiten/start.htm" "Mozilla/5.0 (Windows NT 6.1) AppleWebKit/537.11 (KHTML, like Gecko) Chrome/23.0.1271.95 Safari/537.11"
90.136.184.211 - - [09/Dec/2012:11:17:03 +0100] "GET /img/lay03.gif HTTP/1.1" 200 671 "http://www.dialyse-borna.de/seiten/start.htm" "Mozilla/5.0 (Windows NT 6.1) AppleWebKit/537.11 (KHTML, like Gecko) Chrome/23.0.1271.95 Safari/537.11"
90.136.184.211 - - [09/Dec/2012:11:17:03 +0100] "GET /img/main_pic.jpg HTTP/1.1" 200 14864 "http://www.dialyse-borna.de/seiten/start.htm" "Mozilla/5.0 (Windows NT 6.1) AppleWebKit/537.11 (KHTML, like Gecko) Chrome/23.0.1271.95 Safari/537.11"
90.136.184.211 - - [09/Dec/2012:11:17:03 +0100] "GET /img/bilder.swf HTTP/1.1" 200 78858 "http://www.dialyse-borna.de/seiten/start.htm" "Mozilla/5.0 (Windows NT 6.1) AppleWebKit/537.11 (KHTML, like Gecko) Chrome/23.0.1271.95 Safari/537.11"
90.136.184.211 - - [09/Dec/2012:11:17:03 +0100] "GET /img/pfeil.jpg HTTP/1.1" 200 380 "http://www.dialyse-borna.de/seiten/start.htm" "Mozilla/5.0 (Windows NT 6.1) AppleWebKit/537.11 (KHTML, like Gecko) Chrome/23.0.1271.95 Safari/537.11"
90.136.184.211 - - [09/Dec/2012:11:17:03 +0100] "GET /img/lay04.gif HTTP/1.1" 200 210 "http://www.dialyse-borna.de/seiten/start.htm" "Mozilla/5.0 (Windows NT 6.1) AppleWebKit/537.11 (KHTML, like Gecko) Chrome/23.0.1271.95 Safari/537.11"
90.136.184.211 - - [09/Dec/2012:11:17:03 +0100] "GET /img/bg4.gif HTTP/1.1" 200 135 "http://www.dialyse-borna.de/seiten/start.htm" "Mozilla/5.0 (Windows NT 6.1) AppleWebKit/537.11 (KHTML, like Gecko) Chrome/23.0.1271.95 Safari/537.11"
90.136.184.211 - - [09/Dec/2012:11:17:03 +0100] "GET /img/lay05.gif HTTP/1.1" 200 541 "http://www.dialyse-borna.de/seiten/start.htm" "Mozilla/5.0 (Windows NT 6.1) AppleWebKit/537.11 (KHTML, like Gecko) Chrome/23.0.1271.95 Safari/537.11"
90.136.184.211 - - [09/Dec/2012:11:17:03 +0100] "GET /img/lay07.gif HTTP/1.1" 200 272 "http://www.dialyse-borna.de/seiten/start.htm" "Mozilla/5.0 (Windows NT 6.1) AppleWebKit/537.11 (KHTML, like Gecko) Chrome/23.0.1271.95 Safari/537.11"
90.136.184.211 - - [09/Dec/2012:11:17:04 +0100] "GET /img/men04a.gif HTTP/1.1" 200 669 "http://www.dialyse-borna.de/seiten/start.htm" "Mozilla/5.0 (Windows NT 6.1) AppleWebKit/537.11 (KHTML, like Gecko) Chrome/23.0.1271.95 Safari/537.11"
90.136.184.211 - - [09/Dec/2012:11:17:04 +0100] "GET /img/men05a.gif HTTP/1.1" 200 556 "http://www.dialyse-borna.de/seiten/start.htm" "Mozilla/5.0 (Windows NT 6.1) AppleWebKit/537.11 (KHTML, like Gecko) Chrome/23.0.1271.95 Safari/537.11"
90.136.184.211 - - [09/Dec/2012:11:17:04 +0100] "GET /img/men06a.gif HTTP/1.1" 200 518 "http://www.dialyse-borna.de/seiten/start.htm" "Mozilla/5.0 (Windows NT 6.1) AppleWebKit/537.11 (KHTML, like Gecko) Chrome/23.0.1271.95 Safari/537.11"
90.136.184.211 - - [09/Dec/2012:11:17:04 +0100] "GET /img/men03a.gif HTTP/1.1" 200 820 "http://www.dialyse-borna.de/seiten/start.htm" "Mozilla/5.0 (Windows NT 6.1) AppleWebKit/537.11 (KHTML, like Gecko) Chrome/23.0.1271.95 Safari/537.11"
90.136.184.211 - - [09/Dec/2012:11:17:04 +0100] "GET /img/men07a.gif HTTP/1.1" 200 666 "http://www.dialyse-borna.de/seiten/start.htm" "Mozilla/5.0 (Windows NT 6.1) AppleWebKit/537.11 (KHTML, like Gecko) Chrome/23.0.1271.95 Safari/537.11"
90.136.184.211 - - [09/Dec/2012:11:17:04 +0100] "GET /img/men08a.gif HTTP/1.1" 200 819 "http://www.dialyse-borna.de/seiten/start.htm" "Mozilla/5.0 (Windows NT 6.1) AppleWebKit/537.11 (KHTML, like Gecko) Chrome/23.0.1271.95 Safari/537.11"
90.136.184.211 - - [09/Dec/2012:11:17:16 +0100] "GET /seiten/kont.htm HTTP/1.1" 200 8048 "http://www.dialyse-borna.de/seiten/start.htm" "Mozilla/5.0 (Windows NT 6.1) AppleWebKit/537.11 (KHTML, like Gecko) Chrome/23.0.1271.95 Safari/537.11"
90.136.184.211 - - [09/Dec/2012:11:17:17 +0100] "GET /img/men02.gif HTTP/1.1" 200 1273 "http://www.dialyse-borna.de/seiten/kont.htm" "Mozilla/5.0 (Windows NT 6.1) AppleWebKit/537.11 (KHTML, like Gecko) Chrome/23.0.1271.95 Safari/537.11"
90.136.184.211 - - [09/Dec/2012:11:17:17 +0100] "GET /favicon.ico HTTP/1.1" 404 1256 "-" "Mozilla/5.0 (Windows NT 6.1) AppleWebKit/537.11 (KHTML, like Gecko) Chrome/23.0.1271.95 Safari/537.11"
90.136.184.211 - - [09/Dec/2012:11:17:27 +0100] "GET /favicon.ico HTTP/1.1" 404 1256 "-" "Mozilla/5.0 (Windows NT 6.1) AppleWebKit/537.11 (KHTML, like Gecko) Chrome/23.0.1271.95 Safari/537.11"
90.136.184.211 - - [09/Dec/2012:11:17:30 +0100] "GET /favicon.ico HTTP/1.1" 404 1256 "-" "Mozilla/5.0 (Windows NT 6.1) AppleWebKit/537.11 (KHTML, like Gecko) Chrome/23.0.1271.95 Safari/537.11"
90.136.184.211 - - [09/Dec/2012:11:18:37 +0100] "GET /favicon.ico HTTP/1.1" 404 1256 "-" "Mozilla/5.0 (Windows NT 6.1) AppleWebKit/537.11 (KHTML, like Gecko) Chrome/23.0.1271.95 Safari/537.11"
90.136.184.211 - - [09/Dec/2012:11:18:38 +0100] "GET /favicon.ico HTTP/1.1" 404 1256 "-" "Mozilla/5.0 (Windows NT 6.1) AppleWebKit/537.11 (KHTML, like Gecko) Chrome/23.0.1271.95 Safari/537.11"
150.70.172.107 - - [09/Dec/2012:11:19:48 +0100] "GET / HTTP/1.0" 200 2663 "-" "Mozilla/4.0 (compatible; MSIE 6.0; Windows NT 5.1)"
150.70.172.107 - - [09/Dec/2012:11:19:49 +0100] "GET /seiten/start.htm HTTP/1.0" 200 7516 "-" "Mozilla/4.0 (compatible; MSIE 6.0; Windows NT 5.1)"
150.70.172.107 - - [09/Dec/2012:11:20:02 +0100] "GET /img/bilder.swf HTTP/1.0" 200 78858 "-" "Mozilla/4.0 (compatible; MSIE 6.0; Windows NT 5.1)"
150.70.172.107 - - [09/Dec/2012:11:20:21 +0100] "GET /seiten/kont.htm HTTP/1.0" 200 8048 "-" "Mozilla/4.0 (compatible; MSIE 6.0; Windows NT 5.1)"
150.70.97.42 - - [09/Dec/2012:11:30:01 +0100] "GET /seiten/start.htm HTTP/1.0" 200 7516 "-" "Mozilla/4.0 (compatible; MSIE 6.0; Windows NT 5.1)"
150.70.97.42 - - [09/Dec/2012:11:30:16 +0100] "GET / HTTP/1.0" 200 2663 "-" "Mozilla/4.0 (compatible; MSIE 6.0; Windows NT 5.1)"
150.70.97.42 - - [09/Dec/2012:11:30:16 +0100] "GET /img/bilder.swf HTTP/1.0" 200 78858 "-" "Mozilla/4.0 (compatible; MSIE 6.0; Windows NT 5.1)"
193.106.136.62 - - [09/Dec/2012:11:37:20 +0100] "GET /seiten/news.php HTTP/1.1" 200 7079 "http://www.allremont.ru/" "Mozilla/4.0 (compatible; MSIE 6.0; Update a; AOL 6.0; Windows 98)"
193.106.136.62 - - [09/Dec/2012:11:37:20 +0100] "GET /seiten/news.php HTTP/1.1" 200 7079 "http://www.allremont.ru/" "Mozilla/4.0 (compatible; MSIE 6.0; Update a; AOL 6.0; Windows 98)"
150.70.97.42 - - [09/Dec/2012:11:42:19 +0100] "GET /seiten/kont.htm HTTP/1.0" 200 8048 "-" "Mozilla/4.0 (compatible; MSIE 6.0; Windows NT 5.1)"
157.55.35.90 - - [09/Dec/2012:13:15:55 +0100] "GET /robots.txt HTTP/1.1" 200 157 "-" "Mozilla/5.0 (compatible; bingbot/2.0; +http://www.bing.com/bingbot.htm)"
157.55.35.90 - - [09/Dec/2012:13:18:11 +0100] "GET / HTTP/1.1" 200 2663 "-" "Mozilla/5.0 (compatible; bingbot/2.0; +http://www.bing.com/bingbot.htm)"
157.55.35.40 - - [09/Dec/2012:13:20:11 +0100] "GET /seiten/start.htm HTTP/1.1" 200 7516 "-" "Mozilla/5.0 (compatible; bingbot/2.0; +http://www.bing.com/bingbot.htm)"
178.154.179.250 - - [09/Dec/2012:13:38:30 +0100] "GET /seiten/news.php HTTP/1.1" 200 7079 "-" "Mozilla/5.0 (compatible; YandexBot/3.0; +http://yandex.com/bots)"
37.140.141.34 - - [09/Dec/2012:14:10:09 +0100] "GET /img/lay04.gif HTTP/1.1" 200 210 "-" "Mozilla/5.0 (compatible; YandexImages/3.0; +http://yandex.com/bots)"
208.115.111.73 - - [09/Dec/2012:14:18:06 +0100] "GET /robots.txt HTTP/1.1" 200 157 "-" "Mozilla/5.0 (compatible; Ezooms/1.0; ezooms.bot@gmail.com)"
5.248.250.78 - - [09/Dec/2012:14:29:31 +0100] "GET /seiten/links.htm HTTP/1.0" 200 7302 "http://gamesalawar.de" "Opera/9.80 (Windows NT 6.1; U; Edition Next; ru) Presto/2.10.289 Version/12.01"
208.115.111.73 - - [09/Dec/2012:15:58:56 +0100] "GET /seiten/start.htm HTTP/1.1" 200 7516 "-" "Mozilla/5.0 (compatible; Ezooms/1.0; ezooms.bot@gmail.com)"
178.137.5.218 - - [09/Dec/2012:16:11:10 +0100] "GET /seiten/news.php HTTP/1.1" 200 7079 "http://mos-holidays.ru/" "Mozilla/4.0 (compatible; MSIE 6.0; Windows NT 5.1; SV1; .NET CLR 1.1.4322; .NET CLR 2.0.50727)"
178.137.5.218 - - [09/Dec/2012:16:11:11 +0100] "GET /seiten/news.php HTTP/1.1" 200 7079 "http://mos-holidays.ru/" "Mozilla/4.0 (compatible; MSIE 6.0; Windows NT 5.1; SV1; .NET CLR 1.1.4322; .NET CLR 2.0.50727)"
37.140.141.34 - - [09/Dec/2012:17:42:05 +0100] "GET /img/men08.gif HTTP/1.1" 200 1642 "-" "Mozilla/5.0 (compatible; YandexImages/3.0; +http://yandex.com/bots)"
157.55.35.40 - - [09/Dec/2012:18:27:49 +0100] "GET /robots.txt HTTP/1.1" 200 157 "-" "Mozilla/5.0 (compatible; bingbot/2.0; +http://www.bing.com/bingbot.htm)"
157.55.35.40 - - [09/Dec/2012:18:29:17 +0100] "GET /seiten/start.htm HTTP/1.1" 200 7516 "-" "Mozilla/5.0 (compatible; bingbot/2.0; +http://www.bing.com/bingbot.htm)"
157.55.35.32 - - [09/Dec/2012:18:29:45 +0100] "GET /seiten/kont.htm HTTP/1.1" 200 8048 "-" "Mozilla/5.0 (compatible; bingbot/2.0; +http://www.bing.com/bingbot.htm)"
65.55.24.237 - - [09/Dec/2012:18:29:49 +0100] "GET /seiten/impr.htm HTTP/1.1" 200 9648 "-" "Mozilla/5.0 (compatible; bingbot/2.0; +http://www.bing.com/bingbot.htm)"
157.55.35.114 - - [09/Dec/2012:18:30:17 +0100] "GET /seiten/links.htm HTTP/1.1" 200 7302 "-" "Mozilla/5.0 (compatible; bingbot/2.0; +http://www.bing.com/bingbot.htm)"
157.55.32.56 - - [09/Dec/2012:18:30:53 +0100] "GET /seiten/dialyse.htm HTTP/1.1" 200 7403 "-" "Mozilla/5.0 (compatible; bingbot/2.0; +http://www.bing.com/bingbot.htm)"
157.55.32.56 - - [09/Dec/2012:18:30:53 +0100] "GET /seiten/leist.htm HTTP/1.1" 200 7640 "-" "Mozilla/5.0 (compatible; bingbot/2.0; +http://www.bing.com/bingbot.htm)"
157.55.32.56 - - [09/Dec/2012:18:31:01 +0100] "GET /seiten/praxis.htm HTTP/1.1" 200 7847 "-" "Mozilla/5.0 (compatible; bingbot/2.0; +http://www.bing.com/bingbot.htm)"
157.55.35.90 - - [09/Dec/2012:19:05:42 +0100] "GET /robots.txt HTTP/1.1" 200 157 "-" "Mozilla/5.0 (compatible; bingbot/2.0; +http://www.bing.com/bingbot.htm)"
157.55.35.90 - - [09/Dec/2012:19:07:41 +0100] "GET / HTTP/1.1" 200 2663 "-" "Mozilla/5.0 (compatible; bingbot/2.0; +http://www.bing.com/bingbot.htm)"
157.55.35.90 - - [09/Dec/2012:19:18:11 +0100] "GET / HTTP/1.1" 200 2663 "-" "Mozilla/5.0 (compatible; bingbot/2.0; +http://www.bing.com/bingbot.htm)"
178.154.179.250 - - [09/Dec/2012:19:25:25 +0100] "GET /seiten/kont.htm HTTP/1.1" 304 - "-" "Mozilla/5.0 (compatible; YandexBot/3.0; +http://yandex.com/bots)"
113.212.70.211 - - [09/Dec/2012:20:47:19 +0100] "GET /seiten/links.htm HTTP/1.0" 200 7302 "http://www.dialyse-borna.de/seiten/links.htm" "Mozilla/4.0 (compatible; MSIE 6.0; Windows 98; Win 9x 4.90)"
82.128.253.46 - - [09/Dec/2012:21:34:19 +0100] "GET /robots.txt HTTP/1.0" 200 157 "-" "Mozilla/5.0 (compatible; MJ12bot/v1.4.3; http://www.majestic12.co.uk/bot.php?+)"
82.128.253.46 - - [09/Dec/2012:21:34:21 +0100] "GET /seiten/impr.htm HTTP/1.0" 200 9648 "-" "Mozilla/5.0 (compatible; MJ12bot/v1.4.3; http://www.majestic12.co.uk/bot.php?+)"
82.128.253.46 - - [09/Dec/2012:21:34:22 +0100] "GET /seiten/links.htm HTTP/1.0" 200 7302 "-" "Mozilla/5.0 (compatible; MJ12bot/v1.4.3; http://www.majestic12.co.uk/bot.php?+)"
82.128.253.46 - - [09/Dec/2012:21:34:23 +0100] "GET /robots.txt HTTP/1.0" 200 157 "-" "Mozilla/5.0 (compatible; MJ12bot/v1.4.3; http://www.majestic12.co.uk/bot.php?+)"
82.128.253.46 - - [09/Dec/2012:21:34:24 +0100] "GET /seiten/news.php HTTP/1.0" 200 7079 "-" "Mozilla/5.0 (compatible; MJ12bot/v1.4.3; http://www.majestic12.co.uk/bot.php?+)"
82.128.253.46 - - [09/Dec/2012:21:34:26 +0100] "GET /seiten/start.htm HTTP/1.0" 200 7516 "-" "Mozilla/5.0 (compatible; MJ12bot/v1.4.3; http://www.majestic12.co.uk/bot.php?+)"
37.140.141.34 - - [09/Dec/2012:22:10:48 +0100] "GET /img/schild.jpg HTTP/1.1" 304 - "-" "Mozilla/5.0 (compatible; YandexImages/3.0; +http://yandex.com/bots)"
178.154.179.250 - - [09/Dec/2012:23:00:24 +0100] "GET /robots.txt HTTP/1.1" 200 157 "-" "Mozilla/5.0 (compatible; YandexBot/3.0; +http://yandex.com/bots)"
157.55.35.114 - - [09/Dec/2012:23:39:33 +0100] "GET /robots.txt HTTP/1.1" 200 157 "-" "Mozilla/5.0 (compatible; bingbot/2.0; +http://www.bing.com/bingbot.htm)"
157.55.35.114 - - [09/Dec/2012:23:41:43 +0100] "GET /seiten/links.htm HTTP/1.1" 200 7302 "-" "Mozilla/5.0 (compatible; bingbot/2.0; +http://www.bing.com/bingbot.htm)"
218.86.49.236 - - [10/Dec/2012:01:05:02 +0100] "GET /seiten/links.htm HTTP/1.0" 200 7302 "http://www.dialyse-borna.de/seiten/links.htm" "Mozilla/5.0 (Windows; U; Windows NT 5.1; ru; rv:1.9.2.27) Gecko/20120216 Firefox/3.6.27"
178.154.179.250 - - [10/Dec/2012:02:22:05 +0100] "GET /seiten/praxis.htm HTTP/1.1" 304 - "-" "Mozilla/5.0 (compatible; YandexBot/3.0; +http://yandex.com/bots)"
46.0.75.59 - - [10/Dec/2012:02:22:54 +0100] "GET /seiten/links.htm HTTP/1.0" 200 7302 "http://www.dialyse-borna.de/seiten/links.htm" "Opera/9.80 (Windows NT 6.1; U; ru) Presto/2.10.229 Version/11.62"
37.140.141.34 - - [10/Dec/2012:02:51:50 +0100] "GET /img/lay03.gif HTTP/1.1" 200 671 "-" "Mozilla/5.0 (compatible; YandexImages/3.0; +http://yandex.com/bots)"
5.9.112.66 - - [10/Dec/2012:05:04:03 +0100] "GET /robots.txt HTTP/1.1" 200 157 "-" "Mozilla/5.0 (compatible; SISTRIX Crawler; http://crawler.sistrix.net/)"
5.9.112.66 - - [10/Dec/2012:05:04:03 +0100] "GET / HTTP/1.1" 200 2663 "-" "Mozilla/5.0 (compatible; SISTRIX Crawler; http://crawler.sistrix.net/)"
5.9.112.66 - - [10/Dec/2012:05:04:03 +0100] "GET /seiten/start.htm HTTP/1.1" 200 7516 "-" "Mozilla/5.0 (compatible; SISTRIX Crawler; http://crawler.sistrix.net/)"
5.9.112.66 - - [10/Dec/2012:05:04:03 +0100] "GET /seiten/impr.htm HTTP/1.1" 200 9648 "-" "Mozilla/5.0 (compatible; SISTRIX Crawler; http://crawler.sistrix.net/)"
5.9.112.66 - - [10/Dec/2012:05:04:03 +0100] "GET /seiten/news.php HTTP/1.1" 200 7079 "-" "Mozilla/5.0 (compatible; SISTRIX Crawler; http://crawler.sistrix.net/)"
5.9.112.66 - - [10/Dec/2012:05:04:03 +0100] "GET /seiten/praxis.htm HTTP/1.1" 200 7847 "-" "Mozilla/5.0 (compatible; SISTRIX Crawler; http://crawler.sistrix.net/)"
5.9.112.66 - - [10/Dec/2012:05:04:03 +0100] "GET /seiten/leist.htm HTTP/1.1" 200 7640 "-" "Mozilla/5.0 (compatible; SISTRIX Crawler; http://crawler.sistrix.net/)"
5.9.112.66 - - [10/Dec/2012:05:04:03 +0100] "GET /seiten/kont.htm HTTP/1.1" 200 8048 "-" "Mozilla/5.0 (compatible; SISTRIX Crawler; http://crawler.sistrix.net/)"
5.9.112.66 - - [10/Dec/2012:05:04:03 +0100] "GET /seiten/dialyse.htm HTTP/1.1" 200 7403 "-" "Mozilla/5.0 (compatible; SISTRIX Crawler; http://crawler.sistrix.net/)"
5.9.112.66 - - [10/Dec/2012:05:04:03 +0100] "GET /seiten/links.htm HTTP/1.1" 200 7302 "-" "Mozilla/5.0 (compatible; SISTRIX Crawler; http://crawler.sistrix.net/)"
5.9.112.66 - - [10/Dec/2012:05:04:03 +0100] "GET /seiten/kont_form.php HTTP/1.1" 200 8561 "-" "Mozilla/5.0 (compatible; SISTRIX Crawler; http://crawler.sistrix.net/)"
195.242.218.133 - - [10/Dec/2012:05:29:14 +0100] "GET /seiten/news.php HTTP/1.1" 200 7079 "http://www.maxiru.net/" "Opera/9.0 (Windows NT 5.1; U; en)"
195.242.218.133 - - [10/Dec/2012:05:29:15 +0100] "GET /seiten/news.php HTTP/1.1" 200 7079 "http://www.maxiru.net/" "Opera/9.0 (Windows NT 5.1; U; en)"
83.133.125.202 - - [10/Dec/2012:07:21:05 +0100] "GET / HTTP/1.1" 200 2663 "http://www.bigfinder.de/home-11.html" "Mozilla/5.0 (Windows; U; Windows NT 6.0; en-US) AppleWebKit/533.4 (KHTML, like Gecko) Chrome/5.0.375.126 Safari/533.4"
178.154.179.250 - - [10/Dec/2012:08:58:50 +0100] "GET /seiten/impr.htm HTTP/1.1" 304 - "-" "Mozilla/5.0 (compatible; YandexBot/3.0; +http://yandex.com/bots)"
85.22.152.5 - - [10/Dec/2012:09:44:31 +0100] "GET / HTTP/1.1" 200 2663 "http://www.google.de/url?sa=t&rct=j&q=http%3A%2F%2Fdialyse-borna.de%2F&source=web&cd=1&ved=0CDUQFjAA&url=http%3A%2F%2Fwww.dialyse-borna.de%2F&ei=7KDFUNTPGoqTswbV7IDoDQ&usg=AFQjCNF2KNTIkBF7QiIB3UFmpF4J1FAf4w" "Opera/9.80 (Windows NT 6.1; WOW64; U; de) Presto/2.10.289 Version/12.02"
85.22.152.5 - - [10/Dec/2012:09:44:31 +0100] "GET /css/borna.css HTTP/1.1" 200 2909 "http://www.dialyse-borna.de/" "Opera/9.80 (Windows NT 6.1; WOW64; U; de) Presto/2.10.289 Version/12.02"
85.22.152.5 - - [10/Dec/2012:09:44:32 +0100] "GET /seiten/start.htm HTTP/1.1" 200 7516 "http://www.dialyse-borna.de/" "Opera/9.80 (Windows NT 6.1; WOW64; U; de) Presto/2.10.289 Version/12.02"
85.22.152.5 - - [10/Dec/2012:09:44:32 +0100] "GET /favicon.ico HTTP/1.1" 404 1256 "http://www.dialyse-borna.de/seiten/start.htm" "Opera/9.80 (Windows NT 6.1; WOW64; U; de) Presto/2.10.289 Version/12.02"
85.22.152.5 - - [10/Dec/2012:09:44:32 +0100] "GET /img/men01.gif HTTP/1.1" 200 432 "http://www.dialyse-borna.de/seiten/start.htm" "Opera/9.80 (Windows NT 6.1; WOW64; U; de) Presto/2.10.289 Version/12.02"
85.22.152.5 - - [10/Dec/2012:09:44:32 +0100] "GET /img/1pixel.gif HTTP/1.1" 200 45 "http://www.dialyse-borna.de/seiten/start.htm" "Opera/9.80 (Windows NT 6.1; WOW64; U; de) Presto/2.10.289 Version/12.02"
85.22.152.5 - - [10/Dec/2012:09:44:32 +0100] "GET /img/men06.gif HTTP/1.1" 200 1162 "http://www.dialyse-borna.de/seiten/start.htm" "Opera/9.80 (Windows NT 6.1; WOW64; U; de) Presto/2.10.289 Version/12.02"
85.22.152.5 - - [10/Dec/2012:09:44:32 +0100] "GET /img/pfeil.jpg HTTP/1.1" 200 380 "http://www.dialyse-borna.de/seiten/start.htm" "Opera/9.80 (Windows NT 6.1; WOW64; U; de) Presto/2.10.289 Version/12.02"
85.22.152.5 - - [10/Dec/2012:09:44:32 +0100] "GET /img/men08.gif HTTP/1.1" 200 1642 "http://www.dialyse-borna.de/seiten/start.htm" "Opera/9.80 (Windows NT 6.1; WOW64; U; de) Presto/2.10.289 Version/12.02"
85.22.152.5 - - [10/Dec/2012:09:44:32 +0100] "GET /img/men07.gif HTTP/1.1" 200 1396 "http://www.dialyse-borna.de/seiten/start.htm" "Opera/9.80 (Windows NT 6.1; WOW64; U; de) Presto/2.10.289 Version/12.02"
85.22.152.5 - - [10/Dec/2012:09:44:32 +0100] "GET /img/men04.gif HTTP/1.1" 200 1395 "http://www.dialyse-borna.de/seiten/start.htm" "Opera/9.80 (Windows NT 6.1; WOW64; U; de) Presto/2.10.289 Version/12.02"
85.22.152.5 - - [10/Dec/2012:09:44:32 +0100] "GET /img/men02a.gif HTTP/1.1" 200 589 "http://www.dialyse-borna.de/seiten/start.htm" "Opera/9.80 (Windows NT 6.1; WOW64; U; de) Presto/2.10.289 Version/12.02"
85.22.152.5 - - [10/Dec/2012:09:44:32 +0100] "GET /img/lay07.gif HTTP/1.1" 200 272 "http://www.dialyse-borna.de/seiten/start.htm" "Opera/9.80 (Windows NT 6.1; WOW64; U; de) Presto/2.10.289 Version/12.02"
85.22.152.5 - - [10/Dec/2012:09:44:32 +0100] "GET /img/lay04.gif HTTP/1.1" 200 210 "http://www.dialyse-borna.de/seiten/start.htm" "Opera/9.80 (Windows NT 6.1; WOW64; U; de) Presto/2.10.289 Version/12.02"
85.22.152.5 - - [10/Dec/2012:09:44:32 +0100] "GET /img/men09.gif HTTP/1.1" 200 708 "http://www.dialyse-borna.de/seiten/start.htm" "Opera/9.80 (Windows NT 6.1; WOW64; U; de) Presto/2.10.289 Version/12.02"
85.22.152.5 - - [10/Dec/2012:09:44:32 +0100] "GET /img/main_pic.jpg HTTP/1.1" 200 14864 "http://www.dialyse-borna.de/seiten/start.htm" "Opera/9.80 (Windows NT 6.1; WOW64; U; de) Presto/2.10.289 Version/12.02"
85.22.152.5 - - [10/Dec/2012:09:44:32 +0100] "GET /img/men09.gif HTTP/1.1" 200 708 "http://www.dialyse-borna.de/seiten/start.htm" "Opera/9.80 (Windows NT 6.1; WOW64; U; de) Presto/2.10.289 Version/12.02"
85.22.152.5 - - [10/Dec/2012:09:44:32 +0100] "GET /img/men03.gif HTTP/1.1" 200 1621 "http://www.dialyse-borna.de/seiten/start.htm" "Opera/9.80 (Windows NT 6.1; WOW64; U; de) Presto/2.10.289 Version/12.02"
85.22.152.5 - - [10/Dec/2012:09:44:32 +0100] "GET /img/lay03.gif HTTP/1.1" 200 671 "http://www.dialyse-borna.de/seiten/start.htm" "Opera/9.80 (Windows NT 6.1; WOW64; U; de) Presto/2.10.289 Version/12.02"
85.22.152.5 - - [10/Dec/2012:09:44:32 +0100] "GET /img/lay03.gif HTTP/1.1" 200 671 "http://www.dialyse-borna.de/seiten/start.htm" "Opera/9.80 (Windows NT 6.1; WOW64; U; de) Presto/2.10.289 Version/12.02"
85.22.152.5 - - [10/Dec/2012:09:44:32 +0100] "GET /img/main_pic.jpg HTTP/1.1" 200 14864 "http://www.dialyse-borna.de/seiten/start.htm" "Opera/9.80 (Windows NT 6.1; WOW64; U; de) Presto/2.10.289 Version/12.02"
85.22.152.5 - - [10/Dec/2012:09:44:32 +0100] "GET /img/bg1.gif HTTP/1.1" 200 54 "http://www.dialyse-borna.de/seiten/start.htm" "Opera/9.80 (Windows NT 6.1; WOW64; U; de) Presto/2.10.289 Version/12.02"
85.22.152.5 - - [10/Dec/2012:09:44:32 +0100] "GET /img/lay08.gif HTTP/1.1" 200 322 "http://www.dialyse-borna.de/seiten/start.htm" "Opera/9.80 (Windows NT 6.1; WOW64; U; de) Presto/2.10.289 Version/12.02"
85.22.152.5 - - [10/Dec/2012:09:44:32 +0100] "GET /img/bg3.gif HTTP/1.1" 200 143 "http://www.dialyse-borna.de/seiten/start.htm" "Opera/9.80 (Windows NT 6.1; WOW64; U; de) Presto/2.10.289 Version/12.02"
85.22.152.5 - - [10/Dec/2012:09:44:32 +0100] "GET /img/lay02.gif HTTP/1.1" 200 3503 "http://www.dialyse-borna.de/seiten/start.htm" "Opera/9.80 (Windows NT 6.1; WOW64; U; de) Presto/2.10.289 Version/12.02"
85.22.152.5 - - [10/Dec/2012:09:44:32 +0100] "GET /img/lay05.gif HTTP/1.1" 200 541 "http://www.dialyse-borna.de/seiten/start.htm" "Opera/9.80 (Windows NT 6.1; WOW64; U; de) Presto/2.10.289 Version/12.02"
85.22.152.5 - - [10/Dec/2012:09:44:32 +0100] "GET /img/bg2.gif HTTP/1.1" 200 49 "http://www.dialyse-borna.de/seiten/start.htm" "Opera/9.80 (Windows NT 6.1; WOW64; U; de) Presto/2.10.289 Version/12.02"
85.22.152.5 - - [10/Dec/2012:09:44:32 +0100] "GET /img/lay01.gif HTTP/1.1" 200 384 "http://www.dialyse-borna.de/seiten/start.htm" "Opera/9.80 (Windows NT 6.1; WOW64; U; de) Presto/2.10.289 Version/12.02"
85.22.152.5 - - [10/Dec/2012:09:44:32 +0100] "GET /img/bg1.gif HTTP/1.1" 200 54 "http://www.dialyse-borna.de/seiten/start.htm" "Opera/9.80 (Windows NT 6.1; WOW64; U; de) Presto/2.10.289 Version/12.02"
85.22.152.5 - - [10/Dec/2012:09:44:32 +0100] "GET /img/bg4.gif HTTP/1.1" 200 135 "http://www.dialyse-borna.de/seiten/start.htm" "Opera/9.80 (Windows NT 6.1; WOW64; U; de) Presto/2.10.289 Version/12.02"
85.22.152.5 - - [10/Dec/2012:09:44:32 +0100] "GET /img/bg4.gif HTTP/1.1" 200 135 "http://www.dialyse-borna.de/seiten/start.htm" "Opera/9.80 (Windows NT 6.1; WOW64; U; de) Presto/2.10.289 Version/12.02"
85.22.152.5 - - [10/Dec/2012:09:44:32 +0100] "GET /img/lay05.gif HTTP/1.1" 200 541 "http://www.dialyse-borna.de/seiten/start.htm" "Opera/9.80 (Windows NT 6.1; WOW64; U; de) Presto/2.10.289 Version/12.02"
85.22.152.5 - - [10/Dec/2012:09:44:34 +0100] "GET /img/men04a.gif HTTP/1.1" 200 669 "http://www.dialyse-borna.de/seiten/start.htm" "Opera/9.80 (Windows NT 6.1; WOW64; U; de) Presto/2.10.289 Version/12.02"
85.22.152.5 - - [10/Dec/2012:09:44:38 +0100] "GET /seiten/praxis.htm HTTP/1.1" 200 7847 "http://www.dialyse-borna.de/seiten/start.htm" "Opera/9.80 (Windows NT 6.1; WOW64; U; de) Presto/2.10.289 Version/12.02"
85.22.152.5 - - [10/Dec/2012:09:44:38 +0100] "GET /img/schild.jpg HTTP/1.1" 200 12757 "http://www.dialyse-borna.de/seiten/praxis.htm" "Opera/9.80 (Windows NT 6.1; WOW64; U; de) Presto/2.10.289 Version/12.02"
85.22.152.5 - - [10/Dec/2012:09:44:39 +0100] "GET /img/men03a.gif HTTP/1.1" 200 820 "http://www.dialyse-borna.de/seiten/praxis.htm" "Opera/9.80 (Windows NT 6.1; WOW64; U; de) Presto/2.10.289 Version/12.02"
85.22.152.5 - - [10/Dec/2012:09:44:39 +0100] "GET /img/men06a.gif HTTP/1.1" 200 518 "http://www.dialyse-borna.de/seiten/praxis.htm" "Opera/9.80 (Windows NT 6.1; WOW64; U; de) Presto/2.10.289 Version/12.02"
85.22.152.5 - - [10/Dec/2012:09:44:39 +0100] "GET /img/men05a.gif HTTP/1.1" 200 556 "http://www.dialyse-borna.de/seiten/praxis.htm" "Opera/9.80 (Windows NT 6.1; WOW64; U; de) Presto/2.10.289 Version/12.02"
85.22.152.5 - - [10/Dec/2012:09:44:39 +0100] "GET /img/men08a.gif HTTP/1.1" 200 819 "http://www.dialyse-borna.de/seiten/praxis.htm" "Opera/9.80 (Windows NT 6.1; WOW64; U; de) Presto/2.10.289 Version/12.02"
85.22.152.5 - - [10/Dec/2012:09:44:39 +0100] "GET /img/men07a.gif HTTP/1.1" 200 666 "http://www.dialyse-borna.de/seiten/praxis.htm" "Opera/9.80 (Windows NT 6.1; WOW64; U; de) Presto/2.10.289 Version/12.02"
85.22.152.5 - - [10/Dec/2012:09:44:47 +0100] "GET /seiten/leist.htm HTTP/1.1" 200 7640 "http://www.dialyse-borna.de/seiten/praxis.htm" "Opera/9.80 (Windows NT 6.1; WOW64; U; de) Presto/2.10.289 Version/12.02"
85.22.152.5 - - [10/Dec/2012:09:44:47 +0100] "GET /img/men02.gif HTTP/1.1" 200 1273 "http://www.dialyse-borna.de/seiten/leist.htm" "Opera/9.80 (Windows NT 6.1; WOW64; U; de) Presto/2.10.289 Version/12.02"
85.22.152.5 - - [10/Dec/2012:09:44:47 +0100] "GET /img/leist.jpg HTTP/1.1" 200 18546 "http://www.dialyse-borna.de/seiten/leist.htm" "Opera/9.80 (Windows NT 6.1; WOW64; U; de) Presto/2.10.289 Version/12.02"
85.22.152.5 - - [10/Dec/2012:09:44:47 +0100] "GET /img/bg2.gif HTTP/1.1" 200 49 "http://www.dialyse-borna.de/seiten/leist.htm" "Opera/9.80 (Windows NT 6.1; WOW64; U; de) Presto/2.10.289 Version/12.02"
85.22.152.5 - - [10/Dec/2012:09:44:50 +0100] "GET /seiten/dialyse.htm HTTP/1.1" 200 7403 "http://www.dialyse-borna.de/seiten/leist.htm" "Opera/9.80 (Windows NT 6.1; WOW64; U; de) Presto/2.10.289 Version/12.02"
85.22.152.5 - - [10/Dec/2012:09:44:50 +0100] "GET /img/dialyse.jpg HTTP/1.1" 200 18017 "http://www.dialyse-borna.de/seiten/dialyse.htm" "Opera/9.80 (Windows NT 6.1; WOW64; U; de) Presto/2.10.289 Version/12.02"
85.22.152.5 - - [10/Dec/2012:09:45:17 +0100] "GET /seiten/links.htm HTTP/1.1" 200 7302 "http://www.dialyse-borna.de/seiten/dialyse.htm" "Opera/9.80 (Windows NT 6.1; WOW64; U; de) Presto/2.10.289 Version/12.02"
85.22.152.5 - - [10/Dec/2012:09:45:17 +0100] "GET /img/links.jpg HTTP/1.1" 200 15669 "http://www.dialyse-borna.de/seiten/links.htm" "Opera/9.80 (Windows NT 6.1; WOW64; U; de) Presto/2.10.289 Version/12.02"
85.22.152.5 - - [10/Dec/2012:09:45:23 +0100] "GET /seiten/impr.htm HTTP/1.1" 200 9648 "http://www.dialyse-borna.de/seiten/links.htm" "Opera/9.80 (Windows NT 6.1; WOW64; U; de) Presto/2.10.289 Version/12.02"
193.106.136.53 - - [10/Dec/2012:10:37:23 +0100] "GET /seiten/news.php HTTP/1.1" 200 7079 "http://terrilady.ru/" "Mozilla/4.0 (compatible; MSIE 6.0; Windows NT 5.1; TheFreeDictionary.com; .NET CLR 1.1.4322; .NET CLR 1.0.3705; .NET CLR 2.0.50727)"
193.106.136.53 - - [10/Dec/2012:10:37:23 +0100] "GET /seiten/news.php HTTP/1.1" 200 7079 "http://terrilady.ru/" "Mozilla/4.0 (compatible; MSIE 6.0; Windows NT 5.1; TheFreeDictionary.com; .NET CLR 1.1.4322; .NET CLR 1.0.3705; .NET CLR 2.0.50727)"
157.55.35.90 - - [10/Dec/2012:10:40:04 +0100] "GET /robots.txt HTTP/1.1" 200 157 "-" "Mozilla/5.0 (compatible; bingbot/2.0; +http://www.bing.com/bingbot.htm)"
157.55.35.90 - - [10/Dec/2012:10:42:14 +0100] "GET / HTTP/1.1" 200 2663 "-" "Mozilla/5.0 (compatible; bingbot/2.0; +http://www.bing.com/bingbot.htm)"
157.55.35.40 - - [10/Dec/2012:10:51:15 +0100] "GET /seiten/start.htm HTTP/1.1" 200 7516 "-" "Mozilla/5.0 (compatible; bingbot/2.0; +http://www.bing.com/bingbot.htm)"
212.168.168.198 - - [10/Dec/2012:11:06:12 +0100] "GET / HTTP/1.1" 200 2663 "http://www.google.de/url?sa=t&rct=j&q=dialyse%20borna&source=web&cd=1&ved=0CC0QFjAA&url=http%3A%2F%2Fwww.dialyse-borna.de%2F&ei=DrTFUNCwN8jFswaj8YC4Cg&usg=AFQjCNF2KNTIkBF7QiIB3UFmpF4J1FAf4w" "Mozilla/4.0 (compatible; MSIE 8.0; Windows NT 5.1; Trident/4.0; GTB7.4)"
212.168.168.198 - - [10/Dec/2012:11:06:12 +0100] "GET /css/borna.css HTTP/1.1" 200 2909 "http://www.dialyse-borna.de/" "Mozilla/4.0 (compatible; MSIE 8.0; Windows NT 5.1; Trident/4.0; GTB7.4)"
212.168.168.198 - - [10/Dec/2012:11:06:12 +0100] "GET /seiten/start.htm HTTP/1.1" 200 7516 "-" "Mozilla/4.0 (compatible; MSIE 8.0; Windows NT 5.1; Trident/4.0; GTB7.4)"
212.168.168.198 - - [10/Dec/2012:11:06:13 +0100] "GET /img/bg2.gif HTTP/1.1" 200 49 "http://www.dialyse-borna.de/seiten/start.htm" "Mozilla/4.0 (compatible; MSIE 8.0; Windows NT 5.1; Trident/4.0; GTB7.4)"
212.168.168.198 - - [10/Dec/2012:11:06:13 +0100] "GET /img/1pixel.gif HTTP/1.1" 200 45 "http://www.dialyse-borna.de/seiten/start.htm" "Mozilla/4.0 (compatible; MSIE 8.0; Windows NT 5.1; Trident/4.0; GTB7.4)"
212.168.168.198 - - [10/Dec/2012:11:06:13 +0100] "GET /img/men02a.gif HTTP/1.1" 200 589 "http://www.dialyse-borna.de/seiten/start.htm" "Mozilla/4.0 (compatible; MSIE 8.0; Windows NT 5.1; Trident/4.0; GTB7.4)"
