83.133.125.202 - - [01/Dec/2012:00:13:03 +0100] "GET / HTTP/1.1" 200 2663 "http://www.bigfinder.de/home-11.html" "T-Online Browser (Windows NT 6.1; de)"
83.133.125.202 - - [01/Dec/2012:04:41:42 +0100] "GET / HTTP/1.1" 200 2663 "http://www.bigfinder.de/home-11.html" "Mozilla/5.0 (Windows; U; Windows NT 6.0; en-US) AppleWebKit/533.4 (KHTML, like Gecko) Chrome/5.0.375.126 Safari/533.4"
65.55.212.136 - - [01/Dec/2012:04:48:15 +0100] "GET /robots.txt HTTP/1.1" 200 157 "-" "msnbot-media/1.1 (+http://search.msn.com/msnbot.htm)"
65.55.212.136 - - [01/Dec/2012:04:48:15 +0100] "GET /img/main_pic.jpg HTTP/1.1" 200 14864 "-" "msnbot-media/1.1 (+http://search.msn.com/msnbot.htm)"
65.55.52.115 - - [01/Dec/2012:05:02:03 +0100] "GET /robots.txt HTTP/1.1" 200 157 "-" "Mozilla/5.0 (compatible; bingbot/2.0; +http://www.bing.com/bingbot.htm)"
65.55.52.115 - - [01/Dec/2012:05:04:25 +0100] "GET /seiten/impr.htm HTTP/1.1" 200 9648 "-" "Mozilla/5.0 (compatible; bingbot/2.0; +http://www.bing.com/bingbot.htm)"
157.55.35.90 - - [01/Dec/2012:06:32:54 +0100] "GET /robots.txt HTTP/1.1" 200 157 "-" "Mozilla/5.0 (compatible; bingbot/2.0; +http://www.bing.com/bingbot.htm)"
157.55.35.90 - - [01/Dec/2012:06:34:26 +0100] "GET / HTTP/1.1" 200 2663 "-" "Mozilla/5.0 (compatible; bingbot/2.0; +http://www.bing.com/bingbot.htm)"
178.154.179.250 - - [01/Dec/2012:10:17:30 +0100] "GET / HTTP/1.1" 200 2663 "-" "Mozilla/5.0 (compatible; YandexBot/3.0; +http://yandex.com/bots)"
66.249.73.174 - - [01/Dec/2012:12:50:17 +0100] "GET /robots.txt HTTP/1.1" 200 157 "-" "Mozilla/5.0 (compatible; Googlebot/2.1; +http://www.google.com/bot.html)"
66.249.73.174 - - [01/Dec/2012:12:50:18 +0100] "GET / HTTP/1.1" 200 2663 "-" "Mozilla/5.0 (compatible; Googlebot/2.1; +http://www.google.com/bot.html)"
176.123.0.57 - - [01/Dec/2012:14:22:53 +0100] "GET /seiten/news.php HTTP/1.1" 200 7079 "http://basicuse.net/" "Mozilla/5.0 (Windows NT 5.1; U; en) Opera 8.00"
176.123.0.57 - - [01/Dec/2012:14:22:53 +0100] "GET /seiten/news.php HTTP/1.1" 200 7079 "http://basicuse.net/" "Mozilla/5.0 (Windows NT 5.1; U; en) Opera 8.00"
66.249.73.174 - - [01/Dec/2012:14:40:35 +0100] "GET /seiten/links.htm HTTP/1.1" 200 7302 "-" "Mozilla/5.0 (iPhone; U; CPU iPhone OS 4_1 like Mac OS X; en-us) AppleWebKit/532.9 (KHTML, like Gecko) Version/4.0.5 Mobile/8B117 Safari/6531.22.7 (compatible; Googlebot-Mobile/2.1; +http://www.google.com/bot.html)"
157.55.35.90 - - [01/Dec/2012:14:44:42 +0100] "GET /robots.txt HTTP/1.1" 200 157 "-" "Mozilla/5.0 (compatible; bingbot/2.0; +http://www.bing.com/bingbot.htm)"
157.55.35.90 - - [01/Dec/2012:14:46:44 +0100] "GET / HTTP/1.1" 200 2663 "-" "Mozilla/5.0 (compatible; bingbot/2.0; +http://www.bing.com/bingbot.htm)"
66.249.73.174 - - [01/Dec/2012:14:48:39 +0100] "GET /img/links.jpg HTTP/1.1" 200 15669 "-" "Mozilla/5.0 (compatible; Googlebot/2.1; +http://www.google.com/bot.html)"
37.140.141.34 - - [01/Dec/2012:16:30:47 +0100] "GET /robots.txt HTTP/1.1" 200 157 "-" "Mozilla/5.0 (compatible; YandexImages/3.0; +http://yandex.com/bots)"
37.140.141.34 - - [01/Dec/2012:17:54:31 +0100] "GET /img/lay07.gif HTTP/1.1" 200 272 "-" "Mozilla/5.0 (compatible; YandexImages/3.0; +http://yandex.com/bots)"
66.249.73.174 - - [01/Dec/2012:18:19:33 +0100] "GET /seiten/start.htm HTTP/1.1" 200 7516 "-" "Mozilla/5.0 (compatible; Googlebot/2.1; +http://www.google.com/bot.html)"
66.249.73.174 - - [01/Dec/2012:18:26:14 +0100] "GET /seiten/impr.htm HTTP/1.1" 304 - "-" "Mozilla/5.0 (compatible; Googlebot/2.1; +http://www.google.com/bot.html)"
83.133.125.202 - - [01/Dec/2012:19:27:57 +0100] "GET / HTTP/1.1" 200 2663 "http://www.bigfinder.de/home-11.html" "T-Online Browser"
37.140.141.34 - - [01/Dec/2012:19:37:52 +0100] "GET /img/schild.jpg HTTP/1.1" 304 - "-" "Mozilla/5.0 (compatible; YandexImages/3.0; +http://yandex.com/bots)"
178.137.129.194 - - [01/Dec/2012:21:07:56 +0100] "GET /seiten/news.php HTTP/1.1" 200 7079 "http://memyar.com/" "Mozilla/4.0 (compatible; MSIE 6.0; Windows NT 5.1; SV1; .NET CLR 1.1.4322; .NET CLR 2.0.50727)"
178.137.129.194 - - [01/Dec/2012:21:07:57 +0100] "GET /seiten/news.php HTTP/1.1" 200 7079 "http://memyar.com/" "Mozilla/4.0 (compatible; MSIE 6.0; Windows NT 5.1; SV1; .NET CLR 1.1.4322; .NET CLR 2.0.50727)"
37.140.141.34 - - [01/Dec/2012:21:27:17 +0100] "GET /img/men02.gif HTTP/1.1" 200 1273 "-" "Mozilla/5.0 (compatible; YandexImages/3.0; +http://yandex.com/bots)"
37.140.141.34 - - [01/Dec/2012:23:00:31 +0100] "GET /img/men09.gif HTTP/1.1" 200 708 "-" "Mozilla/5.0 (compatible; YandexImages/3.0; +http://yandex.com/bots)"
66.249.73.174 - - [01/Dec/2012:23:21:12 +0100] "GET /seiten/dialyse.htm HTTP/1.1" 200 7403 "-" "Mozilla/5.0 (compatible; Googlebot/2.1; +http://www.google.com/bot.html)"
157.55.35.90 - - [01/Dec/2012:23:21:55 +0100] "GET /robots.txt HTTP/1.1" 200 157 "-" "Mozilla/5.0 (compatible; bingbot/2.0; +http://www.bing.com/bingbot.htm)"
157.55.35.90 - - [01/Dec/2012:23:23:42 +0100] "GET / HTTP/1.1" 200 2663 "-" "Mozilla/5.0 (compatible; bingbot/2.0; +http://www.bing.com/bingbot.htm)"
37.140.141.34 - - [02/Dec/2012:01:05:28 +0100] "GET /img/1pixel.gif HTTP/1.1" 200 45 "-" "Mozilla/5.0 (compatible; YandexImages/3.0; +http://yandex.com/bots)"
193.106.136.54 - - [02/Dec/2012:03:14:16 +0100] "GET /seiten/news.php HTTP/1.1" 200 7079 "http://vizag.kharkov.ua/" "Mozilla/0.91 Beta (Windows)"
193.106.136.54 - - [02/Dec/2012:03:14:16 +0100] "GET /seiten/news.php HTTP/1.1" 200 7079 "http://vizag.kharkov.ua/" "Mozilla/0.91 Beta (Windows)"
37.140.141.34 - - [02/Dec/2012:03:15:06 +0100] "GET /img/men08a.gif HTTP/1.1" 200 819 "-" "Mozilla/5.0 (compatible; YandexImages/3.0; +http://yandex.com/bots)"
178.137.129.194 - - [02/Dec/2012:04:24:07 +0100] "GET /seiten/news.php HTTP/1.1" 200 7079 "http://ua-realtor.com.ua/" "Mozilla/4.0 (compatible; MSIE 6.0; Windows NT 5.1; FREE; .NET CLR 1.1.4322)"
178.137.129.194 - - [02/Dec/2012:04:24:07 +0100] "GET /seiten/news.php HTTP/1.1" 200 7079 "http://ua-realtor.com.ua/" "Mozilla/4.0 (compatible; MSIE 6.0; Windows NT 5.1; FREE; .NET CLR 1.1.4322)"
92.249.127.111 - - [02/Dec/2012:05:03:46 +0100] "GET /seiten/news.php HTTP/1.1" 200 7079 "http://www.turbo-motors.com/" "Mozilla/5.0 (compatible; news bot /2.1)"
92.249.127.111 - - [02/Dec/2012:05:03:46 +0100] "GET /seiten/news.php HTTP/1.1" 200 7079 "http://www.turbo-motors.com/" "Mozilla/5.0 (compatible; news bot /2.1)"
92.249.127.111 - - [02/Dec/2012:05:04:08 +0100] "GET /seiten/news.php HTTP/1.1" 200 7079 "http://www.allkrim.com/" "Mozilla/5.0 (compatible; news bot /2.1)"
92.249.127.111 - - [02/Dec/2012:05:04:08 +0100] "GET /seiten/news.php HTTP/1.1" 200 7079 "http://www.allkrim.com/" "Mozilla/5.0 (compatible; news bot /2.1)"
89.108.102.171 - - [02/Dec/2012:05:39:08 +0100] "GET /seiten/news.php HTTP/1.1" 200 7079 "http://asjka.info/" "Mozilla/4.0 (compatible; MSIE 7.0b; Windows NT 6.0)"
89.108.102.171 - - [02/Dec/2012:05:39:09 +0100] "GET /seiten/news.php HTTP/1.1" 200 7079 "http://asjka.info/" "Mozilla/4.0 (compatible; MSIE 7.0b; Windows NT 6.0)"
37.140.141.34 - - [02/Dec/2012:06:01:11 +0100] "GET /img/men08.gif HTTP/1.1" 200 1642 "-" "Mozilla/5.0 (compatible; YandexImages/3.0; +http://yandex.com/bots)"
95.168.172.156 - - [02/Dec/2012:06:08:11 +0100] "GET /seiten/news.php HTTP/1.1" 200 7079 "http://csload.ru/" "Mozilla/4.0 (MSIE 6.0; Windows NT 5.1; Search)"
95.168.172.156 - - [02/Dec/2012:06:08:13 +0100] "GET /seiten/news.php HTTP/1.1" 200 7079 "http://csload.ru/" "Mozilla/4.0 (MSIE 6.0; Windows NT 5.1; Search)"
95.168.172.156 - - [02/Dec/2012:06:10:17 +0100] "GET /seiten/news.php HTTP/1.1" 200 7079 "http://ongame-hack.ru/" "Mozilla/4.0 (MSIE 6.0; Windows NT 5.1; Search)"
95.168.172.156 - - [02/Dec/2012:06:10:17 +0100] "GET /seiten/news.php HTTP/1.1" 200 7079 "http://ongame-hack.ru/" "Mozilla/4.0 (MSIE 6.0; Windows NT 5.1; Search)"
193.106.136.54 - - [02/Dec/2012:06:28:11 +0100] "GET /seiten/news.php HTTP/1.1" 200 7079 "http://terrilady.ru/" "Mozilla/1.22 (compatible; MSIE 2.0; Windows 95)"
193.106.136.54 - - [02/Dec/2012:06:28:12 +0100] "GET /seiten/news.php HTTP/1.1" 200 7079 "http://terrilady.ru/" "Mozilla/1.22 (compatible; MSIE 2.0; Windows 95)"
157.55.35.90 - - [02/Dec/2012:07:12:25 +0100] "GET /robots.txt HTTP/1.1" 200 157 "-" "Mozilla/5.0 (compatible; bingbot/2.0; +http://www.bing.com/bingbot.htm)"
157.55.35.90 - - [02/Dec/2012:07:14:12 +0100] "GET / HTTP/1.1" 200 2663 "-" "Mozilla/5.0 (compatible; bingbot/2.0; +http://www.bing.com/bingbot.htm)"
157.55.35.90 - - [02/Dec/2012:07:21:13 +0100] "GET / HTTP/1.1" 200 2663 "-" "Mozilla/5.0 (compatible; bingbot/2.0; +http://www.bing.com/bingbot.htm)"
178.154.179.250 - - [02/Dec/2012:07:30:03 +0100] "GET /robots.txt HTTP/1.1" 200 157 "-" "Mozilla/5.0 (compatible; YandexBot/3.0; +http://yandex.com/bots)"
37.140.141.34 - - [02/Dec/2012:08:39:58 +0100] "GET /img/men03.gif HTTP/1.1" 200 1621 "-" "Mozilla/5.0 (compatible; YandexImages/3.0; +http://yandex.com/bots)"
83.133.125.202 - - [02/Dec/2012:09:00:37 +0100] "GET / HTTP/1.1" 200 2663 "http://www.sumaja.de/?such_wert=brandenburg" "Mozilla/4.0 (compatible; MSIE 8.0; Windows NT 5.1; Trident/4.0; FBSMTWB; ATC/1.0; .NET CLR 1.1.4322; ATC/1.0; .NET CLR 2.0.50727; .NET CLR 3.0.4506.2152; .NET CLR 3.5.30729)"
109.120.157.179 - - [02/Dec/2012:09:12:42 +0100] "GET /seiten/news.php HTTP/1.1" 200 7079 "http://filmsnews.ipby.ru/" "Mozilla/5.0 (compatible; Add Catalog/2.1;)"
109.120.157.179 - - [02/Dec/2012:09:12:43 +0100] "GET /seiten/news.php HTTP/1.1" 200 7079 "http://filmsnews.ipby.ru/" "Mozilla/5.0 (compatible; Add Catalog/2.1;)"
195.242.218.133 - - [02/Dec/2012:11:22:38 +0100] "GET /seiten/news.php HTTP/1.1" 200 7079 "http://novotroitsk.info/" "Mozilla/4.0 (compatible; MSIE 6.0; MSIE 5.5; Windows NT 5.0) Opera 7.02 Bork-edition [en]"
195.242.218.133 - - [02/Dec/2012:11:22:39 +0100] "GET /seiten/news.php HTTP/1.1" 200 7079 "http://novotroitsk.info/" "Mozilla/4.0 (compatible; MSIE 6.0; MSIE 5.5; Windows NT 5.0) Opera 7.02 Bork-edition [en]"
37.140.141.34 - - [02/Dec/2012:12:17:27 +0100] "GET /img/lay03.gif HTTP/1.1" 200 671 "-" "Mozilla/5.0 (compatible; YandexImages/3.0; +http://yandex.com/bots)"
178.154.179.250 - - [02/Dec/2012:14:32:17 +0100] "GET /seiten/news.php HTTP/1.1" 200 7079 "-" "Mozilla/5.0 (compatible; YandexBot/3.0; +http://yandex.com/bots)"
37.140.141.34 - - [02/Dec/2012:16:10:53 +0100] "GET /robots.txt HTTP/1.1" 200 157 "-" "Mozilla/5.0 (compatible; YandexImages/3.0; +http://yandex.com/bots)"
178.154.179.250 - - [02/Dec/2012:17:23:47 +0100] "GET /seiten/start.htm HTTP/1.1" 304 - "-" "Mozilla/5.0 (compatible; YandexBot/3.0; +http://yandex.com/bots)"
157.55.35.90 - - [02/Dec/2012:18:17:40 +0100] "GET /robots.txt HTTP/1.1" 200 157 "-" "Mozilla/5.0 (compatible; bingbot/2.0; +http://www.bing.com/bingbot.htm)"
157.55.35.90 - - [02/Dec/2012:18:19:20 +0100] "GET / HTTP/1.1" 200 2663 "-" "Mozilla/5.0 (compatible; bingbot/2.0; +http://www.bing.com/bingbot.htm)"
37.140.141.34 - - [02/Dec/2012:20:02:35 +0100] "GET /img/men07.gif HTTP/1.1" 200 1396 "-" "Mozilla/5.0 (compatible; YandexImages/3.0; +http://yandex.com/bots)"
110.85.70.191 - - [02/Dec/2012:20:07:25 +0100] "GET /seiten/links.htm HTTP/1.0" 200 7302 "http://www.dialyse-borna.de/seiten/links.htm" "Mozilla/5.0 (Windows NT 5.1) AppleWebKit/536.5 (KHTML, like Gecko) Chrome/19.0.1084.52 Safari/536.5"
120.37.211.57 - - [02/Dec/2012:20:15:13 +0100] "GET /seiten/links.htm HTTP/1.0" 200 7302 "http://www.dialyse-borna.de/seiten/links.htm" "Mozilla/5.0 (Windows NT 6.1; rv:14.0) Gecko/20100101 Firefox/14.0"
178.154.179.250 - - [03/Dec/2012:00:03:55 +0100] "GET /img/bilder.swf HTTP/1.1" 200 78858 "-" "Mozilla/5.0 (compatible; YandexBot/3.0; +http://yandex.com/bots)"
37.140.141.34 - - [03/Dec/2012:00:12:00 +0100] "GET /img/men04.gif HTTP/1.1" 200 1395 "-" "Mozilla/5.0 (compatible; YandexImages/3.0; +http://yandex.com/bots)"
176.9.148.197 - - [03/Dec/2012:00:47:20 +0100] "GET /robots.txt HTTP/1.1" 200 157 "-" "Mozilla/5.0 (compatible; SISTRIX Crawler; http://crawler.sistrix.net/)"
176.9.148.197 - - [03/Dec/2012:00:47:20 +0100] "GET / HTTP/1.1" 200 2663 "-" "Mozilla/5.0 (compatible; SISTRIX Crawler; http://crawler.sistrix.net/)"
176.9.148.197 - - [03/Dec/2012:00:47:20 +0100] "GET /seiten/start.htm HTTP/1.1" 200 7516 "-" "Mozilla/5.0 (compatible; SISTRIX Crawler; http://crawler.sistrix.net/)"
176.9.148.197 - - [03/Dec/2012:00:47:21 +0100] "GET /seiten/impr.htm HTTP/1.1" 200 9648 "-" "Mozilla/5.0 (compatible; SISTRIX Crawler; http://crawler.sistrix.net/)"
176.9.148.197 - - [03/Dec/2012:00:47:21 +0100] "GET /seiten/news.php HTTP/1.1" 200 7079 "-" "Mozilla/5.0 (compatible; SISTRIX Crawler; http://crawler.sistrix.net/)"
176.9.148.197 - - [03/Dec/2012:00:47:21 +0100] "GET /seiten/praxis.htm HTTP/1.1" 200 7847 "-" "Mozilla/5.0 (compatible; SISTRIX Crawler; http://crawler.sistrix.net/)"
176.9.148.197 - - [03/Dec/2012:00:47:21 +0100] "GET /seiten/leist.htm HTTP/1.1" 200 7640 "-" "Mozilla/5.0 (compatible; SISTRIX Crawler; http://crawler.sistrix.net/)"
176.9.148.197 - - [03/Dec/2012:00:47:21 +0100] "GET /seiten/kont.htm HTTP/1.1" 200 8048 "-" "Mozilla/5.0 (compatible; SISTRIX Crawler; http://crawler.sistrix.net/)"
176.9.148.197 - - [03/Dec/2012:00:47:21 +0100] "GET /seiten/dialyse.htm HTTP/1.1" 200 7403 "-" "Mozilla/5.0 (compatible; SISTRIX Crawler; http://crawler.sistrix.net/)"
176.9.148.197 - - [03/Dec/2012:00:47:21 +0100] "GET /seiten/links.htm HTTP/1.1" 200 7302 "-" "Mozilla/5.0 (compatible; SISTRIX Crawler; http://crawler.sistrix.net/)"
176.9.148.197 - - [03/Dec/2012:00:47:21 +0100] "GET /seiten/kont_form.php HTTP/1.1" 200 8561 "-" "Mozilla/5.0 (compatible; SISTRIX Crawler; http://crawler.sistrix.net/)"
178.154.179.250 - - [03/Dec/2012:02:01:16 +0100] "GET /seiten/leist.htm HTTP/1.1" 304 - "-" "Mozilla/5.0 (compatible; YandexBot/3.0; +http://yandex.com/bots)"
157.55.35.90 - - [03/Dec/2012:02:25:12 +0100] "GET /robots.txt HTTP/1.1" 200 157 "-" "Mozilla/5.0 (compatible; bingbot/2.0; +http://www.bing.com/bingbot.htm)"
157.55.35.90 - - [03/Dec/2012:02:26:56 +0100] "GET / HTTP/1.1" 200 2663 "-" "Mozilla/5.0 (compatible; bingbot/2.0; +http://www.bing.com/bingbot.htm)"
66.249.73.174 - - [03/Dec/2012:04:44:34 +0100] "GET /robots.txt HTTP/1.1" 200 157 "-" "Mozilla/5.0 (compatible; Googlebot/2.1; +http://www.google.com/bot.html)"
66.249.73.174 - - [03/Dec/2012:04:44:34 +0100] "GET /seiten/start.htm HTTP/1.1" 304 - "-" "Mozilla/5.0 (iPhone; U; CPU iPhone OS 4_1 like Mac OS X; en-us) AppleWebKit/532.9 (KHTML, like Gecko) Version/4.0.5 Mobile/8B117 Safari/6531.22.7 (compatible; Googlebot-Mobile/2.1; +http://www.google.com/bot.html)"
178.255.215.68 - - [03/Dec/2012:05:26:08 +0100] "GET /robots.txt HTTP/1.1" 200 157 "-" "Mozilla/5.0 (compatible; Exabot/3.0; +http://www.exabot.com/go/robot)"
178.255.215.68 - - [03/Dec/2012:05:26:08 +0100] "GET / HTTP/1.1" 304 - "-" "Mozilla/5.0 (compatible; Exabot/3.0; +http://www.exabot.com/go/robot)"
178.137.129.194 - - [03/Dec/2012:06:06:48 +0100] "GET /seiten/news.php HTTP/1.1" 200 7079 "http://memyar.com/" "Mozilla/4.0 (compatible; MSIE 6.0; Windows NT 5.2; WOW64; SV1; .NET CLR 2.0.50727)"
178.137.129.194 - - [03/Dec/2012:06:06:49 +0100] "GET /seiten/news.php HTTP/1.1" 200 7079 "http://memyar.com/" "Mozilla/4.0 (compatible; MSIE 6.0; Windows NT 5.2; WOW64; SV1; .NET CLR 2.0.50727)"
175.44.15.63 - - [03/Dec/2012:06:07:51 +0100] "GET /seiten/links.htm HTTP/1.0" 200 7302 "http://www.dialyse-borna.de/seiten/links.htm" "Mozilla/5.0 (Windows NT 6.1; Win64; x64; rv:16.0) Gecko/16.0 Firefox/16.0a1"
157.55.34.32 - - [03/Dec/2012:06:30:53 +0100] "GET /robots.txt HTTP/1.1" 200 157 "-" "Mozilla/5.0 (compatible; bingbot/2.0; +http://www.bing.com/bingbot.htm)"
157.55.34.32 - - [03/Dec/2012:06:33:01 +0100] "GET /seiten/links.htm HTTP/1.1" 304 - "-" "Mozilla/5.0 (compatible; bingbot/2.0; +http://www.bing.com/bingbot.htm)"
157.55.35.90 - - [03/Dec/2012:06:33:28 +0100] "GET / HTTP/1.1" 200 2663 "-" "Mozilla/5.0 (compatible; bingbot/2.0; +http://www.bing.com/bingbot.htm)"
37.140.141.34 - - [03/Dec/2012:11:56:31 +0100] "GET /img/men07.gif HTTP/1.1" 200 1396 "-" "Mozilla/5.0 (compatible; YandexImages/3.0; +http://yandex.com/bots)"
178.5.115.80 - - [03/Dec/2012:12:06:33 +0100] "GET / HTTP/1.1" 200 2663 "http://www.google.de/url?sa=t&rct=j&q=dialysezentrum%20borna&source=web&cd=1&ved=0CC0QFjAA&url=http%3A%2F%2Fwww.dialyse-borna.de%2F&ei=Toe8UIK8DMyOswa3soHoBA&usg=AFQjCNF2KNTIkBF7QiIB3UFmpF4J1FAf4w" "Mozilla/5.0 (Windows NT 6.1; WOW64; rv:16.0) Gecko/20100101 Firefox/16.0"
178.5.115.80 - - [03/Dec/2012:12:06:33 +0100] "GET /css/borna.css HTTP/1.1" 200 2909 "http://www.dialyse-borna.de/" "Mozilla/5.0 (Windows NT 6.1; WOW64; rv:16.0) Gecko/20100101 Firefox/16.0"
178.5.115.80 - - [03/Dec/2012:12:06:33 +0100] "GET /favicon.ico HTTP/1.1" 404 1256 "-" "Mozilla/5.0 (Windows NT 6.1; WOW64; rv:16.0) Gecko/20100101 Firefox/16.0"
178.5.115.80 - - [03/Dec/2012:12:06:33 +0100] "GET /seiten/start.htm HTTP/1.1" 200 7516 "http://www.dialyse-borna.de/" "Mozilla/5.0 (Windows NT 6.1; WOW64; rv:16.0) Gecko/20100101 Firefox/16.0"
178.5.115.80 - - [03/Dec/2012:12:06:33 +0100] "GET /favicon.ico HTTP/1.1" 404 1256 "-" "Mozilla/5.0 (Windows NT 6.1; WOW64; rv:16.0) Gecko/20100101 Firefox/16.0"
178.5.115.80 - - [03/Dec/2012:12:06:33 +0100] "GET /img/men01.gif HTTP/1.1" 200 432 "http://www.dialyse-borna.de/seiten/start.htm" "Mozilla/5.0 (Windows NT 6.1; WOW64; rv:16.0) Gecko/20100101 Firefox/16.0"
178.5.115.80 - - [03/Dec/2012:12:06:33 +0100] "GET /img/1pixel.gif HTTP/1.1" 200 45 "http://www.dialyse-borna.de/seiten/start.htm" "Mozilla/5.0 (Windows NT 6.1; WOW64; rv:16.0) Gecko/20100101 Firefox/16.0"
178.5.115.80 - - [03/Dec/2012:12:06:33 +0100] "GET /img/men02a.gif HTTP/1.1" 200 589 "http://www.dialyse-borna.de/seiten/start.htm" "Mozilla/5.0 (Windows NT 6.1; WOW64; rv:16.0) Gecko/20100101 Firefox/16.0"
178.5.115.80 - - [03/Dec/2012:12:06:33 +0100] "GET /img/men03.gif HTTP/1.1" 200 1621 "http://www.dialyse-borna.de/seiten/start.htm" "Mozilla/5.0 (Windows NT 6.1; WOW64; rv:16.0) Gecko/20100101 Firefox/16.0"
178.5.115.80 - - [03/Dec/2012:12:06:33 +0100] "GET /img/men04.gif HTTP/1.1" 200 1395 "http://www.dialyse-borna.de/seiten/start.htm" "Mozilla/5.0 (Windows NT 6.1; WOW64; rv:16.0) Gecko/20100101 Firefox/16.0"
178.5.115.80 - - [03/Dec/2012:12:06:33 +0100] "GET /img/men06.gif HTTP/1.1" 200 1162 "http://www.dialyse-borna.de/seiten/start.htm" "Mozilla/5.0 (Windows NT 6.1; WOW64; rv:16.0) Gecko/20100101 Firefox/16.0"
178.5.115.80 - - [03/Dec/2012:12:06:33 +0100] "GET /img/men07.gif HTTP/1.1" 200 1396 "http://www.dialyse-borna.de/seiten/start.htm" "Mozilla/5.0 (Windows NT 6.1; WOW64; rv:16.0) Gecko/20100101 Firefox/16.0"
178.5.115.80 - - [03/Dec/2012:12:06:33 +0100] "GET /img/men09.gif HTTP/1.1" 200 708 "http://www.dialyse-borna.de/seiten/start.htm" "Mozilla/5.0 (Windows NT 6.1; WOW64; rv:16.0) Gecko/20100101 Firefox/16.0"
178.5.115.80 - - [03/Dec/2012:12:06:33 +0100] "GET /img/men08.gif HTTP/1.1" 200 1642 "http://www.dialyse-borna.de/seiten/start.htm" "Mozilla/5.0 (Windows NT 6.1; WOW64; rv:16.0) Gecko/20100101 Firefox/16.0"
178.5.115.80 - - [03/Dec/2012:12:06:33 +0100] "GET /img/lay03.gif HTTP/1.1" 200 671 "http://www.dialyse-borna.de/seiten/start.htm" "Mozilla/5.0 (Windows NT 6.1; WOW64; rv:16.0) Gecko/20100101 Firefox/16.0"
178.5.115.80 - - [03/Dec/2012:12:06:33 +0100] "GET /img/main_pic.jpg HTTP/1.1" 200 14864 "http://www.dialyse-borna.de/seiten/start.htm" "Mozilla/5.0 (Windows NT 6.1; WOW64; rv:16.0) Gecko/20100101 Firefox/16.0"
178.5.115.80 - - [03/Dec/2012:12:06:33 +0100] "GET /img/pfeil.jpg HTTP/1.1" 200 380 "http://www.dialyse-borna.de/seiten/start.htm" "Mozilla/5.0 (Windows NT 6.1; WOW64; rv:16.0) Gecko/20100101 Firefox/16.0"
178.5.115.80 - - [03/Dec/2012:12:06:33 +0100] "GET /img/lay04.gif HTTP/1.1" 200 210 "http://www.dialyse-borna.de/seiten/start.htm" "Mozilla/5.0 (Windows NT 6.1; WOW64; rv:16.0) Gecko/20100101 Firefox/16.0"
178.5.115.80 - - [03/Dec/2012:12:06:33 +0100] "GET /img/lay07.gif HTTP/1.1" 200 272 "http://www.dialyse-borna.de/seiten/start.htm" "Mozilla/5.0 (Windows NT 6.1; WOW64; rv:16.0) Gecko/20100101 Firefox/16.0"
178.5.115.80 - - [03/Dec/2012:12:06:33 +0100] "GET /img/bg2.gif HTTP/1.1" 200 49 "http://www.dialyse-borna.de/seiten/start.htm" "Mozilla/5.0 (Windows NT 6.1; WOW64; rv:16.0) Gecko/20100101 Firefox/16.0"
178.5.115.80 - - [03/Dec/2012:12:06:33 +0100] "GET /img/lay01.gif HTTP/1.1" 200 384 "http://www.dialyse-borna.de/seiten/start.htm" "Mozilla/5.0 (Windows NT 6.1; WOW64; rv:16.0) Gecko/20100101 Firefox/16.0"
178.5.115.80 - - [03/Dec/2012:12:06:33 +0100] "GET /img/lay02.gif HTTP/1.1" 200 3503 "http://www.dialyse-borna.de/seiten/start.htm" "Mozilla/5.0 (Windows NT 6.1; WOW64; rv:16.0) Gecko/20100101 Firefox/16.0"
178.5.115.80 - - [03/Dec/2012:12:06:33 +0100] "GET /img/lay08.gif HTTP/1.1" 200 322 "http://www.dialyse-borna.de/seiten/start.htm" "Mozilla/5.0 (Windows NT 6.1; WOW64; rv:16.0) Gecko/20100101 Firefox/16.0"
178.5.115.80 - - [03/Dec/2012:12:06:33 +0100] "GET /img/bg3.gif HTTP/1.1" 200 143 "http://www.dialyse-borna.de/seiten/start.htm" "Mozilla/5.0 (Windows NT 6.1; WOW64; rv:16.0) Gecko/20100101 Firefox/16.0"
178.5.115.80 - - [03/Dec/2012:12:06:33 +0100] "GET /img/bg1.gif HTTP/1.1" 200 54 "http://www.dialyse-borna.de/seiten/start.htm" "Mozilla/5.0 (Windows NT 6.1; WOW64; rv:16.0) Gecko/20100101 Firefox/16.0"
178.5.115.80 - - [03/Dec/2012:12:06:33 +0100] "GET /img/bg4.gif HTTP/1.1" 200 135 "http://www.dialyse-borna.de/seiten/start.htm" "Mozilla/5.0 (Windows NT 6.1; WOW64; rv:16.0) Gecko/20100101 Firefox/16.0"
178.5.115.80 - - [03/Dec/2012:12:06:33 +0100] "GET /img/lay05.gif HTTP/1.1" 200 541 "http://www.dialyse-borna.de/seiten/start.htm" "Mozilla/5.0 (Windows NT 6.1; WOW64; rv:16.0) Gecko/20100101 Firefox/16.0"
178.5.115.80 - - [03/Dec/2012:12:06:34 +0100] "GET /img/bilder.swf HTTP/1.1" 200 78858 "http://www.dialyse-borna.de/seiten/start.htm" "Mozilla/5.0 (Windows NT 6.1; WOW64; rv:16.0) Gecko/20100101 Firefox/16.0"
178.5.115.80 - - [03/Dec/2012:12:06:34 +0100] "GET /img/men03a.gif HTTP/1.1" 200 820 "http://www.dialyse-borna.de/seiten/start.htm" "Mozilla/5.0 (Windows NT 6.1; WOW64; rv:16.0) Gecko/20100101 Firefox/16.0"
178.5.115.80 - - [03/Dec/2012:12:06:34 +0100] "GET /img/men04a.gif HTTP/1.1" 200 669 "http://www.dialyse-borna.de/seiten/start.htm" "Mozilla/5.0 (Windows NT 6.1; WOW64; rv:16.0) Gecko/20100101 Firefox/16.0"
178.5.115.80 - - [03/Dec/2012:12:06:34 +0100] "GET /img/men05a.gif HTTP/1.1" 200 556 "http://www.dialyse-borna.de/seiten/start.htm" "Mozilla/5.0 (Windows NT 6.1; WOW64; rv:16.0) Gecko/20100101 Firefox/16.0"
178.5.115.80 - - [03/Dec/2012:12:06:34 +0100] "GET /img/men06a.gif HTTP/1.1" 200 518 "http://www.dialyse-borna.de/seiten/start.htm" "Mozilla/5.0 (Windows NT 6.1; WOW64; rv:16.0) Gecko/20100101 Firefox/16.0"
178.5.115.80 - - [03/Dec/2012:12:06:34 +0100] "GET /img/men07a.gif HTTP/1.1" 200 666 "http://www.dialyse-borna.de/seiten/start.htm" "Mozilla/5.0 (Windows NT 6.1; WOW64; rv:16.0) Gecko/20100101 Firefox/16.0"
178.5.115.80 - - [03/Dec/2012:12:06:34 +0100] "GET /img/men08a.gif HTTP/1.1" 200 819 "http://www.dialyse-borna.de/seiten/start.htm" "Mozilla/5.0 (Windows NT 6.1; WOW64; rv:16.0) Gecko/20100101 Firefox/16.0"
178.5.115.80 - - [03/Dec/2012:12:06:37 +0100] "GET /seiten/kont.htm HTTP/1.1" 200 8048 "http://www.dialyse-borna.de/seiten/start.htm" "Mozilla/5.0 (Windows NT 6.1; WOW64; rv:16.0) Gecko/20100101 Firefox/16.0"
178.5.115.80 - - [03/Dec/2012:12:06:37 +0100] "GET /img/men02.gif HTTP/1.1" 200 1273 "http://www.dialyse-borna.de/seiten/kont.htm" "Mozilla/5.0 (Windows NT 6.1; WOW64; rv:16.0) Gecko/20100101 Firefox/16.0"
110.85.114.51 - - [03/Dec/2012:12:06:45 +0100] "GET /seiten/links.htm HTTP/1.0" 200 7302 "http://www.dialyse-borna.de/seiten/links.htm" "Mozilla/5.0 (Windows NT 6.1; Win64; x64; rv:16.0) Gecko/16.0 Firefox/16.0a1"
178.5.115.80 - - [03/Dec/2012:12:12:43 +0100] "GET / HTTP/1.1" 200 2663 "http://www.google.de/url?sa=t&rct=j&q=dialyse%20zentrum%20borna&source=web&cd=4&ved=0CEcQFjAD&url=http%3A%2F%2Fwww.dialyse-borna.de%2F&ei=u4i8UODvI8KUtAbjw4D4Cg&usg=AFQjCNF2KNTIkBF7QiIB3UFmpF4J1FAf4w" "Mozilla/5.0 (Windows NT 6.1; WOW64; rv:16.0) Gecko/20100101 Firefox/16.0"
178.5.115.80 - - [03/Dec/2012:12:12:43 +0100] "GET /css/borna.css HTTP/1.1" 200 2909 "http://www.dialyse-borna.de/" "Mozilla/5.0 (Windows NT 6.1; WOW64; rv:16.0) Gecko/20100101 Firefox/16.0"
178.5.115.80 - - [03/Dec/2012:12:12:43 +0100] "GET /favicon.ico HTTP/1.1" 404 1256 "-" "Mozilla/5.0 (Windows NT 6.1; WOW64; rv:16.0) Gecko/20100101 Firefox/16.0"
178.5.115.80 - - [03/Dec/2012:12:12:43 +0100] "GET /seiten/start.htm HTTP/1.1" 200 7516 "http://www.dialyse-borna.de/" "Mozilla/5.0 (Windows NT 6.1; WOW64; rv:16.0) Gecko/20100101 Firefox/16.0"
178.5.115.80 - - [03/Dec/2012:12:12:43 +0100] "GET /favicon.ico HTTP/1.1" 404 1256 "-" "Mozilla/5.0 (Windows NT 6.1; WOW64; rv:16.0) Gecko/20100101 Firefox/16.0"
178.5.115.80 - - [03/Dec/2012:12:12:43 +0100] "GET /img/men01.gif HTTP/1.1" 200 432 "http://www.dialyse-borna.de/seiten/start.htm" "Mozilla/5.0 (Windows NT 6.1; WOW64; rv:16.0) Gecko/20100101 Firefox/16.0"
178.5.115.80 - - [03/Dec/2012:12:12:43 +0100] "GET /img/1pixel.gif HTTP/1.1" 200 45 "http://www.dialyse-borna.de/seiten/start.htm" "Mozilla/5.0 (Windows NT 6.1; WOW64; rv:16.0) Gecko/20100101 Firefox/16.0"
178.5.115.80 - - [03/Dec/2012:12:12:43 +0100] "GET /img/men02a.gif HTTP/1.1" 200 589 "http://www.dialyse-borna.de/seiten/start.htm" "Mozilla/5.0 (Windows NT 6.1; WOW64; rv:16.0) Gecko/20100101 Firefox/16.0"
178.5.115.80 - - [03/Dec/2012:12:12:43 +0100] "GET /img/men03.gif HTTP/1.1" 200 1621 "http://www.dialyse-borna.de/seiten/start.htm" "Mozilla/5.0 (Windows NT 6.1; WOW64; rv:16.0) Gecko/20100101 Firefox/16.0"
178.5.115.80 - - [03/Dec/2012:12:12:43 +0100] "GET /img/men04.gif HTTP/1.1" 200 1395 "http://www.dialyse-borna.de/seiten/start.htm" "Mozilla/5.0 (Windows NT 6.1; WOW64; rv:16.0) Gecko/20100101 Firefox/16.0"
178.5.115.80 - - [03/Dec/2012:12:12:43 +0100] "GET /img/men06.gif HTTP/1.1" 200 1162 "http://www.dialyse-borna.de/seiten/start.htm" "Mozilla/5.0 (Windows NT 6.1; WOW64; rv:16.0) Gecko/20100101 Firefox/16.0"
178.5.115.80 - - [03/Dec/2012:12:12:43 +0100] "GET /img/men07.gif HTTP/1.1" 200 1396 "http://www.dialyse-borna.de/seiten/start.htm" "Mozilla/5.0 (Windows NT 6.1; WOW64; rv:16.0) Gecko/20100101 Firefox/16.0"
178.5.115.80 - - [03/Dec/2012:12:12:43 +0100] "GET /img/men08.gif HTTP/1.1" 200 1642 "http://www.dialyse-borna.de/seiten/start.htm" "Mozilla/5.0 (Windows NT 6.1; WOW64; rv:16.0) Gecko/20100101 Firefox/16.0"
178.5.115.80 - - [03/Dec/2012:12:12:43 +0100] "GET /img/men09.gif HTTP/1.1" 200 708 "http://www.dialyse-borna.de/seiten/start.htm" "Mozilla/5.0 (Windows NT 6.1; WOW64; rv:16.0) Gecko/20100101 Firefox/16.0"
178.5.115.80 - - [03/Dec/2012:12:12:43 +0100] "GET /img/lay03.gif HTTP/1.1" 200 671 "http://www.dialyse-borna.de/seiten/start.htm" "Mozilla/5.0 (Windows NT 6.1; WOW64; rv:16.0) Gecko/20100101 Firefox/16.0"
178.5.115.80 - - [03/Dec/2012:12:12:43 +0100] "GET /img/main_pic.jpg HTTP/1.1" 200 14864 "http://www.dialyse-borna.de/seiten/start.htm" "Mozilla/5.0 (Windows NT 6.1; WOW64; rv:16.0) Gecko/20100101 Firefox/16.0"
178.5.115.80 - - [03/Dec/2012:12:12:43 +0100] "GET /img/pfeil.jpg HTTP/1.1" 200 380 "http://www.dialyse-borna.de/seiten/start.htm" "Mozilla/5.0 (Windows NT 6.1; WOW64; rv:16.0) Gecko/20100101 Firefox/16.0"
178.5.115.80 - - [03/Dec/2012:12:12:43 +0100] "GET /img/lay04.gif HTTP/1.1" 200 210 "http://www.dialyse-borna.de/seiten/start.htm" "Mozilla/5.0 (Windows NT 6.1; WOW64; rv:16.0) Gecko/20100101 Firefox/16.0"
178.5.115.80 - - [03/Dec/2012:12:12:43 +0100] "GET /img/lay07.gif HTTP/1.1" 200 272 "http://www.dialyse-borna.de/seiten/start.htm" "Mozilla/5.0 (Windows NT 6.1; WOW64; rv:16.0) Gecko/20100101 Firefox/16.0"
178.5.115.80 - - [03/Dec/2012:12:12:43 +0100] "GET /img/bg2.gif HTTP/1.1" 200 49 "http://www.dialyse-borna.de/seiten/start.htm" "Mozilla/5.0 (Windows NT 6.1; WOW64; rv:16.0) Gecko/20100101 Firefox/16.0"
178.5.115.80 - - [03/Dec/2012:12:12:43 +0100] "GET /img/lay01.gif HTTP/1.1" 200 384 "http://www.dialyse-borna.de/seiten/start.htm" "Mozilla/5.0 (Windows NT 6.1; WOW64; rv:16.0) Gecko/20100101 Firefox/16.0"
178.5.115.80 - - [03/Dec/2012:12:12:43 +0100] "GET /img/lay02.gif HTTP/1.1" 200 3503 "http://www.dialyse-borna.de/seiten/start.htm" "Mozilla/5.0 (Windows NT 6.1; WOW64; rv:16.0) Gecko/20100101 Firefox/16.0"
178.5.115.80 - - [03/Dec/2012:12:12:43 +0100] "GET /img/lay08.gif HTTP/1.1" 200 322 "http://www.dialyse-borna.de/seiten/start.htm" "Mozilla/5.0 (Windows NT 6.1; WOW64; rv:16.0) Gecko/20100101 Firefox/16.0"
178.5.115.80 - - [03/Dec/2012:12:12:43 +0100] "GET /img/bg3.gif HTTP/1.1" 200 143 "http://www.dialyse-borna.de/seiten/start.htm" "Mozilla/5.0 (Windows NT 6.1; WOW64; rv:16.0) Gecko/20100101 Firefox/16.0"
178.5.115.80 - - [03/Dec/2012:12:12:43 +0100] "GET /img/bg1.gif HTTP/1.1" 200 54 "http://www.dialyse-borna.de/seiten/start.htm" "Mozilla/5.0 (Windows NT 6.1; WOW64; rv:16.0) Gecko/20100101 Firefox/16.0"
178.5.115.80 - - [03/Dec/2012:12:12:43 +0100] "GET /img/bg4.gif HTTP/1.1" 200 135 "http://www.dialyse-borna.de/seiten/start.htm" "Mozilla/5.0 (Windows NT 6.1; WOW64; rv:16.0) Gecko/20100101 Firefox/16.0"
178.5.115.80 - - [03/Dec/2012:12:12:44 +0100] "GET /img/lay05.gif HTTP/1.1" 200 541 "http://www.dialyse-borna.de/seiten/start.htm" "Mozilla/5.0 (Windows NT 6.1; WOW64; rv:16.0) Gecko/20100101 Firefox/16.0"
178.5.115.80 - - [03/Dec/2012:12:12:44 +0100] "GET /img/bilder.swf HTTP/1.1" 200 78858 "http://www.dialyse-borna.de/seiten/start.htm" "Mozilla/5.0 (Windows NT 6.1; WOW64; rv:16.0) Gecko/20100101 Firefox/16.0"
178.5.115.80 - - [03/Dec/2012:12:12:44 +0100] "GET /img/men03a.gif HTTP/1.1" 200 820 "http://www.dialyse-borna.de/seiten/start.htm" "Mozilla/5.0 (Windows NT 6.1; WOW64; rv:16.0) Gecko/20100101 Firefox/16.0"
178.5.115.80 - - [03/Dec/2012:12:12:44 +0100] "GET /img/men04a.gif HTTP/1.1" 200 669 "http://www.dialyse-borna.de/seiten/start.htm" "Mozilla/5.0 (Windows NT 6.1; WOW64; rv:16.0) Gecko/20100101 Firefox/16.0"
178.5.115.80 - - [03/Dec/2012:12:12:44 +0100] "GET /img/men05a.gif HTTP/1.1" 200 556 "http://www.dialyse-borna.de/seiten/start.htm" "Mozilla/5.0 (Windows NT 6.1; WOW64; rv:16.0) Gecko/20100101 Firefox/16.0"
178.5.115.80 - - [03/Dec/2012:12:12:44 +0100] "GET /img/men06a.gif HTTP/1.1" 200 518 "http://www.dialyse-borna.de/seiten/start.htm" "Mozilla/5.0 (Windows NT 6.1; WOW64; rv:16.0) Gecko/20100101 Firefox/16.0"
178.5.115.80 - - [03/Dec/2012:12:12:44 +0100] "GET /img/men07a.gif HTTP/1.1" 200 666 "http://www.dialyse-borna.de/seiten/start.htm" "Mozilla/5.0 (Windows NT 6.1; WOW64; rv:16.0) Gecko/20100101 Firefox/16.0"
178.5.115.80 - - [03/Dec/2012:12:12:44 +0100] "GET /img/men08a.gif HTTP/1.1" 200 819 "http://www.dialyse-borna.de/seiten/start.htm" "Mozilla/5.0 (Windows NT 6.1; WOW64; rv:16.0) Gecko/20100101 Firefox/16.0"
178.5.115.80 - - [03/Dec/2012:12:12:46 +0100] "GET /seiten/kont.htm HTTP/1.1" 200 8048 "http://www.dialyse-borna.de/seiten/start.htm" "Mozilla/5.0 (Windows NT 6.1; WOW64; rv:16.0) Gecko/20100101 Firefox/16.0"
178.5.115.80 - - [03/Dec/2012:12:12:46 +0100] "GET /img/men02.gif HTTP/1.1" 200 1273 "http://www.dialyse-borna.de/seiten/kont.htm" "Mozilla/5.0 (Windows NT 6.1; WOW64; rv:16.0) Gecko/20100101 Firefox/16.0"
178.5.115.80 - - [03/Dec/2012:12:12:51 +0100] "GET /seiten/leist.htm HTTP/1.1" 200 7640 "http://www.dialyse-borna.de/seiten/start.htm" "Mozilla/5.0 (Windows NT 6.1; WOW64; rv:16.0) Gecko/20100101 Firefox/16.0"
178.5.115.80 - - [03/Dec/2012:12:12:51 +0100] "GET /img/leist.jpg HTTP/1.1" 200 18546 "http://www.dialyse-borna.de/seiten/leist.htm" "Mozilla/5.0 (Windows NT 6.1; WOW64; rv:16.0) Gecko/20100101 Firefox/16.0"
178.5.115.80 - - [03/Dec/2012:12:12:53 +0100] "GET /seiten/dialyse.htm HTTP/1.1" 200 7403 "http://www.dialyse-borna.de/seiten/leist.htm" "Mozilla/5.0 (Windows NT 6.1; WOW64; rv:16.0) Gecko/20100101 Firefox/16.0"
178.5.115.80 - - [03/Dec/2012:12:12:53 +0100] "GET /img/dialyse.jpg HTTP/1.1" 200 18017 "http://www.dialyse-borna.de/seiten/dialyse.htm" "Mozilla/5.0 (Windows NT 6.1; WOW64; rv:16.0) Gecko/20100101 Firefox/16.0"
178.5.115.80 - - [03/Dec/2012:12:12:55 +0100] "GET /seiten/links.htm HTTP/1.1" 200 7302 "http://www.dialyse-borna.de/seiten/dialyse.htm" "Mozilla/5.0 (Windows NT 6.1; WOW64; rv:16.0) Gecko/20100101 Firefox/16.0"
178.5.115.80 - - [03/Dec/2012:12:12:55 +0100] "GET /img/links.jpg HTTP/1.1" 200 15669 "http://www.dialyse-borna.de/seiten/links.htm" "Mozilla/5.0 (Windows NT 6.1; WOW64; rv:16.0) Gecko/20100101 Firefox/16.0"
178.5.115.80 - - [03/Dec/2012:12:13:00 +0100] "GET /seiten/impr.htm HTTP/1.1" 200 9648 "http://www.dialyse-borna.de/seiten/kont.htm" "Mozilla/5.0 (Windows NT 6.1; WOW64; rv:16.0) Gecko/20100101 Firefox/16.0"
178.5.115.80 - - [03/Dec/2012:12:13:42 +0100] "GET /seiten/praxis.htm HTTP/1.1" 200 7847 "http://www.dialyse-borna.de/seiten/leist.htm" "Mozilla/5.0 (Windows NT 6.1; WOW64; rv:16.0) Gecko/20100101 Firefox/16.0"
178.5.115.80 - - [03/Dec/2012:12:13:42 +0100] "GET /img/schild.jpg HTTP/1.1" 200 12757 "http://www.dialyse-borna.de/seiten/praxis.htm" "Mozilla/5.0 (Windows NT 6.1; WOW64; rv:16.0) Gecko/20100101 Firefox/16.0"
178.137.129.194 - - [03/Dec/2012:12:13:54 +0100] "GET /seiten/news.php HTTP/1.1" 200 7079 "http://sanart.com.ua/" "Mozilla/4.0 (compatible; MSIE 6.0; America Online Browser 1.1; rev1.2; Windows NT 5.1; SV1; .NET CLR 1.1.4322)"
178.137.129.194 - - [03/Dec/2012:12:13:55 +0100] "GET /seiten/news.php HTTP/1.1" 200 7079 "http://sanart.com.ua/" "Mozilla/4.0 (compatible; MSIE 6.0; America Online Browser 1.1; rev1.2; Windows NT 5.1; SV1; .NET CLR 1.1.4322)"
46.4.95.140 - - [03/Dec/2012:12:58:34 +0100] "GET /robots.txt HTTP/1.0" 200 157 "-" "Mozilla/5.0 (compatible; SEOkicks-Robot +http://www.seokicks.de/robot.html)"
46.4.95.140 - - [03/Dec/2012:12:58:39 +0100] "GET / HTTP/1.0" 200 2663 "-" "Mozilla/5.0 (compatible; SEOkicks-Robot +http://www.seokicks.de/robot.html)"
46.4.95.140 - - [03/Dec/2012:12:58:47 +0100] "GET /seiten/start.htm HTTP/1.0" 200 7516 "http://www.dialyse-borna.de/" "Mozilla/5.0 (compatible; SEOkicks-Robot +http://www.seokicks.de/robot.html)"
46.4.95.140 - - [03/Dec/2012:12:58:53 +0100] "GET /seiten/leist.htm HTTP/1.0" 200 7640 "http://www.dialyse-borna.de/seiten/start.htm" "Mozilla/5.0 (compatible; SEOkicks-Robot +http://www.seokicks.de/robot.html)"
46.4.95.140 - - [03/Dec/2012:12:58:57 +0100] "GET /seiten/dialyse.htm HTTP/1.0" 200 7403 "http://www.dialyse-borna.de/seiten/start.htm" "Mozilla/5.0 (compatible; SEOkicks-Robot +http://www.seokicks.de/robot.html)"
46.4.95.140 - - [03/Dec/2012:12:59:01 +0100] "GET /seiten/links.htm HTTP/1.0" 200 7302 "http://www.dialyse-borna.de/seiten/start.htm" "Mozilla/5.0 (compatible; SEOkicks-Robot +http://www.seokicks.de/robot.html)"
46.4.95.140 - - [03/Dec/2012:12:59:04 +0100] "GET /seiten/kont.htm HTTP/1.0" 200 8048 "http://www.dialyse-borna.de/seiten/start.htm" "Mozilla/5.0 (compatible; SEOkicks-Robot +http://www.seokicks.de/robot.html)"
46.4.95.140 - - [03/Dec/2012:12:59:09 +0100] "GET /seiten/impr.htm HTTP/1.0" 200 9648 "http://www.dialyse-borna.de/seiten/start.htm" "Mozilla/5.0 (compatible; SEOkicks-Robot +http://www.seokicks.de/robot.html)"
46.4.95.140 - - [03/Dec/2012:12:59:12 +0100] "GET /seiten/praxis.htm HTTP/1.0" 200 7847 "http://www.dialyse-borna.de/seiten/start.htm" "Mozilla/5.0 (compatible; SEOkicks-Robot +http://www.seokicks.de/robot.html)"
46.4.95.140 - - [03/Dec/2012:12:59:15 +0100] "GET /seiten/kont_form.php HTTP/1.0" 200 8561 "http://www.dialyse-borna.de/seiten/kont.htm" "Mozilla/5.0 (compatible; SEOkicks-Robot +http://www.seokicks.de/robot.html)"
46.4.95.140 - - [03/Dec/2012:12:59:17 +0100] "GET /seiten/news.php HTTP/1.0" 200 7079 "http://www.dialyse-borna.de/seiten/kont_form.php" "Mozilla/5.0 (compatible; SEOkicks-Robot +http://www.seokicks.de/robot.html)"
193.106.136.52 - - [03/Dec/2012:13:48:08 +0100] "GET /seiten/news.php HTTP/1.1" 200 7079 "http://mtech-world.net/" "Mozilla/4.0 (compatible; MSIE 6.0; Windows NT 5.1; SV1; .NET CLR 1.0.3705; .NET CLR 1.1.4322; .NET CLR 2.0.40607)"
193.106.136.52 - - [03/Dec/2012:13:48:09 +0100] "GET /seiten/news.php HTTP/1.1" 200 7079 "http://mtech-world.net/" "Mozilla/4.0 (compatible; MSIE 6.0; Windows NT 5.1; SV1; .NET CLR 1.0.3705; .NET CLR 1.1.4322; .NET CLR 2.0.40607)"
37.140.141.34 - - [03/Dec/2012:13:48:26 +0100] "GET /img/men03.gif HTTP/1.1" 200 1621 "-" "Mozilla/5.0 (compatible; YandexImages/3.0; +http://yandex.com/bots)"
37.140.141.34 - - [03/Dec/2012:15:37:36 +0100] "GET /img/men08a.gif HTTP/1.1" 200 819 "-" "Mozilla/5.0 (compatible; YandexImages/3.0; +http://yandex.com/bots)"
37.140.141.34 - - [03/Dec/2012:17:28:38 +0100] "GET /robots.txt HTTP/1.1" 200 157 "-" "Mozilla/5.0 (compatible; YandexImages/3.0; +http://yandex.com/bots)"
176.123.0.57 - - [03/Dec/2012:18:15:52 +0100] "GET /seiten/news.php HTTP/1.1" 200 7079 "http://www.allbonuscasino.ru/" "Mozilla/4.76 [en] (Windows NT 5.0; U)"
176.123.0.57 - - [03/Dec/2012:18:15:52 +0100] "GET /seiten/news.php HTTP/1.1" 200 7079 "http://www.allbonuscasino.ru/" "Mozilla/4.76 [en] (Windows NT 5.0; U)"
94.23.220.161 - - [03/Dec/2012:19:08:38 +0100] "GET /seiten/impr.htm HTTP/1.1" 200 9648 "-" "Mozilla/5.0 (X11; Linux i686; rv:6.0) Gecko/20100101 Firefox/6.0"
37.140.141.34 - - [03/Dec/2012:19:17:44 +0100] "GET /img/men01.gif HTTP/1.1" 200 432 "-" "Mozilla/5.0 (compatible; YandexImages/3.0; +http://yandex.com/bots)"
37.140.141.34 - - [03/Dec/2012:21:12:00 +0100] "GET /img/men08.gif HTTP/1.1" 200 1642 "-" "Mozilla/5.0 (compatible; YandexImages/3.0; +http://yandex.com/bots)"
92.249.127.111 - - [03/Dec/2012:22:02:39 +0100] "GET /seiten/news.php HTTP/1.1" 200 7079 "http://www.turbo-motors.com/" "Mozilla/5.0 (compatible; news bot /2.1)"
92.249.127.111 - - [03/Dec/2012:22:02:39 +0100] "GET /seiten/news.php HTTP/1.1" 200 7079 "http://www.turbo-motors.com/" "Mozilla/5.0 (compatible; news bot /2.1)"
92.249.127.111 - - [03/Dec/2012:22:02:40 +0100] "GET /seiten/news.php HTTP/1.1" 200 7079 "http://www.turbo-motors.com/" "Mozilla/5.0 (compatible; news bot /2.1)"
92.249.127.111 - - [03/Dec/2012:22:02:40 +0100] "GET /seiten/news.php HTTP/1.1" 200 7079 "http://www.turbo-motors.com/" "Mozilla/5.0 (compatible; news bot /2.1)"
157.55.35.90 - - [03/Dec/2012:22:11:20 +0100] "GET /robots.txt HTTP/1.1" 200 157 "-" "Mozilla/5.0 (compatible; bingbot/2.0; +http://www.bing.com/bingbot.htm)"
157.55.35.90 - - [03/Dec/2012:22:13:41 +0100] "GET / HTTP/1.1" 200 2663 "-" "Mozilla/5.0 (compatible; bingbot/2.0; +http://www.bing.com/bingbot.htm)"
113.212.70.3 - - [03/Dec/2012:22:23:29 +0100] "GET /seiten/links.htm HTTP/1.0" 200 7302 "http://www.dialyse-borna.de/seiten/links.htm" "Mozilla/5.0 (Windows NT 5.1) AppleWebKit/535.2 (KHTML, like Gecko) Chrome/15.0.874.121 Safari/535.2"
157.55.35.40 - - [03/Dec/2012:23:15:22 +0100] "GET /robots.txt HTTP/1.1" 200 157 "-" "Mozilla/5.0 (compatible; bingbot/2.0; +http://www.bing.com/bingbot.htm)"
157.55.35.40 - - [03/Dec/2012:23:17:09 +0100] "GET /seiten/start.htm HTTP/1.1" 200 7516 "-" "Mozilla/5.0 (compatible; bingbot/2.0; +http://www.bing.com/bingbot.htm)"
37.140.141.34 - - [03/Dec/2012:23:30:02 +0100] "GET /img/lay04.gif HTTP/1.1" 200 210 "-" "Mozilla/5.0 (compatible; YandexImages/3.0; +http://yandex.com/bots)"
193.106.136.45 - - [04/Dec/2012:01:35:40 +0100] "GET /seiten/news.php HTTP/1.1" 200 7079 "http://assorti.in/" "Mozilla/4.0 (compatible; MSIE 6.0; Windows NT 5.1; Deepnet Explorer 1.5.0; .NET CLR 1.0.3705)"
193.106.136.45 - - [04/Dec/2012:01:35:40 +0100] "GET /seiten/news.php HTTP/1.1" 200 7079 "http://assorti.in/" "Mozilla/4.0 (compatible; MSIE 6.0; Windows NT 5.1; Deepnet Explorer 1.5.0; .NET CLR 1.0.3705)"
95.168.172.156 - - [04/Dec/2012:01:36:33 +0100] "GET /seiten/news.php HTTP/1.1" 200 7079 "http://csload.ru/" "Mozilla/4.0 (MSIE 6.0; Windows NT 5.1; Search)"
95.168.172.156 - - [04/Dec/2012:01:36:33 +0100] "GET /seiten/news.php HTTP/1.1" 200 7079 "http://csload.ru/" "Mozilla/4.0 (MSIE 6.0; Windows NT 5.1; Search)"
218.93.127.117 - - [04/Dec/2012:01:40:50 +0100] "GET /seiten/links.htm HTTP/1.0" 200 7302 "http://www.dialyse-borna.de/seiten/links.htm" "Mozilla/5.0 (Windows; Windows NT 6.1; rv:13.0) Gecko/20100101 Firefox/13.0.1"
37.140.141.34 - - [04/Dec/2012:02:19:56 +0100] "GET /img/1pixel.gif HTTP/1.1" 200 45 "-" "Mozilla/5.0 (compatible; YandexImages/3.0; +http://yandex.com/bots)"
157.55.35.90 - - [04/Dec/2012:04:51:57 +0100] "GET /robots.txt HTTP/1.1" 200 157 "-" "Mozilla/5.0 (compatible; bingbot/2.0; +http://www.bing.com/bingbot.htm)"
157.55.35.90 - - [04/Dec/2012:04:53:54 +0100] "GET / HTTP/1.1" 200 2663 "-" "Mozilla/5.0 (compatible; bingbot/2.0; +http://www.bing.com/bingbot.htm)"
83.133.125.202 - - [04/Dec/2012:05:09:16 +0100] "GET / HTTP/1.1" 200 2663 "http://www.bigfinder.de/home-11.html" "Mozilla/5.0 (Windows; U; Windows NT 6.1; de; rv:1.9.2.8) Gecko/20100722 Firefox/3.6.8 GTB7.1"
37.140.141.34 - - [04/Dec/2012:05:12:53 +0100] "GET /img/men06.gif HTTP/1.1" 200 1162 "-" "Mozilla/5.0 (compatible; YandexImages/3.0; +http://yandex.com/bots)"
157.55.35.90 - - [04/Dec/2012:07:08:23 +0100] "GET /robots.txt HTTP/1.1" 200 157 "-" "Mozilla/5.0 (compatible; bingbot/2.0; +http://www.bing.com/bingbot.htm)"
157.55.35.90 - - [04/Dec/2012:07:10:18 +0100] "GET / HTTP/1.1" 200 2663 "-" "Mozilla/5.0 (compatible; bingbot/2.0; +http://www.bing.com/bingbot.htm)"
83.133.125.202 - - [04/Dec/2012:08:03:45 +0100] "GET / HTTP/1.1" 200 2663 "http://www.bigfinder.de/home-11.html" "Mozilla/5.0 (Windows; U; Windows NT 6.0; en-US) AppleWebKit/533.4 (KHTML, like Gecko) Chrome/5.0.375.126 Safari/533.4"
37.140.141.34 - - [04/Dec/2012:08:04:55 +0100] "GET /img/men04.gif HTTP/1.1" 200 1395 "-" "Mozilla/5.0 (compatible; YandexImages/3.0; +http://yandex.com/bots)"
178.154.179.250 - - [04/Dec/2012:09:48:33 +0100] "GET /robots.txt HTTP/1.1" 200 157 "-" "Mozilla/5.0 (compatible; YandexBot/3.0; +http://yandex.com/bots)"
37.140.141.34 - - [04/Dec/2012:10:47:01 +0100] "GET /img/lay07.gif HTTP/1.1" 200 272 "-" "Mozilla/5.0 (compatible; YandexImages/3.0; +http://yandex.com/bots)"
208.115.111.73 - - [04/Dec/2012:14:04:09 +0100] "GET /robots.txt HTTP/1.1" 200 157 "-" "Mozilla/5.0 (compatible; Ezooms/1.0; ezooms.bot@gmail.com)"
178.154.179.250 - - [04/Dec/2012:14:19:20 +0100] "GET /seiten/praxis.htm HTTP/1.1" 304 - "-" "Mozilla/5.0 (compatible; YandexBot/3.0; +http://yandex.com/bots)"
37.140.141.34 - - [04/Dec/2012:14:32:32 +0100] "GET /img/lay03.gif HTTP/1.1" 200 671 "-" "Mozilla/5.0 (compatible; YandexImages/3.0; +http://yandex.com/bots)"
173.199.120.171 - - [04/Dec/2012:14:40:19 +0100] "GET / HTTP/1.1" 200 2663 "-" "Mozilla/5.0 (compatible; AhrefsBot/4.0; +http://ahrefs.com/robot/)"
178.137.5.218 - - [04/Dec/2012:15:26:13 +0100] "GET /seiten/news.php HTTP/1.1" 200 7079 "http://raslav-16.com.ua/" "Mozilla/4.0 (compatible; MSIE 6.0; Windows NT 5.2; SV1; .NET CLR 1.1.4322; .NET CLR 2.0.50727)"
178.137.5.218 - - [04/Dec/2012:15:26:13 +0100] "GET /seiten/news.php HTTP/1.1" 200 7079 "http://raslav-16.com.ua/" "Mozilla/4.0 (compatible; MSIE 6.0; Windows NT 5.2; SV1; .NET CLR 1.1.4322; .NET CLR 2.0.50727)"
208.115.111.73 - - [04/Dec/2012:15:59:57 +0100] "GET / HTTP/1.1" 200 2663 "-" "Mozilla/5.0 (compatible; Ezooms/1.0; ezooms.bot@gmail.com)"
208.115.113.89 - - [04/Dec/2012:16:35:23 +0100] "GET /robots.txt HTTP/1.1" 200 157 "-" "Mozilla/5.0 (compatible; Ezooms/1.0; ezooms.bot@gmail.com)"
178.154.179.250 - - [04/Dec/2012:17:50:46 +0100] "GET / HTTP/1.1" 200 2663 "-" "Mozilla/5.0 (compatible; YandexBot/3.0; +http://yandex.com/bots)"
66.249.73.174 - - [04/Dec/2012:18:04:46 +0100] "GET /robots.txt HTTP/1.1" 200 157 "-" "Mozilla/5.0 (compatible; Googlebot/2.1; +http://www.google.com/bot.html)"
66.249.73.174 - - [04/Dec/2012:18:04:46 +0100] "GET / HTTP/1.1" 200 2663 "-" "Mozilla/5.0 (compatible; Googlebot/2.1; +http://www.google.com/bot.html)"
208.115.113.89 - - [04/Dec/2012:18:26:52 +0100] "GET /seiten/kont.htm HTTP/1.1" 200 8048 "-" "Mozilla/5.0 (compatible; Ezooms/1.0; ezooms.bot@gmail.com)"
37.140.141.34 - - [04/Dec/2012:19:22:52 +0100] "GET /robots.txt HTTP/1.1" 200 157 "-" "Mozilla/5.0 (compatible; YandexImages/3.0; +http://yandex.com/bots)"
5.164.183.88 - - [04/Dec/2012:20:06:48 +0100] "GET /seiten/links.htm HTTP/1.0" 200 7302 "http://www.dialyse-borna.de/seiten/links.htm" "Mozilla/4.0 (compatible; MSIE 8.0; Windows NT 6.0; Trident/4.0; WebMoney Advisor; SLCC1; .NET CLR 2.0.50727; Media Center PC 5.0; .NET CLR 3.0.30618; .NET CLR 3.5.30729)"
157.55.35.40 - - [04/Dec/2012:21:39:42 +0100] "GET /robots.txt HTTP/1.1" 200 157 "-" "Mozilla/5.0 (compatible; bingbot/2.0; +http://www.bing.com/bingbot.htm)"
157.55.35.40 - - [04/Dec/2012:21:41:17 +0100] "GET /seiten/start.htm HTTP/1.1" 304 - "-" "Mozilla/5.0 (compatible; bingbot/2.0; +http://www.bing.com/bingbot.htm)"
178.137.5.218 - - [04/Dec/2012:22:16:42 +0100] "GET /seiten/news.php HTTP/1.1" 200 7079 "http://grandem.com.ua/" "Mozilla/4.0 (compatible; MSIE 6.0; Windows NT 5.1; Maxthon; .NET CLR 1.1.4322)"
178.137.5.218 - - [04/Dec/2012:22:16:43 +0100] "GET /seiten/news.php HTTP/1.1" 200 7079 "http://grandem.com.ua/" "Mozilla/4.0 (compatible; MSIE 6.0; Windows NT 5.1; Maxthon; .NET CLR 1.1.4322)"
37.140.141.34 - - [04/Dec/2012:22:23:45 +0100] "GET /img/men02.gif HTTP/1.1" 200 1273 "-" "Mozilla/5.0 (compatible; YandexImages/3.0; +http://yandex.com/bots)"
193.106.136.38 - - [05/Dec/2012:00:30:17 +0100] "GET /seiten/news.php HTTP/1.1" 200 7079 "http://millionpages.info/" "Opera/9.01 (Windows NT 5.1; U; en)"
193.106.136.38 - - [05/Dec/2012:00:30:18 +0100] "GET /seiten/news.php HTTP/1.1" 200 7079 "http://millionpages.info/" "Opera/9.01 (Windows NT 5.1; U; en)"
65.55.52.115 - - [05/Dec/2012:00:37:32 +0100] "GET /robots.txt HTTP/1.1" 200 157 "-" "Mozilla/5.0 (compatible; bingbot/2.0; +http://www.bing.com/bingbot.htm)"
65.55.52.115 - - [05/Dec/2012:00:39:18 +0100] "GET /seiten/impr.htm HTTP/1.1" 200 9648 "-" "Mozilla/5.0 (compatible; bingbot/2.0; +http://www.bing.com/bingbot.htm)"
157.55.35.90 - - [05/Dec/2012:00:57:18 +0100] "GET / HTTP/1.1" 200 2663 "-" "Mozilla/5.0 (compatible; bingbot/2.0; +http://www.bing.com/bingbot.htm)"
157.55.35.40 - - [05/Dec/2012:00:59:16 +0100] "GET /seiten/start.htm HTTP/1.1" 200 7516 "-" "Mozilla/5.0 (compatible; bingbot/2.0; +http://www.bing.com/bingbot.htm)"
157.55.36.52 - - [05/Dec/2012:01:41:03 +0100] "GET /robots.txt HTTP/1.1" 200 157 "-" "Mozilla/5.0 (compatible; bingbot/2.0; +http://www.bing.com/bingbot.htm)"
157.55.35.40 - - [05/Dec/2012:02:00:16 +0100] "GET /seiten/start.htm HTTP/1.1" 200 7516 "-" "Mozilla/5.0 (compatible; bingbot/2.0; +http://www.bing.com/bingbot.htm)"
178.154.179.250 - - [05/Dec/2012:06:08:08 +0100] "GET /seiten/praxis.htm HTTP/1.1" 304 - "-" "Mozilla/5.0 (compatible; YandexBot/3.0; +http://yandex.com/bots)"
157.55.35.90 - - [05/Dec/2012:06:44:07 +0100] "GET /robots.txt HTTP/1.1" 200 157 "-" "Mozilla/5.0 (compatible; bingbot/2.0; +http://www.bing.com/bingbot.htm)"
157.55.35.90 - - [05/Dec/2012:06:45:51 +0100] "GET / HTTP/1.1" 200 2663 "-" "Mozilla/5.0 (compatible; bingbot/2.0; +http://www.bing.com/bingbot.htm)"
157.55.32.162 - - [05/Dec/2012:06:49:20 +0100] "GET /seiten/dialyse.htm HTTP/1.1" 304 - "-" "Mozilla/5.0 (compatible; bingbot/2.0; +http://www.bing.com/bingbot.htm)"
66.249.73.174 - - [05/Dec/2012:07:32:06 +0100] "GET /seiten/start.htm HTTP/1.1" 304 - "-" "Mozilla/5.0 (compatible; Googlebot/2.1; +http://www.google.com/bot.html)"
157.55.35.90 - - [05/Dec/2012:09:25:10 +0100] "GET /robots.txt HTTP/1.1" 200 157 "-" "Mozilla/5.0 (compatible; bingbot/2.0; +http://www.bing.com/bingbot.htm)"
157.55.35.90 - - [05/Dec/2012:09:26:49 +0100] "GET / HTTP/1.1" 200 2663 "-" "Mozilla/5.0 (compatible; bingbot/2.0; +http://www.bing.com/bingbot.htm)"
157.55.35.40 - - [05/Dec/2012:09:28:47 +0100] "GET /seiten/start.htm HTTP/1.1" 200 7516 "-" "Mozilla/5.0 (compatible; bingbot/2.0; +http://www.bing.com/bingbot.htm)"
178.154.179.250 - - [05/Dec/2012:10:13:59 +0100] "GET /robots.txt HTTP/1.1" 200 157 "-" "Mozilla/5.0 (compatible; YandexBot/3.0; +http://yandex.com/bots)"
178.154.179.250 - - [05/Dec/2012:12:38:40 +0100] "GET / HTTP/1.1" 200 2663 "-" "Mozilla/5.0 (compatible; YandexBot/3.0; +http://yandex.com/bots)"
89.108.102.171 - - [05/Dec/2012:14:34:14 +0100] "GET /seiten/news.php HTTP/1.1" 200 7079 "http://asjka.info/" "Mozilla/4.0 (compatible; MSIE 7.0b; Windows NT 6.0)"
89.108.102.171 - - [05/Dec/2012:14:34:16 +0100] "GET /seiten/news.php HTTP/1.1" 200 7079 "http://asjka.info/" "Mozilla/4.0 (compatible; MSIE 7.0b; Windows NT 6.0)"
65.55.211.174 - - [05/Dec/2012:14:37:47 +0100] "GET /robots.txt HTTP/1.1" 200 157 "-" "msnbot-media/1.1 (+http://search.msn.com/msnbot.htm)"
65.55.211.174 - - [05/Dec/2012:14:37:47 +0100] "GET /img/leist.jpg HTTP/1.1" 200 18546 "-" "msnbot-media/1.1 (+http://search.msn.com/msnbot.htm)"
176.123.0.57 - - [05/Dec/2012:14:41:04 +0100] "GET /seiten/news.php HTTP/1.1" 200 7079 "http://www.prostitutki-voronezh.ru/" "Mozilla/4.0 (compatible; MSIE 6.0; Windows NT 5.0; APC; .NET CLR 1.0.3705; .NET CLR 1.1.4322; .NET CLR 2.0.50215; InfoPath.1)"
176.123.0.57 - - [05/Dec/2012:14:41:05 +0100] "GET /seiten/news.php HTTP/1.1" 200 7079 "http://www.prostitutki-voronezh.ru/" "Mozilla/4.0 (compatible; MSIE 6.0; Windows NT 5.0; APC; .NET CLR 1.0.3705; .NET CLR 1.1.4322; .NET CLR 2.0.50215; InfoPath.1)"
178.154.179.250 - - [05/Dec/2012:15:02:48 +0100] "GET /seiten/kont.htm HTTP/1.1" 304 - "-" "Mozilla/5.0 (compatible; YandexBot/3.0; +http://yandex.com/bots)"
92.249.127.111 - - [05/Dec/2012:15:08:55 +0100] "GET /seiten/news.php HTTP/1.1" 200 7079 "http://www.newdomik.ru/" "Mozilla/5.0 (compatible; news bot /2.1)"
92.249.127.111 - - [05/Dec/2012:15:08:56 +0100] "GET /seiten/news.php HTTP/1.1" 200 7079 "http://www.newdomik.ru/" "Mozilla/5.0 (compatible; news bot /2.1)"
193.106.136.38 - - [05/Dec/2012:15:50:48 +0100] "GET /seiten/news.php HTTP/1.1" 200 7079 "http://sadkings.net/" "Mozilla/4.0 (compatible; MSIE 6.0; Windows NT 5.1)"
