91.223.75.118 - - [29/Dec/2012:13:38:38 +0100] "GET /seiten/news.php HTTP/1.1" 200 7079 "http://xxx-kiss.com/" "Mozilla/4.0 (compatible; MSIE 6.0; Windows NT 5.2; Win64; x64; SV1; .NET CLR 2.0.50727)"
208.115.111.73 - - [29/Dec/2012:14:03:10 +0100] "GET /robots.txt HTTP/1.1" 200 157 "-" "Mozilla/5.0 (compatible; Ezooms/1.0; ezooms.bot@gmail.com)"
141.8.147.1 - - [29/Dec/2012:14:56:40 +0100] "GET /robots.txt HTTP/1.1" 200 157 "-" "Mozilla/5.0 (compatible; YandexBot/3.0; +http://yandex.com/bots)"
178.137.5.89 - - [29/Dec/2012:15:54:36 +0100] "GET /seiten/news.php HTTP/1.1" 200 7079 "http://www.new-fon.ru/" "Mozilla/4.0 (compatible; MSIE 6.0; Windows NT 5.2; Win64; AMD64)"
178.137.5.89 - - [29/Dec/2012:15:54:36 +0100] "GET /seiten/news.php HTTP/1.1" 200 7079 "http://www.new-fon.ru/" "Mozilla/4.0 (compatible; MSIE 6.0; Windows NT 5.2; Win64; AMD64)"
208.115.111.73 - - [29/Dec/2012:15:54:39 +0100] "GET /seiten/praxis.htm HTTP/1.1" 200 7847 "-" "Mozilla/5.0 (compatible; Ezooms/1.0; ezooms.bot@gmail.com)"
218.93.127.118 - - [29/Dec/2012:16:18:36 +0100] "GET /seiten/links.htm HTTP/1.0" 200 7302 "http://www.dialyse-borna.de/seiten/links.htm" "Opera/9.80 (Windows NT 5.1; U; ru) Presto/2.10.229 Version/11.61"
91.223.75.117 - - [29/Dec/2012:18:24:36 +0100] "GET /seiten/news.php HTTP/1.1" 200 7079 "http://buy-vibrator.ru/" "Mozilla/4.0 (compatible; MSIE 6.0; Windows NT 5.0; .NET CLR 1.0.3705; .NET CLR 1.1.4322)"
91.223.75.117 - - [29/Dec/2012:18:24:37 +0100] "GET /seiten/news.php HTTP/1.1" 200 7079 "http://buy-vibrator.ru/" "Mozilla/4.0 (compatible; MSIE 6.0; Windows NT 5.0; .NET CLR 1.0.3705; .NET CLR 1.1.4322)"
218.93.127.118 - - [29/Dec/2012:20:16:06 +0100] "GET /seiten/links.htm HTTP/1.0" 200 7302 "http://www.dialyse-borna.de/seiten/links.htm" "Mozilla/5.0 (Windows NT 5.1) AppleWebKit/536.11 (KHTML, like Gecko) Chrome/20.0.1132.57 Safari/536.11"
193.106.136.57 - - [29/Dec/2012:21:22:34 +0100] "GET /seiten/news.php HTTP/1.1" 200 7079 "http://goucod.ru/" "Mozilla/4.0 (compatible; MSIE 6.0; Windows NT 5.0; Avant Browser [avantbrowser.com]; Hotbar 4.4.5.0)"
193.106.136.57 - - [29/Dec/2012:21:22:35 +0100] "GET /seiten/news.php HTTP/1.1" 200 7079 "http://goucod.ru/" "Mozilla/4.0 (compatible; MSIE 6.0; Windows NT 5.0; Avant Browser [avantbrowser.com]; Hotbar 4.4.5.0)"
92.249.127.111 - - [29/Dec/2012:21:22:50 +0100] "GET /seiten/news.php HTTP/1.1" 200 7079 "http://onfilmz.ru/" "Mozilla/5.0 (compatible; news bot /2.1)"
92.249.127.111 - - [29/Dec/2012:21:22:51 +0100] "GET /seiten/news.php HTTP/1.1" 200 7079 "http://onfilmz.ru/" "Mozilla/5.0 (compatible; news bot /2.1)"
92.249.127.111 - - [29/Dec/2012:21:22:58 +0100] "GET /seiten/news.php HTTP/1.1" 200 7079 "http://cookingmeat.ru/mutton/recipe18.html" "Mozilla/5.0 (compatible; news bot /2.1)"
92.249.127.111 - - [29/Dec/2012:21:22:59 +0100] "GET /seiten/news.php HTTP/1.1" 200 7079 "http://cookingmeat.ru/mutton/recipe18.html" "Mozilla/5.0 (compatible; news bot /2.1)"
210.21.244.118 - - [29/Dec/2012:21:53:41 +0100] "GET / HTTP/1.1" 200 2663 "-" "Mozilla/4.0 (compatible; MSIE 6.0; Windows NT 5.1; .NET CLR 2.0.50727; .NET CLR 3.0.4506.2152; .NET CLR 3.5.30729)"
210.21.244.118 - - [29/Dec/2012:21:53:43 +0100] "GET /seiten/start.htm HTTP/1.1" 200 7516 "-" "Mozilla/4.0 (compatible; MSIE 6.0; Windows NT 5.1; .NET CLR 2.0.50727; .NET CLR 3.0.4506.2152; .NET CLR 3.5.30729)"
210.21.244.118 - - [29/Dec/2012:22:07:05 +0100] "GET / HTTP/1.1" 200 2663 "-" "Mozilla/4.0 (compatible; MSIE 6.0; Windows NT 5.1; .NET CLR 2.0.50727; .NET CLR 3.0.4506.2152; .NET CLR 3.5.30729)"
210.21.244.118 - - [29/Dec/2012:22:07:07 +0100] "GET /seiten/start.htm HTTP/1.1" 200 7516 "-" "Mozilla/4.0 (compatible; MSIE 6.0; Windows NT 5.1; .NET CLR 2.0.50727; .NET CLR 3.0.4506.2152; .NET CLR 3.5.30729)"
141.8.147.1 - - [30/Dec/2012:00:07:54 +0100] "GET /seiten/news.php HTTP/1.1" 200 7079 "-" "Mozilla/5.0 (compatible; YandexBot/3.0; +http://yandex.com/bots)"
157.55.34.32 - - [30/Dec/2012:03:23:15 +0100] "GET /robots.txt HTTP/1.1" 200 157 "-" "Mozilla/5.0 (compatible; bingbot/2.0; +http://www.bing.com/bingbot.htm)"
157.55.35.40 - - [30/Dec/2012:03:24:51 +0100] "GET /seiten/start.htm HTTP/1.1" 200 7516 "-" "Mozilla/5.0 (compatible; bingbot/2.0; +http://www.bing.com/bingbot.htm)"
157.55.34.32 - - [30/Dec/2012:03:25:20 +0100] "GET /seiten/kont.htm HTTP/1.1" 200 8048 "-" "Mozilla/5.0 (compatible; bingbot/2.0; +http://www.bing.com/bingbot.htm)"
157.55.32.162 - - [30/Dec/2012:03:25:23 +0100] "GET / HTTP/1.1" 200 2663 "-" "Mozilla/5.0 (compatible; bingbot/2.0; +http://www.bing.com/bingbot.htm)"
157.55.35.114 - - [30/Dec/2012:03:25:24 +0100] "GET /seiten/dialyse.htm HTTP/1.1" 200 7403 "-" "Mozilla/5.0 (compatible; bingbot/2.0; +http://www.bing.com/bingbot.htm)"
157.55.35.114 - - [30/Dec/2012:03:25:24 +0100] "GET /seiten/leist.htm HTTP/1.1" 200 7640 "-" "Mozilla/5.0 (compatible; bingbot/2.0; +http://www.bing.com/bingbot.htm)"
157.55.35.114 - - [30/Dec/2012:03:25:31 +0100] "GET /seiten/links.htm HTTP/1.1" 200 7302 "-" "Mozilla/5.0 (compatible; bingbot/2.0; +http://www.bing.com/bingbot.htm)"
157.55.35.114 - - [30/Dec/2012:03:25:31 +0100] "GET /seiten/praxis.htm HTTP/1.1" 200 7847 "-" "Mozilla/5.0 (compatible; bingbot/2.0; +http://www.bing.com/bingbot.htm)"
157.55.35.47 - - [30/Dec/2012:04:14:03 +0100] "GET /robots.txt HTTP/1.1" 200 157 "-" "Mozilla/5.0 (compatible; bingbot/2.0; +http://www.bing.com/bingbot.htm)"
157.55.35.47 - - [30/Dec/2012:04:15:48 +0100] "GET /seiten/impr.htm HTTP/1.1" 200 9648 "-" "Mozilla/5.0 (compatible; bingbot/2.0; +http://www.bing.com/bingbot.htm)"
178.137.5.89 - - [30/Dec/2012:09:18:28 +0100] "GET /seiten/news.php HTTP/1.1" 200 7079 "http://history-of.ru/" "Mozilla/4.0 (compatible; MSIE 6.0; Windows NT 5.1; FREE; .NET CLR 1.1.4322)"
178.137.5.89 - - [30/Dec/2012:09:18:29 +0100] "GET /seiten/news.php HTTP/1.1" 200 7079 "http://history-of.ru/" "Mozilla/4.0 (compatible; MSIE 6.0; Windows NT 5.1; FREE; .NET CLR 1.1.4322)"
91.223.75.118 - - [30/Dec/2012:13:03:30 +0100] "GET /seiten/news.php HTTP/1.1" 200 7079 "http://rusbridegirls.w-ru.com/" "Mozilla/4.0 (compatible; MSIE 5.5; Windows 98)"
91.223.75.118 - - [30/Dec/2012:13:03:30 +0100] "GET /seiten/news.php HTTP/1.1" 200 7079 "http://rusbridegirls.w-ru.com/" "Mozilla/4.0 (compatible; MSIE 5.5; Windows 98)"
178.33.122.74 - - [30/Dec/2012:15:45:17 +0100] "GET /seiten/impr.htm HTTP/1.1" 200 9648 "-" "Mozilla/5.0 (X11; Linux i686; rv:6.0) Gecko/20100101 Firefox/6.0"
109.120.157.179 - - [30/Dec/2012:15:53:15 +0100] "GET /seiten/news.php HTTP/1.1" 200 7079 "http://www.autoyard.ru/" "Mozilla/5.0 (compatible; Add Catalog/2.1;)"
109.120.157.179 - - [30/Dec/2012:15:53:15 +0100] "GET /seiten/news.php HTTP/1.1" 200 7079 "http://www.autoyard.ru/" "Mozilla/5.0 (compatible; Add Catalog/2.1;)"
157.55.35.47 - - [30/Dec/2012:19:57:09 +0100] "GET /robots.txt HTTP/1.1" 200 157 "-" "Mozilla/5.0 (compatible; bingbot/2.0; +http://www.bing.com/bingbot.htm)"
157.55.35.47 - - [30/Dec/2012:19:58:41 +0100] "GET /seiten/impr.htm HTTP/1.1" 200 9648 "-" "Mozilla/5.0 (compatible; bingbot/2.0; +http://www.bing.com/bingbot.htm)"
91.223.75.117 - - [30/Dec/2012:20:15:47 +0100] "GET /seiten/news.php HTTP/1.1" 200 7079 "http://khersonrent.com/kherson-apartments-longterm-montly-rent.php" "Mozilla/4.0 (compatible; MSIE 6.0; Windows NT 5.1; .NET CLR 1.0.3705)"
91.223.75.117 - - [30/Dec/2012:20:15:48 +0100] "GET /seiten/news.php HTTP/1.1" 200 7079 "http://khersonrent.com/kherson-apartments-longterm-montly-rent.php" "Mozilla/4.0 (compatible; MSIE 6.0; Windows NT 5.1; .NET CLR 1.0.3705)"
157.55.36.52 - - [30/Dec/2012:21:00:05 +0100] "GET /robots.txt HTTP/1.1" 200 157 "-" "Mozilla/5.0 (compatible; bingbot/2.0; +http://www.bing.com/bingbot.htm)"
157.55.32.162 - - [31/Dec/2012:00:02:29 +0100] "GET /robots.txt HTTP/1.1" 200 157 "-" "Mozilla/5.0 (compatible; bingbot/2.0; +http://www.bing.com/bingbot.htm)"
157.55.32.162 - - [31/Dec/2012:00:04:51 +0100] "GET / HTTP/1.1" 200 2663 "-" "Mozilla/5.0 (compatible; bingbot/2.0; +http://www.bing.com/bingbot.htm)"
157.55.35.40 - - [31/Dec/2012:00:07:10 +0100] "GET /seiten/start.htm HTTP/1.1" 200 7516 "-" "Mozilla/5.0 (compatible; bingbot/2.0; +http://www.bing.com/bingbot.htm)"
157.55.35.40 - - [31/Dec/2012:01:06:17 +0100] "GET /robots.txt HTTP/1.1" 200 157 "-" "Mozilla/5.0 (compatible; bingbot/2.0; +http://www.bing.com/bingbot.htm)"
157.55.35.40 - - [31/Dec/2012:01:08:40 +0100] "GET /seiten/start.htm HTTP/1.1" 200 7516 "-" "Mozilla/5.0 (compatible; bingbot/2.0; +http://www.bing.com/bingbot.htm)"
91.223.75.118 - - [31/Dec/2012:04:08:03 +0100] "GET /seiten/news.php HTTP/1.1" 200 7079 "http://id36.narod.ru/id-utyr.html" "Mozilla/4.0 (compatible; MSIE 5.5; Windows NT 4.0)"
91.223.75.118 - - [31/Dec/2012:04:08:03 +0100] "GET /seiten/news.php HTTP/1.1" 200 7079 "http://id36.narod.ru/id-utyr.html" "Mozilla/4.0 (compatible; MSIE 5.5; Windows NT 4.0)"
83.133.125.202 - - [31/Dec/2012:04:14:57 +0100] "GET / HTTP/1.1" 200 2663 "http://www.bigfinder.de/home-11.html" "T-Online Browser"
27.159.193.79 - - [31/Dec/2012:05:05:33 +0100] "GET /seiten/links.htm HTTP/1.0" 200 7302 "http://www.dialyse-borna.de/seiten/links.htm" "Mozilla/5.0 (Windows NT 5.1; rv:8.0) Gecko/20100101 Firefox/8.0"
157.55.35.40 - - [31/Dec/2012:06:18:28 +0100] "GET /robots.txt HTTP/1.1" 200 157 "-" "Mozilla/5.0 (compatible; bingbot/2.0; +http://www.bing.com/bingbot.htm)"
157.55.35.40 - - [31/Dec/2012:06:20:47 +0100] "GET /seiten/start.htm HTTP/1.1" 200 7516 "-" "Mozilla/5.0 (compatible; bingbot/2.0; +http://www.bing.com/bingbot.htm)"
157.55.35.40 - - [31/Dec/2012:09:19:03 +0100] "GET /robots.txt HTTP/1.1" 200 157 "-" "Mozilla/5.0 (compatible; bingbot/2.0; +http://www.bing.com/bingbot.htm)"
69.162.117.2 - - [31/Dec/2012:09:20:48 +0100] "GET /seiten/links.htm HTTP/1.1" 200 7302 "-" "Mozilla/4.0 (compatible; MSIE 6.0; Windows NT 5.1; SV1; TencentTraveler ; Mozilla/4.0 (compatible; MSIE 6.0; Windows NT 5.1; SV1) ; .NET CLR 2.0.50727 ; .NET CLR 4.0.30319)"
157.55.32.162 - - [31/Dec/2012:09:20:55 +0100] "GET / HTTP/1.1" 200 2663 "-" "Mozilla/5.0 (compatible; bingbot/2.0; +http://www.bing.com/bingbot.htm)"
157.55.35.114 - - [31/Dec/2012:09:21:20 +0100] "GET /seiten/dialyse.htm HTTP/1.1" 200 7403 "-" "Mozilla/5.0 (compatible; bingbot/2.0; +http://www.bing.com/bingbot.htm)"
157.55.35.114 - - [31/Dec/2012:09:21:20 +0100] "GET /seiten/leist.htm HTTP/1.1" 200 7640 "-" "Mozilla/5.0 (compatible; bingbot/2.0; +http://www.bing.com/bingbot.htm)"
157.55.35.40 - - [31/Dec/2012:09:21:22 +0100] "GET /seiten/start.htm HTTP/1.1" 200 7516 "-" "Mozilla/5.0 (compatible; bingbot/2.0; +http://www.bing.com/bingbot.htm)"
157.55.35.114 - - [31/Dec/2012:09:21:27 +0100] "GET /seiten/praxis.htm HTTP/1.1" 200 7847 "-" "Mozilla/5.0 (compatible; bingbot/2.0; +http://www.bing.com/bingbot.htm)"
157.55.35.114 - - [31/Dec/2012:09:21:27 +0100] "GET /seiten/links.htm HTTP/1.1" 200 7302 "-" "Mozilla/5.0 (compatible; bingbot/2.0; +http://www.bing.com/bingbot.htm)"
178.137.5.89 - - [31/Dec/2012:09:38:05 +0100] "GET /seiten/news.php HTTP/1.1" 200 7079 "http://www.3carata.com.ua/" "Mozilla/5.0 (Windows NT 5.1; U; en) Opera 8.01"
178.137.5.89 - - [31/Dec/2012:09:38:06 +0100] "GET /seiten/news.php HTTP/1.1" 200 7079 "http://www.3carata.com.ua/" "Mozilla/5.0 (Windows NT 5.1; U; en) Opera 8.01"
157.55.35.47 - - [31/Dec/2012:10:08:42 +0100] "GET /robots.txt HTTP/1.1" 200 157 "-" "Mozilla/5.0 (compatible; bingbot/2.0; +http://www.bing.com/bingbot.htm)"
157.55.35.47 - - [31/Dec/2012:10:10:18 +0100] "GET /seiten/impr.htm HTTP/1.1" 200 9648 "-" "Mozilla/5.0 (compatible; bingbot/2.0; +http://www.bing.com/bingbot.htm)"
89.248.165.143 - - [31/Dec/2012:10:21:03 +0100] "GET /seiten/links.htm HTTP/1.1" 200 7302 "-" "Mozilla/4.0 (compatible; MSIE 6.0; Windows NT 5.1; SV1)"
89.248.165.143 - - [31/Dec/2012:10:21:03 +0100] "GET /seiten/start.htm HTTP/1.1" 200 7516 "-" "Mozilla/4.0 (compatible; MSIE 6.0; Windows NT 5.1; SV1)"
89.248.165.143 - - [31/Dec/2012:10:21:04 +0100] "GET /seiten/praxis.htm HTTP/1.1" 200 7847 "-" "Mozilla/4.0 (compatible; MSIE 6.0; Windows NT 5.1; SV1)"
89.248.165.143 - - [31/Dec/2012:10:21:08 +0100] "GET /seiten/leist.htm HTTP/1.1" 200 7640 "-" "Mozilla/4.0 (compatible; MSIE 6.0; Windows NT 5.1; SV1)"
89.248.165.143 - - [31/Dec/2012:10:21:12 +0100] "GET /seiten/dialyse.htm HTTP/1.1" 200 7403 "-" "Mozilla/4.0 (compatible; MSIE 6.0; Windows NT 5.1; SV1)"
89.248.165.143 - - [31/Dec/2012:10:21:13 +0100] "GET /seiten/kont.htm HTTP/1.1" 200 8048 "-" "Mozilla/4.0 (compatible; MSIE 6.0; Windows NT 5.1; SV1)"
89.248.165.143 - - [31/Dec/2012:10:21:18 +0100] "GET /seiten/impr.htm HTTP/1.1" 200 9648 "-" "Mozilla/4.0 (compatible; MSIE 6.0; Windows NT 5.1; SV1)"
193.106.136.57 - - [31/Dec/2012:10:56:47 +0100] "GET /seiten/news.php HTTP/1.1" 200 7079 "http://goucod.ru/" "Mozilla/4.0 (compatible; MSIE 6.0; Windows NT 5.0; Avant Browser [avantbrowser.com]; Hotbar 4.4.5.0)"
193.106.136.57 - - [31/Dec/2012:10:56:48 +0100] "GET /seiten/news.php HTTP/1.1" 200 7079 "http://goucod.ru/" "Mozilla/4.0 (compatible; MSIE 6.0; Windows NT 5.0; Avant Browser [avantbrowser.com]; Hotbar 4.4.5.0)"
92.249.127.111 - - [31/Dec/2012:11:05:26 +0100] "GET /seiten/news.php HTTP/1.1" 200 7079 "http://cookingmeat.ru/" "Mozilla/5.0 (compatible; news bot /2.1)"
92.249.127.111 - - [31/Dec/2012:11:05:27 +0100] "GET /seiten/news.php HTTP/1.1" 200 7079 "http://paradise-island.ru/" "Mozilla/5.0 (compatible; news bot /2.1)"
92.249.127.111 - - [31/Dec/2012:11:05:27 +0100] "GET /seiten/news.php HTTP/1.1" 200 7079 "http://cookingmeat.ru/" "Mozilla/5.0 (compatible; news bot /2.1)"
92.249.127.111 - - [31/Dec/2012:11:05:27 +0100] "GET /seiten/news.php HTTP/1.1" 200 7079 "http://paradise-island.ru/" "Mozilla/5.0 (compatible; news bot /2.1)"
141.8.147.1 - - [31/Dec/2012:12:26:55 +0100] "GET /robots.txt HTTP/1.1" 200 157 "-" "Mozilla/5.0 (compatible; YandexBot/3.0; +http://yandex.com/bots)"
37.139.52.23 - - [31/Dec/2012:12:50:53 +0100] "GET /seiten/news.php HTTP/1.1" 200 7079 "http://finonews.clanbb.ru/viewforum.php?id=3" "Mozilla/4.0 (compatible; MSIE 6.0; Windows NT 5.0; Avant Browser [avantbrowser.com]; Hotbar 4.4.5.0)"
37.139.52.23 - - [31/Dec/2012:12:50:54 +0100] "GET /seiten/news.php HTTP/1.1" 200 7079 "http://finonews.clanbb.ru/viewforum.php?id=3" "Mozilla/4.0 (compatible; MSIE 6.0; Windows NT 5.0; Avant Browser [avantbrowser.com]; Hotbar 4.4.5.0)"
83.133.125.202 - - [31/Dec/2012:14:24:11 +0100] "GET / HTTP/1.1" 200 2663 "http://www.bigfinder.de/home-11.html" "Mozilla/5.0 (Windows; U; Windows NT 6.1; de; rv:1.9.2.8) Gecko/20100722 Firefox/3.6.8 GTB7.1"
83.133.125.202 - - [31/Dec/2012:14:51:40 +0100] "GET / HTTP/1.1" 200 2663 "http://www.bigfinder.de/home-11.html" "Mozilla/5.0 (Windows; U; Windows NT 6.0; en-US) AppleWebKit/533.4 (KHTML, like Gecko) Chrome/5.0.375.126 Safari/533.4"
89.108.102.171 - - [31/Dec/2012:16:08:22 +0100] "GET /seiten/news.php HTTP/1.1" 200 7079 "http://asjka.info/" "Mozilla/4.0 (compatible; MSIE 7.0b; Windows NT 6.0)"
89.108.102.171 - - [31/Dec/2012:16:08:22 +0100] "GET /seiten/news.php HTTP/1.1" 200 7079 "http://asjka.info/" "Mozilla/4.0 (compatible; MSIE 7.0b; Windows NT 6.0)"
157.55.35.114 - - [31/Dec/2012:16:49:16 +0100] "GET /robots.txt HTTP/1.1" 200 157 "-" "Mozilla/5.0 (compatible; bingbot/2.0; +http://www.bing.com/bingbot.htm)"
157.55.35.114 - - [31/Dec/2012:16:50:46 +0100] "GET /seiten/links.htm HTTP/1.1" 200 7302 "-" "Mozilla/5.0 (compatible; bingbot/2.0; +http://www.bing.com/bingbot.htm)"
66.249.76.101 - - [31/Dec/2012:16:56:24 +0100] "GET /robots.txt HTTP/1.1" 200 157 "-" "Mozilla/5.0 (compatible; Googlebot/2.1; +http://www.google.com/bot.html)"
66.249.76.101 - - [31/Dec/2012:16:56:24 +0100] "GET /seiten/dialyse.htm HTTP/1.1" 304 - "-" "Mozilla/5.0 (compatible; Googlebot/2.1; +http://www.google.com/bot.html)"
141.8.147.1 - - [31/Dec/2012:16:59:40 +0100] "GET /seiten/news.php HTTP/1.1" 200 7079 "-" "Mozilla/5.0 (compatible; YandexBot/3.0; +http://yandex.com/bots)"
178.255.215.68 - - [31/Dec/2012:17:03:02 +0100] "GET /robots.txt HTTP/1.1" 200 157 "-" "Mozilla/5.0 (compatible; Exabot/3.0; +http://www.exabot.com/go/robot)"
178.255.215.68 - - [31/Dec/2012:17:03:02 +0100] "GET /seiten/praxis.htm HTTP/1.1" 200 7847 "-" "Mozilla/5.0 (compatible; Exabot/3.0; +http://www.exabot.com/go/robot)"
83.133.125.202 - - [31/Dec/2012:17:15:29 +0100] "GET / HTTP/1.1" 200 2663 "http://www.bigfinder.de/home-11.html" "Mozilla/5.0 (Windows; U; Windows NT 5.1; de; rv:1.9.0.12) Gecko/2009070611 Firefox/3.0.12 GTB7.1 (.NET CLR 3.5.30729)"
54.242.35.108 - - [31/Dec/2012:17:25:51 +0100] "GET / HTTP/1.1" 200 2663 "-" "Mozilla/5.0 (Windows NT 6.2; rv:9.0.1) Gecko/20100101 Firefox/9.0.1"
66.249.76.101 - - [31/Dec/2012:17:45:53 +0100] "GET /seiten/kont_form.php HTTP/1.1" 200 8561 "-" "Mozilla/5.0 (compatible; Googlebot/2.1; +http://www.google.com/bot.html)"
157.55.36.52 - - [31/Dec/2012:17:52:14 +0100] "GET /robots.txt HTTP/1.1" 200 157 "-" "Mozilla/5.0 (compatible; bingbot/2.0; +http://www.bing.com/bingbot.htm)"
66.249.76.101 - - [31/Dec/2012:18:46:20 +0100] "GET /img/bilder.swf HTTP/1.1" 200 78858 "-" "Mozilla/5.0 (compatible; Googlebot/2.1; +http://www.google.com/bot.html)"
83.133.125.202 - - [31/Dec/2012:19:28:40 +0100] "GET / HTTP/1.1" 200 2663 "http://www.bigfinder.de/home-11.html" "Mozilla/5.0 (Windows; U; Windows NT 5.1; de; rv:1.9.0.12) Gecko/2009070611 Firefox/3.0.12 GTB7.1 (.NET CLR 3.5.30729)"
176.9.139.112 - - [31/Dec/2012:21:39:59 +0100] "GET /robots.txt HTTP/1.1" 200 157 "-" "Mozilla/5.0 (compatible; SISTRIX Crawler; http://crawler.sistrix.net/)"
176.9.139.112 - - [31/Dec/2012:21:39:59 +0100] "GET / HTTP/1.1" 200 2663 "-" "Mozilla/5.0 (compatible; SISTRIX Crawler; http://crawler.sistrix.net/)"
176.9.139.112 - - [31/Dec/2012:21:39:59 +0100] "GET /seiten/start.htm HTTP/1.1" 200 7516 "-" "Mozilla/5.0 (compatible; SISTRIX Crawler; http://crawler.sistrix.net/)"
176.9.139.112 - - [31/Dec/2012:21:39:59 +0100] "GET /seiten/impr.htm HTTP/1.1" 200 9648 "-" "Mozilla/5.0 (compatible; SISTRIX Crawler; http://crawler.sistrix.net/)"
176.9.139.112 - - [31/Dec/2012:21:39:59 +0100] "GET /seiten/news.php HTTP/1.1" 200 7079 "-" "Mozilla/5.0 (compatible; SISTRIX Crawler; http://crawler.sistrix.net/)"
176.9.139.112 - - [31/Dec/2012:21:39:59 +0100] "GET /seiten/praxis.htm HTTP/1.1" 200 7847 "-" "Mozilla/5.0 (compatible; SISTRIX Crawler; http://crawler.sistrix.net/)"
176.9.139.112 - - [31/Dec/2012:21:39:59 +0100] "GET /seiten/leist.htm HTTP/1.1" 200 7640 "-" "Mozilla/5.0 (compatible; SISTRIX Crawler; http://crawler.sistrix.net/)"
176.9.139.112 - - [31/Dec/2012:21:39:59 +0100] "GET /seiten/kont.htm HTTP/1.1" 200 8048 "-" "Mozilla/5.0 (compatible; SISTRIX Crawler; http://crawler.sistrix.net/)"
176.9.139.112 - - [31/Dec/2012:21:39:59 +0100] "GET /seiten/dialyse.htm HTTP/1.1" 200 7403 "-" "Mozilla/5.0 (compatible; SISTRIX Crawler; http://crawler.sistrix.net/)"
176.9.139.112 - - [31/Dec/2012:21:39:59 +0100] "GET /seiten/links.htm HTTP/1.1" 200 7302 "-" "Mozilla/5.0 (compatible; SISTRIX Crawler; http://crawler.sistrix.net/)"
176.9.139.112 - - [31/Dec/2012:21:39:59 +0100] "GET /seiten/kont_form.php HTTP/1.1" 200 8561 "-" "Mozilla/5.0 (compatible; SISTRIX Crawler; http://crawler.sistrix.net/)"
66.249.76.101 - - [31/Dec/2012:23:21:51 +0100] "GET / HTTP/1.1" 200 2663 "-" "Mozilla/5.0 (compatible; Googlebot/2.1; +http://www.google.com/bot.html)"