212.168.168.198 - - [10/Dec/2012:11:06:13 +0100] "GET /img/men03.gif HTTP/1.1" 200 1621 "http://www.dialyse-borna.de/seiten/start.htm" "Mozilla/4.0 (compatible; MSIE 8.0; Windows NT 5.1; Trident/4.0; GTB7.4)"
212.168.168.198 - - [10/Dec/2012:11:06:13 +0100] "GET /img/men04.gif HTTP/1.1" 200 1395 "http://www.dialyse-borna.de/seiten/start.htm" "Mozilla/4.0 (compatible; MSIE 8.0; Windows NT 5.1; Trident/4.0; GTB7.4)"
212.168.168.198 - - [10/Dec/2012:11:06:13 +0100] "GET /img/men06.gif HTTP/1.1" 200 1162 "http://www.dialyse-borna.de/seiten/start.htm" "Mozilla/4.0 (compatible; MSIE 8.0; Windows NT 5.1; Trident/4.0; GTB7.4)"
212.168.168.198 - - [10/Dec/2012:11:06:13 +0100] "GET /img/men01.gif HTTP/1.1" 200 432 "http://www.dialyse-borna.de/seiten/start.htm" "Mozilla/4.0 (compatible; MSIE 8.0; Windows NT 5.1; Trident/4.0; GTB7.4)"
212.168.168.198 - - [10/Dec/2012:11:06:13 +0100] "GET /img/men07.gif HTTP/1.1" 200 1396 "http://www.dialyse-borna.de/seiten/start.htm" "Mozilla/4.0 (compatible; MSIE 8.0; Windows NT 5.1; Trident/4.0; GTB7.4)"
212.168.168.198 - - [10/Dec/2012:11:06:13 +0100] "GET /img/men09.gif HTTP/1.1" 200 708 "http://www.dialyse-borna.de/seiten/start.htm" "Mozilla/4.0 (compatible; MSIE 8.0; Windows NT 5.1; Trident/4.0; GTB7.4)"
212.168.168.198 - - [10/Dec/2012:11:06:13 +0100] "GET /img/men08.gif HTTP/1.1" 200 1642 "http://www.dialyse-borna.de/seiten/start.htm" "Mozilla/4.0 (compatible; MSIE 8.0; Windows NT 5.1; Trident/4.0; GTB7.4)"
212.168.168.198 - - [10/Dec/2012:11:06:13 +0100] "GET /img/lay03.gif HTTP/1.1" 200 671 "http://www.dialyse-borna.de/seiten/start.htm" "Mozilla/4.0 (compatible; MSIE 8.0; Windows NT 5.1; Trident/4.0; GTB7.4)"
212.168.168.198 - - [10/Dec/2012:11:06:13 +0100] "GET /img/main_pic.jpg HTTP/1.1" 200 14864 "http://www.dialyse-borna.de/seiten/start.htm" "Mozilla/4.0 (compatible; MSIE 8.0; Windows NT 5.1; Trident/4.0; GTB7.4)"
212.168.168.198 - - [10/Dec/2012:11:06:13 +0100] "GET /img/pfeil.jpg HTTP/1.1" 200 380 "http://www.dialyse-borna.de/seiten/start.htm" "Mozilla/4.0 (compatible; MSIE 8.0; Windows NT 5.1; Trident/4.0; GTB7.4)"
212.168.168.198 - - [10/Dec/2012:11:06:13 +0100] "GET /img/lay01.gif HTTP/1.1" 200 384 "http://www.dialyse-borna.de/seiten/start.htm" "Mozilla/4.0 (compatible; MSIE 8.0; Windows NT 5.1; Trident/4.0; GTB7.4)"
212.168.168.198 - - [10/Dec/2012:11:06:13 +0100] "GET /img/lay04.gif HTTP/1.1" 200 210 "http://www.dialyse-borna.de/seiten/start.htm" "Mozilla/4.0 (compatible; MSIE 8.0; Windows NT 5.1; Trident/4.0; GTB7.4)"
212.168.168.198 - - [10/Dec/2012:11:06:13 +0100] "GET /img/lay07.gif HTTP/1.1" 200 272 "http://www.dialyse-borna.de/seiten/start.htm" "Mozilla/4.0 (compatible; MSIE 8.0; Windows NT 5.1; Trident/4.0; GTB7.4)"
212.168.168.198 - - [10/Dec/2012:11:06:13 +0100] "GET /img/lay02.gif HTTP/1.1" 200 3503 "http://www.dialyse-borna.de/seiten/start.htm" "Mozilla/4.0 (compatible; MSIE 8.0; Windows NT 5.1; Trident/4.0; GTB7.4)"
212.168.168.198 - - [10/Dec/2012:11:06:13 +0100] "GET /img/lay08.gif HTTP/1.1" 200 322 "http://www.dialyse-borna.de/seiten/start.htm" "Mozilla/4.0 (compatible; MSIE 8.0; Windows NT 5.1; Trident/4.0; GTB7.4)"
212.168.168.198 - - [10/Dec/2012:11:06:13 +0100] "GET /img/bg3.gif HTTP/1.1" 200 143 "http://www.dialyse-borna.de/seiten/start.htm" "Mozilla/4.0 (compatible; MSIE 8.0; Windows NT 5.1; Trident/4.0; GTB7.4)"
212.168.168.198 - - [10/Dec/2012:11:06:13 +0100] "GET /img/bg1.gif HTTP/1.1" 200 54 "http://www.dialyse-borna.de/seiten/start.htm" "Mozilla/4.0 (compatible; MSIE 8.0; Windows NT 5.1; Trident/4.0; GTB7.4)"
212.168.168.198 - - [10/Dec/2012:11:06:13 +0100] "GET /img/bilder.swf HTTP/1.1" 200 78858 "-" "Mozilla/4.0 (compatible; MSIE 8.0; Windows NT 5.1; Trident/4.0; GTB7.4)"
212.168.168.198 - - [10/Dec/2012:11:06:14 +0100] "GET /img/bg4.gif HTTP/1.1" 200 135 "http://www.dialyse-borna.de/seiten/start.htm" "Mozilla/4.0 (compatible; MSIE 8.0; Windows NT 5.1; Trident/4.0; GTB7.4)"
212.168.168.198 - - [10/Dec/2012:11:06:14 +0100] "GET /img/lay05.gif HTTP/1.1" 200 541 "http://www.dialyse-borna.de/seiten/start.htm" "Mozilla/4.0 (compatible; MSIE 8.0; Windows NT 5.1; Trident/4.0; GTB7.4)"
212.168.168.198 - - [10/Dec/2012:11:06:14 +0100] "GET /favicon.ico HTTP/1.1" 404 1256 "-" "Mozilla/4.0 (compatible; MSIE 8.0; Windows NT 5.1; Trident/4.0; GTB7.4)"
212.168.168.198 - - [10/Dec/2012:11:06:14 +0100] "GET /img/men03a.gif HTTP/1.1" 200 820 "http://www.dialyse-borna.de/seiten/start.htm" "Mozilla/4.0 (compatible; MSIE 8.0; Windows NT 5.1; Trident/4.0; GTB7.4)"
212.168.168.198 - - [10/Dec/2012:11:06:14 +0100] "GET /img/men04a.gif HTTP/1.1" 200 669 "http://www.dialyse-borna.de/seiten/start.htm" "Mozilla/4.0 (compatible; MSIE 8.0; Windows NT 5.1; Trident/4.0; GTB7.4)"
212.168.168.198 - - [10/Dec/2012:11:06:14 +0100] "GET /img/men05a.gif HTTP/1.1" 200 556 "http://www.dialyse-borna.de/seiten/start.htm" "Mozilla/4.0 (compatible; MSIE 8.0; Windows NT 5.1; Trident/4.0; GTB7.4)"
212.168.168.198 - - [10/Dec/2012:11:06:14 +0100] "GET /img/men06a.gif HTTP/1.1" 200 518 "http://www.dialyse-borna.de/seiten/start.htm" "Mozilla/4.0 (compatible; MSIE 8.0; Windows NT 5.1; Trident/4.0; GTB7.4)"
212.168.168.198 - - [10/Dec/2012:11:06:14 +0100] "GET /img/men07a.gif HTTP/1.1" 200 666 "http://www.dialyse-borna.de/seiten/start.htm" "Mozilla/4.0 (compatible; MSIE 8.0; Windows NT 5.1; Trident/4.0; GTB7.4)"
212.168.168.198 - - [10/Dec/2012:11:06:14 +0100] "GET /img/men08a.gif HTTP/1.1" 200 819 "http://www.dialyse-borna.de/seiten/start.htm" "Mozilla/4.0 (compatible; MSIE 8.0; Windows NT 5.1; Trident/4.0; GTB7.4)"
212.168.168.198 - - [10/Dec/2012:11:06:18 +0100] "GET /seiten/kont.htm HTTP/1.1" 200 8048 "http://www.dialyse-borna.de/seiten/start.htm" "Mozilla/4.0 (compatible; MSIE 8.0; Windows NT 5.1; Trident/4.0; GTB7.4)"
212.168.168.198 - - [10/Dec/2012:11:06:18 +0100] "GET /img/men02.gif HTTP/1.1" 200 1273 "http://www.dialyse-borna.de/seiten/kont.htm" "Mozilla/4.0 (compatible; MSIE 8.0; Windows NT 5.1; Trident/4.0; GTB7.4)"
212.168.168.198 - - [10/Dec/2012:11:06:18 +0100] "GET /favicon.ico HTTP/1.1" 404 1256 "-" "Mozilla/4.0 (compatible; MSIE 8.0; Windows NT 5.1; Trident/4.0; GTB7.4)"
157.55.35.40 - - [10/Dec/2012:11:46:21 +0100] "GET /robots.txt HTTP/1.1" 200 157 "-" "Mozilla/5.0 (compatible; bingbot/2.0; +http://www.bing.com/bingbot.htm)"
157.55.35.40 - - [10/Dec/2012:11:48:15 +0100] "GET /seiten/start.htm HTTP/1.1" 200 7516 "-" "Mozilla/5.0 (compatible; bingbot/2.0; +http://www.bing.com/bingbot.htm)"
178.154.179.250 - - [10/Dec/2012:15:46:31 +0100] "GET / HTTP/1.1" 200 2663 "-" "Mozilla/5.0 (compatible; YandexBot/3.0; +http://yandex.com/bots)"
83.133.125.202 - - [10/Dec/2012:17:05:35 +0100] "GET / HTTP/1.1" 200 2663 "http://www.bigfinder.de/home-11.html" "Mozilla/5.0 (Windows; U; Windows NT 6.0; en-US) AppleWebKit/533.4 (KHTML, like Gecko) Chrome/5.0.375.126 Safari/533.4"
157.55.35.32 - - [10/Dec/2012:17:26:22 +0100] "GET /robots.txt HTTP/1.1" 200 157 "-" "Mozilla/5.0 (compatible; bingbot/2.0; +http://www.bing.com/bingbot.htm)"
157.55.35.32 - - [10/Dec/2012:17:28:46 +0100] "GET /seiten/kont.htm HTTP/1.1" 200 8048 "-" "Mozilla/5.0 (compatible; bingbot/2.0; +http://www.bing.com/bingbot.htm)"
176.123.0.57 - - [10/Dec/2012:18:28:34 +0100] "GET /seiten/news.php HTTP/1.1" 200 7079 "http://mrcry.ru/" "Opera/7.54 (Windows NT 5.1; U) [pl]"
176.123.0.57 - - [10/Dec/2012:18:28:35 +0100] "GET /seiten/news.php HTTP/1.1" 200 7079 "http://mrcry.ru/" "Opera/7.54 (Windows NT 5.1; U) [pl]"
92.249.127.111 - - [10/Dec/2012:19:13:06 +0100] "GET /seiten/news.php HTTP/1.1" 200 7079 "http://paradise-island.ru/" "Mozilla/5.0 (compatible; news bot /2.1)"
92.249.127.111 - - [10/Dec/2012:19:13:06 +0100] "GET /seiten/news.php HTTP/1.1" 200 7079 "http://paradise-island.ru/" "Mozilla/5.0 (compatible; news bot /2.1)"
157.55.35.114 - - [10/Dec/2012:19:36:21 +0100] "GET /robots.txt HTTP/1.1" 200 157 "-" "Mozilla/5.0 (compatible; bingbot/2.0; +http://www.bing.com/bingbot.htm)"
157.55.35.40 - - [10/Dec/2012:19:38:18 +0100] "GET /seiten/start.htm HTTP/1.1" 200 7516 "-" "Mozilla/5.0 (compatible; bingbot/2.0; +http://www.bing.com/bingbot.htm)"
157.55.35.114 - - [10/Dec/2012:19:38:18 +0100] "GET /seiten/dialyse.htm HTTP/1.1" 200 7403 "-" "Mozilla/5.0 (compatible; bingbot/2.0; +http://www.bing.com/bingbot.htm)"
157.55.35.114 - - [10/Dec/2012:19:38:18 +0100] "GET /seiten/leist.htm HTTP/1.1" 200 7640 "-" "Mozilla/5.0 (compatible; bingbot/2.0; +http://www.bing.com/bingbot.htm)"
157.55.35.114 - - [10/Dec/2012:19:38:22 +0100] "GET /seiten/links.htm HTTP/1.1" 200 7302 "-" "Mozilla/5.0 (compatible; bingbot/2.0; +http://www.bing.com/bingbot.htm)"
157.55.35.114 - - [10/Dec/2012:19:38:22 +0100] "GET /seiten/praxis.htm HTTP/1.1" 200 7847 "-" "Mozilla/5.0 (compatible; bingbot/2.0; +http://www.bing.com/bingbot.htm)"
157.55.35.32 - - [10/Dec/2012:19:39:18 +0100] "GET /seiten/kont.htm HTTP/1.1" 200 8048 "-" "Mozilla/5.0 (compatible; bingbot/2.0; +http://www.bing.com/bingbot.htm)"
157.55.35.47 - - [10/Dec/2012:19:39:19 +0100] "GET /seiten/impr.htm HTTP/1.1" 200 9648 "-" "Mozilla/5.0 (compatible; bingbot/2.0; +http://www.bing.com/bingbot.htm)"
157.55.35.90 - - [10/Dec/2012:19:56:15 +0100] "GET / HTTP/1.1" 200 2663 "-" "Mozilla/5.0 (compatible; bingbot/2.0; +http://www.bing.com/bingbot.htm)"
157.55.35.90 - - [10/Dec/2012:19:56:15 +0100] "GET / HTTP/1.1" 200 2663 "-" "Mozilla/5.0 (compatible; bingbot/2.0; +http://www.bing.com/bingbot.htm)"
157.55.35.90 - - [10/Dec/2012:19:56:16 +0100] "GET / HTTP/1.1" 200 2663 "-" "Mozilla/5.0 (compatible; bingbot/2.0; +http://www.bing.com/bingbot.htm)"
157.55.35.40 - - [10/Dec/2012:20:04:45 +0100] "GET /seiten/start.htm HTTP/1.1" 200 7516 "-" "Mozilla/5.0 (compatible; bingbot/2.0; +http://www.bing.com/bingbot.htm)"
157.55.35.40 - - [10/Dec/2012:21:09:57 +0100] "GET /robots.txt HTTP/1.1" 200 157 "-" "Mozilla/5.0 (compatible; bingbot/2.0; +http://www.bing.com/bingbot.htm)"
157.55.35.40 - - [10/Dec/2012:21:12:10 +0100] "GET /seiten/start.htm HTTP/1.1" 200 7516 "-" "Mozilla/5.0 (compatible; bingbot/2.0; +http://www.bing.com/bingbot.htm)"
178.154.179.250 - - [10/Dec/2012:21:15:55 +0100] "GET / HTTP/1.1" 200 2663 "-" "Mozilla/5.0 (compatible; YandexBot/3.0; +http://yandex.com/bots)"
46.28.66.207 - - [10/Dec/2012:22:00:20 +0100] "GET /seiten/links.htm HTTP/1.0" 200 7302 "http://www.dialyse-borna.de/seiten/links.htm" "Mozilla/5.0 (Windows NT 6.1; WOW64; rv:13.0) Gecko/20100101 Firefox/13.0"
157.55.35.40 - - [10/Dec/2012:22:10:09 +0100] "GET /robots.txt HTTP/1.1" 200 157 "-" "Mozilla/5.0 (compatible; bingbot/2.0; +http://www.bing.com/bingbot.htm)"
157.55.35.40 - - [10/Dec/2012:22:12:11 +0100] "GET /seiten/start.htm HTTP/1.1" 200 7516 "-" "Mozilla/5.0 (compatible; bingbot/2.0; +http://www.bing.com/bingbot.htm)"
193.106.136.61 - - [10/Dec/2012:22:55:48 +0100] "GET /seiten/news.php HTTP/1.1" 200 7079 "http://vizag.kharkov.ua/" "Mozilla/4.0 (compatible; MSIE 7.0b; Windows NT 6.0 ; .NET CLR 2.0.50215; SL Commerce Client v1.0; Tablet PC 2.0"
193.106.136.61 - - [10/Dec/2012:22:55:49 +0100] "GET /seiten/news.php HTTP/1.1" 200 7079 "http://vizag.kharkov.ua/" "Mozilla/4.0 (compatible; MSIE 7.0b; Windows NT 6.0 ; .NET CLR 2.0.50215; SL Commerce Client v1.0; Tablet PC 2.0"
178.137.5.218 - - [10/Dec/2012:23:10:37 +0100] "GET /seiten/news.php HTTP/1.1" 200 7079 "http://www.new-fon.ru/" "Mozilla/4.0 (compatible; MSIE 6.0; Windows NT 5.1; MRA 4.3 (build 01218); .NET CLR 1.1.4322)"
178.137.5.218 - - [10/Dec/2012:23:10:38 +0100] "GET /seiten/news.php HTTP/1.1" 200 7079 "http://www.new-fon.ru/" "Mozilla/4.0 (compatible; MSIE 6.0; Windows NT 5.1; MRA 4.3 (build 01218); .NET CLR 1.1.4322)"
157.55.35.114 - - [10/Dec/2012:23:49:50 +0100] "GET /robots.txt HTTP/1.1" 200 157 "-" "Mozilla/5.0 (compatible; bingbot/2.0; +http://www.bing.com/bingbot.htm)"
157.55.35.114 - - [10/Dec/2012:23:51:20 +0100] "GET /seiten/leist.htm HTTP/1.1" 200 7640 "-" "Mozilla/5.0 (compatible; bingbot/2.0; +http://www.bing.com/bingbot.htm)"
157.55.36.52 - - [11/Dec/2012:01:53:46 +0100] "GET /robots.txt HTTP/1.1" 200 157 "-" "Mozilla/5.0 (compatible; bingbot/2.0; +http://www.bing.com/bingbot.htm)"
178.137.5.218 - - [11/Dec/2012:06:40:58 +0100] "GET /seiten/news.php HTTP/1.1" 200 7079 "http://24-org.ru/" "Mozilla/4.0 (compatible; MSIE 6.0; Windows NT 5.1; MyIE2; Deepnet Explorer)"
178.137.5.218 - - [11/Dec/2012:06:40:58 +0100] "GET /seiten/news.php HTTP/1.1" 200 7079 "http://24-org.ru/" "Mozilla/4.0 (compatible; MSIE 6.0; Windows NT 5.1; MyIE2; Deepnet Explorer)"
66.249.75.101 - - [11/Dec/2012:10:20:25 +0100] "GET /robots.txt HTTP/1.1" 200 157 "-" "Mozilla/5.0 (compatible; Googlebot/2.1; +http://www.google.com/bot.html)"
66.249.75.101 - - [11/Dec/2012:10:20:25 +0100] "GET /seiten/kont_form.php HTTP/1.1" 200 8561 "-" "Mozilla/5.0 (iPhone; U; CPU iPhone OS 4_1 like Mac OS X; en-us) AppleWebKit/532.9 (KHTML, like Gecko) Version/4.0.5 Mobile/8B117 Safari/6531.22.7 (compatible; Googlebot-Mobile/2.1; +http://www.google.com/bot.html)"
199.19.249.196 - - [11/Dec/2012:12:43:56 +0100] "GET /seiten/impr.htm HTTP/1.1" 200 9648 "-" "Mozilla/4.0 (compatible; MSIE 7.0; Windows NT 5.1; InfoPath.1; .NET CLR 2.0.50727; .NET CLR 1.1.4322; MS-RTC LM 8; .NET CLR 3.0.4506.2152; .NET CLR 3.5.30729)"
193.41.37.3 - - [11/Dec/2012:12:43:56 +0100] "GET /seiten/impr.htm HTTP/1.1" 200 9648 "http://www.google.de/url?sa=t&rct=j&q=dipl.-med.%20d.%20berger%20%2F%20dr.%20s.%20tendis%20borna&source=web&cd=1&cad=rja&ved=0CC8QFjAA&url=http%3A%2F%2Fwww.dialyse-borna.de%2Fseiten%2Fimpr.htm&ei=cRzHUOXQF-ih4gSZk4GQAw&usg=AFQjCNHLZZEhkKT2QkjwwRmqgb-uGk-kyg&bvm=bv.1354675689,d.Yms" "Mozilla/4.0 (compatible; MSIE 8.0; Windows NT 5.1; Trident/4.0; .NET CLR 2.0.50727; .NET CLR 3.0.4506.2152; .NET CLR 3.5.30729; .NET CLR 1.1.4322; .NET4.0C; .NET4.0E)"
193.41.37.3 - - [11/Dec/2012:12:43:56 +0100] "GET /img/bg2.gif HTTP/1.1" 200 49 "http://www.dialyse-borna.de/seiten/impr.htm" "Mozilla/4.0 (compatible; MSIE 8.0; Windows NT 5.1; Trident/4.0; .NET CLR 2.0.50727; .NET CLR 3.0.4506.2152; .NET CLR 3.5.30729; .NET CLR 1.1.4322; .NET4.0C; .NET4.0E)"
193.41.37.3 - - [11/Dec/2012:12:43:56 +0100] "GET /css/borna.css HTTP/1.1" 200 2909 "http://www.dialyse-borna.de/seiten/impr.htm" "Mozilla/4.0 (compatible; MSIE 8.0; Windows NT 5.1; Trident/4.0; .NET CLR 2.0.50727; .NET CLR 3.0.4506.2152; .NET CLR 3.5.30729; .NET CLR 1.1.4322; .NET4.0C; .NET4.0E)"
193.41.37.3 - - [11/Dec/2012:12:43:56 +0100] "GET /img/lay01.gif HTTP/1.1" 200 384 "http://www.dialyse-borna.de/seiten/impr.htm" "Mozilla/4.0 (compatible; MSIE 8.0; Windows NT 5.1; Trident/4.0; .NET CLR 2.0.50727; .NET CLR 3.0.4506.2152; .NET CLR 3.5.30729; .NET CLR 1.1.4322; .NET4.0C; .NET4.0E)"
193.41.37.3 - - [11/Dec/2012:12:43:56 +0100] "GET /img/men01.gif HTTP/1.1" 200 432 "http://www.dialyse-borna.de/seiten/impr.htm" "Mozilla/4.0 (compatible; MSIE 8.0; Windows NT 5.1; Trident/4.0; .NET CLR 2.0.50727; .NET CLR 3.0.4506.2152; .NET CLR 3.5.30729; .NET CLR 1.1.4322; .NET4.0C; .NET4.0E)"
193.41.37.3 - - [11/Dec/2012:12:43:56 +0100] "GET /img/men06.gif HTTP/1.1" 200 1162 "http://www.dialyse-borna.de/seiten/impr.htm" "Mozilla/4.0 (compatible; MSIE 8.0; Windows NT 5.1; Trident/4.0; .NET CLR 2.0.50727; .NET CLR 3.0.4506.2152; .NET CLR 3.5.30729; .NET CLR 1.1.4322; .NET4.0C; .NET4.0E)"
193.41.37.3 - - [11/Dec/2012:12:43:56 +0100] "GET /img/lay02.gif HTTP/1.1" 200 3503 "http://www.dialyse-borna.de/seiten/impr.htm" "Mozilla/4.0 (compatible; MSIE 8.0; Windows NT 5.1; Trident/4.0; .NET CLR 2.0.50727; .NET CLR 3.0.4506.2152; .NET CLR 3.5.30729; .NET CLR 1.1.4322; .NET4.0C; .NET4.0E)"
193.41.37.3 - - [11/Dec/2012:12:43:56 +0100] "GET /img/lay08.gif HTTP/1.1" 200 322 "http://www.dialyse-borna.de/seiten/impr.htm" "Mozilla/4.0 (compatible; MSIE 8.0; Windows NT 5.1; Trident/4.0; .NET CLR 2.0.50727; .NET CLR 3.0.4506.2152; .NET CLR 3.5.30729; .NET CLR 1.1.4322; .NET4.0C; .NET4.0E)"
193.41.37.3 - - [11/Dec/2012:12:43:56 +0100] "GET /img/men08a.gif HTTP/1.1" 200 819 "http://www.dialyse-borna.de/seiten/impr.htm" "Mozilla/4.0 (compatible; MSIE 8.0; Windows NT 5.1; Trident/4.0; .NET CLR 2.0.50727; .NET CLR 3.0.4506.2152; .NET CLR 3.5.30729; .NET CLR 1.1.4322; .NET4.0C; .NET4.0E)"
193.41.37.3 - - [11/Dec/2012:12:43:56 +0100] "GET /img/men07.gif HTTP/1.1" 200 1396 "http://www.dialyse-borna.de/seiten/impr.htm" "Mozilla/4.0 (compatible; MSIE 8.0; Windows NT 5.1; Trident/4.0; .NET CLR 2.0.50727; .NET CLR 3.0.4506.2152; .NET CLR 3.5.30729; .NET CLR 1.1.4322; .NET4.0C; .NET4.0E)"
193.41.37.3 - - [11/Dec/2012:12:43:57 +0100] "GET /img/bg3.gif HTTP/1.1" 200 143 "http://www.dialyse-borna.de/seiten/impr.htm" "Mozilla/4.0 (compatible; MSIE 8.0; Windows NT 5.1; Trident/4.0; .NET CLR 2.0.50727; .NET CLR 3.0.4506.2152; .NET CLR 3.5.30729; .NET CLR 1.1.4322; .NET4.0C; .NET4.0E)"
193.41.37.3 - - [11/Dec/2012:12:43:58 +0100] "GET /img/lay03.gif HTTP/1.1" 200 671 "http://www.dialyse-borna.de/seiten/impr.htm" "Mozilla/4.0 (compatible; MSIE 8.0; Windows NT 5.1; Trident/4.0; .NET CLR 2.0.50727; .NET CLR 3.0.4506.2152; .NET CLR 3.5.30729; .NET CLR 1.1.4322; .NET4.0C; .NET4.0E)"
193.41.37.3 - - [11/Dec/2012:12:43:58 +0100] "GET /img/bg1.gif HTTP/1.1" 200 54 "http://www.dialyse-borna.de/seiten/impr.htm" "Mozilla/4.0 (compatible; MSIE 8.0; Windows NT 5.1; Trident/4.0; .NET CLR 2.0.50727; .NET CLR 3.0.4506.2152; .NET CLR 3.5.30729; .NET CLR 1.1.4322; .NET4.0C; .NET4.0E)"
193.41.37.3 - - [11/Dec/2012:12:43:59 +0100] "GET /img/bg4.gif HTTP/1.1" 200 135 "http://www.dialyse-borna.de/seiten/impr.htm" "Mozilla/4.0 (compatible; MSIE 8.0; Windows NT 5.1; Trident/4.0; .NET CLR 2.0.50727; .NET CLR 3.0.4506.2152; .NET CLR 3.5.30729; .NET CLR 1.1.4322; .NET4.0C; .NET4.0E)"
193.41.37.3 - - [11/Dec/2012:12:43:59 +0100] "GET /img/lay05.gif HTTP/1.1" 200 541 "http://www.dialyse-borna.de/seiten/impr.htm" "Mozilla/4.0 (compatible; MSIE 8.0; Windows NT 5.1; Trident/4.0; .NET CLR 2.0.50727; .NET CLR 3.0.4506.2152; .NET CLR 3.5.30729; .NET CLR 1.1.4322; .NET4.0C; .NET4.0E)"
193.41.37.3 - - [11/Dec/2012:12:43:59 +0100] "GET /img/lay07.gif HTTP/1.1" 200 272 "http://www.dialyse-borna.de/seiten/impr.htm" "Mozilla/4.0 (compatible; MSIE 8.0; Windows NT 5.1; Trident/4.0; .NET CLR 2.0.50727; .NET CLR 3.0.4506.2152; .NET CLR 3.5.30729; .NET CLR 1.1.4322; .NET4.0C; .NET4.0E)"
193.41.37.3 - - [11/Dec/2012:12:43:59 +0100] "GET /img/lay04.gif HTTP/1.1" 200 210 "http://www.dialyse-borna.de/seiten/impr.htm" "Mozilla/4.0 (compatible; MSIE 8.0; Windows NT 5.1; Trident/4.0; .NET CLR 2.0.50727; .NET CLR 3.0.4506.2152; .NET CLR 3.5.30729; .NET CLR 1.1.4322; .NET4.0C; .NET4.0E)"
193.41.37.3 - - [11/Dec/2012:12:44:00 +0100] "GET /img/men04.gif HTTP/1.1" 200 1395 "http://www.dialyse-borna.de/seiten/impr.htm" "Mozilla/4.0 (compatible; MSIE 8.0; Windows NT 5.1; Trident/4.0; .NET CLR 2.0.50727; .NET CLR 3.0.4506.2152; .NET CLR 3.5.30729; .NET CLR 1.1.4322; .NET4.0C; .NET4.0E)"
193.41.37.3 - - [11/Dec/2012:12:44:00 +0100] "GET /img/1pixel.gif HTTP/1.1" 200 45 "http://www.dialyse-borna.de/seiten/impr.htm" "Mozilla/4.0 (compatible; MSIE 8.0; Windows NT 5.1; Trident/4.0; .NET CLR 2.0.50727; .NET CLR 3.0.4506.2152; .NET CLR 3.5.30729; .NET CLR 1.1.4322; .NET4.0C; .NET4.0E)"
193.41.37.3 - - [11/Dec/2012:12:44:00 +0100] "GET /img/men03.gif HTTP/1.1" 200 1621 "http://www.dialyse-borna.de/seiten/impr.htm" "Mozilla/4.0 (compatible; MSIE 8.0; Windows NT 5.1; Trident/4.0; .NET CLR 2.0.50727; .NET CLR 3.0.4506.2152; .NET CLR 3.5.30729; .NET CLR 1.1.4322; .NET4.0C; .NET4.0E)"
193.41.37.3 - - [11/Dec/2012:12:44:00 +0100] "GET /img/men02.gif HTTP/1.1" 200 1273 "http://www.dialyse-borna.de/seiten/impr.htm" "Mozilla/4.0 (compatible; MSIE 8.0; Windows NT 5.1; Trident/4.0; .NET CLR 2.0.50727; .NET CLR 3.0.4506.2152; .NET CLR 3.5.30729; .NET CLR 1.1.4322; .NET4.0C; .NET4.0E)"
193.41.37.3 - - [11/Dec/2012:12:44:00 +0100] "GET /img/men09.gif HTTP/1.1" 200 708 "http://www.dialyse-borna.de/seiten/impr.htm" "Mozilla/4.0 (compatible; MSIE 8.0; Windows NT 5.1; Trident/4.0; .NET CLR 2.0.50727; .NET CLR 3.0.4506.2152; .NET CLR 3.5.30729; .NET CLR 1.1.4322; .NET4.0C; .NET4.0E)"
193.41.37.3 - - [11/Dec/2012:12:44:06 +0100] "GET /img/men03a.gif HTTP/1.1" 200 820 "http://www.dialyse-borna.de/seiten/impr.htm" "Mozilla/4.0 (compatible; MSIE 8.0; Windows NT 5.1; Trident/4.0; .NET CLR 2.0.50727; .NET CLR 3.0.4506.2152; .NET CLR 3.5.30729; .NET CLR 1.1.4322; .NET4.0C; .NET4.0E)"
193.41.37.3 - - [11/Dec/2012:12:44:07 +0100] "GET /img/men07a.gif HTTP/1.1" 200 666 "http://www.dialyse-borna.de/seiten/impr.htm" "Mozilla/4.0 (compatible; MSIE 8.0; Windows NT 5.1; Trident/4.0; .NET CLR 2.0.50727; .NET CLR 3.0.4506.2152; .NET CLR 3.5.30729; .NET CLR 1.1.4322; .NET4.0C; .NET4.0E)"
193.41.37.3 - - [11/Dec/2012:12:44:07 +0100] "GET /img/men04a.gif HTTP/1.1" 200 669 "http://www.dialyse-borna.de/seiten/impr.htm" "Mozilla/4.0 (compatible; MSIE 8.0; Windows NT 5.1; Trident/4.0; .NET CLR 2.0.50727; .NET CLR 3.0.4506.2152; .NET CLR 3.5.30729; .NET CLR 1.1.4322; .NET4.0C; .NET4.0E)"
199.19.249.196 - - [11/Dec/2012:12:44:07 +0100] "GET /seiten/kont.htm HTTP/1.1" 200 8048 "-" "Mozilla/4.0 (compatible; MSIE 7.0; Windows NT 5.1; InfoPath.1; .NET CLR 2.0.50727; .NET CLR 1.1.4322; MS-RTC LM 8; .NET CLR 3.0.4506.2152; .NET CLR 3.5.30729)"
193.41.37.3 - - [11/Dec/2012:12:44:08 +0100] "GET /seiten/kont.htm HTTP/1.1" 200 8048 "http://www.dialyse-borna.de/seiten/impr.htm" "Mozilla/4.0 (compatible; MSIE 8.0; Windows NT 5.1; Trident/4.0; .NET CLR 2.0.50727; .NET CLR 3.0.4506.2152; .NET CLR 3.5.30729; .NET CLR 1.1.4322; .NET4.0C; .NET4.0E)"
193.41.37.3 - - [11/Dec/2012:12:44:08 +0100] "GET /img/men08.gif HTTP/1.1" 200 1642 "http://www.dialyse-borna.de/seiten/kont.htm" "Mozilla/4.0 (compatible; MSIE 8.0; Windows NT 5.1; Trident/4.0; .NET CLR 2.0.50727; .NET CLR 3.0.4506.2152; .NET CLR 3.5.30729; .NET CLR 1.1.4322; .NET4.0C; .NET4.0E)"
193.41.37.3 - - [11/Dec/2012:12:44:08 +0100] "GET /img/men02a.gif HTTP/1.1" 200 589 "http://www.dialyse-borna.de/seiten/kont.htm" "Mozilla/4.0 (compatible; MSIE 8.0; Windows NT 5.1; Trident/4.0; .NET CLR 2.0.50727; .NET CLR 3.0.4506.2152; .NET CLR 3.5.30729; .NET CLR 1.1.4322; .NET4.0C; .NET4.0E)"
193.41.37.3 - - [11/Dec/2012:12:44:08 +0100] "GET /favicon.ico HTTP/1.1" 404 1256 "-" "Mozilla/4.0 (compatible; MSIE 8.0; Windows NT 5.1; Trident/4.0; .NET CLR 2.0.50727; .NET CLR 3.0.4506.2152; .NET CLR 3.5.30729; .NET CLR 1.1.4322; .NET4.0C; .NET4.0E)"
193.41.37.3 - - [11/Dec/2012:12:44:08 +0100] "GET /img/men05a.gif HTTP/1.1" 200 556 "http://www.dialyse-borna.de/seiten/kont.htm" "Mozilla/4.0 (compatible; MSIE 8.0; Windows NT 5.1; Trident/4.0; .NET CLR 2.0.50727; .NET CLR 3.0.4506.2152; .NET CLR 3.5.30729; .NET CLR 1.1.4322; .NET4.0C; .NET4.0E)"
193.41.37.3 - - [11/Dec/2012:12:44:08 +0100] "GET /img/men06a.gif HTTP/1.1" 200 518 "http://www.dialyse-borna.de/seiten/kont.htm" "Mozilla/4.0 (compatible; MSIE 8.0; Windows NT 5.1; Trident/4.0; .NET CLR 2.0.50727; .NET CLR 3.0.4506.2152; .NET CLR 3.5.30729; .NET CLR 1.1.4322; .NET4.0C; .NET4.0E)"
199.19.249.196 - - [11/Dec/2012:12:44:10 +0100] "GET /seiten/kont_form.php HTTP/1.1" 200 8561 "-" "Mozilla/4.0 (compatible; MSIE 7.0; Windows NT 5.1; InfoPath.1; .NET CLR 2.0.50727; .NET CLR 1.1.4322; MS-RTC LM 8; .NET CLR 3.0.4506.2152; .NET CLR 3.5.30729)"
193.41.37.3 - - [11/Dec/2012:12:44:10 +0100] "GET /seiten/kont_form.php HTTP/1.1" 200 8561 "http://www.dialyse-borna.de/seiten/kont.htm" "Mozilla/4.0 (compatible; MSIE 8.0; Windows NT 5.1; Trident/4.0; .NET CLR 2.0.50727; .NET CLR 3.0.4506.2152; .NET CLR 3.5.30729; .NET CLR 1.1.4322; .NET4.0C; .NET4.0E)"
193.41.37.3 - - [11/Dec/2012:12:44:10 +0100] "GET /img/men05.gif HTTP/1.1" 200 1200 "http://www.dialyse-borna.de/seiten/kont_form.php" "Mozilla/4.0 (compatible; MSIE 8.0; Windows NT 5.1; Trident/4.0; .NET CLR 2.0.50727; .NET CLR 3.0.4506.2152; .NET CLR 3.5.30729; .NET CLR 1.1.4322; .NET4.0C; .NET4.0E)"
193.41.37.3 - - [11/Dec/2012:12:44:10 +0100] "GET /favicon.ico HTTP/1.1" 404 1256 "-" "Mozilla/4.0 (compatible; MSIE 8.0; Windows NT 5.1; Trident/4.0; .NET CLR 2.0.50727; .NET CLR 3.0.4506.2152; .NET CLR 3.5.30729; .NET CLR 1.1.4322; .NET4.0C; .NET4.0E)"
199.19.249.196 - - [11/Dec/2012:12:44:16 +0100] "GET /seiten/leist.htm HTTP/1.1" 200 7640 "-" "Mozilla/4.0 (compatible; MSIE 7.0; Windows NT 5.1; InfoPath.1; .NET CLR 2.0.50727; .NET CLR 1.1.4322; MS-RTC LM 8; .NET CLR 3.0.4506.2152; .NET CLR 3.5.30729)"
193.41.37.3 - - [11/Dec/2012:12:44:16 +0100] "GET /seiten/leist.htm HTTP/1.1" 200 7640 "http://www.dialyse-borna.de/seiten/impr.htm" "Mozilla/4.0 (compatible; MSIE 8.0; Windows NT 5.1; Trident/4.0; .NET CLR 2.0.50727; .NET CLR 3.0.4506.2152; .NET CLR 3.5.30729; .NET CLR 1.1.4322; .NET4.0C; .NET4.0E)"
193.41.37.3 - - [11/Dec/2012:12:44:16 +0100] "GET /img/leist.jpg HTTP/1.1" 200 18546 "http://www.dialyse-borna.de/seiten/leist.htm" "Mozilla/4.0 (compatible; MSIE 8.0; Windows NT 5.1; Trident/4.0; .NET CLR 2.0.50727; .NET CLR 3.0.4506.2152; .NET CLR 3.5.30729; .NET CLR 1.1.4322; .NET4.0C; .NET4.0E)"
199.19.249.196 - - [11/Dec/2012:12:44:17 +0100] "GET /seiten/praxis.htm HTTP/1.1" 200 7847 "-" "Mozilla/4.0 (compatible; MSIE 7.0; Windows NT 5.1; InfoPath.1; .NET CLR 2.0.50727; .NET CLR 1.1.4322; MS-RTC LM 8; .NET CLR 3.0.4506.2152; .NET CLR 3.5.30729)"
193.41.37.3 - - [11/Dec/2012:12:44:17 +0100] "GET /seiten/praxis.htm HTTP/1.1" 200 7847 "http://www.dialyse-borna.de/seiten/leist.htm" "Mozilla/4.0 (compatible; MSIE 8.0; Windows NT 5.1; Trident/4.0; .NET CLR 2.0.50727; .NET CLR 3.0.4506.2152; .NET CLR 3.5.30729; .NET CLR 1.1.4322; .NET4.0C; .NET4.0E)"
199.19.249.196 - - [11/Dec/2012:12:44:20 +0100] "GET /seiten/dialyse.htm HTTP/1.1" 200 7403 "-" "Mozilla/4.0 (compatible; MSIE 7.0; Windows NT 5.1; InfoPath.1; .NET CLR 2.0.50727; .NET CLR 1.1.4322; MS-RTC LM 8; .NET CLR 3.0.4506.2152; .NET CLR 3.5.30729)"
193.41.37.3 - - [11/Dec/2012:12:44:20 +0100] "GET /seiten/dialyse.htm HTTP/1.1" 200 7403 "http://www.dialyse-borna.de/seiten/leist.htm" "Mozilla/4.0 (compatible; MSIE 8.0; Windows NT 5.1; Trident/4.0; .NET CLR 2.0.50727; .NET CLR 3.0.4506.2152; .NET CLR 3.5.30729; .NET CLR 1.1.4322; .NET4.0C; .NET4.0E)"
193.41.37.3 - - [11/Dec/2012:12:44:20 +0100] "GET /img/dialyse.jpg HTTP/1.1" 200 18017 "http://www.dialyse-borna.de/seiten/dialyse.htm" "Mozilla/4.0 (compatible; MSIE 8.0; Windows NT 5.1; Trident/4.0; .NET CLR 2.0.50727; .NET CLR 3.0.4506.2152; .NET CLR 3.5.30729; .NET CLR 1.1.4322; .NET4.0C; .NET4.0E)"
193.41.37.3 - - [11/Dec/2012:12:44:20 +0100] "GET /img/schild.jpg HTTP/1.1" 200 12757 "http://www.dialyse-borna.de/seiten/praxis.htm" "Mozilla/4.0 (compatible; MSIE 8.0; Windows NT 5.1; Trident/4.0; .NET CLR 2.0.50727; .NET CLR 3.0.4506.2152; .NET CLR 3.5.30729; .NET CLR 1.1.4322; .NET4.0C; .NET4.0E)"
199.19.249.196 - - [11/Dec/2012:12:44:22 +0100] "GET /seiten/links.htm HTTP/1.1" 200 7302 "-" "Mozilla/4.0 (compatible; MSIE 7.0; Windows NT 5.1; InfoPath.1; .NET CLR 2.0.50727; .NET CLR 1.1.4322; MS-RTC LM 8; .NET CLR 3.0.4506.2152; .NET CLR 3.5.30729)"
193.41.37.3 - - [11/Dec/2012:12:44:22 +0100] "GET /seiten/links.htm HTTP/1.1" 200 7302 "http://www.dialyse-borna.de/seiten/dialyse.htm" "Mozilla/4.0 (compatible; MSIE 8.0; Windows NT 5.1; Trident/4.0; .NET CLR 2.0.50727; .NET CLR 3.0.4506.2152; .NET CLR 3.5.30729; .NET CLR 1.1.4322; .NET4.0C; .NET4.0E)"
193.41.37.3 - - [11/Dec/2012:12:44:23 +0100] "GET /img/links.jpg HTTP/1.1" 200 15669 "http://www.dialyse-borna.de/seiten/links.htm" "Mozilla/4.0 (compatible; MSIE 8.0; Windows NT 5.1; Trident/4.0; .NET CLR 2.0.50727; .NET CLR 3.0.4506.2152; .NET CLR 3.5.30729; .NET CLR 1.1.4322; .NET4.0C; .NET4.0E)"
199.19.249.196 - - [11/Dec/2012:12:44:28 +0100] "GET / HTTP/1.1" 200 2663 "-" "Mozilla/4.0 (compatible; MSIE 7.0; Windows NT 5.1; InfoPath.1; .NET CLR 2.0.50727; .NET CLR 1.1.4322; MS-RTC LM 8; .NET CLR 3.0.4506.2152; .NET CLR 3.5.30729)"
193.41.37.3 - - [11/Dec/2012:12:44:28 +0100] "GET / HTTP/1.1" 200 2663 "http://www.dialyse-borna.de/seiten/kont.htm" "Mozilla/4.0 (compatible; MSIE 8.0; Windows NT 5.1; Trident/4.0; .NET CLR 2.0.50727; .NET CLR 3.0.4506.2152; .NET CLR 3.5.30729; .NET CLR 1.1.4322; .NET4.0C; .NET4.0E)"
193.41.37.3 - - [11/Dec/2012:12:44:28 +0100] "GET /img/FL_check.swf HTTP/1.1" 200 100 "http://www.dialyse-borna.de/" "Mozilla/4.0 (compatible; MSIE 8.0; Windows NT 5.1; Trident/4.0; .NET CLR 2.0.50727; .NET CLR 3.0.4506.2152; .NET CLR 3.5.30729; .NET CLR 1.1.4322; .NET4.0C; .NET4.0E)"
199.19.249.196 - - [11/Dec/2012:12:44:28 +0100] "GET /seiten/start.htm HTTP/1.1" 200 7516 "-" "Mozilla/4.0 (compatible; MSIE 7.0; Windows NT 5.1; InfoPath.1; .NET CLR 2.0.50727; .NET CLR 1.1.4322; MS-RTC LM 8; .NET CLR 3.0.4506.2152; .NET CLR 3.5.30729)"
193.41.37.3 - - [11/Dec/2012:12:44:29 +0100] "GET /seiten/start.htm HTTP/1.1" 200 7516 "-" "Mozilla/4.0 (compatible; MSIE 8.0; Windows NT 5.1; Trident/4.0; .NET CLR 2.0.50727; .NET CLR 3.0.4506.2152; .NET CLR 3.5.30729; .NET CLR 1.1.4322; .NET4.0C; .NET4.0E)"
193.41.37.3 - - [11/Dec/2012:12:44:29 +0100] "GET /img/pfeil.jpg HTTP/1.1" 200 380 "http://www.dialyse-borna.de/seiten/start.htm" "Mozilla/4.0 (compatible; MSIE 8.0; Windows NT 5.1; Trident/4.0; .NET CLR 2.0.50727; .NET CLR 3.0.4506.2152; .NET CLR 3.5.30729; .NET CLR 1.1.4322; .NET4.0C; .NET4.0E)"
193.41.37.3 - - [11/Dec/2012:12:44:29 +0100] "GET /img/main_pic.jpg HTTP/1.1" 200 14864 "http://www.dialyse-borna.de/seiten/start.htm" "Mozilla/4.0 (compatible; MSIE 8.0; Windows NT 5.1; Trident/4.0; .NET CLR 2.0.50727; .NET CLR 3.0.4506.2152; .NET CLR 3.5.30729; .NET CLR 1.1.4322; .NET4.0C; .NET4.0E)"
193.41.37.3 - - [11/Dec/2012:12:44:29 +0100] "GET /img/bilder.swf HTTP/1.1" 200 78858 "http://www.dialyse-borna.de/seiten/start.htm" "Mozilla/4.0 (compatible; MSIE 8.0; Windows NT 5.1; Trident/4.0; .NET CLR 2.0.50727; .NET CLR 3.0.4506.2152; .NET CLR 3.5.30729; .NET CLR 1.1.4322; .NET4.0C; .NET4.0E)"
199.19.249.196 - - [11/Dec/2012:12:44:40 +0100] "GET /seiten/news.php HTTP/1.1" 200 7079 "-" "Mozilla/4.0 (compatible; MSIE 7.0; Windows NT 5.1; InfoPath.1; .NET CLR 2.0.50727; .NET CLR 1.1.4322; MS-RTC LM 8; .NET CLR 3.0.4506.2152; .NET CLR 3.5.30729)"
193.41.37.3 - - [11/Dec/2012:12:44:40 +0100] "GET /seiten/news.php HTTP/1.1" 200 7079 "http://www.dialyse-borna.de/seiten/kont_form.php" "Mozilla/4.0 (compatible; MSIE 8.0; Windows NT 5.1; Trident/4.0; .NET CLR 2.0.50727; .NET CLR 3.0.4506.2152; .NET CLR 3.5.30729; .NET CLR 1.1.4322; .NET4.0C; .NET4.0E)"
193.41.37.3 - - [11/Dec/2012:12:52:37 +0100] "GET /seiten/kont_form.php HTTP/1.1" 200 8561 "-" "Mozilla/4.0 (compatible;)"
193.41.37.3 - - [11/Dec/2012:13:04:35 +0100] "GET /seiten/kont_form.php HTTP/1.1" 200 8561 "-" "Mozilla/4.0 (compatible;)"
193.41.37.3 - - [11/Dec/2012:13:40:36 +0100] "GET /seiten/kont_form.php HTTP/1.1" 200 8561 "-" "Mozilla/4.0 (compatible;)"
193.41.37.3 - - [11/Dec/2012:15:41:33 +0100] "GET /seiten/kont_form.php HTTP/1.1" 200 8561 "-" "Mozilla/4.0 (compatible;)"
157.55.35.90 - - [11/Dec/2012:16:25:31 +0100] "GET /robots.txt HTTP/1.1" 200 157 "-" "Mozilla/5.0 (compatible; bingbot/2.0; +http://www.bing.com/bingbot.htm)"
157.55.35.90 - - [11/Dec/2012:16:26:56 +0100] "GET / HTTP/1.1" 200 2663 "-" "Mozilla/5.0 (compatible; bingbot/2.0; +http://www.bing.com/bingbot.htm)"
193.41.37.3 - - [11/Dec/2012:16:32:41 +0100] "GET /seiten/kont_form.php HTTP/1.1" 200 8561 "-" "Mozilla/4.0 (compatible;)"
66.249.75.101 - - [11/Dec/2012:16:42:23 +0100] "GET / HTTP/1.1" 200 2663 "-" "Mozilla/5.0 (compatible; Googlebot/2.1; +http://www.google.com/bot.html)"
66.249.75.101 - - [11/Dec/2012:16:55:11 +0100] "GET /seiten/start.htm HTTP/1.1" 200 7516 "-" "Mozilla/5.0 (compatible; Googlebot/2.1; +http://www.google.com/bot.html)"
66.249.75.101 - - [11/Dec/2012:17:07:11 +0100] "GET /img/FL_check.swf HTTP/1.1" 200 100 "-" "Mozilla/5.0 (compatible; Googlebot/2.1; +http://www.google.com/bot.html)"
193.41.37.3 - - [11/Dec/2012:19:12:43 +0100] "GET /seiten/kont_form.php HTTP/1.1" 200 8561 "-" "Mozilla/4.0 (compatible;)"
157.55.35.90 - - [11/Dec/2012:20:09:26 +0100] "GET /robots.txt HTTP/1.1" 200 157 "-" "Mozilla/5.0 (compatible; bingbot/2.0; +http://www.bing.com/bingbot.htm)"
157.55.35.90 - - [11/Dec/2012:20:11:04 +0100] "GET / HTTP/1.1" 200 2663 "-" "Mozilla/5.0 (compatible; bingbot/2.0; +http://www.bing.com/bingbot.htm)"
157.55.35.114 - - [11/Dec/2012:20:47:24 +0100] "GET /robots.txt HTTP/1.1" 200 157 "-" "Mozilla/5.0 (compatible; bingbot/2.0; +http://www.bing.com/bingbot.htm)"
157.55.35.40 - - [11/Dec/2012:20:47:24 +0100] "GET /robots.txt HTTP/1.1" 200 157 "-" "Mozilla/5.0 (compatible; bingbot/2.0; +http://www.bing.com/bingbot.htm)"
157.55.35.40 - - [11/Dec/2012:20:49:04 +0100] "GET /seiten/start.htm HTTP/1.1" 200 7516 "-" "Mozilla/5.0 (compatible; bingbot/2.0; +http://www.bing.com/bingbot.htm)"
157.55.35.114 - - [11/Dec/2012:20:49:04 +0100] "GET /seiten/dialyse.htm HTTP/1.1" 200 7403 "-" "Mozilla/5.0 (compatible; bingbot/2.0; +http://www.bing.com/bingbot.htm)"
157.55.35.114 - - [11/Dec/2012:20:49:04 +0100] "GET /seiten/leist.htm HTTP/1.1" 200 7640 "-" "Mozilla/5.0 (compatible; bingbot/2.0; +http://www.bing.com/bingbot.htm)"
157.55.35.114 - - [11/Dec/2012:20:49:15 +0100] "GET /seiten/links.htm HTTP/1.1" 200 7302 "-" "Mozilla/5.0 (compatible; bingbot/2.0; +http://www.bing.com/bingbot.htm)"
157.55.35.114 - - [11/Dec/2012:20:49:15 +0100] "GET /seiten/praxis.htm HTTP/1.1" 200 7847 "-" "Mozilla/5.0 (compatible; bingbot/2.0; +http://www.bing.com/bingbot.htm)"
157.55.35.32 - - [11/Dec/2012:20:49:35 +0100] "GET /seiten/kont.htm HTTP/1.1" 200 8048 "-" "Mozilla/5.0 (compatible; bingbot/2.0; +http://www.bing.com/bingbot.htm)"
157.55.35.47 - - [11/Dec/2012:20:49:40 +0100] "GET /seiten/impr.htm HTTP/1.1" 200 9648 "-" "Mozilla/5.0 (compatible; bingbot/2.0; +http://www.bing.com/bingbot.htm)"
157.55.35.40 - - [11/Dec/2012:21:00:04 +0100] "GET /seiten/start.htm HTTP/1.1" 200 7516 "-" "Mozilla/5.0 (compatible; bingbot/2.0; +http://www.bing.com/bingbot.htm)"
27.153.234.53 - - [11/Dec/2012:21:07:25 +0100] "GET /seiten/links.htm HTTP/1.0" 200 7302 "http://www.dialyse-borna.de/seiten/links.htm" "Mozilla/5.0 (Windows NT 5.1; rv:2.0.1) Gecko/20100101 Firefox/4.0.1 WebMoney Advisor"
157.55.35.90 - - [11/Dec/2012:21:26:59 +0100] "GET / HTTP/1.1" 200 2663 "-" "Mozilla/5.0 (compatible; bingbot/2.0; +http://www.bing.com/bingbot.htm)"
88.190.37.240 - - [11/Dec/2012:22:23:35 +0100] "GET /seiten/links.htm HTTP/1.0" 200 7302 "http://www.dialyse-borna.de/seiten/links.htm" "Mozilla/4.0 (compatible; MSIE 8.0; Windows NT 6.0; Trident/4.0; WebMoney Advisor; SLCC1; .NET CLR 2.0.50727; Media Center PC 5.0; .NET CLR 3.0.30618; .NET CLR 3.5.30729)"
176.123.0.57 - - [11/Dec/2012:22:31:19 +0100] "GET /seiten/news.php HTTP/1.1" 200 7079 "http://www.prostitutki-stavropol.ru/" "Mozilla/4.0 (compatible; MSIE 6.0; MSIE 5.5; Windows NT 4.0) Opera 7.0 [en]"
176.123.0.57 - - [11/Dec/2012:22:31:19 +0100] "GET /seiten/news.php HTTP/1.1" 200 7079 "http://www.prostitutki-stavropol.ru/" "Mozilla/4.0 (compatible; MSIE 6.0; MSIE 5.5; Windows NT 4.0) Opera 7.0 [en]"
157.55.35.90 - - [12/Dec/2012:00:16:59 +0100] "GET /robots.txt HTTP/1.1" 200 157 "-" "Mozilla/5.0 (compatible; bingbot/2.0; +http://www.bing.com/bingbot.htm)"
157.55.35.90 - - [12/Dec/2012:00:18:35 +0100] "GET / HTTP/1.1" 200 2663 "-" "Mozilla/5.0 (compatible; bingbot/2.0; +http://www.bing.com/bingbot.htm)"
157.55.35.40 - - [12/Dec/2012:00:41:32 +0100] "GET /seiten/start.htm HTTP/1.1" 200 7516 "-" "Mozilla/5.0 (compatible; bingbot/2.0; +http://www.bing.com/bingbot.htm)"
193.41.37.3 - - [12/Dec/2012:02:08:53 +0100] "GET /seiten/kont_form.php HTTP/1.1" 200 8561 "-" "Mozilla/4.0 (compatible;)"
193.41.37.3 - - [12/Dec/2012:05:24:56 +0100] "GET /seiten/kont_form.php HTTP/1.1" 200 8561 "-" "Mozilla/4.0 (compatible;)"
167.83.9.20 - - [12/Dec/2012:09:50:37 +0100] "GET /seiten/impr.htm HTTP/1.1" 200 9648 "http://www.google.de/url?sa=t&rct=j&q=tendis%20borna&source=web&cd=2&ved=0CDsQFjAB&url=http%3A%2F%2Fwww.dialyse-borna.de%2Fseiten%2Fimpr.htm&ei=NUXIUI3LBIHftAa6noGgAQ&usg=AFQjCNHLZZEhkKT2QkjwwRmqgb-uGk-kyg" "Mozilla/4.0 (compatible; MSIE 8.0; Windows NT 5.1; Trident/4.0; .NET CLR 1.1.4322; .NET CLR 2.0.50727; .NET CLR 3.0.04506.30; .NET CLR 3.0.4506.2152; .NET CLR 3.5.30729; .NET4.0C; .NET4.0E)"
167.83.9.20 - - [12/Dec/2012:09:50:38 +0100] "GET /css/borna.css HTTP/1.1" 200 2909 "http://www.dialyse-borna.de/seiten/impr.htm" "Mozilla/4.0 (compatible; MSIE 8.0; Windows NT 5.1; Trident/4.0; .NET CLR 1.1.4322; .NET CLR 2.0.50727; .NET CLR 3.0.04506.30; .NET CLR 3.0.4506.2152; .NET CLR 3.5.30729; .NET4.0C; .NET4.0E)"
167.83.9.20 - - [12/Dec/2012:09:50:38 +0100] "GET /img/men01.gif HTTP/1.1" 200 432 "http://www.dialyse-borna.de/seiten/impr.htm" "Mozilla/4.0 (compatible; MSIE 8.0; Windows NT 5.1; Trident/4.0; .NET CLR 1.1.4322; .NET CLR 2.0.50727; .NET CLR 3.0.04506.30; .NET CLR 3.0.4506.2152; .NET CLR 3.5.30729; .NET4.0C; .NET4.0E)"
167.83.9.20 - - [12/Dec/2012:09:50:38 +0100] "GET /img/men07.gif HTTP/1.1" 200 1396 "http://www.dialyse-borna.de/seiten/impr.htm" "Mozilla/4.0 (compatible; MSIE 8.0; Windows NT 5.1; Trident/4.0; .NET CLR 1.1.4322; .NET CLR 2.0.50727; .NET CLR 3.0.04506.30; .NET CLR 3.0.4506.2152; .NET CLR 3.5.30729; .NET4.0C; .NET4.0E)"
167.83.9.20 - - [12/Dec/2012:09:50:38 +0100] "GET /img/men08a.gif HTTP/1.1" 200 819 "http://www.dialyse-borna.de/seiten/impr.htm" "Mozilla/4.0 (compatible; MSIE 8.0; Windows NT 5.1; Trident/4.0; .NET CLR 1.1.4322; .NET CLR 2.0.50727; .NET CLR 3.0.04506.30; .NET CLR 3.0.4506.2152; .NET CLR 3.5.30729; .NET4.0C; .NET4.0E)"
167.83.9.20 - - [12/Dec/2012:09:50:38 +0100] "GET /img/men06.gif HTTP/1.1" 200 1162 "http://www.dialyse-borna.de/seiten/impr.htm" "Mozilla/4.0 (compatible; MSIE 8.0; Windows NT 5.1; Trident/4.0; .NET CLR 1.1.4322; .NET CLR 2.0.50727; .NET CLR 3.0.04506.30; .NET CLR 3.0.4506.2152; .NET CLR 3.5.30729; .NET4.0C; .NET4.0E)"
167.83.9.20 - - [12/Dec/2012:09:50:38 +0100] "GET /img/bg2.gif HTTP/1.1" 200 49 "http://www.dialyse-borna.de/seiten/impr.htm" "Mozilla/4.0 (compatible; MSIE 8.0; Windows NT 5.1; Trident/4.0; .NET CLR 1.1.4322; .NET CLR 2.0.50727; .NET CLR 3.0.04506.30; .NET CLR 3.0.4506.2152; .NET CLR 3.5.30729; .NET4.0C; .NET4.0E)"
167.83.9.20 - - [12/Dec/2012:09:50:38 +0100] "GET /img/1pixel.gif HTTP/1.1" 200 45 "http://www.dialyse-borna.de/seiten/impr.htm" "Mozilla/4.0 (compatible; MSIE 8.0; Windows NT 5.1; Trident/4.0; .NET CLR 1.1.4322; .NET CLR 2.0.50727; .NET CLR 3.0.04506.30; .NET CLR 3.0.4506.2152; .NET CLR 3.5.30729; .NET4.0C; .NET4.0E)"
167.83.9.20 - - [12/Dec/2012:09:50:38 +0100] "GET /img/men04.gif HTTP/1.1" 200 1395 "http://www.dialyse-borna.de/seiten/impr.htm" "Mozilla/4.0 (compatible; MSIE 8.0; Windows NT 5.1; Trident/4.0; .NET CLR 1.1.4322; .NET CLR 2.0.50727; .NET CLR 3.0.04506.30; .NET CLR 3.0.4506.2152; .NET CLR 3.5.30729; .NET4.0C; .NET4.0E)"
167.83.9.20 - - [12/Dec/2012:09:50:38 +0100] "GET /img/men09.gif HTTP/1.1" 200 708 "http://www.dialyse-borna.de/seiten/impr.htm" "Mozilla/4.0 (compatible; MSIE 8.0; Windows NT 5.1; Trident/4.0; .NET CLR 1.1.4322; .NET CLR 2.0.50727; .NET CLR 3.0.04506.30; .NET CLR 3.0.4506.2152; .NET CLR 3.5.30729; .NET4.0C; .NET4.0E)"
167.83.9.20 - - [12/Dec/2012:09:50:38 +0100] "GET /img/lay03.gif HTTP/1.1" 200 671 "http://www.dialyse-borna.de/seiten/impr.htm" "Mozilla/4.0 (compatible; MSIE 8.0; Windows NT 5.1; Trident/4.0; .NET CLR 1.1.4322; .NET CLR 2.0.50727; .NET CLR 3.0.04506.30; .NET CLR 3.0.4506.2152; .NET CLR 3.5.30729; .NET4.0C; .NET4.0E)"
167.83.9.20 - - [12/Dec/2012:09:50:38 +0100] "GET /img/lay04.gif HTTP/1.1" 200 210 "http://www.dialyse-borna.de/seiten/impr.htm" "Mozilla/4.0 (compatible; MSIE 8.0; Windows NT 5.1; Trident/4.0; .NET CLR 1.1.4322; .NET CLR 2.0.50727; .NET CLR 3.0.04506.30; .NET CLR 3.0.4506.2152; .NET CLR 3.5.30729; .NET4.0C; .NET4.0E)"
167.83.9.20 - - [12/Dec/2012:09:50:38 +0100] "GET /img/lay01.gif HTTP/1.1" 200 384 "http://www.dialyse-borna.de/seiten/impr.htm" "Mozilla/4.0 (compatible; MSIE 8.0; Windows NT 5.1; Trident/4.0; .NET CLR 1.1.4322; .NET CLR 2.0.50727; .NET CLR 3.0.04506.30; .NET CLR 3.0.4506.2152; .NET CLR 3.5.30729; .NET4.0C; .NET4.0E)"
167.83.9.20 - - [12/Dec/2012:09:50:38 +0100] "GET /img/lay07.gif HTTP/1.1" 200 272 "http://www.dialyse-borna.de/seiten/impr.htm" "Mozilla/4.0 (compatible; MSIE 8.0; Windows NT 5.1; Trident/4.0; .NET CLR 1.1.4322; .NET CLR 2.0.50727; .NET CLR 3.0.04506.30; .NET CLR 3.0.4506.2152; .NET CLR 3.5.30729; .NET4.0C; .NET4.0E)"
167.83.9.20 - - [12/Dec/2012:09:50:38 +0100] "GET /img/lay02.gif HTTP/1.1" 200 3503 "http://www.dialyse-borna.de/seiten/impr.htm" "Mozilla/4.0 (compatible; MSIE 8.0; Windows NT 5.1; Trident/4.0; .NET CLR 1.1.4322; .NET CLR 2.0.50727; .NET CLR 3.0.04506.30; .NET CLR 3.0.4506.2152; .NET CLR 3.5.30729; .NET4.0C; .NET4.0E)"
167.83.9.20 - - [12/Dec/2012:09:50:38 +0100] "GET /img/bg4.gif HTTP/1.1" 200 135 "http://www.dialyse-borna.de/seiten/impr.htm" "Mozilla/4.0 (compatible; MSIE 8.0; Windows NT 5.1; Trident/4.0; .NET CLR 1.1.4322; .NET CLR 2.0.50727; .NET CLR 3.0.04506.30; .NET CLR 3.0.4506.2152; .NET CLR 3.5.30729; .NET4.0C; .NET4.0E)"
167.83.9.20 - - [12/Dec/2012:09:50:38 +0100] "GET /img/lay08.gif HTTP/1.1" 200 322 "http://www.dialyse-borna.de/seiten/impr.htm" "Mozilla/4.0 (compatible; MSIE 8.0; Windows NT 5.1; Trident/4.0; .NET CLR 1.1.4322; .NET CLR 2.0.50727; .NET CLR 3.0.04506.30; .NET CLR 3.0.4506.2152; .NET CLR 3.5.30729; .NET4.0C; .NET4.0E)"
167.83.9.20 - - [12/Dec/2012:09:50:38 +0100] "GET /img/lay05.gif HTTP/1.1" 200 541 "http://www.dialyse-borna.de/seiten/impr.htm" "Mozilla/4.0 (compatible; MSIE 8.0; Windows NT 5.1; Trident/4.0; .NET CLR 1.1.4322; .NET CLR 2.0.50727; .NET CLR 3.0.04506.30; .NET CLR 3.0.4506.2152; .NET CLR 3.5.30729; .NET4.0C; .NET4.0E)"
167.83.9.20 - - [12/Dec/2012:09:50:38 +0100] "GET /img/men03.gif HTTP/1.1" 200 1621 "http://www.dialyse-borna.de/seiten/impr.htm" "Mozilla/4.0 (compatible; MSIE 8.0; Windows NT 5.1; Trident/4.0; .NET CLR 1.1.4322; .NET CLR 2.0.50727; .NET CLR 3.0.04506.30; .NET CLR 3.0.4506.2152; .NET CLR 3.5.30729; .NET4.0C; .NET4.0E)"
167.83.9.20 - - [12/Dec/2012:09:50:38 +0100] "GET /img/bg1.gif HTTP/1.1" 200 54 "http://www.dialyse-borna.de/seiten/impr.htm" "Mozilla/4.0 (compatible; MSIE 8.0; Windows NT 5.1; Trident/4.0; .NET CLR 1.1.4322; .NET CLR 2.0.50727; .NET CLR 3.0.04506.30; .NET CLR 3.0.4506.2152; .NET CLR 3.5.30729; .NET4.0C; .NET4.0E)"
167.83.9.20 - - [12/Dec/2012:09:50:38 +0100] "GET /img/bg3.gif HTTP/1.1" 200 143 "http://www.dialyse-borna.de/seiten/impr.htm" "Mozilla/4.0 (compatible; MSIE 8.0; Windows NT 5.1; Trident/4.0; .NET CLR 1.1.4322; .NET CLR 2.0.50727; .NET CLR 3.0.04506.30; .NET CLR 3.0.4506.2152; .NET CLR 3.5.30729; .NET4.0C; .NET4.0E)"
167.83.9.20 - - [12/Dec/2012:09:50:38 +0100] "GET /img/men02.gif HTTP/1.1" 200 1273 "http://www.dialyse-borna.de/seiten/impr.htm" "Mozilla/4.0 (compatible; MSIE 8.0; Windows NT 5.1; Trident/4.0; .NET CLR 1.1.4322; .NET CLR 2.0.50727; .NET CLR 3.0.04506.30; .NET CLR 3.0.4506.2152; .NET CLR 3.5.30729; .NET4.0C; .NET4.0E)"
167.83.9.20 - - [12/Dec/2012:09:50:39 +0100] "GET /img/men07a.gif HTTP/1.1" 200 666 "http://www.dialyse-borna.de/seiten/impr.htm" "Mozilla/4.0 (compatible; MSIE 8.0; Windows NT 5.1; Trident/4.0; .NET CLR 1.1.4322; .NET CLR 2.0.50727; .NET CLR 3.0.04506.30; .NET CLR 3.0.4506.2152; .NET CLR 3.5.30729; .NET4.0C; .NET4.0E)"
167.83.9.20 - - [12/Dec/2012:09:50:39 +0100] "GET /img/men04a.gif HTTP/1.1" 200 669 "http://www.dialyse-borna.de/seiten/impr.htm" "Mozilla/4.0 (compatible; MSIE 8.0; Windows NT 5.1; Trident/4.0; .NET CLR 1.1.4322; .NET CLR 2.0.50727; .NET CLR 3.0.04506.30; .NET CLR 3.0.4506.2152; .NET CLR 3.5.30729; .NET4.0C; .NET4.0E)"
167.83.9.20 - - [12/Dec/2012:09:50:39 +0100] "GET /img/men05a.gif HTTP/1.1" 200 556 "http://www.dialyse-borna.de/seiten/impr.htm" "Mozilla/4.0 (compatible; MSIE 8.0; Windows NT 5.1; Trident/4.0; .NET CLR 1.1.4322; .NET CLR 2.0.50727; .NET CLR 3.0.04506.30; .NET CLR 3.0.4506.2152; .NET CLR 3.5.30729; .NET4.0C; .NET4.0E)"
167.83.9.20 - - [12/Dec/2012:09:50:39 +0100] "GET /img/men03a.gif HTTP/1.1" 200 820 "http://www.dialyse-borna.de/seiten/impr.htm" "Mozilla/4.0 (compatible; MSIE 8.0; Windows NT 5.1; Trident/4.0; .NET CLR 1.1.4322; .NET CLR 2.0.50727; .NET CLR 3.0.04506.30; .NET CLR 3.0.4506.2152; .NET CLR 3.5.30729; .NET4.0C; .NET4.0E)"
167.83.9.20 - - [12/Dec/2012:09:50:39 +0100] "GET /img/men06a.gif HTTP/1.1" 200 518 "http://www.dialyse-borna.de/seiten/impr.htm" "Mozilla/4.0 (compatible; MSIE 8.0; Windows NT 5.1; Trident/4.0; .NET CLR 1.1.4322; .NET CLR 2.0.50727; .NET CLR 3.0.04506.30; .NET CLR 3.0.4506.2152; .NET CLR 3.5.30729; .NET4.0C; .NET4.0E)"
167.83.9.20 - - [12/Dec/2012:09:50:39 +0100] "GET /favicon.ico HTTP/1.1" 404 1256 "-" "Mozilla/4.0 (compatible; MSIE 8.0; Windows NT 5.1; Trident/4.0; .NET CLR 1.1.4322; .NET CLR 2.0.50727; .NET CLR 3.0.04506.30; .NET CLR 3.0.4506.2152; .NET CLR 3.5.30729; .NET4.0C; .NET4.0E)"
167.83.9.20 - - [12/Dec/2012:09:50:39 +0100] "GET /img/men02a.gif HTTP/1.1" 200 589 "http://www.dialyse-borna.de/seiten/impr.htm" "Mozilla/4.0 (compatible; MSIE 8.0; Windows NT 5.1; Trident/4.0; .NET CLR 1.1.4322; .NET CLR 2.0.50727; .NET CLR 3.0.04506.30; .NET CLR 3.0.4506.2152; .NET CLR 3.5.30729; .NET4.0C; .NET4.0E)"
193.104.84.201 - - [12/Dec/2012:10:29:35 +0100] "GET /seiten/impr.htm HTTP/1.1" 200 9648 "http://www.google.de/url?sa=t&rct=j&q=dr.%20berger%20borna&source=web&cd=5&ved=0CFcQFjAE&url=http%3A%2F%2Fwww.dialyse-borna.de%2Fseiten%2Fimpr.htm&ei=R07IULGVDsSHtQar9YDYDg&usg=AFQjCNHLZZEhkKT2QkjwwRmqgb-uGk-kyg" "Mozilla/4.0 (compatible; MSIE 8.0; Windows NT 5.1; Trident/4.0; .NET CLR 2.0.50727; .NET CLR 3.0.4506.2152; .NET CLR 3.5.30729)"
193.104.84.201 - - [12/Dec/2012:10:29:36 +0100] "GET /img/bg2.gif HTTP/1.1" 200 49 "http://www.dialyse-borna.de/seiten/impr.htm" "Mozilla/4.0 (compatible; MSIE 8.0; Windows NT 5.1; Trident/4.0; .NET CLR 2.0.50727; .NET CLR 3.0.4506.2152; .NET CLR 3.5.30729)"
193.104.84.201 - - [12/Dec/2012:10:29:36 +0100] "GET /img/1pixel.gif HTTP/1.1" 200 45 "http://www.dialyse-borna.de/seiten/impr.htm" "Mozilla/4.0 (compatible; MSIE 8.0; Windows NT 5.1; Trident/4.0; .NET CLR 2.0.50727; .NET CLR 3.0.4506.2152; .NET CLR 3.5.30729)"
193.104.84.201 - - [12/Dec/2012:10:29:36 +0100] "GET /img/men01.gif HTTP/1.1" 200 432 "http://www.dialyse-borna.de/seiten/impr.htm" "Mozilla/4.0 (compatible; MSIE 8.0; Windows NT 5.1; Trident/4.0; .NET CLR 2.0.50727; .NET CLR 3.0.4506.2152; .NET CLR 3.5.30729)"
193.104.84.201 - - [12/Dec/2012:10:29:36 +0100] "GET /img/men02.gif HTTP/1.1" 200 1273 "http://www.dialyse-borna.de/seiten/impr.htm" "Mozilla/4.0 (compatible; MSIE 8.0; Windows NT 5.1; Trident/4.0; .NET CLR 2.0.50727; .NET CLR 3.0.4506.2152; .NET CLR 3.5.30729)"
193.104.84.201 - - [12/Dec/2012:10:29:36 +0100] "GET /img/men03.gif HTTP/1.1" 200 1621 "http://www.dialyse-borna.de/seiten/impr.htm" "Mozilla/4.0 (compatible; MSIE 8.0; Windows NT 5.1; Trident/4.0; .NET CLR 2.0.50727; .NET CLR 3.0.4506.2152; .NET CLR 3.5.30729)"
193.104.84.201 - - [12/Dec/2012:10:29:36 +0100] "GET /img/men04.gif HTTP/1.1" 200 1395 "http://www.dialyse-borna.de/seiten/impr.htm" "Mozilla/4.0 (compatible; MSIE 8.0; Windows NT 5.1; Trident/4.0; .NET CLR 2.0.50727; .NET CLR 3.0.4506.2152; .NET CLR 3.5.30729)"
193.104.84.201 - - [12/Dec/2012:10:29:36 +0100] "GET /img/men06.gif HTTP/1.1" 200 1162 "http://www.dialyse-borna.de/seiten/impr.htm" "Mozilla/4.0 (compatible; MSIE 8.0; Windows NT 5.1; Trident/4.0; .NET CLR 2.0.50727; .NET CLR 3.0.4506.2152; .NET CLR 3.5.30729)"
193.104.84.201 - - [12/Dec/2012:10:29:36 +0100] "GET /img/men07.gif HTTP/1.1" 200 1396 "http://www.dialyse-borna.de/seiten/impr.htm" "Mozilla/4.0 (compatible; MSIE 8.0; Windows NT 5.1; Trident/4.0; .NET CLR 2.0.50727; .NET CLR 3.0.4506.2152; .NET CLR 3.5.30729)"
193.104.84.201 - - [12/Dec/2012:10:29:36 +0100] "GET /css/borna.css HTTP/1.1" 200 2909 "http://www.dialyse-borna.de/seiten/impr.htm" "Mozilla/4.0 (compatible; MSIE 8.0; Windows NT 5.1; Trident/4.0; .NET CLR 2.0.50727; .NET CLR 3.0.4506.2152; .NET CLR 3.5.30729)"
193.104.84.201 - - [12/Dec/2012:10:29:36 +0100] "GET /img/men08a.gif HTTP/1.1" 200 819 "http://www.dialyse-borna.de/seiten/impr.htm" "Mozilla/4.0 (compatible; MSIE 8.0; Windows NT 5.1; Trident/4.0; .NET CLR 2.0.50727; .NET CLR 3.0.4506.2152; .NET CLR 3.5.30729)"
193.104.84.201 - - [12/Dec/2012:10:29:36 +0100] "GET /img/lay03.gif HTTP/1.1" 200 671 "http://www.dialyse-borna.de/seiten/impr.htm" "Mozilla/4.0 (compatible; MSIE 8.0; Windows NT 5.1; Trident/4.0; .NET CLR 2.0.50727; .NET CLR 3.0.4506.2152; .NET CLR 3.5.30729)"
193.104.84.201 - - [12/Dec/2012:10:29:36 +0100] "GET /img/men09.gif HTTP/1.1" 200 708 "http://www.dialyse-borna.de/seiten/impr.htm" "Mozilla/4.0 (compatible; MSIE 8.0; Windows NT 5.1; Trident/4.0; .NET CLR 2.0.50727; .NET CLR 3.0.4506.2152; .NET CLR 3.5.30729)"
193.104.84.201 - - [12/Dec/2012:10:29:36 +0100] "GET /img/lay04.gif HTTP/1.1" 200 210 "http://www.dialyse-borna.de/seiten/impr.htm" "Mozilla/4.0 (compatible; MSIE 8.0; Windows NT 5.1; Trident/4.0; .NET CLR 2.0.50727; .NET CLR 3.0.4506.2152; .NET CLR 3.5.30729)"
193.104.84.201 - - [12/Dec/2012:10:29:36 +0100] "GET /img/lay07.gif HTTP/1.1" 200 272 "http://www.dialyse-borna.de/seiten/impr.htm" "Mozilla/4.0 (compatible; MSIE 8.0; Windows NT 5.1; Trident/4.0; .NET CLR 2.0.50727; .NET CLR 3.0.4506.2152; .NET CLR 3.5.30729)"
193.104.84.201 - - [12/Dec/2012:10:29:36 +0100] "GET /img/lay01.gif HTTP/1.1" 200 384 "http://www.dialyse-borna.de/seiten/impr.htm" "Mozilla/4.0 (compatible; MSIE 8.0; Windows NT 5.1; Trident/4.0; .NET CLR 2.0.50727; .NET CLR 3.0.4506.2152; .NET CLR 3.5.30729)"
193.104.84.201 - - [12/Dec/2012:10:29:36 +0100] "GET /img/lay02.gif HTTP/1.1" 200 3503 "http://www.dialyse-borna.de/seiten/impr.htm" "Mozilla/4.0 (compatible; MSIE 8.0; Windows NT 5.1; Trident/4.0; .NET CLR 2.0.50727; .NET CLR 3.0.4506.2152; .NET CLR 3.5.30729)"
193.104.84.201 - - [12/Dec/2012:10:29:36 +0100] "GET /img/lay08.gif HTTP/1.1" 200 322 "http://www.dialyse-borna.de/seiten/impr.htm" "Mozilla/4.0 (compatible; MSIE 8.0; Windows NT 5.1; Trident/4.0; .NET CLR 2.0.50727; .NET CLR 3.0.4506.2152; .NET CLR 3.5.30729)"
