87.188.125.183 - - [13/Dec/2012:15:05:53 +0100] "GET /img/lay04.gif HTTP/1.1" 200 210 "http://www.dialyse-borna.de/seiten/start.htm" "Mozilla/5.0 (Macintosh; U; Intel Mac OS X 10_6_8; de-de) AppleWebKit/533.21.1 (KHTML, like Gecko) Version/5.0.5 Safari/533.21.1"
87.188.125.183 - - [13/Dec/2012:15:05:53 +0100] "GET /img/lay07.gif HTTP/1.1" 200 272 "http://www.dialyse-borna.de/seiten/start.htm" "Mozilla/5.0 (Macintosh; U; Intel Mac OS X 10_6_8; de-de) AppleWebKit/533.21.1 (KHTML, like Gecko) Version/5.0.5 Safari/533.21.1"
87.188.125.183 - - [13/Dec/2012:15:05:53 +0100] "GET /img/bg2.gif HTTP/1.1" 200 49 "http://www.dialyse-borna.de/seiten/start.htm" "Mozilla/5.0 (Macintosh; U; Intel Mac OS X 10_6_8; de-de) AppleWebKit/533.21.1 (KHTML, like Gecko) Version/5.0.5 Safari/533.21.1"
87.188.125.183 - - [13/Dec/2012:15:05:53 +0100] "GET /img/lay01.gif HTTP/1.1" 200 384 "http://www.dialyse-borna.de/seiten/start.htm" "Mozilla/5.0 (Macintosh; U; Intel Mac OS X 10_6_8; de-de) AppleWebKit/533.21.1 (KHTML, like Gecko) Version/5.0.5 Safari/533.21.1"
87.188.125.183 - - [13/Dec/2012:15:05:53 +0100] "GET /img/lay02.gif HTTP/1.1" 200 3503 "http://www.dialyse-borna.de/seiten/start.htm" "Mozilla/5.0 (Macintosh; U; Intel Mac OS X 10_6_8; de-de) AppleWebKit/533.21.1 (KHTML, like Gecko) Version/5.0.5 Safari/533.21.1"
87.188.125.183 - - [13/Dec/2012:15:05:53 +0100] "GET /img/lay08.gif HTTP/1.1" 200 322 "http://www.dialyse-borna.de/seiten/start.htm" "Mozilla/5.0 (Macintosh; U; Intel Mac OS X 10_6_8; de-de) AppleWebKit/533.21.1 (KHTML, like Gecko) Version/5.0.5 Safari/533.21.1"
87.188.125.183 - - [13/Dec/2012:15:05:53 +0100] "GET /img/bg3.gif HTTP/1.1" 200 143 "http://www.dialyse-borna.de/seiten/start.htm" "Mozilla/5.0 (Macintosh; U; Intel Mac OS X 10_6_8; de-de) AppleWebKit/533.21.1 (KHTML, like Gecko) Version/5.0.5 Safari/533.21.1"
87.188.125.183 - - [13/Dec/2012:15:05:53 +0100] "GET /img/bg1.gif HTTP/1.1" 200 54 "http://www.dialyse-borna.de/seiten/start.htm" "Mozilla/5.0 (Macintosh; U; Intel Mac OS X 10_6_8; de-de) AppleWebKit/533.21.1 (KHTML, like Gecko) Version/5.0.5 Safari/533.21.1"
87.188.125.183 - - [13/Dec/2012:15:05:53 +0100] "GET /img/bg4.gif HTTP/1.1" 200 135 "http://www.dialyse-borna.de/seiten/start.htm" "Mozilla/5.0 (Macintosh; U; Intel Mac OS X 10_6_8; de-de) AppleWebKit/533.21.1 (KHTML, like Gecko) Version/5.0.5 Safari/533.21.1"
87.188.125.183 - - [13/Dec/2012:15:05:53 +0100] "GET /img/lay05.gif HTTP/1.1" 200 541 "http://www.dialyse-borna.de/seiten/start.htm" "Mozilla/5.0 (Macintosh; U; Intel Mac OS X 10_6_8; de-de) AppleWebKit/533.21.1 (KHTML, like Gecko) Version/5.0.5 Safari/533.21.1"
87.188.125.183 - - [13/Dec/2012:15:05:54 +0100] "GET /favicon.ico HTTP/1.1" 404 1256 "http://www.dialyse-borna.de/seiten/start.htm" "Mozilla/5.0 (Macintosh; U; Intel Mac OS X 10_6_8; de-de) AppleWebKit/533.21.1 (KHTML, like Gecko) Version/5.0.5 Safari/533.21.1"
87.188.125.183 - - [13/Dec/2012:15:05:54 +0100] "GET /img/men07a.gif HTTP/1.1" 200 666 "http://www.dialyse-borna.de/seiten/start.htm" "Mozilla/5.0 (Macintosh; U; Intel Mac OS X 10_6_8; de-de) AppleWebKit/533.21.1 (KHTML, like Gecko) Version/5.0.5 Safari/533.21.1"
87.188.125.183 - - [13/Dec/2012:15:05:54 +0100] "GET /img/men08a.gif HTTP/1.1" 200 819 "http://www.dialyse-borna.de/seiten/start.htm" "Mozilla/5.0 (Macintosh; U; Intel Mac OS X 10_6_8; de-de) AppleWebKit/533.21.1 (KHTML, like Gecko) Version/5.0.5 Safari/533.21.1"
87.188.125.183 - - [13/Dec/2012:15:05:54 +0100] "GET /img/men04a.gif HTTP/1.1" 200 669 "http://www.dialyse-borna.de/seiten/start.htm" "Mozilla/5.0 (Macintosh; U; Intel Mac OS X 10_6_8; de-de) AppleWebKit/533.21.1 (KHTML, like Gecko) Version/5.0.5 Safari/533.21.1"
87.188.125.183 - - [13/Dec/2012:15:05:54 +0100] "GET /img/men05a.gif HTTP/1.1" 200 556 "http://www.dialyse-borna.de/seiten/start.htm" "Mozilla/5.0 (Macintosh; U; Intel Mac OS X 10_6_8; de-de) AppleWebKit/533.21.1 (KHTML, like Gecko) Version/5.0.5 Safari/533.21.1"
87.188.125.183 - - [13/Dec/2012:15:05:54 +0100] "GET /img/men03a.gif HTTP/1.1" 200 820 "http://www.dialyse-borna.de/seiten/start.htm" "Mozilla/5.0 (Macintosh; U; Intel Mac OS X 10_6_8; de-de) AppleWebKit/533.21.1 (KHTML, like Gecko) Version/5.0.5 Safari/533.21.1"
87.188.125.183 - - [13/Dec/2012:15:05:54 +0100] "GET /img/men06a.gif HTTP/1.1" 200 518 "http://www.dialyse-borna.de/seiten/start.htm" "Mozilla/5.0 (Macintosh; U; Intel Mac OS X 10_6_8; de-de) AppleWebKit/533.21.1 (KHTML, like Gecko) Version/5.0.5 Safari/533.21.1"
87.188.125.183 - - [13/Dec/2012:15:05:54 +0100] "GET /img/bilder.swf HTTP/1.1" 200 78858 "http://www.dialyse-borna.de/seiten/start.htm" "Mozilla/5.0 (Macintosh; U; Intel Mac OS X 10_6_8; de-de) AppleWebKit/533.21.1 (KHTML, like Gecko) Version/5.0.5 Safari/533.21.1"
87.188.125.183 - - [13/Dec/2012:15:05:57 +0100] "GET /seiten/kont.htm HTTP/1.1" 200 8048 "http://www.dialyse-borna.de/seiten/start.htm" "Mozilla/5.0 (Macintosh; U; Intel Mac OS X 10_6_8; de-de) AppleWebKit/533.21.1 (KHTML, like Gecko) Version/5.0.5 Safari/533.21.1"
87.188.125.183 - - [13/Dec/2012:15:05:57 +0100] "GET /img/men02.gif HTTP/1.1" 200 1273 "http://www.dialyse-borna.de/seiten/kont.htm" "Mozilla/5.0 (Macintosh; U; Intel Mac OS X 10_6_8; de-de) AppleWebKit/533.21.1 (KHTML, like Gecko) Version/5.0.5 Safari/533.21.1"
37.140.141.34 - - [13/Dec/2012:15:20:27 +0100] "GET /img/men04.gif HTTP/1.1" 200 1395 "-" "Mozilla/5.0 (compatible; YandexImages/3.0; +http://yandex.com/bots)"
216.38.216.101 - - [13/Dec/2012:16:24:12 +0100] "GET / HTTP/1.1" 200 2663 "-" "Mozilla/5.0 (Macintosh; Intel Mac OS X 10_7_1) AppleWebKit/535.1 (KHTML, like Gecko) Chrome/13.0.782.215 Safari/535.1"
216.38.216.101 - - [13/Dec/2012:16:24:13 +0100] "GET /css/borna.css HTTP/1.1" 200 2909 "-" "Mozilla/5.0 (Macintosh; Intel Mac OS X 10_7_1) AppleWebKit/535.1 (KHTML, like Gecko) Chrome/13.0.782.215 Safari/535.1"
216.38.216.101 - - [13/Dec/2012:16:24:13 +0100] "GET /img/FL_check.swf HTTP/1.1" 200 100 "-" "Mozilla/5.0 (Macintosh; Intel Mac OS X 10_7_1) AppleWebKit/535.1 (KHTML, like Gecko) Chrome/13.0.782.215 Safari/535.1"
37.140.141.34 - - [13/Dec/2012:16:49:11 +0100] "GET /img/men01.gif HTTP/1.1" 200 432 "-" "Mozilla/5.0 (compatible; YandexImages/3.0; +http://yandex.com/bots)"
37.140.141.34 - - [13/Dec/2012:18:17:48 +0100] "GET /img/men08.gif HTTP/1.1" 200 1642 "-" "Mozilla/5.0 (compatible; YandexImages/3.0; +http://yandex.com/bots)"
157.55.35.90 - - [13/Dec/2012:18:56:33 +0100] "GET /robots.txt HTTP/1.1" 200 157 "-" "Mozilla/5.0 (compatible; bingbot/2.0; +http://www.bing.com/bingbot.htm)"
37.140.141.34 - - [13/Dec/2012:19:56:24 +0100] "GET /img/lay03.gif HTTP/1.1" 200 671 "-" "Mozilla/5.0 (compatible; YandexImages/3.0; +http://yandex.com/bots)"
157.55.35.40 - - [13/Dec/2012:20:07:21 +0100] "GET /robots.txt HTTP/1.1" 200 157 "-" "Mozilla/5.0 (compatible; bingbot/2.0; +http://www.bing.com/bingbot.htm)"
157.55.35.40 - - [13/Dec/2012:20:08:33 +0100] "GET /seiten/start.htm HTTP/1.1" 200 7516 "-" "Mozilla/5.0 (compatible; bingbot/2.0; +http://www.bing.com/bingbot.htm)"
157.55.35.47 - - [13/Dec/2012:20:38:53 +0100] "GET /seiten/impr.htm HTTP/1.1" 200 9648 "-" "Mozilla/5.0 (compatible; bingbot/2.0; +http://www.bing.com/bingbot.htm)"
66.249.75.101 - - [13/Dec/2012:20:56:09 +0100] "GET /seiten/dialyse.htm HTTP/1.1" 304 - "-" "Mozilla/5.0 (iPhone; U; CPU iPhone OS 4_1 like Mac OS X; en-us) AppleWebKit/532.9 (KHTML, like Gecko) Version/4.0.5 Mobile/8B117 Safari/6531.22.7 (compatible; Googlebot-Mobile/2.1; +http://www.google.com/bot.html)"
37.140.141.34 - - [13/Dec/2012:21:11:05 +0100] "GET /img/men06.gif HTTP/1.1" 200 1162 "-" "Mozilla/5.0 (compatible; YandexImages/3.0; +http://yandex.com/bots)"
157.55.35.90 - - [13/Dec/2012:21:28:28 +0100] "GET / HTTP/1.1" 200 2663 "-" "Mozilla/5.0 (compatible; bingbot/2.0; +http://www.bing.com/bingbot.htm)"
157.55.35.47 - - [13/Dec/2012:21:38:54 +0100] "GET /seiten/impr.htm HTTP/1.1" 200 9648 "-" "Mozilla/5.0 (compatible; bingbot/2.0; +http://www.bing.com/bingbot.htm)"
157.55.35.40 - - [13/Dec/2012:21:39:31 +0100] "GET /seiten/kont_form.php HTTP/1.1" 200 8561 "-" "Mozilla/5.0 (compatible; bingbot/2.0; +http://www.bing.com/bingbot.htm)"
157.55.35.114 - - [13/Dec/2012:21:39:57 +0100] "GET /seiten/links.htm HTTP/1.1" 200 7302 "-" "Mozilla/5.0 (compatible; bingbot/2.0; +http://www.bing.com/bingbot.htm)"
157.55.35.114 - - [13/Dec/2012:21:39:57 +0100] "GET /seiten/leist.htm HTTP/1.1" 200 7640 "-" "Mozilla/5.0 (compatible; bingbot/2.0; +http://www.bing.com/bingbot.htm)"
157.55.35.90 - - [13/Dec/2012:21:41:57 +0100] "GET / HTTP/1.1" 200 2663 "-" "Mozilla/5.0 (compatible; bingbot/2.0; +http://www.bing.com/bingbot.htm)"
157.56.93.204 - - [13/Dec/2012:21:53:28 +0100] "GET /seiten/kont.htm HTTP/1.1" 200 8048 "-" "Mozilla/5.0 (compatible; bingbot/2.0; +http://www.bing.com/bingbot.htm)"
37.140.141.34 - - [13/Dec/2012:22:26:47 +0100] "GET /img/leist.jpg HTTP/1.1" 200 18546 "-" "Mozilla/5.0 (compatible; YandexImages/3.0; +http://yandex.com/bots)"
157.55.35.114 - - [13/Dec/2012:23:08:07 +0100] "GET /robots.txt HTTP/1.1" 200 157 "-" "Mozilla/5.0 (compatible; bingbot/2.0; +http://www.bing.com/bingbot.htm)"
157.55.35.114 - - [13/Dec/2012:23:14:16 +0100] "GET /seiten/links.htm HTTP/1.1" 200 7302 "-" "Mozilla/5.0 (compatible; bingbot/2.0; +http://www.bing.com/bingbot.htm)"
157.55.35.114 - - [13/Dec/2012:23:14:16 +0100] "GET /seiten/leist.htm HTTP/1.1" 200 7640 "-" "Mozilla/5.0 (compatible; bingbot/2.0; +http://www.bing.com/bingbot.htm)"
37.140.141.34 - - [13/Dec/2012:23:47:19 +0100] "GET /img/men08a.gif HTTP/1.1" 200 819 "-" "Mozilla/5.0 (compatible; YandexImages/3.0; +http://yandex.com/bots)"
193.106.136.44 - - [14/Dec/2012:00:18:10 +0100] "GET /seiten/news.php HTTP/1.1" 200 7079 "http://club-3t.ru/" "Mozilla/4.0 (compatible; MSIE 6.0; Windows XP)"
193.106.136.44 - - [14/Dec/2012:00:18:11 +0100] "GET /seiten/news.php HTTP/1.1" 200 7079 "http://club-3t.ru/" "Mozilla/4.0 (compatible; MSIE 6.0; Windows XP)"
37.140.141.34 - - [14/Dec/2012:02:34:57 +0100] "GET /img/pfeil.jpg HTTP/1.1" 200 380 "-" "Mozilla/5.0 (compatible; YandexImages/3.0; +http://yandex.com/bots)"
176.123.0.57 - - [14/Dec/2012:03:46:23 +0100] "GET /seiten/news.php HTTP/1.1" 200 7079 "http://www.prostitutki-krasnodar.ru/" "Mozilla/4.0 (compatible; MSIE 6.0; Windows NT 5.1; MRA 4.3 (build 01218); .NET CLR 1.1.4322)"
176.123.0.57 - - [14/Dec/2012:03:46:23 +0100] "GET /seiten/news.php HTTP/1.1" 200 7079 "http://www.prostitutki-krasnodar.ru/" "Mozilla/4.0 (compatible; MSIE 6.0; Windows NT 5.1; MRA 4.3 (build 01218); .NET CLR 1.1.4322)"
37.140.141.34 - - [14/Dec/2012:05:03:54 +0100] "GET /img/dialyse.jpg HTTP/1.1" 200 18017 "-" "Mozilla/5.0 (compatible; YandexImages/3.0; +http://yandex.com/bots)"
157.55.35.90 - - [14/Dec/2012:05:34:58 +0100] "GET /robots.txt HTTP/1.1" 200 157 "-" "Mozilla/5.0 (compatible; bingbot/2.0; +http://www.bing.com/bingbot.htm)"
157.55.35.90 - - [14/Dec/2012:05:36:18 +0100] "GET / HTTP/1.1" 200 2663 "-" "Mozilla/5.0 (compatible; bingbot/2.0; +http://www.bing.com/bingbot.htm)"
157.55.35.40 - - [14/Dec/2012:05:48:18 +0100] "GET /seiten/start.htm HTTP/1.1" 200 7516 "-" "Mozilla/5.0 (compatible; bingbot/2.0; +http://www.bing.com/bingbot.htm)"
193.106.136.44 - - [14/Dec/2012:06:35:33 +0100] "GET /seiten/news.php HTTP/1.1" 200 7079 "http://id36.narod.ru/id-utyr.html" "Mozilla/4.0 (compatible; MSIE 6.0; Windows NT 5.1; .NET CLR 1.0.3705)"
193.106.136.44 - - [14/Dec/2012:06:35:34 +0100] "GET /seiten/news.php HTTP/1.1" 200 7079 "http://id36.narod.ru/id-utyr.html" "Mozilla/4.0 (compatible; MSIE 6.0; Windows NT 5.1; .NET CLR 1.0.3705)"
157.55.35.40 - - [14/Dec/2012:06:54:12 +0100] "GET /robots.txt HTTP/1.1" 200 157 "-" "Mozilla/5.0 (compatible; bingbot/2.0; +http://www.bing.com/bingbot.htm)"
157.55.35.40 - - [14/Dec/2012:06:55:48 +0100] "GET /seiten/start.htm HTTP/1.1" 200 7516 "-" "Mozilla/5.0 (compatible; bingbot/2.0; +http://www.bing.com/bingbot.htm)"
37.140.141.34 - - [14/Dec/2012:07:17:23 +0100] "GET /img/men03a.gif HTTP/1.1" 200 820 "-" "Mozilla/5.0 (compatible; YandexImages/3.0; +http://yandex.com/bots)"
5.248.250.147 - - [14/Dec/2012:07:38:23 +0100] "GET /seiten/links.htm HTTP/1.0" 200 7302 "http://www.dialyse-borna.de/seiten/links.htm" "Opera/9.80 (Windows NT 5.1; U; ru) Presto/2.10.229 Version/11.62"
157.55.35.40 - - [14/Dec/2012:07:52:58 +0100] "GET /robots.txt HTTP/1.1" 200 157 "-" "Mozilla/5.0 (compatible; bingbot/2.0; +http://www.bing.com/bingbot.htm)"
157.55.35.40 - - [14/Dec/2012:07:54:48 +0100] "GET /seiten/start.htm HTTP/1.1" 200 7516 "-" "Mozilla/5.0 (compatible; bingbot/2.0; +http://www.bing.com/bingbot.htm)"
37.140.141.34 - - [14/Dec/2012:09:40:06 +0100] "GET /img/men07.gif HTTP/1.1" 200 1396 "-" "Mozilla/5.0 (compatible; YandexImages/3.0; +http://yandex.com/bots)"
208.115.111.73 - - [14/Dec/2012:10:17:51 +0100] "GET /robots.txt HTTP/1.1" 200 157 "-" "Mozilla/5.0 (compatible; Ezooms/1.0; ezooms.bot@gmail.com)"
208.115.111.73 - - [14/Dec/2012:11:58:06 +0100] "GET /seiten/praxis.htm HTTP/1.1" 200 7847 "-" "Mozilla/5.0 (compatible; Ezooms/1.0; ezooms.bot@gmail.com)"
37.140.141.34 - - [14/Dec/2012:12:04:51 +0100] "GET /robots.txt HTTP/1.1" 200 157 "-" "Mozilla/5.0 (compatible; YandexImages/3.0; +http://yandex.com/bots)"
178.137.129.27 - - [14/Dec/2012:12:19:27 +0100] "GET /seiten/news.php HTTP/1.1" 200 7079 "http://memyar.com/" "Mozilla/4.0 (compatible; MSIE 6.0; MSIE 5.5; Windows NT 5.0) Opera 7.02 Bork-edition [en]"
178.137.129.27 - - [14/Dec/2012:12:19:28 +0100] "GET /seiten/news.php HTTP/1.1" 200 7079 "http://memyar.com/" "Mozilla/4.0 (compatible; MSIE 6.0; MSIE 5.5; Windows NT 5.0) Opera 7.02 Bork-edition [en]"
195.242.218.133 - - [14/Dec/2012:13:27:41 +0100] "GET /seiten/news.php HTTP/1.1" 200 7079 "http://www.maxiru.net/" "Mozilla/4.0 (compatible; MSIE 6.0; Windows NT 5.1; FREE; .NET CLR 1.1.4322)"
195.242.218.133 - - [14/Dec/2012:13:27:42 +0100] "GET /seiten/news.php HTTP/1.1" 200 7079 "http://www.maxiru.net/" "Mozilla/4.0 (compatible; MSIE 6.0; Windows NT 5.1; FREE; .NET CLR 1.1.4322)"
37.140.141.34 - - [14/Dec/2012:14:12:29 +0100] "GET /img/1pixel.gif HTTP/1.1" 200 45 "-" "Mozilla/5.0 (compatible; YandexImages/3.0; +http://yandex.com/bots)"
188.40.116.74 - - [14/Dec/2012:16:11:37 +0100] "GET / HTTP/1.1" 200 2663 "-" "Opera/9.20 (Windows NT 6.0; U; de)"
188.40.116.74 - - [14/Dec/2012:16:11:37 +0100] "GET /robots.txt HTTP/1.1" 200 157 "-" "libwww-perl/6.03"
188.40.116.74 - - [14/Dec/2012:16:11:37 +0100] "GET / HTTP/1.1" 200 2663 "-" "Opera/9.20 (Windows NT 6.0; U; de)"
188.40.116.74 - - [14/Dec/2012:16:11:37 +0100] "GET /seiten/start.htm HTTP/1.1" 200 7516 "http://www.dialyse-borna.de/" "Opera/9.20 (Windows NT 6.0; U; de)"
188.40.116.74 - - [14/Dec/2012:16:11:37 +0100] "GET /seiten/impr.htm HTTP/1.1" 200 9648 "http://www.dialyse-borna.de/seiten/start.htm" "Opera/9.20 (Windows NT 6.0; U; de)"
188.40.116.74 - - [14/Dec/2012:16:11:37 +0100] "GET /seiten/links.htm HTTP/1.1" 200 7302 "http://www.dialyse-borna.de/seiten/impr.htm" "Opera/9.20 (Windows NT 6.0; U; de)"
188.40.116.74 - - [14/Dec/2012:16:11:37 +0100] "GET /seiten/dialyse.htm HTTP/1.1" 200 7403 "http://www.dialyse-borna.de/seiten/links.htm" "Opera/9.20 (Windows NT 6.0; U; de)"
188.40.116.74 - - [14/Dec/2012:16:11:37 +0100] "GET /seiten/praxis.htm HTTP/1.1" 200 7847 "http://www.dialyse-borna.de/seiten/dialyse.htm" "Opera/9.20 (Windows NT 6.0; U; de)"
188.40.116.74 - - [14/Dec/2012:16:11:37 +0100] "GET /seiten/leist.htm HTTP/1.1" 200 7640 "http://www.dialyse-borna.de/seiten/praxis.htm" "Opera/9.20 (Windows NT 6.0; U; de)"
188.40.116.74 - - [14/Dec/2012:16:11:37 +0100] "GET /seiten/kont.htm HTTP/1.1" 200 8048 "http://www.dialyse-borna.de/seiten/leist.htm" "Opera/9.20 (Windows NT 6.0; U; de)"
188.40.116.74 - - [14/Dec/2012:16:11:37 +0100] "GET /seiten/kont_form.php HTTP/1.1" 200 8561 "http://www.dialyse-borna.de/seiten/kont.htm" "Opera/9.20 (Windows NT 6.0; U; de)"
188.40.116.74 - - [14/Dec/2012:16:11:38 +0100] "GET /seiten/news.php HTTP/1.1" 200 7079 "http://www.dialyse-borna.de/seiten/kont_form.php" "Opera/9.20 (Windows NT 6.0; U; de)"
188.40.116.74 - - [14/Dec/2012:16:11:38 +0100] "GET /seiten/function.include HTTP/1.1" 404 1256 "http://www.dialyse-borna.de/seiten/news.php" "Opera/9.20 (Windows NT 6.0; U; de)"
176.9.58.141 - - [14/Dec/2012:16:52:47 +0100] "GET /robots.txt HTTP/1.0" 200 157 "-" "Mozilla/5.0 (compatible; SEOkicks-Robot +http://www.seokicks.de/robot.html)"
176.9.58.141 - - [14/Dec/2012:16:52:51 +0100] "GET / HTTP/1.0" 200 2663 "-" "Mozilla/5.0 (compatible; SEOkicks-Robot +http://www.seokicks.de/robot.html)"
176.9.58.141 - - [14/Dec/2012:16:52:53 +0100] "GET /seiten/start.htm HTTP/1.0" 200 7516 "http://www.dialyse-borna.de/" "Mozilla/5.0 (compatible; SEOkicks-Robot +http://www.seokicks.de/robot.html)"
176.9.58.141 - - [14/Dec/2012:16:52:57 +0100] "GET /seiten/leist.htm HTTP/1.0" 200 7640 "http://www.dialyse-borna.de/seiten/start.htm" "Mozilla/5.0 (compatible; SEOkicks-Robot +http://www.seokicks.de/robot.html)"
176.9.58.141 - - [14/Dec/2012:16:53:01 +0100] "GET /seiten/dialyse.htm HTTP/1.0" 200 7403 "http://www.dialyse-borna.de/seiten/start.htm" "Mozilla/5.0 (compatible; SEOkicks-Robot +http://www.seokicks.de/robot.html)"
176.9.58.141 - - [14/Dec/2012:16:53:05 +0100] "GET /seiten/links.htm HTTP/1.0" 200 7302 "http://www.dialyse-borna.de/seiten/start.htm" "Mozilla/5.0 (compatible; SEOkicks-Robot +http://www.seokicks.de/robot.html)"
176.9.58.141 - - [14/Dec/2012:16:53:10 +0100] "GET /seiten/kont.htm HTTP/1.0" 200 8048 "http://www.dialyse-borna.de/seiten/start.htm" "Mozilla/5.0 (compatible; SEOkicks-Robot +http://www.seokicks.de/robot.html)"
176.9.58.141 - - [14/Dec/2012:16:53:14 +0100] "GET /seiten/impr.htm HTTP/1.0" 200 9648 "http://www.dialyse-borna.de/seiten/start.htm" "Mozilla/5.0 (compatible; SEOkicks-Robot +http://www.seokicks.de/robot.html)"
176.9.58.141 - - [14/Dec/2012:16:53:20 +0100] "GET /seiten/praxis.htm HTTP/1.0" 200 7847 "http://www.dialyse-borna.de/seiten/start.htm" "Mozilla/5.0 (compatible; SEOkicks-Robot +http://www.seokicks.de/robot.html)"
176.9.58.141 - - [14/Dec/2012:16:53:24 +0100] "GET /seiten/kont_form.php HTTP/1.0" 200 8561 "http://www.dialyse-borna.de/seiten/kont.htm" "Mozilla/5.0 (compatible; SEOkicks-Robot +http://www.seokicks.de/robot.html)"
176.9.58.141 - - [14/Dec/2012:16:53:28 +0100] "GET /seiten/news.php HTTP/1.0" 200 7079 "http://www.dialyse-borna.de/seiten/kont_form.php" "Mozilla/5.0 (compatible; SEOkicks-Robot +http://www.seokicks.de/robot.html)"
37.140.141.34 - - [14/Dec/2012:16:57:01 +0100] "GET /img/lay04.gif HTTP/1.1" 200 210 "-" "Mozilla/5.0 (compatible; YandexImages/3.0; +http://yandex.com/bots)"
157.55.35.40 - - [14/Dec/2012:18:27:01 +0100] "GET /robots.txt HTTP/1.1" 200 157 "-" "Mozilla/5.0 (compatible; bingbot/2.0; +http://www.bing.com/bingbot.htm)"
157.55.35.40 - - [14/Dec/2012:18:29:00 +0100] "GET /seiten/start.htm HTTP/1.1" 200 7516 "-" "Mozilla/5.0 (compatible; bingbot/2.0; +http://www.bing.com/bingbot.htm)"
37.140.141.34 - - [14/Dec/2012:19:40:28 +0100] "GET /img/men04a.gif HTTP/1.1" 200 669 "-" "Mozilla/5.0 (compatible; YandexImages/3.0; +http://yandex.com/bots)"
157.55.35.114 - - [14/Dec/2012:21:54:21 +0100] "GET /robots.txt HTTP/1.1" 200 157 "-" "Mozilla/5.0 (compatible; bingbot/2.0; +http://www.bing.com/bingbot.htm)"
157.55.35.40 - - [14/Dec/2012:21:54:21 +0100] "GET /robots.txt HTTP/1.1" 200 157 "-" "Mozilla/5.0 (compatible; bingbot/2.0; +http://www.bing.com/bingbot.htm)"
157.55.35.40 - - [14/Dec/2012:21:56:01 +0100] "GET /seiten/kont_form.php HTTP/1.1" 200 8561 "-" "Mozilla/5.0 (compatible; bingbot/2.0; +http://www.bing.com/bingbot.htm)"
157.55.35.114 - - [14/Dec/2012:21:56:01 +0100] "GET /seiten/links.htm HTTP/1.1" 200 7302 "-" "Mozilla/5.0 (compatible; bingbot/2.0; +http://www.bing.com/bingbot.htm)"
157.55.35.114 - - [14/Dec/2012:21:56:01 +0100] "GET /seiten/leist.htm HTTP/1.1" 200 7640 "-" "Mozilla/5.0 (compatible; bingbot/2.0; +http://www.bing.com/bingbot.htm)"
157.55.35.90 - - [14/Dec/2012:21:56:28 +0100] "GET / HTTP/1.1" 200 2663 "-" "Mozilla/5.0 (compatible; bingbot/2.0; +http://www.bing.com/bingbot.htm)"
157.56.93.204 - - [14/Dec/2012:21:56:35 +0100] "GET /seiten/kont.htm HTTP/1.1" 200 8048 "-" "Mozilla/5.0 (compatible; bingbot/2.0; +http://www.bing.com/bingbot.htm)"
157.55.35.47 - - [14/Dec/2012:21:57:02 +0100] "GET /seiten/impr.htm HTTP/1.1" 200 9648 "-" "Mozilla/5.0 (compatible; bingbot/2.0; +http://www.bing.com/bingbot.htm)"
199.217.119.217 - - [14/Dec/2012:23:16:42 +0100] "GET /robots.txt HTTP/1.0" 200 157 "-" "Mozilla/5.0 (compatible; MJ12bot/v1.4.3; http://www.majestic12.co.uk/bot.php?+)"
199.217.119.217 - - [14/Dec/2012:23:17:00 +0100] "GET / HTTP/1.0" 200 2663 "-" "Mozilla/5.0 (compatible; MJ12bot/v1.4.3; http://www.majestic12.co.uk/bot.php?+)"
66.249.73.174 - - [15/Dec/2012:01:47:37 +0100] "GET /robots.txt HTTP/1.1" 200 157 "-" "Mozilla/5.0 (compatible; Googlebot/2.1; +http://www.google.com/bot.html)"
66.249.73.174 - - [15/Dec/2012:01:47:37 +0100] "GET / HTTP/1.1" 200 2663 "-" "Mozilla/5.0 (compatible; Googlebot/2.1; +http://www.google.com/bot.html)"
157.55.35.90 - - [15/Dec/2012:02:01:44 +0100] "GET /robots.txt HTTP/1.1" 200 157 "-" "Mozilla/5.0 (compatible; bingbot/2.0; +http://www.bing.com/bingbot.htm)"
157.55.35.90 - - [15/Dec/2012:02:04:35 +0100] "GET / HTTP/1.1" 200 2663 "-" "Mozilla/5.0 (compatible; bingbot/2.0; +http://www.bing.com/bingbot.htm)"
66.249.73.174 - - [15/Dec/2012:02:19:19 +0100] "GET /seiten/start.htm HTTP/1.1" 304 - "-" "Mozilla/5.0 (compatible; Googlebot/2.1; +http://www.google.com/bot.html)"
92.249.127.111 - - [15/Dec/2012:04:00:13 +0100] "GET /seiten/news.php HTTP/1.1" 200 7079 "http://www.newdomik.ru/" "Mozilla/5.0 (compatible; news bot /2.1)"
92.249.127.111 - - [15/Dec/2012:04:00:14 +0100] "GET /seiten/news.php HTTP/1.1" 200 7079 "http://www.newdomik.ru/" "Mozilla/5.0 (compatible; news bot /2.1)"
178.137.129.27 - - [15/Dec/2012:04:50:09 +0100] "GET /seiten/news.php HTTP/1.1" 200 7079 "http://carsfires.ru/" "Mozilla/4.0 (compatible; MSIE 6.0; Windows NT 5.1; TheFreeDictionary.com; .NET CLR 1.1.4322; .NET CLR 1.0.3705; .NET CLR 2.0.50727)"
178.137.129.27 - - [15/Dec/2012:04:50:10 +0100] "GET /seiten/news.php HTTP/1.1" 200 7079 "http://carsfires.ru/" "Mozilla/4.0 (compatible; MSIE 6.0; Windows NT 5.1; TheFreeDictionary.com; .NET CLR 1.1.4322; .NET CLR 1.0.3705; .NET CLR 2.0.50727)"
94.23.220.161 - - [15/Dec/2012:04:55:41 +0100] "GET /seiten/praxis.htm HTTP/1.1" 200 7847 "-" "Mozilla/5.0 (X11; Linux i686; rv:6.0) Gecko/20100101 Firefox/6.0"
94.23.220.161 - - [15/Dec/2012:04:55:44 +0100] "GET /seiten/praxis.htm HTTP/1.1" 200 7847 "-" "Mozilla/5.0 (X11; Linux i686; rv:6.0) Gecko/20100101 Firefox/6.0"
157.55.32.114 - - [15/Dec/2012:05:08:52 +0100] "GET /robots.txt HTTP/1.1" 200 157 "-" "Mozilla/5.0 (compatible; bingbot/2.0; +http://www.bing.com/bingbot.htm)"
157.55.32.114 - - [15/Dec/2012:05:11:15 +0100] "GET / HTTP/1.1" 200 2663 "-" "Mozilla/5.0 (compatible; bingbot/2.0; +http://www.bing.com/bingbot.htm)"
176.123.0.57 - - [15/Dec/2012:07:20:21 +0100] "GET /seiten/news.php HTTP/1.1" 200 7079 "http://www.prostitutki-stavropol.ru/" "Mozilla/4.0 (compatible; MSIE 5.0; Windows 2000) Opera 6.0 [en]"
176.123.0.57 - - [15/Dec/2012:07:20:21 +0100] "GET /seiten/news.php HTTP/1.1" 200 7079 "http://www.prostitutki-stavropol.ru/" "Mozilla/4.0 (compatible; MSIE 5.0; Windows 2000) Opera 6.0 [en]"
66.249.73.174 - - [15/Dec/2012:11:41:51 +0100] "GET /robots.txt HTTP/1.1" 200 157 "-" "Mozilla/5.0 (compatible; Googlebot/2.1; +http://www.google.com/bot.html)"
66.249.73.174 - - [15/Dec/2012:11:41:51 +0100] "GET /img/bilder.swf HTTP/1.1" 200 78858 "-" "Mozilla/5.0 (iPhone; U; CPU iPhone OS 4_1 like Mac OS X; en-us) AppleWebKit/532.9 (KHTML, like Gecko) Version/4.0.5 Mobile/8B117 Safari/6531.22.7 (compatible; Googlebot-Mobile/2.1; +http://www.google.com/bot.html)"
193.106.136.61 - - [15/Dec/2012:16:29:46 +0100] "GET /seiten/news.php HTTP/1.1" 200 7079 "http://club-3t.ru/" "Mozilla/4.0 (compatible; MSIE 6.0; Windows NT 5.1; SV1; .NET CLR 1.0.3705; .NET CLR 1.1.4322; .NET CLR 2.0.40607)"
193.106.136.61 - - [15/Dec/2012:16:29:46 +0100] "GET /seiten/news.php HTTP/1.1" 200 7079 "http://club-3t.ru/" "Mozilla/4.0 (compatible; MSIE 6.0; Windows NT 5.1; SV1; .NET CLR 1.0.3705; .NET CLR 1.1.4322; .NET CLR 2.0.40607)"
178.25.212.225 - - [15/Dec/2012:22:34:54 +0100] "GET / HTTP/1.1" 200 2663 "http://www.google.de/url?sa=t&rct=j&q=dialyse%20borna&source=web&cd=1&sqi=2&ved=0CDEQFjAA&url=http%3A%2F%2Fwww.dialyse-borna.de%2F&ei=oOzMUKDwDMf2sgaJlIHICg&usg=AFQjCNF2KNTIkBF7QiIB3UFmpF4J1FAf4w" "Mozilla/5.0 (Windows NT 6.0; rv:14.0) Gecko/20100101 Firefox/14.0.1"
178.25.212.225 - - [15/Dec/2012:22:34:54 +0100] "GET /css/borna.css HTTP/1.1" 200 2909 "http://www.dialyse-borna.de/" "Mozilla/5.0 (Windows NT 6.0; rv:14.0) Gecko/20100101 Firefox/14.0.1"
178.25.212.225 - - [15/Dec/2012:22:34:55 +0100] "GET /seiten/start.htm HTTP/1.1" 200 7516 "http://www.dialyse-borna.de/" "Mozilla/5.0 (Windows NT 6.0; rv:14.0) Gecko/20100101 Firefox/14.0.1"
178.25.212.225 - - [15/Dec/2012:22:34:55 +0100] "GET /favicon.ico HTTP/1.1" 404 1256 "-" "Mozilla/5.0 (Windows NT 6.0; rv:14.0) Gecko/20100101 Firefox/14.0.1"
178.25.212.225 - - [15/Dec/2012:22:34:56 +0100] "GET /img/men01.gif HTTP/1.1" 200 432 "http://www.dialyse-borna.de/seiten/start.htm" "Mozilla/5.0 (Windows NT 6.0; rv:14.0) Gecko/20100101 Firefox/14.0.1"
178.25.212.225 - - [15/Dec/2012:22:34:56 +0100] "GET /img/1pixel.gif HTTP/1.1" 200 45 "http://www.dialyse-borna.de/seiten/start.htm" "Mozilla/5.0 (Windows NT 6.0; rv:14.0) Gecko/20100101 Firefox/14.0.1"
178.25.212.225 - - [15/Dec/2012:22:34:56 +0100] "GET /img/men02a.gif HTTP/1.1" 200 589 "http://www.dialyse-borna.de/seiten/start.htm" "Mozilla/5.0 (Windows NT 6.0; rv:14.0) Gecko/20100101 Firefox/14.0.1"
178.25.212.225 - - [15/Dec/2012:22:34:56 +0100] "GET /img/men03.gif HTTP/1.1" 200 1621 "http://www.dialyse-borna.de/seiten/start.htm" "Mozilla/5.0 (Windows NT 6.0; rv:14.0) Gecko/20100101 Firefox/14.0.1"
178.25.212.225 - - [15/Dec/2012:22:34:56 +0100] "GET /img/men04.gif HTTP/1.1" 200 1395 "http://www.dialyse-borna.de/seiten/start.htm" "Mozilla/5.0 (Windows NT 6.0; rv:14.0) Gecko/20100101 Firefox/14.0.1"
178.25.212.225 - - [15/Dec/2012:22:34:56 +0100] "GET /img/men06.gif HTTP/1.1" 200 1162 "http://www.dialyse-borna.de/seiten/start.htm" "Mozilla/5.0 (Windows NT 6.0; rv:14.0) Gecko/20100101 Firefox/14.0.1"
178.25.212.225 - - [15/Dec/2012:22:34:56 +0100] "GET /img/men09.gif HTTP/1.1" 200 708 "http://www.dialyse-borna.de/seiten/start.htm" "Mozilla/5.0 (Windows NT 6.0; rv:14.0) Gecko/20100101 Firefox/14.0.1"
178.25.212.225 - - [15/Dec/2012:22:34:56 +0100] "GET /img/men07.gif HTTP/1.1" 200 1396 "http://www.dialyse-borna.de/seiten/start.htm" "Mozilla/5.0 (Windows NT 6.0; rv:14.0) Gecko/20100101 Firefox/14.0.1"
178.25.212.225 - - [15/Dec/2012:22:34:56 +0100] "GET /img/men08.gif HTTP/1.1" 200 1642 "http://www.dialyse-borna.de/seiten/start.htm" "Mozilla/5.0 (Windows NT 6.0; rv:14.0) Gecko/20100101 Firefox/14.0.1"
178.25.212.225 - - [15/Dec/2012:22:34:56 +0100] "GET /img/main_pic.jpg HTTP/1.1" 200 14864 "http://www.dialyse-borna.de/seiten/start.htm" "Mozilla/5.0 (Windows NT 6.0; rv:14.0) Gecko/20100101 Firefox/14.0.1"
178.25.212.225 - - [15/Dec/2012:22:34:56 +0100] "GET /img/lay03.gif HTTP/1.1" 200 671 "http://www.dialyse-borna.de/seiten/start.htm" "Mozilla/5.0 (Windows NT 6.0; rv:14.0) Gecko/20100101 Firefox/14.0.1"
178.25.212.225 - - [15/Dec/2012:22:34:56 +0100] "GET /img/pfeil.jpg HTTP/1.1" 200 380 "http://www.dialyse-borna.de/seiten/start.htm" "Mozilla/5.0 (Windows NT 6.0; rv:14.0) Gecko/20100101 Firefox/14.0.1"
178.25.212.225 - - [15/Dec/2012:22:34:56 +0100] "GET /img/lay04.gif HTTP/1.1" 200 210 "http://www.dialyse-borna.de/seiten/start.htm" "Mozilla/5.0 (Windows NT 6.0; rv:14.0) Gecko/20100101 Firefox/14.0.1"
178.25.212.225 - - [15/Dec/2012:22:34:56 +0100] "GET /img/lay07.gif HTTP/1.1" 200 272 "http://www.dialyse-borna.de/seiten/start.htm" "Mozilla/5.0 (Windows NT 6.0; rv:14.0) Gecko/20100101 Firefox/14.0.1"
178.25.212.225 - - [15/Dec/2012:22:34:56 +0100] "GET /img/bg2.gif HTTP/1.1" 200 49 "http://www.dialyse-borna.de/seiten/start.htm" "Mozilla/5.0 (Windows NT 6.0; rv:14.0) Gecko/20100101 Firefox/14.0.1"
178.25.212.225 - - [15/Dec/2012:22:34:56 +0100] "GET /img/bg1.gif HTTP/1.1" 200 54 "http://www.dialyse-borna.de/seiten/start.htm" "Mozilla/5.0 (Windows NT 6.0; rv:14.0) Gecko/20100101 Firefox/14.0.1"
178.25.212.225 - - [15/Dec/2012:22:34:56 +0100] "GET /img/lay08.gif HTTP/1.1" 200 322 "http://www.dialyse-borna.de/seiten/start.htm" "Mozilla/5.0 (Windows NT 6.0; rv:14.0) Gecko/20100101 Firefox/14.0.1"
178.25.212.225 - - [15/Dec/2012:22:34:56 +0100] "GET /img/lay02.gif HTTP/1.1" 200 3503 "http://www.dialyse-borna.de/seiten/start.htm" "Mozilla/5.0 (Windows NT 6.0; rv:14.0) Gecko/20100101 Firefox/14.0.1"
178.25.212.225 - - [15/Dec/2012:22:34:56 +0100] "GET /img/bg3.gif HTTP/1.1" 200 143 "http://www.dialyse-borna.de/seiten/start.htm" "Mozilla/5.0 (Windows NT 6.0; rv:14.0) Gecko/20100101 Firefox/14.0.1"
178.25.212.225 - - [15/Dec/2012:22:34:56 +0100] "GET /img/lay01.gif HTTP/1.1" 200 384 "http://www.dialyse-borna.de/seiten/start.htm" "Mozilla/5.0 (Windows NT 6.0; rv:14.0) Gecko/20100101 Firefox/14.0.1"
178.25.212.225 - - [15/Dec/2012:22:34:56 +0100] "GET /img/bg4.gif HTTP/1.1" 200 135 "http://www.dialyse-borna.de/seiten/start.htm" "Mozilla/5.0 (Windows NT 6.0; rv:14.0) Gecko/20100101 Firefox/14.0.1"
178.25.212.225 - - [15/Dec/2012:22:34:56 +0100] "GET /img/lay05.gif HTTP/1.1" 200 541 "http://www.dialyse-borna.de/seiten/start.htm" "Mozilla/5.0 (Windows NT 6.0; rv:14.0) Gecko/20100101 Firefox/14.0.1"
178.25.212.225 - - [15/Dec/2012:22:34:56 +0100] "GET /img/bilder.swf HTTP/1.1" 200 78858 "http://www.dialyse-borna.de/seiten/start.htm" "Mozilla/5.0 (Windows NT 6.0; rv:14.0) Gecko/20100101 Firefox/14.0.1"
178.25.212.225 - - [15/Dec/2012:22:34:56 +0100] "GET /img/men06a.gif HTTP/1.1" 200 518 "http://www.dialyse-borna.de/seiten/start.htm" "Mozilla/5.0 (Windows NT 6.0; rv:14.0) Gecko/20100101 Firefox/14.0.1"
178.25.212.225 - - [15/Dec/2012:22:34:56 +0100] "GET /img/men05a.gif HTTP/1.1" 200 556 "http://www.dialyse-borna.de/seiten/start.htm" "Mozilla/5.0 (Windows NT 6.0; rv:14.0) Gecko/20100101 Firefox/14.0.1"
178.25.212.225 - - [15/Dec/2012:22:34:56 +0100] "GET /img/men04a.gif HTTP/1.1" 200 669 "http://www.dialyse-borna.de/seiten/start.htm" "Mozilla/5.0 (Windows NT 6.0; rv:14.0) Gecko/20100101 Firefox/14.0.1"
178.25.212.225 - - [15/Dec/2012:22:34:56 +0100] "GET /img/men03a.gif HTTP/1.1" 200 820 "http://www.dialyse-borna.de/seiten/start.htm" "Mozilla/5.0 (Windows NT 6.0; rv:14.0) Gecko/20100101 Firefox/14.0.1"
178.25.212.225 - - [15/Dec/2012:22:34:56 +0100] "GET /img/men07a.gif HTTP/1.1" 200 666 "http://www.dialyse-borna.de/seiten/start.htm" "Mozilla/5.0 (Windows NT 6.0; rv:14.0) Gecko/20100101 Firefox/14.0.1"
178.25.212.225 - - [15/Dec/2012:22:34:56 +0100] "GET /img/men08a.gif HTTP/1.1" 200 819 "http://www.dialyse-borna.de/seiten/start.htm" "Mozilla/5.0 (Windows NT 6.0; rv:14.0) Gecko/20100101 Firefox/14.0.1"
74.125.17.145 - - [15/Dec/2012:22:34:57 +0100] "GET /favicon.ico HTTP/1.1" 404 1256 "-" "-"
178.25.212.225 - - [15/Dec/2012:22:35:10 +0100] "GET /seiten/praxis.htm HTTP/1.1" 200 7847 "http://www.dialyse-borna.de/seiten/start.htm" "Mozilla/5.0 (Windows NT 6.0; rv:14.0) Gecko/20100101 Firefox/14.0.1"
178.25.212.225 - - [15/Dec/2012:22:35:10 +0100] "GET /img/schild.jpg HTTP/1.1" 200 12757 "http://www.dialyse-borna.de/seiten/praxis.htm" "Mozilla/5.0 (Windows NT 6.0; rv:14.0) Gecko/20100101 Firefox/14.0.1"
178.25.212.225 - - [15/Dec/2012:22:35:28 +0100] "GET /seiten/leist.htm HTTP/1.1" 200 7640 "http://www.dialyse-borna.de/seiten/praxis.htm" "Mozilla/5.0 (Windows NT 6.0; rv:14.0) Gecko/20100101 Firefox/14.0.1"
178.25.212.225 - - [15/Dec/2012:22:35:28 +0100] "GET /img/men02.gif HTTP/1.1" 200 1273 "http://www.dialyse-borna.de/seiten/leist.htm" "Mozilla/5.0 (Windows NT 6.0; rv:14.0) Gecko/20100101 Firefox/14.0.1"
178.25.212.225 - - [15/Dec/2012:22:35:28 +0100] "GET /img/leist.jpg HTTP/1.1" 200 18546 "http://www.dialyse-borna.de/seiten/leist.htm" "Mozilla/5.0 (Windows NT 6.0; rv:14.0) Gecko/20100101 Firefox/14.0.1"
178.25.212.225 - - [15/Dec/2012:22:35:35 +0100] "GET /seiten/dialyse.htm HTTP/1.1" 200 7403 "http://www.dialyse-borna.de/seiten/leist.htm" "Mozilla/5.0 (Windows NT 6.0; rv:14.0) Gecko/20100101 Firefox/14.0.1"
178.25.212.225 - - [15/Dec/2012:22:35:36 +0100] "GET /img/dialyse.jpg HTTP/1.1" 200 18017 "http://www.dialyse-borna.de/seiten/dialyse.htm" "Mozilla/5.0 (Windows NT 6.0; rv:14.0) Gecko/20100101 Firefox/14.0.1"
178.25.212.225 - - [15/Dec/2012:22:35:39 +0100] "GET /seiten/links.htm HTTP/1.1" 200 7302 "http://www.dialyse-borna.de/seiten/dialyse.htm" "Mozilla/5.0 (Windows NT 6.0; rv:14.0) Gecko/20100101 Firefox/14.0.1"
178.25.212.225 - - [15/Dec/2012:22:35:39 +0100] "GET /img/links.jpg HTTP/1.1" 200 15669 "http://www.dialyse-borna.de/seiten/links.htm" "Mozilla/5.0 (Windows NT 6.0; rv:14.0) Gecko/20100101 Firefox/14.0.1"
178.25.212.225 - - [15/Dec/2012:22:35:46 +0100] "GET /seiten/kont.htm HTTP/1.1" 200 8048 "http://www.dialyse-borna.de/seiten/links.htm" "Mozilla/5.0 (Windows NT 6.0; rv:14.0) Gecko/20100101 Firefox/14.0.1"
193.106.136.61 - - [15/Dec/2012:23:18:42 +0100] "GET /seiten/news.php HTTP/1.1" 200 7079 "http://thebestofmoscow.ru/" "Mozilla/4.0 (compatible; MSIE 6.0; Update a; AOL 6.0; Windows 98)"
193.106.136.61 - - [15/Dec/2012:23:18:43 +0100] "GET /seiten/news.php HTTP/1.1" 200 7079 "http://thebestofmoscow.ru/" "Mozilla/4.0 (compatible; MSIE 6.0; Update a; AOL 6.0; Windows 98)"
82.113.121.127 - - [15/Dec/2012:23:51:38 +0100] "GET / HTTP/1.1" 200 2663 "http://www.google.de/search?hl=de&redir_esc=&client=ms-android-htc-rev&source=android-browser-suggest&v=141338691&qsubts=1355611790755&q=dialyse+borna" "Mozilla/5.0 (Linux; U; Android 4.0.4; de-de; HTC_Desire_X Build/IMM76D) AppleWebKit/534.30 (KHTML, like Gecko) Version/4.0 Mobile Safari/534.30"
82.113.121.127 - - [15/Dec/2012:23:51:39 +0100] "GET /css/borna.css HTTP/1.1" 200 2909 "http://www.dialyse-borna.de/" "Mozilla/5.0 (Linux; U; Android 4.0.4; de-de; HTC_Desire_X Build/IMM76D) AppleWebKit/534.30 (KHTML, like Gecko) Version/4.0 Mobile Safari/534.30"
82.113.121.127 - - [15/Dec/2012:23:51:41 +0100] "GET /seiten/start.htm HTTP/1.1" 200 7516 "http://www.dialyse-borna.de/" "Mozilla/5.0 (Linux; U; Android 4.0.4; de-de; HTC_Desire_X Build/IMM76D) AppleWebKit/534.30 (KHTML, like Gecko) Version/4.0 Mobile Safari/534.30"
82.113.121.127 - - [15/Dec/2012:23:51:42 +0100] "GET /img/bg2.gif HTTP/1.1" 200 49 "http://www.dialyse-borna.de/seiten/start.htm" "Mozilla/5.0 (Linux; U; Android 4.0.4; de-de; HTC_Desire_X Build/IMM76D) AppleWebKit/534.30 (KHTML, like Gecko) Version/4.0 Mobile Safari/534.30"
82.113.121.127 - - [15/Dec/2012:23:51:42 +0100] "GET /img/lay01.gif HTTP/1.1" 200 384 "http://www.dialyse-borna.de/seiten/start.htm" "Mozilla/5.0 (Linux; U; Android 4.0.4; de-de; HTC_Desire_X Build/IMM76D) AppleWebKit/534.30 (KHTML, like Gecko) Version/4.0 Mobile Safari/534.30"
82.113.121.127 - - [15/Dec/2012:23:51:42 +0100] "GET /img/1pixel.gif HTTP/1.1" 200 45 "http://www.dialyse-borna.de/seiten/start.htm" "Mozilla/5.0 (Linux; U; Android 4.0.4; de-de; HTC_Desire_X Build/IMM76D) AppleWebKit/534.30 (KHTML, like Gecko) Version/4.0 Mobile Safari/534.30"
82.113.121.127 - - [15/Dec/2012:23:51:42 +0100] "GET /img/men01.gif HTTP/1.1" 200 432 "http://www.dialyse-borna.de/seiten/start.htm" "Mozilla/5.0 (Linux; U; Android 4.0.4; de-de; HTC_Desire_X Build/IMM76D) AppleWebKit/534.30 (KHTML, like Gecko) Version/4.0 Mobile Safari/534.30"
82.113.121.127 - - [15/Dec/2012:23:51:43 +0100] "GET /img/lay02.gif HTTP/1.1" 200 3503 "http://www.dialyse-borna.de/seiten/start.htm" "Mozilla/5.0 (Linux; U; Android 4.0.4; de-de; HTC_Desire_X Build/IMM76D) AppleWebKit/534.30 (KHTML, like Gecko) Version/4.0 Mobile Safari/534.30"
82.113.121.127 - - [15/Dec/2012:23:51:43 +0100] "GET /img/men02a.gif HTTP/1.1" 200 589 "http://www.dialyse-borna.de/seiten/start.htm" "Mozilla/5.0 (Linux; U; Android 4.0.4; de-de; HTC_Desire_X Build/IMM76D) AppleWebKit/534.30 (KHTML, like Gecko) Version/4.0 Mobile Safari/534.30"
82.113.121.127 - - [15/Dec/2012:23:51:43 +0100] "GET /img/men03.gif HTTP/1.1" 200 1621 "http://www.dialyse-borna.de/seiten/start.htm" "Mozilla/5.0 (Linux; U; Android 4.0.4; de-de; HTC_Desire_X Build/IMM76D) AppleWebKit/534.30 (KHTML, like Gecko) Version/4.0 Mobile Safari/534.30"
82.113.121.127 - - [15/Dec/2012:23:51:43 +0100] "GET /img/men04.gif HTTP/1.1" 200 1395 "http://www.dialyse-borna.de/seiten/start.htm" "Mozilla/5.0 (Linux; U; Android 4.0.4; de-de; HTC_Desire_X Build/IMM76D) AppleWebKit/534.30 (KHTML, like Gecko) Version/4.0 Mobile Safari/534.30"
82.113.121.127 - - [15/Dec/2012:23:51:43 +0100] "GET /img/men06.gif HTTP/1.1" 200 1162 "http://www.dialyse-borna.de/seiten/start.htm" "Mozilla/5.0 (Linux; U; Android 4.0.4; de-de; HTC_Desire_X Build/IMM76D) AppleWebKit/534.30 (KHTML, like Gecko) Version/4.0 Mobile Safari/534.30"
82.113.121.127 - - [15/Dec/2012:23:51:43 +0100] "GET /img/men07.gif HTTP/1.1" 200 1396 "http://www.dialyse-borna.de/seiten/start.htm" "Mozilla/5.0 (Linux; U; Android 4.0.4; de-de; HTC_Desire_X Build/IMM76D) AppleWebKit/534.30 (KHTML, like Gecko) Version/4.0 Mobile Safari/534.30"
82.113.121.127 - - [15/Dec/2012:23:51:43 +0100] "GET /img/men08.gif HTTP/1.1" 200 1642 "http://www.dialyse-borna.de/seiten/start.htm" "Mozilla/5.0 (Linux; U; Android 4.0.4; de-de; HTC_Desire_X Build/IMM76D) AppleWebKit/534.30 (KHTML, like Gecko) Version/4.0 Mobile Safari/534.30"
82.113.121.127 - - [15/Dec/2012:23:51:43 +0100] "GET /img/men09.gif HTTP/1.1" 200 708 "http://www.dialyse-borna.de/seiten/start.htm" "Mozilla/5.0 (Linux; U; Android 4.0.4; de-de; HTC_Desire_X Build/IMM76D) AppleWebKit/534.30 (KHTML, like Gecko) Version/4.0 Mobile Safari/534.30"
82.113.121.127 - - [15/Dec/2012:23:51:44 +0100] "GET /img/lay08.gif HTTP/1.1" 200 322 "http://www.dialyse-borna.de/seiten/start.htm" "Mozilla/5.0 (Linux; U; Android 4.0.4; de-de; HTC_Desire_X Build/IMM76D) AppleWebKit/534.30 (KHTML, like Gecko) Version/4.0 Mobile Safari/534.30"
82.113.121.127 - - [15/Dec/2012:23:51:44 +0100] "GET /img/bg3.gif HTTP/1.1" 200 143 "http://www.dialyse-borna.de/seiten/start.htm" "Mozilla/5.0 (Linux; U; Android 4.0.4; de-de; HTC_Desire_X Build/IMM76D) AppleWebKit/534.30 (KHTML, like Gecko) Version/4.0 Mobile Safari/534.30"
82.113.121.127 - - [15/Dec/2012:23:51:44 +0100] "GET /img/lay03.gif HTTP/1.1" 200 671 "http://www.dialyse-borna.de/seiten/start.htm" "Mozilla/5.0 (Linux; U; Android 4.0.4; de-de; HTC_Desire_X Build/IMM76D) AppleWebKit/534.30 (KHTML, like Gecko) Version/4.0 Mobile Safari/534.30"
82.113.121.127 - - [15/Dec/2012:23:51:44 +0100] "GET /img/bg1.gif HTTP/1.1" 200 54 "http://www.dialyse-borna.de/seiten/start.htm" "Mozilla/5.0 (Linux; U; Android 4.0.4; de-de; HTC_Desire_X Build/IMM76D) AppleWebKit/534.30 (KHTML, like Gecko) Version/4.0 Mobile Safari/534.30"
82.113.121.127 - - [15/Dec/2012:23:51:44 +0100] "GET /img/main_pic.jpg HTTP/1.1" 200 14864 "http://www.dialyse-borna.de/seiten/start.htm" "Mozilla/5.0 (Linux; U; Android 4.0.4; de-de; HTC_Desire_X Build/IMM76D) AppleWebKit/534.30 (KHTML, like Gecko) Version/4.0 Mobile Safari/534.30"
82.113.121.127 - - [15/Dec/2012:23:51:44 +0100] "GET /img/pfeil.jpg HTTP/1.1" 200 380 "http://www.dialyse-borna.de/seiten/start.htm" "Mozilla/5.0 (Linux; U; Android 4.0.4; de-de; HTC_Desire_X Build/IMM76D) AppleWebKit/534.30 (KHTML, like Gecko) Version/4.0 Mobile Safari/534.30"
82.113.121.127 - - [15/Dec/2012:23:51:45 +0100] "GET /img/bg4.gif HTTP/1.1" 200 135 "http://www.dialyse-borna.de/seiten/start.htm" "Mozilla/5.0 (Linux; U; Android 4.0.4; de-de; HTC_Desire_X Build/IMM76D) AppleWebKit/534.30 (KHTML, like Gecko) Version/4.0 Mobile Safari/534.30"
82.113.121.127 - - [15/Dec/2012:23:51:45 +0100] "GET /img/lay04.gif HTTP/1.1" 200 210 "http://www.dialyse-borna.de/seiten/start.htm" "Mozilla/5.0 (Linux; U; Android 4.0.4; de-de; HTC_Desire_X Build/IMM76D) AppleWebKit/534.30 (KHTML, like Gecko) Version/4.0 Mobile Safari/534.30"
82.113.121.127 - - [15/Dec/2012:23:51:45 +0100] "GET /img/lay05.gif HTTP/1.1" 200 541 "http://www.dialyse-borna.de/seiten/start.htm" "Mozilla/5.0 (Linux; U; Android 4.0.4; de-de; HTC_Desire_X Build/IMM76D) AppleWebKit/534.30 (KHTML, like Gecko) Version/4.0 Mobile Safari/534.30"
82.113.121.127 - - [15/Dec/2012:23:51:45 +0100] "GET /img/lay07.gif HTTP/1.1" 200 272 "http://www.dialyse-borna.de/seiten/start.htm" "Mozilla/5.0 (Linux; U; Android 4.0.4; de-de; HTC_Desire_X Build/IMM76D) AppleWebKit/534.30 (KHTML, like Gecko) Version/4.0 Mobile Safari/534.30"
82.113.121.127 - - [15/Dec/2012:23:51:47 +0100] "GET /favicon.ico HTTP/1.1" 404 1256 "http://www.dialyse-borna.de/seiten/start.htm" "Mozilla/5.0 (Linux; U; Android 4.0.4; de-de; HTC_Desire_X Build/IMM76D) AppleWebKit/534.30 (KHTML, like Gecko) Version/4.0 Mobile Safari/534.30"
82.113.121.127 - - [15/Dec/2012:23:51:47 +0100] "GET /img/men03a.gif HTTP/1.1" 200 820 "http://www.dialyse-borna.de/seiten/start.htm" "Mozilla/5.0 (Linux; U; Android 4.0.4; de-de; HTC_Desire_X Build/IMM76D) AppleWebKit/534.30 (KHTML, like Gecko) Version/4.0 Mobile Safari/534.30"
82.113.121.127 - - [15/Dec/2012:23:51:47 +0100] "GET /img/men04a.gif HTTP/1.1" 200 669 "http://www.dialyse-borna.de/seiten/start.htm" "Mozilla/5.0 (Linux; U; Android 4.0.4; de-de; HTC_Desire_X Build/IMM76D) AppleWebKit/534.30 (KHTML, like Gecko) Version/4.0 Mobile Safari/534.30"
82.113.121.127 - - [15/Dec/2012:23:51:47 +0100] "GET /img/men05a.gif HTTP/1.1" 200 556 "http://www.dialyse-borna.de/seiten/start.htm" "Mozilla/5.0 (Linux; U; Android 4.0.4; de-de; HTC_Desire_X Build/IMM76D) AppleWebKit/534.30 (KHTML, like Gecko) Version/4.0 Mobile Safari/534.30"
82.113.121.127 - - [15/Dec/2012:23:51:47 +0100] "GET /img/men06a.gif HTTP/1.1" 200 518 "http://www.dialyse-borna.de/seiten/start.htm" "Mozilla/5.0 (Linux; U; Android 4.0.4; de-de; HTC_Desire_X Build/IMM76D) AppleWebKit/534.30 (KHTML, like Gecko) Version/4.0 Mobile Safari/534.30"
82.113.121.127 - - [15/Dec/2012:23:51:47 +0100] "GET /img/men07a.gif HTTP/1.1" 200 666 "http://www.dialyse-borna.de/seiten/start.htm" "Mozilla/5.0 (Linux; U; Android 4.0.4; de-de; HTC_Desire_X Build/IMM76D) AppleWebKit/534.30 (KHTML, like Gecko) Version/4.0 Mobile Safari/534.30"
82.113.121.127 - - [15/Dec/2012:23:51:48 +0100] "GET /img/men08a.gif HTTP/1.1" 200 819 "http://www.dialyse-borna.de/seiten/start.htm" "Mozilla/5.0 (Linux; U; Android 4.0.4; de-de; HTC_Desire_X Build/IMM76D) AppleWebKit/534.30 (KHTML, like Gecko) Version/4.0 Mobile Safari/534.30"
82.113.121.127 - - [15/Dec/2012:23:52:05 +0100] "GET /seiten/kont.htm HTTP/1.1" 200 8048 "http://www.dialyse-borna.de/seiten/start.htm" "Mozilla/5.0 (Linux; U; Android 4.0.4; de-de; HTC_Desire_X Build/IMM76D) AppleWebKit/534.30 (KHTML, like Gecko) Version/4.0 Mobile Safari/534.30"
82.113.121.127 - - [15/Dec/2012:23:52:07 +0100] "GET /img/men02.gif HTTP/1.1" 200 1273 "http://www.dialyse-borna.de/seiten/kont.htm" "Mozilla/5.0 (Linux; U; Android 4.0.4; de-de; HTC_Desire_X Build/IMM76D) AppleWebKit/534.30 (KHTML, like Gecko) Version/4.0 Mobile Safari/534.30"
89.108.102.171 - - [15/Dec/2012:23:53:48 +0100] "GET /seiten/news.php HTTP/1.1" 200 7079 "http://bablovseti.ru/" "Mozilla/4.0 (compatible; MSIE 7.0b; Windows NT 6.0)"
89.108.102.171 - - [15/Dec/2012:23:53:48 +0100] "GET /seiten/news.php HTTP/1.1" 200 7079 "http://bablovseti.ru/" "Mozilla/4.0 (compatible; MSIE 7.0b; Windows NT 6.0)"
157.55.32.114 - - [16/Dec/2012:04:13:28 +0100] "GET /robots.txt HTTP/1.1" 200 157 "-" "Mozilla/5.0 (compatible; bingbot/2.0; +http://www.bing.com/bingbot.htm)"
157.55.32.114 - - [16/Dec/2012:04:16:33 +0100] "GET / HTTP/1.1" 200 2663 "-" "Mozilla/5.0 (compatible; bingbot/2.0; +http://www.bing.com/bingbot.htm)"
157.55.35.40 - - [16/Dec/2012:04:39:55 +0100] "GET /seiten/start.htm HTTP/1.1" 200 7516 "-" "Mozilla/5.0 (compatible; bingbot/2.0; +http://www.bing.com/bingbot.htm)"
157.55.32.114 - - [16/Dec/2012:04:51:49 +0100] "GET / HTTP/1.1" 200 2663 "-" "Mozilla/5.0 (compatible; bingbot/2.0; +http://www.bing.com/bingbot.htm)"
62.219.8.229 - - [16/Dec/2012:04:57:00 +0100] "GET / HTTP/1.1" 200 2663 "-" "Mozilla/5.0 (Windows NT 6.0; WOW64) AppleWebKit/534.30 (KHTML, like Gecko) Chrome/12.0.742.91 Safari/534.30"
62.219.8.229 - - [16/Dec/2012:04:57:12 +0100] "GET /css/borna.css HTTP/1.1" 200 2909 "http://www.dialyse-borna.de/" "Mozilla/6.0 (compatible)"
62.219.8.229 - - [16/Dec/2012:04:57:12 +0100] "GET /false.htm HTTP/1.1" 200 2842 "http://www.dialyse-borna.de/" "Mozilla/4.0 (compatible; MSIE 7.0; Windows NT 5.1)"
62.219.8.229 - - [16/Dec/2012:04:57:12 +0100] "GET /img/FL_check.swf HTTP/1.1" 200 100 "http://www.dialyse-borna.de/" "Mozilla/6.0 (compatible)"
62.219.8.229 - - [16/Dec/2012:04:57:12 +0100] "GET /seiten/start.htm HTTP/1.1" 200 7516 "http://www.dialyse-borna.de/" "Mozilla/5.0 (compatible)"
82.80.249.193 - - [16/Dec/2012:04:57:13 +0100] "GET /img/FL_check.swf HTTP/1.0" 200 100 "-" "Mozilla/5.0 (X11; U; Linux i686; en-US; rv:1.9.2.28) Gecko"
82.80.249.193 - - [16/Dec/2012:04:57:14 +0100] "GET /seiten/start.htm HTTP/1.0" 200 7516 "http://www.dialyse-borna.de/img/FL_check.swf" "Mozilla/5.0 (X11; U; Linux i686; en-US; rv:1.9.2.28) Gecko"
82.80.249.193 - - [16/Dec/2012:04:57:14 +0100] "GET /img/1pixel.gif HTTP/1.0" 200 45 "http://www.dialyse-borna.de/seiten/start.htm" "Mozilla/5.0 (X11; U; Linux i686; en-US; rv:1.9.2.28) Gecko"
82.80.249.193 - - [16/Dec/2012:04:57:14 +0100] "GET /img/men01.gif HTTP/1.0" 200 432 "http://www.dialyse-borna.de/seiten/start.htm" "Mozilla/5.0 (X11; U; Linux i686; en-US; rv:1.9.2.28) Gecko"
82.80.249.193 - - [16/Dec/2012:04:57:14 +0100] "GET /css/borna.css HTTP/1.0" 200 2909 "http://www.dialyse-borna.de/seiten/start.htm" "Mozilla/5.0 (X11; U; Linux i686; en-US; rv:1.9.2.28) Gecko"
82.80.249.193 - - [16/Dec/2012:04:57:14 +0100] "GET /img/men03.gif HTTP/1.0" 200 1621 "http://www.dialyse-borna.de/seiten/start.htm" "Mozilla/5.0 (X11; U; Linux i686; en-US; rv:1.9.2.28) Gecko"
82.80.249.193 - - [16/Dec/2012:04:57:14 +0100] "GET /img/men04.gif HTTP/1.0" 200 1395 "http://www.dialyse-borna.de/seiten/start.htm" "Mozilla/5.0 (X11; U; Linux i686; en-US; rv:1.9.2.28) Gecko"
82.80.249.193 - - [16/Dec/2012:04:57:14 +0100] "GET /img/bg2.gif HTTP/1.0" 200 49 "http://www.dialyse-borna.de/seiten/start.htm" "Mozilla/5.0 (X11; U; Linux i686; en-US; rv:1.9.2.28) Gecko"
82.80.249.193 - - [16/Dec/2012:04:57:14 +0100] "GET /img/lay01.gif HTTP/1.0" 200 384 "http://www.dialyse-borna.de/seiten/start.htm" "Mozilla/5.0 (X11; U; Linux i686; en-US; rv:1.9.2.28) Gecko"
82.80.249.193 - - [16/Dec/2012:04:57:14 +0100] "GET /img/lay02.gif HTTP/1.0" 200 3503 "http://www.dialyse-borna.de/seiten/start.htm" "Mozilla/5.0 (X11; U; Linux i686; en-US; rv:1.9.2.28) Gecko"
82.80.249.193 - - [16/Dec/2012:04:57:14 +0100] "GET /seiten/start.htm HTTP/1.0" 200 7516 "http://www.dialyse-borna.de/img/FL_check.swf" "Mozilla/5.0 (X11; U; Linux i686; en-US; rv:1.9.2.28) Gecko"
82.80.249.193 - - [16/Dec/2012:04:57:14 +0100] "GET /seiten/start.htm HTTP/1.0" 200 7516 "http://www.dialyse-borna.de/img/FL_check.swf" "Mozilla/5.0 (X11; U; Linux i686; en-US; rv:1.9.2.28) Gecko"
82.80.249.193 - - [16/Dec/2012:04:57:15 +0100] "GET /css/borna.css HTTP/1.0" 200 2909 "http://www.dialyse-borna.de/seiten/start.htm" "Mozilla/5.0 (X11; U; Linux i686; en-US; rv:1.9.2.28) Gecko"
82.80.249.193 - - [16/Dec/2012:04:57:15 +0100] "GET /img/men01.gif HTTP/1.0" 200 432 "http://www.dialyse-borna.de/seiten/start.htm" "Mozilla/5.0 (X11; U; Linux i686; en-US; rv:1.9.2.28) Gecko"
82.80.249.193 - - [16/Dec/2012:04:57:15 +0100] "GET /img/men02a.gif HTTP/1.0" 200 589 "http://www.dialyse-borna.de/seiten/start.htm" "Mozilla/5.0 (X11; U; Linux i686; en-US; rv:1.9.2.28) Gecko"
82.80.249.193 - - [16/Dec/2012:04:57:15 +0100] "GET /img/1pixel.gif HTTP/1.0" 200 45 "http://www.dialyse-borna.de/seiten/start.htm" "Mozilla/5.0 (X11; U; Linux i686; en-US; rv:1.9.2.28) Gecko"
82.80.249.193 - - [16/Dec/2012:04:57:15 +0100] "GET /img/men03.gif HTTP/1.0" 200 1621 "http://www.dialyse-borna.de/seiten/start.htm" "Mozilla/5.0 (X11; U; Linux i686; en-US; rv:1.9.2.28) Gecko"
82.80.249.193 - - [16/Dec/2012:04:57:15 +0100] "GET /img/men04.gif HTTP/1.0" 200 1395 "http://www.dialyse-borna.de/seiten/start.htm" "Mozilla/5.0 (X11; U; Linux i686; en-US; rv:1.9.2.28) Gecko"
82.80.249.193 - - [16/Dec/2012:04:57:15 +0100] "GET /img/men06.gif HTTP/1.0" 200 1162 "http://www.dialyse-borna.de/seiten/start.htm" "Mozilla/5.0 (X11; U; Linux i686; en-US; rv:1.9.2.28) Gecko"
82.80.249.193 - - [16/Dec/2012:04:57:15 +0100] "GET /img/men07.gif HTTP/1.0" 200 1396 "http://www.dialyse-borna.de/seiten/start.htm" "Mozilla/5.0 (X11; U; Linux i686; en-US; rv:1.9.2.28) Gecko"
82.80.249.193 - - [16/Dec/2012:04:57:15 +0100] "GET /img/men08.gif HTTP/1.0" 200 1642 "http://www.dialyse-borna.de/seiten/start.htm" "Mozilla/5.0 (X11; U; Linux i686; en-US; rv:1.9.2.28) Gecko"
82.80.249.193 - - [16/Dec/2012:04:57:15 +0100] "GET /img/lay03.gif HTTP/1.0" 200 671 "http://www.dialyse-borna.de/seiten/start.htm" "Mozilla/5.0 (X11; U; Linux i686; en-US; rv:1.9.2.28) Gecko"
82.80.249.193 - - [16/Dec/2012:04:57:15 +0100] "GET /img/lay04.gif HTTP/1.0" 200 210 "http://www.dialyse-borna.de/seiten/start.htm" "Mozilla/5.0 (X11; U; Linux i686; en-US; rv:1.9.2.28) Gecko"
82.80.249.193 - - [16/Dec/2012:04:57:15 +0100] "GET /img/main_pic.jpg HTTP/1.0" 200 14864 "http://www.dialyse-borna.de/seiten/start.htm" "Mozilla/5.0 (X11; U; Linux i686; en-US; rv:1.9.2.28) Gecko"
82.80.249.193 - - [16/Dec/2012:04:57:15 +0100] "GET /img/pfeil.jpg HTTP/1.0" 200 380 "http://www.dialyse-borna.de/seiten/start.htm" "Mozilla/5.0 (X11; U; Linux i686; en-US; rv:1.9.2.28) Gecko"
82.80.249.193 - - [16/Dec/2012:04:57:15 +0100] "GET /img/lay07.gif HTTP/1.0" 200 272 "http://www.dialyse-borna.de/seiten/start.htm" "Mozilla/5.0 (X11; U; Linux i686; en-US; rv:1.9.2.28) Gecko"
