157.55.35.40 - - [21/Dec/2012:12:06:27 +0100] "GET /seiten/start.htm HTTP/1.1" 200 7516 "-" "Mozilla/5.0 (compatible; bingbot/2.0; +http://www.bing.com/bingbot.htm)"
157.55.32.62 - - [21/Dec/2012:12:26:18 +0100] "GET /seiten/kont.htm HTTP/1.1" 200 8048 "-" "Mozilla/5.0 (compatible; bingbot/2.0; +http://www.bing.com/bingbot.htm)"
141.8.147.1 - - [21/Dec/2012:12:34:45 +0100] "GET / HTTP/1.1" 200 2663 "-" "Mozilla/5.0 (compatible; YandexBot/3.0; +http://yandex.com/bots)"
157.55.35.47 - - [21/Dec/2012:12:37:49 +0100] "GET /seiten/impr.htm HTTP/1.1" 200 9648 "-" "Mozilla/5.0 (compatible; bingbot/2.0; +http://www.bing.com/bingbot.htm)"
157.55.35.114 - - [21/Dec/2012:12:49:20 +0100] "GET /seiten/links.htm HTTP/1.1" 200 7302 "-" "Mozilla/5.0 (compatible; bingbot/2.0; +http://www.bing.com/bingbot.htm)"
157.55.35.114 - - [21/Dec/2012:12:49:20 +0100] "GET /seiten/praxis.htm HTTP/1.1" 200 7847 "-" "Mozilla/5.0 (compatible; bingbot/2.0; +http://www.bing.com/bingbot.htm)"
74.125.17.221 - - [21/Dec/2012:13:00:02 +0100] "GET / HTTP/1.1" 200 2663 "http://www.google.com/search" "Mozilla/5.0 (X11; Linux x86_64) AppleWebKit/537.4 (KHTML, like Gecko; Google Web Preview) Chrome/22.0.1229 Safari/537.4"
74.125.17.221 - - [21/Dec/2012:13:00:02 +0100] "GET /css/borna.css HTTP/1.1" 200 2909 "http://www.dialyse-borna.de/" "Mozilla/5.0 (X11; Linux x86_64) AppleWebKit/537.4 (KHTML, like Gecko; Google Web Preview) Chrome/22.0.1229 Safari/537.4"
74.125.17.221 - - [21/Dec/2012:13:00:02 +0100] "GET /seiten/start.htm HTTP/1.1" 200 7516 "http://www.dialyse-borna.de/" "Mozilla/5.0 (X11; Linux x86_64) AppleWebKit/537.4 (KHTML, like Gecko; Google Web Preview) Chrome/22.0.1229 Safari/537.4"
74.125.17.221 - - [21/Dec/2012:13:00:02 +0100] "GET /img/1pixel.gif HTTP/1.1" 200 45 "http://www.dialyse-borna.de/seiten/start.htm" "Mozilla/5.0 (X11; Linux x86_64) AppleWebKit/537.4 (KHTML, like Gecko; Google Web Preview) Chrome/22.0.1229 Safari/537.4"
74.125.17.221 - - [21/Dec/2012:13:00:03 +0100] "GET /img/men03.gif HTTP/1.1" 200 1621 "http://www.dialyse-borna.de/seiten/start.htm" "Mozilla/5.0 (X11; Linux x86_64) AppleWebKit/537.4 (KHTML, like Gecko; Google Web Preview) Chrome/22.0.1229 Safari/537.4"
74.125.17.221 - - [21/Dec/2012:13:00:03 +0100] "GET /img/men01.gif HTTP/1.1" 200 432 "http://www.dialyse-borna.de/seiten/start.htm" "Mozilla/5.0 (X11; Linux x86_64) AppleWebKit/537.4 (KHTML, like Gecko; Google Web Preview) Chrome/22.0.1229 Safari/537.4"
74.125.17.221 - - [21/Dec/2012:13:00:03 +0100] "GET /img/lay02.gif HTTP/1.1" 200 3503 "http://www.dialyse-borna.de/seiten/start.htm" "Mozilla/5.0 (X11; Linux x86_64) AppleWebKit/537.4 (KHTML, like Gecko; Google Web Preview) Chrome/22.0.1229 Safari/537.4"
74.125.17.221 - - [21/Dec/2012:13:00:03 +0100] "GET /img/lay01.gif HTTP/1.1" 200 384 "http://www.dialyse-borna.de/seiten/start.htm" "Mozilla/5.0 (X11; Linux x86_64) AppleWebKit/537.4 (KHTML, like Gecko; Google Web Preview) Chrome/22.0.1229 Safari/537.4"
74.125.17.221 - - [21/Dec/2012:13:00:03 +0100] "GET /img/men06.gif HTTP/1.1" 200 1162 "http://www.dialyse-borna.de/seiten/start.htm" "Mozilla/5.0 (X11; Linux x86_64) AppleWebKit/537.4 (KHTML, like Gecko; Google Web Preview) Chrome/22.0.1229 Safari/537.4"
74.125.17.221 - - [21/Dec/2012:13:00:03 +0100] "GET /img/men02a.gif HTTP/1.1" 200 589 "http://www.dialyse-borna.de/seiten/start.htm" "Mozilla/5.0 (X11; Linux x86_64) AppleWebKit/537.4 (KHTML, like Gecko; Google Web Preview) Chrome/22.0.1229 Safari/537.4"
74.125.17.221 - - [21/Dec/2012:13:00:03 +0100] "GET /img/bg1.gif HTTP/1.1" 200 54 "http://www.dialyse-borna.de/seiten/start.htm" "Mozilla/5.0 (X11; Linux x86_64) AppleWebKit/537.4 (KHTML, like Gecko; Google Web Preview) Chrome/22.0.1229 Safari/537.4"
74.125.17.221 - - [21/Dec/2012:13:00:03 +0100] "GET /img/bg3.gif HTTP/1.1" 200 143 "http://www.dialyse-borna.de/seiten/start.htm" "Mozilla/5.0 (X11; Linux x86_64) AppleWebKit/537.4 (KHTML, like Gecko; Google Web Preview) Chrome/22.0.1229 Safari/537.4"
74.125.17.221 - - [21/Dec/2012:13:00:03 +0100] "GET /img/bg2.gif HTTP/1.1" 200 49 "http://www.dialyse-borna.de/seiten/start.htm" "Mozilla/5.0 (X11; Linux x86_64) AppleWebKit/537.4 (KHTML, like Gecko; Google Web Preview) Chrome/22.0.1229 Safari/537.4"
74.125.17.221 - - [21/Dec/2012:13:00:03 +0100] "GET /img/lay05.gif HTTP/1.1" 200 541 "http://www.dialyse-borna.de/seiten/start.htm" "Mozilla/5.0 (X11; Linux x86_64) AppleWebKit/537.4 (KHTML, like Gecko; Google Web Preview) Chrome/22.0.1229 Safari/537.4"
74.125.17.221 - - [21/Dec/2012:13:00:03 +0100] "GET /img/lay07.gif HTTP/1.1" 200 272 "http://www.dialyse-borna.de/seiten/start.htm" "Mozilla/5.0 (X11; Linux x86_64) AppleWebKit/537.4 (KHTML, like Gecko; Google Web Preview) Chrome/22.0.1229 Safari/537.4"
74.125.17.221 - - [21/Dec/2012:13:00:03 +0100] "GET /img/lay03.gif HTTP/1.1" 200 671 "http://www.dialyse-borna.de/seiten/start.htm" "Mozilla/5.0 (X11; Linux x86_64) AppleWebKit/537.4 (KHTML, like Gecko; Google Web Preview) Chrome/22.0.1229 Safari/537.4"
74.125.17.221 - - [21/Dec/2012:13:00:04 +0100] "GET /img/men04.gif HTTP/1.1" 200 1395 "http://www.dialyse-borna.de/seiten/start.htm" "Mozilla/5.0 (X11; Linux x86_64) AppleWebKit/537.4 (KHTML, like Gecko; Google Web Preview) Chrome/22.0.1229 Safari/537.4"
74.125.17.221 - - [21/Dec/2012:13:00:04 +0100] "GET /img/main_pic.jpg HTTP/1.1" 200 14864 "http://www.dialyse-borna.de/seiten/start.htm" "Mozilla/5.0 (X11; Linux x86_64) AppleWebKit/537.4 (KHTML, like Gecko; Google Web Preview) Chrome/22.0.1229 Safari/537.4"
74.125.17.221 - - [21/Dec/2012:13:00:05 +0100] "GET /img/lay08.gif HTTP/1.1" 200 322 "http://www.dialyse-borna.de/seiten/start.htm" "Mozilla/5.0 (X11; Linux x86_64) AppleWebKit/537.4 (KHTML, like Gecko; Google Web Preview) Chrome/22.0.1229 Safari/537.4"
74.125.17.221 - - [21/Dec/2012:13:00:05 +0100] "GET /img/bg4.gif HTTP/1.1" 200 135 "http://www.dialyse-borna.de/seiten/start.htm" "Mozilla/5.0 (X11; Linux x86_64) AppleWebKit/537.4 (KHTML, like Gecko; Google Web Preview) Chrome/22.0.1229 Safari/537.4"
74.125.17.221 - - [21/Dec/2012:13:00:05 +0100] "GET /img/men07.gif HTTP/1.1" 200 1396 "http://www.dialyse-borna.de/seiten/start.htm" "Mozilla/5.0 (X11; Linux x86_64) AppleWebKit/537.4 (KHTML, like Gecko; Google Web Preview) Chrome/22.0.1229 Safari/537.4"
74.125.17.221 - - [21/Dec/2012:13:00:05 +0100] "GET /img/men08.gif HTTP/1.1" 200 1642 "http://www.dialyse-borna.de/seiten/start.htm" "Mozilla/5.0 (X11; Linux x86_64) AppleWebKit/537.4 (KHTML, like Gecko; Google Web Preview) Chrome/22.0.1229 Safari/537.4"
74.125.17.221 - - [21/Dec/2012:13:00:06 +0100] "GET /img/pfeil.jpg HTTP/1.1" 200 380 "http://www.dialyse-borna.de/seiten/start.htm" "Mozilla/5.0 (X11; Linux x86_64) AppleWebKit/537.4 (KHTML, like Gecko; Google Web Preview) Chrome/22.0.1229 Safari/537.4"
213.23.155.185 - - [21/Dec/2012:13:00:06 +0100] "GET / HTTP/1.1" 304 - "http://www.google.de/url?sa=t&rct=j&q=borna%20dialyse&source=web&cd=4&ved=0CEsQFjAD&url=http%3A%2F%2Fwww.dialyse-borna.de%2F&ei=AU_UUKh2w5q1BomlgYgH&usg=AFQjCNF2KNTIkBF7QiIB3UFmpF4J1FAf4w&bvm=bv.1355534169,d.Yms" "Mozilla/5.0 (compatible; MSIE 9.0; Windows NT 6.1; Trident/5.0)"
213.23.155.185 - - [21/Dec/2012:13:00:06 +0100] "GET / HTTP/1.1" 304 - "http://www.google.de/url?sa=t&rct=j&q=borna%20dialyse&source=web&cd=4&ved=0CEsQFjAD&url=http%3A%2F%2Fwww.dialyse-borna.de%2F&ei=AU_UUKh2w5q1BomlgYgH&usg=AFQjCNF2KNTIkBF7QiIB3UFmpF4J1FAf4w&bvm=bv.1355534169,d.Yms" "Mozilla/5.0 (compatible; MSIE 9.0; Windows NT 6.1; Trident/5.0)"
213.23.155.185 - - [21/Dec/2012:13:00:06 +0100] "GET / HTTP/1.1" 304 - "http://www.google.de/url?sa=t&rct=j&q=borna%20dialyse&source=web&cd=4&ved=0CEsQFjAD&url=http%3A%2F%2Fwww.dialyse-borna.de%2F&ei=AU_UUKh2w5q1BomlgYgH&usg=AFQjCNF2KNTIkBF7QiIB3UFmpF4J1FAf4w&bvm=bv.1355534169,d.Yms" "Mozilla/5.0 (compatible; MSIE 9.0; Windows NT 6.1; Trident/5.0)"
213.23.155.185 - - [21/Dec/2012:13:00:06 +0100] "GET / HTTP/1.1" 304 - "http://www.google.de/url?sa=t&rct=j&q=borna%20dialyse&source=web&cd=4&ved=0CEsQFjAD&url=http%3A%2F%2Fwww.dialyse-borna.de%2F&ei=AU_UUKh2w5q1BomlgYgH&usg=AFQjCNF2KNTIkBF7QiIB3UFmpF4J1FAf4w&bvm=bv.1355534169,d.Yms" "Mozilla/5.0 (compatible; MSIE 9.0; Windows NT 6.1; Trident/5.0)"
74.125.17.221 - - [21/Dec/2012:13:00:06 +0100] "GET /img/men09.gif HTTP/1.1" 200 708 "http://www.dialyse-borna.de/seiten/start.htm" "Mozilla/5.0 (X11; Linux x86_64) AppleWebKit/537.4 (KHTML, like Gecko; Google Web Preview) Chrome/22.0.1229 Safari/537.4"
74.125.17.221 - - [21/Dec/2012:13:00:06 +0100] "GET /img/lay04.gif HTTP/1.1" 200 210 "http://www.dialyse-borna.de/seiten/start.htm" "Mozilla/5.0 (X11; Linux x86_64) AppleWebKit/537.4 (KHTML, like Gecko; Google Web Preview) Chrome/22.0.1229 Safari/537.4"
74.125.17.221 - - [21/Dec/2012:13:00:06 +0100] "GET /img/men06a.gif HTTP/1.1" 200 518 "http://www.dialyse-borna.de/seiten/start.htm" "Mozilla/5.0 (X11; Linux x86_64) AppleWebKit/537.4 (KHTML, like Gecko; Google Web Preview) Chrome/22.0.1229 Safari/537.4"
74.125.17.221 - - [21/Dec/2012:13:00:06 +0100] "GET /img/men03a.gif HTTP/1.1" 200 820 "http://www.dialyse-borna.de/seiten/start.htm" "Mozilla/5.0 (X11; Linux x86_64) AppleWebKit/537.4 (KHTML, like Gecko; Google Web Preview) Chrome/22.0.1229 Safari/537.4"
74.125.17.221 - - [21/Dec/2012:13:00:06 +0100] "GET /img/men08a.gif HTTP/1.1" 200 819 "http://www.dialyse-borna.de/seiten/start.htm" "Mozilla/5.0 (X11; Linux x86_64) AppleWebKit/537.4 (KHTML, like Gecko; Google Web Preview) Chrome/22.0.1229 Safari/537.4"
74.125.17.221 - - [21/Dec/2012:13:00:06 +0100] "GET /img/men07a.gif HTTP/1.1" 200 666 "http://www.dialyse-borna.de/seiten/start.htm" "Mozilla/5.0 (X11; Linux x86_64) AppleWebKit/537.4 (KHTML, like Gecko; Google Web Preview) Chrome/22.0.1229 Safari/537.4"
74.125.17.221 - - [21/Dec/2012:13:00:06 +0100] "GET /img/men05a.gif HTTP/1.1" 200 556 "http://www.dialyse-borna.de/seiten/start.htm" "Mozilla/5.0 (X11; Linux x86_64) AppleWebKit/537.4 (KHTML, like Gecko; Google Web Preview) Chrome/22.0.1229 Safari/537.4"
74.125.17.221 - - [21/Dec/2012:13:00:06 +0100] "GET /img/men04a.gif HTTP/1.1" 200 669 "http://www.dialyse-borna.de/seiten/start.htm" "Mozilla/5.0 (X11; Linux x86_64) AppleWebKit/537.4 (KHTML, like Gecko; Google Web Preview) Chrome/22.0.1229 Safari/537.4"
213.23.155.185 - - [21/Dec/2012:13:00:06 +0100] "GET /css/borna.css HTTP/1.1" 304 - "http://www.dialyse-borna.de/" "Mozilla/5.0 (compatible; MSIE 9.0; Windows NT 6.1; Trident/5.0)"
213.23.155.185 - - [21/Dec/2012:13:00:06 +0100] "GET /css/borna.css HTTP/1.1" 304 - "http://www.dialyse-borna.de/" "Mozilla/5.0 (compatible; MSIE 9.0; Windows NT 6.1; Trident/5.0)"
213.23.155.185 - - [21/Dec/2012:13:00:06 +0100] "GET /seiten/start.htm HTTP/1.1" 304 - "http://www.dialyse-borna.de/" "Mozilla/5.0 (compatible; MSIE 9.0; Windows NT 6.1; Trident/5.0)"
213.23.155.185 - - [21/Dec/2012:13:00:06 +0100] "GET /img/men01.gif HTTP/1.1" 304 - "http://www.dialyse-borna.de/seiten/start.htm" "Mozilla/5.0 (compatible; MSIE 9.0; Windows NT 6.1; Trident/5.0)"
213.23.155.185 - - [21/Dec/2012:13:00:06 +0100] "GET /img/1pixel.gif HTTP/1.1" 304 - "http://www.dialyse-borna.de/seiten/start.htm" "Mozilla/5.0 (compatible; MSIE 9.0; Windows NT 6.1; Trident/5.0)"
213.23.155.185 - - [21/Dec/2012:13:00:06 +0100] "GET /img/men02a.gif HTTP/1.1" 304 - "http://www.dialyse-borna.de/seiten/start.htm" "Mozilla/5.0 (compatible; MSIE 9.0; Windows NT 6.1; Trident/5.0)"
213.23.155.185 - - [21/Dec/2012:13:00:07 +0100] "GET /img/men07.gif HTTP/1.1" 304 - "http://www.dialyse-borna.de/seiten/start.htm" "Mozilla/5.0 (compatible; MSIE 9.0; Windows NT 6.1; Trident/5.0)"
213.23.155.185 - - [21/Dec/2012:13:00:07 +0100] "GET /img/men03.gif HTTP/1.1" 304 - "http://www.dialyse-borna.de/seiten/start.htm" "Mozilla/5.0 (compatible; MSIE 9.0; Windows NT 6.1; Trident/5.0)"
213.23.155.185 - - [21/Dec/2012:13:00:07 +0100] "GET /img/men08.gif HTTP/1.1" 304 - "http://www.dialyse-borna.de/seiten/start.htm" "Mozilla/5.0 (compatible; MSIE 9.0; Windows NT 6.1; Trident/5.0)"
213.23.155.185 - - [21/Dec/2012:13:00:07 +0100] "GET /img/men04.gif HTTP/1.1" 304 - "http://www.dialyse-borna.de/seiten/start.htm" "Mozilla/5.0 (compatible; MSIE 9.0; Windows NT 6.1; Trident/5.0)"
213.23.155.185 - - [21/Dec/2012:13:00:07 +0100] "GET /img/men06.gif HTTP/1.1" 304 - "http://www.dialyse-borna.de/seiten/start.htm" "Mozilla/5.0 (compatible; MSIE 9.0; Windows NT 6.1; Trident/5.0)"
213.23.155.185 - - [21/Dec/2012:13:00:07 +0100] "GET /img/men02a.gif HTTP/1.1" 304 - "http://www.dialyse-borna.de/seiten/start.htm" "Mozilla/5.0 (compatible; MSIE 9.0; Windows NT 6.1; Trident/5.0)"
213.23.155.185 - - [21/Dec/2012:13:00:07 +0100] "GET /img/men03.gif HTTP/1.1" 304 - "http://www.dialyse-borna.de/seiten/start.htm" "Mozilla/5.0 (compatible; MSIE 9.0; Windows NT 6.1; Trident/5.0)"
213.23.155.185 - - [21/Dec/2012:13:00:07 +0100] "GET /img/men04.gif HTTP/1.1" 304 - "http://www.dialyse-borna.de/seiten/start.htm" "Mozilla/5.0 (compatible; MSIE 9.0; Windows NT 6.1; Trident/5.0)"
213.23.155.185 - - [21/Dec/2012:13:00:07 +0100] "GET /img/men06.gif HTTP/1.1" 304 - "http://www.dialyse-borna.de/seiten/start.htm" "Mozilla/5.0 (compatible; MSIE 9.0; Windows NT 6.1; Trident/5.0)"
213.23.155.185 - - [21/Dec/2012:13:00:07 +0100] "GET /img/men07.gif HTTP/1.1" 304 - "http://www.dialyse-borna.de/seiten/start.htm" "Mozilla/5.0 (compatible; MSIE 9.0; Windows NT 6.1; Trident/5.0)"
213.23.155.185 - - [21/Dec/2012:13:00:07 +0100] "GET /img/men09.gif HTTP/1.1" 304 - "http://www.dialyse-borna.de/seiten/start.htm" "Mozilla/5.0 (compatible; MSIE 9.0; Windows NT 6.1; Trident/5.0)"
213.23.155.185 - - [21/Dec/2012:13:00:07 +0100] "GET /img/lay03.gif HTTP/1.1" 304 - "http://www.dialyse-borna.de/seiten/start.htm" "Mozilla/5.0 (compatible; MSIE 9.0; Windows NT 6.1; Trident/5.0)"
213.23.155.185 - - [21/Dec/2012:13:00:07 +0100] "GET /img/main_pic.jpg HTTP/1.1" 304 - "http://www.dialyse-borna.de/seiten/start.htm" "Mozilla/5.0 (compatible; MSIE 9.0; Windows NT 6.1; Trident/5.0)"
213.23.155.185 - - [21/Dec/2012:13:00:07 +0100] "GET /img/pfeil.jpg HTTP/1.1" 304 - "http://www.dialyse-borna.de/seiten/start.htm" "Mozilla/5.0 (compatible; MSIE 9.0; Windows NT 6.1; Trident/5.0)"
213.23.155.185 - - [21/Dec/2012:13:00:07 +0100] "GET /img/lay04.gif HTTP/1.1" 304 - "http://www.dialyse-borna.de/seiten/start.htm" "Mozilla/5.0 (compatible; MSIE 9.0; Windows NT 6.1; Trident/5.0)"
213.23.155.185 - - [21/Dec/2012:13:00:07 +0100] "GET /img/lay07.gif HTTP/1.1" 304 - "http://www.dialyse-borna.de/seiten/start.htm" "Mozilla/5.0 (compatible; MSIE 9.0; Windows NT 6.1; Trident/5.0)"
213.23.155.185 - - [21/Dec/2012:13:00:07 +0100] "GET /img/bg2.gif HTTP/1.1" 304 - "http://www.dialyse-borna.de/seiten/start.htm" "Mozilla/5.0 (compatible; MSIE 9.0; Windows NT 6.1; Trident/5.0)"
213.23.155.185 - - [21/Dec/2012:13:00:07 +0100] "GET /img/bilder.swf HTTP/1.1" 304 - "http://www.dialyse-borna.de/seiten/start.htm" "Mozilla/5.0 (compatible; MSIE 9.0; Windows NT 6.1; Trident/5.0)"
213.23.155.185 - - [21/Dec/2012:13:00:07 +0100] "GET /img/bg1.gif HTTP/1.1" 304 - "http://www.dialyse-borna.de/seiten/start.htm" "Mozilla/5.0 (compatible; MSIE 9.0; Windows NT 6.1; Trident/5.0)"
213.23.155.185 - - [21/Dec/2012:13:00:07 +0100] "GET /img/bg3.gif HTTP/1.1" 304 - "http://www.dialyse-borna.de/seiten/start.htm" "Mozilla/5.0 (compatible; MSIE 9.0; Windows NT 6.1; Trident/5.0)"
213.23.155.185 - - [21/Dec/2012:13:00:07 +0100] "GET /img/lay08.gif HTTP/1.1" 304 - "http://www.dialyse-borna.de/seiten/start.htm" "Mozilla/5.0 (compatible; MSIE 9.0; Windows NT 6.1; Trident/5.0)"
213.23.155.185 - - [21/Dec/2012:13:00:07 +0100] "GET /img/lay02.gif HTTP/1.1" 304 - "http://www.dialyse-borna.de/seiten/start.htm" "Mozilla/5.0 (compatible; MSIE 9.0; Windows NT 6.1; Trident/5.0)"
213.23.155.185 - - [21/Dec/2012:13:00:07 +0100] "GET /img/lay01.gif HTTP/1.1" 304 - "http://www.dialyse-borna.de/seiten/start.htm" "Mozilla/5.0 (compatible; MSIE 9.0; Windows NT 6.1; Trident/5.0)"
213.23.155.185 - - [21/Dec/2012:13:00:07 +0100] "GET /img/bg4.gif HTTP/1.1" 304 - "http://www.dialyse-borna.de/seiten/start.htm" "Mozilla/5.0 (compatible; MSIE 9.0; Windows NT 6.1; Trident/5.0)"
213.23.155.185 - - [21/Dec/2012:13:00:07 +0100] "GET /img/lay05.gif HTTP/1.1" 304 - "http://www.dialyse-borna.de/seiten/start.htm" "Mozilla/5.0 (compatible; MSIE 9.0; Windows NT 6.1; Trident/5.0)"
213.23.155.185 - - [21/Dec/2012:13:00:07 +0100] "GET /img/men08.gif HTTP/1.1" 304 - "http://www.dialyse-borna.de/seiten/start.htm" "Mozilla/5.0 (compatible; MSIE 9.0; Windows NT 6.1; Trident/5.0)"
213.23.155.185 - - [21/Dec/2012:13:00:07 +0100] "GET /img/men03a.gif HTTP/1.1" 304 - "http://www.dialyse-borna.de/seiten/start.htm" "Mozilla/5.0 (compatible; MSIE 9.0; Windows NT 6.1; Trident/5.0)"
213.23.155.185 - - [21/Dec/2012:13:00:07 +0100] "GET /favicon.ico HTTP/1.1" 404 1256 "-" "Mozilla/5.0 (compatible; MSIE 9.0; Windows NT 6.1; Trident/5.0)"
213.23.155.185 - - [21/Dec/2012:13:00:07 +0100] "GET /img/men04a.gif HTTP/1.1" 304 - "http://www.dialyse-borna.de/seiten/start.htm" "Mozilla/5.0 (compatible; MSIE 9.0; Windows NT 6.1; Trident/5.0)"
213.23.155.185 - - [21/Dec/2012:13:00:07 +0100] "GET /img/men05a.gif HTTP/1.1" 304 - "http://www.dialyse-borna.de/seiten/start.htm" "Mozilla/5.0 (compatible; MSIE 9.0; Windows NT 6.1; Trident/5.0)"
213.23.155.185 - - [21/Dec/2012:13:00:07 +0100] "GET /img/men06a.gif HTTP/1.1" 304 - "http://www.dialyse-borna.de/seiten/start.htm" "Mozilla/5.0 (compatible; MSIE 9.0; Windows NT 6.1; Trident/5.0)"
213.23.155.185 - - [21/Dec/2012:13:00:07 +0100] "GET /img/men07a.gif HTTP/1.1" 304 - "http://www.dialyse-borna.de/seiten/start.htm" "Mozilla/5.0 (compatible; MSIE 9.0; Windows NT 6.1; Trident/5.0)"
213.23.155.185 - - [21/Dec/2012:13:00:07 +0100] "GET /img/men08a.gif HTTP/1.1" 304 - "http://www.dialyse-borna.de/seiten/start.htm" "Mozilla/5.0 (compatible; MSIE 9.0; Windows NT 6.1; Trident/5.0)"
213.23.155.185 - - [21/Dec/2012:13:00:13 +0100] "GET /seiten/kont.htm HTTP/1.1" 304 - "http://www.dialyse-borna.de/seiten/start.htm" "Mozilla/5.0 (compatible; MSIE 9.0; Windows NT 6.1; Trident/5.0)"
213.23.155.185 - - [21/Dec/2012:13:00:13 +0100] "GET /img/men02.gif HTTP/1.1" 304 - "http://www.dialyse-borna.de/seiten/kont.htm" "Mozilla/5.0 (compatible; MSIE 9.0; Windows NT 6.1; Trident/5.0)"
213.23.155.185 - - [21/Dec/2012:13:00:13 +0100] "GET /img/men02.gif HTTP/1.1" 304 - "http://www.dialyse-borna.de/seiten/kont.htm" "Mozilla/5.0 (compatible; MSIE 9.0; Windows NT 6.1; Trident/5.0)"
213.23.155.185 - - [21/Dec/2012:13:00:13 +0100] "GET /favicon.ico HTTP/1.1" 404 1256 "-" "Mozilla/5.0 (compatible; MSIE 9.0; Windows NT 6.1; Trident/5.0)"
37.139.52.23 - - [21/Dec/2012:14:04:13 +0100] "GET /seiten/news.php HTTP/1.1" 200 7079 "http://seocountry.net/news.php?readmore=9" "Mozilla/4.0 (compatible; MSIE 6.0; Windows NT 5.1; FREE; .NET CLR 1.1.4322)"
37.139.52.23 - - [21/Dec/2012:14:04:13 +0100] "GET /seiten/news.php HTTP/1.1" 200 7079 "http://seocountry.net/news.php?readmore=9" "Mozilla/4.0 (compatible; MSIE 6.0; Windows NT 5.1; FREE; .NET CLR 1.1.4322)"
208.115.111.73 - - [21/Dec/2012:14:08:12 +0100] "GET /robots.txt HTTP/1.1" 200 157 "-" "Mozilla/5.0 (compatible; Ezooms/1.0; ezooms.bot@gmail.com)"
218.93.127.121 - - [21/Dec/2012:14:37:16 +0100] "GET /seiten/links.htm HTTP/1.0" 200 7302 "http://www.dialyse-borna.de/seiten/links.htm" "Opera/9.80 (Windows NT 5.1; U; Edition Ukraine Local; ru) Presto/2.10.289 Version/12.00"
91.223.75.118 - - [21/Dec/2012:15:51:41 +0100] "GET /seiten/news.php HTTP/1.1" 200 7079 "http://www.shopan.co.de/" "Mozilla/4.0 (compatible; MSIE 6.0; Windows NT 5.1; Crazy Browser 1.0.5)"
91.223.75.118 - - [21/Dec/2012:15:51:41 +0100] "GET /seiten/news.php HTTP/1.1" 200 7079 "http://www.shopan.co.de/" "Mozilla/4.0 (compatible; MSIE 6.0; Windows NT 5.1; Crazy Browser 1.0.5)"
208.115.111.73 - - [21/Dec/2012:15:59:19 +0100] "GET /seiten/impr.htm HTTP/1.1" 200 9648 "-" "Mozilla/5.0 (compatible; Ezooms/1.0; ezooms.bot@gmail.com)"
195.242.218.133 - - [21/Dec/2012:17:32:56 +0100] "GET /seiten/news.php HTTP/1.1" 200 7079 "http://www.aviabilety.travel/" "Mozilla/4.0 (compatible; MSIE 6.0; Windows NT 5.1; en) Opera 9.0"
195.242.218.133 - - [21/Dec/2012:17:32:57 +0100] "GET /seiten/news.php HTTP/1.1" 200 7079 "http://www.aviabilety.travel/" "Mozilla/4.0 (compatible; MSIE 6.0; Windows NT 5.1; en) Opera 9.0"
66.249.78.101 - - [21/Dec/2012:18:10:33 +0100] "GET /seiten/kont.htm HTTP/1.1" 304 - "-" "Mozilla/5.0 (iPhone; U; CPU iPhone OS 4_1 like Mac OS X; en-us) AppleWebKit/532.9 (KHTML, like Gecko) Version/4.0.5 Mobile/8B117 Safari/6531.22.7 (compatible; Googlebot-Mobile/2.1; +http://www.google.com/bot.html)"
178.137.128.210 - - [21/Dec/2012:21:20:25 +0100] "GET /seiten/news.php HTTP/1.1" 200 7079 "http://101igra.ru/" "Mozilla/4.0 (compatible; MSIE 6.0; Windows NT 5.1; SV1; FunWebProducts; MRA 4.6 (build 01425); .NET CLR 1.1.4322; .NET CLR 2.0.50727)"
178.137.128.210 - - [21/Dec/2012:21:20:26 +0100] "GET /seiten/news.php HTTP/1.1" 200 7079 "http://101igra.ru/" "Mozilla/4.0 (compatible; MSIE 6.0; Windows NT 5.1; SV1; FunWebProducts; MRA 4.6 (build 01425); .NET CLR 1.1.4322; .NET CLR 2.0.50727)"
193.106.136.39 - - [22/Dec/2012:00:36:45 +0100] "GET /seiten/news.php HTTP/1.1" 200 7079 "http://club-3t.ru/" "Mozilla/4.0 (compatible; MSIE 6.0; Windows NT 5.1) Netscape/8.0.4"
193.106.136.39 - - [22/Dec/2012:00:36:45 +0100] "GET /seiten/news.php HTTP/1.1" 200 7079 "http://club-3t.ru/" "Mozilla/4.0 (compatible; MSIE 6.0; Windows NT 5.1) Netscape/8.0.4"
89.108.102.171 - - [22/Dec/2012:03:11:46 +0100] "GET /seiten/news.php HTTP/1.1" 200 7079 "http://garnitura.mobi/" "Mozilla/4.0 (compatible; MSIE 7.0b; Windows NT 6.0)"
89.108.102.171 - - [22/Dec/2012:03:11:48 +0100] "GET /seiten/news.php HTTP/1.1" 200 7079 "http://garnitura.mobi/" "Mozilla/4.0 (compatible; MSIE 7.0b; Windows NT 6.0)"
68.115.95.92 - - [22/Dec/2012:04:07:24 +0100] "GET /robots.txt HTTP/1.0" 200 157 "-" "Mozilla/5.0 (compatible; MJ12bot/v1.4.3; http://www.majestic12.co.uk/bot.php?+)"
68.115.95.92 - - [22/Dec/2012:04:07:25 +0100] "GET / HTTP/1.1" 200 2663 "-" "Mozilla/5.0 (compatible; MJ12bot/v1.4.3; http://www.majestic12.co.uk/bot.php?+)"
208.115.113.89 - - [22/Dec/2012:04:11:43 +0100] "GET /robots.txt HTTP/1.1" 200 157 "-" "Mozilla/5.0 (compatible; Ezooms/1.0; ezooms.bot@gmail.com)"
208.115.113.89 - - [22/Dec/2012:06:09:45 +0100] "GET /seiten/links.htm HTTP/1.1" 200 7302 "-" "Mozilla/5.0 (compatible; Ezooms/1.0; ezooms.bot@gmail.com)"
157.55.35.114 - - [22/Dec/2012:06:43:48 +0100] "GET /robots.txt HTTP/1.1" 200 157 "-" "Mozilla/5.0 (compatible; bingbot/2.0; +http://www.bing.com/bingbot.htm)"
91.223.75.117 - - [22/Dec/2012:06:44:39 +0100] "GET /seiten/news.php HTTP/1.1" 200 7079 "http://www.artinet.ru/" "Mozilla/4.0 (compatible; MSIE 6.0; Windows NT 5.1; Crazy Browser 1.0.5)"
91.223.75.117 - - [22/Dec/2012:06:44:39 +0100] "GET /seiten/news.php HTTP/1.1" 200 7079 "http://www.artinet.ru/" "Mozilla/4.0 (compatible; MSIE 6.0; Windows NT 5.1; Crazy Browser 1.0.5)"
157.55.35.114 - - [22/Dec/2012:06:45:33 +0100] "GET /seiten/leist.htm HTTP/1.1" 304 - "-" "Mozilla/5.0 (compatible; bingbot/2.0; +http://www.bing.com/bingbot.htm)"
208.115.113.89 - - [22/Dec/2012:12:13:23 +0100] "GET /robots.txt HTTP/1.1" 200 157 "-" "Mozilla/5.0 (compatible; Ezooms/1.0; ezooms.bot@gmail.com)"
83.133.125.202 - - [22/Dec/2012:13:45:36 +0100] "GET / HTTP/1.1" 200 2663 "http://www.bigfinder.de/home-11.html" "Mozilla/5.0 (Windows; U; Windows NT 6.1; de; rv:1.9.2.8) Gecko/20100722 Firefox/3.6.8 GTB7.1"
208.115.113.89 - - [22/Dec/2012:14:13:12 +0100] "GET /seiten/dialyse.htm HTTP/1.1" 200 7403 "-" "Mozilla/5.0 (compatible; Ezooms/1.0; ezooms.bot@gmail.com)"
66.249.78.101 - - [22/Dec/2012:14:17:54 +0100] "GET /robots.txt HTTP/1.1" 200 157 "-" "Mozilla/5.0 (compatible; Googlebot/2.1; +http://www.google.com/bot.html)"
66.249.78.101 - - [22/Dec/2012:14:17:54 +0100] "GET /seiten/links.htm HTTP/1.1" 304 - "-" "Mozilla/5.0 (iPhone; U; CPU iPhone OS 4_1 like Mac OS X; en-us) AppleWebKit/532.9 (KHTML, like Gecko) Version/4.0.5 Mobile/8B117 Safari/6531.22.7 (compatible; Googlebot-Mobile/2.1; +http://www.google.com/bot.html)"
92.249.127.111 - - [22/Dec/2012:15:12:54 +0100] "GET /seiten/news.php HTTP/1.1" 200 7079 "http://www.ufa-nochi.ru/" "Mozilla/5.0 (compatible; news bot /2.1)"
92.249.127.111 - - [22/Dec/2012:15:12:55 +0100] "GET /seiten/news.php HTTP/1.1" 200 7079 "http://www.ufa-nochi.ru/" "Mozilla/5.0 (compatible; news bot /2.1)"
91.223.75.118 - - [22/Dec/2012:15:30:17 +0100] "GET /seiten/news.php HTTP/1.1" 200 7079 "http://balakovo24.ru/" "Mozilla/4.0 (compatible; MSIE 6.0; Windows NT 5.1; Maxthon; .NET CLR 1.1.4322)"
91.223.75.118 - - [22/Dec/2012:15:30:17 +0100] "GET /seiten/news.php HTTP/1.1" 200 7079 "http://balakovo24.ru/" "Mozilla/4.0 (compatible; MSIE 6.0; Windows NT 5.1; Maxthon; .NET CLR 1.1.4322)"
157.55.35.47 - - [22/Dec/2012:18:59:10 +0100] "GET /robots.txt HTTP/1.1" 200 157 "-" "Mozilla/5.0 (compatible; bingbot/2.0; +http://www.bing.com/bingbot.htm)"
157.55.35.47 - - [22/Dec/2012:19:01:05 +0100] "GET /seiten/impr.htm HTTP/1.1" 200 9648 "-" "Mozilla/5.0 (compatible; bingbot/2.0; +http://www.bing.com/bingbot.htm)"
178.137.128.210 - - [22/Dec/2012:21:12:49 +0100] "GET /seiten/news.php HTTP/1.1" 200 7079 "http://www.3carata.com.ua/" "Mozilla/4.0 (compatible; MSIE 6.0; Windows NT 5.1; ru) Opera 8.01"
178.137.128.210 - - [22/Dec/2012:21:12:50 +0100] "GET /seiten/news.php HTTP/1.1" 200 7079 "http://www.3carata.com.ua/" "Mozilla/4.0 (compatible; MSIE 6.0; Windows NT 5.1; ru) Opera 8.01"
157.55.35.114 - - [22/Dec/2012:22:07:42 +0100] "GET /robots.txt HTTP/1.1" 200 157 "-" "Mozilla/5.0 (compatible; bingbot/2.0; +http://www.bing.com/bingbot.htm)"
157.55.35.114 - - [22/Dec/2012:22:10:10 +0100] "GET /seiten/links.htm HTTP/1.1" 304 - "-" "Mozilla/5.0 (compatible; bingbot/2.0; +http://www.bing.com/bingbot.htm)"
157.55.32.152 - - [22/Dec/2012:22:12:16 +0100] "GET / HTTP/1.1" 200 2663 "-" "Mozilla/5.0 (compatible; bingbot/2.0; +http://www.bing.com/bingbot.htm)"
157.55.35.40 - - [22/Dec/2012:22:18:06 +0100] "GET /seiten/start.htm HTTP/1.1" 200 7516 "-" "Mozilla/5.0 (compatible; bingbot/2.0; +http://www.bing.com/bingbot.htm)"
157.55.35.47 - - [22/Dec/2012:22:22:12 +0100] "GET /seiten/impr.htm HTTP/1.1" 200 9648 "-" "Mozilla/5.0 (compatible; bingbot/2.0; +http://www.bing.com/bingbot.htm)"
157.55.35.98 - - [22/Dec/2012:22:22:39 +0100] "GET /seiten/kont.htm HTTP/1.1" 200 8048 "-" "Mozilla/5.0 (compatible; bingbot/2.0; +http://www.bing.com/bingbot.htm)"
157.55.35.40 - - [22/Dec/2012:22:22:43 +0100] "GET /seiten/start.htm HTTP/1.1" 200 7516 "-" "Mozilla/5.0 (compatible; bingbot/2.0; +http://www.bing.com/bingbot.htm)"
157.55.32.152 - - [22/Dec/2012:22:22:43 +0100] "GET / HTTP/1.1" 200 2663 "-" "Mozilla/5.0 (compatible; bingbot/2.0; +http://www.bing.com/bingbot.htm)"
157.55.35.114 - - [22/Dec/2012:22:22:44 +0100] "GET /seiten/links.htm HTTP/1.1" 200 7302 "-" "Mozilla/5.0 (compatible; bingbot/2.0; +http://www.bing.com/bingbot.htm)"
157.55.35.114 - - [22/Dec/2012:22:22:44 +0100] "GET /seiten/praxis.htm HTTP/1.1" 200 7847 "-" "Mozilla/5.0 (compatible; bingbot/2.0; +http://www.bing.com/bingbot.htm)"
199.15.234.6 - - [22/Dec/2012:23:26:39 +0100] "GET /seiten/links.htm HTTP/1.0" 200 7302 "http://www.dialyse-borna.de/seiten/links.htm" "Mozilla/5.0 (Windows; U; Windows NT 5.1; en-US) AppleWebKit/532.0 (KHTML, like Gecko) Chrome/3.0.195.38 Safari/532.0"
91.207.5.161 - - [23/Dec/2012:00:47:31 +0100] "GET /seiten/links.htm HTTP/1.0" 200 7302 "http://www.dialyse-borna.de/seiten/links.htm" "Mozilla/5.0 (Windows NT 6.1; WOW64; rv:12.0) Gecko/20100101 Firefox/12.0"
141.8.147.1 - - [23/Dec/2012:01:36:46 +0100] "GET /robots.txt HTTP/1.1" 200 157 "-" "Mozilla/5.0 (compatible; YandexBot/3.0; +http://yandex.com/bots)"
66.249.78.101 - - [23/Dec/2012:04:02:54 +0100] "GET /robots.txt HTTP/1.1" 200 157 "-" "Mozilla/5.0 (compatible; Googlebot/2.1; +http://www.google.com/bot.html)"
66.249.78.101 - - [23/Dec/2012:04:02:54 +0100] "GET /seiten/start.htm HTTP/1.1" 304 - "-" "Mozilla/5.0 (iPhone; U; CPU iPhone OS 4_1 like Mac OS X; en-us) AppleWebKit/532.9 (KHTML, like Gecko) Version/4.0.5 Mobile/8B117 Safari/6531.22.7 (compatible; Googlebot-Mobile/2.1; +http://www.google.com/bot.html)"
37.139.52.23 - - [23/Dec/2012:04:04:10 +0100] "GET /seiten/news.php HTTP/1.1" 200 7079 "http://loadsetfiles.net/news.php?readmore=79" "Mozilla/4.61 [en] (X11; U; ) - BrowseX (2.0.0 Windows)"
37.139.52.23 - - [23/Dec/2012:04:04:10 +0100] "GET /seiten/news.php HTTP/1.1" 200 7079 "http://loadsetfiles.net/news.php?readmore=79" "Mozilla/4.61 [en] (X11; U; ) - BrowseX (2.0.0 Windows)"
219.136.248.97 - - [23/Dec/2012:04:59:34 +0100] "GET /seiten/links.htm HTTP/1.0" 200 7302 "http://www.dialyse-borna.de/seiten/links.htm" "Mozilla/5.0 (Windows NT 6.1; WOW64; rv:14.0) Gecko/20100101 Firefox/14.0.1"
141.8.147.1 - - [23/Dec/2012:05:51:09 +0100] "GET /seiten/start.htm HTTP/1.1" 304 - "-" "Mozilla/5.0 (compatible; YandexBot/3.0; +http://yandex.com/bots)"
91.223.75.118 - - [23/Dec/2012:06:18:16 +0100] "GET /seiten/news.php HTTP/1.1" 200 7079 "http://www.shopan.co.de/" "Mozilla/4.0 (compatible; MSIE 6.0; Windows NT 5.1; Crazy Browser 1.0.5)"
91.223.75.118 - - [23/Dec/2012:06:18:16 +0100] "GET /seiten/news.php HTTP/1.1" 200 7079 "http://www.shopan.co.de/" "Mozilla/4.0 (compatible; MSIE 6.0; Windows NT 5.1; Crazy Browser 1.0.5)"
91.223.75.117 - - [23/Dec/2012:08:21:17 +0100] "GET /seiten/news.php HTTP/1.1" 200 7079 "http://www.artinet.ru/" "Mozilla/4.0 (compatible; MSIE 6.0; Windows NT 5.1; Crazy Browser 1.0.5)"
91.223.75.117 - - [23/Dec/2012:08:21:18 +0100] "GET /seiten/news.php HTTP/1.1" 200 7079 "http://www.artinet.ru/" "Mozilla/4.0 (compatible; MSIE 6.0; Windows NT 5.1; Crazy Browser 1.0.5)"
157.55.35.114 - - [23/Dec/2012:10:30:36 +0100] "GET /robots.txt HTTP/1.1" 200 157 "-" "Mozilla/5.0 (compatible; bingbot/2.0; +http://www.bing.com/bingbot.htm)"
157.55.35.114 - - [23/Dec/2012:10:32:48 +0100] "GET /seiten/links.htm HTTP/1.1" 200 7302 "-" "Mozilla/5.0 (compatible; bingbot/2.0; +http://www.bing.com/bingbot.htm)"
157.55.35.114 - - [23/Dec/2012:10:32:48 +0100] "GET /seiten/praxis.htm HTTP/1.1" 200 7847 "-" "Mozilla/5.0 (compatible; bingbot/2.0; +http://www.bing.com/bingbot.htm)"
157.55.35.40 - - [23/Dec/2012:10:34:17 +0100] "GET /seiten/start.htm HTTP/1.1" 200 7516 "-" "Mozilla/5.0 (compatible; bingbot/2.0; +http://www.bing.com/bingbot.htm)"
157.55.35.47 - - [23/Dec/2012:10:35:50 +0100] "GET /seiten/impr.htm HTTP/1.1" 200 9648 "-" "Mozilla/5.0 (compatible; bingbot/2.0; +http://www.bing.com/bingbot.htm)"
157.55.35.98 - - [23/Dec/2012:10:35:52 +0100] "GET /seiten/kont.htm HTTP/1.1" 200 8048 "-" "Mozilla/5.0 (compatible; bingbot/2.0; +http://www.bing.com/bingbot.htm)"
157.55.32.152 - - [23/Dec/2012:10:37:17 +0100] "GET / HTTP/1.1" 200 2663 "-" "Mozilla/5.0 (compatible; bingbot/2.0; +http://www.bing.com/bingbot.htm)"
91.207.5.161 - - [23/Dec/2012:11:26:16 +0100] "GET /seiten/links.htm HTTP/1.0" 200 7302 "http://www.dialyse-borna.de/seiten/links.htm" "Opera/9.80 (Windows NT 6.1; U; MRA 5.10 (build 5339); ru) Presto/2.10.289 Version/12.00"
157.55.35.40 - - [23/Dec/2012:12:13:09 +0100] "GET /robots.txt HTTP/1.1" 200 157 "-" "Mozilla/5.0 (compatible; bingbot/2.0; +http://www.bing.com/bingbot.htm)"
157.55.35.40 - - [23/Dec/2012:12:14:47 +0100] "GET /seiten/start.htm HTTP/1.1" 200 7516 "-" "Mozilla/5.0 (compatible; bingbot/2.0; +http://www.bing.com/bingbot.htm)"
157.55.35.47 - - [23/Dec/2012:12:15:46 +0100] "GET /seiten/impr.htm HTTP/1.1" 200 9648 "-" "Mozilla/5.0 (compatible; bingbot/2.0; +http://www.bing.com/bingbot.htm)"
178.137.128.210 - - [23/Dec/2012:13:19:19 +0100] "GET /seiten/news.php HTTP/1.1" 200 7079 "http://rostovdrive.ru/" "Mozilla/4.0 (compatible; MSIE 6.0; Windows 98; Win 9x 4.90; Creative)"
178.137.128.210 - - [23/Dec/2012:13:19:20 +0100] "GET /seiten/news.php HTTP/1.1" 200 7079 "http://rostovdrive.ru/" "Mozilla/4.0 (compatible; MSIE 6.0; Windows 98; Win 9x 4.90; Creative)"
173.242.125.206 - - [23/Dec/2012:13:35:24 +0100] "GET /robots.txt HTTP/1.0" 200 157 "-" "Mozilla/5.0 (compatible; MJ12bot/v1.4.3; http://www.majestic12.co.uk/bot.php?+)"
173.242.125.206 - - [23/Dec/2012:13:35:25 +0100] "GET /seiten/start.htm HTTP/1.0" 200 7516 "-" "Mozilla/5.0 (compatible; MJ12bot/v1.4.3; http://www.majestic12.co.uk/bot.php?+)"
218.93.127.121 - - [23/Dec/2012:14:09:09 +0100] "GET /seiten/links.htm HTTP/1.0" 200 7302 "http://www.dialyse-borna.de/seiten/links.htm" "Mozilla/5.0 (Windows NT 5.1) AppleWebKit/536.5 (KHTML, like Gecko) Chrome/19.0.1084.52 Safari/536.5"
193.106.136.35 - - [23/Dec/2012:15:16:58 +0100] "GET /seiten/news.php HTTP/1.1" 200 7079 "http://bannersbox.ru/" "Mozilla/4.0 (compatible; MSIE 6.0; Windows NT 5.1; SV1; .NET CLR 1.1.4322; .NET CLR 2.0.50727)"
193.106.136.35 - - [23/Dec/2012:15:16:59 +0100] "GET /seiten/news.php HTTP/1.1" 200 7079 "http://bannersbox.ru/" "Mozilla/4.0 (compatible; MSIE 6.0; Windows NT 5.1; SV1; .NET CLR 1.1.4322; .NET CLR 2.0.50727)"
109.120.157.179 - - [23/Dec/2012:15:27:19 +0100] "GET /seiten/news.php HTTP/1.1" 200 7079 "http://www.autoyard.ru/" "Mozilla/5.0 (compatible; Add Catalog/2.1;)"
109.120.157.179 - - [23/Dec/2012:15:27:20 +0100] "GET /seiten/news.php HTTP/1.1" 200 7079 "http://www.autoyard.ru/" "Mozilla/5.0 (compatible; Add Catalog/2.1;)"
66.249.76.101 - - [23/Dec/2012:20:07:29 +0100] "GET /robots.txt HTTP/1.1" 200 157 "-" "Mozilla/5.0 (compatible; Googlebot/2.1; +http://www.google.com/bot.html)"
66.249.78.101 - - [23/Dec/2012:20:07:29 +0100] "GET / HTTP/1.1" 200 2663 "-" "Mozilla/5.0 (compatible; Googlebot/2.1; +http://www.google.com/bot.html)"
113.212.70.219 - - [23/Dec/2012:20:41:02 +0100] "GET /blog.php HTTP/1.0" 404 1256 "http://www.dialyse-borna.de/blog.php" "Mozilla/5.0 (Windows; U; Windows NT 5.1; pl; rv:1.9.1.3) Gecko/20090824 Firefox/3.5.3"
66.249.78.101 - - [23/Dec/2012:21:37:45 +0100] "GET /seiten/start.htm HTTP/1.1" 304 - "-" "Mozilla/5.0 (compatible; Googlebot/2.1; +http://www.google.com/bot.html)"
125.127.124.114 - - [24/Dec/2012:02:22:35 +0100] "GET /seiten/links.htm HTTP/1.0" 200 7302 "http://www.dialyse-borna.de/seiten/links.htm" "Opera/9.80 (Windows NT 5.1; U; MRA 5.10 (build 5339); ru) Presto/2.10.229 Version/11.64"
199.15.234.3 - - [24/Dec/2012:02:52:40 +0100] "GET /seiten/links.htm HTTP/1.0" 200 7302 "http://www.dialyse-borna.de/seiten/links.htm" "Mozilla/5.0 (X11; Linux i686; rv:2.0.1) Gecko/20110430 Firefox/4.0.1 Iceweasel/4.0.1 WebMoney Advisor"
91.223.75.118 - - [24/Dec/2012:05:05:04 +0100] "GET /seiten/news.php HTTP/1.1" 200 7079 "http://www.myreliabledating.com/" "Mozilla/4.0 (compatible; MSIE 5.5; Windows 95; BCD2000)"
91.223.75.118 - - [24/Dec/2012:05:05:04 +0100] "GET /seiten/news.php HTTP/1.1" 200 7079 "http://www.myreliabledating.com/" "Mozilla/4.0 (compatible; MSIE 5.5; Windows 95; BCD2000)"
91.223.75.117 - - [24/Dec/2012:09:54:17 +0100] "GET /seiten/news.php HTTP/1.1" 200 7079 "http://www.artinet.ru/" "Mozilla/4.0 (compatible; MSIE 6.0; Windows NT 5.1; Crazy Browser 1.0.5)"
91.223.75.117 - - [24/Dec/2012:09:54:18 +0100] "GET /seiten/news.php HTTP/1.1" 200 7079 "http://www.artinet.ru/" "Mozilla/4.0 (compatible; MSIE 6.0; Windows NT 5.1; Crazy Browser 1.0.5)"
157.55.32.152 - - [24/Dec/2012:10:06:32 +0100] "GET /robots.txt HTTP/1.1" 200 157 "-" "Mozilla/5.0 (compatible; bingbot/2.0; +http://www.bing.com/bingbot.htm)"
157.55.32.152 - - [24/Dec/2012:10:08:34 +0100] "GET / HTTP/1.1" 200 2663 "-" "Mozilla/5.0 (compatible; bingbot/2.0; +http://www.bing.com/bingbot.htm)"
157.55.35.40 - - [24/Dec/2012:10:10:33 +0100] "GET /seiten/start.htm HTTP/1.1" 200 7516 "-" "Mozilla/5.0 (compatible; bingbot/2.0; +http://www.bing.com/bingbot.htm)"
92.249.127.111 - - [24/Dec/2012:12:01:23 +0100] "GET /seiten/news.php HTTP/1.1" 200 7079 "http://www.turbo-motors.com/" "Mozilla/5.0 (compatible; news bot /2.1)"
92.249.127.111 - - [24/Dec/2012:12:01:24 +0100] "GET /seiten/news.php HTTP/1.1" 200 7079 "http://www.turbo-motors.com/" "Mozilla/5.0 (compatible; news bot /2.1)"
157.55.35.40 - - [24/Dec/2012:12:36:53 +0100] "GET /robots.txt HTTP/1.1" 200 157 "-" "Mozilla/5.0 (compatible; bingbot/2.0; +http://www.bing.com/bingbot.htm)"
157.55.35.40 - - [24/Dec/2012:12:38:15 +0100] "GET /seiten/start.htm HTTP/1.1" 200 7516 "-" "Mozilla/5.0 (compatible; bingbot/2.0; +http://www.bing.com/bingbot.htm)"
157.55.35.38 - - [24/Dec/2012:12:38:16 +0100] "GET /seiten/kont.htm HTTP/1.1" 200 8048 "-" "Mozilla/5.0 (compatible; bingbot/2.0; +http://www.bing.com/bingbot.htm)"
157.55.35.114 - - [24/Dec/2012:12:38:45 +0100] "GET /seiten/links.htm HTTP/1.1" 200 7302 "-" "Mozilla/5.0 (compatible; bingbot/2.0; +http://www.bing.com/bingbot.htm)"
157.55.35.114 - - [24/Dec/2012:12:38:45 +0100] "GET /seiten/praxis.htm HTTP/1.1" 200 7847 "-" "Mozilla/5.0 (compatible; bingbot/2.0; +http://www.bing.com/bingbot.htm)"
157.55.35.47 - - [24/Dec/2012:12:38:46 +0100] "GET /seiten/impr.htm HTTP/1.1" 200 9648 "-" "Mozilla/5.0 (compatible; bingbot/2.0; +http://www.bing.com/bingbot.htm)"
157.55.32.152 - - [24/Dec/2012:12:56:15 +0100] "GET / HTTP/1.1" 200 2663 "-" "Mozilla/5.0 (compatible; bingbot/2.0; +http://www.bing.com/bingbot.htm)"
5.9.125.26 - - [24/Dec/2012:13:16:11 +0100] "GET /robots.txt HTTP/1.1" 200 157 "-" "Mozilla/5.0 (compatible; SISTRIX Crawler; http://crawler.sistrix.net/)"
5.9.125.26 - - [24/Dec/2012:13:16:11 +0100] "GET / HTTP/1.1" 200 2663 "-" "Mozilla/5.0 (compatible; SISTRIX Crawler; http://crawler.sistrix.net/)"
5.9.125.26 - - [24/Dec/2012:13:16:11 +0100] "GET /seiten/start.htm HTTP/1.1" 200 7516 "-" "Mozilla/5.0 (compatible; SISTRIX Crawler; http://crawler.sistrix.net/)"
5.9.125.26 - - [24/Dec/2012:13:16:11 +0100] "GET /seiten/impr.htm HTTP/1.1" 200 9648 "-" "Mozilla/5.0 (compatible; SISTRIX Crawler; http://crawler.sistrix.net/)"
5.9.125.26 - - [24/Dec/2012:13:16:11 +0100] "GET /seiten/news.php HTTP/1.1" 200 7079 "-" "Mozilla/5.0 (compatible; SISTRIX Crawler; http://crawler.sistrix.net/)"
5.9.125.26 - - [24/Dec/2012:13:16:11 +0100] "GET /seiten/praxis.htm HTTP/1.1" 200 7847 "-" "Mozilla/5.0 (compatible; SISTRIX Crawler; http://crawler.sistrix.net/)"
5.9.125.26 - - [24/Dec/2012:13:16:11 +0100] "GET /seiten/leist.htm HTTP/1.1" 200 7640 "-" "Mozilla/5.0 (compatible; SISTRIX Crawler; http://crawler.sistrix.net/)"
5.9.125.26 - - [24/Dec/2012:13:16:11 +0100] "GET /seiten/kont.htm HTTP/1.1" 200 8048 "-" "Mozilla/5.0 (compatible; SISTRIX Crawler; http://crawler.sistrix.net/)"
5.9.125.26 - - [24/Dec/2012:13:16:11 +0100] "GET /seiten/dialyse.htm HTTP/1.1" 200 7403 "-" "Mozilla/5.0 (compatible; SISTRIX Crawler; http://crawler.sistrix.net/)"
5.9.125.26 - - [24/Dec/2012:13:16:11 +0100] "GET /seiten/links.htm HTTP/1.1" 200 7302 "-" "Mozilla/5.0 (compatible; SISTRIX Crawler; http://crawler.sistrix.net/)"
5.9.125.26 - - [24/Dec/2012:13:16:11 +0100] "GET /seiten/kont_form.php HTTP/1.1" 200 8561 "-" "Mozilla/5.0 (compatible; SISTRIX Crawler; http://crawler.sistrix.net/)"
178.137.128.210 - - [24/Dec/2012:14:15:26 +0100] "GET /seiten/news.php HTTP/1.1" 200 7079 "http://raslav-16.com.ua/" "Opera/9.0 (Windows NT 5.1; U; en)"
178.137.128.210 - - [24/Dec/2012:14:15:26 +0100] "GET /seiten/news.php HTTP/1.1" 200 7079 "http://raslav-16.com.ua/" "Opera/9.0 (Windows NT 5.1; U; en)"
69.50.209.238 - - [24/Dec/2012:14:19:08 +0100] "GET / HTTP/1.1" 200 2663 "http://www.pageglimpse.com/dialyse-borna.de" "Mozilla/4.0 (compatible; MSIE 8.0; Windows NT 6.0; WOW64; Trident/4.0; SLCC1; PageGlimpse.com)"
64.246.161.42 - - [24/Dec/2012:17:10:30 +0100] "GET /robots.txt HTTP/1.0" 200 157 "-" "Mozilla/5.0 (Windows; U; Windows NT 5.1; en; rv:1.9.0.13) Gecko/2009073022 Firefox/3.5.2 (.NET CLR 3.5.30729) SurveyBot/2.3 (DomainTools)"
64.246.161.42 - - [24/Dec/2012:17:10:31 +0100] "GET / HTTP/1.1" 200 2663 "http://whois.domaintools.com/dialyse-borna.de" "Mozilla/5.0 (Windows; U; Windows NT 5.1; en; rv:1.9.0.13) Gecko/2009073022 Firefox/3.5.2 (.NET CLR 3.5.30729) SurveyBot/2.3 (DomainTools)"
37.139.52.23 - - [24/Dec/2012:19:55:07 +0100] "GET /seiten/news.php HTTP/1.1" 200 7079 "http://vonblogs.net/news.php?readmore=88" "Mozilla/4.0 (compatible; MSIE 6.0; Windows NT 5.0; KTXN)"
37.139.52.23 - - [24/Dec/2012:19:55:07 +0100] "GET /seiten/news.php HTTP/1.1" 200 7079 "http://vonblogs.net/news.php?readmore=88" "Mozilla/4.0 (compatible; MSIE 6.0; Windows NT 5.0; KTXN)"
91.223.75.118 - - [24/Dec/2012:19:55:48 +0100] "GET /seiten/news.php HTTP/1.1" 200 7079 "http://www.ps25.ru/" "Mozilla/4.0 (compatible; MSIE 6.0; Windows NT 5.0; .NET CLR 1.0.3705; .NET CLR 1.1.4322)"
91.223.75.118 - - [24/Dec/2012:19:55:48 +0100] "GET /seiten/news.php HTTP/1.1" 200 7079 "http://www.ps25.ru/" "Mozilla/4.0 (compatible; MSIE 6.0; Windows NT 5.0; .NET CLR 1.0.3705; .NET CLR 1.1.4322)"
157.55.35.47 - - [24/Dec/2012:20:13:52 +0100] "GET /robots.txt HTTP/1.1" 200 157 "-" "Mozilla/5.0 (compatible; bingbot/2.0; +http://www.bing.com/bingbot.htm)"
157.55.35.47 - - [24/Dec/2012:20:15:21 +0100] "GET /seiten/impr.htm HTTP/1.1" 200 9648 "-" "Mozilla/5.0 (compatible; bingbot/2.0; +http://www.bing.com/bingbot.htm)"
157.55.36.52 - - [24/Dec/2012:20:26:29 +0100] "GET /robots.txt HTTP/1.1" 200 157 "-" "Mozilla/5.0 (compatible; bingbot/2.0; +http://www.bing.com/bingbot.htm)"
157.55.35.40 - - [24/Dec/2012:20:28:21 +0100] "GET /seiten/start.htm HTTP/1.1" 200 7516 "-" "Mozilla/5.0 (compatible; bingbot/2.0; +http://www.bing.com/bingbot.htm)"
157.55.36.52 - - [24/Dec/2012:21:23:37 +0100] "GET /robots.txt HTTP/1.1" 200 157 "-" "Mozilla/5.0 (compatible; bingbot/2.0; +http://www.bing.com/bingbot.htm)"
208.115.111.73 - - [24/Dec/2012:22:11:38 +0100] "GET /robots.txt HTTP/1.1" 200 157 "-" "Mozilla/5.0 (compatible; Ezooms/1.0; ezooms.bot@gmail.com)"
208.115.111.73 - - [24/Dec/2012:23:57:48 +0100] "GET /seiten/start.htm HTTP/1.1" 200 7516 "-" "Mozilla/5.0 (compatible; Ezooms/1.0; ezooms.bot@gmail.com)"
157.55.112.241 - - [25/Dec/2012:02:37:06 +0100] "GET /seiten/leist.htm HTTP/1.1" 200 7640 "-" "Mozilla/4.0 (compatible; MSIE 7.0; Windows NT 5.2)"
157.55.112.241 - - [25/Dec/2012:02:37:11 +0100] "GET /css/borna.css HTTP/1.1" 200 2909 "http://www.dialyse-borna.de/seiten/leist.htm" "Mozilla/4.0 (compatible; MSIE 7.0; Windows NT 5.2)"
66.249.76.101 - - [25/Dec/2012:03:05:12 +0100] "GET /robots.txt HTTP/1.1" 200 157 "-" "Mozilla/5.0 (compatible; Googlebot/2.1; +http://www.google.com/bot.html)"
66.249.78.101 - - [25/Dec/2012:03:05:12 +0100] "GET /seiten/impr.htm HTTP/1.1" 304 - "-" "Mozilla/5.0 (compatible; Googlebot/2.1; +http://www.google.com/bot.html)"
157.55.35.40 - - [25/Dec/2012:03:23:17 +0100] "GET /robots.txt HTTP/1.1" 200 157 "-" "Mozilla/5.0 (compatible; bingbot/2.0; +http://www.bing.com/bingbot.htm)"
157.55.35.114 - - [25/Dec/2012:03:23:17 +0100] "GET /robots.txt HTTP/1.1" 200 157 "-" "Mozilla/5.0 (compatible; bingbot/2.0; +http://www.bing.com/bingbot.htm)"
157.55.35.114 - - [25/Dec/2012:03:24:54 +0100] "GET /seiten/links.htm HTTP/1.1" 200 7302 "-" "Mozilla/5.0 (compatible; bingbot/2.0; +http://www.bing.com/bingbot.htm)"
157.55.35.40 - - [25/Dec/2012:03:24:54 +0100] "GET /seiten/start.htm HTTP/1.1" 200 7516 "-" "Mozilla/5.0 (compatible; bingbot/2.0; +http://www.bing.com/bingbot.htm)"
157.55.35.38 - - [25/Dec/2012:03:24:58 +0100] "GET /seiten/kont.htm HTTP/1.1" 200 8048 "-" "Mozilla/5.0 (compatible; bingbot/2.0; +http://www.bing.com/bingbot.htm)"
157.55.35.47 - - [25/Dec/2012:03:25:24 +0100] "GET /seiten/impr.htm HTTP/1.1" 200 9648 "-" "Mozilla/5.0 (compatible; bingbot/2.0; +http://www.bing.com/bingbot.htm)"
157.55.32.152 - - [25/Dec/2012:03:52:55 +0100] "GET / HTTP/1.1" 200 2663 "-" "Mozilla/5.0 (compatible; bingbot/2.0; +http://www.bing.com/bingbot.htm)"
193.106.136.54 - - [25/Dec/2012:04:46:10 +0100] "GET /seiten/news.php HTTP/1.1" 200 7079 "http://taxitoday.ru/" "Mozilla/4.0 (compatible; MSIE 6.0; Windows NT 5.1) Netscape/8.0.4"
193.106.136.54 - - [25/Dec/2012:04:46:10 +0100] "GET /seiten/news.php HTTP/1.1" 200 7079 "http://taxitoday.ru/" "Mozilla/4.0 (compatible; MSIE 6.0; Windows NT 5.1) Netscape/8.0.4"
195.242.218.133 - - [25/Dec/2012:05:21:49 +0100] "GET /seiten/news.php HTTP/1.1" 200 7079 "http://blinyrecept.ru/" "Mozilla/4.0 (compatible; MSIE 6.0; Windows NT 5.2; WOW64; SV1; .NET CLR 2.0.50727)"
195.242.218.133 - - [25/Dec/2012:05:21:50 +0100] "GET /seiten/news.php HTTP/1.1" 200 7079 "http://blinyrecept.ru/" "Mozilla/4.0 (compatible; MSIE 6.0; Windows NT 5.2; WOW64; SV1; .NET CLR 2.0.50727)"
91.201.64.118 - - [25/Dec/2012:06:03:20 +0100] "GET /seiten/links.htm HTTP/1.0" 200 7302 "http://ebiteua.com/forum60-prostitutki-poltavy-i-oblasti.html" "Mozilla/5.0 (Windows NT 5.1) AppleWebKit/535.2 (KHTML, like Gecko) Chrome/15.0.874.121 Safari/535.2"
178.137.128.210 - - [25/Dec/2012:06:34:29 +0100] "GET /seiten/news.php HTTP/1.1" 200 7079 "http://mos-holidays.ru/" "Mozilla/4.0 (compatible; MSIE 7.0; Windows NT 5.1; SV1; .NET CLR 2.0.50727)"
178.137.128.210 - - [25/Dec/2012:06:34:30 +0100] "GET /seiten/news.php HTTP/1.1" 200 7079 "http://mos-holidays.ru/" "Mozilla/4.0 (compatible; MSIE 7.0; Windows NT 5.1; SV1; .NET CLR 2.0.50727)"
89.108.102.171 - - [25/Dec/2012:06:52:20 +0100] "GET /seiten/news.php HTTP/1.1" 200 7079 "http://statusy.in/" "Mozilla/4.0 (compatible; MSIE 7.0b; Windows NT 6.0)"
89.108.102.171 - - [25/Dec/2012:06:52:20 +0100] "GET /seiten/news.php HTTP/1.1" 200 7079 "http://statusy.in/" "Mozilla/4.0 (compatible; MSIE 7.0b; Windows NT 6.0)"
83.133.125.202 - - [25/Dec/2012:09:01:36 +0100] "GET / HTTP/1.1" 200 2663 "http://www.bigfinder.de/home-11.html" "Mozilla/4.0 (compatible; MSIE 8.0; Windows NT 6.1; Trident/4.0; SLCC2; .NET CLR 2.0.50727; .NET CLR 3.5.30729; .NET CLR 3.0.30729; Media Center PC 6.0)"
157.55.32.152 - - [25/Dec/2012:11:41:12 +0100] "GET /robots.txt HTTP/1.1" 200 157 "-" "Mozilla/5.0 (compatible; bingbot/2.0; +http://www.bing.com/bingbot.htm)"
157.55.32.152 - - [25/Dec/2012:11:42:59 +0100] "GET / HTTP/1.1" 200 2663 "-" "Mozilla/5.0 (compatible; bingbot/2.0; +http://www.bing.com/bingbot.htm)"
207.46.199.185 - - [25/Dec/2012:11:44:58 +0100] "GET /robots.txt HTTP/1.1" 200 157 "-" "Mozilla/5.0 (compatible; bingbot/2.0; +http://www.bing.com/bingbot.htm)"
207.46.199.185 - - [25/Dec/2012:11:46:54 +0100] "GET /seiten/start.htm HTTP/1.1" 200 7516 "-" "Mozilla/5.0 (compatible; bingbot/2.0; +http://www.bing.com/bingbot.htm)"
91.223.75.117 - - [25/Dec/2012:12:01:22 +0100] "GET /seiten/news.php HTTP/1.1" 200 7079 "http://khersonrent.com/kherson-apartments-longterm-montly-rent.php" "Mozilla/4.0 (compatible; MSIE 6.0; Windows NT 5.1; MyIE2; Deepnet Explorer)"
91.223.75.117 - - [25/Dec/2012:12:01:23 +0100] "GET /seiten/news.php HTTP/1.1" 200 7079 "http://khersonrent.com/kherson-apartments-longterm-montly-rent.php" "Mozilla/4.0 (compatible; MSIE 6.0; Windows NT 5.1; MyIE2; Deepnet Explorer)"
66.249.75.101 - - [25/Dec/2012:12:45:16 +0100] "GET /robots.txt HTTP/1.1" 200 157 "-" "Mozilla/5.0 (compatible; Googlebot/2.1; +http://www.google.com/bot.html)"
66.249.78.101 - - [25/Dec/2012:12:45:17 +0100] "GET /seiten/praxis.htm HTTP/1.1" 304 - "-" "Mozilla/5.0 (compatible; Googlebot/2.1; +http://www.google.com/bot.html)"
207.46.199.185 - - [25/Dec/2012:12:51:55 +0100] "GET /seiten/start.htm HTTP/1.1" 200 7516 "-" "Mozilla/5.0 (compatible; bingbot/2.0; +http://www.bing.com/bingbot.htm)"
91.223.75.118 - - [25/Dec/2012:18:21:24 +0100] "GET /seiten/news.php HTTP/1.1" 200 7079 "http://www.myreliabledating.com/" "Mozilla/4.61 [en] (X11; U; ) - BrowseX (2.0.0 Windows)"
91.223.75.118 - - [25/Dec/2012:18:21:24 +0100] "GET /seiten/news.php HTTP/1.1" 200 7079 "http://www.myreliabledating.com/" "Mozilla/4.61 [en] (X11; U; ) - BrowseX (2.0.0 Windows)"
178.25.93.230 - - [26/Dec/2012:02:48:32 +0100] "GET /robots.txt HTTP/1.0" 200 157 "-" "Mozilla/5.0 (compatible; MJ12bot/v1.4.3; http://www.majestic12.co.uk/bot.php?+)"
178.25.93.230 - - [26/Dec/2012:02:48:33 +0100] "GET /seiten/start.htm HTTP/1.1" 200 7516 "-" "Mozilla/5.0 (compatible; MJ12bot/v1.4.3; http://www.majestic12.co.uk/bot.php?+)"
157.55.35.114 - - [26/Dec/2012:04:16:35 +0100] "GET /robots.txt HTTP/1.1" 200 157 "-" "Mozilla/5.0 (compatible; bingbot/2.0; +http://www.bing.com/bingbot.htm)"
157.55.32.152 - - [26/Dec/2012:04:18:07 +0100] "GET / HTTP/1.1" 200 2663 "-" "Mozilla/5.0 (compatible; bingbot/2.0; +http://www.bing.com/bingbot.htm)"
157.55.35.47 - - [26/Dec/2012:04:18:09 +0100] "GET /seiten/impr.htm HTTP/1.1" 200 9648 "-" "Mozilla/5.0 (compatible; bingbot/2.0; +http://www.bing.com/bingbot.htm)"
157.55.35.114 - - [26/Dec/2012:04:18:35 +0100] "GET /seiten/links.htm HTTP/1.1" 200 7302 "-" "Mozilla/5.0 (compatible; bingbot/2.0; +http://www.bing.com/bingbot.htm)"
157.55.35.40 - - [26/Dec/2012:04:18:36 +0100] "GET /seiten/start.htm HTTP/1.1" 200 7516 "-" "Mozilla/5.0 (compatible; bingbot/2.0; +http://www.bing.com/bingbot.htm)"
157.55.35.38 - - [26/Dec/2012:04:20:13 +0100] "GET /seiten/kont.htm HTTP/1.1" 200 8048 "-" "Mozilla/5.0 (compatible; bingbot/2.0; +http://www.bing.com/bingbot.htm)"
178.137.5.247 - - [26/Dec/2012:06:58:01 +0100] "GET /seiten/news.php HTTP/1.1" 200 7079 "http://shopseek.ru/" "Mozilla/4.0 (compatible; MSIE 6.0; AOL 9.0; Windows NT 5.1)"
178.137.5.247 - - [26/Dec/2012:06:58:02 +0100] "GET /seiten/news.php HTTP/1.1" 200 7079 "http://shopseek.ru/" "Mozilla/4.0 (compatible; MSIE 6.0; AOL 9.0; Windows NT 5.1)"
92.249.127.111 - - [26/Dec/2012:08:45:11 +0100] "GET /seiten/news.php HTTP/1.1" 200 7079 "http://luckyticket.ru/" "Mozilla/5.0 (compatible; news bot /2.1)"
92.249.127.111 - - [26/Dec/2012:08:45:12 +0100] "GET /seiten/news.php HTTP/1.1" 200 7079 "http://luckyticket.ru/" "Mozilla/5.0 (compatible; news bot /2.1)"
91.223.75.118 - - [26/Dec/2012:09:03:34 +0100] "GET /seiten/news.php HTTP/1.1" 200 7079 "http://www.remont-svoimirukami.com/" "Mozilla/4.0 (compatible; MSIE 6.0; Windows NT 5.1; SV1; FunWebProducts; .NET CLR 1.1.4322; PeoplePal 6.2)"
91.223.75.118 - - [26/Dec/2012:09:03:34 +0100] "GET /seiten/news.php HTTP/1.1" 200 7079 "http://www.remont-svoimirukami.com/" "Mozilla/4.0 (compatible; MSIE 6.0; Windows NT 5.1; SV1; FunWebProducts; .NET CLR 1.1.4322; PeoplePal 6.2)"
