193.106.136.38 - - [05/Dec/2012:15:50:48 +0100] "GET /seiten/news.php HTTP/1.1" 200 7079 "http://sadkings.net/" "Mozilla/4.0 (compatible; MSIE 6.0; Windows NT 5.1)"
178.154.179.250 - - [05/Dec/2012:16:00:02 +0100] "GET /seiten/start.htm HTTP/1.1" 304 - "-" "Mozilla/5.0 (compatible; YandexBot/3.0; +http://yandex.com/bots)"
74.57.221.243 - - [05/Dec/2012:18:35:56 +0100] "GET /seiten/links.htm HTTP/1.1" 200 7302 "-" "Mozilla/4.0 (compatible; MSIE 6.0; Windows NT 5.1; SV1)"
74.57.221.243 - - [05/Dec/2012:18:35:59 +0100] "GET /seiten/start.htm HTTP/1.1" 200 7516 "-" "Mozilla/4.0 (compatible; MSIE 6.0; Windows NT 5.1; SV1)"
74.57.221.243 - - [05/Dec/2012:18:36:01 +0100] "GET /seiten/praxis.htm HTTP/1.1" 200 7847 "-" "Mozilla/4.0 (compatible; MSIE 6.0; Windows NT 5.1; SV1)"
74.57.221.243 - - [05/Dec/2012:18:36:02 +0100] "GET /seiten/leist.htm HTTP/1.1" 200 7640 "-" "Mozilla/4.0 (compatible; MSIE 6.0; Windows NT 5.1; SV1)"
74.57.221.243 - - [05/Dec/2012:18:36:12 +0100] "GET /seiten/dialyse.htm HTTP/1.1" 200 7403 "-" "Mozilla/4.0 (compatible; MSIE 6.0; Windows NT 5.1; SV1)"
74.57.221.243 - - [05/Dec/2012:18:36:14 +0100] "GET /seiten/kont.htm HTTP/1.1" 200 8048 "-" "Mozilla/4.0 (compatible; MSIE 6.0; Windows NT 5.1; SV1)"
74.57.221.243 - - [05/Dec/2012:18:36:16 +0100] "GET /seiten/impr.htm HTTP/1.1" 200 9648 "-" "Mozilla/4.0 (compatible; MSIE 6.0; Windows NT 5.1; SV1)"
95.168.172.156 - - [05/Dec/2012:20:14:56 +0100] "GET /seiten/news.php HTTP/1.1" 200 7079 "http://banky-kredity.ru/" "Mozilla/4.0 (MSIE 6.0; Windows NT 5.1; Search)"
95.168.172.156 - - [05/Dec/2012:20:14:57 +0100] "GET /seiten/news.php HTTP/1.1" 200 7079 "http://banky-kredity.ru/" "Mozilla/4.0 (MSIE 6.0; Windows NT 5.1; Search)"
109.120.157.179 - - [05/Dec/2012:20:58:53 +0100] "GET /seiten/news.php HTTP/1.1" 200 7079 "http://ruprava.info/" "Mozilla/5.0 (compatible; Add Catalog/2.1;)"
109.120.157.179 - - [05/Dec/2012:20:58:54 +0100] "GET /seiten/news.php HTTP/1.1" 200 7079 "http://ruprava.info/" "Mozilla/5.0 (compatible; Add Catalog/2.1;)"
188.102.131.142 - - [05/Dec/2012:21:07:48 +0100] "GET /seiten/start.htm HTTP/1.1" 200 7516 "http://www.dialyse-seehausen.de/" "Mozilla/5.0 (Windows NT 6.1; WOW64; rv:16.0) Gecko/20100101 Firefox/16.0"
188.102.131.142 - - [05/Dec/2012:21:07:48 +0100] "GET /seiten/start.htm HTTP/1.1" 200 7516 "http://www.dialyse-seehausen.de/" "Mozilla/5.0 (Windows NT 6.1; WOW64; rv:16.0) Gecko/20100101 Firefox/16.0"
188.102.131.142 - - [05/Dec/2012:21:07:48 +0100] "GET /seiten/start.htm HTTP/1.1" 200 7516 "http://www.dialyse-seehausen.de/" "Mozilla/5.0 (Windows NT 6.1; WOW64; rv:16.0) Gecko/20100101 Firefox/16.0"
188.102.131.142 - - [05/Dec/2012:21:07:49 +0100] "GET /seiten/start.htm HTTP/1.1" 200 7516 "http://www.dialyse-seehausen.de/" "Mozilla/5.0 (Windows NT 6.1; WOW64; rv:16.0) Gecko/20100101 Firefox/16.0"
188.102.131.142 - - [05/Dec/2012:21:07:49 +0100] "GET /seiten/start.htm HTTP/1.1" 200 7516 "http://www.dialyse-seehausen.de/" "Mozilla/5.0 (Windows NT 6.1; WOW64; rv:16.0) Gecko/20100101 Firefox/16.0"
188.102.131.142 - - [05/Dec/2012:21:07:49 +0100] "GET /css/borna.css HTTP/1.1" 200 2909 "http://www.dialyse-borna.de/seiten/start.htm" "Mozilla/5.0 (Windows NT 6.1; WOW64; rv:16.0) Gecko/20100101 Firefox/16.0"
188.102.131.142 - - [05/Dec/2012:21:07:50 +0100] "GET /img/men01.gif HTTP/1.1" 200 432 "http://www.dialyse-borna.de/seiten/start.htm" "Mozilla/5.0 (Windows NT 6.1; WOW64; rv:16.0) Gecko/20100101 Firefox/16.0"
188.102.131.142 - - [05/Dec/2012:21:07:50 +0100] "GET /img/1pixel.gif HTTP/1.1" 200 45 "http://www.dialyse-borna.de/seiten/start.htm" "Mozilla/5.0 (Windows NT 6.1; WOW64; rv:16.0) Gecko/20100101 Firefox/16.0"
188.102.131.142 - - [05/Dec/2012:21:07:50 +0100] "GET /img/men02a.gif HTTP/1.1" 200 589 "http://www.dialyse-borna.de/seiten/start.htm" "Mozilla/5.0 (Windows NT 6.1; WOW64; rv:16.0) Gecko/20100101 Firefox/16.0"
188.102.131.142 - - [05/Dec/2012:21:07:50 +0100] "GET /img/men03.gif HTTP/1.1" 200 1621 "http://www.dialyse-borna.de/seiten/start.htm" "Mozilla/5.0 (Windows NT 6.1; WOW64; rv:16.0) Gecko/20100101 Firefox/16.0"
188.102.131.142 - - [05/Dec/2012:21:07:50 +0100] "GET /img/men04.gif HTTP/1.1" 200 1395 "http://www.dialyse-borna.de/seiten/start.htm" "Mozilla/5.0 (Windows NT 6.1; WOW64; rv:16.0) Gecko/20100101 Firefox/16.0"
188.102.131.142 - - [05/Dec/2012:21:07:50 +0100] "GET /img/men06.gif HTTP/1.1" 200 1162 "http://www.dialyse-borna.de/seiten/start.htm" "Mozilla/5.0 (Windows NT 6.1; WOW64; rv:16.0) Gecko/20100101 Firefox/16.0"
188.102.131.142 - - [05/Dec/2012:21:07:50 +0100] "GET /img/men08.gif HTTP/1.1" 200 1642 "http://www.dialyse-borna.de/seiten/start.htm" "Mozilla/5.0 (Windows NT 6.1; WOW64; rv:16.0) Gecko/20100101 Firefox/16.0"
188.102.131.142 - - [05/Dec/2012:21:07:50 +0100] "GET /img/men07.gif HTTP/1.1" 200 1396 "http://www.dialyse-borna.de/seiten/start.htm" "Mozilla/5.0 (Windows NT 6.1; WOW64; rv:16.0) Gecko/20100101 Firefox/16.0"
188.102.131.142 - - [05/Dec/2012:21:07:50 +0100] "GET /img/men09.gif HTTP/1.1" 200 708 "http://www.dialyse-borna.de/seiten/start.htm" "Mozilla/5.0 (Windows NT 6.1; WOW64; rv:16.0) Gecko/20100101 Firefox/16.0"
188.102.131.142 - - [05/Dec/2012:21:07:50 +0100] "GET /img/lay03.gif HTTP/1.1" 200 671 "http://www.dialyse-borna.de/seiten/start.htm" "Mozilla/5.0 (Windows NT 6.1; WOW64; rv:16.0) Gecko/20100101 Firefox/16.0"
188.102.131.142 - - [05/Dec/2012:21:07:50 +0100] "GET /img/main_pic.jpg HTTP/1.1" 200 14864 "http://www.dialyse-borna.de/seiten/start.htm" "Mozilla/5.0 (Windows NT 6.1; WOW64; rv:16.0) Gecko/20100101 Firefox/16.0"
188.102.131.142 - - [05/Dec/2012:21:07:50 +0100] "GET /img/lay07.gif HTTP/1.1" 200 272 "http://www.dialyse-borna.de/seiten/start.htm" "Mozilla/5.0 (Windows NT 6.1; WOW64; rv:16.0) Gecko/20100101 Firefox/16.0"
188.102.131.142 - - [05/Dec/2012:21:07:50 +0100] "GET /img/bg2.gif HTTP/1.1" 200 49 "http://www.dialyse-borna.de/seiten/start.htm" "Mozilla/5.0 (Windows NT 6.1; WOW64; rv:16.0) Gecko/20100101 Firefox/16.0"
188.102.131.142 - - [05/Dec/2012:21:07:50 +0100] "GET /img/lay01.gif HTTP/1.1" 200 384 "http://www.dialyse-borna.de/seiten/start.htm" "Mozilla/5.0 (Windows NT 6.1; WOW64; rv:16.0) Gecko/20100101 Firefox/16.0"
188.102.131.142 - - [05/Dec/2012:21:07:50 +0100] "GET /img/lay02.gif HTTP/1.1" 200 3503 "http://www.dialyse-borna.de/seiten/start.htm" "Mozilla/5.0 (Windows NT 6.1; WOW64; rv:16.0) Gecko/20100101 Firefox/16.0"
188.102.131.142 - - [05/Dec/2012:21:07:50 +0100] "GET /img/lay08.gif HTTP/1.1" 200 322 "http://www.dialyse-borna.de/seiten/start.htm" "Mozilla/5.0 (Windows NT 6.1; WOW64; rv:16.0) Gecko/20100101 Firefox/16.0"
188.102.131.142 - - [05/Dec/2012:21:07:50 +0100] "GET /img/pfeil.jpg HTTP/1.1" 200 380 "http://www.dialyse-borna.de/seiten/start.htm" "Mozilla/5.0 (Windows NT 6.1; WOW64; rv:16.0) Gecko/20100101 Firefox/16.0"
188.102.131.142 - - [05/Dec/2012:21:07:50 +0100] "GET /img/bg3.gif HTTP/1.1" 200 143 "http://www.dialyse-borna.de/seiten/start.htm" "Mozilla/5.0 (Windows NT 6.1; WOW64; rv:16.0) Gecko/20100101 Firefox/16.0"
188.102.131.142 - - [05/Dec/2012:21:07:50 +0100] "GET /img/bg1.gif HTTP/1.1" 200 54 "http://www.dialyse-borna.de/seiten/start.htm" "Mozilla/5.0 (Windows NT 6.1; WOW64; rv:16.0) Gecko/20100101 Firefox/16.0"
188.102.131.142 - - [05/Dec/2012:21:07:50 +0100] "GET /img/bg4.gif HTTP/1.1" 200 135 "http://www.dialyse-borna.de/seiten/start.htm" "Mozilla/5.0 (Windows NT 6.1; WOW64; rv:16.0) Gecko/20100101 Firefox/16.0"
188.102.131.142 - - [05/Dec/2012:21:07:50 +0100] "GET /img/lay05.gif HTTP/1.1" 200 541 "http://www.dialyse-borna.de/seiten/start.htm" "Mozilla/5.0 (Windows NT 6.1; WOW64; rv:16.0) Gecko/20100101 Firefox/16.0"
188.102.131.142 - - [05/Dec/2012:21:07:51 +0100] "GET /img/lay04.gif HTTP/1.1" 200 210 "http://www.dialyse-borna.de/seiten/start.htm" "Mozilla/5.0 (Windows NT 6.1; WOW64; rv:16.0) Gecko/20100101 Firefox/16.0"
188.102.131.142 - - [05/Dec/2012:21:07:51 +0100] "GET /favicon.ico HTTP/1.1" 404 1256 "-" "Mozilla/5.0 (Windows NT 6.1; WOW64; rv:16.0) Gecko/20100101 Firefox/16.0"
188.102.131.142 - - [05/Dec/2012:21:07:54 +0100] "GET /img/bilder.swf HTTP/1.1" 200 78858 "http://www.dialyse-borna.de/seiten/start.htm" "Mozilla/5.0 (Windows NT 6.1; WOW64; rv:16.0) Gecko/20100101 Firefox/16.0"
188.102.131.142 - - [05/Dec/2012:21:08:00 +0100] "GET /seiten/praxis.htm HTTP/1.1" 200 7847 "http://www.dialyse-borna.de/seiten/start.htm" "Mozilla/5.0 (Windows NT 6.1; WOW64; rv:16.0) Gecko/20100101 Firefox/16.0"
188.102.131.142 - - [05/Dec/2012:21:08:01 +0100] "GET /img/schild.jpg HTTP/1.1" 200 12757 "http://www.dialyse-borna.de/seiten/praxis.htm" "Mozilla/5.0 (Windows NT 6.1; WOW64; rv:16.0) Gecko/20100101 Firefox/16.0"
188.102.131.142 - - [05/Dec/2012:21:08:05 +0100] "GET /seiten/leist.htm HTTP/1.1" 200 7640 "http://www.dialyse-borna.de/seiten/praxis.htm" "Mozilla/5.0 (Windows NT 6.1; WOW64; rv:16.0) Gecko/20100101 Firefox/16.0"
188.102.131.142 - - [05/Dec/2012:21:08:06 +0100] "GET /img/men02.gif HTTP/1.1" 200 1273 "http://www.dialyse-borna.de/seiten/leist.htm" "Mozilla/5.0 (Windows NT 6.1; WOW64; rv:16.0) Gecko/20100101 Firefox/16.0"
188.102.131.142 - - [05/Dec/2012:21:08:06 +0100] "GET /img/men03a.gif HTTP/1.1" 200 820 "http://www.dialyse-borna.de/seiten/leist.htm" "Mozilla/5.0 (Windows NT 6.1; WOW64; rv:16.0) Gecko/20100101 Firefox/16.0"
188.102.131.142 - - [05/Dec/2012:21:08:06 +0100] "GET /img/leist.jpg HTTP/1.1" 200 18546 "http://www.dialyse-borna.de/seiten/leist.htm" "Mozilla/5.0 (Windows NT 6.1; WOW64; rv:16.0) Gecko/20100101 Firefox/16.0"
188.102.131.142 - - [05/Dec/2012:21:08:26 +0100] "GET /seiten/dialyse.htm HTTP/1.1" 200 7403 "http://www.dialyse-borna.de/seiten/leist.htm" "Mozilla/5.0 (Windows NT 6.1; WOW64; rv:16.0) Gecko/20100101 Firefox/16.0"
188.102.131.142 - - [05/Dec/2012:21:08:26 +0100] "GET /img/men04a.gif HTTP/1.1" 200 669 "http://www.dialyse-borna.de/seiten/dialyse.htm" "Mozilla/5.0 (Windows NT 6.1; WOW64; rv:16.0) Gecko/20100101 Firefox/16.0"
188.102.131.142 - - [05/Dec/2012:21:08:26 +0100] "GET /img/dialyse.jpg HTTP/1.1" 200 18017 "http://www.dialyse-borna.de/seiten/dialyse.htm" "Mozilla/5.0 (Windows NT 6.1; WOW64; rv:16.0) Gecko/20100101 Firefox/16.0"
188.102.131.142 - - [05/Dec/2012:21:08:27 +0100] "GET /seiten/links.htm HTTP/1.1" 200 7302 "http://www.dialyse-borna.de/seiten/dialyse.htm" "Mozilla/5.0 (Windows NT 6.1; WOW64; rv:16.0) Gecko/20100101 Firefox/16.0"
188.102.131.142 - - [05/Dec/2012:21:08:28 +0100] "GET /img/men06a.gif HTTP/1.1" 200 518 "http://www.dialyse-borna.de/seiten/links.htm" "Mozilla/5.0 (Windows NT 6.1; WOW64; rv:16.0) Gecko/20100101 Firefox/16.0"
188.102.131.142 - - [05/Dec/2012:21:08:28 +0100] "GET /img/links.jpg HTTP/1.1" 200 15669 "http://www.dialyse-borna.de/seiten/links.htm" "Mozilla/5.0 (Windows NT 6.1; WOW64; rv:16.0) Gecko/20100101 Firefox/16.0"
27.159.235.60 - - [05/Dec/2012:23:01:30 +0100] "GET /seiten/links.htm HTTP/1.0" 200 7302 "http://www.dialyse-borna.de/seiten/links.htm" "Opera/9.80 (Windows NT 6.1; U; ru) Presto/2.9.211 Version/12.00"
157.55.35.40 - - [06/Dec/2012:02:25:41 +0100] "GET /robots.txt HTTP/1.1" 200 157 "-" "Mozilla/5.0 (compatible; bingbot/2.0; +http://www.bing.com/bingbot.htm)"
157.55.35.40 - - [06/Dec/2012:02:27:29 +0100] "GET /seiten/start.htm HTTP/1.1" 200 7516 "-" "Mozilla/5.0 (compatible; bingbot/2.0; +http://www.bing.com/bingbot.htm)"
157.55.35.53 - - [06/Dec/2012:02:27:50 +0100] "GET /seiten/dialyse.htm HTTP/1.1" 200 7403 "-" "Mozilla/5.0 (compatible; bingbot/2.0; +http://www.bing.com/bingbot.htm)"
157.55.35.53 - - [06/Dec/2012:02:27:50 +0100] "GET /seiten/leist.htm HTTP/1.1" 200 7640 "-" "Mozilla/5.0 (compatible; bingbot/2.0; +http://www.bing.com/bingbot.htm)"
157.55.35.90 - - [06/Dec/2012:02:27:56 +0100] "GET / HTTP/1.1" 200 2663 "-" "Mozilla/5.0 (compatible; bingbot/2.0; +http://www.bing.com/bingbot.htm)"
157.55.35.53 - - [06/Dec/2012:02:27:59 +0100] "GET /seiten/praxis.htm HTTP/1.1" 200 7847 "-" "Mozilla/5.0 (compatible; bingbot/2.0; +http://www.bing.com/bingbot.htm)"
65.55.52.115 - - [06/Dec/2012:02:28:22 +0100] "GET /seiten/impr.htm HTTP/1.1" 200 9648 "-" "Mozilla/5.0 (compatible; bingbot/2.0; +http://www.bing.com/bingbot.htm)"
157.55.34.32 - - [06/Dec/2012:02:28:24 +0100] "GET /seiten/links.htm HTTP/1.1" 200 7302 "-" "Mozilla/5.0 (compatible; bingbot/2.0; +http://www.bing.com/bingbot.htm)"
157.55.35.32 - - [06/Dec/2012:02:28:44 +0100] "GET /seiten/kont.htm HTTP/1.1" 200 8048 "-" "Mozilla/5.0 (compatible; bingbot/2.0; +http://www.bing.com/bingbot.htm)"
178.137.5.218 - - [06/Dec/2012:04:47:05 +0100] "GET /seiten/news.php HTTP/1.1" 200 7079 "http://www.anfast.ru/" "Opera/7.11 (Windows NT 5.1; U) [en]"
178.137.5.218 - - [06/Dec/2012:04:47:06 +0100] "GET /seiten/news.php HTTP/1.1" 200 7079 "http://www.anfast.ru/" "Opera/7.11 (Windows NT 5.1; U) [en]"
195.242.218.133 - - [06/Dec/2012:05:39:56 +0100] "GET /seiten/news.php HTTP/1.1" 200 7079 "http://ngps1.ru/" "Opera/7.11 (Windows NT 5.1; U) [en]"
195.242.218.133 - - [06/Dec/2012:05:39:57 +0100] "GET /seiten/news.php HTTP/1.1" 200 7079 "http://ngps1.ru/" "Opera/7.11 (Windows NT 5.1; U) [en]"
208.115.111.73 - - [06/Dec/2012:06:08:23 +0100] "GET /robots.txt HTTP/1.1" 200 157 "-" "Mozilla/5.0 (compatible; Ezooms/1.0; ezooms.bot@gmail.com)"
23.20.170.90 - - [06/Dec/2012:06:15:10 +0100] "GET / HTTP/1.0" 200 2663 "-" "Mozilla/5.0 (compatible; NetcraftSurveyAgent/1.0; +info@netcraft.com)"
157.55.35.90 - - [06/Dec/2012:06:34:47 +0100] "GET /robots.txt HTTP/1.1" 200 157 "-" "Mozilla/5.0 (compatible; bingbot/2.0; +http://www.bing.com/bingbot.htm)"
157.55.35.90 - - [06/Dec/2012:06:36:22 +0100] "GET / HTTP/1.1" 200 2663 "-" "Mozilla/5.0 (compatible; bingbot/2.0; +http://www.bing.com/bingbot.htm)"
157.55.35.40 - - [06/Dec/2012:07:37:54 +0100] "GET /robots.txt HTTP/1.1" 200 157 "-" "Mozilla/5.0 (compatible; bingbot/2.0; +http://www.bing.com/bingbot.htm)"
208.115.111.73 - - [06/Dec/2012:07:59:08 +0100] "GET /seiten/impr.htm HTTP/1.1" 200 9648 "-" "Mozilla/5.0 (compatible; Ezooms/1.0; ezooms.bot@gmail.com)"
66.249.73.174 - - [06/Dec/2012:08:37:45 +0100] "GET /robots.txt HTTP/1.1" 200 157 "-" "Mozilla/5.0 (compatible; Googlebot/2.1; +http://www.google.com/bot.html)"
66.249.73.174 - - [06/Dec/2012:08:37:45 +0100] "GET /seiten/praxis.htm HTTP/1.1" 304 - "-" "Mozilla/5.0 (compatible; Googlebot/2.1; +http://www.google.com/bot.html)"
157.55.35.40 - - [06/Dec/2012:08:41:23 +0100] "GET /robots.txt HTTP/1.1" 200 157 "-" "Mozilla/5.0 (compatible; bingbot/2.0; +http://www.bing.com/bingbot.htm)"
66.249.73.174 - - [06/Dec/2012:09:36:36 +0100] "GET /seiten/links.htm HTTP/1.1" 200 7302 "-" "Mozilla/5.0 (compatible; Googlebot/2.1; +http://www.google.com/bot.html)"
157.55.35.53 - - [06/Dec/2012:10:12:24 +0100] "GET /robots.txt HTTP/1.1" 200 157 "-" "Mozilla/5.0 (compatible; bingbot/2.0; +http://www.bing.com/bingbot.htm)"
157.55.35.53 - - [06/Dec/2012:10:15:04 +0100] "GET /seiten/praxis.htm HTTP/1.1" 304 - "-" "Mozilla/5.0 (compatible; bingbot/2.0; +http://www.bing.com/bingbot.htm)"
193.106.136.58 - - [06/Dec/2012:11:01:53 +0100] "GET /seiten/news.php HTTP/1.1" 200 7079 "http://www.superlet.cz/" "Mozilla/4.0 (compatible; MSIE 6.0; Windows NT 5.1; SV1; YPC 3.0.2; .NET CLR 1.1.4322; yplus 4.4.02b)"
193.106.136.58 - - [06/Dec/2012:11:01:53 +0100] "GET /seiten/news.php HTTP/1.1" 200 7079 "http://www.superlet.cz/" "Mozilla/4.0 (compatible; MSIE 6.0; Windows NT 5.1; SV1; YPC 3.0.2; .NET CLR 1.1.4322; yplus 4.4.02b)"
178.154.179.250 - - [06/Dec/2012:11:45:54 +0100] "GET /robots.txt HTTP/1.1" 200 157 "-" "Mozilla/5.0 (compatible; YandexBot/3.0; +http://yandex.com/bots)"
178.137.5.218 - - [06/Dec/2012:12:00:45 +0100] "GET /seiten/news.php HTTP/1.1" 200 7079 "http://24-org.ru/" "Mozilla/4.0 (compatible; MSIE 6.0; Windows NT 5.2; Win64; AMD64)"
178.137.5.218 - - [06/Dec/2012:12:00:46 +0100] "GET /seiten/news.php HTTP/1.1" 200 7079 "http://24-org.ru/" "Mozilla/4.0 (compatible; MSIE 6.0; Windows NT 5.2; Win64; AMD64)"
85.22.152.5 - - [06/Dec/2012:12:33:25 +0100] "GET / HTTP/1.1" 200 2663 "http://www.google.de/url?sa=t&rct=j&q=dialyse+borna&source=web&cd=1&ved=0CC0QFjAA&url=http%3A%2F%2Fwww.dialyse-borna.de%2F&ei=g4LAUKmXB8HK4AScuoDgBA&usg=AFQjCNF2KNTIkBF7QiIB3UFmpF4J1FAf4w" "Opera/9.80 (Windows NT 6.1) Presto/2.12.388 Version/12.11"
85.22.152.5 - - [06/Dec/2012:12:33:25 +0100] "GET /seiten/start.htm HTTP/1.1" 200 7516 "http://www.dialyse-borna.de/" "Opera/9.80 (Windows NT 6.1) Presto/2.12.388 Version/12.11"
85.22.152.5 - - [06/Dec/2012:12:33:25 +0100] "GET /css/borna.css HTTP/1.1" 200 2909 "http://www.dialyse-borna.de/" "Opera/9.80 (Windows NT 6.1) Presto/2.12.388 Version/12.11"
85.22.152.5 - - [06/Dec/2012:12:33:25 +0100] "GET /favicon.ico HTTP/1.1" 404 1256 "http://www.dialyse-borna.de/seiten/start.htm" "Opera/9.80 (Windows NT 6.1) Presto/2.12.388 Version/12.11"
85.22.152.5 - - [06/Dec/2012:12:33:25 +0100] "GET /img/men04.gif HTTP/1.1" 200 1395 "http://www.dialyse-borna.de/seiten/start.htm" "Opera/9.80 (Windows NT 6.1) Presto/2.12.388 Version/12.11"
85.22.152.5 - - [06/Dec/2012:12:33:25 +0100] "GET /img/men06.gif HTTP/1.1" 200 1162 "http://www.dialyse-borna.de/seiten/start.htm" "Opera/9.80 (Windows NT 6.1) Presto/2.12.388 Version/12.11"
85.22.152.5 - - [06/Dec/2012:12:33:25 +0100] "GET /img/main_pic.jpg HTTP/1.1" 200 14864 "http://www.dialyse-borna.de/seiten/start.htm" "Opera/9.80 (Windows NT 6.1) Presto/2.12.388 Version/12.11"
85.22.152.5 - - [06/Dec/2012:12:33:25 +0100] "GET /img/pfeil.jpg HTTP/1.1" 200 380 "http://www.dialyse-borna.de/seiten/start.htm" "Opera/9.80 (Windows NT 6.1) Presto/2.12.388 Version/12.11"
85.22.152.5 - - [06/Dec/2012:12:33:25 +0100] "GET /img/men01.gif HTTP/1.1" 200 432 "http://www.dialyse-borna.de/seiten/start.htm" "Opera/9.80 (Windows NT 6.1) Presto/2.12.388 Version/12.11"
85.22.152.5 - - [06/Dec/2012:12:33:25 +0100] "GET /img/men02a.gif HTTP/1.1" 200 589 "http://www.dialyse-borna.de/seiten/start.htm" "Opera/9.80 (Windows NT 6.1) Presto/2.12.388 Version/12.11"
85.22.152.5 - - [06/Dec/2012:12:33:25 +0100] "GET /img/1pixel.gif HTTP/1.1" 200 45 "http://www.dialyse-borna.de/seiten/start.htm" "Opera/9.80 (Windows NT 6.1) Presto/2.12.388 Version/12.11"
85.22.152.5 - - [06/Dec/2012:12:33:25 +0100] "GET /img/men03.gif HTTP/1.1" 200 1621 "http://www.dialyse-borna.de/seiten/start.htm" "Opera/9.80 (Windows NT 6.1) Presto/2.12.388 Version/12.11"
85.22.152.5 - - [06/Dec/2012:12:33:25 +0100] "GET /img/men07.gif HTTP/1.1" 200 1396 "http://www.dialyse-borna.de/seiten/start.htm" "Opera/9.80 (Windows NT 6.1) Presto/2.12.388 Version/12.11"
85.22.152.5 - - [06/Dec/2012:12:33:25 +0100] "GET /img/men09.gif HTTP/1.1" 200 708 "http://www.dialyse-borna.de/seiten/start.htm" "Opera/9.80 (Windows NT 6.1) Presto/2.12.388 Version/12.11"
85.22.152.5 - - [06/Dec/2012:12:33:25 +0100] "GET /img/lay03.gif HTTP/1.1" 200 671 "http://www.dialyse-borna.de/seiten/start.htm" "Opera/9.80 (Windows NT 6.1) Presto/2.12.388 Version/12.11"
85.22.152.5 - - [06/Dec/2012:12:33:25 +0100] "GET /img/lay04.gif HTTP/1.1" 200 210 "http://www.dialyse-borna.de/seiten/start.htm" "Opera/9.80 (Windows NT 6.1) Presto/2.12.388 Version/12.11"
85.22.152.5 - - [06/Dec/2012:12:33:25 +0100] "GET /img/men08.gif HTTP/1.1" 200 1642 "http://www.dialyse-borna.de/seiten/start.htm" "Opera/9.80 (Windows NT 6.1) Presto/2.12.388 Version/12.11"
85.22.152.5 - - [06/Dec/2012:12:33:25 +0100] "GET /img/lay07.gif HTTP/1.1" 200 272 "http://www.dialyse-borna.de/seiten/start.htm" "Opera/9.80 (Windows NT 6.1) Presto/2.12.388 Version/12.11"
85.22.152.5 - - [06/Dec/2012:12:33:25 +0100] "GET /img/lay04.gif HTTP/1.1" 200 210 "http://www.dialyse-borna.de/seiten/start.htm" "Opera/9.80 (Windows NT 6.1) Presto/2.12.388 Version/12.11"
85.22.152.5 - - [06/Dec/2012:12:33:25 +0100] "GET /img/lay03.gif HTTP/1.1" 200 671 "http://www.dialyse-borna.de/seiten/start.htm" "Opera/9.80 (Windows NT 6.1) Presto/2.12.388 Version/12.11"
85.22.152.5 - - [06/Dec/2012:12:33:25 +0100] "GET /img/bg2.gif HTTP/1.1" 200 49 "http://www.dialyse-borna.de/seiten/start.htm" "Opera/9.80 (Windows NT 6.1) Presto/2.12.388 Version/12.11"
85.22.152.5 - - [06/Dec/2012:12:33:25 +0100] "GET /img/lay02.gif HTTP/1.1" 200 3503 "http://www.dialyse-borna.de/seiten/start.htm" "Opera/9.80 (Windows NT 6.1) Presto/2.12.388 Version/12.11"
85.22.152.5 - - [06/Dec/2012:12:33:25 +0100] "GET /img/lay01.gif HTTP/1.1" 200 384 "http://www.dialyse-borna.de/seiten/start.htm" "Opera/9.80 (Windows NT 6.1) Presto/2.12.388 Version/12.11"
85.22.152.5 - - [06/Dec/2012:12:33:25 +0100] "GET /img/lay08.gif HTTP/1.1" 200 322 "http://www.dialyse-borna.de/seiten/start.htm" "Opera/9.80 (Windows NT 6.1) Presto/2.12.388 Version/12.11"
85.22.152.5 - - [06/Dec/2012:12:33:25 +0100] "GET /img/lay05.gif HTTP/1.1" 200 541 "http://www.dialyse-borna.de/seiten/start.htm" "Opera/9.80 (Windows NT 6.1) Presto/2.12.388 Version/12.11"
85.22.152.5 - - [06/Dec/2012:12:33:25 +0100] "GET /img/bg4.gif HTTP/1.1" 200 135 "http://www.dialyse-borna.de/seiten/start.htm" "Opera/9.80 (Windows NT 6.1) Presto/2.12.388 Version/12.11"
85.22.152.5 - - [06/Dec/2012:12:33:25 +0100] "GET /img/bg1.gif HTTP/1.1" 200 54 "http://www.dialyse-borna.de/seiten/start.htm" "Opera/9.80 (Windows NT 6.1) Presto/2.12.388 Version/12.11"
85.22.152.5 - - [06/Dec/2012:12:33:25 +0100] "GET /img/bg3.gif HTTP/1.1" 200 143 "http://www.dialyse-borna.de/seiten/start.htm" "Opera/9.80 (Windows NT 6.1) Presto/2.12.388 Version/12.11"
85.22.152.5 - - [06/Dec/2012:12:33:27 +0100] "GET /img/men03a.gif HTTP/1.1" 200 820 "http://www.dialyse-borna.de/seiten/start.htm" "Opera/9.80 (Windows NT 6.1) Presto/2.12.388 Version/12.11"
85.22.152.5 - - [06/Dec/2012:12:33:27 +0100] "GET /img/men07a.gif HTTP/1.1" 200 666 "http://www.dialyse-borna.de/seiten/start.htm" "Opera/9.80 (Windows NT 6.1) Presto/2.12.388 Version/12.11"
85.22.152.5 - - [06/Dec/2012:12:33:27 +0100] "GET /img/men08a.gif HTTP/1.1" 200 819 "http://www.dialyse-borna.de/seiten/start.htm" "Opera/9.80 (Windows NT 6.1) Presto/2.12.388 Version/12.11"
85.22.152.5 - - [06/Dec/2012:12:33:28 +0100] "GET /img/men04a.gif HTTP/1.1" 200 669 "http://www.dialyse-borna.de/seiten/start.htm" "Opera/9.80 (Windows NT 6.1) Presto/2.12.388 Version/12.11"
85.22.152.5 - - [06/Dec/2012:12:33:28 +0100] "GET /img/men04a.gif HTTP/1.1" 200 669 "http://www.dialyse-borna.de/seiten/start.htm" "Opera/9.80 (Windows NT 6.1) Presto/2.12.388 Version/12.11"
85.22.152.5 - - [06/Dec/2012:12:33:28 +0100] "GET /img/men03a.gif HTTP/1.1" 200 820 "http://www.dialyse-borna.de/seiten/start.htm" "Opera/9.80 (Windows NT 6.1) Presto/2.12.388 Version/12.11"
85.22.152.5 - - [06/Dec/2012:12:33:31 +0100] "GET /seiten/praxis.htm HTTP/1.1" 200 7847 "http://www.dialyse-borna.de/seiten/start.htm" "Opera/9.80 (Windows NT 6.1) Presto/2.12.388 Version/12.11"
85.22.152.5 - - [06/Dec/2012:12:33:31 +0100] "GET /img/schild.jpg HTTP/1.1" 200 12757 "http://www.dialyse-borna.de/seiten/praxis.htm" "Opera/9.80 (Windows NT 6.1) Presto/2.12.388 Version/12.11"
85.22.152.5 - - [06/Dec/2012:12:33:31 +0100] "GET /img/bg2.gif HTTP/1.1" 200 49 "http://www.dialyse-borna.de/seiten/praxis.htm" "Opera/9.80 (Windows NT 6.1) Presto/2.12.388 Version/12.11"
85.22.152.5 - - [06/Dec/2012:12:33:31 +0100] "GET /img/men05a.gif HTTP/1.1" 200 556 "http://www.dialyse-borna.de/seiten/praxis.htm" "Opera/9.80 (Windows NT 6.1) Presto/2.12.388 Version/12.11"
85.22.152.5 - - [06/Dec/2012:12:33:31 +0100] "GET /img/men08a.gif HTTP/1.1" 200 819 "http://www.dialyse-borna.de/seiten/praxis.htm" "Opera/9.80 (Windows NT 6.1) Presto/2.12.388 Version/12.11"
85.22.152.5 - - [06/Dec/2012:12:33:31 +0100] "GET /img/men06a.gif HTTP/1.1" 200 518 "http://www.dialyse-borna.de/seiten/praxis.htm" "Opera/9.80 (Windows NT 6.1) Presto/2.12.388 Version/12.11"
85.22.152.5 - - [06/Dec/2012:12:33:31 +0100] "GET /img/men07a.gif HTTP/1.1" 200 666 "http://www.dialyse-borna.de/seiten/praxis.htm" "Opera/9.80 (Windows NT 6.1) Presto/2.12.388 Version/12.11"
85.22.152.5 - - [06/Dec/2012:12:33:38 +0100] "GET /seiten/leist.htm HTTP/1.1" 200 7640 "http://www.dialyse-borna.de/seiten/praxis.htm" "Opera/9.80 (Windows NT 6.1) Presto/2.12.388 Version/12.11"
85.22.152.5 - - [06/Dec/2012:12:33:38 +0100] "GET /img/men02.gif HTTP/1.1" 200 1273 "http://www.dialyse-borna.de/seiten/leist.htm" "Opera/9.80 (Windows NT 6.1) Presto/2.12.388 Version/12.11"
85.22.152.5 - - [06/Dec/2012:12:33:38 +0100] "GET /img/leist.jpg HTTP/1.1" 200 18546 "http://www.dialyse-borna.de/seiten/leist.htm" "Opera/9.80 (Windows NT 6.1) Presto/2.12.388 Version/12.11"
85.22.152.5 - - [06/Dec/2012:12:33:39 +0100] "GET /seiten/dialyse.htm HTTP/1.1" 200 7403 "http://www.dialyse-borna.de/seiten/leist.htm" "Opera/9.80 (Windows NT 6.1) Presto/2.12.388 Version/12.11"
85.22.152.5 - - [06/Dec/2012:12:33:39 +0100] "GET /img/dialyse.jpg HTTP/1.1" 200 18017 "http://www.dialyse-borna.de/seiten/dialyse.htm" "Opera/9.80 (Windows NT 6.1) Presto/2.12.388 Version/12.11"
85.22.152.5 - - [06/Dec/2012:12:33:42 +0100] "GET /seiten/links.htm HTTP/1.1" 200 7302 "http://www.dialyse-borna.de/seiten/dialyse.htm" "Opera/9.80 (Windows NT 6.1) Presto/2.12.388 Version/12.11"
85.22.152.5 - - [06/Dec/2012:12:33:42 +0100] "GET /img/links.jpg HTTP/1.1" 200 15669 "http://www.dialyse-borna.de/seiten/links.htm" "Opera/9.80 (Windows NT 6.1) Presto/2.12.388 Version/12.11"
85.22.152.5 - - [06/Dec/2012:12:33:54 +0100] "GET /seiten/kont.htm HTTP/1.1" 200 8048 "http://www.dialyse-borna.de/seiten/links.htm" "Opera/9.80 (Windows NT 6.1) Presto/2.12.388 Version/12.11"
85.22.152.5 - - [06/Dec/2012:12:35:59 +0100] "GET /seiten/praxis.htm HTTP/1.1" 304 - "http://www.dialyse-borna.de/seiten/kont.htm" "Opera/9.80 (Windows NT 6.1) Presto/2.12.388 Version/12.11"
85.22.152.5 - - [06/Dec/2012:12:36:04 +0100] "GET /seiten/start.htm HTTP/1.1" 304 - "http://www.dialyse-borna.de/seiten/praxis.htm" "Opera/9.80 (Windows NT 6.1) Presto/2.12.388 Version/12.11"
85.22.152.5 - - [06/Dec/2012:12:36:18 +0100] "GET /seiten/praxis.htm HTTP/1.1" 304 - "http://www.dialyse-borna.de/seiten/start.htm" "Opera/9.80 (Windows NT 6.1) Presto/2.12.388 Version/12.11"
80.187.102.69 - - [06/Dec/2012:12:41:32 +0100] "GET / HTTP/1.1" 200 2663 "http://www.google.com/search?hl=de&client=ms-android-samsung&tbo=d&source=android-home&site=webhp&source=hp&q=dialyse+borna&oq=Dialyse+norna&gs_l=mobile-gws-hp.1.0.0i13.1298302.1302620.2.1304410.17.7.6.4.6.1.432.1330.2-1j2j1.4.0...0.0...1ac.1.rLpiKPz8drg" "Mozilla/5.0 (Linux; U; Android 2.3.4; de-de; GT-I9100 Build/GINGERBREAD) AppleWebKit/533.1 (KHTML, like Gecko) Version/4.0 Mobile Safari/533.1"
80.187.102.69 - - [06/Dec/2012:12:41:32 +0100] "GET /css/borna.css HTTP/1.1" 200 2909 "http://www.dialyse-borna.de/" "Mozilla/5.0 (Linux; U; Android 2.3.4; de-de; GT-I9100 Build/GINGERBREAD) AppleWebKit/533.1 (KHTML, like Gecko) Version/4.0 Mobile Safari/533.1"
80.187.102.69 - - [06/Dec/2012:12:41:33 +0100] "GET /seiten/start.htm HTTP/1.1" 200 7516 "http://www.dialyse-borna.de/" "Mozilla/5.0 (Linux; U; Android 2.3.4; de-de; GT-I9100 Build/GINGERBREAD) AppleWebKit/533.1 (KHTML, like Gecko) Version/4.0 Mobile Safari/533.1"
80.187.102.69 - - [06/Dec/2012:12:41:35 +0100] "GET /img/bg2.gif HTTP/1.1" 200 49 "http://www.dialyse-borna.de/seiten/start.htm" "Mozilla/5.0 (Linux; U; Android 2.3.4; de-de; GT-I9100 Build/GINGERBREAD) AppleWebKit/533.1 (KHTML, like Gecko) Version/4.0 Mobile Safari/533.1"
80.187.102.69 - - [06/Dec/2012:12:41:35 +0100] "GET /img/lay02.gif HTTP/1.1" 200 3503 "http://www.dialyse-borna.de/seiten/start.htm" "Mozilla/5.0 (Linux; U; Android 2.3.4; de-de; GT-I9100 Build/GINGERBREAD) AppleWebKit/533.1 (KHTML, like Gecko) Version/4.0 Mobile Safari/533.1"
80.187.102.69 - - [06/Dec/2012:12:41:35 +0100] "GET /img/main_pic.jpg HTTP/1.1" 200 14864 "http://www.dialyse-borna.de/seiten/start.htm" "Mozilla/5.0 (Linux; U; Android 2.3.4; de-de; GT-I9100 Build/GINGERBREAD) AppleWebKit/533.1 (KHTML, like Gecko) Version/4.0 Mobile Safari/533.1"
80.187.102.69 - - [06/Dec/2012:12:41:35 +0100] "GET /img/men01.gif HTTP/1.1" 200 432 "http://www.dialyse-borna.de/seiten/start.htm" "Mozilla/5.0 (Linux; U; Android 2.3.4; de-de; GT-I9100 Build/GINGERBREAD) AppleWebKit/533.1 (KHTML, like Gecko) Version/4.0 Mobile Safari/533.1"
80.187.102.69 - - [06/Dec/2012:12:41:35 +0100] "GET /img/lay01.gif HTTP/1.1" 200 384 "http://www.dialyse-borna.de/seiten/start.htm" "Mozilla/5.0 (Linux; U; Android 2.3.4; de-de; GT-I9100 Build/GINGERBREAD) AppleWebKit/533.1 (KHTML, like Gecko) Version/4.0 Mobile Safari/533.1"
80.187.102.69 - - [06/Dec/2012:12:41:35 +0100] "GET /img/men03.gif HTTP/1.1" 200 1621 "http://www.dialyse-borna.de/seiten/start.htm" "Mozilla/5.0 (Linux; U; Android 2.3.4; de-de; GT-I9100 Build/GINGERBREAD) AppleWebKit/533.1 (KHTML, like Gecko) Version/4.0 Mobile Safari/533.1"
80.187.102.69 - - [06/Dec/2012:12:41:35 +0100] "GET /img/men09.gif HTTP/1.1" 200 708 "http://www.dialyse-borna.de/seiten/start.htm" "Mozilla/5.0 (Linux; U; Android 2.3.4; de-de; GT-I9100 Build/GINGERBREAD) AppleWebKit/533.1 (KHTML, like Gecko) Version/4.0 Mobile Safari/533.1"
80.187.102.69 - - [06/Dec/2012:12:41:35 +0100] "GET /img/men07.gif HTTP/1.1" 200 1396 "http://www.dialyse-borna.de/seiten/start.htm" "Mozilla/5.0 (Linux; U; Android 2.3.4; de-de; GT-I9100 Build/GINGERBREAD) AppleWebKit/533.1 (KHTML, like Gecko) Version/4.0 Mobile Safari/533.1"
80.187.102.69 - - [06/Dec/2012:12:41:35 +0100] "GET /img/1pixel.gif HTTP/1.1" 200 45 "http://www.dialyse-borna.de/seiten/start.htm" "Mozilla/5.0 (Linux; U; Android 2.3.4; de-de; GT-I9100 Build/GINGERBREAD) AppleWebKit/533.1 (KHTML, like Gecko) Version/4.0 Mobile Safari/533.1"
80.187.102.69 - - [06/Dec/2012:12:41:35 +0100] "GET /img/lay08.gif HTTP/1.1" 200 322 "http://www.dialyse-borna.de/seiten/start.htm" "Mozilla/5.0 (Linux; U; Android 2.3.4; de-de; GT-I9100 Build/GINGERBREAD) AppleWebKit/533.1 (KHTML, like Gecko) Version/4.0 Mobile Safari/533.1"
80.187.102.69 - - [06/Dec/2012:12:41:35 +0100] "GET /img/bg3.gif HTTP/1.1" 200 143 "http://www.dialyse-borna.de/seiten/start.htm" "Mozilla/5.0 (Linux; U; Android 2.3.4; de-de; GT-I9100 Build/GINGERBREAD) AppleWebKit/533.1 (KHTML, like Gecko) Version/4.0 Mobile Safari/533.1"
80.187.102.69 - - [06/Dec/2012:12:41:35 +0100] "GET /img/pfeil.jpg HTTP/1.1" 200 380 "http://www.dialyse-borna.de/seiten/start.htm" "Mozilla/5.0 (Linux; U; Android 2.3.4; de-de; GT-I9100 Build/GINGERBREAD) AppleWebKit/533.1 (KHTML, like Gecko) Version/4.0 Mobile Safari/533.1"
80.187.102.69 - - [06/Dec/2012:12:41:35 +0100] "GET /img/lay03.gif HTTP/1.1" 200 671 "http://www.dialyse-borna.de/seiten/start.htm" "Mozilla/5.0 (Linux; U; Android 2.3.4; de-de; GT-I9100 Build/GINGERBREAD) AppleWebKit/533.1 (KHTML, like Gecko) Version/4.0 Mobile Safari/533.1"
80.187.102.69 - - [06/Dec/2012:12:41:35 +0100] "GET /img/men06.gif HTTP/1.1" 200 1162 "http://www.dialyse-borna.de/seiten/start.htm" "Mozilla/5.0 (Linux; U; Android 2.3.4; de-de; GT-I9100 Build/GINGERBREAD) AppleWebKit/533.1 (KHTML, like Gecko) Version/4.0 Mobile Safari/533.1"
80.187.102.69 - - [06/Dec/2012:12:41:35 +0100] "GET /img/men08.gif HTTP/1.1" 200 1642 "http://www.dialyse-borna.de/seiten/start.htm" "Mozilla/5.0 (Linux; U; Android 2.3.4; de-de; GT-I9100 Build/GINGERBREAD) AppleWebKit/533.1 (KHTML, like Gecko) Version/4.0 Mobile Safari/533.1"
80.187.102.69 - - [06/Dec/2012:12:41:35 +0100] "GET /img/bg4.gif HTTP/1.1" 200 135 "http://www.dialyse-borna.de/seiten/start.htm" "Mozilla/5.0 (Linux; U; Android 2.3.4; de-de; GT-I9100 Build/GINGERBREAD) AppleWebKit/533.1 (KHTML, like Gecko) Version/4.0 Mobile Safari/533.1"
80.187.102.69 - - [06/Dec/2012:12:41:35 +0100] "GET /img/men02a.gif HTTP/1.1" 200 589 "http://www.dialyse-borna.de/seiten/start.htm" "Mozilla/5.0 (Linux; U; Android 2.3.4; de-de; GT-I9100 Build/GINGERBREAD) AppleWebKit/533.1 (KHTML, like Gecko) Version/4.0 Mobile Safari/533.1"
80.187.102.69 - - [06/Dec/2012:12:41:35 +0100] "GET /img/lay04.gif HTTP/1.1" 200 210 "http://www.dialyse-borna.de/seiten/start.htm" "Mozilla/5.0 (Linux; U; Android 2.3.4; de-de; GT-I9100 Build/GINGERBREAD) AppleWebKit/533.1 (KHTML, like Gecko) Version/4.0 Mobile Safari/533.1"
80.187.102.69 - - [06/Dec/2012:12:41:35 +0100] "GET /img/bilder.swf HTTP/1.1" 200 78858 "http://www.dialyse-borna.de/seiten/start.htm" "Mozilla/5.0 (Linux; U; Android 2.3.4; de-de; GT-I9100 Build/GINGERBREAD) AppleWebKit/533.1 (KHTML, like Gecko) Version/4.0 Mobile Safari/533.1"
80.187.102.69 - - [06/Dec/2012:12:41:35 +0100] "GET /img/lay05.gif HTTP/1.1" 200 541 "http://www.dialyse-borna.de/seiten/start.htm" "Mozilla/5.0 (Linux; U; Android 2.3.4; de-de; GT-I9100 Build/GINGERBREAD) AppleWebKit/533.1 (KHTML, like Gecko) Version/4.0 Mobile Safari/533.1"
80.187.102.69 - - [06/Dec/2012:12:41:35 +0100] "GET /img/lay07.gif HTTP/1.1" 200 272 "http://www.dialyse-borna.de/seiten/start.htm" "Mozilla/5.0 (Linux; U; Android 2.3.4; de-de; GT-I9100 Build/GINGERBREAD) AppleWebKit/533.1 (KHTML, like Gecko) Version/4.0 Mobile Safari/533.1"
80.187.102.69 - - [06/Dec/2012:12:41:35 +0100] "GET /img/men04.gif HTTP/1.1" 200 1395 "http://www.dialyse-borna.de/seiten/start.htm" "Mozilla/5.0 (Linux; U; Android 2.3.4; de-de; GT-I9100 Build/GINGERBREAD) AppleWebKit/533.1 (KHTML, like Gecko) Version/4.0 Mobile Safari/533.1"
80.187.102.69 - - [06/Dec/2012:12:41:35 +0100] "GET /img/bg1.gif HTTP/1.1" 200 54 "http://www.dialyse-borna.de/seiten/start.htm" "Mozilla/5.0 (Linux; U; Android 2.3.4; de-de; GT-I9100 Build/GINGERBREAD) AppleWebKit/533.1 (KHTML, like Gecko) Version/4.0 Mobile Safari/533.1"
80.187.102.69 - - [06/Dec/2012:12:41:39 +0100] "GET /favicon.ico HTTP/1.1" 404 1256 "http://www.dialyse-borna.de/seiten/start.htm" "Mozilla/5.0 (Linux; U; Android 2.3.4; de-de; GT-I9100 Build/GINGERBREAD) AppleWebKit/533.1 (KHTML, like Gecko) Version/4.0 Mobile Safari/533.1"
80.187.102.69 - - [06/Dec/2012:12:41:39 +0100] "GET /img/men02a.gif HTTP/1.1" 200 589 "http://www.dialyse-borna.de/seiten/start.htm" "Mozilla/5.0 (Linux; U; Android 2.3.4; de-de; GT-I9100 Build/GINGERBREAD) AppleWebKit/533.1 (KHTML, like Gecko) Version/4.0 Mobile Safari/533.1"
80.187.102.69 - - [06/Dec/2012:12:41:39 +0100] "GET /img/men06a.gif HTTP/1.1" 200 518 "http://www.dialyse-borna.de/seiten/start.htm" "Mozilla/5.0 (Linux; U; Android 2.3.4; de-de; GT-I9100 Build/GINGERBREAD) AppleWebKit/533.1 (KHTML, like Gecko) Version/4.0 Mobile Safari/533.1"
80.187.102.69 - - [06/Dec/2012:12:41:39 +0100] "GET /img/men04a.gif HTTP/1.1" 200 669 "http://www.dialyse-borna.de/seiten/start.htm" "Mozilla/5.0 (Linux; U; Android 2.3.4; de-de; GT-I9100 Build/GINGERBREAD) AppleWebKit/533.1 (KHTML, like Gecko) Version/4.0 Mobile Safari/533.1"
80.187.102.69 - - [06/Dec/2012:12:41:39 +0100] "GET /img/men08a.gif HTTP/1.1" 200 819 "http://www.dialyse-borna.de/seiten/start.htm" "Mozilla/5.0 (Linux; U; Android 2.3.4; de-de; GT-I9100 Build/GINGERBREAD) AppleWebKit/533.1 (KHTML, like Gecko) Version/4.0 Mobile Safari/533.1"
80.187.102.69 - - [06/Dec/2012:12:41:39 +0100] "GET /img/men07a.gif HTTP/1.1" 200 666 "http://www.dialyse-borna.de/seiten/start.htm" "Mozilla/5.0 (Linux; U; Android 2.3.4; de-de; GT-I9100 Build/GINGERBREAD) AppleWebKit/533.1 (KHTML, like Gecko) Version/4.0 Mobile Safari/533.1"
80.187.102.69 - - [06/Dec/2012:12:41:39 +0100] "GET /img/men03a.gif HTTP/1.1" 200 820 "http://www.dialyse-borna.de/seiten/start.htm" "Mozilla/5.0 (Linux; U; Android 2.3.4; de-de; GT-I9100 Build/GINGERBREAD) AppleWebKit/533.1 (KHTML, like Gecko) Version/4.0 Mobile Safari/533.1"
80.187.102.69 - - [06/Dec/2012:12:41:39 +0100] "GET /img/men05a.gif HTTP/1.1" 200 556 "http://www.dialyse-borna.de/seiten/start.htm" "Mozilla/5.0 (Linux; U; Android 2.3.4; de-de; GT-I9100 Build/GINGERBREAD) AppleWebKit/533.1 (KHTML, like Gecko) Version/4.0 Mobile Safari/533.1"
80.187.102.69 - - [06/Dec/2012:12:41:49 +0100] "GET /seiten/praxis.htm HTTP/1.1" 200 7847 "http://www.dialyse-borna.de/seiten/start.htm" "Mozilla/5.0 (Linux; U; Android 2.3.4; de-de; GT-I9100 Build/GINGERBREAD) AppleWebKit/533.1 (KHTML, like Gecko) Version/4.0 Mobile Safari/533.1"
80.187.102.69 - - [06/Dec/2012:12:41:49 +0100] "GET /img/schild.jpg HTTP/1.1" 200 12757 "http://www.dialyse-borna.de/seiten/praxis.htm" "Mozilla/5.0 (Linux; U; Android 2.3.4; de-de; GT-I9100 Build/GINGERBREAD) AppleWebKit/533.1 (KHTML, like Gecko) Version/4.0 Mobile Safari/533.1"
80.187.102.69 - - [06/Dec/2012:12:42:18 +0100] "GET /seiten/impr.htm HTTP/1.1" 200 9648 "http://www.dialyse-borna.de/seiten/praxis.htm" "Mozilla/5.0 (Linux; U; Android 2.3.4; de-de; GT-I9100 Build/GINGERBREAD) AppleWebKit/533.1 (KHTML, like Gecko) Version/4.0 Mobile Safari/533.1"
80.187.102.69 - - [06/Dec/2012:12:42:18 +0100] "GET /img/men02.gif HTTP/1.1" 200 1273 "http://www.dialyse-borna.de/seiten/impr.htm" "Mozilla/5.0 (Linux; U; Android 2.3.4; de-de; GT-I9100 Build/GINGERBREAD) AppleWebKit/533.1 (KHTML, like Gecko) Version/4.0 Mobile Safari/533.1"
80.187.102.69 - - [06/Dec/2012:12:42:19 +0100] "GET /img/men08a.gif HTTP/1.1" 200 819 "http://www.dialyse-borna.de/seiten/impr.htm" "Mozilla/5.0 (Linux; U; Android 2.3.4; de-de; GT-I9100 Build/GINGERBREAD) AppleWebKit/533.1 (KHTML, like Gecko) Version/4.0 Mobile Safari/533.1"
157.55.34.32 - - [06/Dec/2012:15:17:22 +0100] "GET /robots.txt HTTP/1.1" 200 157 "-" "Mozilla/5.0 (compatible; bingbot/2.0; +http://www.bing.com/bingbot.htm)"
178.154.179.250 - - [06/Dec/2012:15:20:30 +0100] "GET /seiten/dialyse.htm HTTP/1.1" 304 - "-" "Mozilla/5.0 (compatible; YandexBot/3.0; +http://yandex.com/bots)"
157.55.34.32 - - [06/Dec/2012:15:23:58 +0100] "GET /seiten/links.htm HTTP/1.1" 200 7302 "-" "Mozilla/5.0 (compatible; bingbot/2.0; +http://www.bing.com/bingbot.htm)"
157.55.36.52 - - [06/Dec/2012:16:26:09 +0100] "GET /robots.txt HTTP/1.1" 200 157 "-" "Mozilla/5.0 (compatible; bingbot/2.0; +http://www.bing.com/bingbot.htm)"
157.55.35.90 - - [06/Dec/2012:18:12:30 +0100] "GET /robots.txt HTTP/1.1" 200 157 "-" "Mozilla/5.0 (compatible; bingbot/2.0; +http://www.bing.com/bingbot.htm)"
157.55.35.90 - - [06/Dec/2012:18:14:15 +0100] "GET / HTTP/1.1" 200 2663 "-" "Mozilla/5.0 (compatible; bingbot/2.0; +http://www.bing.com/bingbot.htm)"
157.55.35.40 - - [06/Dec/2012:18:16:11 +0100] "GET /seiten/start.htm HTTP/1.1" 200 7516 "-" "Mozilla/5.0 (compatible; bingbot/2.0; +http://www.bing.com/bingbot.htm)"
157.55.34.32 - - [07/Dec/2012:00:49:35 +0100] "GET /robots.txt HTTP/1.1" 200 157 "-" "Mozilla/5.0 (compatible; bingbot/2.0; +http://www.bing.com/bingbot.htm)"
157.55.35.32 - - [07/Dec/2012:00:49:35 +0100] "GET /robots.txt HTTP/1.1" 200 157 "-" "Mozilla/5.0 (compatible; bingbot/2.0; +http://www.bing.com/bingbot.htm)"
157.55.35.90 - - [07/Dec/2012:00:51:21 +0100] "GET / HTTP/1.1" 200 2663 "-" "Mozilla/5.0 (compatible; bingbot/2.0; +http://www.bing.com/bingbot.htm)"
65.55.52.115 - - [07/Dec/2012:00:51:54 +0100] "GET /seiten/impr.htm HTTP/1.1" 200 9648 "-" "Mozilla/5.0 (compatible; bingbot/2.0; +http://www.bing.com/bingbot.htm)"
157.55.35.32 - - [07/Dec/2012:00:52:54 +0100] "GET /seiten/kont.htm HTTP/1.1" 200 8048 "-" "Mozilla/5.0 (compatible; bingbot/2.0; +http://www.bing.com/bingbot.htm)"
157.55.35.53 - - [07/Dec/2012:00:52:55 +0100] "GET /seiten/dialyse.htm HTTP/1.1" 200 7403 "-" "Mozilla/5.0 (compatible; bingbot/2.0; +http://www.bing.com/bingbot.htm)"
157.55.34.32 - - [07/Dec/2012:00:52:57 +0100] "GET /seiten/links.htm HTTP/1.1" 200 7302 "-" "Mozilla/5.0 (compatible; bingbot/2.0; +http://www.bing.com/bingbot.htm)"
157.55.35.53 - - [07/Dec/2012:00:53:06 +0100] "GET /seiten/leist.htm HTTP/1.1" 200 7640 "-" "Mozilla/5.0 (compatible; bingbot/2.0; +http://www.bing.com/bingbot.htm)"
157.55.35.53 - - [07/Dec/2012:00:53:13 +0100] "GET /seiten/praxis.htm HTTP/1.1" 200 7847 "-" "Mozilla/5.0 (compatible; bingbot/2.0; +http://www.bing.com/bingbot.htm)"
157.55.35.40 - - [07/Dec/2012:01:07:37 +0100] "GET /seiten/start.htm HTTP/1.1" 200 7516 "-" "Mozilla/5.0 (compatible; bingbot/2.0; +http://www.bing.com/bingbot.htm)"
66.249.76.101 - - [07/Dec/2012:03:26:12 +0100] "GET /robots.txt HTTP/1.1" 200 157 "-" "Mozilla/5.0 (compatible; Googlebot/2.1; +http://www.google.com/bot.html)"
66.249.76.101 - - [07/Dec/2012:03:26:12 +0100] "GET / HTTP/1.1" 200 2663 "-" "Mozilla/5.0 (iPhone; U; CPU iPhone OS 4_1 like Mac OS X; en-us) AppleWebKit/532.9 (KHTML, like Gecko) Version/4.0.5 Mobile/8B117 Safari/6531.22.7 (compatible; Googlebot-Mobile/2.1; +http://www.google.com/bot.html)"
208.115.113.89 - - [07/Dec/2012:04:15:25 +0100] "GET /robots.txt HTTP/1.1" 200 157 "-" "Mozilla/5.0 (compatible; Ezooms/1.0; ezooms.bot@gmail.com)"
37.140.141.34 - - [07/Dec/2012:04:49:42 +0100] "GET /robots.txt HTTP/1.1" 200 157 "-" "Mozilla/5.0 (compatible; YandexImages/3.0; +http://yandex.com/bots)"
193.106.136.58 - - [07/Dec/2012:06:08:38 +0100] "GET /seiten/news.php HTTP/1.1" 200 7079 "http://sadkings.net/" "Mozilla/4.0 (compatible; MSIE 6.0; Windows NT 5.1; .NET CLR 1.0.3705)"
193.106.136.58 - - [07/Dec/2012:06:08:38 +0100] "GET /seiten/news.php HTTP/1.1" 200 7079 "http://sadkings.net/" "Mozilla/4.0 (compatible; MSIE 6.0; Windows NT 5.1; .NET CLR 1.0.3705)"
208.115.113.89 - - [07/Dec/2012:06:14:52 +0100] "GET /seiten/links.htm HTTP/1.1" 200 7302 "-" "Mozilla/5.0 (compatible; Ezooms/1.0; ezooms.bot@gmail.com)"
37.140.141.34 - - [07/Dec/2012:06:36:12 +0100] "GET /img/1pixel.gif HTTP/1.1" 200 45 "-" "Mozilla/5.0 (compatible; YandexImages/3.0; +http://yandex.com/bots)"
37.140.141.34 - - [07/Dec/2012:08:34:29 +0100] "GET /img/men03.gif HTTP/1.1" 200 1621 "-" "Mozilla/5.0 (compatible; YandexImages/3.0; +http://yandex.com/bots)"
178.154.179.250 - - [07/Dec/2012:08:53:35 +0100] "GET /robots.txt HTTP/1.1" 200 157 "-" "Mozilla/5.0 (compatible; YandexBot/3.0; +http://yandex.com/bots)"
92.249.127.111 - - [07/Dec/2012:09:10:16 +0100] "GET /seiten/news.php HTTP/1.1" 200 7079 "http://itelepat.ru/" "Mozilla/5.0 (compatible; news bot /2.1)"
92.249.127.111 - - [07/Dec/2012:09:10:17 +0100] "GET /seiten/news.php HTTP/1.1" 200 7079 "http://itelepat.ru/" "Mozilla/5.0 (compatible; news bot /2.1)"
37.140.141.34 - - [07/Dec/2012:10:04:21 +0100] "GET /img/men09.gif HTTP/1.1" 200 708 "-" "Mozilla/5.0 (compatible; YandexImages/3.0; +http://yandex.com/bots)"
83.133.125.202 - - [07/Dec/2012:11:13:16 +0100] "GET / HTTP/1.1" 200 2663 "http://www.bigfinder.de/home-11.html" "Mozilla/5.0 (Windows; U; Windows NT 6.1; de; rv:1.9.2.8) Gecko/20100722 Firefox/3.6.8 GTB7.1"
37.140.141.34 - - [07/Dec/2012:12:06:19 +0100] "GET /img/lay04.gif HTTP/1.1" 200 210 "-" "Mozilla/5.0 (compatible; YandexImages/3.0; +http://yandex.com/bots)"
208.115.113.89 - - [07/Dec/2012:12:12:00 +0100] "GET /robots.txt HTTP/1.1" 200 157 "-" "Mozilla/5.0 (compatible; Ezooms/1.0; ezooms.bot@gmail.com)"
113.212.70.3 - - [07/Dec/2012:12:30:40 +0100] "GET /seiten/links.htm HTTP/1.0" 200 7302 "http://www.dialyse-borna.de/seiten/links.htm" "Opera/9.80 (Windows NT 5.1; U; Edition Yx; ru) Presto/2.10.289 Version/12.00"
176.123.0.57 - - [07/Dec/2012:12:55:27 +0100] "GET /seiten/news.php HTTP/1.1" 200 7079 "http://htc-review.ru/" "Mozilla/4.0 (compatible; MSIE 6.0; Windows NT 5.1; en) Opera 9.0"
176.123.0.57 - - [07/Dec/2012:12:55:27 +0100] "GET /seiten/news.php HTTP/1.1" 200 7079 "http://htc-review.ru/" "Mozilla/4.0 (compatible; MSIE 6.0; Windows NT 5.1; en) Opera 9.0"
157.55.35.90 - - [07/Dec/2012:13:31:56 +0100] "GET /robots.txt HTTP/1.1" 200 157 "-" "Mozilla/5.0 (compatible; bingbot/2.0; +http://www.bing.com/bingbot.htm)"
157.55.35.90 - - [07/Dec/2012:13:35:54 +0100] "GET / HTTP/1.1" 200 2663 "-" "Mozilla/5.0 (compatible; bingbot/2.0; +http://www.bing.com/bingbot.htm)"
157.55.35.40 - - [07/Dec/2012:13:37:42 +0100] "GET /seiten/start.htm HTTP/1.1" 200 7516 "-" "Mozilla/5.0 (compatible; bingbot/2.0; +http://www.bing.com/bingbot.htm)"
37.140.141.34 - - [07/Dec/2012:13:53:03 +0100] "GET /img/men04.gif HTTP/1.1" 200 1395 "-" "Mozilla/5.0 (compatible; YandexImages/3.0; +http://yandex.com/bots)"
208.115.113.89 - - [07/Dec/2012:14:14:45 +0100] "GET /seiten/dialyse.htm HTTP/1.1" 200 7403 "-" "Mozilla/5.0 (compatible; Ezooms/1.0; ezooms.bot@gmail.com)"
37.140.141.34 - - [07/Dec/2012:15:24:32 +0100] "GET /img/men01.gif HTTP/1.1" 200 432 "-" "Mozilla/5.0 (compatible; YandexImages/3.0; +http://yandex.com/bots)"
178.154.179.250 - - [07/Dec/2012:15:51:14 +0100] "GET / HTTP/1.1" 200 2663 "-" "Mozilla/5.0 (compatible; YandexBot/3.0; +http://yandex.com/bots)"
83.133.125.202 - - [07/Dec/2012:17:20:09 +0100] "GET / HTTP/1.1" 200 2663 "http://www.bigfinder.de/home-11.html" "T-Online Browser (Windows NT 6.1; de)"
37.140.141.34 - - [07/Dec/2012:17:26:34 +0100] "GET /img/men08a.gif HTTP/1.1" 200 819 "-" "Mozilla/5.0 (compatible; YandexImages/3.0; +http://yandex.com/bots)"
66.249.73.174 - - [07/Dec/2012:17:38:51 +0100] "GET /robots.txt HTTP/1.1" 200 157 "-" "Mozilla/5.0 (compatible; Googlebot/2.1; +http://www.google.com/bot.html)"
66.249.73.174 - - [07/Dec/2012:17:38:51 +0100] "GET /seiten/impr.htm HTTP/1.1" 304 - "-" "Mozilla/5.0 (compatible; Googlebot/2.1; +http://www.google.com/bot.html)"
64.246.161.190 - - [07/Dec/2012:17:42:30 +0100] "GET /robots.txt HTTP/1.0" 200 157 "-" "Mozilla/5.0 (Windows; U; Windows NT 5.1; en; rv:1.9.0.13) Gecko/2009073022 Firefox/3.5.2 (.NET CLR 3.5.30729) SurveyBot/2.3 (DomainTools)"
64.246.161.190 - - [07/Dec/2012:17:42:30 +0100] "GET / HTTP/1.1" 200 2663 "http://whois.domaintools.com/dialyse-borna.de" "Mozilla/5.0 (Windows; U; Windows NT 5.1; en; rv:1.9.0.13) Gecko/2009073022 Firefox/3.5.2 (.NET CLR 3.5.30729) SurveyBot/2.3 (DomainTools)"
178.137.5.218 - - [07/Dec/2012:18:50:41 +0100] "GET /seiten/news.php HTTP/1.1" 200 7079 "http://www.rbsurgut.ru/" "Mozilla/4.0 (compatible; MSIE 6.0; Windows NT 5.1; SV1; .NET CLR 1.1.4322; .NET CLR 2.0.50727)"
178.137.5.218 - - [07/Dec/2012:18:50:42 +0100] "GET /seiten/news.php HTTP/1.1" 200 7079 "http://www.rbsurgut.ru/" "Mozilla/4.0 (compatible; MSIE 6.0; Windows NT 5.1; SV1; .NET CLR 1.1.4322; .NET CLR 2.0.50727)"
37.140.141.34 - - [07/Dec/2012:18:58:02 +0100] "GET /img/lay07.gif HTTP/1.1" 200 272 "-" "Mozilla/5.0 (compatible; YandexImages/3.0; +http://yandex.com/bots)"
157.55.35.32 - - [07/Dec/2012:19:50:23 +0100] "GET /robots.txt HTTP/1.1" 200 157 "-" "Mozilla/5.0 (compatible; bingbot/2.0; +http://www.bing.com/bingbot.htm)"
157.55.35.32 - - [07/Dec/2012:19:52:59 +0100] "GET /seiten/news.php HTTP/1.1" 200 7079 "-" "Mozilla/5.0 (compatible; bingbot/2.0; +http://www.bing.com/bingbot.htm)"
37.140.141.34 - - [07/Dec/2012:20:44:46 +0100] "GET /img/schild.jpg HTTP/1.1" 304 - "-" "Mozilla/5.0 (compatible; YandexImages/3.0; +http://yandex.com/bots)"
66.249.73.174 - - [07/Dec/2012:22:25:50 +0100] "GET /seiten/leist.htm HTTP/1.1" 200 7640 "-" "Mozilla/5.0 (compatible; Googlebot/2.1; +http://www.google.com/bot.html)"
188.165.248.204 - - [07/Dec/2012:22:51:20 +0100] "GET /robots.txt HTTP/1.0" 200 157 "-" "Mozilla/5.0 (compatible; MJ12bot/v1.4.3; http://www.majestic12.co.uk/bot.php?+)"
188.165.248.204 - - [07/Dec/2012:22:51:22 +0100] "GET / HTTP/1.0" 200 2663 "-" "Mozilla/5.0 (compatible; MJ12bot/v1.4.3; http://www.majestic12.co.uk/bot.php?+)"
193.106.136.39 - - [07/Dec/2012:22:56:47 +0100] "GET /seiten/news.php HTTP/1.1" 200 7079 "http://inrevu.ru/" "Mozilla/4.0 (compatible; MSIE 6.0; Windows NT 5.2; WOW64; SV1; .NET CLR 2.0.50727)"
193.106.136.39 - - [07/Dec/2012:22:56:48 +0100] "GET /seiten/news.php HTTP/1.1" 200 7079 "http://inrevu.ru/" "Mozilla/4.0 (compatible; MSIE 6.0; Windows NT 5.2; WOW64; SV1; .NET CLR 2.0.50727)"
37.140.141.34 - - [07/Dec/2012:23:58:29 +0100] "GET /img/men06.gif HTTP/1.1" 200 1162 "-" "Mozilla/5.0 (compatible; YandexImages/3.0; +http://yandex.com/bots)"
157.55.35.90 - - [08/Dec/2012:01:13:22 +0100] "GET /robots.txt HTTP/1.1" 200 157 "-" "Mozilla/5.0 (compatible; bingbot/2.0; +http://www.bing.com/bingbot.htm)"
157.55.35.90 - - [08/Dec/2012:01:15:43 +0100] "GET / HTTP/1.1" 200 2663 "-" "Mozilla/5.0 (compatible; bingbot/2.0; +http://www.bing.com/bingbot.htm)"
157.55.35.40 - - [08/Dec/2012:01:17:45 +0100] "GET /seiten/start.htm HTTP/1.1" 200 7516 "-" "Mozilla/5.0 (compatible; bingbot/2.0; +http://www.bing.com/bingbot.htm)"
65.55.52.115 - - [08/Dec/2012:01:24:49 +0100] "GET /seiten/impr.htm HTTP/1.1" 200 9648 "-" "Mozilla/5.0 (compatible; bingbot/2.0; +http://www.bing.com/bingbot.htm)"
157.55.35.32 - - [08/Dec/2012:01:25:17 +0100] "GET /seiten/kont.htm HTTP/1.1" 200 8048 "-" "Mozilla/5.0 (compatible; bingbot/2.0; +http://www.bing.com/bingbot.htm)"
157.55.35.53 - - [08/Dec/2012:01:25:23 +0100] "GET /seiten/dialyse.htm HTTP/1.1" 200 7403 "-" "Mozilla/5.0 (compatible; bingbot/2.0; +http://www.bing.com/bingbot.htm)"
157.56.229.87 - - [08/Dec/2012:01:25:23 +0100] "GET /seiten/links.htm HTTP/1.1" 200 7302 "-" "Mozilla/5.0 (compatible; bingbot/2.0; +http://www.bing.com/bingbot.htm)"
157.55.35.53 - - [08/Dec/2012:01:25:30 +0100] "GET /seiten/leist.htm HTTP/1.1" 200 7640 "-" "Mozilla/5.0 (compatible; bingbot/2.0; +http://www.bing.com/bingbot.htm)"
157.55.35.53 - - [08/Dec/2012:01:25:35 +0100] "GET /seiten/praxis.htm HTTP/1.1" 200 7847 "-" "Mozilla/5.0 (compatible; bingbot/2.0; +http://www.bing.com/bingbot.htm)"
157.55.35.40 - - [08/Dec/2012:01:25:36 +0100] "GET /seiten/start.htm HTTP/1.1" 200 7516 "-" "Mozilla/5.0 (compatible; bingbot/2.0; +http://www.bing.com/bingbot.htm)"
157.55.35.90 - - [08/Dec/2012:01:25:49 +0100] "GET / HTTP/1.1" 200 2663 "-" "Mozilla/5.0 (compatible; bingbot/2.0; +http://www.bing.com/bingbot.htm)"
178.137.5.218 - - [08/Dec/2012:02:03:15 +0100] "GET /seiten/news.php HTTP/1.1" 200 7079 "http://www.roznica.com.ua/goods_shini_214.html" "Mozilla/4.0 (compatible; MSIE 6.0; Windows NT 5.2; Win64; AMD64)"
178.137.5.218 - - [08/Dec/2012:02:03:16 +0100] "GET /seiten/news.php HTTP/1.1" 200 7079 "http://www.roznica.com.ua/goods_shini_214.html" "Mozilla/4.0 (compatible; MSIE 6.0; Windows NT 5.2; Win64; AMD64)"
157.55.35.40 - - [08/Dec/2012:02:17:16 +0100] "GET /robots.txt HTTP/1.1" 200 157 "-" "Mozilla/5.0 (compatible; bingbot/2.0; +http://www.bing.com/bingbot.htm)"
157.55.35.40 - - [08/Dec/2012:02:19:12 +0100] "GET /seiten/start.htm HTTP/1.1" 200 7516 "-" "Mozilla/5.0 (compatible; bingbot/2.0; +http://www.bing.com/bingbot.htm)"
157.55.35.40 - - [08/Dec/2012:03:19:01 +0100] "GET /robots.txt HTTP/1.1" 200 157 "-" "Mozilla/5.0 (compatible; bingbot/2.0; +http://www.bing.com/bingbot.htm)"
