37.49.104.17 - - [28/Jan/2013:19:49:44 +0100] "GET /AC_RunActiveContent.js HTTP/1.1" 200 8029 "http://www.dialyse-calw.de/00themen00.html" "Mozilla/5.0 (compatible; MSIE 9.0; Windows NT 6.1; WOW64; Trident/5.0)"
37.49.104.17 - - [28/Jan/2013:19:49:44 +0100] "GET /00themen00.swf HTTP/1.1" 200 136579 "http://www.dialyse-calw.de/00themen00.html" "Mozilla/5.0 (compatible; MSIE 9.0; Windows NT 6.1; WOW64; Trident/5.0)"
37.49.104.17 - - [28/Jan/2013:19:49:45 +0100] "GET /favicon.ico HTTP/1.1" 404 1256 "-" "Mozilla/5.0 (compatible; MSIE 9.0; Windows NT 6.1; WOW64; Trident/5.0)"
37.49.104.17 - - [28/Jan/2013:19:49:57 +0100] "GET /03a.html HTTP/1.1" 200 1991 "http://www.dialyse-calw.de/00themen00.swf" "Mozilla/5.0 (compatible; MSIE 9.0; Windows NT 6.1; WOW64; Trident/5.0)"
37.49.104.17 - - [28/Jan/2013:19:49:57 +0100] "GET /03a.swf HTTP/1.1" 200 94997 "http://www.dialyse-calw.de/03a.html" "Mozilla/5.0 (compatible; MSIE 9.0; Windows NT 6.1; WOW64; Trident/5.0)"
37.49.104.17 - - [28/Jan/2013:19:50:19 +0100] "GET /08.html HTTP/1.1" 200 2005 "http://www.dialyse-calw.de/00themen00.swf" "Mozilla/5.0 (compatible; MSIE 9.0; Windows NT 6.1; WOW64; Trident/5.0)"
37.49.104.17 - - [28/Jan/2013:19:50:19 +0100] "GET /08.swf HTTP/1.1" 200 20405 "http://www.dialyse-calw.de/08.html" "Mozilla/5.0 (compatible; MSIE 9.0; Windows NT 6.1; WOW64; Trident/5.0)"
157.55.32.189 - - [28/Jan/2013:20:12:23 +0100] "GET /robots.txt HTTP/1.1" 404 1256 "-" "Mozilla/5.0 (compatible; bingbot/2.0; +http://www.bing.com/bingbot.htm)"
157.55.32.189 - - [28/Jan/2013:20:13:59 +0100] "GET / HTTP/1.1" 200 2366 "-" "Mozilla/5.0 (compatible; bingbot/2.0; +http://www.bing.com/bingbot.htm)"
5.158.181.183 - - [28/Jan/2013:21:05:20 +0100] "GET / HTTP/1.1" 200 2366 "https://www.google.de/" "Mozilla/5.0 (Windows NT 6.1) AppleWebKit/537.17 (KHTML, like Gecko) Chrome/24.0.1312.56 Safari/537.17"
5.158.181.183 - - [28/Jan/2013:21:05:20 +0100] "GET /00start.swf HTTP/1.1" 200 8575 "http://www.dialyse-calw.de/" "Mozilla/5.0 (Windows NT 6.1) AppleWebKit/537.17 (KHTML, like Gecko) Chrome/24.0.1312.56 Safari/537.17"
5.158.181.183 - - [28/Jan/2013:21:05:21 +0100] "GET /favicon.ico HTTP/1.1" 404 1256 "-" "Mozilla/5.0 (Windows NT 6.1) AppleWebKit/537.17 (KHTML, like Gecko) Chrome/24.0.1312.56 Safari/537.17"
5.158.181.183 - - [28/Jan/2013:21:05:25 +0100] "GET /00themen00.html HTTP/1.1" 200 2254 "http://www.dialyse-calw.de/" "Mozilla/5.0 (Windows NT 6.1) AppleWebKit/537.17 (KHTML, like Gecko) Chrome/24.0.1312.56 Safari/537.17"
5.158.181.183 - - [28/Jan/2013:21:05:25 +0100] "GET /AC_RunActiveContent.js HTTP/1.1" 200 8029 "http://www.dialyse-calw.de/00themen00.html" "Mozilla/5.0 (Windows NT 6.1) AppleWebKit/537.17 (KHTML, like Gecko) Chrome/24.0.1312.56 Safari/537.17"
5.158.181.183 - - [28/Jan/2013:21:05:25 +0100] "GET /favicon.ico HTTP/1.1" 404 1256 "-" "Mozilla/5.0 (Windows NT 6.1) AppleWebKit/537.17 (KHTML, like Gecko) Chrome/24.0.1312.56 Safari/537.17"
5.158.181.183 - - [28/Jan/2013:21:05:25 +0100] "GET /00themen00.swf HTTP/1.1" 200 136579 "http://www.dialyse-calw.de/00themen00.html" "Mozilla/5.0 (Windows NT 6.1) AppleWebKit/537.17 (KHTML, like Gecko) Chrome/24.0.1312.56 Safari/537.17"
5.158.181.183 - - [28/Jan/2013:21:05:29 +0100] "GET /favicon.ico HTTP/1.1" 404 1256 "-" "Mozilla/5.0 (Windows NT 6.1) AppleWebKit/537.17 (KHTML, like Gecko) Chrome/24.0.1312.56 Safari/537.17"
92.249.127.111 - - [28/Jan/2013:21:11:29 +0100] "GET / HTTP/1.1" 200 2366 "http://metall-gifts.ru/" "Mozilla/5.0 (compatible; news bot /2.1)"
92.249.127.111 - - [28/Jan/2013:21:11:30 +0100] "GET / HTTP/1.1" 200 2366 "http://metall-gifts.ru/" "Mozilla/5.0 (compatible; news bot /2.1)"
157.55.35.38 - - [28/Jan/2013:21:43:31 +0100] "GET /robots.txt HTTP/1.1" 404 1256 "-" "Mozilla/5.0 (compatible; bingbot/2.0; +http://www.bing.com/bingbot.htm)"
157.55.35.38 - - [28/Jan/2013:21:45:19 +0100] "GET / HTTP/1.1" 200 2366 "-" "Mozilla/5.0 (compatible; bingbot/2.0; +http://www.bing.com/bingbot.htm)"
217.69.133.67 - - [28/Jan/2013:21:49:31 +0100] "GET /robots.txt HTTP/1.0" 404 1256 "-" "Mozilla/5.0 (compatible; Mail.RU_Bot/2.0; +http://go.mail.ru/help/robots)"
141.8.147.1 - - [28/Jan/2013:22:23:47 +0100] "GET /robots.txt HTTP/1.1" 404 1256 "-" "Mozilla/5.0 (compatible; YandexBot/3.0; +http://yandex.com/bots)"
85.25.246.225 - - [28/Jan/2013:22:45:32 +0100] "GET /robots.txt HTTP/1.0" 404 1256 "-" "Mozilla/5.0 (compatible; MJ12bot/v1.4.3; http://www.majestic12.co.uk/bot.php?+)"
85.25.246.225 - - [28/Jan/2013:22:45:35 +0100] "GET / HTTP/1.0" 200 2366 "-" "Mozilla/5.0 (compatible; MJ12bot/v1.4.3; http://www.majestic12.co.uk/bot.php?+)"
79.206.100.20 - - [28/Jan/2013:22:55:06 +0100] "GET / HTTP/1.1" 200 2366 "http://www.google.de/url?sa=t&rct=j&q=dialyse&source=web&cd=2&ved=0CDoQFjAB&url=http%3A%2F%2Fwww.dialyse-calw.de%2F&ei=UPMGUdK2IoSHswau7YGgCA&usg=AFQjCNECMxQiO0NOt3ERqW1uzT1RIToCeg" "Mozilla/5.0 (Windows NT 6.1) AppleWebKit/537.17 (KHTML, like Gecko) Chrome/24.0.1312.56 Safari/537.17"
79.206.100.20 - - [28/Jan/2013:22:55:07 +0100] "GET /00start.swf HTTP/1.1" 200 8575 "http://www.dialyse-calw.de/" "Mozilla/5.0 (Windows NT 6.1) AppleWebKit/537.17 (KHTML, like Gecko) Chrome/24.0.1312.56 Safari/537.17"
79.206.100.20 - - [28/Jan/2013:22:55:10 +0100] "GET /favicon.ico HTTP/1.1" 404 1256 "-" "Mozilla/5.0 (Windows NT 6.1) AppleWebKit/537.17 (KHTML, like Gecko) Chrome/24.0.1312.56 Safari/537.17"
79.206.100.20 - - [28/Jan/2013:22:55:13 +0100] "GET /00themen00.html HTTP/1.1" 200 2254 "http://www.dialyse-calw.de/" "Mozilla/5.0 (Windows NT 6.1) AppleWebKit/537.17 (KHTML, like Gecko) Chrome/24.0.1312.56 Safari/537.17"
79.206.100.20 - - [28/Jan/2013:22:55:14 +0100] "GET /AC_RunActiveContent.js HTTP/1.1" 200 8029 "http://www.dialyse-calw.de/00themen00.html" "Mozilla/5.0 (Windows NT 6.1) AppleWebKit/537.17 (KHTML, like Gecko) Chrome/24.0.1312.56 Safari/537.17"
79.206.100.20 - - [28/Jan/2013:22:55:14 +0100] "GET /favicon.ico HTTP/1.1" 404 1256 "-" "Mozilla/5.0 (Windows NT 6.1) AppleWebKit/537.17 (KHTML, like Gecko) Chrome/24.0.1312.56 Safari/537.17"
79.206.100.20 - - [28/Jan/2013:22:55:14 +0100] "GET /00themen00.swf HTTP/1.1" 200 136579 "http://www.dialyse-calw.de/00themen00.html" "Mozilla/5.0 (Windows NT 6.1) AppleWebKit/537.17 (KHTML, like Gecko) Chrome/24.0.1312.56 Safari/537.17"
79.206.100.20 - - [28/Jan/2013:22:56:11 +0100] "GET /favicon.ico HTTP/1.1" 404 1256 "-" "Mozilla/5.0 (Windows NT 6.1) AppleWebKit/537.17 (KHTML, like Gecko) Chrome/24.0.1312.56 Safari/537.17"
66.249.78.187 - - [28/Jan/2013:23:23:39 +0100] "GET /robots.txt HTTP/1.1" 404 1256 "-" "Mozilla/5.0 (compatible; Googlebot/2.1; +http://www.google.com/bot.html)"
66.249.78.187 - - [28/Jan/2013:23:23:39 +0100] "GET /05.swf HTTP/1.1" 200 58083 "-" "SAMSUNG-SGH-E250/1.0 Profile/MIDP-2.0 Configuration/CLDC-1.1 UP.Browser/6.2.3.3.c.1.101 (GUI) MMP/2.0 (compatible; Googlebot-Mobile/2.1; +http://www.google.com/bot.html)"
178.137.19.179 - - [29/Jan/2013:01:19:33 +0100] "GET / HTTP/1.1" 200 2366 "http://taxi-odessa-kherson.com/" "Mozilla/4.0 (compatible; MSIE 5.5; Windows 95; BCD2000)"
178.137.19.179 - - [29/Jan/2013:01:19:33 +0100] "GET / HTTP/1.1" 200 2366 "http://taxi-odessa-kherson.com/" "Mozilla/4.0 (compatible; MSIE 5.5; Windows 95; BCD2000)"
178.137.19.179 - - [29/Jan/2013:01:19:34 +0100] "GET / HTTP/1.1" 200 2366 "http://taxi-odessa-kherson.com/" "Mozilla/4.0 (compatible; MSIE 5.5; Windows 95; BCD2000)"
188.40.71.70 - - [29/Jan/2013:01:32:20 +0100] "GET /robots.txt HTTP/1.0" 404 1256 "-" "Mozilla/5.0 (compatible; MJ12bot/v1.4.3; http://www.majestic12.co.uk/bot.php?+)"
188.40.71.70 - - [29/Jan/2013:01:32:21 +0100] "GET /praxis2.htm HTTP/1.0" 404 1256 "-" "Mozilla/5.0 (compatible; MJ12bot/v1.4.3; http://www.majestic12.co.uk/bot.php?+)"
176.9.25.116 - - [29/Jan/2013:01:46:44 +0100] "GET /robots.txt HTTP/1.0" 404 1256 "-" "Mozilla/5.0 (compatible; MJ12bot/v1.4.3; http://www.majestic12.co.uk/bot.php?+)"
176.9.25.116 - - [29/Jan/2013:01:46:56 +0100] "GET /praxis2.htm HTTP/1.0" 404 1256 "-" "Mozilla/5.0 (compatible; MJ12bot/v1.4.3; http://www.majestic12.co.uk/bot.php?+)"
188.40.47.18 - - [29/Jan/2013:01:47:33 +0100] "GET /robots.txt HTTP/1.0" 404 1256 "-" "Mozilla/5.0 (compatible; MJ12bot/v1.4.3; http://www.majestic12.co.uk/bot.php?+)"
188.40.47.18 - - [29/Jan/2013:01:47:56 +0100] "GET /praxis2.htm HTTP/1.0" 404 1256 "-" "Mozilla/5.0 (compatible; MJ12bot/v1.4.3; http://www.majestic12.co.uk/bot.php?+)"
78.46.154.39 - - [29/Jan/2013:02:25:24 +0100] "GET /robots.txt HTTP/1.1" 404 1256 "-" "ExB Language Crawler 2.1.1 (+http://www.exb.de/crawler)"
78.46.154.39 - - [29/Jan/2013:02:25:24 +0100] "GET /robots.txt HTTP/1.1" 404 1256 "-" "ExB Language Crawler 2.1.1 (+http://www.exb.de/crawler)"
123.125.71.80 - - [29/Jan/2013:02:57:10 +0100] "GET / HTTP/1.1" 200 2366 "-" "Mozilla/5.0 (compatible; Baiduspider/2.0; +http://www.baidu.com/search/spider.html)"
64.246.161.42 - - [29/Jan/2013:03:16:27 +0100] "GET /robots.txt HTTP/1.0" 404 1256 "-" "Mozilla/5.0 (Windows; U; Windows NT 5.1; en; rv:1.9.0.13) Gecko/2009073022 Firefox/3.5.2 (.NET CLR 3.5.30729) SurveyBot/2.3 (DomainTools)"
64.246.161.42 - - [29/Jan/2013:03:16:27 +0100] "GET / HTTP/1.1" 200 2366 "http://whois.domaintools.com/dialyse-calw.de" "Mozilla/5.0 (Windows; U; Windows NT 5.1; en; rv:1.9.0.13) Gecko/2009073022 Firefox/3.5.2 (.NET CLR 3.5.30729) SurveyBot/2.3 (DomainTools)"
64.246.165.170 - - [29/Jan/2013:03:22:34 +0100] "GET /robots.txt HTTP/1.0" 404 1256 "-" "Mozilla/5.0 (Windows; U; Windows NT 5.1; en; rv:1.9.0.13) Gecko/2009073022 Firefox/3.5.2 (.NET CLR 3.5.30729) SurveyBot/2.3 (DomainTools)"
64.246.165.170 - - [29/Jan/2013:03:22:34 +0100] "GET / HTTP/1.1" 200 2366 "http://whois.domaintools.com/dialyse-nagold.de" "Mozilla/5.0 (Windows; U; Windows NT 5.1; en; rv:1.9.0.13) Gecko/2009073022 Firefox/3.5.2 (.NET CLR 3.5.30729) SurveyBot/2.3 (DomainTools)"
85.13.147.71 - - [29/Jan/2013:03:33:48 +0100] "GET / HTTP/1.1" 200 2366 "-" "-"
89.123.43.17 - - [29/Jan/2013:03:50:30 +0100] "GET / HTTP/1.1" 200 2366 "-" "Java/1.6.0_04"
89.123.43.17 - - [29/Jan/2013:03:50:30 +0100] "GET /'+fc_protocol+'://www.flash-counter.com/scripts/counter.js HTTP/1.1" 404 1256 "-" "Java/1.6.0_04"
89.123.43.17 - - [29/Jan/2013:03:50:41 +0100] "GET / HTTP/1.1" 200 2366 "-" "Java/1.6.0_04"
89.123.43.17 - - [29/Jan/2013:03:50:41 +0100] "GET /'+fc_protocol+'://www.flash-counter.com/scripts/counter.js HTTP/1.1" 404 1256 "-" "Java/1.6.0_04"
89.123.43.17 - - [29/Jan/2013:03:50:41 +0100] "GET / HTTP/1.1" 200 2366 "-" "Java/1.6.0_04"
89.123.43.17 - - [29/Jan/2013:03:50:45 +0100] "GET /'+fc_protocol+'://www.flash-counter.com/scripts/counter.js HTTP/1.1" 404 1256 "-" "Java/1.6.0_04"
66.249.76.36 - - [29/Jan/2013:03:50:57 +0100] "GET /robots.txt HTTP/1.1" 404 1256 "-" "Mozilla/5.0 (compatible; Googlebot/2.1; +http://www.google.com/bot.html)"
66.249.76.36 - - [29/Jan/2013:03:50:57 +0100] "GET /05.swf HTTP/1.1" 200 58083 "-" "SAMSUNG-SGH-E250/1.0 Profile/MIDP-2.0 Configuration/CLDC-1.1 UP.Browser/6.2.3.3.c.1.101 (GUI) MMP/2.0 (compatible; Googlebot-Mobile/2.1; +http://www.google.com/bot.html)"
188.109.251.60 - - [29/Jan/2013:04:16:37 +0100] "GET / HTTP/1.1" 200 2366 "-" "findlinks/2.6 (+http://wortschatz.uni-leipzig.de/findlinks/)"
66.249.78.36 - - [29/Jan/2013:04:43:41 +0100] "GET / HTTP/1.1" 200 2366 "-" "Mozilla/5.0 (iPhone; U; CPU iPhone OS 4_1 like Mac OS X; en-us) AppleWebKit/532.9 (KHTML, like Gecko) Version/4.0.5 Mobile/8B117 Safari/6531.22.7 (compatible; Googlebot-Mobile/2.1; +http://www.google.com/bot.html)"
216.145.11.94 - - [29/Jan/2013:04:51:54 +0100] "GET /robots.txt HTTP/1.0" 404 1256 "-" "Mozilla/5.0 (Windows; U; Windows NT 5.1; en; rv:1.9.0.13) Gecko/2009073022 Firefox/3.5.2 (.NET CLR 3.5.30729) SurveyBot/2.3 (DomainTools)"
216.145.11.94 - - [29/Jan/2013:04:51:55 +0100] "GET / HTTP/1.1" 200 2366 "http://whois.domaintools.com/dialyse-pforzheim-klinikum.de" "Mozilla/5.0 (Windows; U; Windows NT 5.1; en; rv:1.9.0.13) Gecko/2009073022 Firefox/3.5.2 (.NET CLR 3.5.30729) SurveyBot/2.3 (DomainTools)"
141.8.147.1 - - [29/Jan/2013:05:05:24 +0100] "GET /00themen00.html HTTP/1.1" 200 2254 "-" "Mozilla/5.0 (compatible; YandexBot/3.0; +http://yandex.com/bots)"
176.9.83.228 - - [29/Jan/2013:05:28:25 +0100] "GET / HTTP/1.1" 200 2366 "-" "ExB Language Crawler 2.1.3 (+http://www.exb.de/crawler)"
157.55.32.189 - - [29/Jan/2013:05:33:12 +0100] "GET /robots.txt HTTP/1.1" 404 1256 "-" "Mozilla/5.0 (compatible; bingbot/2.0; +http://www.bing.com/bingbot.htm)"
157.55.32.189 - - [29/Jan/2013:05:34:49 +0100] "GET / HTTP/1.1" 200 2366 "-" "Mozilla/5.0 (compatible; bingbot/2.0; +http://www.bing.com/bingbot.htm)"
66.249.78.187 - - [29/Jan/2013:05:36:35 +0100] "GET /robots.txt HTTP/1.1" 404 1256 "-" "Mozilla/5.0 (compatible; Googlebot/2.1; +http://www.google.com/bot.html)"
66.249.76.187 - - [29/Jan/2013:05:36:35 +0100] "GET /05.swf HTTP/1.1" 200 58083 "-" "DoCoMo/2.0 N905i(c100;TB;W24H16) (compatible; Googlebot-Mobile/2.1; +http://www.google.com/bot.html)"
93.104.58.223 - - [29/Jan/2013:05:53:21 +0100] "GET / HTTP/1.1" 200 2366 "-" "ExB Language Crawler 2.1.3 (+http://www.exb.de/crawler)"
37.139.52.23 - - [29/Jan/2013:05:55:04 +0100] "GET / HTTP/1.1" 200 2366 "http://4apk.org/" "Mozilla/5.0 (Windows NT 5.1; U; en) Opera 8.00"
37.139.52.23 - - [29/Jan/2013:05:55:04 +0100] "GET / HTTP/1.1" 200 2366 "http://4apk.org/" "Mozilla/5.0 (Windows NT 5.1; U; en) Opera 8.00"
141.8.147.1 - - [29/Jan/2013:06:02:34 +0100] "GET /07.html HTTP/1.1" 304 - "-" "Mozilla/5.0 (compatible; YandexBot/3.0; +http://yandex.com/bots)"
66.249.78.235 - - [29/Jan/2013:06:03:39 +0100] "GET /robots.txt HTTP/1.1" 404 1256 "-" "Mozilla/5.0 (compatible; Googlebot/2.1; +http://www.google.com/bot.html)"
66.249.78.235 - - [29/Jan/2013:06:03:39 +0100] "GET /05.html HTTP/1.1" 200 1982 "-" "SAMSUNG-SGH-E250/1.0 Profile/MIDP-2.0 Configuration/CLDC-1.1 UP.Browser/6.2.3.3.c.1.101 (GUI) MMP/2.0 (compatible; Googlebot-Mobile/2.1; +http://www.google.com/bot.html)"
66.249.76.36 - - [29/Jan/2013:06:40:25 +0100] "GET /05.swf HTTP/1.1" 200 58083 "-" "DoCoMo/2.0 N905i(c100;TB;W24H16) (compatible; Googlebot-Mobile/2.1; +http://www.google.com/bot.html)"
141.8.147.1 - - [29/Jan/2013:06:58:46 +0100] "GET /02.html HTTP/1.1" 304 - "-" "Mozilla/5.0 (compatible; YandexBot/3.0; +http://yandex.com/bots)"
157.55.32.189 - - [29/Jan/2013:07:36:48 +0100] "GET /robots.txt HTTP/1.1" 404 1256 "-" "Mozilla/5.0 (compatible; bingbot/2.0; +http://www.bing.com/bingbot.htm)"
157.55.32.189 - - [29/Jan/2013:07:39:12 +0100] "GET / HTTP/1.1" 200 2366 "-" "Mozilla/5.0 (compatible; bingbot/2.0; +http://www.bing.com/bingbot.htm)"
141.8.147.1 - - [29/Jan/2013:07:52:11 +0100] "GET /04.html HTTP/1.1" 304 - "-" "Mozilla/5.0 (compatible; YandexBot/3.0; +http://yandex.com/bots)"
141.8.147.1 - - [29/Jan/2013:07:52:13 +0100] "GET /00start.swf HTTP/1.1" 200 8575 "-" "Mozilla/5.0 (compatible; YandexBot/3.0; +http://yandex.com/bots)"
94.153.64.49 - - [29/Jan/2013:07:53:42 +0100] "GET / HTTP/1.1" 200 2366 "http://ecowars.tv/" "Mozilla/4.0 (compatible; MSIE 6.0; Windows NT 5.0; T312461)"
94.153.64.49 - - [29/Jan/2013:07:53:43 +0100] "GET / HTTP/1.1" 200 2366 "http://ecowars.tv/" "Mozilla/4.0 (compatible; MSIE 6.0; Windows NT 5.0; T312461)"
199.19.249.196 - - [29/Jan/2013:08:34:22 +0100] "GET / HTTP/1.1" 200 2366 "-" "Mozilla/4.0 (compatible; MSIE 7.0; Windows NT 5.1; InfoPath.1; .NET CLR 2.0.50727; .NET CLR 1.1.4322; MS-RTC LM 8; .NET CLR 3.0.4506.2152; .NET CLR 3.5.30729)"
134.2.188.3 - - [29/Jan/2013:08:34:22 +0100] "GET / HTTP/1.1" 200 2366 "http://www.google.de/url?sa=t&rct=j&q=dialyse%20nagold&source=web&cd=1&ved=0CDMQFjAA&url=http%3A%2F%2Fwww.dialyse-calw.de%2F&ei=d3sHUY7UJeXj4QTBmYGQCw&usg=AFQjCNECMxQiO0NOt3ERqW1uzT1RIToCeg&bvm=bv.41524429,d.bGE" "Mozilla/5.0 (Windows NT 5.1; rv:10.0.5) Gecko/20100101 Firefox/10.0.5"
134.2.188.3 - - [29/Jan/2013:08:34:22 +0100] "GET /00start.swf HTTP/1.1" 200 8575 "-" "Mozilla/4.0 (compatible;)"
134.2.188.3 - - [29/Jan/2013:08:34:25 +0100] "GET /favicon.ico HTTP/1.1" 404 1256 "-" "Mozilla/5.0 (Windows NT 5.1; rv:10.0.5) Gecko/20100101 Firefox/10.0.5"
134.2.188.3 - - [29/Jan/2013:08:34:26 +0100] "GET /favicon.ico HTTP/1.1" 404 1256 "-" "Mozilla/5.0 (Windows NT 5.1; rv:10.0.5) Gecko/20100101 Firefox/10.0.5"
199.19.249.196 - - [29/Jan/2013:08:34:27 +0100] "GET /00themen00.html HTTP/1.1" 200 2254 "-" "Mozilla/4.0 (compatible; MSIE 7.0; Windows NT 5.1; InfoPath.1; .NET CLR 2.0.50727; .NET CLR 1.1.4322; MS-RTC LM 8; .NET CLR 3.0.4506.2152; .NET CLR 3.5.30729)"
134.2.188.3 - - [29/Jan/2013:08:34:27 +0100] "GET /00themen00.html HTTP/1.1" 200 2254 "http://www.dialyse-calw.de/" "Mozilla/5.0 (Windows NT 5.1; rv:10.0.5) Gecko/20100101 Firefox/10.0.5"
134.2.188.3 - - [29/Jan/2013:08:34:27 +0100] "GET /AC_RunActiveContent.js HTTP/1.1" 200 8029 "-" "Mozilla/4.0 (compatible;)"
134.2.188.3 - - [29/Jan/2013:08:34:27 +0100] "GET /00themen00.swf HTTP/1.1" 200 136579 "-" "Mozilla/4.0 (compatible;)"
199.19.249.196 - - [29/Jan/2013:08:34:29 +0100] "GET /04.html HTTP/1.1" 200 2106 "-" "Mozilla/4.0 (compatible; MSIE 7.0; Windows NT 5.1; InfoPath.1; .NET CLR 2.0.50727; .NET CLR 1.1.4322; MS-RTC LM 8; .NET CLR 3.0.4506.2152; .NET CLR 3.5.30729)"
134.2.188.3 - - [29/Jan/2013:08:34:29 +0100] "GET /04.html HTTP/1.1" 200 2106 "http://www.dialyse-calw.de/00themen00.html" "Mozilla/5.0 (Windows NT 5.1; rv:10.0.5) Gecko/20100101 Firefox/10.0.5"
134.2.188.3 - - [29/Jan/2013:08:34:29 +0100] "GET /04.swf HTTP/1.1" 200 62769 "-" "Mozilla/4.0 (compatible;)"
199.19.249.196 - - [29/Jan/2013:08:34:32 +0100] "GET /04Karteccc.html HTTP/1.1" 200 2077 "-" "Mozilla/4.0 (compatible; MSIE 7.0; Windows NT 5.1; InfoPath.1; .NET CLR 2.0.50727; .NET CLR 1.1.4322; MS-RTC LM 8; .NET CLR 3.0.4506.2152; .NET CLR 3.5.30729)"
134.2.188.3 - - [29/Jan/2013:08:34:32 +0100] "GET /04Karteccc.html HTTP/1.1" 200 2077 "http://www.dialyse-calw.de/04.html" "Mozilla/5.0 (Windows NT 5.1; rv:10.0.5) Gecko/20100101 Firefox/10.0.5"
134.2.188.3 - - [29/Jan/2013:08:34:32 +0100] "GET /04Karteccc.swf HTTP/1.1" 200 32338 "-" "Mozilla/4.0 (compatible;)"
141.8.147.1 - - [29/Jan/2013:08:49:50 +0100] "GET /08.html HTTP/1.1" 304 - "-" "Mozilla/5.0 (compatible; YandexBot/3.0; +http://yandex.com/bots)"
157.55.34.180 - - [29/Jan/2013:09:14:26 +0100] "GET /robots.txt HTTP/1.1" 404 1256 "-" "Mozilla/5.0 (compatible; bingbot/2.0; +http://www.bing.com/bingbot.htm)"
157.55.34.180 - - [29/Jan/2013:09:16:26 +0100] "GET /03a.html HTTP/1.1" 200 1991 "-" "Mozilla/5.0 (compatible; bingbot/2.0; +http://www.bing.com/bingbot.htm)"
65.55.210.239 - - [29/Jan/2013:09:16:45 +0100] "GET /03a.html HTTP/1.1" 200 1991 "-" "Mozilla/5.0 (Windows NT 6.1; WOW64) AppleWebKit/534+ (KHTML, like Gecko) BingPreview/1.0b"
65.55.210.239 - - [29/Jan/2013:09:16:45 +0100] "GET /AC_RunActiveContent.js HTTP/1.1" 200 8029 "http://www.dialyse-calw.de/03a.html" "Mozilla/5.0 (Windows NT 6.1; WOW64) AppleWebKit/534+ (KHTML, like Gecko) BingPreview/1.0b"
65.55.210.239 - - [29/Jan/2013:09:16:52 +0100] "GET /03a.swf HTTP/1.1" 200 94997 "http://www.dialyse-calw.de/03a.swf" "Mozilla/5.0 (Windows NT 6.1; WOW64) AppleWebKit/534+ (KHTML, like Gecko) BingPreview/1.0b"
95.112.12.172 - - [29/Jan/2013:09:22:20 +0100] "GET / HTTP/1.1" 200 2366 "-" "Mozilla/5.0 (iPad; CPU OS 6_0_1 like Mac OS X) AppleWebKit/536.26 (KHTML, like Gecko) Version/6.0 Mobile/10A523 Safari/8536.25"
95.112.12.172 - - [29/Jan/2013:09:22:29 +0100] "GET / HTTP/1.1" 200 2366 "-" "Mozilla/5.0 (iPad; CPU OS 6_0_1 like Mac OS X) AppleWebKit/536.26 (KHTML, like Gecko) Version/6.0 Mobile/10A523 Safari/8536.25"
193.106.136.52 - - [29/Jan/2013:09:26:26 +0100] "GET / HTTP/1.1" 200 2366 "http://nashikazino.ru/" "Mozilla/4.0 (compatible; MSIE 5.5; Windows 98)"
193.106.136.52 - - [29/Jan/2013:09:26:26 +0100] "GET / HTTP/1.1" 200 2366 "http://nashikazino.ru/" "Mozilla/4.0 (compatible; MSIE 5.5; Windows 98)"
157.55.32.141 - - [29/Jan/2013:09:30:21 +0100] "GET /03a.swf HTTP/1.1" 200 94997 "-" "Mozilla/5.0 (compatible; bingbot/2.0; +http://www.bing.com/bingbot.htm)"
141.8.147.1 - - [29/Jan/2013:09:47:28 +0100] "GET /01.html HTTP/1.1" 304 - "-" "Mozilla/5.0 (compatible; YandexBot/3.0; +http://yandex.com/bots)"
78.46.154.37 - - [29/Jan/2013:10:27:55 +0100] "GET /robots.txt HTTP/1.1" 404 1256 "-" "ExB Language Crawler 2.1.1 (+http://www.exb.de/crawler)"
65.55.24.243 - - [29/Jan/2013:10:33:49 +0100] "GET /robots.txt HTTP/1.1" 404 1256 "-" "Mozilla/5.0 (compatible; bingbot/2.0; +http://www.bing.com/bingbot.htm)"
65.55.24.243 - - [29/Jan/2013:10:35:52 +0100] "GET /home.htm HTTP/1.1" 404 1256 "-" "Mozilla/5.0 (compatible; bingbot/2.0; +http://www.bing.com/bingbot.htm)"
141.8.147.1 - - [29/Jan/2013:10:45:14 +0100] "GET /robots.txt HTTP/1.1" 404 1256 "-" "Mozilla/5.0 (compatible; YandexBot/3.0; +http://yandex.com/bots)"
95.159.78.148 - - [29/Jan/2013:11:19:47 +0100] "GET / HTTP/1.1" 200 2366 "-" "Mozilla/5.0 (Windows NT 6.1) AppleWebKit/537.17 (KHTML, like Gecko) Chrome/24.0.1312.56 Safari/537.17"
95.159.78.148 - - [29/Jan/2013:11:19:47 +0100] "GET /00start.swf HTTP/1.1" 200 8575 "http://www.dialyse-pforzheim.de/" "Mozilla/5.0 (Windows NT 6.1) AppleWebKit/537.17 (KHTML, like Gecko) Chrome/24.0.1312.56 Safari/537.17"
95.159.78.148 - - [29/Jan/2013:11:19:51 +0100] "GET /favicon.ico HTTP/1.1" 404 1256 "-" "Mozilla/5.0 (Windows NT 6.1) AppleWebKit/537.17 (KHTML, like Gecko) Chrome/24.0.1312.56 Safari/537.17"
95.159.78.148 - - [29/Jan/2013:11:19:51 +0100] "GET /00themen00.html HTTP/1.1" 200 2254 "http://www.dialyse-pforzheim.de/" "Mozilla/5.0 (Windows NT 6.1) AppleWebKit/537.17 (KHTML, like Gecko) Chrome/24.0.1312.56 Safari/537.17"
95.159.78.148 - - [29/Jan/2013:11:19:51 +0100] "GET /AC_RunActiveContent.js HTTP/1.1" 200 8029 "http://www.dialyse-pforzheim.de/00themen00.html" "Mozilla/5.0 (Windows NT 6.1) AppleWebKit/537.17 (KHTML, like Gecko) Chrome/24.0.1312.56 Safari/537.17"
95.159.78.148 - - [29/Jan/2013:11:19:52 +0100] "GET /favicon.ico HTTP/1.1" 404 1256 "-" "Mozilla/5.0 (Windows NT 6.1) AppleWebKit/537.17 (KHTML, like Gecko) Chrome/24.0.1312.56 Safari/537.17"
95.159.78.148 - - [29/Jan/2013:11:19:52 +0100] "GET /favicon.ico HTTP/1.1" 404 1256 "-" "Mozilla/5.0 (Windows NT 6.1) AppleWebKit/537.17 (KHTML, like Gecko) Chrome/24.0.1312.56 Safari/537.17"
95.159.78.148 - - [29/Jan/2013:11:19:52 +0100] "GET /00themen00.swf HTTP/1.1" 200 136579 "http://www.dialyse-pforzheim.de/00themen00.html" "Mozilla/5.0 (Windows NT 6.1) AppleWebKit/537.17 (KHTML, like Gecko) Chrome/24.0.1312.56 Safari/537.17"
95.159.78.148 - - [29/Jan/2013:11:20:01 +0100] "GET /favicon.ico HTTP/1.1" 404 1256 "-" "Mozilla/5.0 (Windows NT 6.1) AppleWebKit/537.17 (KHTML, like Gecko) Chrome/24.0.1312.56 Safari/537.17"
95.159.78.148 - - [29/Jan/2013:11:20:02 +0100] "GET /favicon.ico HTTP/1.1" 404 1256 "-" "Mozilla/5.0 (Windows NT 6.1) AppleWebKit/537.17 (KHTML, like Gecko) Chrome/24.0.1312.56 Safari/537.17"
95.159.78.148 - - [29/Jan/2013:11:20:02 +0100] "GET /favicon.ico HTTP/1.1" 404 1256 "-" "Mozilla/5.0 (Windows NT 6.1) AppleWebKit/537.17 (KHTML, like Gecko) Chrome/24.0.1312.56 Safari/537.17"
95.159.78.148 - - [29/Jan/2013:11:20:02 +0100] "GET /favicon.ico HTTP/1.1" 404 1256 "-" "Mozilla/5.0 (Windows NT 6.1) AppleWebKit/537.17 (KHTML, like Gecko) Chrome/24.0.1312.56 Safari/537.17"
95.159.78.148 - - [29/Jan/2013:11:20:12 +0100] "GET /favicon.ico HTTP/1.1" 404 1256 "-" "Mozilla/5.0 (Windows NT 6.1) AppleWebKit/537.17 (KHTML, like Gecko) Chrome/24.0.1312.56 Safari/537.17"
95.159.78.148 - - [29/Jan/2013:11:20:21 +0100] "GET /00themen00.swf HTTP/1.1" 206 1 "http://www.dialyse-pforzheim.de/00themen00.html" "Mozilla/5.0 (Windows NT 6.1) AppleWebKit/537.17 (KHTML, like Gecko) Chrome/24.0.1312.56 Safari/537.17"
95.159.78.148 - - [29/Jan/2013:11:20:21 +0100] "GET /favicon.ico HTTP/1.1" 404 1256 "-" "Mozilla/5.0 (Windows NT 6.1) AppleWebKit/537.17 (KHTML, like Gecko) Chrome/24.0.1312.56 Safari/537.17"
95.159.78.148 - - [29/Jan/2013:11:20:21 +0100] "GET /00themen00.swf HTTP/1.1" 206 1882 "http://www.dialyse-pforzheim.de/00themen00.html" "Mozilla/5.0 (Windows NT 6.1) AppleWebKit/537.17 (KHTML, like Gecko) Chrome/24.0.1312.56 Safari/537.17"
95.159.78.148 - - [29/Jan/2013:11:20:21 +0100] "GET /favicon.ico HTTP/1.1" 404 1256 "-" "Mozilla/5.0 (Windows NT 6.1) AppleWebKit/537.17 (KHTML, like Gecko) Chrome/24.0.1312.56 Safari/537.17"
95.159.78.148 - - [29/Jan/2013:11:20:21 +0100] "GET /favicon.ico HTTP/1.1" 404 1256 "-" "Mozilla/5.0 (Windows NT 6.1) AppleWebKit/537.17 (KHTML, like Gecko) Chrome/24.0.1312.56 Safari/537.17"
95.159.78.148 - - [29/Jan/2013:11:20:21 +0100] "GET /favicon.ico HTTP/1.1" 404 1256 "-" "Mozilla/5.0 (Windows NT 6.1) AppleWebKit/537.17 (KHTML, like Gecko) Chrome/24.0.1312.56 Safari/537.17"
95.159.78.148 - - [29/Jan/2013:11:20:21 +0100] "GET /favicon.ico HTTP/1.1" 404 1256 "-" "Mozilla/5.0 (Windows NT 6.1) AppleWebKit/537.17 (KHTML, like Gecko) Chrome/24.0.1312.56 Safari/537.17"
95.159.78.148 - - [29/Jan/2013:11:20:24 +0100] "GET /03.html HTTP/1.1" 200 1982 "http://www.dialyse-pforzheim.de/00themen00.html" "Mozilla/5.0 (Windows NT 6.1) AppleWebKit/537.17 (KHTML, like Gecko) Chrome/24.0.1312.56 Safari/537.17"
95.159.78.148 - - [29/Jan/2013:11:20:25 +0100] "GET /favicon.ico HTTP/1.1" 404 1256 "-" "Mozilla/5.0 (Windows NT 6.1) AppleWebKit/537.17 (KHTML, like Gecko) Chrome/24.0.1312.56 Safari/537.17"
95.159.78.148 - - [29/Jan/2013:11:20:25 +0100] "GET /favicon.ico HTTP/1.1" 404 1256 "-" "Mozilla/5.0 (Windows NT 6.1) AppleWebKit/537.17 (KHTML, like Gecko) Chrome/24.0.1312.56 Safari/537.17"
95.159.78.148 - - [29/Jan/2013:11:20:25 +0100] "GET /favicon.ico HTTP/1.1" 404 1256 "-" "Mozilla/5.0 (Windows NT 6.1) AppleWebKit/537.17 (KHTML, like Gecko) Chrome/24.0.1312.56 Safari/537.17"
95.159.78.148 - - [29/Jan/2013:11:20:25 +0100] "GET /03.swf HTTP/1.1" 200 74505 "http://www.dialyse-pforzheim.de/03.html" "Mozilla/5.0 (Windows NT 6.1) AppleWebKit/537.17 (KHTML, like Gecko) Chrome/24.0.1312.56 Safari/537.17"
88.67.80.110 - - [29/Jan/2013:11:24:24 +0100] "GET / HTTP/1.1" 304 - "http://www.google.de/url?sa=t&rct=j&q=dialyse%20pforzheim&source=web&cd=1&ved=0CDAQFjAA&url=http%3A%2F%2Fwww.dialyse-calw.de%2F&ei=O6MHUd2DH4_Hsgbx2YGIDg&usg=AFQjCNECMxQiO0NOt3ERqW1uzT1RIToCeg" "Mozilla/5.0 (Windows NT 6.0; rv:18.0) Gecko/20100101 Firefox/18.0"
88.67.80.110 - - [29/Jan/2013:11:24:24 +0100] "GET /00start.swf HTTP/1.1" 304 - "http://www.dialyse-calw.de/" "Mozilla/5.0 (Windows NT 6.0; rv:18.0) Gecko/20100101 Firefox/18.0"
88.67.80.110 - - [29/Jan/2013:11:24:26 +0100] "GET /favicon.ico HTTP/1.1" 404 1256 "-" "Mozilla/5.0 (Windows NT 6.0; rv:18.0) Gecko/20100101 Firefox/18.0"
88.67.80.110 - - [29/Jan/2013:11:24:27 +0100] "GET /00themen00.html HTTP/1.1" 304 - "http://www.dialyse-calw.de/" "Mozilla/5.0 (Windows NT 6.0; rv:18.0) Gecko/20100101 Firefox/18.0"
88.67.80.110 - - [29/Jan/2013:11:24:27 +0100] "GET /AC_RunActiveContent.js HTTP/1.1" 304 - "http://www.dialyse-calw.de/00themen00.html" "Mozilla/5.0 (Windows NT 6.0; rv:18.0) Gecko/20100101 Firefox/18.0"
88.67.80.110 - - [29/Jan/2013:11:24:27 +0100] "GET /00themen00.swf HTTP/1.1" 304 - "http://www.dialyse-calw.de/00themen00.html" "Mozilla/5.0 (Windows NT 6.0; rv:18.0) Gecko/20100101 Firefox/18.0"
88.67.80.110 - - [29/Jan/2013:11:24:40 +0100] "GET /03a.html HTTP/1.1" 304 - "http://www.dialyse-calw.de/00themen00.html" "Mozilla/5.0 (Windows NT 6.0; rv:18.0) Gecko/20100101 Firefox/18.0"
88.67.80.110 - - [29/Jan/2013:11:24:40 +0100] "GET /03a.swf HTTP/1.1" 304 - "http://www.dialyse-calw.de/03a.html" "Mozilla/5.0 (Windows NT 6.0; rv:18.0) Gecko/20100101 Firefox/18.0"
88.67.80.110 - - [29/Jan/2013:11:24:50 +0100] "GET /04Karteaaa.html HTTP/1.1" 200 2077 "http://www.dialyse-calw.de/04.html" "Mozilla/5.0 (Windows NT 6.0; rv:18.0) Gecko/20100101 Firefox/18.0"
88.67.80.110 - - [29/Jan/2013:11:24:51 +0100] "GET /04Karteaaa.swf HTTP/1.1" 200 18538 "http://www.dialyse-calw.de/04Karteaaa.html" "Mozilla/5.0 (Windows NT 6.0; rv:18.0) Gecko/20100101 Firefox/18.0"
88.67.80.110 - - [29/Jan/2013:11:24:56 +0100] "GET /04Kartebbb.html HTTP/1.1" 200 2077 "http://www.dialyse-calw.de/04.html" "Mozilla/5.0 (Windows NT 6.0; rv:18.0) Gecko/20100101 Firefox/18.0"
88.67.80.110 - - [29/Jan/2013:11:24:56 +0100] "GET /04Kartebbb.swf HTTP/1.1" 200 32635 "http://www.dialyse-calw.de/04Kartebbb.html" "Mozilla/5.0 (Windows NT 6.0; rv:18.0) Gecko/20100101 Firefox/18.0"
157.55.35.38 - - [29/Jan/2013:11:26:37 +0100] "GET /robots.txt HTTP/1.1" 404 1256 "-" "Mozilla/5.0 (compatible; bingbot/2.0; +http://www.bing.com/bingbot.htm)"
157.55.35.38 - - [29/Jan/2013:11:27:51 +0100] "GET / HTTP/1.1" 200 2366 "-" "Mozilla/5.0 (compatible; bingbot/2.0; +http://www.bing.com/bingbot.htm)"
141.8.147.1 - - [29/Jan/2013:11:34:38 +0100] "GET /05.html HTTP/1.1" 304 - "-" "Mozilla/5.0 (compatible; YandexBot/3.0; +http://yandex.com/bots)"
195.200.34.50 - - [29/Jan/2013:11:40:37 +0100] "GET /08.html HTTP/1.1" 200 2005 "http://www.google.de/url?sa=t&rct=j&q=dialyse%20pforzheim%20siloah&source=web&cd=4&ved=0CD8QFjAD&url=http%3A%2F%2Fwww.dialyse-pforzheim.de%2F08.html&ei=C6cHUYKXBIOYtAbDlYDoAw&usg=AFQjCNF1LYAuQXfOJwKjF0uyrGiuwvEndA" "Mozilla/5.0 (compatible; MSIE 9.0; Windows NT 6.1; Trident/5.0)"
195.200.34.50 - - [29/Jan/2013:11:40:37 +0100] "GET /AC_RunActiveContent.js HTTP/1.1" 200 8029 "http://www.dialyse-pforzheim.de/08.html" "Mozilla/5.0 (compatible; MSIE 9.0; Windows NT 6.1; Trident/5.0)"
195.200.34.50 - - [29/Jan/2013:11:40:37 +0100] "GET /AC_RunActiveContent.js HTTP/1.1" 200 8029 "http://www.dialyse-pforzheim.de/08.html" "Mozilla/5.0 (compatible; MSIE 9.0; Windows NT 6.1; Trident/5.0)"
195.200.34.50 - - [29/Jan/2013:11:40:48 +0100] "GET /08.swf HTTP/1.1" 200 20405 "http://www.dialyse-pforzheim.de/08.html" "Mozilla/5.0 (compatible; MSIE 9.0; Windows NT 6.1; Trident/5.0)"
195.200.34.50 - - [29/Jan/2013:11:40:49 +0100] "GET /favicon.ico HTTP/1.1" 404 1256 "-" "Mozilla/5.0 (compatible; MSIE 9.0; Windows NT 6.1; Trident/5.0)"
195.200.34.50 - - [29/Jan/2013:12:12:41 +0100] "GET /favicon.ico HTTP/1.1" 404 1256 "-" "Mozilla/5.0 (compatible; MSIE 9.0; Windows NT 6.1; Trident/5.0)"
141.8.147.1 - - [29/Jan/2013:12:24:02 +0100] "GET /03.html HTTP/1.1" 304 - "-" "Mozilla/5.0 (compatible; YandexBot/3.0; +http://yandex.com/bots)"
89.108.102.171 - - [29/Jan/2013:12:41:05 +0100] "GET / HTTP/1.1" 200 2366 "http://mazzay.by/" "Mozilla/4.0 (compatible; MSIE 7.0b; Windows NT 6.0)"
89.108.102.171 - - [29/Jan/2013:12:41:06 +0100] "GET / HTTP/1.1" 200 2366 "http://mazzay.by/" "Mozilla/4.0 (compatible; MSIE 7.0b; Windows NT 6.0)"
141.8.147.1 - - [29/Jan/2013:13:05:22 +0100] "GET /06.html HTTP/1.1" 304 - "-" "Mozilla/5.0 (compatible; YandexBot/3.0; +http://yandex.com/bots)"
141.8.147.1 - - [29/Jan/2013:13:39:32 +0100] "GET /03a.html HTTP/1.1" 304 - "-" "Mozilla/5.0 (compatible; YandexBot/3.0; +http://yandex.com/bots)"
46.4.100.231 - - [29/Jan/2013:13:50:05 +0100] "GET /robots.txt HTTP/1.1" 404 1256 "-" "BacklinkCrawler (http://www.backlinktest.com/crawler.html)"
46.4.100.231 - - [29/Jan/2013:13:50:10 +0100] "GET /sitemap.xml HTTP/1.1" 404 1256 "-" "BacklinkCrawler (http://www.backlinktest.com/crawler.html)"
46.4.100.231 - - [29/Jan/2013:13:50:17 +0100] "GET / HTTP/1.1" 200 2366 "-" "BacklinkCrawler (http://www.backlinktest.com/crawler.html)"
62.159.224.114 - - [29/Jan/2013:13:53:39 +0100] "GET / HTTP/1.1" 200 2366 "http://www.google.de/url?sa=t&rct=j&q=dialysezentrum%20calw&source=web&cd=1&ved=0CDAQFjAA&url=http%3A%2F%2Fwww.dialyse-calw.de%2F&ei=Q8YHUczcKqSR4ASV_oCgDw&usg=AFQjCNECMxQiO0NOt3ERqW1uzT1RIToCeg&bvm=bv.41524429,d.Yms" "Mozilla/4.0 (compatible; MSIE 8.0; Windows NT 6.1; WOW64; Trident/4.0; SLCC2; .NET CLR 2.0.50727; .NET CLR 3.5.30729; .NET CLR 3.0.30729; Media Center PC 6.0; .NET4.0C; .NET4.0E)"
62.159.224.114 - - [29/Jan/2013:13:53:39 +0100] "GET /00start.swf HTTP/1.1" 200 8575 "-" "contype"
62.159.224.114 - - [29/Jan/2013:13:53:39 +0100] "GET /00start.swf HTTP/1.1" 200 8575 "http://www.dialyse-calw.de/" "Mozilla/4.0 (compatible; MSIE 8.0; Windows NT 6.1; WOW64; Trident/4.0; SLCC2; .NET CLR 2.0.50727; .NET CLR 3.5.30729; .NET CLR 3.0.30729; Media Center PC 6.0; .NET4.0C; .NET4.0E)"
62.159.224.114 - - [29/Jan/2013:13:53:40 +0100] "GET /favicon.ico HTTP/1.1" 404 1256 "-" "Mozilla/4.0 (compatible; MSIE 8.0; Windows NT 6.1; WOW64; Trident/4.0; SLCC2; .NET CLR 2.0.50727; .NET CLR 3.5.30729; .NET CLR 3.0.30729; Media Center PC 6.0; .NET4.0C; .NET4.0E)"
62.159.224.114 - - [29/Jan/2013:13:53:45 +0100] "GET /00themen00.html HTTP/1.1" 200 2254 "http://www.dialyse-calw.de/00start.swf" "Mozilla/4.0 (compatible; MSIE 8.0; Windows NT 6.1; WOW64; Trident/4.0; SLCC2; .NET CLR 2.0.50727; .NET CLR 3.5.30729; .NET CLR 3.0.30729; Media Center PC 6.0; .NET4.0C; .NET4.0E)"
62.159.224.114 - - [29/Jan/2013:13:53:45 +0100] "GET /AC_RunActiveContent.js HTTP/1.1" 200 8029 "http://www.dialyse-calw.de/00start.swf" "Mozilla/4.0 (compatible; MSIE 8.0; Windows NT 6.1; WOW64; Trident/4.0; SLCC2; .NET CLR 2.0.50727; .NET CLR 3.5.30729; .NET CLR 3.0.30729; Media Center PC 6.0; .NET4.0C; .NET4.0E)"
62.159.224.114 - - [29/Jan/2013:13:53:45 +0100] "GET /00themen00.swf HTTP/1.1" 200 136579 "http://www.dialyse-calw.de/00themen00.html" "Mozilla/4.0 (compatible; MSIE 8.0; Windows NT 6.1; WOW64; Trident/4.0; SLCC2; .NET CLR 2.0.50727; .NET CLR 3.5.30729; .NET CLR 3.0.30729; Media Center PC 6.0; .NET4.0C; .NET4.0E)"
62.159.224.114 - - [29/Jan/2013:13:53:45 +0100] "GET /favicon.ico HTTP/1.1" 404 1256 "-" "Mozilla/4.0 (compatible; MSIE 8.0; Windows NT 6.1; WOW64; Trident/4.0; SLCC2; .NET CLR 2.0.50727; .NET CLR 3.5.30729; .NET CLR 3.0.30729; Media Center PC 6.0; .NET4.0C; .NET4.0E)"
62.159.224.114 - - [29/Jan/2013:13:53:58 +0100] "GET /03.html HTTP/1.1" 200 1982 "http://www.dialyse-calw.de/00themen00.swf" "Mozilla/4.0 (compatible; MSIE 8.0; Windows NT 6.1; WOW64; Trident/4.0; SLCC2; .NET CLR 2.0.50727; .NET CLR 3.5.30729; .NET CLR 3.0.30729; Media Center PC 6.0; .NET4.0C; .NET4.0E)"
62.159.224.114 - - [29/Jan/2013:13:53:59 +0100] "GET /03.swf HTTP/1.1" 200 74505 "http://www.dialyse-calw.de/03.html" "Mozilla/4.0 (compatible; MSIE 8.0; Windows NT 6.1; WOW64; Trident/4.0; SLCC2; .NET CLR 2.0.50727; .NET CLR 3.5.30729; .NET CLR 3.0.30729; Media Center PC 6.0; .NET4.0C; .NET4.0E)"
62.159.224.114 - - [29/Jan/2013:13:54:31 +0100] "GET /03a.html HTTP/1.1" 200 1991 "http://www.dialyse-calw.de/00themen00.swf" "Mozilla/4.0 (compatible; MSIE 8.0; Windows NT 6.1; WOW64; Trident/4.0; SLCC2; .NET CLR 2.0.50727; .NET CLR 3.5.30729; .NET CLR 3.0.30729; Media Center PC 6.0; .NET4.0C; .NET4.0E)"
62.159.224.114 - - [29/Jan/2013:13:54:31 +0100] "GET /03a.swf HTTP/1.1" 200 94997 "http://www.dialyse-calw.de/03a.html" "Mozilla/4.0 (compatible; MSIE 8.0; Windows NT 6.1; WOW64; Trident/4.0; SLCC2; .NET CLR 2.0.50727; .NET CLR 3.5.30729; .NET CLR 3.0.30729; Media Center PC 6.0; .NET4.0C; .NET4.0E)"
62.159.224.114 - - [29/Jan/2013:13:54:40 +0100] "GET /08.html HTTP/1.1" 200 2005 "http://www.dialyse-calw.de/00themen00.swf" "Mozilla/4.0 (compatible; MSIE 8.0; Windows NT 6.1; WOW64; Trident/4.0; SLCC2; .NET CLR 2.0.50727; .NET CLR 3.5.30729; .NET CLR 3.0.30729; Media Center PC 6.0; .NET4.0C; .NET4.0E)"
62.159.224.114 - - [29/Jan/2013:13:54:40 +0100] "GET /08.swf HTTP/1.1" 200 20405 "http://www.dialyse-calw.de/08.html" "Mozilla/4.0 (compatible; MSIE 8.0; Windows NT 6.1; WOW64; Trident/4.0; SLCC2; .NET CLR 2.0.50727; .NET CLR 3.5.30729; .NET CLR 3.0.30729; Media Center PC 6.0; .NET4.0C; .NET4.0E)"
62.159.224.114 - - [29/Jan/2013:13:54:47 +0100] "GET /09.html HTTP/1.1" 200 2086 "http://www.dialyse-calw.de/00themen00.swf" "Mozilla/4.0 (compatible; MSIE 8.0; Windows NT 6.1; WOW64; Trident/4.0; SLCC2; .NET CLR 2.0.50727; .NET CLR 3.5.30729; .NET CLR 3.0.30729; Media Center PC 6.0; .NET4.0C; .NET4.0E)"
62.159.224.114 - - [29/Jan/2013:13:54:47 +0100] "GET /09.swf HTTP/1.1" 200 23096 "http://www.dialyse-calw.de/09.html" "Mozilla/4.0 (compatible; MSIE 8.0; Windows NT 6.1; WOW64; Trident/4.0; SLCC2; .NET CLR 2.0.50727; .NET CLR 3.5.30729; .NET CLR 3.0.30729; Media Center PC 6.0; .NET4.0C; .NET4.0E)"
129.206.90.2 - - [29/Jan/2013:13:56:21 +0100] "GET /00start.swf HTTP/1.1" 200 8575 "-" "contype"
129.206.90.2 - - [29/Jan/2013:13:56:25 +0100] "GET /00themen00.html HTTP/1.1" 200 2254 "http://www.dialyse-calw.de/00start.swf" "Mozilla/4.0 (compatible; MSIE 8.0; Windows NT 5.1; Trident/4.0; InfoPath.1; .NET CLR 2.0.50727; .NET CLR 3.0.04506.30)"
129.206.90.2 - - [29/Jan/2013:13:56:25 +0100] "GET /00themen00.swf HTTP/1.1" 200 136579 "http://www.dialyse-calw.de/00themen00.html" "Mozilla/4.0 (compatible; MSIE 8.0; Windows NT 5.1; Trident/4.0; InfoPath.1; .NET CLR 2.0.50727; .NET CLR 3.0.04506.30)"
129.206.90.2 - - [29/Jan/2013:13:56:27 +0100] "GET /04.html HTTP/1.1" 200 2106 "http://www.dialyse-calw.de/00themen00.swf" "Mozilla/4.0 (compatible; MSIE 8.0; Windows NT 5.1; Trident/4.0; InfoPath.1; .NET CLR 2.0.50727; .NET CLR 3.0.04506.30)"
129.206.90.2 - - [29/Jan/2013:13:56:27 +0100] "GET /04.swf HTTP/1.1" 200 62769 "http://www.dialyse-calw.de/04.html" "Mozilla/4.0 (compatible; MSIE 8.0; Windows NT 5.1; Trident/4.0; InfoPath.1; .NET CLR 2.0.50727; .NET CLR 3.0.04506.30)"
178.77.126.55 - - [29/Jan/2013:14:02:08 +0100] "GET /robots.txt HTTP/1.1" 404 1256 "-" "Mozilla/5.0 (compatible; CareerBot/1.1; +http://www.career-x.de/bot.html)"
178.77.126.55 - - [29/Jan/2013:14:02:08 +0100] "GET / HTTP/1.1" 200 2366 "-" "Mozilla/5.0 (compatible; CareerBot/1.1; +http://www.career-x.de/bot.html)"
141.8.147.1 - - [29/Jan/2013:14:07:59 +0100] "GET /09.html HTTP/1.1" 304 - "-" "Mozilla/5.0 (compatible; YandexBot/3.0; +http://yandex.com/bots)"
134.2.188.3 - - [29/Jan/2013:14:08:48 +0100] "GET /favicon.ico HTTP/1.1" 404 1256 "-" "Mozilla/5.0 (Windows NT 5.1; rv:10.0.5) Gecko/20100101 Firefox/10.0.5"
134.2.188.3 - - [29/Jan/2013:14:08:48 +0100] "GET /favicon.ico HTTP/1.1" 404 1256 "-" "Mozilla/5.0 (Windows NT 5.1; rv:10.0.5) Gecko/20100101 Firefox/10.0.5"
134.2.188.3 - - [29/Jan/2013:14:09:09 +0100] "GET /00themen00.swf HTTP/1.1" 200 136579 "http://www.dialyse-calw.de/00themen00.html" "Mozilla/5.0 (Windows NT 5.1; rv:10.0.5) Gecko/20100101 Firefox/10.0.5"
199.19.249.196 - - [29/Jan/2013:14:09:15 +0100] "GET /01.html HTTP/1.1" 200 1982 "-" "Mozilla/4.0 (compatible; MSIE 7.0; Windows NT 5.1; InfoPath.1; .NET CLR 2.0.50727; .NET CLR 1.1.4322; MS-RTC LM 8; .NET CLR 3.0.4506.2152; .NET CLR 3.5.30729)"
134.2.188.3 - - [29/Jan/2013:14:09:15 +0100] "GET /01.html HTTP/1.1" 200 1982 "http://www.dialyse-calw.de/00themen00.html" "Mozilla/5.0 (Windows NT 5.1; rv:10.0.5) Gecko/20100101 Firefox/10.0.5"
134.2.188.3 - - [29/Jan/2013:14:09:15 +0100] "GET /01.swf HTTP/1.1" 200 19349 "http://www.dialyse-calw.de/01.html" "Mozilla/5.0 (Windows NT 5.1; rv:10.0.5) Gecko/20100101 Firefox/10.0.5"
178.77.126.55 - - [29/Jan/2013:14:09:18 +0100] "GET /robots.txt HTTP/1.1" 404 1256 "-" "Mozilla/5.0 (compatible; CareerBot/1.1; +http://www.career-x.de/bot.html)"
178.77.126.55 - - [29/Jan/2013:14:09:18 +0100] "GET / HTTP/1.1" 200 2366 "-" "Mozilla/5.0 (compatible; CareerBot/1.1; +http://www.career-x.de/bot.html)"
199.19.249.196 - - [29/Jan/2013:14:09:21 +0100] "GET /02.html HTTP/1.1" 200 1982 "-" "Mozilla/4.0 (compatible; MSIE 7.0; Windows NT 5.1; InfoPath.1; .NET CLR 2.0.50727; .NET CLR 1.1.4322; MS-RTC LM 8; .NET CLR 3.0.4506.2152; .NET CLR 3.5.30729)"
134.2.188.3 - - [29/Jan/2013:14:09:21 +0100] "GET /02.html HTTP/1.1" 200 1982 "http://www.dialyse-calw.de/00themen00.html" "Mozilla/5.0 (Windows NT 5.1; rv:10.0.5) Gecko/20100101 Firefox/10.0.5"
134.2.188.3 - - [29/Jan/2013:14:09:21 +0100] "GET /02.swf HTTP/1.1" 200 22781 "http://www.dialyse-calw.de/02.html" "Mozilla/5.0 (Windows NT 5.1; rv:10.0.5) Gecko/20100101 Firefox/10.0.5"
199.19.249.196 - - [29/Jan/2013:14:09:30 +0100] "GET /03.html HTTP/1.1" 200 1982 "-" "Mozilla/4.0 (compatible; MSIE 7.0; Windows NT 5.1; InfoPath.1; .NET CLR 2.0.50727; .NET CLR 1.1.4322; MS-RTC LM 8; .NET CLR 3.0.4506.2152; .NET CLR 3.5.30729)"
134.2.188.3 - - [29/Jan/2013:14:09:30 +0100] "GET /03.html HTTP/1.1" 200 1982 "http://www.dialyse-calw.de/00themen00.html" "Mozilla/5.0 (Windows NT 5.1; rv:10.0.5) Gecko/20100101 Firefox/10.0.5"
134.2.188.3 - - [29/Jan/2013:14:09:30 +0100] "GET /03.swf HTTP/1.1" 200 74505 "http://www.dialyse-calw.de/03.html" "Mozilla/5.0 (Windows NT 5.1; rv:10.0.5) Gecko/20100101 Firefox/10.0.5"
199.19.249.196 - - [29/Jan/2013:14:10:16 +0100] "GET /03a.html HTTP/1.1" 200 1991 "-" "Mozilla/4.0 (compatible; MSIE 7.0; Windows NT 5.1; InfoPath.1; .NET CLR 2.0.50727; .NET CLR 1.1.4322; MS-RTC LM 8; .NET CLR 3.0.4506.2152; .NET CLR 3.5.30729)"
134.2.188.3 - - [29/Jan/2013:14:10:16 +0100] "GET /03a.html HTTP/1.1" 200 1991 "http://www.dialyse-calw.de/00themen00.html" "Mozilla/5.0 (Windows NT 5.1; rv:10.0.5) Gecko/20100101 Firefox/10.0.5"
134.2.188.3 - - [29/Jan/2013:14:10:16 +0100] "GET /03a.swf HTTP/1.1" 200 94997 "http://www.dialyse-calw.de/03a.html" "Mozilla/5.0 (Windows NT 5.1; rv:10.0.5) Gecko/20100101 Firefox/10.0.5"
199.19.249.196 - - [29/Jan/2013:14:10:53 +0100] "GET /06.html HTTP/1.1" 200 2278 "-" "Mozilla/4.0 (compatible; MSIE 7.0; Windows NT 5.1; InfoPath.1; .NET CLR 2.0.50727; .NET CLR 1.1.4322; MS-RTC LM 8; .NET CLR 3.0.4506.2152; .NET CLR 3.5.30729)"
134.2.188.3 - - [29/Jan/2013:14:10:53 +0100] "GET /06.html HTTP/1.1" 200 2278 "http://www.dialyse-calw.de/00themen00.html" "Mozilla/5.0 (Windows NT 5.1; rv:10.0.5) Gecko/20100101 Firefox/10.0.5"
134.2.188.3 - - [29/Jan/2013:14:10:53 +0100] "GET /06.swf HTTP/1.1" 200 20731 "http://www.dialyse-calw.de/06.html" "Mozilla/5.0 (Windows NT 5.1; rv:10.0.5) Gecko/20100101 Firefox/10.0.5"
178.137.19.179 - - [29/Jan/2013:14:11:02 +0100] "GET / HTTP/1.1" 200 2366 "http://viktoria-center.ru/" "Mozilla/4.0 (compatible; MSIE 5.5; Windows 95; BCD2000)"
178.137.19.179 - - [29/Jan/2013:14:11:02 +0100] "GET / HTTP/1.1" 200 2366 "http://viktoria-center.ru/" "Mozilla/4.0 (compatible; MSIE 5.5; Windows 95; BCD2000)"
178.137.19.179 - - [29/Jan/2013:14:11:02 +0100] "GET / HTTP/1.1" 200 2366 "http://viktoria-center.ru/" "Mozilla/4.0 (compatible; MSIE 5.5; Windows 95; BCD2000)"
199.19.249.196 - - [29/Jan/2013:14:11:09 +0100] "GET /05.html HTTP/1.1" 200 1982 "-" "Mozilla/4.0 (compatible; MSIE 7.0; Windows NT 5.1; InfoPath.1; .NET CLR 2.0.50727; .NET CLR 1.1.4322; MS-RTC LM 8; .NET CLR 3.0.4506.2152; .NET CLR 3.5.30729)"
134.2.188.3 - - [29/Jan/2013:14:11:09 +0100] "GET /05.html HTTP/1.1" 200 1982 "http://www.dialyse-calw.de/00themen00.html" "Mozilla/5.0 (Windows NT 5.1; rv:10.0.5) Gecko/20100101 Firefox/10.0.5"
134.2.188.3 - - [29/Jan/2013:14:11:09 +0100] "GET /05.swf HTTP/1.1" 200 58083 "http://www.dialyse-calw.de/05.html" "Mozilla/5.0 (Windows NT 5.1; rv:10.0.5) Gecko/20100101 Firefox/10.0.5"
199.19.249.196 - - [29/Jan/2013:14:11:21 +0100] "GET /08.html HTTP/1.1" 200 2005 "-" "Mozilla/4.0 (compatible; MSIE 7.0; Windows NT 5.1; InfoPath.1; .NET CLR 2.0.50727; .NET CLR 1.1.4322; MS-RTC LM 8; .NET CLR 3.0.4506.2152; .NET CLR 3.5.30729)"
134.2.188.3 - - [29/Jan/2013:14:11:21 +0100] "GET /08.html HTTP/1.1" 200 2005 "http://www.dialyse-calw.de/00themen00.html" "Mozilla/5.0 (Windows NT 5.1; rv:10.0.5) Gecko/20100101 Firefox/10.0.5"
134.2.188.3 - - [29/Jan/2013:14:11:21 +0100] "GET /08.swf HTTP/1.1" 200 20405 "http://www.dialyse-calw.de/08.html" "Mozilla/5.0 (Windows NT 5.1; rv:10.0.5) Gecko/20100101 Firefox/10.0.5"
199.19.249.196 - - [29/Jan/2013:14:11:27 +0100] "GET /09.html HTTP/1.1" 200 2086 "-" "Mozilla/4.0 (compatible; MSIE 7.0; Windows NT 5.1; InfoPath.1; .NET CLR 2.0.50727; .NET CLR 1.1.4322; MS-RTC LM 8; .NET CLR 3.0.4506.2152; .NET CLR 3.5.30729)"
134.2.188.3 - - [29/Jan/2013:14:11:27 +0100] "GET /09.html HTTP/1.1" 200 2086 "http://www.dialyse-calw.de/00themen00.html" "Mozilla/5.0 (Windows NT 5.1; rv:10.0.5) Gecko/20100101 Firefox/10.0.5"
134.2.188.3 - - [29/Jan/2013:14:11:27 +0100] "GET /09.swf HTTP/1.1" 200 23096 "http://www.dialyse-calw.de/09.html" "Mozilla/5.0 (Windows NT 5.1; rv:10.0.5) Gecko/20100101 Firefox/10.0.5"
87.106.28.40 - - [29/Jan/2013:14:16:16 +0100] "GET / HTTP/1.1" 200 2366 "-" "ExB Language Crawler 2.1.3 (+http://www.exb.de/crawler)"
83.236.180.2 - - [29/Jan/2013:14:17:26 +0100] "GET / HTTP/1.1" 200 2366 "-" "Mozilla/5.0 (Windows NT 5.1; rv:17.0) Gecko/20100101 Firefox/17.0"
83.236.180.2 - - [29/Jan/2013:14:17:28 +0100] "GET /00start.swf HTTP/1.1" 200 8575 "http://www.dialyse-pforzheim.de/" "Mozilla/5.0 (Windows NT 5.1; rv:17.0) Gecko/20100101 Firefox/17.0"
83.236.180.2 - - [29/Jan/2013:14:17:29 +0100] "GET /favicon.ico HTTP/1.1" 404 1256 "-" "Mozilla/5.0 (Windows NT 5.1; rv:17.0) Gecko/20100101 Firefox/17.0"
83.236.180.2 - - [29/Jan/2013:14:17:36 +0100] "GET /00themen00.html HTTP/1.1" 200 2254 "http://www.dialyse-pforzheim.de/" "Mozilla/5.0 (Windows NT 5.1; rv:17.0) Gecko/20100101 Firefox/17.0"
83.236.180.2 - - [29/Jan/2013:14:17:36 +0100] "GET /AC_RunActiveContent.js HTTP/1.1" 200 8029 "http://www.dialyse-pforzheim.de/00themen00.html" "Mozilla/5.0 (Windows NT 5.1; rv:17.0) Gecko/20100101 Firefox/17.0"
83.236.180.2 - - [29/Jan/2013:14:17:37 +0100] "GET /00themen00.swf HTTP/1.1" 200 136579 "http://www.dialyse-pforzheim.de/00themen00.html" "Mozilla/5.0 (Windows NT 5.1; rv:17.0) Gecko/20100101 Firefox/17.0"
83.236.180.2 - - [29/Jan/2013:14:17:41 +0100] "GET /04.html HTTP/1.1" 200 2106 "http://www.dialyse-pforzheim.de/00themen00.html" "Mozilla/5.0 (Windows NT 5.1; rv:17.0) Gecko/20100101 Firefox/17.0"
83.236.180.2 - - [29/Jan/2013:14:17:41 +0100] "GET /04.swf HTTP/1.1" 200 62769 "http://www.dialyse-pforzheim.de/04.html" "Mozilla/5.0 (Windows NT 5.1; rv:17.0) Gecko/20100101 Firefox/17.0"
83.236.180.2 - - [29/Jan/2013:14:17:47 +0100] "GET /04Karteaaa.html HTTP/1.1" 200 2077 "http://www.dialyse-pforzheim.de/04.html" "Mozilla/5.0 (Windows NT 5.1; rv:17.0) Gecko/20100101 Firefox/17.0"
83.236.180.2 - - [29/Jan/2013:14:17:48 +0100] "GET /04Karteaaa.swf HTTP/1.1" 200 18538 "http://www.dialyse-pforzheim.de/04Karteaaa.html" "Mozilla/5.0 (Windows NT 5.1; rv:17.0) Gecko/20100101 Firefox/17.0"
83.236.180.2 - - [29/Jan/2013:14:17:51 +0100] "GET /04Kartebbb.html HTTP/1.1" 200 2077 "http://www.dialyse-pforzheim.de/04.html" "Mozilla/5.0 (Windows NT 5.1; rv:17.0) Gecko/20100101 Firefox/17.0"
83.236.180.2 - - [29/Jan/2013:14:17:51 +0100] "GET /04Kartebbb.swf HTTP/1.1" 200 32635 "http://www.dialyse-pforzheim.de/04Kartebbb.html" "Mozilla/5.0 (Windows NT 5.1; rv:17.0) Gecko/20100101 Firefox/17.0"
83.236.180.2 - - [29/Jan/2013:14:17:57 +0100] "GET /04Karteccc.html HTTP/1.1" 200 2077 "http://www.dialyse-pforzheim.de/04.html" "Mozilla/5.0 (Windows NT 5.1; rv:17.0) Gecko/20100101 Firefox/17.0"
83.236.180.2 - - [29/Jan/2013:14:17:57 +0100] "GET /04Karteccc.swf HTTP/1.1" 200 32338 "http://www.dialyse-pforzheim.de/04Karteccc.html" "Mozilla/5.0 (Windows NT 5.1; rv:17.0) Gecko/20100101 Firefox/17.0"
83.236.180.2 - - [29/Jan/2013:14:18:08 +0100] "GET /03.html HTTP/1.1" 200 1982 "http://www.dialyse-pforzheim.de/00themen00.html" "Mozilla/5.0 (Windows NT 5.1; rv:17.0) Gecko/20100101 Firefox/17.0"
83.236.180.2 - - [29/Jan/2013:14:18:09 +0100] "GET /03.swf HTTP/1.1" 200 74505 "http://www.dialyse-pforzheim.de/03.html" "Mozilla/5.0 (Windows NT 5.1; rv:17.0) Gecko/20100101 Firefox/17.0"
83.236.180.2 - - [29/Jan/2013:14:18:31 +0100] "GET /09.html HTTP/1.1" 200 2086 "http://www.dialyse-pforzheim.de/00themen00.html" "Mozilla/5.0 (Windows NT 5.1; rv:17.0) Gecko/20100101 Firefox/17.0"
83.236.180.2 - - [29/Jan/2013:14:18:31 +0100] "GET /09.swf HTTP/1.1" 200 23096 "http://www.dialyse-pforzheim.de/09.html" "Mozilla/5.0 (Windows NT 5.1; rv:17.0) Gecko/20100101 Firefox/17.0"
83.236.180.2 - - [29/Jan/2013:14:18:42 +0100] "GET /09a.html HTTP/1.1" 200 2059 "http://www.dialyse-pforzheim.de/09.html" "Mozilla/5.0 (Windows NT 5.1; rv:17.0) Gecko/20100101 Firefox/17.0"
83.236.180.2 - - [29/Jan/2013:14:18:42 +0100] "GET /09a.swf HTTP/1.1" 200 20604 "http://www.dialyse-pforzheim.de/09a.html" "Mozilla/5.0 (Windows NT 5.1; rv:17.0) Gecko/20100101 Firefox/17.0"
217.229.27.57 - - [29/Jan/2013:14:28:43 +0100] "GET /favicon.ico HTTP/1.1" 404 1256 "-" "Mozilla/5.0 (Windows NT 5.1; rv:18.0) Gecko/20100101 Firefox/18.0"
78.43.32.22 - - [29/Jan/2013:14:30:51 +0100] "GET / HTTP/1.1" 200 2366 "http://www4.dasoertliche.de/?id=0904076113046219172498&recuid=JPSNSJLGLTJLDIBCQUTXFITOWJBVC2URMCH7MAI&action=58&pagePos=1&dar=1&niceid=Dialysezentrum-Nagold-Nagold-Uhlandstr&kw=Dialyse&form_name=detail&lastFormName=search_nat&ci=Nagold&recFrom=1&hitno=0&kgs=08235046&backkgs=08235046&zvo_ok=1&orderby=name&ttforderby=rel&buc=904&verlNr=214&la=&page=78&context=11&arkey=08235046" "Mozilla/4.0 (compatible; MSIE 7.0; Windows NT 5.1; GTB7.4; .NET CLR 1.0.3705; .NET CLR 1.1.4322; .NET CLR 2.0.50727; Media Center PC 4.0; .NET CLR 3.0.4506.2152; .NET CLR 3.5.30729; .NET4.0C)"
78.43.32.22 - - [29/Jan/2013:14:30:51 +0100] "GET /00start.swf HTTP/1.1" 200 8575 "-" "contype"
78.43.32.22 - - [29/Jan/2013:14:30:53 +0100] "GET /00start.swf HTTP/1.1" 200 8575 "http://www.dialyse-nagold.de/" "Mozilla/4.0 (compatible; MSIE 7.0; Windows NT 5.1; GTB7.4; .NET CLR 1.0.3705; .NET CLR 1.1.4322; .NET CLR 2.0.50727; Media Center PC 4.0; .NET CLR 3.0.4506.2152; .NET CLR 3.5.30729; .NET4.0C)"
78.43.32.22 - - [29/Jan/2013:14:30:56 +0100] "GET /favicon.ico HTTP/1.1" 404 1256 "-" "Mozilla/4.0 (compatible; MSIE 7.0; Windows NT 5.1; GTB7.4; .NET CLR 1.0.3705; .NET CLR 1.1.4322; .NET CLR 2.0.50727; Media Center PC 4.0; .NET CLR 3.0.4506.2152; .NET CLR 3.5.30729; .NET4.0C)"
78.43.32.22 - - [29/Jan/2013:14:31:02 +0100] "GET /00themen00.html HTTP/1.1" 200 2254 "http://www.dialyse-nagold.de/00start.swf" "Mozilla/4.0 (compatible; MSIE 7.0; Windows NT 5.1; GTB7.4; .NET CLR 1.0.3705; .NET CLR 1.1.4322; .NET CLR 2.0.50727; Media Center PC 4.0; .NET CLR 3.0.4506.2152; .NET CLR 3.5.30729; .NET4.0C)"
78.43.32.22 - - [29/Jan/2013:14:31:02 +0100] "GET /AC_RunActiveContent.js HTTP/1.1" 200 8029 "http://www.dialyse-nagold.de/00start.swf" "Mozilla/4.0 (compatible; MSIE 7.0; Windows NT 5.1; GTB7.4; .NET CLR 1.0.3705; .NET CLR 1.1.4322; .NET CLR 2.0.50727; Media Center PC 4.0; .NET CLR 3.0.4506.2152; .NET CLR 3.5.30729; .NET4.0C)"
