87.166.113.69 - - [13/Jan/2013:15:02:52 +0100] "GET /AC_RunActiveContent.js HTTP/1.1" 200 8029 "http://www.dialyse-calw.de/00themen00.html" "Mozilla/5.0 (Macintosh; Intel Mac OS X 10_7_5) AppleWebKit/536.25 (KHTML, like Gecko) Version/6.0 Safari/536.25"
87.166.113.69 - - [13/Jan/2013:15:02:53 +0100] "GET /00themen00.swf HTTP/1.1" 200 136579 "http://www.dialyse-calw.de/00themen00.html" "Mozilla/5.0 (Macintosh; Intel Mac OS X 10_7_5) AppleWebKit/536.25 (KHTML, like Gecko) Version/6.0 Safari/536.25"
87.166.113.69 - - [13/Jan/2013:15:02:59 +0100] "GET /01.html HTTP/1.1" 200 1982 "http://www.dialyse-calw.de/00themen00.html" "Mozilla/5.0 (Macintosh; Intel Mac OS X 10_7_5) AppleWebKit/536.25 (KHTML, like Gecko) Version/6.0 Safari/536.25"
87.166.113.69 - - [13/Jan/2013:15:02:59 +0100] "GET /01.swf HTTP/1.1" 200 19349 "http://www.dialyse-calw.de/01.html" "Mozilla/5.0 (Macintosh; Intel Mac OS X 10_7_5) AppleWebKit/536.25 (KHTML, like Gecko) Version/6.0 Safari/536.25"
87.166.113.69 - - [13/Jan/2013:15:03:09 +0100] "GET /02.html HTTP/1.1" 200 1982 "http://www.dialyse-calw.de/00themen00.html" "Mozilla/5.0 (Macintosh; Intel Mac OS X 10_7_5) AppleWebKit/536.25 (KHTML, like Gecko) Version/6.0 Safari/536.25"
87.166.113.69 - - [13/Jan/2013:15:03:09 +0100] "GET /02.swf HTTP/1.1" 200 22781 "http://www.dialyse-calw.de/02.html" "Mozilla/5.0 (Macintosh; Intel Mac OS X 10_7_5) AppleWebKit/536.25 (KHTML, like Gecko) Version/6.0 Safari/536.25"
87.166.113.69 - - [13/Jan/2013:15:03:30 +0100] "GET /03.html HTTP/1.1" 200 1982 "http://www.dialyse-calw.de/00themen00.html" "Mozilla/5.0 (Macintosh; Intel Mac OS X 10_7_5) AppleWebKit/536.25 (KHTML, like Gecko) Version/6.0 Safari/536.25"
87.166.113.69 - - [13/Jan/2013:15:03:30 +0100] "GET /03.swf HTTP/1.1" 200 74505 "http://www.dialyse-calw.de/03.html" "Mozilla/5.0 (Macintosh; Intel Mac OS X 10_7_5) AppleWebKit/536.25 (KHTML, like Gecko) Version/6.0 Safari/536.25"
87.166.113.69 - - [13/Jan/2013:15:04:47 +0100] "GET /03a.html HTTP/1.1" 200 1991 "http://www.dialyse-calw.de/00themen00.html" "Mozilla/5.0 (Macintosh; Intel Mac OS X 10_7_5) AppleWebKit/536.25 (KHTML, like Gecko) Version/6.0 Safari/536.25"
87.166.113.69 - - [13/Jan/2013:15:04:47 +0100] "GET /03a.swf HTTP/1.1" 200 94997 "http://www.dialyse-calw.de/03a.html" "Mozilla/5.0 (Macintosh; Intel Mac OS X 10_7_5) AppleWebKit/536.25 (KHTML, like Gecko) Version/6.0 Safari/536.25"
87.166.113.69 - - [13/Jan/2013:15:04:58 +0100] "GET /04.html HTTP/1.1" 200 2106 "http://www.dialyse-calw.de/00themen00.html" "Mozilla/5.0 (Macintosh; Intel Mac OS X 10_7_5) AppleWebKit/536.25 (KHTML, like Gecko) Version/6.0 Safari/536.25"
87.166.113.69 - - [13/Jan/2013:15:04:58 +0100] "GET /04.swf HTTP/1.1" 200 62769 "http://www.dialyse-calw.de/04.html" "Mozilla/5.0 (Macintosh; Intel Mac OS X 10_7_5) AppleWebKit/536.25 (KHTML, like Gecko) Version/6.0 Safari/536.25"
87.166.113.69 - - [13/Jan/2013:15:05:11 +0100] "GET /04Karteaaa.html HTTP/1.1" 200 2077 "http://www.dialyse-calw.de/04.html" "Mozilla/5.0 (Macintosh; Intel Mac OS X 10_7_5) AppleWebKit/536.25 (KHTML, like Gecko) Version/6.0 Safari/536.25"
87.166.113.69 - - [13/Jan/2013:15:05:12 +0100] "GET /04Karteaaa.swf HTTP/1.1" 200 18538 "http://www.dialyse-calw.de/04Karteaaa.html" "Mozilla/5.0 (Macintosh; Intel Mac OS X 10_7_5) AppleWebKit/536.25 (KHTML, like Gecko) Version/6.0 Safari/536.25"
87.166.113.69 - - [13/Jan/2013:15:05:53 +0100] "GET /04Kartebbb.html HTTP/1.1" 200 2077 "http://www.dialyse-calw.de/04.html" "Mozilla/5.0 (Macintosh; Intel Mac OS X 10_7_5) AppleWebKit/536.25 (KHTML, like Gecko) Version/6.0 Safari/536.25"
87.166.113.69 - - [13/Jan/2013:15:05:53 +0100] "GET /04Kartebbb.swf HTTP/1.1" 200 32635 "http://www.dialyse-calw.de/04Kartebbb.html" "Mozilla/5.0 (Macintosh; Intel Mac OS X 10_7_5) AppleWebKit/536.25 (KHTML, like Gecko) Version/6.0 Safari/536.25"
87.166.113.69 - - [13/Jan/2013:15:06:04 +0100] "GET /04Karteccc.html HTTP/1.1" 200 2077 "http://www.dialyse-calw.de/04.html" "Mozilla/5.0 (Macintosh; Intel Mac OS X 10_7_5) AppleWebKit/536.25 (KHTML, like Gecko) Version/6.0 Safari/536.25"
87.166.113.69 - - [13/Jan/2013:15:06:04 +0100] "GET /04Karteccc.swf HTTP/1.1" 200 32338 "http://www.dialyse-calw.de/04Karteccc.html" "Mozilla/5.0 (Macintosh; Intel Mac OS X 10_7_5) AppleWebKit/536.25 (KHTML, like Gecko) Version/6.0 Safari/536.25"
87.166.113.69 - - [13/Jan/2013:15:06:11 +0100] "GET /04Karteddd.html HTTP/1.1" 200 2077 "http://www.dialyse-calw.de/04.html" "Mozilla/5.0 (Macintosh; Intel Mac OS X 10_7_5) AppleWebKit/536.25 (KHTML, like Gecko) Version/6.0 Safari/536.25"
87.166.113.69 - - [13/Jan/2013:15:06:11 +0100] "GET /04Karteddd.swf HTTP/1.1" 200 33790 "http://www.dialyse-calw.de/04Karteddd.html" "Mozilla/5.0 (Macintosh; Intel Mac OS X 10_7_5) AppleWebKit/536.25 (KHTML, like Gecko) Version/6.0 Safari/536.25"
87.166.113.69 - - [13/Jan/2013:15:06:23 +0100] "GET /05.html HTTP/1.1" 200 1982 "http://www.dialyse-calw.de/00themen00.html" "Mozilla/5.0 (Macintosh; Intel Mac OS X 10_7_5) AppleWebKit/536.25 (KHTML, like Gecko) Version/6.0 Safari/536.25"
87.166.113.69 - - [13/Jan/2013:15:06:23 +0100] "GET /05.swf HTTP/1.1" 200 58083 "http://www.dialyse-calw.de/05.html" "Mozilla/5.0 (Macintosh; Intel Mac OS X 10_7_5) AppleWebKit/536.25 (KHTML, like Gecko) Version/6.0 Safari/536.25"
87.166.113.69 - - [13/Jan/2013:15:06:35 +0100] "GET /06.html HTTP/1.1" 200 2278 "http://www.dialyse-calw.de/00themen00.html" "Mozilla/5.0 (Macintosh; Intel Mac OS X 10_7_5) AppleWebKit/536.25 (KHTML, like Gecko) Version/6.0 Safari/536.25"
87.166.113.69 - - [13/Jan/2013:15:06:35 +0100] "GET /06.swf HTTP/1.1" 200 20731 "http://www.dialyse-calw.de/06.html" "Mozilla/5.0 (Macintosh; Intel Mac OS X 10_7_5) AppleWebKit/536.25 (KHTML, like Gecko) Version/6.0 Safari/536.25"
87.166.113.69 - - [13/Jan/2013:15:06:48 +0100] "GET /07.html HTTP/1.1" 200 2319 "http://www.dialyse-calw.de/00themen00.html" "Mozilla/5.0 (Macintosh; Intel Mac OS X 10_7_5) AppleWebKit/536.25 (KHTML, like Gecko) Version/6.0 Safari/536.25"
87.166.113.69 - - [13/Jan/2013:15:06:48 +0100] "GET /07.swf HTTP/1.1" 200 20730 "http://www.dialyse-calw.de/07.html" "Mozilla/5.0 (Macintosh; Intel Mac OS X 10_7_5) AppleWebKit/536.25 (KHTML, like Gecko) Version/6.0 Safari/536.25"
87.166.113.69 - - [13/Jan/2013:15:06:54 +0100] "GET /08.html HTTP/1.1" 200 2005 "http://www.dialyse-calw.de/00themen00.html" "Mozilla/5.0 (Macintosh; Intel Mac OS X 10_7_5) AppleWebKit/536.25 (KHTML, like Gecko) Version/6.0 Safari/536.25"
87.166.113.69 - - [13/Jan/2013:15:06:54 +0100] "GET /08.swf HTTP/1.1" 200 20405 "http://www.dialyse-calw.de/08.html" "Mozilla/5.0 (Macintosh; Intel Mac OS X 10_7_5) AppleWebKit/536.25 (KHTML, like Gecko) Version/6.0 Safari/536.25"
87.166.113.69 - - [13/Jan/2013:15:06:59 +0100] "GET /09.html HTTP/1.1" 200 2086 "http://www.dialyse-calw.de/00themen00.html" "Mozilla/5.0 (Macintosh; Intel Mac OS X 10_7_5) AppleWebKit/536.25 (KHTML, like Gecko) Version/6.0 Safari/536.25"
87.166.113.69 - - [13/Jan/2013:15:06:59 +0100] "GET /09.swf HTTP/1.1" 200 23096 "http://www.dialyse-calw.de/09.html" "Mozilla/5.0 (Macintosh; Intel Mac OS X 10_7_5) AppleWebKit/536.25 (KHTML, like Gecko) Version/6.0 Safari/536.25"
141.8.147.1 - - [13/Jan/2013:15:25:41 +0100] "GET /04.html HTTP/1.1" 304 - "-" "Mozilla/5.0 (compatible; YandexBot/3.0; +http://yandex.com/bots)"
87.166.113.69 - - [13/Jan/2013:15:37:23 +0100] "GET / HTTP/1.1" 200 2366 "http://www.rhoen-klinikum-ag.com/rka/cms/pfk_2/deu/66265.html" "Mozilla/5.0 (Macintosh; Intel Mac OS X 10_7_5) AppleWebKit/536.25 (KHTML, like Gecko) Version/6.0 Safari/536.25"
87.166.113.69 - - [13/Jan/2013:15:37:26 +0100] "GET /00start.swf HTTP/1.1" 200 8575 "http://www.dialyse-pforzheim.de/" "Mozilla/5.0 (Macintosh; Intel Mac OS X 10_7_5) AppleWebKit/536.25 (KHTML, like Gecko) Version/6.0 Safari/536.25"
87.166.113.69 - - [13/Jan/2013:15:37:26 +0100] "GET /favicon.ico HTTP/1.1" 404 1256 "http://www.dialyse-pforzheim.de/" "Mozilla/5.0 (Macintosh; Intel Mac OS X 10_7_5) AppleWebKit/536.25 (KHTML, like Gecko) Version/6.0 Safari/536.25"
87.166.113.69 - - [13/Jan/2013:15:37:28 +0100] "GET /00themen00.html HTTP/1.1" 200 2254 "http://www.dialyse-pforzheim.de/" "Mozilla/5.0 (Macintosh; Intel Mac OS X 10_7_5) AppleWebKit/536.25 (KHTML, like Gecko) Version/6.0 Safari/536.25"
87.166.113.69 - - [13/Jan/2013:15:37:28 +0100] "GET /AC_RunActiveContent.js HTTP/1.1" 200 8029 "http://www.dialyse-pforzheim.de/00themen00.html" "Mozilla/5.0 (Macintosh; Intel Mac OS X 10_7_5) AppleWebKit/536.25 (KHTML, like Gecko) Version/6.0 Safari/536.25"
87.166.113.69 - - [13/Jan/2013:15:37:28 +0100] "GET /00themen00.swf HTTP/1.1" 200 136579 "http://www.dialyse-pforzheim.de/00themen00.html" "Mozilla/5.0 (Macintosh; Intel Mac OS X 10_7_5) AppleWebKit/536.25 (KHTML, like Gecko) Version/6.0 Safari/536.25"
87.166.113.69 - - [13/Jan/2013:15:37:31 +0100] "GET /03.html HTTP/1.1" 200 1982 "http://www.dialyse-pforzheim.de/00themen00.html" "Mozilla/5.0 (Macintosh; Intel Mac OS X 10_7_5) AppleWebKit/536.25 (KHTML, like Gecko) Version/6.0 Safari/536.25"
87.166.113.69 - - [13/Jan/2013:15:37:31 +0100] "GET /03.swf HTTP/1.1" 200 74505 "http://www.dialyse-pforzheim.de/03.html" "Mozilla/5.0 (Macintosh; Intel Mac OS X 10_7_5) AppleWebKit/536.25 (KHTML, like Gecko) Version/6.0 Safari/536.25"
66.249.78.187 - - [13/Jan/2013:15:38:20 +0100] "GET /robots.txt HTTP/1.1" 404 1256 "-" "Mozilla/5.0 (compatible; Googlebot/2.1; +http://www.google.com/bot.html)"
66.249.76.187 - - [13/Jan/2013:15:38:20 +0100] "GET / HTTP/1.1" 200 2366 "-" "DoCoMo/2.0 N905i(c100;TB;W24H16) (compatible; Googlebot-Mobile/2.1; +http://www.google.com/bot.html)"
91.223.75.118 - - [13/Jan/2013:15:48:01 +0100] "GET / HTTP/1.1" 200 2366 "http://helion-ltd.ru/pipk" "Mozilla/4.0 (compatible; MSIE 5.5; Windows 95; BCD2000)"
91.223.75.118 - - [13/Jan/2013:15:48:01 +0100] "GET / HTTP/1.1" 200 2366 "http://taxi-odessa-kherson.com/" "Mozilla/4.0 (compatible; MSIE 5.5; Windows 95; BCD2000)"
91.223.75.118 - - [13/Jan/2013:15:48:01 +0100] "GET / HTTP/1.1" 200 2366 "http://helion-ltd.ru/pipk" "Mozilla/4.0 (compatible; MSIE 5.5; Windows 95; BCD2000)"
91.223.75.118 - - [13/Jan/2013:15:48:01 +0100] "GET / HTTP/1.1" 200 2366 "http://taxi-odessa-kherson.com/" "Mozilla/4.0 (compatible; MSIE 5.5; Windows 95; BCD2000)"
141.8.147.1 - - [13/Jan/2013:17:09:50 +0100] "GET /07.html HTTP/1.1" 304 - "-" "Mozilla/5.0 (compatible; YandexBot/3.0; +http://yandex.com/bots)"
66.249.78.187 - - [13/Jan/2013:17:19:48 +0100] "GET /00start.swf HTTP/1.1" 200 8575 "-" "Mozilla/5.0 (compatible; Googlebot/2.1; +http://www.google.com/bot.html)"
91.22.224.219 - - [13/Jan/2013:17:20:02 +0100] "GET / HTTP/1.1" 200 2366 "http://www.siloah.de/cms/st.-trudpert/startseite/anfahrt_102.html" "Mozilla/5.0 (Windows NT 5.1; rv:17.0) Gecko/20100101 Firefox/17.0"
91.22.224.219 - - [13/Jan/2013:17:20:03 +0100] "GET /00start.swf HTTP/1.1" 200 8575 "http://www.dialyse-calw.de/" "Mozilla/5.0 (Windows NT 5.1; rv:17.0) Gecko/20100101 Firefox/17.0"
91.22.224.219 - - [13/Jan/2013:17:20:05 +0100] "GET /favicon.ico HTTP/1.1" 404 1256 "-" "Mozilla/5.0 (Windows NT 5.1; rv:17.0) Gecko/20100101 Firefox/17.0"
91.22.224.219 - - [13/Jan/2013:17:20:08 +0100] "GET /00themen00.html HTTP/1.1" 200 2254 "http://www.dialyse-calw.de/" "Mozilla/5.0 (Windows NT 5.1; rv:17.0) Gecko/20100101 Firefox/17.0"
91.22.224.219 - - [13/Jan/2013:17:20:08 +0100] "GET /AC_RunActiveContent.js HTTP/1.1" 200 8029 "http://www.dialyse-calw.de/00themen00.html" "Mozilla/5.0 (Windows NT 5.1; rv:17.0) Gecko/20100101 Firefox/17.0"
91.22.224.219 - - [13/Jan/2013:17:20:09 +0100] "GET /00themen00.swf HTTP/1.1" 200 136579 "http://www.dialyse-calw.de/00themen00.html" "Mozilla/5.0 (Windows NT 5.1; rv:17.0) Gecko/20100101 Firefox/17.0"
66.249.78.36 - - [13/Jan/2013:17:37:08 +0100] "GET /robots.txt HTTP/1.1" 404 1256 "-" "Mozilla/5.0 (compatible; Googlebot/2.1; +http://www.google.com/bot.html)"
66.249.76.36 - - [13/Jan/2013:17:37:08 +0100] "GET /00themen00.html HTTP/1.1" 200 2254 "-" "Mozilla/5.0 (compatible; Googlebot/2.1; +http://www.google.com/bot.html)"
66.249.78.173 - - [13/Jan/2013:17:41:45 +0100] "GET /robots.txt HTTP/1.1" 404 1256 "-" "Mozilla/5.0 (compatible; Googlebot/2.1; +http://www.google.com/bot.html)"
66.249.76.173 - - [13/Jan/2013:17:41:46 +0100] "GET /06.html HTTP/1.1" 200 2278 "-" "Mozilla/5.0 (compatible; Googlebot/2.1; +http://www.google.com/bot.html)"
66.249.76.235 - - [13/Jan/2013:17:53:04 +0100] "GET /robots.txt HTTP/1.1" 404 1256 "-" "Mozilla/5.0 (compatible; Googlebot/2.1; +http://www.google.com/bot.html)"
66.249.78.235 - - [13/Jan/2013:17:53:04 +0100] "GET / HTTP/1.1" 200 2366 "-" "SAMSUNG-SGH-E250/1.0 Profile/MIDP-2.0 Configuration/CLDC-1.1 UP.Browser/6.2.3.3.c.1.101 (GUI) MMP/2.0 (compatible; Googlebot-Mobile/2.1; +http://www.google.com/bot.html)"
66.249.78.173 - - [13/Jan/2013:18:04:18 +0100] "GET /06.swf HTTP/1.1" 200 20731 "-" "Mozilla/5.0 (compatible; Googlebot/2.1; +http://www.google.com/bot.html)"
66.249.76.173 - - [13/Jan/2013:18:05:54 +0100] "GET /00start.swf HTTP/1.1" 200 8575 "-" "Mozilla/5.0 (compatible; Googlebot/2.1; +http://www.google.com/bot.html)"
157.55.35.87 - - [13/Jan/2013:18:15:41 +0100] "GET /robots.txt HTTP/1.1" 404 1256 "-" "Mozilla/5.0 (compatible; bingbot/2.0; +http://www.bing.com/bingbot.htm)"
157.55.35.87 - - [13/Jan/2013:18:18:49 +0100] "GET /06.html HTTP/1.1" 200 2278 "-" "Mozilla/5.0 (compatible; bingbot/2.0; +http://www.bing.com/bingbot.htm)"
65.55.210.166 - - [13/Jan/2013:18:18:50 +0100] "GET /06.swf HTTP/1.1" 200 20731 "http://www.dialyse-nagold.de/06.swf" "Mozilla/5.0 (Windows NT 6.1; WOW64) AppleWebKit/534+ (KHTML, like Gecko) BingPreview/1.0b"
66.249.78.173 - - [13/Jan/2013:18:22:37 +0100] "GET /index.html HTTP/1.1" 200 2366 "-" "Mozilla/5.0 (compatible; Googlebot/2.1; +http://www.google.com/bot.html)"
66.249.78.36 - - [13/Jan/2013:18:34:45 +0100] "GET /09.html HTTP/1.1" 200 2086 "-" "Mozilla/5.0 (compatible; Googlebot/2.1; +http://www.google.com/bot.html)"
66.249.78.36 - - [13/Jan/2013:18:41:27 +0100] "GET /09.swf HTTP/1.1" 200 23096 "-" "Mozilla/5.0 (compatible; Googlebot/2.1; +http://www.google.com/bot.html)"
66.249.78.173 - - [13/Jan/2013:18:42:35 +0100] "GET /00themen00.html HTTP/1.1" 200 2254 "-" "Mozilla/5.0 (compatible; Googlebot/2.1; +http://www.google.com/bot.html)"
141.8.147.1 - - [13/Jan/2013:18:48:24 +0100] "GET /00themen00.html HTTP/1.1" 200 2254 "-" "Mozilla/5.0 (compatible; YandexBot/3.0; +http://yandex.com/bots)"
180.76.6.26 - - [13/Jan/2013:18:53:46 +0100] "GET /robots.txt HTTP/1.1" 404 1256 "-" "Mozilla/5.0 (Windows NT 5.1; rv:6.0.2) Gecko/20100101 Firefox/6.0.2"
180.76.5.140 - - [13/Jan/2013:18:53:46 +0100] "GET /robots.txt HTTP/1.1" 404 1256 "-" "Mozilla/5.0 (Windows NT 5.1; rv:6.0.2) Gecko/20100101 Firefox/6.0.2"
66.249.76.173 - - [13/Jan/2013:19:12:33 +0100] "GET /07.html HTTP/1.1" 200 2319 "-" "Mozilla/5.0 (compatible; Googlebot/2.1; +http://www.google.com/bot.html)"
66.249.78.36 - - [13/Jan/2013:19:15:01 +0100] "GET /04Kartebbb.html HTTP/1.1" 200 2077 "-" "Mozilla/5.0 (compatible; Googlebot/2.1; +http://www.google.com/bot.html)"
66.249.78.36 - - [13/Jan/2013:19:19:47 +0100] "GET /04Kartebbb.swf HTTP/1.1" 200 32635 "-" "Mozilla/5.0 (compatible; Googlebot/2.1; +http://www.google.com/bot.html)"
79.255.105.8 - - [13/Jan/2013:19:20:56 +0100] "GET /09a.html HTTP/1.1" 200 2059 "http://www.google.de/url?sa=t&rct=j&q=&esrc=s&source=web&cd=2&ved=0CD0QFjAB&url=http%3A%2F%2Fwww.dialyse-calw.de%2F09a.html&ei=jfryUPWROsuk4ASJjYFQ&usg=AFQjCNEs7ra8oip9Ivy9h9haJq7d-kwktA&bvm=bv.1357700187,d.bGE" "Mozilla/5.0 (Windows NT 5.1; rv:17.0) Gecko/20100101 Firefox/17.0"
79.255.105.8 - - [13/Jan/2013:19:20:56 +0100] "GET /AC_RunActiveContent.js HTTP/1.1" 200 8029 "http://www.dialyse-calw.de/09a.html" "Mozilla/5.0 (Windows NT 5.1; rv:17.0) Gecko/20100101 Firefox/17.0"
79.255.105.8 - - [13/Jan/2013:19:20:56 +0100] "GET /09a.swf HTTP/1.1" 200 20604 "http://www.dialyse-calw.de/09a.html" "Mozilla/5.0 (Windows NT 5.1; rv:17.0) Gecko/20100101 Firefox/17.0"
79.255.105.8 - - [13/Jan/2013:19:20:57 +0100] "GET /favicon.ico HTTP/1.1" 404 1256 "-" "Mozilla/5.0 (Windows NT 5.1; rv:17.0) Gecko/20100101 Firefox/17.0"
79.255.105.8 - - [13/Jan/2013:19:20:57 +0100] "GET /favicon.ico HTTP/1.1" 404 1256 "-" "Mozilla/5.0 (Windows NT 5.1; rv:17.0) Gecko/20100101 Firefox/17.0"
79.255.105.8 - - [13/Jan/2013:19:20:59 +0100] "GET /00themen00.html HTTP/1.1" 200 2254 "http://www.dialyse-calw.de/09a.html" "Mozilla/5.0 (Windows NT 5.1; rv:17.0) Gecko/20100101 Firefox/17.0"
79.255.105.8 - - [13/Jan/2013:19:20:59 +0100] "GET /00themen00.swf HTTP/1.1" 200 136579 "http://www.dialyse-calw.de/00themen00.html" "Mozilla/5.0 (Windows NT 5.1; rv:17.0) Gecko/20100101 Firefox/17.0"
79.255.105.8 - - [13/Jan/2013:19:21:02 +0100] "GET /03.html HTTP/1.1" 200 1982 "http://www.dialyse-calw.de/00themen00.html" "Mozilla/5.0 (Windows NT 5.1; rv:17.0) Gecko/20100101 Firefox/17.0"
79.255.105.8 - - [13/Jan/2013:19:21:03 +0100] "GET /03.swf HTTP/1.1" 200 74505 "http://www.dialyse-calw.de/03.html" "Mozilla/5.0 (Windows NT 5.1; rv:17.0) Gecko/20100101 Firefox/17.0"
79.255.105.8 - - [13/Jan/2013:19:22:13 +0100] "GET / HTTP/1.1" 200 2366 "http://www.siloah.de/cms/siloah_27.html" "Mozilla/5.0 (Windows NT 5.1; rv:17.0) Gecko/20100101 Firefox/17.0"
79.255.105.8 - - [13/Jan/2013:19:22:13 +0100] "GET /00start.swf HTTP/1.1" 200 8575 "http://www.dialyse-calw.de/" "Mozilla/5.0 (Windows NT 5.1; rv:17.0) Gecko/20100101 Firefox/17.0"
173.199.116.59 - - [13/Jan/2013:19:23:09 +0100] "GET / HTTP/1.1" 200 2366 "-" "Mozilla/5.0 (compatible; AhrefsBot/4.0; +http://ahrefs.com/robot/)"
66.249.76.173 - - [13/Jan/2013:19:32:28 +0100] "GET /01.html HTTP/1.1" 200 1982 "-" "Mozilla/5.0 (compatible; Googlebot/2.1; +http://www.google.com/bot.html)"
66.249.76.173 - - [13/Jan/2013:19:52:29 +0100] "GET /04.html HTTP/1.1" 200 2106 "-" "Mozilla/5.0 (compatible; Googlebot/2.1; +http://www.google.com/bot.html)"
176.9.36.67 - - [13/Jan/2013:19:53:22 +0100] "GET /robots.txt HTTP/1.0" 404 1256 "-" "Mozilla/5.0 (compatible; MJ12bot/v1.4.3; http://www.majestic12.co.uk/bot.php?+)"
176.9.36.67 - - [13/Jan/2013:19:53:24 +0100] "GET / HTTP/1.0" 200 2366 "-" "Mozilla/5.0 (compatible; MJ12bot/v1.4.3; http://www.majestic12.co.uk/bot.php?+)"
66.249.78.173 - - [13/Jan/2013:20:13:21 +0100] "GET /08.html HTTP/1.1" 200 2005 "-" "Mozilla/5.0 (compatible; Googlebot/2.1; +http://www.google.com/bot.html)"
93.219.149.158 - - [13/Jan/2013:20:21:25 +0100] "GET /00start.swf HTTP/1.1" 200 8575 "-" "Mozilla/5.0 (Windows; U; Windows NT 6.0; de; rv:1.9.2.3) Gecko/20100401 Firefox/3.6.3 ( .NET CLR 3.5.30729)"
141.8.147.1 - - [13/Jan/2013:20:26:59 +0100] "GET /03a.html HTTP/1.1" 304 - "-" "Mozilla/5.0 (compatible; YandexBot/3.0; +http://yandex.com/bots)"
66.249.78.173 - - [13/Jan/2013:20:44:16 +0100] "GET /02.html HTTP/1.1" 200 1982 "-" "Mozilla/5.0 (compatible; Googlebot/2.1; +http://www.google.com/bot.html)"
66.249.76.187 - - [13/Jan/2013:20:53:01 +0100] "GET /08.html HTTP/1.1" 304 - "-" "Mozilla/5.0 (compatible; Googlebot/2.1; +http://www.google.com/bot.html)"
66.249.76.173 - - [13/Jan/2013:21:03:33 +0100] "GET /03.html HTTP/1.1" 200 1982 "-" "Mozilla/5.0 (compatible; Googlebot/2.1; +http://www.google.com/bot.html)"
84.160.63.121 - - [13/Jan/2013:21:06:14 +0100] "GET / HTTP/1.1" 200 2366 "http://www.google.de/url?sa=t&rct=j&q=&esrc=s&source=web&cd=1&sqi=2&ved=0CDIQFjAA&url=http%3A%2F%2Fwww.dialyse-calw.de%2F&ei=OBPzULT2M8vasgaaiYFQ&usg=AFQjCNECMxQiO0NOt3ERqW1uzT1RIToCeg&bvm=bv.1357700187,d.Yms" "Mozilla/5.0 (Windows NT 5.1; rv:16.0) Gecko/20100101 Firefox/16.0"
84.160.63.121 - - [13/Jan/2013:21:06:14 +0100] "GET /00start.swf HTTP/1.1" 200 8575 "http://www.dialyse-calw.de/" "Mozilla/5.0 (Windows NT 5.1; rv:16.0) Gecko/20100101 Firefox/16.0"
84.160.63.121 - - [13/Jan/2013:21:06:17 +0100] "GET /favicon.ico HTTP/1.1" 404 1256 "-" "Mozilla/5.0 (Windows NT 5.1; rv:16.0) Gecko/20100101 Firefox/16.0"
84.160.63.121 - - [13/Jan/2013:21:06:17 +0100] "GET /favicon.ico HTTP/1.1" 404 1256 "-" "Mozilla/5.0 (Windows NT 5.1; rv:16.0) Gecko/20100101 Firefox/16.0"
84.160.63.121 - - [13/Jan/2013:21:06:50 +0100] "GET /00themen00.html HTTP/1.1" 200 2254 "http://www.dialyse-calw.de/" "Mozilla/5.0 (Windows NT 5.1; rv:16.0) Gecko/20100101 Firefox/16.0"
84.160.63.121 - - [13/Jan/2013:21:06:50 +0100] "GET /AC_RunActiveContent.js HTTP/1.1" 200 8029 "http://www.dialyse-calw.de/00themen00.html" "Mozilla/5.0 (Windows NT 5.1; rv:16.0) Gecko/20100101 Firefox/16.0"
84.160.63.121 - - [13/Jan/2013:21:06:50 +0100] "GET /00themen00.swf HTTP/1.1" 200 136579 "http://www.dialyse-calw.de/00themen00.html" "Mozilla/5.0 (Windows NT 5.1; rv:16.0) Gecko/20100101 Firefox/16.0"
84.160.63.121 - - [13/Jan/2013:21:06:57 +0100] "GET /01.html HTTP/1.1" 200 1982 "http://www.dialyse-calw.de/00themen00.html" "Mozilla/5.0 (Windows NT 5.1; rv:16.0) Gecko/20100101 Firefox/16.0"
84.160.63.121 - - [13/Jan/2013:21:06:58 +0100] "GET /01.swf HTTP/1.1" 200 19349 "http://www.dialyse-calw.de/01.html" "Mozilla/5.0 (Windows NT 5.1; rv:16.0) Gecko/20100101 Firefox/16.0"
84.160.63.121 - - [13/Jan/2013:21:07:05 +0100] "GET /04.html HTTP/1.1" 200 2106 "http://www.dialyse-calw.de/00themen00.html" "Mozilla/5.0 (Windows NT 5.1; rv:16.0) Gecko/20100101 Firefox/16.0"
84.160.63.121 - - [13/Jan/2013:21:07:05 +0100] "GET /04.swf HTTP/1.1" 200 62769 "http://www.dialyse-calw.de/04.html" "Mozilla/5.0 (Windows NT 5.1; rv:16.0) Gecko/20100101 Firefox/16.0"
84.160.63.121 - - [13/Jan/2013:21:07:23 +0100] "GET /06.html HTTP/1.1" 200 2278 "http://www.dialyse-calw.de/00themen00.html" "Mozilla/5.0 (Windows NT 5.1; rv:16.0) Gecko/20100101 Firefox/16.0"
84.160.63.121 - - [13/Jan/2013:21:07:23 +0100] "GET /06.swf HTTP/1.1" 200 20731 "http://www.dialyse-calw.de/06.html" "Mozilla/5.0 (Windows NT 5.1; rv:16.0) Gecko/20100101 Firefox/16.0"
84.160.63.121 - - [13/Jan/2013:21:07:37 +0100] "GET /05.html HTTP/1.1" 200 1982 "http://www.dialyse-calw.de/00themen00.html" "Mozilla/5.0 (Windows NT 5.1; rv:16.0) Gecko/20100101 Firefox/16.0"
84.160.63.121 - - [13/Jan/2013:21:07:38 +0100] "GET /05.swf HTTP/1.1" 200 58083 "http://www.dialyse-calw.de/05.html" "Mozilla/5.0 (Windows NT 5.1; rv:16.0) Gecko/20100101 Firefox/16.0"
141.8.147.1 - - [13/Jan/2013:21:21:48 +0100] "GET /01.html HTTP/1.1" 304 - "-" "Mozilla/5.0 (compatible; YandexBot/3.0; +http://yandex.com/bots)"
66.249.78.173 - - [13/Jan/2013:21:22:08 +0100] "GET /09.html HTTP/1.1" 200 2086 "-" "Mozilla/5.0 (compatible; Googlebot/2.1; +http://www.google.com/bot.html)"
66.249.78.187 - - [13/Jan/2013:21:47:38 +0100] "GET / HTTP/1.1" 200 2366 "-" "SAMSUNG-SGH-E250/1.0 Profile/MIDP-2.0 Configuration/CLDC-1.1 UP.Browser/6.2.3.3.c.1.101 (GUI) MMP/2.0 (compatible; Googlebot-Mobile/2.1; +http://www.google.com/bot.html)"
66.249.76.173 - - [13/Jan/2013:21:52:19 +0100] "GET /05.html HTTP/1.1" 200 1982 "-" "Mozilla/5.0 (compatible; Googlebot/2.1; +http://www.google.com/bot.html)"
141.8.147.1 - - [13/Jan/2013:22:22:49 +0100] "GET /06.html HTTP/1.1" 304 - "-" "Mozilla/5.0 (compatible; YandexBot/3.0; +http://yandex.com/bots)"
66.249.78.173 - - [13/Jan/2013:22:35:02 +0100] "GET /09a.swf HTTP/1.1" 200 20604 "-" "Mozilla/5.0 (compatible; Googlebot/2.1; +http://www.google.com/bot.html)"
141.8.147.1 - - [13/Jan/2013:23:16:03 +0100] "GET /05.html HTTP/1.1" 304 - "-" "Mozilla/5.0 (compatible; YandexBot/3.0; +http://yandex.com/bots)"
157.55.32.154 - - [13/Jan/2013:23:28:04 +0100] "GET /robots.txt HTTP/1.1" 404 1256 "-" "Mozilla/5.0 (compatible; bingbot/2.0; +http://www.bing.com/bingbot.htm)"
157.55.32.154 - - [13/Jan/2013:23:32:41 +0100] "GET / HTTP/1.1" 200 2366 "-" "Mozilla/5.0 (compatible; bingbot/2.0; +http://www.bing.com/bingbot.htm)"
141.8.147.1 - - [13/Jan/2013:23:44:20 +0100] "GET /02.html HTTP/1.1" 304 - "-" "Mozilla/5.0 (compatible; YandexBot/3.0; +http://yandex.com/bots)"
79.173.84.130 - - [13/Jan/2013:23:45:57 +0100] "GET /robots.txt HTTP/1.1" 404 1256 "-" "Mozilla/5.0 (compatible; 008/0.83; http://www.80legs.com/webcrawler.html;) Gecko/2008032620"
79.173.84.130 - - [13/Jan/2013:23:45:57 +0100] "GET / HTTP/1.1" 200 2366 "-" "Mozilla/5.0 (compatible; 008/0.85; http://www.80legs.com/webcrawler.html) Gecko/2008032620"
79.173.84.130 - - [13/Jan/2013:23:45:58 +0100] "GET / HTTP/1.1" 200 2366 "-" "Mozilla/5.0 (compatible; 008/0.85; http://www.80legs.com/webcrawler.html) Gecko/2008032620"
79.173.84.130 - - [13/Jan/2013:23:45:59 +0100] "GET / HTTP/1.1" 200 2366 "-" "Mozilla/5.0 (compatible; 008/0.85; http://www.80legs.com/webcrawler.html) Gecko/2008032620"
79.173.84.130 - - [13/Jan/2013:23:46:00 +0100] "GET /robots.txt HTTP/1.1" 404 1256 "-" "Mozilla/5.0 (compatible; 008/0.83; http://www.80legs.com/webcrawler.html;) Gecko/2008032620"
79.173.84.130 - - [13/Jan/2013:23:46:00 +0100] "GET / HTTP/1.1" 200 2366 "-" "Mozilla/5.0 (compatible; 008/0.85; http://www.80legs.com/webcrawler.html) Gecko/2008032620"
79.173.84.130 - - [13/Jan/2013:23:46:01 +0100] "GET / HTTP/1.1" 200 2366 "-" "Mozilla/5.0 (compatible; 008/0.85; http://www.80legs.com/webcrawler.html) Gecko/2008032620"
79.173.84.130 - - [13/Jan/2013:23:46:03 +0100] "GET / HTTP/1.1" 200 2366 "-" "Mozilla/5.0 (compatible; 008/0.85; http://www.80legs.com/webcrawler.html) Gecko/2008032620"
94.231.190.194 - - [14/Jan/2013:00:01:40 +0100] "GET /robots.txt HTTP/1.1" 404 1256 "-" "Mozilla/5.0 (compatible; 008/0.83; http://www.80legs.com/webcrawler.html;) Gecko/2008032620"
94.231.190.194 - - [14/Jan/2013:00:01:40 +0100] "GET / HTTP/1.1" 200 2366 "-" "Mozilla/5.0 (compatible; 008/0.85; http://www.80legs.com/webcrawler.html) Gecko/2008032620"
94.231.190.194 - - [14/Jan/2013:00:01:41 +0100] "GET / HTTP/1.1" 200 2366 "-" "Mozilla/5.0 (compatible; 008/0.85; http://www.80legs.com/webcrawler.html) Gecko/2008032620"
94.231.190.194 - - [14/Jan/2013:00:01:43 +0100] "GET / HTTP/1.1" 200 2366 "-" "Mozilla/5.0 (compatible; 008/0.85; http://www.80legs.com/webcrawler.html) Gecko/2008032620"
141.8.147.1 - - [14/Jan/2013:00:10:14 +0100] "GET /09.html HTTP/1.1" 304 - "-" "Mozilla/5.0 (compatible; YandexBot/3.0; +http://yandex.com/bots)"
66.249.78.173 - - [14/Jan/2013:00:22:46 +0100] "GET /robots.txt HTTP/1.1" 404 1256 "-" "Mozilla/5.0 (compatible; Googlebot/2.1; +http://www.google.com/bot.html)"
66.249.78.173 - - [14/Jan/2013:00:22:46 +0100] "GET /03a.html HTTP/1.1" 200 1991 "-" "Mozilla/5.0 (compatible; Googlebot/2.1; +http://www.google.com/bot.html)"
141.8.147.1 - - [14/Jan/2013:00:24:40 +0100] "GET /03.html HTTP/1.1" 304 - "-" "Mozilla/5.0 (compatible; YandexBot/3.0; +http://yandex.com/bots)"
141.8.147.1 - - [14/Jan/2013:00:44:31 +0100] "GET /08.html HTTP/1.1" 304 - "-" "Mozilla/5.0 (compatible; YandexBot/3.0; +http://yandex.com/bots)"
141.8.147.1 - - [14/Jan/2013:00:48:49 +0100] "GET /02.swf HTTP/1.1" 304 - "-" "Mozilla/5.0 (compatible; YandexBot/3.0; +http://yandex.com/bots)"
46.118.118.106 - - [14/Jan/2013:00:53:39 +0100] "GET / HTTP/1.1" 200 2366 "http://monaxclan.oanime.ru/" "Mozilla/4.0 (compatible; MSIE 6.0; Windows NT 5.1; SV1)"
46.118.118.106 - - [14/Jan/2013:00:53:39 +0100] "GET / HTTP/1.1" 200 2366 "http://monaxclan.oanime.ru/" "Mozilla/4.0 (compatible; MSIE 6.0; Windows NT 5.1; SV1)"
46.118.118.106 - - [14/Jan/2013:00:53:55 +0100] "GET / HTTP/1.1" 200 2366 "http://cookingmeat.ru/pork/recipe03.html" "Mozilla/4.0 (compatible; MSIE 6.0; Windows NT 5.2; Win64; AMD64)"
46.118.118.106 - - [14/Jan/2013:00:53:56 +0100] "GET / HTTP/1.1" 200 2366 "http://cookingmeat.ru/pork/recipe03.html" "Mozilla/4.0 (compatible; MSIE 6.0; Windows NT 5.2; Win64; AMD64)"
141.8.147.1 - - [14/Jan/2013:00:58:31 +0100] "GET /01.swf HTTP/1.1" 304 - "-" "Mozilla/5.0 (compatible; YandexBot/3.0; +http://yandex.com/bots)"
141.8.147.1 - - [14/Jan/2013:01:00:11 +0100] "GET /05.swf HTTP/1.1" 304 - "-" "Mozilla/5.0 (compatible; YandexBot/3.0; +http://yandex.com/bots)"
157.55.33.111 - - [14/Jan/2013:01:34:54 +0100] "GET /robots.txt HTTP/1.1" 404 1256 "-" "Mozilla/5.0 (compatible; bingbot/2.0; +http://www.bing.com/bingbot.htm)"
157.55.33.111 - - [14/Jan/2013:01:36:44 +0100] "GET / HTTP/1.1" 200 2366 "-" "Mozilla/5.0 (compatible; bingbot/2.0; +http://www.bing.com/bingbot.htm)"
157.55.33.111 - - [14/Jan/2013:01:36:51 +0100] "GET / HTTP/1.1" 200 2366 "-" "Mozilla/5.0 (compatible; bingbot/2.0; +http://www.bing.com/bingbot.htm)"
178.137.129.249 - - [14/Jan/2013:01:48:37 +0100] "GET / HTTP/1.1" 200 2366 "http://calipso.ua/" "Mozilla/4.0 (compatible; MSIE 6.0; Windows NT 5.0; T312461)"
178.137.129.249 - - [14/Jan/2013:01:48:38 +0100] "GET / HTTP/1.1" 200 2366 "http://calipso.ua/" "Mozilla/4.0 (compatible; MSIE 6.0; Windows NT 5.0; T312461)"
66.249.78.173 - - [14/Jan/2013:02:12:30 +0100] "GET /00themen00.swf HTTP/1.1" 200 136579 "-" "Mozilla/5.0 (compatible; Googlebot/2.1; +http://www.google.com/bot.html)"
77.20.156.77 - - [14/Jan/2013:02:51:18 +0100] "GET /robots.txt HTTP/1.1" 404 1256 "-" "findlinks/2.0.2 (+http://wortschatz.uni-leipzig.de/findlinks/)"
141.8.147.1 - - [14/Jan/2013:03:02:36 +0100] "GET /robots.txt HTTP/1.1" 404 1256 "-" "Mozilla/5.0 (compatible; YandexBot/3.0; +http://yandex.com/bots)"
180.76.5.164 - - [14/Jan/2013:04:06:43 +0100] "GET / HTTP/1.1" 200 2366 "-" "Mozilla/5.0 (compatible; Baiduspider/2.0; +http://www.baidu.com/search/spider.html)"
65.55.24.219 - - [14/Jan/2013:04:35:54 +0100] "GET /robots.txt HTTP/1.1" 404 1256 "-" "Mozilla/5.0 (compatible; bingbot/2.0; +http://www.bing.com/bingbot.htm)"
141.8.147.1 - - [14/Jan/2013:04:43:57 +0100] "GET /00themen00.swf HTTP/1.1" 304 - "-" "Mozilla/5.0 (compatible; YandexBot/3.0; +http://yandex.com/bots)"
65.55.24.219 - - [14/Jan/2013:04:44:27 +0100] "GET /06.swf HTTP/1.1" 200 20731 "-" "Mozilla/5.0 (compatible; bingbot/2.0; +http://www.bing.com/bingbot.htm)"
123.125.71.111 - - [14/Jan/2013:05:21:32 +0100] "GET / HTTP/1.1" 200 2366 "-" "Mozilla/5.0 (compatible; Baiduspider/2.0; +http://www.baidu.com/search/spider.html)"
141.8.147.1 - - [14/Jan/2013:06:18:30 +0100] "GET /03a.swf HTTP/1.1" 304 - "-" "Mozilla/5.0 (compatible; YandexBot/3.0; +http://yandex.com/bots)"
66.249.78.187 - - [14/Jan/2013:06:51:17 +0100] "GET /robots.txt HTTP/1.1" 404 1256 "-" "Mozilla/5.0 (compatible; Googlebot/2.1; +http://www.google.com/bot.html)"
66.249.76.187 - - [14/Jan/2013:06:51:18 +0100] "GET /04Karteaaa.swf HTTP/1.1" 200 18538 "-" "Mozilla/5.0 (compatible; Googlebot/2.1; +http://www.google.com/bot.html)"
141.8.147.1 - - [14/Jan/2013:06:52:55 +0100] "GET /04.swf HTTP/1.1" 304 - "-" "Mozilla/5.0 (compatible; YandexBot/3.0; +http://yandex.com/bots)"
66.249.78.187 - - [14/Jan/2013:07:23:42 +0100] "GET /04Karteddd.swf HTTP/1.1" 200 33790 "-" "Mozilla/5.0 (compatible; Googlebot/2.1; +http://www.google.com/bot.html)"
66.249.78.187 - - [14/Jan/2013:07:32:21 +0100] "GET /04Karteccc.swf HTTP/1.1" 200 32338 "-" "Mozilla/5.0 (compatible; Googlebot/2.1; +http://www.google.com/bot.html)"
66.249.78.187 - - [14/Jan/2013:07:51:28 +0100] "GET /04Kartebbb.swf HTTP/1.1" 200 32635 "-" "Mozilla/5.0 (compatible; Googlebot/2.1; +http://www.google.com/bot.html)"
87.166.111.158 - - [14/Jan/2013:07:53:44 +0100] "GET / HTTP/1.1" 200 2366 "http://www.google.de/url?sa=t&rct=j&q=pforzheim%20dialyse&source=web&cd=1&ved=0CDMQFjAA&url=http%3A%2F%2Fwww.dialyse-calw.de%2F&ei=B6vzUO3OJ-XI4AS62oGoBg&usg=AFQjCNECMxQiO0NOt3ERqW1uzT1RIToCeg&bvm=bv.1357700187,d.bGE" "Mozilla/5.0 (Macintosh; Intel Mac OS X 10_7_5) AppleWebKit/536.25 (KHTML, like Gecko) Version/6.0 Safari/536.25"
87.166.111.158 - - [14/Jan/2013:07:53:46 +0100] "GET /00start.swf HTTP/1.1" 200 8575 "http://www.dialyse-calw.de/" "Mozilla/5.0 (Macintosh; Intel Mac OS X 10_7_5) AppleWebKit/536.25 (KHTML, like Gecko) Version/6.0 Safari/536.25"
87.166.111.158 - - [14/Jan/2013:07:53:48 +0100] "GET /00themen00.html HTTP/1.1" 200 2254 "http://www.dialyse-calw.de/" "Mozilla/5.0 (Macintosh; Intel Mac OS X 10_7_5) AppleWebKit/536.25 (KHTML, like Gecko) Version/6.0 Safari/536.25"
87.166.111.158 - - [14/Jan/2013:07:53:49 +0100] "GET /AC_RunActiveContent.js HTTP/1.1" 200 8029 "http://www.dialyse-calw.de/00themen00.html" "Mozilla/5.0 (Macintosh; Intel Mac OS X 10_7_5) AppleWebKit/536.25 (KHTML, like Gecko) Version/6.0 Safari/536.25"
87.166.111.158 - - [14/Jan/2013:07:53:49 +0100] "GET /00themen00.swf HTTP/1.1" 200 136579 "http://www.dialyse-calw.de/00themen00.html" "Mozilla/5.0 (Macintosh; Intel Mac OS X 10_7_5) AppleWebKit/536.25 (KHTML, like Gecko) Version/6.0 Safari/536.25"
87.166.111.158 - - [14/Jan/2013:07:53:52 +0100] "GET /03.html HTTP/1.1" 200 1982 "http://www.dialyse-calw.de/00themen00.html" "Mozilla/5.0 (Macintosh; Intel Mac OS X 10_7_5) AppleWebKit/536.25 (KHTML, like Gecko) Version/6.0 Safari/536.25"
87.166.111.158 - - [14/Jan/2013:07:53:52 +0100] "GET /03.swf HTTP/1.1" 200 74505 "http://www.dialyse-calw.de/03.html" "Mozilla/5.0 (Macintosh; Intel Mac OS X 10_7_5) AppleWebKit/536.25 (KHTML, like Gecko) Version/6.0 Safari/536.25"
66.249.78.173 - - [14/Jan/2013:08:01:03 +0100] "GET /04.swf HTTP/1.1" 200 62769 "-" "Mozilla/5.0 (compatible; Googlebot/2.1; +http://www.google.com/bot.html)"
66.249.76.187 - - [14/Jan/2013:08:03:44 +0100] "GET /07.html HTTP/1.1" 200 2319 "-" "DoCoMo/2.0 N905i(c100;TB;W24H16) (compatible; Googlebot-Mobile/2.1; +http://www.google.com/bot.html)"
66.249.78.173 - - [14/Jan/2013:08:20:53 +0100] "GET /01.swf HTTP/1.1" 200 19349 "-" "Mozilla/5.0 (compatible; Googlebot/2.1; +http://www.google.com/bot.html)"
141.8.147.1 - - [14/Jan/2013:08:23:19 +0100] "GET / HTTP/1.1" 200 2366 "-" "Mozilla/5.0 (compatible; YandexBot/3.0; +http://yandex.com/bots)"
141.8.147.1 - - [14/Jan/2013:08:23:58 +0100] "GET /09a.html HTTP/1.1" 304 - "-" "Mozilla/5.0 (compatible; YandexBot/3.0; +http://yandex.com/bots)"
141.8.147.1 - - [14/Jan/2013:08:24:00 +0100] "GET /00start.swf HTTP/1.1" 200 8575 "-" "Mozilla/5.0 (compatible; YandexBot/3.0; +http://yandex.com/bots)"
66.249.76.173 - - [14/Jan/2013:08:39:59 +0100] "GET /03.swf HTTP/1.1" 200 74505 "-" "Mozilla/5.0 (compatible; Googlebot/2.1; +http://www.google.com/bot.html)"
66.249.78.173 - - [14/Jan/2013:08:51:35 +0100] "GET /08.swf HTTP/1.1" 200 20405 "-" "Mozilla/5.0 (compatible; Googlebot/2.1; +http://www.google.com/bot.html)"
87.166.111.158 - - [14/Jan/2013:08:53:01 +0100] "GET /04.html HTTP/1.1" 200 2106 "http://www.dialyse-calw.de/00themen00.html" "Mozilla/5.0 (Macintosh; Intel Mac OS X 10_7_5) AppleWebKit/536.25 (KHTML, like Gecko) Version/6.0 Safari/536.25"
87.166.111.158 - - [14/Jan/2013:08:53:01 +0100] "GET /04.swf HTTP/1.1" 200 62769 "http://www.dialyse-calw.de/04.html" "Mozilla/5.0 (Macintosh; Intel Mac OS X 10_7_5) AppleWebKit/536.25 (KHTML, like Gecko) Version/6.0 Safari/536.25"
87.166.111.158 - - [14/Jan/2013:08:53:05 +0100] "GET /04Karteaaa.html HTTP/1.1" 200 2077 "http://www.dialyse-calw.de/04.html" "Mozilla/5.0 (Macintosh; Intel Mac OS X 10_7_5) AppleWebKit/536.25 (KHTML, like Gecko) Version/6.0 Safari/536.25"
87.166.111.158 - - [14/Jan/2013:08:53:05 +0100] "GET /04Karteaaa.swf HTTP/1.1" 200 18538 "http://www.dialyse-calw.de/04Karteaaa.html" "Mozilla/5.0 (Macintosh; Intel Mac OS X 10_7_5) AppleWebKit/536.25 (KHTML, like Gecko) Version/6.0 Safari/536.25"
87.166.111.158 - - [14/Jan/2013:08:53:19 +0100] "GET /04Kartebbb.html HTTP/1.1" 200 2077 "http://www.dialyse-calw.de/04.html" "Mozilla/5.0 (Macintosh; Intel Mac OS X 10_7_5) AppleWebKit/536.25 (KHTML, like Gecko) Version/6.0 Safari/536.25"
87.166.111.158 - - [14/Jan/2013:08:53:19 +0100] "GET /04Kartebbb.swf HTTP/1.1" 200 32635 "http://www.dialyse-calw.de/04Kartebbb.html" "Mozilla/5.0 (Macintosh; Intel Mac OS X 10_7_5) AppleWebKit/536.25 (KHTML, like Gecko) Version/6.0 Safari/536.25"
87.166.111.158 - - [14/Jan/2013:08:53:29 +0100] "GET /04Karteccc.html HTTP/1.1" 200 2077 "http://www.dialyse-calw.de/04.html" "Mozilla/5.0 (Macintosh; Intel Mac OS X 10_7_5) AppleWebKit/536.25 (KHTML, like Gecko) Version/6.0 Safari/536.25"
87.166.111.158 - - [14/Jan/2013:08:53:29 +0100] "GET /04Karteccc.swf HTTP/1.1" 200 32338 "http://www.dialyse-calw.de/04Karteccc.html" "Mozilla/5.0 (Macintosh; Intel Mac OS X 10_7_5) AppleWebKit/536.25 (KHTML, like Gecko) Version/6.0 Safari/536.25"
87.166.111.158 - - [14/Jan/2013:08:53:38 +0100] "GET /04Karteddd.html HTTP/1.1" 200 2077 "http://www.dialyse-calw.de/04.html" "Mozilla/5.0 (Macintosh; Intel Mac OS X 10_7_5) AppleWebKit/536.25 (KHTML, like Gecko) Version/6.0 Safari/536.25"
87.166.111.158 - - [14/Jan/2013:08:53:38 +0100] "GET /04Karteddd.swf HTTP/1.1" 200 33790 "http://www.dialyse-calw.de/04Karteddd.html" "Mozilla/5.0 (Macintosh; Intel Mac OS X 10_7_5) AppleWebKit/536.25 (KHTML, like Gecko) Version/6.0 Safari/536.25"
66.249.76.173 - - [14/Jan/2013:09:10:38 +0100] "GET /09.swf HTTP/1.1" 200 23096 "-" "Mozilla/5.0 (compatible; Googlebot/2.1; +http://www.google.com/bot.html)"
66.249.78.36 - - [14/Jan/2013:09:26:02 +0100] "GET /robots.txt HTTP/1.1" 404 1256 "-" "Mozilla/5.0 (compatible; Googlebot/2.1; +http://www.google.com/bot.html)"
66.249.76.36 - - [14/Jan/2013:09:26:03 +0100] "GET /07.html HTTP/1.1" 200 2319 "-" "DoCoMo/2.0 N905i(c100;TB;W24H16) (compatible; Googlebot-Mobile/2.1; +http://www.google.com/bot.html)"
66.249.78.187 - - [14/Jan/2013:09:31:04 +0100] "GET /05.html HTTP/1.1" 200 1982 "-" "SAMSUNG-SGH-E250/1.0 Profile/MIDP-2.0 Configuration/CLDC-1.1 UP.Browser/6.2.3.3.c.1.101 (GUI) MMP/2.0 (compatible; Googlebot-Mobile/2.1; +http://www.google.com/bot.html)"
66.249.76.173 - - [14/Jan/2013:09:31:36 +0100] "GET /07.swf HTTP/1.1" 200 20730 "-" "Mozilla/5.0 (compatible; Googlebot/2.1; +http://www.google.com/bot.html)"
92.249.127.111 - - [14/Jan/2013:09:39:54 +0100] "GET / HTTP/1.1" 200 2366 "http://proworlds.clanbb.ru/" "Mozilla/5.0 (compatible; news bot /2.1)"
92.249.127.111 - - [14/Jan/2013:09:39:55 +0100] "GET / HTTP/1.1" 200 2366 "http://proworlds.clanbb.ru/" "Mozilla/5.0 (compatible; news bot /2.1)"
91.223.75.117 - - [14/Jan/2013:09:50:12 +0100] "GET / HTTP/1.1" 200 2366 "http://mrcry.ru/" "Mozilla/4.0 (compatible; MSIE 5.5; Windows 95; BCD2000)"
91.223.75.117 - - [14/Jan/2013:09:50:12 +0100] "GET / HTTP/1.1" 200 2366 "http://mrcry.ru/" "Mozilla/4.0 (compatible; MSIE 5.5; Windows 95; BCD2000)"
46.115.23.6 - - [14/Jan/2013:09:52:22 +0100] "GET / HTTP/1.1" 200 2366 "http://www.siloah.de/cms/siloah_27.html" "Mozilla/4.0 (compatible; MSIE 8.0; Windows NT 6.1; Win64; x64; Trident/4.0; .NET CLR 2.0.50727; SLCC2; .NET CLR 3.5.30729; .NET CLR 3.0.30729; Media Center PC 6.0; .NET4.0C)"
46.115.23.6 - - [14/Jan/2013:09:52:23 +0100] "GET /00start.swf HTTP/1.1" 200 8575 "-" "contype"
46.115.23.6 - - [14/Jan/2013:09:52:23 +0100] "GET /00start.swf HTTP/1.1" 200 8575 "http://www.dialyse-calw.de/" "Mozilla/4.0 (compatible; MSIE 8.0; Windows NT 6.1; Win64; x64; Trident/4.0; .NET CLR 2.0.50727; SLCC2; .NET CLR 3.5.30729; .NET CLR 3.0.30729; Media Center PC 6.0; .NET4.0C)"
46.115.23.6 - - [14/Jan/2013:09:52:28 +0100] "GET /favicon.ico HTTP/1.1" 404 1256 "-" "Mozilla/4.0 (compatible; MSIE 8.0; Windows NT 6.1; Win64; x64; Trident/4.0; .NET CLR 2.0.50727; SLCC2; .NET CLR 3.5.30729; .NET CLR 3.0.30729; Media Center PC 6.0; .NET4.0C)"
46.115.23.6 - - [14/Jan/2013:09:52:32 +0100] "GET /00themen00.html HTTP/1.1" 200 2254 "http://www.dialyse-calw.de/00start.swf" "Mozilla/4.0 (compatible; MSIE 8.0; Windows NT 6.1; Win64; x64; Trident/4.0; .NET CLR 2.0.50727; SLCC2; .NET CLR 3.5.30729; .NET CLR 3.0.30729; Media Center PC 6.0; .NET4.0C)"
46.115.23.6 - - [14/Jan/2013:09:52:32 +0100] "GET /AC_RunActiveContent.js HTTP/1.1" 200 8029 "http://www.dialyse-calw.de/00start.swf" "Mozilla/4.0 (compatible; MSIE 8.0; Windows NT 6.1; Win64; x64; Trident/4.0; .NET CLR 2.0.50727; SLCC2; .NET CLR 3.5.30729; .NET CLR 3.0.30729; Media Center PC 6.0; .NET4.0C)"
46.115.23.6 - - [14/Jan/2013:09:52:33 +0100] "GET /00themen00.swf HTTP/1.1" 200 136579 "http://www.dialyse-calw.de/00themen00.html" "Mozilla/4.0 (compatible; MSIE 8.0; Windows NT 6.1; Win64; x64; Trident/4.0; .NET CLR 2.0.50727; SLCC2; .NET CLR 3.5.30729; .NET CLR 3.0.30729; Media Center PC 6.0; .NET4.0C)"
46.115.23.6 - - [14/Jan/2013:09:52:40 +0100] "GET /favicon.ico HTTP/1.1" 404 1256 "-" "Mozilla/4.0 (compatible; MSIE 8.0; Windows NT 6.1; Win64; x64; Trident/4.0; .NET CLR 2.0.50727; SLCC2; .NET CLR 3.5.30729; .NET CLR 3.0.30729; Media Center PC 6.0; .NET4.0C)"
46.115.23.6 - - [14/Jan/2013:09:52:51 +0100] "GET /03a.html HTTP/1.1" 200 1991 "http://www.dialyse-calw.de/00themen00.swf" "Mozilla/4.0 (compatible; MSIE 8.0; Windows NT 6.1; Win64; x64; Trident/4.0; .NET CLR 2.0.50727; SLCC2; .NET CLR 3.5.30729; .NET CLR 3.0.30729; Media Center PC 6.0; .NET4.0C)"
46.115.23.6 - - [14/Jan/2013:09:52:52 +0100] "GET /03a.swf HTTP/1.1" 200 94997 "http://www.dialyse-calw.de/03a.html" "Mozilla/4.0 (compatible; MSIE 8.0; Windows NT 6.1; Win64; x64; Trident/4.0; .NET CLR 2.0.50727; SLCC2; .NET CLR 3.5.30729; .NET CLR 3.0.30729; Media Center PC 6.0; .NET4.0C)"
46.115.23.6 - - [14/Jan/2013:09:53:13 +0100] "GET /06.html HTTP/1.1" 200 2278 "http://www.dialyse-calw.de/00themen00.swf" "Mozilla/4.0 (compatible; MSIE 8.0; Windows NT 6.1; Win64; x64; Trident/4.0; .NET CLR 2.0.50727; SLCC2; .NET CLR 3.5.30729; .NET CLR 3.0.30729; Media Center PC 6.0; .NET4.0C)"
46.115.23.6 - - [14/Jan/2013:09:53:13 +0100] "GET /06.swf HTTP/1.1" 200 20731 "http://www.dialyse-calw.de/06.html" "Mozilla/4.0 (compatible; MSIE 8.0; Windows NT 6.1; Win64; x64; Trident/4.0; .NET CLR 2.0.50727; SLCC2; .NET CLR 3.5.30729; .NET CLR 3.0.30729; Media Center PC 6.0; .NET4.0C)"
46.115.23.6 - - [14/Jan/2013:09:55:01 +0100] "GET / HTTP/1.1" 304 - "http://www.siloah.de/content.php" "Mozilla/4.0 (compatible; MSIE 8.0; Windows NT 6.1; Win64; x64; Trident/4.0; .NET CLR 2.0.50727; SLCC2; .NET CLR 3.5.30729; .NET CLR 3.0.30729; Media Center PC 6.0; .NET4.0C)"
46.115.23.6 - - [14/Jan/2013:09:55:01 +0100] "GET /00start.swf HTTP/1.1" 304 - "-" "contype"
66.249.78.173 - - [14/Jan/2013:10:01:50 +0100] "GET /05.swf HTTP/1.1" 200 58083 "-" "Mozilla/5.0 (compatible; Googlebot/2.1; +http://www.google.com/bot.html)"
141.8.147.1 - - [14/Jan/2013:10:02:43 +0100] "GET /04Karteddd.html HTTP/1.1" 304 - "-" "Mozilla/5.0 (compatible; YandexBot/3.0; +http://yandex.com/bots)"
66.249.78.173 - - [14/Jan/2013:10:21:06 +0100] "GET /02.swf HTTP/1.1" 200 22781 "-" "Mozilla/5.0 (compatible; Googlebot/2.1; +http://www.google.com/bot.html)"
66.249.78.173 - - [14/Jan/2013:10:41:11 +0100] "GET /03a.swf HTTP/1.1" 200 94997 "-" "Mozilla/5.0 (compatible; Googlebot/2.1; +http://www.google.com/bot.html)"
115.236.51.187 - - [14/Jan/2013:10:44:31 +0100] "GET / HTTP/1.1" 200 2366 "www.google.com" "Explore 6.0"
66.249.76.36 - - [14/Jan/2013:10:50:02 +0100] "GET /05.html HTTP/1.1" 200 1982 "-" "SAMSUNG-SGH-E250/1.0 Profile/MIDP-2.0 Configuration/CLDC-1.1 UP.Browser/6.2.3.3.c.1.101 (GUI) MMP/2.0 (compatible; Googlebot-Mobile/2.1; +http://www.google.com/bot.html)"
66.249.76.173 - - [14/Jan/2013:11:02:33 +0100] "GET /09a.html HTTP/1.1" 200 2059 "-" "Mozilla/5.0 (compatible; Googlebot/2.1; +http://www.google.com/bot.html)"
157.55.33.14 - - [14/Jan/2013:11:11:02 +0100] "GET /robots.txt HTTP/1.1" 404 1256 "-" "Mozilla/5.0 (compatible; bingbot/2.0; +http://www.bing.com/bingbot.htm)"
157.55.33.14 - - [14/Jan/2013:11:13:18 +0100] "GET / HTTP/1.1" 304 - "-" "Mozilla/5.0 (compatible; bingbot/2.0; +http://www.bing.com/bingbot.htm)"
91.47.34.3 - - [14/Jan/2013:11:27:58 +0100] "GET / HTTP/1.1" 200 2366 "http://www.siloah.de/cms/siloah/startseite/anfahrt_37.html" "Mozilla/5.0 (Windows NT 6.1; WOW64) AppleWebKit/537.11 (KHTML, like Gecko) Chrome/23.0.1271.97 Safari/537.11"
91.47.34.3 - - [14/Jan/2013:11:27:58 +0100] "GET /00start.swf HTTP/1.1" 200 8575 "http://www.dialyse-calw.de/" "Mozilla/5.0 (Windows NT 6.1; WOW64) AppleWebKit/537.11 (KHTML, like Gecko) Chrome/23.0.1271.97 Safari/537.11"
91.47.34.3 - - [14/Jan/2013:11:28:00 +0100] "GET /favicon.ico HTTP/1.1" 404 1256 "-" "Mozilla/5.0 (Windows NT 6.1; WOW64) AppleWebKit/537.11 (KHTML, like Gecko) Chrome/23.0.1271.97 Safari/537.11"
141.8.147.1 - - [14/Jan/2013:11:28:48 +0100] "GET /07.swf HTTP/1.1" 304 - "-" "Mozilla/5.0 (compatible; YandexBot/3.0; +http://yandex.com/bots)"
217.5.248.104 - - [14/Jan/2013:11:35:54 +0100] "GET / HTTP/1.1" 200 2366 "http://www.google.de/url?sa=t&rct=j&q=dialyse%20pforzheim&source=web&cd=1&ved=0CDAQFjAA&url=http%3A%2F%2Fwww.dialyse-calw.de%2F&ei=-97zUIaaCsTJsgb9tIGQBg&usg=AFQjCNECMxQiO0NOt3ERqW1uzT1RIToCeg" "Mozilla/5.0 (Windows NT 6.1; rv:18.0) Gecko/20100101 Firefox/18.0"
217.5.248.104 - - [14/Jan/2013:11:35:54 +0100] "GET /00start.swf HTTP/1.1" 200 8575 "http://www.dialyse-calw.de/" "Mozilla/5.0 (Windows NT 6.1; rv:18.0) Gecko/20100101 Firefox/18.0"
217.5.248.104 - - [14/Jan/2013:11:35:55 +0100] "GET /favicon.ico HTTP/1.1" 404 1256 "-" "Mozilla/5.0 (Windows NT 6.1; rv:18.0) Gecko/20100101 Firefox/18.0"
217.5.248.104 - - [14/Jan/2013:11:35:55 +0100] "GET /favicon.ico HTTP/1.1" 404 1256 "-" "Mozilla/5.0 (Windows NT 6.1; rv:18.0) Gecko/20100101 Firefox/18.0"
157.55.35.37 - - [14/Jan/2013:11:47:12 +0100] "GET /robots.txt HTTP/1.1" 404 1256 "-" "Mozilla/5.0 (compatible; bingbot/2.0; +http://www.bing.com/bingbot.htm)"
157.55.35.37 - - [14/Jan/2013:11:49:18 +0100] "GET /04Karteccc.html HTTP/1.1" 200 2077 "-" "Mozilla/5.0 (compatible; bingbot/2.0; +http://www.bing.com/bingbot.htm)"
157.55.35.37 - - [14/Jan/2013:11:49:18 +0100] "GET /08.html HTTP/1.1" 200 2005 "-" "Mozilla/5.0 (compatible; bingbot/2.0; +http://www.bing.com/bingbot.htm)"
157.55.35.37 - - [14/Jan/2013:11:49:31 +0100] "GET /04Karteddd.html HTTP/1.1" 200 2077 "-" "Mozilla/5.0 (compatible; bingbot/2.0; +http://www.bing.com/bingbot.htm)"
157.55.32.61 - - [14/Jan/2013:11:50:15 +0100] "GET /07.html HTTP/1.1" 200 2319 "-" "Mozilla/5.0 (compatible; bingbot/2.0; +http://www.bing.com/bingbot.htm)"
157.55.32.61 - - [14/Jan/2013:11:50:28 +0100] "GET /04Kartebbb.html HTTP/1.1" 200 2077 "-" "Mozilla/5.0 (compatible; bingbot/2.0; +http://www.bing.com/bingbot.htm)"
141.8.147.1 - - [14/Jan/2013:11:57:08 +0100] "GET /08.swf HTTP/1.1" 304 - "-" "Mozilla/5.0 (compatible; YandexBot/3.0; +http://yandex.com/bots)"
157.55.33.111 - - [14/Jan/2013:12:03:17 +0100] "GET /02.html HTTP/1.1" 200 1982 "-" "Mozilla/5.0 (compatible; bingbot/2.0; +http://www.bing.com/bingbot.htm)"
157.55.33.111 - - [14/Jan/2013:12:03:19 +0100] "GET /06.html HTTP/1.1" 200 2278 "-" "Mozilla/5.0 (compatible; bingbot/2.0; +http://www.bing.com/bingbot.htm)"
157.55.33.111 - - [14/Jan/2013:12:03:20 +0100] "GET / HTTP/1.1" 200 2366 "-" "Mozilla/5.0 (compatible; bingbot/2.0; +http://www.bing.com/bingbot.htm)"
157.56.93.192 - - [14/Jan/2013:12:25:17 +0100] "GET /04Karteaaa.html HTTP/1.1" 200 2077 "-" "Mozilla/5.0 (compatible; bingbot/2.0; +http://www.bing.com/bingbot.htm)"
157.55.33.17 - - [14/Jan/2013:12:27:21 +0100] "GET /05.html HTTP/1.1" 200 1982 "-" "Mozilla/5.0 (compatible; bingbot/2.0; +http://www.bing.com/bingbot.htm)"
157.55.32.154 - - [14/Jan/2013:12:30:27 +0100] "GET /robots.txt HTTP/1.1" 404 1256 "-" "Mozilla/5.0 (compatible; bingbot/2.0; +http://www.bing.com/bingbot.htm)"
157.55.32.154 - - [14/Jan/2013:12:34:23 +0100] "GET / HTTP/1.1" 200 2366 "-" "Mozilla/5.0 (compatible; bingbot/2.0; +http://www.bing.com/bingbot.htm)"
109.47.247.22 - - [14/Jan/2013:12:46:31 +0100] "GET / HTTP/1.1" 200 2366 "http://siloah.de/cms/diakonissenverein/impressum_23.html" "Mozilla/5.0 (Windows NT 6.1; WOW64; rv:9.0.1) Gecko/20100101 Firefox/9.0.1"
109.47.247.22 - - [14/Jan/2013:12:46:32 +0100] "GET /00start.swf HTTP/1.1" 200 8575 "http://www.dialyse-calw.de/" "Mozilla/5.0 (Windows NT 6.1; WOW64; rv:9.0.1) Gecko/20100101 Firefox/9.0.1"
109.47.247.22 - - [14/Jan/2013:12:46:33 +0100] "GET /favicon.ico HTTP/1.1" 404 1256 "-" "Mozilla/5.0 (Windows NT 6.1; WOW64; rv:9.0.1) Gecko/20100101 Firefox/9.0.1"
109.47.247.22 - - [14/Jan/2013:12:46:33 +0100] "GET /favicon.ico HTTP/1.1" 404 1256 "-" "Mozilla/5.0 (Windows NT 6.1; WOW64; rv:9.0.1) Gecko/20100101 Firefox/9.0.1"
109.47.247.22 - - [14/Jan/2013:12:46:33 +0100] "GET /favicon.ico HTTP/1.1" 404 1256 "-" "Mozilla/5.0 (Windows NT 6.1; WOW64; rv:9.0.1) Gecko/20100101 Firefox/9.0.1"
157.55.33.111 - - [14/Jan/2013:13:13:42 +0100] "GET /robots.txt HTTP/1.1" 404 1256 "-" "Mozilla/5.0 (compatible; bingbot/2.0; +http://www.bing.com/bingbot.htm)"
157.55.33.111 - - [14/Jan/2013:13:16:20 +0100] "GET / HTTP/1.1" 200 2366 "-" "Mozilla/5.0 (compatible; bingbot/2.0; +http://www.bing.com/bingbot.htm)"
91.223.75.117 - - [14/Jan/2013:13:37:47 +0100] "GET / HTTP/1.1" 200 2366 "http://fermersovet.ru/vyrashchivaniye-ogurtsov.php" "Opera/7.54 (Windows NT 5.1; U) [pl]"
91.223.75.117 - - [14/Jan/2013:13:37:48 +0100] "GET / HTTP/1.1" 200 2366 "http://fermersovet.ru/vyrashchivaniye-ogurtsov.php" "Opera/7.54 (Windows NT 5.1; U) [pl]"
176.9.36.67 - - [14/Jan/2013:14:02:58 +0100] "GET /robots.txt HTTP/1.0" 404 1256 "-" "Mozilla/5.0 (compatible; MJ12bot/v1.4.3; http://www.majestic12.co.uk/bot.php?+)"
176.9.36.67 - - [14/Jan/2013:14:03:00 +0100] "GET / HTTP/1.0" 200 2366 "-" "Mozilla/5.0 (compatible; MJ12bot/v1.4.3; http://www.majestic12.co.uk/bot.php?+)"
178.137.129.249 - - [14/Jan/2013:14:03:25 +0100] "GET / HTTP/1.1" 200 2366 "http://carsfires.ru/" "Mozilla/4.0 (compatible; MSIE 5.5; Windows NT 5.0)"
178.137.129.249 - - [14/Jan/2013:14:03:26 +0100] "GET / HTTP/1.1" 200 2366 "http://carsfires.ru/" "Mozilla/4.0 (compatible; MSIE 5.5; Windows NT 5.0)"
95.108.150.235 - - [14/Jan/2013:14:41:25 +0100] "GET /robots.txt HTTP/1.1" 404 1256 "-" "Mozilla/5.0 (compatible; YandexBot/3.0; +http://yandex.com/bots)"
95.108.150.235 - - [14/Jan/2013:14:41:25 +0100] "GET /robots.txt HTTP/1.1" 404 1256 "-" "Mozilla/5.0 (compatible; YandexBot/3.0; +http://yandex.com/bots)"
95.108.150.235 - - [14/Jan/2013:14:41:25 +0100] "GET / HTTP/1.1" 200 2366 "-" "Mozilla/5.0 (compatible; YandexBot/3.0; +http://yandex.com/bots)"
95.108.150.235 - - [14/Jan/2013:14:41:26 +0100] "GET / HTTP/1.1" 200 2366 "-" "Mozilla/5.0 (compatible; YandexBot/3.0; +http://yandex.com/bots)"
95.108.150.235 - - [14/Jan/2013:14:41:26 +0100] "GET / HTTP/1.1" 200 2366 "-" "Mozilla/5.0 (compatible; YandexBot/3.0; +http://yandex.com/bots)"
95.108.150.235 - - [14/Jan/2013:14:41:27 +0100] "GET / HTTP/1.1" 200 2366 "-" "Mozilla/5.0 (compatible; YandexBot/3.0; +http://yandex.com/bots)"
