134.2.188.3 - - [10/Jan/2013:13:12:38 +0100] "GET /03.html HTTP/1.1" 200 1982 "http://www.dialyse-pforzheim.de/00themen00.html" "Mozilla/5.0 (Windows NT 5.1; rv:16.0) Gecko/20100101 Firefox/16.0"
134.2.188.3 - - [10/Jan/2013:13:12:38 +0100] "GET /03.swf HTTP/1.1" 304 - "http://www.dialyse-pforzheim.de/03.html" "Mozilla/5.0 (Windows NT 5.1; rv:16.0) Gecko/20100101 Firefox/16.0"
199.19.249.196 - - [10/Jan/2013:13:12:49 +0100] "GET /01.html HTTP/1.1" 200 1982 "-" "Mozilla/4.0 (compatible; MSIE 7.0; Windows NT 5.1; InfoPath.1; .NET CLR 2.0.50727; .NET CLR 1.1.4322; MS-RTC LM 8; .NET CLR 3.0.4506.2152; .NET CLR 3.5.30729)"
134.2.188.3 - - [10/Jan/2013:13:12:49 +0100] "GET /01.html HTTP/1.1" 200 1982 "http://www.dialyse-pforzheim.de/00themen00.html" "Mozilla/5.0 (Windows NT 5.1; rv:16.0) Gecko/20100101 Firefox/16.0"
134.2.188.3 - - [10/Jan/2013:13:12:49 +0100] "GET /01.swf HTTP/1.1" 200 19349 "http://www.dialyse-pforzheim.de/01.html" "Mozilla/5.0 (Windows NT 5.1; rv:16.0) Gecko/20100101 Firefox/16.0"
199.19.249.196 - - [10/Jan/2013:13:12:55 +0100] "GET /07.html HTTP/1.1" 200 2319 "-" "Mozilla/4.0 (compatible; MSIE 7.0; Windows NT 5.1; InfoPath.1; .NET CLR 2.0.50727; .NET CLR 1.1.4322; MS-RTC LM 8; .NET CLR 3.0.4506.2152; .NET CLR 3.5.30729)"
134.2.188.3 - - [10/Jan/2013:13:12:55 +0100] "GET /07.html HTTP/1.1" 200 2319 "http://www.dialyse-pforzheim.de/00themen00.html" "Mozilla/5.0 (Windows NT 5.1; rv:16.0) Gecko/20100101 Firefox/16.0"
134.2.188.3 - - [10/Jan/2013:13:12:55 +0100] "GET /07.swf HTTP/1.1" 200 20730 "http://www.dialyse-pforzheim.de/07.html" "Mozilla/5.0 (Windows NT 5.1; rv:16.0) Gecko/20100101 Firefox/16.0"
199.19.249.196 - - [10/Jan/2013:13:13:03 +0100] "GET /08.html HTTP/1.1" 200 2005 "-" "Mozilla/4.0 (compatible; MSIE 7.0; Windows NT 5.1; InfoPath.1; .NET CLR 2.0.50727; .NET CLR 1.1.4322; MS-RTC LM 8; .NET CLR 3.0.4506.2152; .NET CLR 3.5.30729)"
134.2.188.3 - - [10/Jan/2013:13:13:03 +0100] "GET /08.html HTTP/1.1" 304 - "http://www.dialyse-pforzheim.de/00themen00.html" "Mozilla/5.0 (Windows NT 5.1; rv:16.0) Gecko/20100101 Firefox/16.0"
134.2.188.3 - - [10/Jan/2013:13:13:03 +0100] "GET /08.swf HTTP/1.1" 304 - "http://www.dialyse-pforzheim.de/08.html" "Mozilla/5.0 (Windows NT 5.1; rv:16.0) Gecko/20100101 Firefox/16.0"
184.73.55.214 - - [10/Jan/2013:13:36:52 +0100] "GET / HTTP/1.0" 200 2366 "http://www.go-profitclicking.com" "-"
130.83.167.153 - - [10/Jan/2013:14:04:56 +0100] "GET / HTTP/1.1" 200 2366 "-" "findlinks/2.6 (+http://wortschatz.uni-leipzig.de/findlinks/)"
66.249.78.36 - - [10/Jan/2013:14:23:18 +0100] "GET / HTTP/1.1" 200 2366 "-" "Mozilla/5.0 (compatible; Googlebot/2.1; +http://www.google.com/bot.html)"
157.55.32.154 - - [10/Jan/2013:14:44:40 +0100] "GET /robots.txt HTTP/1.1" 404 1256 "-" "Mozilla/5.0 (compatible; bingbot/2.0; +http://www.bing.com/bingbot.htm)"
157.55.32.154 - - [10/Jan/2013:14:46:33 +0100] "GET / HTTP/1.1" 304 - "-" "Mozilla/5.0 (compatible; bingbot/2.0; +http://www.bing.com/bingbot.htm)"
109.120.157.179 - - [10/Jan/2013:15:35:53 +0100] "GET / HTTP/1.1" 200 2366 "http://0va.ru/" "Mozilla/5.0 (compatible; Add Catalog/2.1;)"
109.120.157.179 - - [10/Jan/2013:15:35:54 +0100] "GET / HTTP/1.1" 200 2366 "http://0va.ru/" "Mozilla/5.0 (compatible; Add Catalog/2.1;)"
54.243.1.44 - - [10/Jan/2013:15:44:52 +0100] "GET / HTTP/1.0" 200 2366 "http://www.eatree.com" "Mozilla/5.0 (compatible; MSIE 9.0; Windows NT 6.1; Trident/5.0)"
141.8.147.1 - - [10/Jan/2013:15:49:54 +0100] "GET /04Kartebbb.swf HTTP/1.1" 304 - "-" "Mozilla/5.0 (compatible; YandexBot/3.0; +http://yandex.com/bots)"
157.56.93.193 - - [10/Jan/2013:16:01:01 +0100] "GET /robots.txt HTTP/1.1" 404 1256 "-" "Mozilla/5.0 (compatible; bingbot/2.0; +http://www.bing.com/bingbot.htm)"
157.56.93.193 - - [10/Jan/2013:16:02:28 +0100] "GET /04Karteccc.html HTTP/1.1" 200 2077 "-" "Mozilla/5.0 (compatible; bingbot/2.0; +http://www.bing.com/bingbot.htm)"
157.55.34.104 - - [10/Jan/2013:16:02:29 +0100] "GET /AC_RunActiveContent.js HTTP/1.1" 200 8029 "http://www.dialyse-calw.de/04Karteccc.html" "Mozilla/5.0 (Windows NT 6.1; WOW64) AppleWebKit/534+ (KHTML, like Gecko) BingPreview/1.0b"
157.55.34.104 - - [10/Jan/2013:16:02:29 +0100] "GET /04Karteccc.swf HTTP/1.1" 200 32338 "http://www.dialyse-calw.de/04Karteccc.swf" "Mozilla/5.0 (Windows NT 6.1; WOW64) AppleWebKit/534+ (KHTML, like Gecko) BingPreview/1.0b"
95.108.150.235 - - [10/Jan/2013:16:16:15 +0100] "GET /robots.txt HTTP/1.1" 404 1256 "-" "Mozilla/5.0 (compatible; YandexBot/3.0; +http://yandex.com/bots)"
95.108.150.235 - - [10/Jan/2013:16:16:15 +0100] "GET /robots.txt HTTP/1.1" 404 1256 "-" "Mozilla/5.0 (compatible; YandexBot/3.0; +http://yandex.com/bots)"
95.108.150.235 - - [10/Jan/2013:16:16:16 +0100] "GET / HTTP/1.1" 200 2366 "-" "Mozilla/5.0 (compatible; YandexBot/3.0; +http://yandex.com/bots)"
95.108.150.235 - - [10/Jan/2013:16:16:17 +0100] "GET / HTTP/1.1" 200 2366 "-" "Mozilla/5.0 (compatible; YandexBot/3.0; +http://yandex.com/bots)"
95.108.150.235 - - [10/Jan/2013:16:16:17 +0100] "GET / HTTP/1.1" 200 2366 "-" "Mozilla/5.0 (compatible; YandexBot/3.0; +http://yandex.com/bots)"
95.108.150.235 - - [10/Jan/2013:16:16:18 +0100] "GET /robots.txt HTTP/1.1" 404 1256 "-" "Mozilla/5.0 (compatible; YandexBot/3.0; +http://yandex.com/bots)"
95.108.150.235 - - [10/Jan/2013:16:16:18 +0100] "GET / HTTP/1.1" 200 2366 "-" "Mozilla/5.0 (compatible; YandexBot/3.0; +http://yandex.com/bots)"
95.108.150.235 - - [10/Jan/2013:16:16:20 +0100] "GET / HTTP/1.1" 200 2366 "-" "Mozilla/5.0 (compatible; YandexBot/3.0; +http://yandex.com/bots)"
95.108.150.235 - - [10/Jan/2013:16:16:21 +0100] "GET / HTTP/1.1" 200 2366 "-" "Mozilla/5.0 (compatible; YandexBot/3.0; +http://yandex.com/bots)"
157.55.32.110 - - [10/Jan/2013:16:21:58 +0100] "GET /04Karteccc.swf HTTP/1.1" 200 32338 "-" "Mozilla/5.0 (compatible; bingbot/2.0; +http://www.bing.com/bingbot.htm)"
178.77.126.55 - - [10/Jan/2013:16:25:56 +0100] "GET /robots.txt HTTP/1.1" 404 1256 "-" "Mozilla/5.0 (compatible; CareerBot/1.1; +http://www.career-x.de/bot.html)"
178.77.126.55 - - [10/Jan/2013:16:25:56 +0100] "GET / HTTP/1.1" 200 2366 "-" "Mozilla/5.0 (compatible; CareerBot/1.1; +http://www.career-x.de/bot.html)"
83.233.186.82 - - [10/Jan/2013:16:30:32 +0100] "GET / HTTP/1.1" 200 2366 "-" "Mozilla/4.0 (CMS Crawler: http://www.cmscrawler.com)"
178.77.126.55 - - [10/Jan/2013:16:33:06 +0100] "GET /robots.txt HTTP/1.1" 404 1256 "-" "Mozilla/5.0 (compatible; CareerBot/1.1; +http://www.career-x.de/bot.html)"
178.77.126.55 - - [10/Jan/2013:16:33:06 +0100] "GET / HTTP/1.1" 200 2366 "-" "Mozilla/5.0 (compatible; CareerBot/1.1; +http://www.career-x.de/bot.html)"
157.55.33.111 - - [10/Jan/2013:17:05:06 +0100] "GET /robots.txt HTTP/1.1" 404 1256 "-" "Mozilla/5.0 (compatible; bingbot/2.0; +http://www.bing.com/bingbot.htm)"
157.55.33.111 - - [10/Jan/2013:17:06:27 +0100] "GET / HTTP/1.1" 304 - "-" "Mozilla/5.0 (compatible; bingbot/2.0; +http://www.bing.com/bingbot.htm)"
178.63.76.218 - - [10/Jan/2013:19:24:01 +0100] "GET /robots.txt HTTP/1.0" 404 1256 "-" "Mozilla/5.0 (compatible; MJ12bot/v1.4.3; http://www.majestic12.co.uk/bot.php?+)"
178.63.76.218 - - [10/Jan/2013:19:24:02 +0100] "GET / HTTP/1.0" 200 2366 "-" "Mozilla/5.0 (compatible; MJ12bot/v1.4.3; http://www.majestic12.co.uk/bot.php?+)"
91.223.75.117 - - [10/Jan/2013:19:37:08 +0100] "GET / HTTP/1.1" 200 2366 "http://uafilmstop.net/" "Opera/9.00 (Windows NT 4.0; U; en)"
91.223.75.117 - - [10/Jan/2013:19:37:08 +0100] "GET / HTTP/1.1" 200 2366 "http://uafilmstop.net/" "Opera/9.00 (Windows NT 4.0; U; en)"
141.8.147.1 - - [10/Jan/2013:19:45:54 +0100] "GET / HTTP/1.1" 200 2366 "-" "Mozilla/5.0 (compatible; YandexBot/3.0; +http://yandex.com/bots)"
141.8.147.1 - - [10/Jan/2013:19:46:11 +0100] "GET /04Karteccc.swf HTTP/1.1" 304 - "-" "Mozilla/5.0 (compatible; YandexBot/3.0; +http://yandex.com/bots)"
141.8.147.1 - - [10/Jan/2013:19:46:13 +0100] "GET /00start.swf HTTP/1.1" 200 8575 "-" "Mozilla/5.0 (compatible; YandexBot/3.0; +http://yandex.com/bots)"
176.9.51.140 - - [10/Jan/2013:20:29:42 +0100] "GET /robots.txt HTTP/1.1" 404 1256 "-" "Mozilla/5.0 (compatible; SISTRIX Crawler; http://crawler.sistrix.net/)"
176.9.51.140 - - [10/Jan/2013:20:29:42 +0100] "GET / HTTP/1.1" 200 2366 "-" "Mozilla/5.0 (compatible; SISTRIX Crawler; http://crawler.sistrix.net/)"
176.9.51.140 - - [10/Jan/2013:20:29:46 +0100] "GET /robots.txt HTTP/1.1" 404 1256 "-" "Mozilla/5.0 (compatible; SISTRIX Crawler; http://crawler.sistrix.net/)"
176.9.51.140 - - [10/Jan/2013:20:29:46 +0100] "GET / HTTP/1.1" 200 2366 "-" "Mozilla/5.0 (compatible; SISTRIX Crawler; http://crawler.sistrix.net/)"
66.249.78.187 - - [10/Jan/2013:22:17:29 +0100] "GET /robots.txt HTTP/1.1" 404 1256 "-" "Mozilla/5.0 (compatible; Googlebot/2.1; +http://www.google.com/bot.html)"
66.249.75.187 - - [10/Jan/2013:22:17:29 +0100] "GET /03.html HTTP/1.1" 200 1982 "-" "DoCoMo/2.0 N905i(c100;TB;W24H16) (compatible; Googlebot-Mobile/2.1; +http://www.google.com/bot.html)"
157.55.32.154 - - [10/Jan/2013:22:46:04 +0100] "GET /robots.txt HTTP/1.1" 404 1256 "-" "Mozilla/5.0 (compatible; bingbot/2.0; +http://www.bing.com/bingbot.htm)"
157.55.32.154 - - [10/Jan/2013:22:48:11 +0100] "GET / HTTP/1.1" 200 2366 "-" "Mozilla/5.0 (compatible; bingbot/2.0; +http://www.bing.com/bingbot.htm)"
66.249.78.187 - - [11/Jan/2013:00:07:55 +0100] "GET /03.html HTTP/1.1" 200 1982 "-" "SAMSUNG-SGH-E250/1.0 Profile/MIDP-2.0 Configuration/CLDC-1.1 UP.Browser/6.2.3.3.c.1.101 (GUI) MMP/2.0 (compatible; Googlebot-Mobile/2.1; +http://www.google.com/bot.html)"
193.106.136.51 - - [11/Jan/2013:00:14:18 +0100] "GET / HTTP/1.1" 200 2366 "http://www.plentagos.com/" "Mozilla/4.0 (compatible; MSIE 5.5; Windows NT 4.0; .NET CLR 1.0.2914)"
193.106.136.51 - - [11/Jan/2013:00:14:18 +0100] "GET / HTTP/1.1" 200 2366 "http://www.plentagos.com/" "Mozilla/4.0 (compatible; MSIE 5.5; Windows NT 4.0; .NET CLR 1.0.2914)"
37.139.52.23 - - [11/Jan/2013:00:36:20 +0100] "GET / HTTP/1.1" 200 2366 "http://spacelande.net/news.php?readmore=95" "Mozilla/5.0 (Windows NT 5.1; U; en) Opera 8.00"
37.139.52.23 - - [11/Jan/2013:00:36:20 +0100] "GET / HTTP/1.1" 200 2366 "http://spacelande.net/news.php?readmore=95" "Mozilla/5.0 (Windows NT 5.1; U; en) Opera 8.00"
92.200.64.190 - - [11/Jan/2013:01:55:00 +0100] "GET / HTTP/1.1" 200 2366 "-" "Mozilla/5.0 (Windows NT 5.1; rv:9.0.1) Gecko/20100101 Firefox/9.0.1"
92.200.64.190 - - [11/Jan/2013:01:55:01 +0100] "GET /00start.swf HTTP/1.1" 200 8575 "http://www.dialyse-calw.de/" "Mozilla/5.0 (Windows NT 5.1; rv:9.0.1) Gecko/20100101 Firefox/9.0.1"
92.200.64.190 - - [11/Jan/2013:01:55:02 +0100] "GET /favicon.ico HTTP/1.1" 404 1256 "-" "Mozilla/5.0 (Windows NT 5.1; rv:9.0.1) Gecko/20100101 Firefox/9.0.1"
92.200.64.190 - - [11/Jan/2013:01:55:02 +0100] "GET /favicon.ico HTTP/1.1" 404 1256 "-" "Mozilla/5.0 (Windows NT 5.1; rv:9.0.1) Gecko/20100101 Firefox/9.0.1"
92.200.64.190 - - [11/Jan/2013:01:55:06 +0100] "GET /00themen00.html HTTP/1.1" 200 2254 "http://www.dialyse-calw.de/" "Mozilla/5.0 (Windows NT 5.1; rv:9.0.1) Gecko/20100101 Firefox/9.0.1"
92.200.64.190 - - [11/Jan/2013:01:55:06 +0100] "GET /AC_RunActiveContent.js HTTP/1.1" 200 8029 "http://www.dialyse-calw.de/00themen00.html" "Mozilla/5.0 (Windows NT 5.1; rv:9.0.1) Gecko/20100101 Firefox/9.0.1"
92.200.64.190 - - [11/Jan/2013:01:55:06 +0100] "GET /00themen00.swf HTTP/1.1" 200 136579 "http://www.dialyse-calw.de/00themen00.html" "Mozilla/5.0 (Windows NT 5.1; rv:9.0.1) Gecko/20100101 Firefox/9.0.1"
92.200.64.190 - - [11/Jan/2013:01:55:09 +0100] "GET /03.html HTTP/1.1" 200 1982 "http://www.dialyse-calw.de/00themen00.html" "Mozilla/5.0 (Windows NT 5.1; rv:9.0.1) Gecko/20100101 Firefox/9.0.1"
92.200.64.190 - - [11/Jan/2013:01:55:09 +0100] "GET /03.swf HTTP/1.1" 200 74505 "http://www.dialyse-calw.de/03.html" "Mozilla/5.0 (Windows NT 5.1; rv:9.0.1) Gecko/20100101 Firefox/9.0.1"
92.200.64.190 - - [11/Jan/2013:01:57:12 +0100] "GET /index.html HTTP/1.1" 200 2366 "http://www.dialyse-calw.de/03.html" "Mozilla/5.0 (Windows NT 5.1; rv:9.0.1) Gecko/20100101 Firefox/9.0.1"
141.8.147.1 - - [11/Jan/2013:03:38:36 +0100] "GET /robots.txt HTTP/1.1" 404 1256 "-" "Mozilla/5.0 (compatible; YandexBot/3.0; +http://yandex.com/bots)"
141.8.147.1 - - [11/Jan/2013:03:38:38 +0100] "GET / HTTP/1.1" 200 2366 "-" "Mozilla/5.0 (compatible; YandexBot/3.0; +http://yandex.com/bots)"
141.8.147.1 - - [11/Jan/2013:03:39:35 +0100] "GET /00start.swf HTTP/1.1" 200 8575 "-" "Mozilla/5.0 (compatible; YandexBot/3.0; +http://yandex.com/bots)"
66.249.78.36 - - [11/Jan/2013:04:02:18 +0100] "GET /robots.txt HTTP/1.1" 404 1256 "-" "Mozilla/5.0 (compatible; Googlebot/2.1; +http://www.google.com/bot.html)"
66.249.78.36 - - [11/Jan/2013:04:02:18 +0100] "GET /03.html HTTP/1.1" 200 1982 "-" "SAMSUNG-SGH-E250/1.0 Profile/MIDP-2.0 Configuration/CLDC-1.1 UP.Browser/6.2.3.3.c.1.101 (GUI) MMP/2.0 (compatible; Googlebot-Mobile/2.1; +http://www.google.com/bot.html)"
204.236.226.210 - - [11/Jan/2013:04:13:55 +0100] "GET /robots.txt HTTP/1.0" 404 1256 "-" "ia_archiver (+http://www.alexa.com/site/help/webmasters; crawler@alexa.com)"
204.236.226.210 - - [11/Jan/2013:04:13:56 +0100] "GET / HTTP/1.0" 200 2366 "-" "ia_archiver (+http://www.alexa.com/site/help/webmasters; crawler@alexa.com)"
204.236.226.210 - - [11/Jan/2013:04:14:31 +0100] "GET /03.html HTTP/1.0" 200 1982 "-" "ia_archiver (+http://www.alexa.com/site/help/webmasters; crawler@alexa.com)"
204.236.226.210 - - [11/Jan/2013:04:15:46 +0100] "GET /00themen00.html HTTP/1.0" 200 2254 "-" "ia_archiver (+http://www.alexa.com/site/help/webmasters; crawler@alexa.com)"
204.236.226.210 - - [11/Jan/2013:04:16:14 +0100] "GET /03a.html HTTP/1.0" 200 1991 "-" "ia_archiver (+http://www.alexa.com/site/help/webmasters; crawler@alexa.com)"
178.255.215.69 - - [11/Jan/2013:04:45:39 +0100] "GET /robots.txt HTTP/1.1" 404 1256 "-" "Mozilla/5.0 (compatible; Exabot/3.0; +http://www.exabot.com/go/robot)"
178.255.215.69 - - [11/Jan/2013:04:45:39 +0100] "GET / HTTP/1.1" 304 - "-" "Mozilla/5.0 (compatible; Exabot/3.0; +http://www.exabot.com/go/robot)"
130.83.167.153 - - [11/Jan/2013:05:06:43 +0100] "GET /robots.txt HTTP/1.1" 404 1256 "-" "findlinks/2.6 (+http://wortschatz.uni-leipzig.de/findlinks/)"
130.83.167.153 - - [11/Jan/2013:05:06:43 +0100] "GET /robots.txt HTTP/1.1" 404 1256 "-" "findlinks/2.6 (+http://wortschatz.uni-leipzig.de/findlinks/)"
141.8.147.1 - - [11/Jan/2013:05:11:22 +0100] "GET /robots.txt HTTP/1.1" 404 1256 "-" "Mozilla/5.0 (compatible; YandexBot/3.0; +http://yandex.com/bots)"
157.56.93.193 - - [11/Jan/2013:05:12:36 +0100] "GET /robots.txt HTTP/1.1" 404 1256 "-" "Mozilla/5.0 (compatible; bingbot/2.0; +http://www.bing.com/bingbot.htm)"
157.56.93.193 - - [11/Jan/2013:05:14:46 +0100] "GET /02.swf HTTP/1.1" 200 22781 "-" "Mozilla/5.0 (compatible; bingbot/2.0; +http://www.bing.com/bingbot.htm)"
157.55.32.110 - - [11/Jan/2013:05:37:45 +0100] "GET /02.html HTTP/1.1" 200 1982 "-" "Mozilla/5.0 (compatible; bingbot/2.0; +http://www.bing.com/bingbot.htm)"
157.56.92.162 - - [11/Jan/2013:05:37:47 +0100] "GET /02.swf HTTP/1.1" 200 22781 "http://www.dialyse-calw.de/02.swf" "Mozilla/5.0 (Windows NT 6.1; WOW64) AppleWebKit/534+ (KHTML, like Gecko) BingPreview/1.0b"
69.58.178.59 - - [11/Jan/2013:06:39:53 +0100] "GET /robots.txt HTTP/1.1" 404 1256 "-" "Mozilla/5.0 (X11; Ubuntu; Linux i686; rv:14.0; ips-agent) Gecko/20100101 Firefox/14.0.1"
69.58.178.59 - - [11/Jan/2013:06:40:34 +0100] "GET / HTTP/1.1" 200 2366 "-" "Mozilla/5.0 (X11; Ubuntu; Linux i686; rv:14.0; ips-agent) Gecko/20100101 Firefox/14.0.1"
65.55.215.65 - - [11/Jan/2013:08:01:01 +0100] "GET /robots.txt HTTP/1.1" 404 1256 "-" "msnbot-media/1.1 (+http://search.msn.com/msnbot.htm)"
65.55.215.65 - - [11/Jan/2013:08:01:01 +0100] "GET /images/home.jpg HTTP/1.1" 404 1256 "-" "msnbot-media/1.1 (+http://search.msn.com/msnbot.htm)"
195.242.218.133 - - [11/Jan/2013:08:18:28 +0100] "GET / HTTP/1.1" 200 2366 "http://www.aviabilety.travel/" "Mozilla/4.0 (compatible; MSIE 5.5; Windows NT 4.0; .NET CLR 1.0.2914)"
195.242.218.133 - - [11/Jan/2013:08:18:29 +0100] "GET / HTTP/1.1" 200 2366 "http://www.aviabilety.travel/" "Mozilla/4.0 (compatible; MSIE 5.5; Windows NT 4.0; .NET CLR 1.0.2914)"
79.195.117.43 - - [11/Jan/2013:08:21:05 +0100] "GET / HTTP/1.0" 200 2366 "-" "-"
80.245.71.26 - - [11/Jan/2013:08:42:18 +0100] "GET /00themen00.swf HTTP/1.1" 200 136579 "http://www.dialyse-calw.de/00themen00.html" "Mozilla/5.0 (compatible; MSIE 9.0; Windows NT 6.1; WOW64; Trident/5.0)"
80.245.71.26 - - [11/Jan/2013:08:42:21 +0100] "GET /03.html HTTP/1.1" 200 1982 "http://www.dialyse-calw.de/00themen00.swf" "Mozilla/5.0 (compatible; MSIE 9.0; Windows NT 6.1; WOW64; Trident/5.0)"
80.245.71.26 - - [11/Jan/2013:08:42:21 +0100] "GET /03.swf HTTP/1.1" 200 74505 "http://www.dialyse-calw.de/03.html" "Mozilla/5.0 (compatible; MSIE 9.0; Windows NT 6.1; WOW64; Trident/5.0)"
80.245.71.26 - - [11/Jan/2013:08:42:36 +0100] "GET /03a.html HTTP/1.1" 200 1991 "http://www.dialyse-calw.de/00themen00.swf" "Mozilla/5.0 (compatible; MSIE 9.0; Windows NT 6.1; WOW64; Trident/5.0)"
80.245.71.26 - - [11/Jan/2013:08:42:36 +0100] "GET /03a.swf HTTP/1.1" 200 94997 "http://www.dialyse-calw.de/03a.html" "Mozilla/5.0 (compatible; MSIE 9.0; Windows NT 6.1; WOW64; Trident/5.0)"
80.245.71.26 - - [11/Jan/2013:08:43:06 +0100] "GET /04.html HTTP/1.1" 200 2106 "http://www.dialyse-calw.de/00themen00.swf" "Mozilla/5.0 (compatible; MSIE 9.0; Windows NT 6.1; WOW64; Trident/5.0)"
80.245.71.26 - - [11/Jan/2013:08:43:06 +0100] "GET /04.swf HTTP/1.1" 200 62769 "http://www.dialyse-calw.de/04.html" "Mozilla/5.0 (compatible; MSIE 9.0; Windows NT 6.1; WOW64; Trident/5.0)"
150.70.75.32 - - [11/Jan/2013:08:44:18 +0100] "GET /03a.html HTTP/1.0" 200 1991 "-" "Mozilla/4.0 (compatible; MSIE 6.0; Windows NT 5.1)"
141.76.249.179 - - [11/Jan/2013:08:44:38 +0100] "GET /08.html HTTP/1.1" 200 2005 "http://www.google.de/url?sa=t&rct=j&q=pforzheim%20dialyse&source=web&cd=2&ved=0CDkQFjAB&url=http%3A%2F%2Fwww.dialyse-pforzheim.de%2F08.html&ei=p8LvUNfGJsnusgarn4GYDw&usg=AFQjCNF1LYAuQXfOJwKjF0uyrGiuwvEndA&bvm=bv.1357700187,d.Yms" "Mozilla/4.0 (compatible; MSIE 8.0; Windows NT 5.1; Trident/4.0; .NET CLR 2.0.50727; .NET CLR 3.0.4506.2152; .NET CLR 3.5.30729; .NET4.0C; .NET4.0E)"
141.76.249.179 - - [11/Jan/2013:08:44:38 +0100] "GET /AC_RunActiveContent.js HTTP/1.1" 200 8029 "http://www.dialyse-pforzheim.de/08.html" "Mozilla/4.0 (compatible; MSIE 8.0; Windows NT 5.1; Trident/4.0; .NET CLR 2.0.50727; .NET CLR 3.0.4506.2152; .NET CLR 3.5.30729; .NET4.0C; .NET4.0E)"
141.76.249.179 - - [11/Jan/2013:08:44:39 +0100] "GET /08.swf HTTP/1.1" 200 20405 "http://www.dialyse-pforzheim.de/08.html" "Mozilla/4.0 (compatible; MSIE 8.0; Windows NT 5.1; Trident/4.0; .NET CLR 2.0.50727; .NET CLR 3.0.4506.2152; .NET CLR 3.5.30729; .NET4.0C; .NET4.0E)"
66.249.78.187 - - [11/Jan/2013:08:44:44 +0100] "GET /robots.txt HTTP/1.1" 404 1256 "-" "Mozilla/5.0 (compatible; Googlebot/2.1; +http://www.google.com/bot.html)"
66.249.75.187 - - [11/Jan/2013:08:44:44 +0100] "GET /09a.swf HTTP/1.1" 200 20604 "-" "Googlebot-Video/1.0"
150.70.64.213 - - [11/Jan/2013:08:45:09 +0100] "GET /03.html HTTP/1.0" 200 1982 "-" "Mozilla/4.0 (compatible; MSIE 6.0; Windows NT 5.1)"
150.70.75.32 - - [11/Jan/2013:08:45:09 +0100] "GET /03a.swf HTTP/1.0" 200 94997 "-" "Mozilla/4.0 (compatible; MSIE 6.0; Windows NT 5.1)"
150.70.64.213 - - [11/Jan/2013:08:45:11 +0100] "GET /03.swf HTTP/1.0" 200 74505 "-" "Mozilla/4.0 (compatible; MSIE 6.0; Windows NT 5.1)"
150.70.172.106 - - [11/Jan/2013:08:45:16 +0100] "GET /04.html HTTP/1.0" 200 2106 "-" "Mozilla/4.0 (compatible; MSIE 6.0; Windows NT 5.1)"
150.70.172.106 - - [11/Jan/2013:08:45:25 +0100] "GET /04.swf HTTP/1.0" 200 62769 "-" "Mozilla/4.0 (compatible; MSIE 6.0; Windows NT 5.1)"
150.70.64.194 - - [11/Jan/2013:08:45:35 +0100] "GET /00themen00.swf HTTP/1.0" 200 136579 "-" "Mozilla/4.0 (compatible; MSIE 6.0; Windows NT 5.1)"
66.249.75.36 - - [11/Jan/2013:08:55:33 +0100] "GET /03.html HTTP/1.1" 200 1982 "-" "DoCoMo/2.0 N905i(c100;TB;W24H16) (compatible; Googlebot-Mobile/2.1; +http://www.google.com/bot.html)"
85.17.29.107 - - [11/Jan/2013:08:55:59 +0100] "GET /robots.txt HTTP/1.1" 404 1256 "-" "Mozilla/5.0 (compatible; WBSearchBot/1.1; +http://www.warebay.com/bot.html)"
85.17.29.107 - - [11/Jan/2013:08:56:02 +0100] "GET / HTTP/1.1" 200 2366 "-" "Mozilla/5.0 (compatible; WBSearchBot/1.1; +http://www.warebay.com/bot.html)"
200.153.150.185 - - [11/Jan/2013:08:58:40 +0100] "GET / HTTP/1.1" 200 2366 "-" "Java/1.6.0_35"
157.55.35.40 - - [11/Jan/2013:09:33:18 +0100] "GET /robots.txt HTTP/1.1" 404 1256 "-" "Mozilla/5.0 (compatible; bingbot/2.0; +http://www.bing.com/bingbot.htm)"
157.55.35.40 - - [11/Jan/2013:09:34:54 +0100] "GET /03.html HTTP/1.1" 200 1982 "-" "Mozilla/5.0 (compatible; bingbot/2.0; +http://www.bing.com/bingbot.htm)"
65.55.208.142 - - [11/Jan/2013:09:34:56 +0100] "GET /AC_RunActiveContent.js HTTP/1.1" 200 8029 "http://www.dialyse-calw.de/03.html" "Mozilla/5.0 (Windows NT 6.1; WOW64) AppleWebKit/534+ (KHTML, like Gecko) BingPreview/1.0b"
65.55.208.142 - - [11/Jan/2013:09:34:56 +0100] "GET /03.swf HTTP/1.1" 200 74505 "http://www.dialyse-calw.de/03.swf" "Mozilla/5.0 (Windows NT 6.1; WOW64) AppleWebKit/534+ (KHTML, like Gecko) BingPreview/1.0b"
157.56.93.193 - - [11/Jan/2013:09:36:52 +0100] "GET /AC_RunActiveContent.js HTTP/1.1" 200 8029 "-" "Mozilla/5.0 (compatible; bingbot/2.0; +http://www.bing.com/bingbot.htm)"
66.249.78.187 - - [11/Jan/2013:09:59:26 +0100] "GET /09a.html HTTP/1.1" 304 - "-" "Mozilla/5.0 (compatible; Googlebot/2.1; +http://www.google.com/bot.html)"
141.8.147.1 - - [11/Jan/2013:10:01:11 +0100] "GET /00start.swf HTTP/1.1" 200 8575 "-" "Mozilla/5.0 (compatible; YandexBot/3.0; +http://yandex.com/bots)"
173.199.116.75 - - [11/Jan/2013:10:19:29 +0100] "GET / HTTP/1.1" 200 2366 "-" "Mozilla/5.0 (compatible; AhrefsBot/4.0; +http://ahrefs.com/robot/)"
65.55.24.219 - - [11/Jan/2013:10:23:49 +0100] "GET /robots.txt HTTP/1.1" 404 1256 "-" "Mozilla/5.0 (compatible; bingbot/2.0; +http://www.bing.com/bingbot.htm)"
65.55.24.219 - - [11/Jan/2013:10:25:54 +0100] "GET /03.swf HTTP/1.1" 200 74505 "-" "Mozilla/5.0 (compatible; bingbot/2.0; +http://www.bing.com/bingbot.htm)"
157.56.93.193 - - [11/Jan/2013:10:37:53 +0100] "GET /AC_RunActiveContent.js HTTP/1.1" 200 8029 "-" "Mozilla/5.0 (compatible; bingbot/2.0; +http://www.bing.com/bingbot.htm)"
141.8.147.1 - - [11/Jan/2013:10:41:06 +0100] "GET / HTTP/1.1" 200 2366 "-" "Mozilla/5.0 (compatible; YandexBot/3.0; +http://yandex.com/bots)"
141.8.147.1 - - [11/Jan/2013:10:42:11 +0100] "GET /00start.swf HTTP/1.1" 200 8575 "-" "Mozilla/5.0 (compatible; YandexBot/3.0; +http://yandex.com/bots)"
195.226.120.196 - - [11/Jan/2013:11:05:24 +0100] "GET / HTTP/1.1" 200 2366 "http://www.google.de/url?sa=t&rct=j&q=nephrologie%20zentrum%20pforzheim&source=web&cd=2&ved=0CDYQFjAB&url=http%3A%2F%2Fwww.dialyse-calw.de%2F&ei=muPvUOTWD8WQswaI4oCgBw&usg=AFQjCNECMxQiO0NOt3ERqW1uzT1RIToCeg&bvm=bv.1357700187,d.Yms" "Mozilla/5.0 (Windows NT 6.1; WOW64; rv:17.0) Gecko/17.0 Firefox/17.0"
195.226.120.196 - - [11/Jan/2013:11:05:24 +0100] "GET /00start.swf HTTP/1.1" 200 8575 "http://www.dialyse-calw.de/" "Mozilla/5.0 (Windows NT 6.1; WOW64; rv:17.0) Gecko/17.0 Firefox/17.0"
195.226.120.196 - - [11/Jan/2013:11:05:25 +0100] "GET /favicon.ico HTTP/1.1" 404 1256 "-" "Mozilla/5.0 (Windows NT 6.1; WOW64; rv:17.0) Gecko/17.0 Firefox/17.0"
195.226.120.196 - - [11/Jan/2013:11:05:25 +0100] "GET /favicon.ico HTTP/1.1" 404 1256 "-" "Mozilla/5.0 (Windows NT 6.1; WOW64; rv:17.0) Gecko/17.0 Firefox/17.0"
157.55.32.154 - - [11/Jan/2013:11:05:27 +0100] "GET / HTTP/1.1" 200 2366 "-" "Mozilla/5.0 (compatible; bingbot/2.0; +http://www.bing.com/bingbot.htm)"
195.226.120.196 - - [11/Jan/2013:11:05:28 +0100] "GET /00themen00.html HTTP/1.1" 200 2254 "http://www.dialyse-calw.de/" "Mozilla/5.0 (Windows NT 6.1; WOW64; rv:17.0) Gecko/17.0 Firefox/17.0"
195.226.120.196 - - [11/Jan/2013:11:05:29 +0100] "GET /AC_RunActiveContent.js HTTP/1.1" 200 8029 "http://www.dialyse-calw.de/00themen00.html" "Mozilla/5.0 (Windows NT 6.1; WOW64; rv:17.0) Gecko/17.0 Firefox/17.0"
195.226.120.196 - - [11/Jan/2013:11:05:29 +0100] "GET /00themen00.swf HTTP/1.1" 200 136579 "http://www.dialyse-calw.de/00themen00.html" "Mozilla/5.0 (Windows NT 6.1; WOW64; rv:17.0) Gecko/17.0 Firefox/17.0"
195.226.120.196 - - [11/Jan/2013:11:05:32 +0100] "GET /09.html HTTP/1.1" 200 2086 "http://www.dialyse-calw.de/00themen00.html" "Mozilla/5.0 (Windows NT 6.1; WOW64; rv:17.0) Gecko/17.0 Firefox/17.0"
195.226.120.196 - - [11/Jan/2013:11:05:33 +0100] "GET /09.swf HTTP/1.1" 200 23096 "http://www.dialyse-calw.de/09.html" "Mozilla/5.0 (Windows NT 6.1; WOW64; rv:17.0) Gecko/17.0 Firefox/17.0"
195.226.120.196 - - [11/Jan/2013:11:05:40 +0100] "GET /08.html HTTP/1.1" 200 2005 "http://www.dialyse-calw.de/00themen00.html" "Mozilla/5.0 (Windows NT 6.1; WOW64; rv:17.0) Gecko/17.0 Firefox/17.0"
195.226.120.196 - - [11/Jan/2013:11:05:41 +0100] "GET /08.swf HTTP/1.1" 200 20405 "http://www.dialyse-calw.de/08.html" "Mozilla/5.0 (Windows NT 6.1; WOW64; rv:17.0) Gecko/17.0 Firefox/17.0"
93.104.61.10 - - [11/Jan/2013:11:25:10 +0100] "GET /robots.txt HTTP/1.1" 404 1256 "-" "ExB Language Crawler 2.0-2 (+http://www.exb.de/crawler)"
65.55.24.219 - - [11/Jan/2013:11:31:25 +0100] "GET /03.swf HTTP/1.1" 200 74505 "-" "Mozilla/5.0 (compatible; bingbot/2.0; +http://www.bing.com/bingbot.htm)"
115.236.51.184 - - [11/Jan/2013:12:04:43 +0100] "GET / HTTP/1.1" 200 2366 "www.martlinker.com" "Explore 6.0"
217.5.248.104 - - [11/Jan/2013:12:40:05 +0100] "GET / HTTP/1.1" 200 2366 "http://www.google.de/url?sa=t&rct=j&q=dialyse%20calw&source=web&cd=1&ved=0CDAQFjAA&url=http%3A%2F%2Fwww.dialyse-calw.de%2F&ei=1fnvUOysF8X0sgag3oGwAQ&usg=AFQjCNECMxQiO0NOt3ERqW1uzT1RIToCeg&bvm=bv.1357700187,d.Yms" "Mozilla/5.0 (compatible; MSIE 9.0; Windows NT 6.1; WOW64; Trident/5.0)"
217.5.248.104 - - [11/Jan/2013:12:40:05 +0100] "HEAD /00start.swf HTTP/1.1" 200 - "-" "contype"
217.5.248.104 - - [11/Jan/2013:12:40:05 +0100] "GET /00start.swf HTTP/1.1" 200 8575 "http://www.dialyse-calw.de/" "Mozilla/5.0 (compatible; MSIE 9.0; Windows NT 6.1; WOW64; Trident/5.0)"
217.5.248.104 - - [11/Jan/2013:12:40:07 +0100] "GET /favicon.ico HTTP/1.1" 404 1256 "-" "Mozilla/5.0 (compatible; MSIE 9.0; Windows NT 6.1; WOW64; Trident/5.0)"
217.5.248.104 - - [11/Jan/2013:12:40:21 +0100] "GET /00themen00.html HTTP/1.1" 200 2254 "http://www.dialyse-calw.de/00start.swf" "Mozilla/5.0 (compatible; MSIE 9.0; Windows NT 6.1; WOW64; Trident/5.0)"
217.5.248.104 - - [11/Jan/2013:12:40:21 +0100] "GET /AC_RunActiveContent.js HTTP/1.1" 200 8029 "http://www.dialyse-calw.de/00themen00.html" "Mozilla/5.0 (compatible; MSIE 9.0; Windows NT 6.1; WOW64; Trident/5.0)"
217.5.248.104 - - [11/Jan/2013:12:40:21 +0100] "GET /AC_RunActiveContent.js HTTP/1.1" 200 8029 "http://www.dialyse-calw.de/00start.swf" "Mozilla/5.0 (compatible; MSIE 9.0; Windows NT 6.1; WOW64; Trident/5.0)"
217.5.248.104 - - [11/Jan/2013:12:40:22 +0100] "GET /00themen00.swf HTTP/1.1" 200 136579 "http://www.dialyse-calw.de/00themen00.html" "Mozilla/5.0 (compatible; MSIE 9.0; Windows NT 6.1; WOW64; Trident/5.0)"
217.5.248.104 - - [11/Jan/2013:12:40:26 +0100] "GET /favicon.ico HTTP/1.1" 404 1256 "-" "Mozilla/5.0 (compatible; MSIE 9.0; Windows NT 6.1; WOW64; Trident/5.0)"
217.5.248.104 - - [11/Jan/2013:12:40:32 +0100] "GET /03.html HTTP/1.1" 200 1982 "http://www.dialyse-calw.de/00themen00.swf" "Mozilla/5.0 (compatible; MSIE 9.0; Windows NT 6.1; WOW64; Trident/5.0)"
217.5.248.104 - - [11/Jan/2013:12:40:32 +0100] "GET /03.swf HTTP/1.1" 200 74505 "http://www.dialyse-calw.de/03.html" "Mozilla/5.0 (compatible; MSIE 9.0; Windows NT 6.1; WOW64; Trident/5.0)"
217.5.248.104 - - [11/Jan/2013:12:41:22 +0100] "GET /08.html HTTP/1.1" 200 2005 "http://www.dialyse-calw.de/00themen00.swf" "Mozilla/5.0 (compatible; MSIE 9.0; Windows NT 6.1; WOW64; Trident/5.0)"
217.5.248.104 - - [11/Jan/2013:12:41:22 +0100] "GET /08.swf HTTP/1.1" 200 20405 "http://www.dialyse-calw.de/08.html" "Mozilla/5.0 (compatible; MSIE 9.0; Windows NT 6.1; WOW64; Trident/5.0)"
92.249.127.111 - - [11/Jan/2013:12:54:33 +0100] "GET / HTTP/1.1" 200 2366 "http://imkolmred.ya.ru/replies.xml?item_no=7" "Mozilla/5.0 (compatible; news bot /2.1)"
92.249.127.111 - - [11/Jan/2013:12:54:33 +0100] "GET / HTTP/1.1" 200 2366 "http://imkolmred.ya.ru/replies.xml?item_no=7" "Mozilla/5.0 (compatible; news bot /2.1)"
66.249.78.187 - - [11/Jan/2013:13:24:23 +0100] "GET /robots.txt HTTP/1.1" 404 1256 "-" "Mozilla/5.0 (compatible; Googlebot/2.1; +http://www.google.com/bot.html)"
66.249.78.187 - - [11/Jan/2013:13:24:24 +0100] "GET /09a.swf HTTP/1.1" 200 20604 "-" "Mozilla/5.0 (compatible; Googlebot/2.1; +http://www.google.com/bot.html)"
157.55.33.111 - - [11/Jan/2013:13:58:36 +0100] "GET /robots.txt HTTP/1.1" 404 1256 "-" "Mozilla/5.0 (compatible; bingbot/2.0; +http://www.bing.com/bingbot.htm)"
141.8.147.1 - - [11/Jan/2013:14:01:10 +0100] "GET /04Karteddd.swf HTTP/1.1" 304 - "-" "Mozilla/5.0 (compatible; YandexBot/3.0; +http://yandex.com/bots)"
157.55.33.111 - - [11/Jan/2013:14:01:26 +0100] "GET / HTTP/1.1" 200 2366 "-" "Mozilla/5.0 (compatible; bingbot/2.0; +http://www.bing.com/bingbot.htm)"
141.8.147.1 - - [11/Jan/2013:14:11:41 +0100] "GET /00start.swf HTTP/1.1" 200 8575 "-" "Mozilla/5.0 (compatible; YandexBot/3.0; +http://yandex.com/bots)"
146.52.32.18 - - [11/Jan/2013:14:12:02 +0100] "GET / HTTP/1.0" 200 2366 "http://www.rhoen-klinikum-ag.com/rka/cms/pfk_2/deu/66265.html" "Mozilla/5.0 (Macintosh; Intel Mac OS X 10.7; rv:17.0) Gecko/20100101 Firefox/17.0"
146.52.32.18 - - [11/Jan/2013:14:12:03 +0100] "GET /00start.swf HTTP/1.0" 200 8575 "http://www.dialyse-pforzheim.de/" "Mozilla/5.0 (Macintosh; Intel Mac OS X 10.7; rv:17.0) Gecko/20100101 Firefox/17.0"
146.52.32.18 - - [11/Jan/2013:14:12:06 +0100] "GET /favicon.ico HTTP/1.0" 404 1256 "-" "Mozilla/5.0 (Macintosh; Intel Mac OS X 10.7; rv:17.0) Gecko/20100101 Firefox/17.0"
146.52.32.18 - - [11/Jan/2013:14:12:41 +0100] "GET /00themen00.html HTTP/1.0" 200 2254 "http://www.dialyse-pforzheim.de/" "Mozilla/5.0 (Macintosh; Intel Mac OS X 10.7; rv:17.0) Gecko/20100101 Firefox/17.0"
146.52.32.18 - - [11/Jan/2013:14:12:41 +0100] "GET /AC_RunActiveContent.js HTTP/1.0" 200 8029 "http://www.dialyse-pforzheim.de/00themen00.html" "Mozilla/5.0 (Macintosh; Intel Mac OS X 10.7; rv:17.0) Gecko/20100101 Firefox/17.0"
146.52.32.18 - - [11/Jan/2013:14:12:42 +0100] "GET /00themen00.swf HTTP/1.0" 200 136579 "http://www.dialyse-pforzheim.de/00themen00.html" "Mozilla/5.0 (Macintosh; Intel Mac OS X 10.7; rv:17.0) Gecko/20100101 Firefox/17.0"
146.52.32.18 - - [11/Jan/2013:14:13:00 +0100] "GET /01.html HTTP/1.0" 200 1982 "http://www.dialyse-pforzheim.de/00themen00.html" "Mozilla/5.0 (Macintosh; Intel Mac OS X 10.7; rv:17.0) Gecko/20100101 Firefox/17.0"
146.52.32.18 - - [11/Jan/2013:14:13:00 +0100] "GET /01.swf HTTP/1.0" 200 19349 "http://www.dialyse-pforzheim.de/01.html" "Mozilla/5.0 (Macintosh; Intel Mac OS X 10.7; rv:17.0) Gecko/20100101 Firefox/17.0"
146.52.32.18 - - [11/Jan/2013:14:13:19 +0100] "GET /04.html HTTP/1.0" 200 2106 "http://www.dialyse-pforzheim.de/00themen00.html" "Mozilla/5.0 (Macintosh; Intel Mac OS X 10.7; rv:17.0) Gecko/20100101 Firefox/17.0"
146.52.32.18 - - [11/Jan/2013:14:13:19 +0100] "GET /04.swf HTTP/1.0" 200 62769 "http://www.dialyse-pforzheim.de/04.html" "Mozilla/5.0 (Macintosh; Intel Mac OS X 10.7; rv:17.0) Gecko/20100101 Firefox/17.0"
146.52.32.18 - - [11/Jan/2013:14:13:23 +0100] "GET /04Karteaaa.html HTTP/1.0" 200 2077 "http://www.dialyse-pforzheim.de/04.html" "Mozilla/5.0 (Macintosh; Intel Mac OS X 10.7; rv:17.0) Gecko/20100101 Firefox/17.0"
146.52.32.18 - - [11/Jan/2013:14:13:23 +0100] "GET /04Karteaaa.swf HTTP/1.0" 200 18538 "http://www.dialyse-pforzheim.de/04Karteaaa.html" "Mozilla/5.0 (Macintosh; Intel Mac OS X 10.7; rv:17.0) Gecko/20100101 Firefox/17.0"
146.52.32.18 - - [11/Jan/2013:14:13:53 +0100] "GET /03.html HTTP/1.0" 200 1982 "http://www.dialyse-pforzheim.de/00themen00.html" "Mozilla/5.0 (Macintosh; Intel Mac OS X 10.7; rv:17.0) Gecko/20100101 Firefox/17.0"
146.52.32.18 - - [11/Jan/2013:14:13:54 +0100] "GET /03.swf HTTP/1.0" 200 74505 "http://www.dialyse-pforzheim.de/03.html" "Mozilla/5.0 (Macintosh; Intel Mac OS X 10.7; rv:17.0) Gecko/20100101 Firefox/17.0"
146.52.32.18 - - [11/Jan/2013:14:14:17 +0100] "GET /08.html HTTP/1.0" 200 2005 "http://www.dialyse-pforzheim.de/00themen00.html" "Mozilla/5.0 (Macintosh; Intel Mac OS X 10.7; rv:17.0) Gecko/20100101 Firefox/17.0"
146.52.32.18 - - [11/Jan/2013:14:14:18 +0100] "GET /08.swf HTTP/1.0" 200 20405 "http://www.dialyse-pforzheim.de/08.html" "Mozilla/5.0 (Macintosh; Intel Mac OS X 10.7; rv:17.0) Gecko/20100101 Firefox/17.0"
146.52.32.18 - - [11/Jan/2013:14:15:12 +0100] "GET /05.html HTTP/1.0" 200 1982 "http://www.dialyse-pforzheim.de/00themen00.html" "Mozilla/5.0 (Macintosh; Intel Mac OS X 10.7; rv:17.0) Gecko/20100101 Firefox/17.0"
146.52.32.18 - - [11/Jan/2013:14:15:13 +0100] "GET /05.swf HTTP/1.0" 200 58083 "http://www.dialyse-pforzheim.de/05.html" "Mozilla/5.0 (Macintosh; Intel Mac OS X 10.7; rv:17.0) Gecko/20100101 Firefox/17.0"
146.52.32.18 - - [11/Jan/2013:14:16:27 +0100] "GET / HTTP/1.0" 200 2366 "http://www.google.de/url?sa=t&rct=j&q=&esrc=s&source=web&cd=5&ved=0CE0QFjAE&url=http%3A%2F%2Fwww.dialyse-calw.de%2F&ei=ZBDwULmKOs_Dswbjo4CgDQ&usg=AFQjCNECMxQiO0NOt3ERqW1uzT1RIToCeg&bvm=bv.1357700187,d.Yms" "Mozilla/5.0 (Macintosh; Intel Mac OS X 10.7; rv:17.0) Gecko/20100101 Firefox/17.0"
146.52.32.18 - - [11/Jan/2013:14:16:27 +0100] "GET /00start.swf HTTP/1.0" 200 8575 "http://www.dialyse-calw.de/" "Mozilla/5.0 (Macintosh; Intel Mac OS X 10.7; rv:17.0) Gecko/20100101 Firefox/17.0"
146.52.32.18 - - [11/Jan/2013:14:16:29 +0100] "GET /favicon.ico HTTP/1.0" 404 1256 "-" "Mozilla/5.0 (Macintosh; Intel Mac OS X 10.7; rv:17.0) Gecko/20100101 Firefox/17.0"
180.76.5.94 - - [11/Jan/2013:14:30:12 +0100] "GET /robots.txt HTTP/1.1" 404 1256 "-" "Mozilla/5.0 (Windows NT 5.1; rv:6.0.2) Gecko/20100101 Firefox/6.0.2"
180.76.5.67 - - [11/Jan/2013:14:30:12 +0100] "GET /robots.txt HTTP/1.1" 404 1256 "-" "Mozilla/5.0 (Windows NT 5.1; rv:6.0.2) Gecko/20100101 Firefox/6.0.2"
141.8.147.1 - - [11/Jan/2013:14:43:17 +0100] "GET /04Karteaaa.swf HTTP/1.1" 304 - "-" "Mozilla/5.0 (compatible; YandexBot/3.0; +http://yandex.com/bots)"
82.94.179.38 - - [11/Jan/2013:14:55:49 +0100] "GET /robots.txt HTTP/1.0" 404 1256 "-" "Mozilla/4.0 (compatible; Vagabondo/4.0/EU; http://webagent.wise-guys.nl/)"
82.94.179.38 - - [11/Jan/2013:14:55:49 +0100] "GET / HTTP/1.1" 200 2366 "-" "Mozilla/4.0 (compatible; Vagabondo/4.0/EU; http://www.wise-guys.nl/)"
217.5.248.104 - - [11/Jan/2013:15:27:24 +0100] "GET /06.html HTTP/1.1" 200 2278 "http://www.dialyse-calw.de/00themen00.swf" "Mozilla/5.0 (compatible; MSIE 9.0; Windows NT 6.1; WOW64; Trident/5.0)"
217.5.248.104 - - [11/Jan/2013:15:27:25 +0100] "GET /06.swf HTTP/1.1" 200 20731 "http://www.dialyse-calw.de/06.html" "Mozilla/5.0 (compatible; MSIE 9.0; Windows NT 6.1; WOW64; Trident/5.0)"
91.223.75.118 - - [11/Jan/2013:17:29:32 +0100] "GET / HTTP/1.1" 200 2366 "http://modernlady.su/" "Mozilla/4.0 (compatible; MSIE 6.0; Windows NT 5.1; en) Opera 9.0"
91.223.75.118 - - [11/Jan/2013:17:29:32 +0100] "GET / HTTP/1.1" 200 2366 "http://www.behealthymanblog.com/" "Mozilla/4.0 (compatible; MSIE 6.0; Windows NT 5.1; en) Opera 9.0"
91.223.75.118 - - [11/Jan/2013:17:29:32 +0100] "GET / HTTP/1.1" 200 2366 "http://modernlady.su/" "Mozilla/4.0 (compatible; MSIE 6.0; Windows NT 5.1; en) Opera 9.0"
91.223.75.118 - - [11/Jan/2013:17:29:32 +0100] "GET / HTTP/1.1" 200 2366 "http://www.behealthymanblog.com/" "Mozilla/4.0 (compatible; MSIE 6.0; Windows NT 5.1; en) Opera 9.0"
79.255.97.162 - - [11/Jan/2013:17:33:52 +0100] "GET /00themen00.html HTTP/1.1" 304 - "-" "Mozilla/5.0 (Windows NT 5.1; rv:17.0) Gecko/20100101 Firefox/17.0"
79.255.97.162 - - [11/Jan/2013:17:33:52 +0100] "GET /AC_RunActiveContent.js HTTP/1.1" 304 - "http://www.dialyse-calw.de/00themen00.html" "Mozilla/5.0 (Windows NT 5.1; rv:17.0) Gecko/20100101 Firefox/17.0"
79.255.97.162 - - [11/Jan/2013:17:33:52 +0100] "GET /00themen00.swf HTTP/1.1" 304 - "http://www.dialyse-calw.de/00themen00.html" "Mozilla/5.0 (Windows NT 5.1; rv:17.0) Gecko/20100101 Firefox/17.0"
79.255.97.162 - - [11/Jan/2013:17:33:53 +0100] "GET /favicon.ico HTTP/1.1" 404 1256 "-" "Mozilla/5.0 (Windows NT 5.1; rv:17.0) Gecko/20100101 Firefox/17.0"
79.255.97.162 - - [11/Jan/2013:17:33:55 +0100] "GET /03.html HTTP/1.1" 304 - "http://www.dialyse-calw.de/00themen00.html" "Mozilla/5.0 (Windows NT 5.1; rv:17.0) Gecko/20100101 Firefox/17.0"
79.255.97.162 - - [11/Jan/2013:17:33:55 +0100] "GET /03.swf HTTP/1.1" 304 - "http://www.dialyse-calw.de/03.html" "Mozilla/5.0 (Windows NT 5.1; rv:17.0) Gecko/20100101 Firefox/17.0"
80.187.102.177 - - [11/Jan/2013:18:18:13 +0100] "GET / HTTP/1.1" 200 2366 "http://www.google.de/url?sa=t&rct=j&q=dialyse%20calw&source=web&cd=1&ved=0CDMQFjAA&url=http%3A%2F%2Fwww.dialyse-calw.de%2F&ei=D0nwUNa7NtDFtAbtvYDICA&usg=AFQjCNECMxQiO0NOt3ERqW1uzT1RIToCeg&bvm=bv.1357700187,d.Yms" "Opera/9.80 (Windows NT 6.1; U; de) Presto/2.9.168 Version/11.52"
80.187.102.177 - - [11/Jan/2013:18:18:13 +0100] "GET /favicon.ico HTTP/1.1" 404 1256 "http://www.dialyse-calw.de/" "Opera/9.80 (Windows NT 6.1; U; de) Presto/2.9.168 Version/11.52"
80.187.102.177 - - [11/Jan/2013:18:18:13 +0100] "GET /00start.swf HTTP/1.1" 200 8575 "http://www.dialyse-calw.de/" "Opera/9.80 (Windows NT 6.1; U; de) Presto/2.9.168 Version/11.52"
80.187.102.177 - - [11/Jan/2013:18:18:25 +0100] "GET /00themen00.html HTTP/1.1" 200 2254 "http://www.dialyse-calw.de/" "Opera/9.80 (Windows NT 6.1; U; de) Presto/2.9.168 Version/11.52"
80.187.102.177 - - [11/Jan/2013:18:18:26 +0100] "GET /AC_RunActiveContent.js HTTP/1.1" 200 8029 "http://www.dialyse-calw.de/00themen00.html" "Opera/9.80 (Windows NT 6.1; U; de) Presto/2.9.168 Version/11.52"
80.187.102.177 - - [11/Jan/2013:18:18:26 +0100] "GET /00themen00.swf HTTP/1.1" 200 136579 "http://www.dialyse-calw.de/00themen00.html" "Opera/9.80 (Windows NT 6.1; U; de) Presto/2.9.168 Version/11.52"
80.187.102.177 - - [11/Jan/2013:18:18:30 +0100] "GET /04.html HTTP/1.1" 200 2106 "http://www.dialyse-calw.de/00themen00.html" "Opera/9.80 (Windows NT 6.1; U; de) Presto/2.9.168 Version/11.52"
80.187.102.177 - - [11/Jan/2013:18:18:30 +0100] "GET /04.swf HTTP/1.1" 200 62769 "http://www.dialyse-calw.de/04.html" "Opera/9.80 (Windows NT 6.1; U; de) Presto/2.9.168 Version/11.52"
80.187.102.177 - - [11/Jan/2013:18:18:34 +0100] "GET /04Karteddd.html HTTP/1.1" 200 2077 "http://www.dialyse-calw.de/04.html" "Opera/9.80 (Windows NT 6.1; U; de) Presto/2.9.168 Version/11.52"
80.187.102.177 - - [11/Jan/2013:18:18:34 +0100] "GET /04Karteddd.swf HTTP/1.1" 200 33790 "http://www.dialyse-calw.de/04Karteddd.html" "Opera/9.80 (Windows NT 6.1; U; de) Presto/2.9.168 Version/11.52"
46.5.76.195 - - [11/Jan/2013:18:29:16 +0100] "GET / HTTP/1.1" 200 2366 "http://www.google.de/url?sa=t&rct=j&q=www%2Cdialyse-pforzheim.de&source=web&cd=1&ved=0CDAQFjAA&url=http%3A%2F%2Fwww.dialyse-pforzheim.de%2F&ei=p0vwULORPNHcsgaV54HICQ&usg=AFQjCNHqGrD-Cz6KUU2wK3bsb55Hdirc2Q&bvm=bv.1357700187,d.Yms" "Mozilla/5.0 (Macintosh; Intel Mac OS X 10_8_2) AppleWebKit/536.26.17 (KHTML, like Gecko) Version/6.0.2 Safari/536.26.17"
46.5.76.195 - - [11/Jan/2013:18:29:16 +0100] "GET /00start.swf HTTP/1.1" 200 8575 "http://www.dialyse-pforzheim.de/" "Mozilla/5.0 (Macintosh; Intel Mac OS X 10_8_2) AppleWebKit/536.26.17 (KHTML, like Gecko) Version/6.0.2 Safari/536.26.17"
46.5.76.195 - - [11/Jan/2013:18:29:18 +0100] "GET /favicon.ico HTTP/1.1" 404 1256 "http://www.dialyse-pforzheim.de/" "Mozilla/5.0 (Macintosh; Intel Mac OS X 10_8_2) AppleWebKit/536.26.17 (KHTML, like Gecko) Version/6.0.2 Safari/536.26.17"
46.5.76.195 - - [11/Jan/2013:18:29:24 +0100] "GET /00themen00.html HTTP/1.1" 200 2254 "http://www.dialyse-pforzheim.de/" "Mozilla/5.0 (Macintosh; Intel Mac OS X 10_8_2) AppleWebKit/536.26.17 (KHTML, like Gecko) Version/6.0.2 Safari/536.26.17"
46.5.76.195 - - [11/Jan/2013:18:29:24 +0100] "GET /AC_RunActiveContent.js HTTP/1.1" 200 8029 "http://www.dialyse-pforzheim.de/00themen00.html" "Mozilla/5.0 (Macintosh; Intel Mac OS X 10_8_2) AppleWebKit/536.26.17 (KHTML, like Gecko) Version/6.0.2 Safari/536.26.17"
46.5.76.195 - - [11/Jan/2013:18:29:24 +0100] "GET /00themen00.swf HTTP/1.1" 200 136579 "http://www.dialyse-pforzheim.de/00themen00.html" "Mozilla/5.0 (Macintosh; Intel Mac OS X 10_8_2) AppleWebKit/536.26.17 (KHTML, like Gecko) Version/6.0.2 Safari/536.26.17"
46.5.76.195 - - [11/Jan/2013:18:29:30 +0100] "GET /01.html HTTP/1.1" 200 1982 "http://www.dialyse-pforzheim.de/00themen00.html" "Mozilla/5.0 (Macintosh; Intel Mac OS X 10_8_2) AppleWebKit/536.26.17 (KHTML, like Gecko) Version/6.0.2 Safari/536.26.17"
46.5.76.195 - - [11/Jan/2013:18:29:30 +0100] "GET /01.swf HTTP/1.1" 200 19349 "http://www.dialyse-pforzheim.de/01.html" "Mozilla/5.0 (Macintosh; Intel Mac OS X 10_8_2) AppleWebKit/536.26.17 (KHTML, like Gecko) Version/6.0.2 Safari/536.26.17"
46.5.76.195 - - [11/Jan/2013:18:29:36 +0100] "GET /03.html HTTP/1.1" 200 1982 "http://www.dialyse-pforzheim.de/00themen00.html" "Mozilla/5.0 (Macintosh; Intel Mac OS X 10_8_2) AppleWebKit/536.26.17 (KHTML, like Gecko) Version/6.0.2 Safari/536.26.17"
46.5.76.195 - - [11/Jan/2013:18:29:36 +0100] "GET /03.swf HTTP/1.1" 200 74505 "http://www.dialyse-pforzheim.de/03.html" "Mozilla/5.0 (Macintosh; Intel Mac OS X 10_8_2) AppleWebKit/536.26.17 (KHTML, like Gecko) Version/6.0.2 Safari/536.26.17"
46.5.76.195 - - [11/Jan/2013:18:30:01 +0100] "GET /02.html HTTP/1.1" 200 1982 "http://www.dialyse-pforzheim.de/00themen00.html" "Mozilla/5.0 (Macintosh; Intel Mac OS X 10_8_2) AppleWebKit/536.26.17 (KHTML, like Gecko) Version/6.0.2 Safari/536.26.17"
46.5.76.195 - - [11/Jan/2013:18:30:02 +0100] "GET /02.swf HTTP/1.1" 200 22781 "http://www.dialyse-pforzheim.de/02.html" "Mozilla/5.0 (Macintosh; Intel Mac OS X 10_8_2) AppleWebKit/536.26.17 (KHTML, like Gecko) Version/6.0.2 Safari/536.26.17"
46.5.76.195 - - [11/Jan/2013:18:30:07 +0100] "GET /04.html HTTP/1.1" 200 2106 "http://www.dialyse-pforzheim.de/00themen00.html" "Mozilla/5.0 (Macintosh; Intel Mac OS X 10_8_2) AppleWebKit/536.26.17 (KHTML, like Gecko) Version/6.0.2 Safari/536.26.17"
46.5.76.195 - - [11/Jan/2013:18:30:07 +0100] "GET /04.swf HTTP/1.1" 200 62769 "http://www.dialyse-pforzheim.de/04.html" "Mozilla/5.0 (Macintosh; Intel Mac OS X 10_8_2) AppleWebKit/536.26.17 (KHTML, like Gecko) Version/6.0.2 Safari/536.26.17"
46.5.76.195 - - [11/Jan/2013:18:30:33 +0100] "GET /04Karteaaa.html HTTP/1.1" 200 2077 "http://www.dialyse-pforzheim.de/04.html" "Mozilla/5.0 (Macintosh; Intel Mac OS X 10_8_2) AppleWebKit/536.26.17 (KHTML, like Gecko) Version/6.0.2 Safari/536.26.17"
46.5.76.195 - - [11/Jan/2013:18:30:33 +0100] "GET /04Karteaaa.swf HTTP/1.1" 200 18538 "http://www.dialyse-pforzheim.de/04Karteaaa.html" "Mozilla/5.0 (Macintosh; Intel Mac OS X 10_8_2) AppleWebKit/536.26.17 (KHTML, like Gecko) Version/6.0.2 Safari/536.26.17"
173.199.119.67 - - [11/Jan/2013:18:34:47 +0100] "GET / HTTP/1.1" 200 2366 "-" "Mozilla/5.0 (compatible; AhrefsBot/4.0; +http://ahrefs.com/robot/)"
66.249.78.187 - - [11/Jan/2013:18:42:05 +0100] "GET / HTTP/1.1" 200 2366 "-" "Mozilla/5.0 (compatible; Googlebot/2.1; +http://www.google.com/bot.html)"
178.26.9.83 - - [11/Jan/2013:19:09:07 +0100] "GET / HTTP/1.1" 200 2366 "http://www.vnp-bw.de/der-vnp/mitglieder?start=40" "Mozilla/5.0 (compatible; MSIE 9.0; Windows NT 6.0; Trident/5.0; tb-webde/1.9.0)"
178.26.9.83 - - [11/Jan/2013:19:09:07 +0100] "HEAD /00start.swf HTTP/1.1" 200 - "-" "contype"
178.26.9.83 - - [11/Jan/2013:19:09:07 +0100] "GET /00start.swf HTTP/1.1" 200 8575 "http://www.dialyse-pforzheim.de/" "Mozilla/5.0 (compatible; MSIE 9.0; Windows NT 6.0; Trident/5.0; tb-webde/1.9.0)"
178.26.9.83 - - [11/Jan/2013:19:09:09 +0100] "GET /favicon.ico HTTP/1.1" 404 1256 "-" "Mozilla/5.0 (compatible; MSIE 9.0; Windows NT 6.0; Trident/5.0; tb-webde/1.9.0)"
178.26.9.83 - - [11/Jan/2013:19:09:16 +0100] "GET /00themen00.html HTTP/1.1" 200 2254 "http://www.dialyse-pforzheim.de/00start.swf" "Mozilla/5.0 (compatible; MSIE 9.0; Windows NT 6.0; Trident/5.0; tb-webde/1.9.0)"
178.26.9.83 - - [11/Jan/2013:19:09:16 +0100] "GET /AC_RunActiveContent.js HTTP/1.1" 200 8029 "http://www.dialyse-pforzheim.de/00themen00.html" "Mozilla/5.0 (compatible; MSIE 9.0; Windows NT 6.0; Trident/5.0; tb-webde/1.9.0)"
178.26.9.83 - - [11/Jan/2013:19:09:16 +0100] "GET /00themen00.swf HTTP/1.1" 200 136579 "http://www.dialyse-pforzheim.de/00themen00.html" "Mozilla/5.0 (compatible; MSIE 9.0; Windows NT 6.0; Trident/5.0; tb-webde/1.9.0)"
178.26.9.83 - - [11/Jan/2013:19:09:17 +0100] "GET /favicon.ico HTTP/1.1" 404 1256 "-" "Mozilla/5.0 (compatible; MSIE 9.0; Windows NT 6.0; Trident/5.0; tb-webde/1.9.0)"
178.26.9.83 - - [11/Jan/2013:19:09:20 +0100] "GET /03.html HTTP/1.1" 200 1982 "http://www.dialyse-pforzheim.de/00themen00.swf" "Mozilla/5.0 (compatible; MSIE 9.0; Windows NT 6.0; Trident/5.0; tb-webde/1.9.0)"
178.26.9.83 - - [11/Jan/2013:19:09:20 +0100] "GET /03.swf HTTP/1.1" 200 74505 "http://www.dialyse-pforzheim.de/03.html" "Mozilla/5.0 (compatible; MSIE 9.0; Windows NT 6.0; Trident/5.0; tb-webde/1.9.0)"
178.26.9.83 - - [11/Jan/2013:19:10:50 +0100] "GET /08.html HTTP/1.1" 200 2005 "http://www.dialyse-pforzheim.de/00themen00.swf" "Mozilla/5.0 (compatible; MSIE 9.0; Windows NT 6.0; Trident/5.0; tb-webde/1.9.0)"
178.26.9.83 - - [11/Jan/2013:19:10:50 +0100] "GET /08.swf HTTP/1.1" 200 20405 "http://www.dialyse-pforzheim.de/08.html" "Mozilla/5.0 (compatible; MSIE 9.0; Windows NT 6.0; Trident/5.0; tb-webde/1.9.0)"
178.26.9.83 - - [11/Jan/2013:19:16:39 +0100] "GET /03a.html HTTP/1.1" 200 1991 "http://www.dialyse-pforzheim.de/00themen00.swf" "Mozilla/5.0 (compatible; MSIE 9.0; Windows NT 6.0; Trident/5.0; tb-webde/1.9.0)"
178.26.9.83 - - [11/Jan/2013:19:16:39 +0100] "GET /03a.swf HTTP/1.1" 200 94997 "http://www.dialyse-pforzheim.de/03a.html" "Mozilla/5.0 (compatible; MSIE 9.0; Windows NT 6.0; Trident/5.0; tb-webde/1.9.0)"
46.118.118.106 - - [11/Jan/2013:19:28:45 +0100] "GET / HTTP/1.1" 200 2366 "http://cookingmeat.ru/pork/recipe02.html" "Mozilla/4.0 (compatible; MSIE 6.0; Update a; AOL 6.0; Windows 98)"
46.118.118.106 - - [11/Jan/2013:19:28:45 +0100] "GET / HTTP/1.1" 200 2366 "http://sminewsrus.sims2rpg.ru/" "Mozilla/4.0 (compatible; MSIE 6.0; Windows NT 5.1; SV1; .NET CLR 1.1.4322) Babya Discoverer 8.0:"
46.118.118.106 - - [11/Jan/2013:19:28:45 +0100] "GET / HTTP/1.1" 200 2366 "http://cookingmeat.ru/pork/recipe02.html" "Mozilla/4.0 (compatible; MSIE 6.0; Update a; AOL 6.0; Windows 98)"
46.118.118.106 - - [11/Jan/2013:19:28:45 +0100] "GET / HTTP/1.1" 200 2366 "http://sminewsrus.sims2rpg.ru/" "Mozilla/4.0 (compatible; MSIE 6.0; Windows NT 5.1; SV1; .NET CLR 1.1.4322) Babya Discoverer 8.0:"
149.172.167.57 - - [11/Jan/2013:19:40:12 +0100] "GET /favicon.ico HTTP/1.1" 404 1256 "-" "Mozilla/5.0 (Macintosh; Intel Mac OS X 10_7_5) AppleWebKit/537.11 (KHTML, like Gecko) Chrome/23.0.1271.101 Safari/537.11"
193.41.37.3 - - [11/Jan/2013:19:58:30 +0100] "GET /AC_RunActiveContent.js HTTP/1.1" 304 - "-" "Mozilla/4.0 (compatible;)"
85.25.246.225 - - [11/Jan/2013:20:05:39 +0100] "GET /robots.txt HTTP/1.0" 404 1256 "-" "Mozilla/5.0 (compatible; MJ12bot/v1.4.3; http://www.majestic12.co.uk/bot.php?+)"
85.25.246.225 - - [11/Jan/2013:20:05:40 +0100] "GET /robots.txt HTTP/1.0" 404 1256 "-" "Mozilla/5.0 (compatible; MJ12bot/v1.4.3; http://www.majestic12.co.uk/bot.php?+)"
85.25.246.225 - - [11/Jan/2013:20:05:41 +0100] "GET / HTTP/1.0" 200 2366 "-" "Mozilla/5.0 (compatible; MJ12bot/v1.4.3; http://www.majestic12.co.uk/bot.php?+)"
85.25.246.225 - - [11/Jan/2013:20:05:43 +0100] "GET / HTTP/1.0" 200 2366 "-" "Mozilla/5.0 (compatible; MJ12bot/v1.4.3; http://www.majestic12.co.uk/bot.php?+)"
66.249.78.187 - - [11/Jan/2013:20:25:54 +0100] "GET /index.html HTTP/1.1" 304 - "-" "Mozilla/5.0 (compatible; Googlebot/2.1; +http://www.google.com/bot.html)"
178.137.129.249 - - [11/Jan/2013:21:57:29 +0100] "GET / HTTP/1.1" 200 2366 "http://calipso.ua/" "Mozilla/4.0 (compatible; MSIE 6.0; Windows NT 5.0; T312461)"
178.137.129.249 - - [11/Jan/2013:21:57:30 +0100] "GET / HTTP/1.1" 200 2366 "http://calipso.ua/" "Mozilla/4.0 (compatible; MSIE 6.0; Windows NT 5.0; T312461)"
66.249.78.235 - - [11/Jan/2013:22:04:16 +0100] "GET /robots.txt HTTP/1.1" 404 1256 "-" "Mozilla/5.0 (compatible; Googlebot/2.1; +http://www.google.com/bot.html)"
66.249.78.235 - - [11/Jan/2013:22:04:16 +0100] "GET /08.swf HTTP/1.1" 200 20405 "-" "Mozilla/5.0 (compatible; Googlebot/2.1; +http://www.google.com/bot.html)"
66.249.76.187 - - [11/Jan/2013:22:46:57 +0100] "GET /03a.html HTTP/1.1" 200 1991 "-" "SAMSUNG-SGH-E250/1.0 Profile/MIDP-2.0 Configuration/CLDC-1.1 UP.Browser/6.2.3.3.c.1.101 (GUI) MMP/2.0 (compatible; Googlebot-Mobile/2.1; +http://www.google.com/bot.html)"
66.249.78.187 - - [11/Jan/2013:22:57:45 +0100] "GET /09a.html HTTP/1.1" 304 - "-" "Mozilla/5.0 (iPhone; U; CPU iPhone OS 4_1 like Mac OS X; en-us) AppleWebKit/532.9 (KHTML, like Gecko) Version/4.0.5 Mobile/8B117 Safari/6531.22.7 (compatible; Googlebot-Mobile/2.1; +http://www.google.com/bot.html)"
89.204.139.76 - - [11/Jan/2013:23:48:04 +0100] "GET / HTTP/1.1" 200 2366 "http://www.google.de/url?sa=t&rct=j&q=&esrc=s&source=web&cd=1&ved=0CDMQFjAA&url=http%3A%2F%2Fwww.dialyse-calw.de%2F&ei=VJbwUKKTKsXcswaovYGIAg&usg=AFQjCNECMxQiO0NOt3ERqW1uzT1RIToCeg&bvm=bv.1357700187,d.Yms" "Mozilla/5.0 (Windows NT 6.1; rv:17.0) Gecko/20100101 Firefox/17.0"
89.204.139.76 - - [11/Jan/2013:23:48:07 +0100] "GET /00start.swf HTTP/1.1" 200 8575 "http://www.dialyse-calw.de/" "Mozilla/5.0 (Windows NT 6.1; rv:17.0) Gecko/20100101 Firefox/17.0"
89.204.139.76 - - [11/Jan/2013:23:48:11 +0100] "GET /favicon.ico HTTP/1.1" 404 1256 "-" "Mozilla/5.0 (Windows NT 6.1; rv:17.0) Gecko/20100101 Firefox/17.0"
89.204.139.76 - - [11/Jan/2013:23:48:28 +0100] "GET /00themen00.html HTTP/1.1" 200 2254 "http://www.dialyse-calw.de/" "Mozilla/5.0 (Windows NT 6.1; rv:17.0) Gecko/20100101 Firefox/17.0"
