89.106.221.146 - - [30/Jan/2013:13:58:26 +0100] "GET /AC_RunActiveContent.js HTTP/1.1" 304 - "http://www.dialyse-calw.de/03.swf" "Mozilla/4.0 (compatible; MSIE 8.0; Windows NT 5.2; Trident/4.0; .NET CLR 1.1.4322; .NET CLR 2.0.50727; .NET CLR 3.0.4506.2152; .NET CLR 3.5.30729; .NET4.0C; .NET4.0E)"
89.106.221.146 - - [30/Jan/2013:13:58:26 +0100] "GET /00themen00.swf HTTP/1.1" 304 - "http://www.dialyse-calw.de/00themen00.html" "Mozilla/4.0 (compatible; MSIE 8.0; Windows NT 5.2; Trident/4.0; .NET CLR 1.1.4322; .NET CLR 2.0.50727; .NET CLR 3.0.4506.2152; .NET CLR 3.5.30729; .NET4.0C; .NET4.0E)"
89.106.221.146 - - [30/Jan/2013:13:58:36 +0100] "GET /01.html HTTP/1.1" 200 1982 "http://www.dialyse-calw.de/00themen00.swf" "Mozilla/4.0 (compatible; MSIE 8.0; Windows NT 5.2; Trident/4.0; .NET CLR 1.1.4322; .NET CLR 2.0.50727; .NET CLR 3.0.4506.2152; .NET CLR 3.5.30729; .NET4.0C; .NET4.0E)"
89.106.221.146 - - [30/Jan/2013:13:58:36 +0100] "GET /01.swf HTTP/1.1" 200 19349 "http://www.dialyse-calw.de/01.html" "Mozilla/4.0 (compatible; MSIE 8.0; Windows NT 5.2; Trident/4.0; .NET CLR 1.1.4322; .NET CLR 2.0.50727; .NET CLR 3.0.4506.2152; .NET CLR 3.5.30729; .NET4.0C; .NET4.0E)"
89.106.221.146 - - [30/Jan/2013:13:58:49 +0100] "GET /03a.html HTTP/1.1" 200 1991 "http://www.dialyse-calw.de/00themen00.swf" "Mozilla/4.0 (compatible; MSIE 8.0; Windows NT 5.2; Trident/4.0; .NET CLR 1.1.4322; .NET CLR 2.0.50727; .NET CLR 3.0.4506.2152; .NET CLR 3.5.30729; .NET4.0C; .NET4.0E)"
89.106.221.146 - - [30/Jan/2013:13:58:49 +0100] "GET /03a.swf HTTP/1.1" 200 94997 "http://www.dialyse-calw.de/03a.html" "Mozilla/4.0 (compatible; MSIE 8.0; Windows NT 5.2; Trident/4.0; .NET CLR 1.1.4322; .NET CLR 2.0.50727; .NET CLR 3.0.4506.2152; .NET CLR 3.5.30729; .NET4.0C; .NET4.0E)"
157.55.32.189 - - [30/Jan/2013:13:59:20 +0100] "GET /robots.txt HTTP/1.1" 404 1256 "-" "Mozilla/5.0 (compatible; bingbot/2.0; +http://www.bing.com/bingbot.htm)"
89.106.221.146 - - [30/Jan/2013:13:59:34 +0100] "GET /02.html HTTP/1.1" 200 1982 "http://www.dialyse-calw.de/00themen00.swf" "Mozilla/4.0 (compatible; MSIE 8.0; Windows NT 5.2; Trident/4.0; .NET CLR 1.1.4322; .NET CLR 2.0.50727; .NET CLR 3.0.4506.2152; .NET CLR 3.5.30729; .NET4.0C; .NET4.0E)"
89.106.221.146 - - [30/Jan/2013:13:59:34 +0100] "GET /02.swf HTTP/1.1" 200 22781 "http://www.dialyse-calw.de/02.html" "Mozilla/4.0 (compatible; MSIE 8.0; Windows NT 5.2; Trident/4.0; .NET CLR 1.1.4322; .NET CLR 2.0.50727; .NET CLR 3.0.4506.2152; .NET CLR 3.5.30729; .NET4.0C; .NET4.0E)"
89.106.221.146 - - [30/Jan/2013:13:59:56 +0100] "GET /03.html HTTP/1.1" 304 - "http://www.dialyse-calw.de/00themen00.swf" "Mozilla/4.0 (compatible; MSIE 8.0; Windows NT 5.2; Trident/4.0; .NET CLR 1.1.4322; .NET CLR 2.0.50727; .NET CLR 3.0.4506.2152; .NET CLR 3.5.30729; .NET4.0C; .NET4.0E)"
89.106.221.146 - - [30/Jan/2013:13:59:56 +0100] "GET /03.swf HTTP/1.1" 304 - "http://www.dialyse-calw.de/03.html" "Mozilla/4.0 (compatible; MSIE 8.0; Windows NT 5.2; Trident/4.0; .NET CLR 1.1.4322; .NET CLR 2.0.50727; .NET CLR 3.0.4506.2152; .NET CLR 3.5.30729; .NET4.0C; .NET4.0E)"
157.55.32.189 - - [30/Jan/2013:14:00:43 +0100] "GET / HTTP/1.1" 200 2366 "-" "Mozilla/5.0 (compatible; bingbot/2.0; +http://www.bing.com/bingbot.htm)"
78.42.223.163 - - [30/Jan/2013:14:10:07 +0100] "GET / HTTP/1.1" 200 2366 "http://www.google.de/search?hl=de&redir_esc=&client=ms-android-sonyericsson&source=android-launcher-widget&v=133247963&qsubts=1359551389067&action=devloc&q=nephrologie+Pforzheim&v=133247963" "Mozilla/5.0 (Linux; U; Android 2.3.4; de-de; SonyEricssonR800i Build/4.0.2.A.0.69) AppleWebKit/533.1 (KHTML, like Gecko) Version/4.0 Mobile Safari/533.1"
78.42.223.163 - - [30/Jan/2013:14:10:08 +0100] "GET /00start.swf HTTP/1.1" 200 8575 "http://www.dialyse-calw.de/" "Mozilla/5.0 (Linux; U; Android 2.3.4; de-de; SonyEricssonR800i Build/4.0.2.A.0.69) AppleWebKit/533.1 (KHTML, like Gecko) Version/4.0 Mobile Safari/533.1"
78.42.223.163 - - [30/Jan/2013:14:10:10 +0100] "GET /favicon.ico HTTP/1.1" 404 1256 "http://www.dialyse-calw.de/" "Mozilla/5.0 (Linux; U; Android 2.3.4; de-de; SonyEricssonR800i Build/4.0.2.A.0.69) AppleWebKit/533.1 (KHTML, like Gecko) Version/4.0 Mobile Safari/533.1"
78.42.223.163 - - [30/Jan/2013:14:10:12 +0100] "GET /00themen00.html HTTP/1.1" 200 2254 "http://www.dialyse-calw.de/00start.swf" "Mozilla/5.0 (Linux; U; Android 2.3.4; de-de; SonyEricssonR800i Build/4.0.2.A.0.69) AppleWebKit/533.1 (KHTML, like Gecko) Version/4.0 Mobile Safari/533.1"
78.42.223.163 - - [30/Jan/2013:14:10:12 +0100] "GET /AC_RunActiveContent.js HTTP/1.1" 200 8029 "http://www.dialyse-calw.de/00themen00.html" "Mozilla/5.0 (Linux; U; Android 2.3.4; de-de; SonyEricssonR800i Build/4.0.2.A.0.69) AppleWebKit/533.1 (KHTML, like Gecko) Version/4.0 Mobile Safari/533.1"
78.42.223.163 - - [30/Jan/2013:14:10:12 +0100] "GET /00themen00.swf HTTP/1.1" 200 136579 "http://www.dialyse-calw.de/00themen00.html" "Mozilla/5.0 (Linux; U; Android 2.3.4; de-de; SonyEricssonR800i Build/4.0.2.A.0.69) AppleWebKit/533.1 (KHTML, like Gecko) Version/4.0 Mobile Safari/533.1"
78.42.223.163 - - [30/Jan/2013:14:10:27 +0100] "GET /03.html HTTP/1.1" 200 1982 "http://www.dialyse-calw.de/00themen00.swf" "Mozilla/5.0 (Linux; U; Android 2.3.4; de-de; SonyEricssonR800i Build/4.0.2.A.0.69) AppleWebKit/533.1 (KHTML, like Gecko) Version/4.0 Mobile Safari/533.1"
78.42.223.163 - - [30/Jan/2013:14:10:27 +0100] "GET /03.swf HTTP/1.1" 200 74505 "http://www.dialyse-calw.de/03.html" "Mozilla/5.0 (Linux; U; Android 2.3.4; de-de; SonyEricssonR800i Build/4.0.2.A.0.69) AppleWebKit/533.1 (KHTML, like Gecko) Version/4.0 Mobile Safari/533.1"
78.42.223.163 - - [30/Jan/2013:14:10:54 +0100] "GET /08.html HTTP/1.1" 200 2005 "http://www.dialyse-calw.de/00themen00.swf" "Mozilla/5.0 (Linux; U; Android 2.3.4; de-de; SonyEricssonR800i Build/4.0.2.A.0.69) AppleWebKit/533.1 (KHTML, like Gecko) Version/4.0 Mobile Safari/533.1"
78.42.223.163 - - [30/Jan/2013:14:10:54 +0100] "GET /08.swf HTTP/1.1" 200 20405 "http://www.dialyse-calw.de/08.html" "Mozilla/5.0 (Linux; U; Android 2.3.4; de-de; SonyEricssonR800i Build/4.0.2.A.0.69) AppleWebKit/533.1 (KHTML, like Gecko) Version/4.0 Mobile Safari/533.1"
178.255.215.69 - - [30/Jan/2013:14:12:45 +0100] "GET / HTTP/1.1" 304 - "-" "Mozilla/5.0 (compatible; Exabot/3.0; +http://www.exabot.com/go/robot)"
129.206.90.2 - - [30/Jan/2013:14:42:45 +0100] "GET / HTTP/1.1" 200 2366 "http://www.google.de/url?sa=t&rct=j&q=dialyse%20pforzheim&source=web&cd=1&ved=0CDAQFjAA&url=http%3A%2F%2Fwww.dialyse-calw.de%2F&ei=NiMJUbbbI4jXsgbUtoGACg&usg=AFQjCNECMxQiO0NOt3ERqW1uzT1RIToCeg&bvm=bv.41642243,d.Yms" "Mozilla/4.0 (compatible; MSIE 8.0; Windows NT 5.1; Trident/4.0; InfoPath.1; .NET CLR 2.0.50727; .NET CLR 3.0.04506.30)"
129.206.90.2 - - [30/Jan/2013:14:42:45 +0100] "GET /00start.swf HTTP/1.1" 200 8575 "http://www.dialyse-calw.de/" "Mozilla/4.0 (compatible; MSIE 8.0; Windows NT 5.1; Trident/4.0; InfoPath.1; .NET CLR 2.0.50727; .NET CLR 3.0.04506.30)"
66.249.75.235 - - [30/Jan/2013:15:29:44 +0100] "GET /hqzghlstgvdlg.html HTTP/1.1" 404 1256 "-" "Mozilla/5.0 (compatible; Googlebot/2.1; +http://www.google.com/bot.html)"
93.219.171.16 - - [30/Jan/2013:15:32:20 +0100] "GET /00start.swf HTTP/1.1" 200 8575 "-" "Mozilla/5.0 (Windows; U; Windows NT 6.0; de; rv:1.9.2.3) Gecko/20100401 Firefox/3.6.3 ( .NET CLR 3.5.30729)"
141.8.147.1 - - [30/Jan/2013:16:16:36 +0100] "GET /robots.txt HTTP/1.1" 404 1256 "-" "Mozilla/5.0 (compatible; YandexBot/3.0; +http://yandex.com/bots)"
145.253.108.114 - - [30/Jan/2013:16:56:11 +0100] "GET / HTTP/1.1" 200 2366 "http://www.google.de/url?sa=t&rct=j&q=nephrologisches%20zentrum%20pforzheim&source=web&cd=1&sqi=2&ved=0CDAQFjAA&url=http%3A%2F%2Fwww.dialyse-calw.de%2F&ei=fEIJUYXfNYrHtQa64IDQAw&usg=AFQjCNECMxQiO0NOt3ERqW1uzT1RIToCeg&bvm=bv.41642243,d.Yms" "Mozilla/4.0 (compatible; MSIE 8.0; Windows NT 5.1; Trident/4.0; .NET CLR 1.1.4322; .NET CLR 2.0.50727; .NET CLR 3.0.04506.648; .NET CLR 3.5.21022; .NET CLR 3.0.4506.2152; .NET CLR 3.5.30729; .NET4.0C; .NET4.0E; InfoPath.2)"
145.253.108.114 - - [30/Jan/2013:16:56:12 +0100] "GET /00start.swf HTTP/1.1" 200 8575 "-" "contype"
145.253.108.114 - - [30/Jan/2013:16:56:12 +0100] "GET /00start.swf HTTP/1.1" 200 8575 "http://www.dialyse-calw.de/" "Mozilla/4.0 (compatible; MSIE 8.0; Windows NT 5.1; Trident/4.0; .NET CLR 1.1.4322; .NET CLR 2.0.50727; .NET CLR 3.0.04506.648; .NET CLR 3.5.21022; .NET CLR 3.0.4506.2152; .NET CLR 3.5.30729; .NET4.0C; .NET4.0E; InfoPath.2)"
145.253.108.114 - - [30/Jan/2013:16:56:16 +0100] "GET /favicon.ico HTTP/1.1" 404 1256 "-" "Mozilla/4.0 (compatible; MSIE 8.0; Windows NT 5.1; Trident/4.0; .NET CLR 1.1.4322; .NET CLR 2.0.50727; .NET CLR 3.0.04506.648; .NET CLR 3.5.21022; .NET CLR 3.0.4506.2152; .NET CLR 3.5.30729; .NET4.0C; .NET4.0E; InfoPath.2)"
145.253.108.114 - - [30/Jan/2013:16:56:21 +0100] "GET / HTTP/1.1" 200 2366 "http://www.dialyse-calw.de/" "Mozilla/4.0 (compatible; MSIE 8.0; Windows NT 5.1; Trident/4.0; .NET CLR 1.1.4322; .NET CLR 2.0.50727; .NET CLR 3.0.04506.648; .NET CLR 3.5.21022; .NET CLR 3.0.4506.2152; .NET CLR 3.5.30729; .NET4.0C; .NET4.0E; InfoPath.2)"
145.253.108.114 - - [30/Jan/2013:16:56:21 +0100] "GET /00start.swf HTTP/1.1" 200 8575 "-" "contype"
145.253.108.114 - - [30/Jan/2013:16:56:21 +0100] "GET /00start.swf HTTP/1.1" 200 8575 "http://www.dialyse-pforzheim.de/" "Mozilla/4.0 (compatible; MSIE 8.0; Windows NT 5.1; Trident/4.0; .NET CLR 1.1.4322; .NET CLR 2.0.50727; .NET CLR 3.0.04506.648; .NET CLR 3.5.21022; .NET CLR 3.0.4506.2152; .NET CLR 3.5.30729; .NET4.0C; .NET4.0E; InfoPath.2)"
145.253.108.114 - - [30/Jan/2013:16:56:21 +0100] "GET /favicon.ico HTTP/1.1" 404 1256 "-" "Mozilla/4.0 (compatible; MSIE 8.0; Windows NT 5.1; Trident/4.0; .NET CLR 1.1.4322; .NET CLR 2.0.50727; .NET CLR 3.0.04506.648; .NET CLR 3.5.21022; .NET CLR 3.0.4506.2152; .NET CLR 3.5.30729; .NET4.0C; .NET4.0E; InfoPath.2)"
145.253.108.114 - - [30/Jan/2013:16:56:25 +0100] "GET /00themen00.html HTTP/1.1" 200 2254 "http://www.dialyse-pforzheim.de/00start.swf" "Mozilla/4.0 (compatible; MSIE 8.0; Windows NT 5.1; Trident/4.0; .NET CLR 1.1.4322; .NET CLR 2.0.50727; .NET CLR 3.0.04506.648; .NET CLR 3.5.21022; .NET CLR 3.0.4506.2152; .NET CLR 3.5.30729; .NET4.0C; .NET4.0E; InfoPath.2)"
145.253.108.114 - - [30/Jan/2013:16:56:25 +0100] "GET /AC_RunActiveContent.js HTTP/1.1" 200 8029 "http://www.dialyse-pforzheim.de/00start.swf" "Mozilla/4.0 (compatible; MSIE 8.0; Windows NT 5.1; Trident/4.0; .NET CLR 1.1.4322; .NET CLR 2.0.50727; .NET CLR 3.0.04506.648; .NET CLR 3.5.21022; .NET CLR 3.0.4506.2152; .NET CLR 3.5.30729; .NET4.0C; .NET4.0E; InfoPath.2)"
145.253.108.114 - - [30/Jan/2013:16:56:26 +0100] "GET /00themen00.swf HTTP/1.1" 200 136579 "http://www.dialyse-pforzheim.de/00themen00.html" "Mozilla/4.0 (compatible; MSIE 8.0; Windows NT 5.1; Trident/4.0; .NET CLR 1.1.4322; .NET CLR 2.0.50727; .NET CLR 3.0.04506.648; .NET CLR 3.5.21022; .NET CLR 3.0.4506.2152; .NET CLR 3.5.30729; .NET4.0C; .NET4.0E; InfoPath.2)"
145.253.108.114 - - [30/Jan/2013:16:56:26 +0100] "GET /favicon.ico HTTP/1.1" 404 1256 "-" "Mozilla/4.0 (compatible; MSIE 8.0; Windows NT 5.1; Trident/4.0; .NET CLR 1.1.4322; .NET CLR 2.0.50727; .NET CLR 3.0.04506.648; .NET CLR 3.5.21022; .NET CLR 3.0.4506.2152; .NET CLR 3.5.30729; .NET4.0C; .NET4.0E; InfoPath.2)"
145.253.108.114 - - [30/Jan/2013:16:56:36 +0100] "GET /08.html HTTP/1.1" 200 2005 "http://www.dialyse-pforzheim.de/00themen00.swf" "Mozilla/4.0 (compatible; MSIE 8.0; Windows NT 5.1; Trident/4.0; .NET CLR 1.1.4322; .NET CLR 2.0.50727; .NET CLR 3.0.04506.648; .NET CLR 3.5.21022; .NET CLR 3.0.4506.2152; .NET CLR 3.5.30729; .NET4.0C; .NET4.0E; InfoPath.2)"
145.253.108.114 - - [30/Jan/2013:16:56:36 +0100] "GET /08.swf HTTP/1.1" 200 20405 "http://www.dialyse-pforzheim.de/08.html" "Mozilla/4.0 (compatible; MSIE 8.0; Windows NT 5.1; Trident/4.0; .NET CLR 1.1.4322; .NET CLR 2.0.50727; .NET CLR 3.0.04506.648; .NET CLR 3.5.21022; .NET CLR 3.0.4506.2152; .NET CLR 3.5.30729; .NET4.0C; .NET4.0E; InfoPath.2)"
46.119.124.40 - - [30/Jan/2013:16:56:46 +0100] "GET / HTTP/1.1" 200 2366 "http://www.intim-all.ru/" "Mozilla/4.7 (compatible; OffByOne; Windows 2000) Webster Pro V3.4"
46.119.124.40 - - [30/Jan/2013:16:56:47 +0100] "GET / HTTP/1.1" 200 2366 "http://www.intim-all.ru/" "Mozilla/4.7 (compatible; OffByOne; Windows 2000) Webster Pro V3.4"
46.119.124.40 - - [30/Jan/2013:16:56:47 +0100] "GET / HTTP/1.1" 200 2366 "http://www.intim-all.ru/" "Mozilla/4.7 (compatible; OffByOne; Windows 2000) Webster Pro V3.4"
176.9.83.228 - - [30/Jan/2013:17:21:12 +0100] "GET /robots.txt HTTP/1.1" 404 1256 "-" "ExB Language Crawler 2.1.3 (+http://www.exb.de/crawler)"
176.9.83.228 - - [30/Jan/2013:17:21:12 +0100] "GET /robots.txt HTTP/1.1" 404 1256 "-" "ExB Language Crawler 2.1.3 (+http://www.exb.de/crawler)"
157.55.35.38 - - [30/Jan/2013:17:39:18 +0100] "GET /robots.txt HTTP/1.1" 404 1256 "-" "Mozilla/5.0 (compatible; bingbot/2.0; +http://www.bing.com/bingbot.htm)"
157.55.35.38 - - [30/Jan/2013:17:41:04 +0100] "GET / HTTP/1.1" 200 2366 "-" "Mozilla/5.0 (compatible; bingbot/2.0; +http://www.bing.com/bingbot.htm)"
66.249.78.187 - - [30/Jan/2013:17:49:46 +0100] "GET /robots.txt HTTP/1.1" 404 1256 "-" "Mozilla/5.0 (compatible; Googlebot/2.1; +http://www.google.com/bot.html)"
66.249.78.187 - - [30/Jan/2013:17:49:47 +0100] "GET /06.html HTTP/1.1" 304 - "-" "Mozilla/5.0 (compatible; Googlebot/2.1; +http://www.google.com/bot.html)"
78.46.154.39 - - [30/Jan/2013:17:58:46 +0100] "GET / HTTP/1.1" 200 2366 "-" "ExB Language Crawler 2.1.3 (+http://www.exb.de/crawler)"
157.55.32.166 - - [30/Jan/2013:18:18:42 +0100] "GET /robots.txt HTTP/1.1" 404 1256 "-" "Mozilla/5.0 (compatible; bingbot/2.0; +http://www.bing.com/bingbot.htm)"
157.55.32.166 - - [30/Jan/2013:18:20:43 +0100] "GET / HTTP/1.1" 200 2366 "-" "Mozilla/5.0 (compatible; bingbot/2.0; +http://www.bing.com/bingbot.htm)"
77.3.171.212 - - [30/Jan/2013:18:25:56 +0100] "HEAD / HTTP/1.1" 200 - "http://search.speedfox.cc" "Mozilla/5.0 (Windows NT 5.1; rv:18.0) Gecko/20100101 Firefox/18.0"
78.46.154.38 - - [30/Jan/2013:18:27:02 +0100] "GET / HTTP/1.1" 200 2366 "-" "ExB Language Crawler 2.1.3 (+http://www.exb.de/crawler)"
66.249.75.36 - - [30/Jan/2013:19:45:08 +0100] "GET /robots.txt HTTP/1.1" 404 1256 "-" "Mozilla/5.0 (compatible; Googlebot/2.1; +http://www.google.com/bot.html)"
66.249.78.36 - - [30/Jan/2013:19:45:11 +0100] "GET /04Karteaaa.html HTTP/1.1" 304 - "-" "Mozilla/5.0 (compatible; Googlebot/2.1; +http://www.google.com/bot.html)"
157.55.35.99 - - [30/Jan/2013:20:19:44 +0100] "GET /robots.txt HTTP/1.1" 404 1256 "-" "Mozilla/5.0 (compatible; bingbot/2.0; +http://www.bing.com/bingbot.htm)"
157.55.35.99 - - [30/Jan/2013:20:21:46 +0100] "GET /08.html HTTP/1.1" 200 2005 "-" "Mozilla/5.0 (compatible; bingbot/2.0; +http://www.bing.com/bingbot.htm)"
157.55.32.77 - - [30/Jan/2013:20:32:14 +0100] "GET / HTTP/1.1" 200 2366 "-" "Mozilla/5.0 (compatible; bingbot/2.0; +http://www.bing.com/bingbot.htm)"
157.55.32.56 - - [30/Jan/2013:20:48:17 +0100] "GET /08.swf HTTP/1.1" 200 20405 "-" "Mozilla/5.0 (compatible; bingbot/2.0; +http://www.bing.com/bingbot.htm)"
157.56.93.153 - - [30/Jan/2013:21:02:36 +0100] "GET /robots.txt HTTP/1.1" 404 1256 "-" "Mozilla/5.0 (compatible; bingbot/2.0; +http://www.bing.com/bingbot.htm)"
157.56.93.153 - - [30/Jan/2013:21:04:16 +0100] "GET /08.html HTTP/1.1" 200 2005 "-" "Mozilla/5.0 (compatible; bingbot/2.0; +http://www.bing.com/bingbot.htm)"
157.55.35.53 - - [30/Jan/2013:21:06:44 +0100] "GET /08.swf HTTP/1.1" 200 20405 "-" "Mozilla/5.0 (compatible; bingbot/2.0; +http://www.bing.com/bingbot.htm)"
180.76.5.154 - - [30/Jan/2013:21:56:18 +0100] "GET /robots.txt HTTP/1.1" 404 1256 "-" "Mozilla/5.0 (Windows NT 5.1; rv:6.0.2) Gecko/20100101 Firefox/6.0.2"
141.8.147.1 - - [30/Jan/2013:22:00:49 +0100] "GET / HTTP/1.1" 200 2366 "-" "Mozilla/5.0 (compatible; YandexBot/3.0; +http://yandex.com/bots)"
141.8.147.1 - - [30/Jan/2013:22:02:43 +0100] "GET /00start.swf HTTP/1.1" 200 8575 "-" "Mozilla/5.0 (compatible; YandexBot/3.0; +http://yandex.com/bots)"
95.108.150.235 - - [30/Jan/2013:22:40:01 +0100] "GET /robots.txt HTTP/1.1" 404 1256 "-" "Mozilla/5.0 (compatible; YandexBot/3.0; +http://yandex.com/bots)"
95.108.150.235 - - [30/Jan/2013:22:40:01 +0100] "GET /robots.txt HTTP/1.1" 404 1256 "-" "Mozilla/5.0 (compatible; YandexBot/3.0; +http://yandex.com/bots)"
95.108.150.235 - - [30/Jan/2013:22:40:02 +0100] "GET / HTTP/1.1" 200 2366 "-" "Mozilla/5.0 (compatible; YandexBot/3.0; +http://yandex.com/bots)"
95.108.150.235 - - [30/Jan/2013:22:40:02 +0100] "GET / HTTP/1.1" 200 2366 "-" "Mozilla/5.0 (compatible; YandexBot/3.0; +http://yandex.com/bots)"
95.108.150.235 - - [30/Jan/2013:22:40:03 +0100] "GET / HTTP/1.1" 200 2366 "-" "Mozilla/5.0 (compatible; YandexBot/3.0; +http://yandex.com/bots)"
95.108.150.235 - - [30/Jan/2013:22:40:03 +0100] "GET / HTTP/1.1" 200 2366 "-" "Mozilla/5.0 (compatible; YandexBot/3.0; +http://yandex.com/bots)"
95.108.150.235 - - [30/Jan/2013:22:40:03 +0100] "GET /robots.txt HTTP/1.1" 404 1256 "-" "Mozilla/5.0 (compatible; YandexBot/3.0; +http://yandex.com/bots)"
95.108.150.235 - - [30/Jan/2013:22:40:04 +0100] "GET / HTTP/1.1" 200 2366 "-" "Mozilla/5.0 (compatible; YandexBot/3.0; +http://yandex.com/bots)"
95.108.150.235 - - [30/Jan/2013:22:40:05 +0100] "GET / HTTP/1.1" 200 2366 "-" "Mozilla/5.0 (compatible; YandexBot/3.0; +http://yandex.com/bots)"
93.233.87.154 - - [30/Jan/2013:23:13:17 +0100] "GET /robots.txt HTTP/1.1" 404 1256 "-" "ExB Language Crawler 2.1.3 (+http://www.exb.de/crawler)"
93.233.87.154 - - [30/Jan/2013:23:13:17 +0100] "GET /robots.txt HTTP/1.1" 404 1256 "-" "ExB Language Crawler 2.1.3 (+http://www.exb.de/crawler)"
66.249.78.36 - - [31/Jan/2013:00:27:11 +0100] "GET /06.swf HTTP/1.1" 200 20731 "-" "Mozilla/5.0 (compatible; Googlebot/2.1; +http://www.google.com/bot.html)"
66.249.75.187 - - [31/Jan/2013:00:37:32 +0100] "GET /robots.txt HTTP/1.1" 404 1256 "-" "Mozilla/5.0 (compatible; Googlebot/2.1; +http://www.google.com/bot.html)"
66.249.78.187 - - [31/Jan/2013:00:37:32 +0100] "GET /09a.html HTTP/1.1" 200 2059 "-" "SAMSUNG-SGH-E250/1.0 Profile/MIDP-2.0 Configuration/CLDC-1.1 UP.Browser/6.2.3.3.c.1.101 (GUI) MMP/2.0 (compatible; Googlebot-Mobile/2.1; +http://www.google.com/bot.html)"
66.249.78.187 - - [31/Jan/2013:01:04:58 +0100] "GET /09a.html HTTP/1.1" 200 2059 "-" "Mozilla/5.0 (compatible; Googlebot/2.1; +http://www.google.com/bot.html)"
123.125.71.73 - - [31/Jan/2013:01:13:02 +0100] "GET / HTTP/1.1" 200 2366 "-" "Mozilla/5.0 (compatible; Baiduspider/2.0; +http://www.baidu.com/search/spider.html)"
87.106.28.40 - - [31/Jan/2013:01:56:12 +0100] "GET / HTTP/1.1" 200 2366 "-" "ExB Language Crawler 2.1.3 (+http://www.exb.de/crawler)"
157.55.32.189 - - [31/Jan/2013:01:58:41 +0100] "GET /robots.txt HTTP/1.1" 404 1256 "-" "Mozilla/5.0 (compatible; bingbot/2.0; +http://www.bing.com/bingbot.htm)"
157.55.32.189 - - [31/Jan/2013:02:00:38 +0100] "GET / HTTP/1.1" 200 2366 "-" "Mozilla/5.0 (compatible; bingbot/2.0; +http://www.bing.com/bingbot.htm)"
66.249.75.187 - - [31/Jan/2013:02:35:02 +0100] "GET / HTTP/1.1" 304 - "-" "Mozilla/5.0 (compatible; Googlebot/2.1; +http://www.google.com/bot.html)"
37.139.52.23 - - [31/Jan/2013:02:53:35 +0100] "GET / HTTP/1.1" 200 2366 "http://www.olloclip-fisheye.ru/" "Mozilla/5.0 (Windows NT 5.1; U; en) Opera 8.00"
37.139.52.23 - - [31/Jan/2013:02:53:36 +0100] "GET / HTTP/1.1" 200 2366 "http://www.olloclip-fisheye.ru/" "Mozilla/5.0 (Windows NT 5.1; U; en) Opera 8.00"
199.19.249.196 - - [31/Jan/2013:03:18:07 +0100] "GET / HTTP/1.1" 200 2366 "-" "Mozilla/4.0 (compatible; MSIE 7.0; Windows NT 5.1; InfoPath.1; .NET CLR 2.0.50727; .NET CLR 1.1.4322; MS-RTC LM 8; .NET CLR 3.0.4506.2152; .NET CLR 3.5.30729)"
91.224.226.196 - - [31/Jan/2013:03:18:07 +0100] "GET / HTTP/1.1" 200 2366 "http://www.google.de/url?sa=t&rct=j&q=dialysezentrum%20nagold&source=web&cd=1&ved=0CDAQFjAA&url=http%3A%2F%2Fwww.dialyse-calw.de%2F&ei=ENQJUcrNLKGm4ATJ44CACw&usg=AFQjCNECMxQiO0NOt3ERqW1uzT1RIToCeg" "Mozilla/4.0 (compatible; MSIE 8.0; Windows NT 5.2; Trident/4.0; .NET CLR 1.1.4322; .NET CLR 2.0.50727; .NET CLR 3.0.4506.2152; .NET CLR 3.5.30729; .NET4.0C; .NET4.0E)"
91.224.226.196 - - [31/Jan/2013:03:18:08 +0100] "GET /00start.swf HTTP/1.1" 200 8575 "http://www.dialyse-calw.de/" "Mozilla/4.0 (compatible; MSIE 8.0; Windows NT 5.2; Trident/4.0; .NET CLR 1.1.4322; .NET CLR 2.0.50727; .NET CLR 3.0.4506.2152; .NET CLR 3.5.30729; .NET4.0C; .NET4.0E)"
91.224.226.196 - - [31/Jan/2013:03:18:10 +0100] "GET /favicon.ico HTTP/1.1" 404 1256 "-" "Mozilla/4.0 (compatible; MSIE 8.0; Windows NT 5.2; Trident/4.0; .NET CLR 1.1.4322; .NET CLR 2.0.50727; .NET CLR 3.0.4506.2152; .NET CLR 3.5.30729; .NET4.0C; .NET4.0E)"
199.19.249.196 - - [31/Jan/2013:03:18:11 +0100] "GET /00themen00.html HTTP/1.1" 200 2254 "-" "Mozilla/4.0 (compatible; MSIE 7.0; Windows NT 5.1; InfoPath.1; .NET CLR 2.0.50727; .NET CLR 1.1.4322; MS-RTC LM 8; .NET CLR 3.0.4506.2152; .NET CLR 3.5.30729)"
91.224.226.196 - - [31/Jan/2013:03:18:11 +0100] "GET /00themen00.html HTTP/1.1" 200 2254 "http://www.dialyse-calw.de/00start.swf" "Mozilla/4.0 (compatible; MSIE 8.0; Windows NT 5.2; Trident/4.0; .NET CLR 1.1.4322; .NET CLR 2.0.50727; .NET CLR 3.0.4506.2152; .NET CLR 3.5.30729; .NET4.0C; .NET4.0E)"
91.224.226.196 - - [31/Jan/2013:03:18:11 +0100] "GET /AC_RunActiveContent.js HTTP/1.1" 200 8029 "http://www.dialyse-calw.de/00themen00.html" "Mozilla/4.0 (compatible; MSIE 8.0; Windows NT 5.2; Trident/4.0; .NET CLR 1.1.4322; .NET CLR 2.0.50727; .NET CLR 3.0.4506.2152; .NET CLR 3.5.30729; .NET4.0C; .NET4.0E)"
91.224.226.196 - - [31/Jan/2013:03:18:11 +0100] "GET /00themen00.swf HTTP/1.1" 200 136579 "http://www.dialyse-calw.de/00themen00.html" "Mozilla/4.0 (compatible; MSIE 8.0; Windows NT 5.2; Trident/4.0; .NET CLR 1.1.4322; .NET CLR 2.0.50727; .NET CLR 3.0.4506.2152; .NET CLR 3.5.30729; .NET4.0C; .NET4.0E)"
91.224.226.196 - - [31/Jan/2013:03:18:11 +0100] "GET /favicon.ico HTTP/1.1" 404 1256 "-" "Mozilla/4.0 (compatible; MSIE 8.0; Windows NT 5.2; Trident/4.0; .NET CLR 1.1.4322; .NET CLR 2.0.50727; .NET CLR 3.0.4506.2152; .NET CLR 3.5.30729; .NET4.0C; .NET4.0E)"
199.19.249.196 - - [31/Jan/2013:03:18:13 +0100] "GET /03.html HTTP/1.1" 200 1982 "-" "Mozilla/4.0 (compatible; MSIE 7.0; Windows NT 5.1; InfoPath.1; .NET CLR 2.0.50727; .NET CLR 1.1.4322; MS-RTC LM 8; .NET CLR 3.0.4506.2152; .NET CLR 3.5.30729)"
91.224.226.196 - - [31/Jan/2013:03:18:13 +0100] "GET /03.html HTTP/1.1" 200 1982 "http://www.dialyse-calw.de/00themen00.swf" "Mozilla/4.0 (compatible; MSIE 8.0; Windows NT 5.2; Trident/4.0; .NET CLR 1.1.4322; .NET CLR 2.0.50727; .NET CLR 3.0.4506.2152; .NET CLR 3.5.30729; .NET4.0C; .NET4.0E)"
91.224.226.196 - - [31/Jan/2013:03:18:13 +0100] "GET /03.swf HTTP/1.1" 200 74505 "http://www.dialyse-calw.de/03.html" "Mozilla/4.0 (compatible; MSIE 8.0; Windows NT 5.2; Trident/4.0; .NET CLR 1.1.4322; .NET CLR 2.0.50727; .NET CLR 3.0.4506.2152; .NET CLR 3.5.30729; .NET4.0C; .NET4.0E)"
66.249.78.36 - - [31/Jan/2013:03:19:40 +0100] "GET /09a.html HTTP/1.1" 200 2059 "-" "SAMSUNG-SGH-E250/1.0 Profile/MIDP-2.0 Configuration/CLDC-1.1 UP.Browser/6.2.3.3.c.1.101 (GUI) MMP/2.0 (compatible; Googlebot-Mobile/2.1; +http://www.google.com/bot.html)"
199.19.249.196 - - [31/Jan/2013:03:21:31 +0100] "GET /08.html HTTP/1.1" 200 2005 "-" "Mozilla/4.0 (compatible; MSIE 7.0; Windows NT 5.1; InfoPath.1; .NET CLR 2.0.50727; .NET CLR 1.1.4322; MS-RTC LM 8; .NET CLR 3.0.4506.2152; .NET CLR 3.5.30729)"
91.224.226.196 - - [31/Jan/2013:03:21:31 +0100] "GET /08.html HTTP/1.1" 200 2005 "http://www.dialyse-calw.de/00themen00.swf" "Mozilla/4.0 (compatible; MSIE 8.0; Windows NT 5.2; Trident/4.0; .NET CLR 1.1.4322; .NET CLR 2.0.50727; .NET CLR 3.0.4506.2152; .NET CLR 3.5.30729; .NET4.0C; .NET4.0E)"
91.224.226.196 - - [31/Jan/2013:03:21:31 +0100] "GET /08.swf HTTP/1.1" 200 20405 "http://www.dialyse-calw.de/08.html" "Mozilla/4.0 (compatible; MSIE 8.0; Windows NT 5.2; Trident/4.0; .NET CLR 1.1.4322; .NET CLR 2.0.50727; .NET CLR 3.0.4506.2152; .NET CLR 3.5.30729; .NET4.0C; .NET4.0E)"
157.55.32.189 - - [31/Jan/2013:04:06:32 +0100] "GET /robots.txt HTTP/1.1" 404 1256 "-" "Mozilla/5.0 (compatible; bingbot/2.0; +http://www.bing.com/bingbot.htm)"
157.55.32.189 - - [31/Jan/2013:04:09:10 +0100] "GET / HTTP/1.1" 304 - "-" "Mozilla/5.0 (compatible; bingbot/2.0; +http://www.bing.com/bingbot.htm)"
66.249.78.235 - - [31/Jan/2013:04:13:52 +0100] "GET /robots.txt HTTP/1.1" 404 1256 "-" "Mozilla/5.0 (compatible; Googlebot/2.1; +http://www.google.com/bot.html)"
66.249.75.235 - - [31/Jan/2013:04:13:52 +0100] "GET /07.html HTTP/1.1" 200 2319 "-" "SAMSUNG-SGH-E250/1.0 Profile/MIDP-2.0 Configuration/CLDC-1.1 UP.Browser/6.2.3.3.c.1.101 (GUI) MMP/2.0 (compatible; Googlebot-Mobile/2.1; +http://www.google.com/bot.html)"
157.55.32.189 - - [31/Jan/2013:05:01:54 +0100] "GET /robots.txt HTTP/1.1" 404 1256 "-" "Mozilla/5.0 (compatible; bingbot/2.0; +http://www.bing.com/bingbot.htm)"
157.55.32.189 - - [31/Jan/2013:05:03:40 +0100] "GET / HTTP/1.1" 304 - "-" "Mozilla/5.0 (compatible; bingbot/2.0; +http://www.bing.com/bingbot.htm)"
141.8.147.1 - - [31/Jan/2013:05:32:39 +0100] "GET /robots.txt HTTP/1.1" 404 1256 "-" "Mozilla/5.0 (compatible; YandexBot/3.0; +http://yandex.com/bots)"
157.55.32.166 - - [31/Jan/2013:06:11:59 +0100] "GET /robots.txt HTTP/1.1" 404 1256 "-" "Mozilla/5.0 (compatible; bingbot/2.0; +http://www.bing.com/bingbot.htm)"
157.55.32.166 - - [31/Jan/2013:06:13:56 +0100] "GET / HTTP/1.1" 200 2366 "-" "Mozilla/5.0 (compatible; bingbot/2.0; +http://www.bing.com/bingbot.htm)"
87.106.28.40 - - [31/Jan/2013:06:31:51 +0100] "GET / HTTP/1.1" 200 2366 "-" "ExB Language Crawler 2.1.3 (+http://www.exb.de/crawler)"
157.56.229.23 - - [31/Jan/2013:06:49:52 +0100] "GET /robots.txt HTTP/1.1" 404 1256 "-" "Mozilla/5.0 (compatible; bingbot/2.0; +http://www.bing.com/bingbot.htm)"
157.56.229.23 - - [31/Jan/2013:06:51:23 +0100] "GET / HTTP/1.1" 200 2366 "-" "Mozilla/5.0 (compatible; bingbot/2.0; +http://www.bing.com/bingbot.htm)"
141.8.147.1 - - [31/Jan/2013:07:05:52 +0100] "GET /00themen00.html HTTP/1.1" 304 - "-" "Mozilla/5.0 (compatible; YandexBot/3.0; +http://yandex.com/bots)"
157.55.35.99 - - [31/Jan/2013:07:28:22 +0100] "GET /robots.txt HTTP/1.1" 404 1256 "-" "Mozilla/5.0 (compatible; bingbot/2.0; +http://www.bing.com/bingbot.htm)"
157.55.35.99 - - [31/Jan/2013:07:30:22 +0100] "GET /04Karteddd.html HTTP/1.1" 200 2077 "-" "Mozilla/5.0 (compatible; bingbot/2.0; +http://www.bing.com/bingbot.htm)"
193.197.166.154 - - [31/Jan/2013:08:37:41 +0100] "GET /00start.swf HTTP/1.1" 304 - "-" "Mozilla/4.0 (compatible;)"
176.9.97.10 - - [31/Jan/2013:09:12:27 +0100] "GET /robots.txt HTTP/1.1" 404 1256 "-" "ExB Language Crawler 2.1.3 (+http://www.exb.de/crawler)"
66.249.78.36 - - [31/Jan/2013:09:13:55 +0100] "GET /robots.txt HTTP/1.1" 404 1256 "-" "Mozilla/5.0 (compatible; Googlebot/2.1; +http://www.google.com/bot.html)"
66.249.78.36 - - [31/Jan/2013:09:13:55 +0100] "GET /08.html HTTP/1.1" 304 - "-" "Mozilla/5.0 (compatible; Googlebot/2.1; +http://www.google.com/bot.html)"
89.106.220.66 - - [31/Jan/2013:09:26:07 +0100] "GET / HTTP/1.0" 200 2366 "http://www.google.de/url?sa=t&rct=j&q=Nephrologisches+Zentrum+Nagold&source=web&cd=2&ved=0CDkQFjAB&url=http%3A%2F%2Fwww.dialyse-calw.de%2F&ei=dSoKUdi_J4Gs4ATW1YCwBQ&usg=AFQjCNECMxQiO0NOt3ERqW1uzT1RIToCeg&bvm=bv.41642243,d.Yms" "Mozilla/4.0 (compatible; MSIE 8.0; Windows NT 5.1; Trident/4.0; .NET CLR 2.0.50727; .NET CLR 3.0.4506.2152; .NET CLR 3.5.30729; .NET4.0C; .NET4.0E)"
89.106.220.66 - - [31/Jan/2013:09:26:08 +0100] "GET /00start.swf HTTP/1.0" 200 8575 "-" "contype"
89.106.220.66 - - [31/Jan/2013:09:26:10 +0100] "GET /favicon.ico HTTP/1.0" 404 1256 "-" "Mozilla/4.0 (compatible; MSIE 8.0; Windows NT 5.1; Trident/4.0; .NET CLR 2.0.50727; .NET CLR 3.0.4506.2152; .NET CLR 3.5.30729; .NET4.0C; .NET4.0E)"
89.106.220.66 - - [31/Jan/2013:09:26:14 +0100] "GET /00themen00.html HTTP/1.0" 200 2254 "http://www.dialyse-calw.de/00start.swf" "Mozilla/4.0 (compatible; MSIE 8.0; Windows NT 5.1; Trident/4.0; .NET CLR 2.0.50727; .NET CLR 3.0.4506.2152; .NET CLR 3.5.30729; .NET4.0C; .NET4.0E)"
89.106.220.66 - - [31/Jan/2013:09:26:14 +0100] "GET /AC_RunActiveContent.js HTTP/1.0" 200 8029 "http://www.dialyse-calw.de/00start.swf" "Mozilla/4.0 (compatible; MSIE 8.0; Windows NT 5.1; Trident/4.0; .NET CLR 2.0.50727; .NET CLR 3.0.4506.2152; .NET CLR 3.5.30729; .NET4.0C; .NET4.0E)"
89.106.220.66 - - [31/Jan/2013:09:26:14 +0100] "GET /00themen00.swf HTTP/1.0" 200 136579 "http://www.dialyse-calw.de/00themen00.html" "Mozilla/4.0 (compatible; MSIE 8.0; Windows NT 5.1; Trident/4.0; .NET CLR 2.0.50727; .NET CLR 3.0.4506.2152; .NET CLR 3.5.30729; .NET4.0C; .NET4.0E)"
89.106.220.66 - - [31/Jan/2013:09:26:23 +0100] "GET /03.html HTTP/1.0" 200 1982 "http://www.dialyse-calw.de/00themen00.swf" "Mozilla/4.0 (compatible; MSIE 8.0; Windows NT 5.1; Trident/4.0; .NET CLR 2.0.50727; .NET CLR 3.0.4506.2152; .NET CLR 3.5.30729; .NET4.0C; .NET4.0E)"
89.106.220.66 - - [31/Jan/2013:09:26:25 +0100] "GET /03.swf HTTP/1.0" 200 74505 "http://www.dialyse-calw.de/03.html" "Mozilla/4.0 (compatible; MSIE 8.0; Windows NT 5.1; Trident/4.0; .NET CLR 2.0.50727; .NET CLR 3.0.4506.2152; .NET CLR 3.5.30729; .NET4.0C; .NET4.0E)"
89.106.220.66 - - [31/Jan/2013:09:27:03 +0100] "GET /08.html HTTP/1.0" 200 2005 "http://www.dialyse-calw.de/00themen00.swf" "Mozilla/4.0 (compatible; MSIE 8.0; Windows NT 5.1; Trident/4.0; .NET CLR 2.0.50727; .NET CLR 3.0.4506.2152; .NET CLR 3.5.30729; .NET4.0C; .NET4.0E)"
89.106.220.66 - - [31/Jan/2013:09:27:04 +0100] "GET /08.swf HTTP/1.0" 200 20405 "http://www.dialyse-calw.de/08.html" "Mozilla/4.0 (compatible; MSIE 8.0; Windows NT 5.1; Trident/4.0; .NET CLR 2.0.50727; .NET CLR 3.0.4506.2152; .NET CLR 3.5.30729; .NET4.0C; .NET4.0E)"
157.55.32.77 - - [31/Jan/2013:09:31:18 +0100] "GET /robots.txt HTTP/1.1" 404 1256 "-" "Mozilla/5.0 (compatible; bingbot/2.0; +http://www.bing.com/bingbot.htm)"
157.55.32.77 - - [31/Jan/2013:09:32:54 +0100] "GET / HTTP/1.1" 200 2366 "-" "Mozilla/5.0 (compatible; bingbot/2.0; +http://www.bing.com/bingbot.htm)"
93.205.62.26 - - [31/Jan/2013:09:37:10 +0100] "GET / HTTP/1.1" 200 2366 "http://www.google.de/url?sa=t&rct=j&q=&esrc=s&source=web&cd=3&ved=0CEMQFjAC&url=http%3A%2F%2Fwww.dialyse-calw.de%2F&ei=Ay0KUaqlCsbwsgbW5IHQDw&usg=AFQjCNECMxQiO0NOt3ERqW1uzT1RIToCeg&bvm=bv.41642243,d.Yms" "Mozilla/5.0 (Windows NT 5.1; rv:18.0) Gecko/20100101 Firefox/18.0"
93.205.62.26 - - [31/Jan/2013:09:37:10 +0100] "GET /00start.swf HTTP/1.1" 200 8575 "http://www.dialyse-calw.de/" "Mozilla/5.0 (Windows NT 5.1; rv:18.0) Gecko/20100101 Firefox/18.0"
93.205.62.26 - - [31/Jan/2013:09:37:13 +0100] "GET /favicon.ico HTTP/1.1" 404 1256 "-" "Mozilla/5.0 (Windows NT 5.1; rv:18.0) Gecko/20100101 Firefox/18.0"
93.205.62.26 - - [31/Jan/2013:09:37:15 +0100] "GET /00themen00.html HTTP/1.1" 200 2254 "http://www.dialyse-calw.de/" "Mozilla/5.0 (Windows NT 5.1; rv:18.0) Gecko/20100101 Firefox/18.0"
93.205.62.26 - - [31/Jan/2013:09:37:15 +0100] "GET /AC_RunActiveContent.js HTTP/1.1" 200 8029 "http://www.dialyse-calw.de/00themen00.html" "Mozilla/5.0 (Windows NT 5.1; rv:18.0) Gecko/20100101 Firefox/18.0"
93.205.62.26 - - [31/Jan/2013:09:37:15 +0100] "GET /00themen00.swf HTTP/1.1" 200 136579 "http://www.dialyse-calw.de/00themen00.html" "Mozilla/5.0 (Windows NT 5.1; rv:18.0) Gecko/20100101 Firefox/18.0"
93.205.62.26 - - [31/Jan/2013:09:37:23 +0100] "GET /03a.html HTTP/1.1" 200 1991 "http://www.dialyse-calw.de/00themen00.html" "Mozilla/5.0 (Windows NT 5.1; rv:18.0) Gecko/20100101 Firefox/18.0"
93.205.62.26 - - [31/Jan/2013:09:37:23 +0100] "GET /03a.swf HTTP/1.1" 200 94997 "http://www.dialyse-calw.de/03a.html" "Mozilla/5.0 (Windows NT 5.1; rv:18.0) Gecko/20100101 Firefox/18.0"
93.205.62.26 - - [31/Jan/2013:09:37:49 +0100] "GET /03.html HTTP/1.1" 200 1982 "http://www.dialyse-calw.de/00themen00.html" "Mozilla/5.0 (Windows NT 5.1; rv:18.0) Gecko/20100101 Firefox/18.0"
93.205.62.26 - - [31/Jan/2013:09:37:50 +0100] "GET /03.swf HTTP/1.1" 200 74505 "http://www.dialyse-calw.de/03.html" "Mozilla/5.0 (Windows NT 5.1; rv:18.0) Gecko/20100101 Firefox/18.0"
93.205.62.26 - - [31/Jan/2013:09:38:31 +0100] "GET /05.html HTTP/1.1" 200 1982 "http://www.dialyse-calw.de/00themen00.html" "Mozilla/5.0 (Windows NT 5.1; rv:18.0) Gecko/20100101 Firefox/18.0"
93.205.62.26 - - [31/Jan/2013:09:38:31 +0100] "GET /05.swf HTTP/1.1" 200 58083 "http://www.dialyse-calw.de/05.html" "Mozilla/5.0 (Windows NT 5.1; rv:18.0) Gecko/20100101 Firefox/18.0"
93.205.62.26 - - [31/Jan/2013:09:38:59 +0100] "GET /08.html HTTP/1.1" 200 2005 "http://www.dialyse-calw.de/00themen00.html" "Mozilla/5.0 (Windows NT 5.1; rv:18.0) Gecko/20100101 Firefox/18.0"
93.205.62.26 - - [31/Jan/2013:09:39:00 +0100] "GET /08.swf HTTP/1.1" 200 20405 "http://www.dialyse-calw.de/08.html" "Mozilla/5.0 (Windows NT 5.1; rv:18.0) Gecko/20100101 Firefox/18.0"
93.205.62.26 - - [31/Jan/2013:09:39:19 +0100] "GET /09.html HTTP/1.1" 200 2086 "http://www.dialyse-calw.de/00themen00.html" "Mozilla/5.0 (Windows NT 5.1; rv:18.0) Gecko/20100101 Firefox/18.0"
93.205.62.26 - - [31/Jan/2013:09:39:19 +0100] "GET /09.swf HTTP/1.1" 200 23096 "http://www.dialyse-calw.de/09.html" "Mozilla/5.0 (Windows NT 5.1; rv:18.0) Gecko/20100101 Firefox/18.0"
93.205.62.26 - - [31/Jan/2013:09:39:38 +0100] "GET /06.html HTTP/1.1" 200 2278 "http://www.dialyse-calw.de/00themen00.html" "Mozilla/5.0 (Windows NT 5.1; rv:18.0) Gecko/20100101 Firefox/18.0"
93.205.62.26 - - [31/Jan/2013:09:39:39 +0100] "GET /06.swf HTTP/1.1" 200 20731 "http://www.dialyse-calw.de/06.html" "Mozilla/5.0 (Windows NT 5.1; rv:18.0) Gecko/20100101 Firefox/18.0"
93.201.77.11 - - [31/Jan/2013:10:10:53 +0100] "GET /sitemap.xml HTTP/1.1" 404 1256 "-" "Mozilla/5.0 (Windows NT 6.1; WOW64; rv:18.0) Gecko/20100101 Firefox/18.0"
207.241.226.101 - - [31/Jan/2013:10:10:54 +0100] "GET /robots.txt HTTP/1.1" 404 1256 "-" "ia_archiver(OS-Wayback)"
66.249.78.235 - - [31/Jan/2013:10:53:25 +0100] "GET /04Kartebbb.html HTTP/1.1" 200 2077 "-" "Mozilla/5.0 (compatible; Googlebot/2.1; +http://www.google.com/bot.html)"
46.119.124.40 - - [31/Jan/2013:11:21:00 +0100] "GET / HTTP/1.1" 200 2366 "http://taxi-odessa-kherson.com/" "Mozilla/4.0 (compatible; MSIE 5.5; Windows 95; BCD2000)"
46.119.124.40 - - [31/Jan/2013:11:21:00 +0100] "GET / HTTP/1.1" 200 2366 "http://taxi-odessa-kherson.com/" "Mozilla/4.0 (compatible; MSIE 5.5; Windows 95; BCD2000)"
46.119.124.40 - - [31/Jan/2013:11:21:01 +0100] "GET / HTTP/1.1" 200 2366 "http://taxi-odessa-kherson.com/" "Mozilla/4.0 (compatible; MSIE 5.5; Windows 95; BCD2000)"
202.46.62.30 - - [31/Jan/2013:11:40:29 +0100] "GET / HTTP/1.1" 200 2366 "-" "Mozilla/5.0 (compatible; Baiduspider/2.0; +http://www.baidu.com/search/spider.html)"
180.76.5.97 - - [31/Jan/2013:11:42:15 +0100] "GET / HTTP/1.1" 200 2366 "-" "Mozilla/5.0 (compatible; Baiduspider/2.0; +http://www.baidu.com/search/spider.html)"
129.206.90.2 - - [31/Jan/2013:11:57:51 +0100] "GET /favicon.ico HTTP/1.1" 404 1256 "-" "Mozilla/4.0 (compatible; MSIE 8.0; Windows NT 5.1; Trident/4.0; InfoPath.1; .NET CLR 2.0.50727; .NET CLR 3.0.04506.30)"
129.206.90.2 - - [31/Jan/2013:11:57:52 +0100] "GET /favicon.ico HTTP/1.1" 404 1256 "-" "Mozilla/4.0 (compatible; MSIE 8.0; Windows NT 5.1; Trident/4.0; InfoPath.1; .NET CLR 2.0.50727; .NET CLR 3.0.04506.30)"
129.206.90.2 - - [31/Jan/2013:11:57:55 +0100] "GET /08.html HTTP/1.1" 200 2005 "http://www.dialyse-calw.de/00themen00.swf" "Mozilla/4.0 (compatible; MSIE 8.0; Windows NT 5.1; Trident/4.0; InfoPath.1; .NET CLR 2.0.50727; .NET CLR 3.0.04506.30)"
88.66.56.253 - - [31/Jan/2013:11:57:57 +0100] "GET / HTTP/1.1" 200 2366 "http://www.google.de/url?sa=t&rct=j&q=nephrologie%20pforzheim&source=web&cd=1&ved=0CD4QFjAA&url=http%3A%2F%2Fwww.dialyse-calw.de%2F&ei=tU0KUdKPGsn74QST34DoBw&usg=AFQjCNECMxQiO0NOt3ERqW1uzT1RIToCeg&bvm=bv.41642243,d.bGE" "Mozilla/5.0 (Windows NT 5.1; rv:8.0) Gecko/20100101 Firefox/8.0"
88.66.56.253 - - [31/Jan/2013:11:57:58 +0100] "GET /00start.swf HTTP/1.1" 200 8575 "http://www.dialyse-calw.de/" "Mozilla/5.0 (Windows NT 5.1; rv:8.0) Gecko/20100101 Firefox/8.0"
88.66.56.253 - - [31/Jan/2013:11:57:59 +0100] "GET /favicon.ico HTTP/1.1" 404 1256 "-" "Mozilla/5.0 (Windows NT 5.1; rv:8.0) Gecko/20100101 Firefox/8.0"
88.66.56.253 - - [31/Jan/2013:11:57:59 +0100] "GET /favicon.ico HTTP/1.1" 404 1256 "-" "Mozilla/5.0 (Windows NT 5.1; rv:8.0) Gecko/20100101 Firefox/8.0"
88.66.56.253 - - [31/Jan/2013:11:58:05 +0100] "GET /00themen00.html HTTP/1.1" 200 2254 "http://www.dialyse-calw.de/" "Mozilla/5.0 (Windows NT 5.1; rv:8.0) Gecko/20100101 Firefox/8.0"
88.66.56.253 - - [31/Jan/2013:11:58:05 +0100] "GET /AC_RunActiveContent.js HTTP/1.1" 200 8029 "http://www.dialyse-calw.de/00themen00.html" "Mozilla/5.0 (Windows NT 5.1; rv:8.0) Gecko/20100101 Firefox/8.0"
88.66.56.253 - - [31/Jan/2013:11:58:05 +0100] "GET /00themen00.swf HTTP/1.1" 200 136579 "http://www.dialyse-calw.de/00themen00.html" "Mozilla/5.0 (Windows NT 5.1; rv:8.0) Gecko/20100101 Firefox/8.0"
88.66.56.253 - - [31/Jan/2013:11:58:08 +0100] "GET /03.html HTTP/1.1" 200 1982 "http://www.dialyse-calw.de/00themen00.html" "Mozilla/5.0 (Windows NT 5.1; rv:8.0) Gecko/20100101 Firefox/8.0"
88.66.56.253 - - [31/Jan/2013:11:58:08 +0100] "GET /03.swf HTTP/1.1" 200 74505 "http://www.dialyse-calw.de/03.html" "Mozilla/5.0 (Windows NT 5.1; rv:8.0) Gecko/20100101 Firefox/8.0"
88.66.56.253 - - [31/Jan/2013:11:58:17 +0100] "GET /08.html HTTP/1.1" 200 2005 "http://www.dialyse-calw.de/00themen00.html" "Mozilla/5.0 (Windows NT 5.1; rv:8.0) Gecko/20100101 Firefox/8.0"
88.66.56.253 - - [31/Jan/2013:11:58:18 +0100] "GET /08.swf HTTP/1.1" 200 20405 "http://www.dialyse-calw.de/08.html" "Mozilla/5.0 (Windows NT 5.1; rv:8.0) Gecko/20100101 Firefox/8.0"
176.9.97.10 - - [31/Jan/2013:12:15:24 +0100] "GET / HTTP/1.1" 200 2366 "-" "ExB Language Crawler 2.1.3 (+http://www.exb.de/crawler)"
123.125.71.77 - - [31/Jan/2013:12:49:15 +0100] "GET / HTTP/1.1" 200 2366 "-" "Mozilla/5.0 (compatible; Baiduspider/2.0; +http://www.baidu.com/search/spider.html)"
66.249.78.235 - - [31/Jan/2013:12:52:13 +0100] "GET /09a.html HTTP/1.1" 304 - "-" "Mozilla/5.0 (compatible; Googlebot/2.1; +http://www.google.com/bot.html)"
208.115.113.92 - - [31/Jan/2013:12:58:43 +0100] "GET /robots.txt HTTP/1.1" 404 1256 "-" "Mozilla/5.0 (compatible; Ezooms/1.0; ezooms.bot@gmail.com)"
217.7.195.127 - - [31/Jan/2013:13:02:54 +0100] "GET / HTTP/1.1" 200 2366 "http://www.google.de/url?sa=t&rct=j&q=nephrologisches%20centrum%20pforzheim-calw-nagold&source=web&cd=1&ved=0CCwQFjAA&url=http%3A%2F%2Fwww.dialyse-calw.de%2F&ei=Q10KUeSfEcXJswaKn4Ag&usg=AFQjCNECMxQiO0NOt3ERqW1uzT1RIToCeg" "Mozilla/5.0 (Windows NT 6.1; WOW64; rv:11.0) Gecko/20100101 Firefox/11.0"
217.7.195.127 - - [31/Jan/2013:13:02:55 +0100] "GET /00start.swf HTTP/1.1" 200 8575 "http://www.dialyse-calw.de/" "Mozilla/5.0 (Windows NT 6.1; WOW64; rv:11.0) Gecko/20100101 Firefox/11.0"
217.7.195.127 - - [31/Jan/2013:13:02:56 +0100] "GET /favicon.ico HTTP/1.1" 404 1256 "-" "Mozilla/5.0 (Windows NT 6.1; WOW64; rv:11.0) Gecko/20100101 Firefox/11.0"
217.7.195.127 - - [31/Jan/2013:13:02:56 +0100] "GET /favicon.ico HTTP/1.1" 404 1256 "-" "Mozilla/5.0 (Windows NT 6.1; WOW64; rv:11.0) Gecko/20100101 Firefox/11.0"
217.7.195.127 - - [31/Jan/2013:13:02:56 +0100] "GET /favicon.ico HTTP/1.1" 404 1256 "-" "Mozilla/5.0 (Windows NT 6.1; WOW64; rv:11.0) Gecko/20100101 Firefox/11.0"
217.7.195.127 - - [31/Jan/2013:13:02:59 +0100] "GET /00themen00.html HTTP/1.1" 200 2254 "http://www.dialyse-calw.de/" "Mozilla/5.0 (Windows NT 6.1; WOW64; rv:11.0) Gecko/20100101 Firefox/11.0"
217.7.195.127 - - [31/Jan/2013:13:03:00 +0100] "GET /AC_RunActiveContent.js HTTP/1.1" 200 8029 "http://www.dialyse-calw.de/00themen00.html" "Mozilla/5.0 (Windows NT 6.1; WOW64; rv:11.0) Gecko/20100101 Firefox/11.0"
217.7.195.127 - - [31/Jan/2013:13:03:00 +0100] "GET /00themen00.swf HTTP/1.1" 200 136579 "http://www.dialyse-calw.de/00themen00.html" "Mozilla/5.0 (Windows NT 6.1; WOW64; rv:11.0) Gecko/20100101 Firefox/11.0"
217.7.195.127 - - [31/Jan/2013:13:03:03 +0100] "GET /08.html HTTP/1.1" 200 2005 "http://www.dialyse-calw.de/00themen00.html" "Mozilla/5.0 (Windows NT 6.1; WOW64; rv:11.0) Gecko/20100101 Firefox/11.0"
217.7.195.127 - - [31/Jan/2013:13:03:03 +0100] "GET /08.swf HTTP/1.1" 200 20405 "http://www.dialyse-calw.de/08.html" "Mozilla/5.0 (Windows NT 6.1; WOW64; rv:11.0) Gecko/20100101 Firefox/11.0"
208.115.113.92 - - [31/Jan/2013:13:13:52 +0100] "GET / HTTP/1.1" 200 2366 "-" "Mozilla/5.0 (compatible; Ezooms/1.0; ezooms.bot@gmail.com)"
193.106.136.60 - - [31/Jan/2013:13:39:55 +0100] "GET / HTTP/1.1" 200 2366 "http://kazinointernet.ru/" "Mozilla/4.0 (compatible; MSIE 7.0; Windows NT 5.1; SV1; .NET CLR 2.0.50727)"
193.106.136.60 - - [31/Jan/2013:13:39:55 +0100] "GET / HTTP/1.1" 200 2366 "http://kazinointernet.ru/" "Mozilla/4.0 (compatible; MSIE 7.0; Windows NT 5.1; SV1; .NET CLR 2.0.50727)"
141.8.147.1 - - [31/Jan/2013:13:52:11 +0100] "GET /05.swf HTTP/1.1" 304 - "-" "Mozilla/5.0 (compatible; YandexBot/3.0; +http://yandex.com/bots)"
188.99.171.224 - - [31/Jan/2013:14:07:28 +0100] "GET / HTTP/1.1" 200 2366 "http://www.google.de/url?sa=f&rct=j&url=http://www.dialyse-calw.de/&q=nephrologie+pforzheim&ei=Y2wKUbf0DKnx4QT0-4DADw&usg=AFQjCNGtB-8nvl9mJIm6aIHXF3JO80uJTg" "Mozilla/5.0 (Windows NT 5.1) AppleWebKit/537.17 (KHTML, like Gecko) Chrome/24.0.1312.56 Safari/537.17"
66.249.78.235 - - [31/Jan/2013:14:22:27 +0100] "GET / HTTP/1.1" 304 - "-" "Mozilla/5.0 (compatible; Googlebot/2.1; +http://www.google.com/bot.html)"
94.153.64.49 - - [31/Jan/2013:14:28:30 +0100] "GET / HTTP/1.1" 200 2366 "http://evro-schengen.ru/" "Mozilla/4.0 (compatible; MSIE 5.0; Windows NT; DigExt)"
94.153.64.49 - - [31/Jan/2013:14:28:31 +0100] "GET / HTTP/1.1" 200 2366 "http://evro-schengen.ru/" "Mozilla/4.0 (compatible; MSIE 5.0; Windows NT; DigExt)"
78.30.200.81 - - [31/Jan/2013:14:32:41 +0100] "GET /robots.txt HTTP/1.0" 404 1256 "-" "Mozilla/5.0 (compatible; MJ12bot/v1.4.3; http://www.majestic12.co.uk/bot.php?+)"
78.30.200.81 - - [31/Jan/2013:14:32:42 +0100] "GET /robots.txt HTTP/1.0" 404 1256 "-" "Mozilla/5.0 (compatible; MJ12bot/v1.4.3; http://www.majestic12.co.uk/bot.php?+)"
78.30.200.81 - - [31/Jan/2013:14:32:42 +0100] "GET /robots.txt HTTP/1.0" 404 1256 "-" "Mozilla/5.0 (compatible; MJ12bot/v1.4.3; http://www.majestic12.co.uk/bot.php?+)"
78.30.200.81 - - [31/Jan/2013:14:32:43 +0100] "GET / HTTP/1.0" 200 2366 "-" "Mozilla/5.0 (compatible; MJ12bot/v1.4.3; http://www.majestic12.co.uk/bot.php?+)"
78.30.200.81 - - [31/Jan/2013:14:32:44 +0100] "GET / HTTP/1.0" 200 2366 "-" "Mozilla/5.0 (compatible; MJ12bot/v1.4.3; http://www.majestic12.co.uk/bot.php?+)"
78.30.200.81 - - [31/Jan/2013:14:32:44 +0100] "GET / HTTP/1.0" 200 2366 "-" "Mozilla/5.0 (compatible; MJ12bot/v1.4.3; http://www.majestic12.co.uk/bot.php?+)"
157.55.32.189 - - [31/Jan/2013:14:37:48 +0100] "GET /robots.txt HTTP/1.1" 404 1256 "-" "Mozilla/5.0 (compatible; bingbot/2.0; +http://www.bing.com/bingbot.htm)"
157.55.32.189 - - [31/Jan/2013:14:39:48 +0100] "GET / HTTP/1.1" 200 2366 "-" "Mozilla/5.0 (compatible; bingbot/2.0; +http://www.bing.com/bingbot.htm)"
157.55.32.189 - - [31/Jan/2013:14:39:48 +0100] "GET /06.html HTTP/1.1" 200 2278 "-" "Mozilla/5.0 (compatible; bingbot/2.0; +http://www.bing.com/bingbot.htm)"
65.55.210.136 - - [31/Jan/2013:14:39:50 +0100] "GET /06.html HTTP/1.1" 200 2278 "-" "Mozilla/5.0 (Windows NT 6.1; WOW64) AppleWebKit/534+ (KHTML, like Gecko) BingPreview/1.0b"
65.55.210.136 - - [31/Jan/2013:14:39:50 +0100] "GET /AC_RunActiveContent.js HTTP/1.1" 200 8029 "http://www.dialyse-calw.de/06.html" "Mozilla/5.0 (Windows NT 6.1; WOW64) AppleWebKit/534+ (KHTML, like Gecko) BingPreview/1.0b"
65.55.210.136 - - [31/Jan/2013:14:39:56 +0100] "GET /06.swf HTTP/1.1" 200 20731 "http://www.dialyse-calw.de/06.swf" "Mozilla/5.0 (Windows NT 6.1; WOW64) AppleWebKit/534+ (KHTML, like Gecko) BingPreview/1.0b"
91.103.113.198 - - [31/Jan/2013:14:54:44 +0100] "GET / HTTP/1.1" 200 2366 "http://www.bing.com/search?q=dialyse+pforzheim&src=IE-SearchBox&FORM=IE8SRC" "Mozilla/4.0 (compatible; MSIE 8.0; Windows NT 6.1; Trident/4.0; SLCC2; .NET CLR 2.0.50727; .NET CLR 3.5.30729; .NET CLR 3.0.30729; Media Center PC 6.0; InfoPath.2; .NET4.0E; .NET4.0C)"
91.103.113.198 - - [31/Jan/2013:14:54:44 +0100] "GET /00start.swf HTTP/1.1" 200 8575 "-" "contype"
91.103.113.198 - - [31/Jan/2013:14:54:44 +0100] "GET /00start.swf HTTP/1.1" 200 8575 "http://www.dialyse-pforzheim.de/" "Mozilla/4.0 (compatible; MSIE 8.0; Windows NT 6.1; Trident/4.0; SLCC2; .NET CLR 2.0.50727; .NET CLR 3.5.30729; .NET CLR 3.0.30729; Media Center PC 6.0; InfoPath.2; .NET4.0E; .NET4.0C)"
91.103.113.198 - - [31/Jan/2013:14:54:45 +0100] "GET /favicon.ico HTTP/1.1" 404 1256 "-" "Mozilla/4.0 (compatible; MSIE 8.0; Windows NT 6.1; Trident/4.0; SLCC2; .NET CLR 2.0.50727; .NET CLR 3.5.30729; .NET CLR 3.0.30729; Media Center PC 6.0; InfoPath.2; .NET4.0E; .NET4.0C)"
91.103.113.198 - - [31/Jan/2013:14:54:51 +0100] "GET /favicon.ico HTTP/1.1" 404 1256 "-" "Mozilla/4.0 (compatible; MSIE 8.0; Windows NT 6.1; Trident/4.0; SLCC2; .NET CLR 2.0.50727; .NET CLR 3.5.30729; .NET CLR 3.0.30729; Media Center PC 6.0; InfoPath.2; .NET4.0E; .NET4.0C)"
91.103.113.198 - - [31/Jan/2013:14:54:54 +0100] "GET /00themen00.html HTTP/1.1" 200 2254 "http://www.dialyse-pforzheim.de/00start.swf" "Mozilla/4.0 (compatible; MSIE 8.0; Windows NT 6.1; Trident/4.0; SLCC2; .NET CLR 2.0.50727; .NET CLR 3.5.30729; .NET CLR 3.0.30729; Media Center PC 6.0; InfoPath.2; .NET4.0E; .NET4.0C)"
91.103.113.198 - - [31/Jan/2013:14:54:54 +0100] "GET /AC_RunActiveContent.js HTTP/1.1" 200 8029 "http://www.dialyse-pforzheim.de/00start.swf" "Mozilla/4.0 (compatible; MSIE 8.0; Windows NT 6.1; Trident/4.0; SLCC2; .NET CLR 2.0.50727; .NET CLR 3.5.30729; .NET CLR 3.0.30729; Media Center PC 6.0; InfoPath.2; .NET4.0E; .NET4.0C)"
91.103.113.198 - - [31/Jan/2013:14:54:54 +0100] "GET /00themen00.swf HTTP/1.1" 200 136579 "http://www.dialyse-pforzheim.de/00themen00.html" "Mozilla/4.0 (compatible; MSIE 8.0; Windows NT 6.1; Trident/4.0; SLCC2; .NET CLR 2.0.50727; .NET CLR 3.5.30729; .NET CLR 3.0.30729; Media Center PC 6.0; InfoPath.2; .NET4.0E; .NET4.0C)"
91.103.113.198 - - [31/Jan/2013:14:54:57 +0100] "GET /03.html HTTP/1.1" 200 1982 "http://www.dialyse-pforzheim.de/00themen00.swf" "Mozilla/4.0 (compatible; MSIE 8.0; Windows NT 6.1; Trident/4.0; SLCC2; .NET CLR 2.0.50727; .NET CLR 3.5.30729; .NET CLR 3.0.30729; Media Center PC 6.0; InfoPath.2; .NET4.0E; .NET4.0C)"
91.103.113.198 - - [31/Jan/2013:14:54:57 +0100] "GET /03.swf HTTP/1.1" 200 74505 "http://www.dialyse-pforzheim.de/03.html" "Mozilla/4.0 (compatible; MSIE 8.0; Windows NT 6.1; Trident/4.0; SLCC2; .NET CLR 2.0.50727; .NET CLR 3.5.30729; .NET CLR 3.0.30729; Media Center PC 6.0; InfoPath.2; .NET4.0E; .NET4.0C)"
91.103.113.198 - - [31/Jan/2013:14:55:15 +0100] "GET /08.html HTTP/1.1" 200 2005 "http://www.dialyse-pforzheim.de/00themen00.swf" "Mozilla/4.0 (compatible; MSIE 8.0; Windows NT 6.1; Trident/4.0; SLCC2; .NET CLR 2.0.50727; .NET CLR 3.5.30729; .NET CLR 3.0.30729; Media Center PC 6.0; InfoPath.2; .NET4.0E; .NET4.0C)"
91.103.113.198 - - [31/Jan/2013:14:55:15 +0100] "GET /08.swf HTTP/1.1" 200 20405 "http://www.dialyse-pforzheim.de/08.html" "Mozilla/4.0 (compatible; MSIE 8.0; Windows NT 6.1; Trident/4.0; SLCC2; .NET CLR 2.0.50727; .NET CLR 3.5.30729; .NET CLR 3.0.30729; Media Center PC 6.0; InfoPath.2; .NET4.0E; .NET4.0C)"
69.171.242.116 - - [31/Jan/2013:15:19:19 +0100] "GET /08.html HTTP/1.1" 206 2005 "-" "facebookexternalhit/1.1 (+http://www.facebook.com/externalhit_uatext.php)"
77.78.109.73 - - [31/Jan/2013:15:33:59 +0100] "GET / HTTP/1.1" 200 2366 "http://www.pagesinventory.com/domain/www.dialyse-calw.de.html" "Mozilla/5.0 (Windows; U; Windows NT 5.1; cs; rv:1.9.0.11) Gecko/2009060215 Firefox/3.0.11"
157.55.33.112 - - [31/Jan/2013:15:49:59 +0100] "GET /robots.txt HTTP/1.1" 404 1256 "-" "Mozilla/5.0 (compatible; bingbot/2.0; +http://www.bing.com/bingbot.htm)"
157.55.33.112 - - [31/Jan/2013:15:51:49 +0100] "GET /06.swf HTTP/1.1" 200 20731 "-" "Mozilla/5.0 (compatible; bingbot/2.0; +http://www.bing.com/bingbot.htm)"
176.9.83.228 - - [31/Jan/2013:16:11:45 +0100] "GET /robots.txt HTTP/1.1" 404 1256 "-" "ExB Language Crawler 2.1.3 (+http://www.exb.de/crawler)"
176.9.83.228 - - [31/Jan/2013:16:43:40 +0100] "GET / HTTP/1.1" 200 2366 "-" "ExB Language Crawler 2.1.3 (+http://www.exb.de/crawler)"
79.197.246.138 - - [31/Jan/2013:17:11:29 +0100] "GET / HTTP/1.1" 200 2366 "http://www.google.de/url?sa=f&rct=j&url=http://www.dialyse-calw.de/&q=dialyse+pforzheim&ei=g5cKUabXLITIswbgiICgDw&usg=AFQjCNEkSt9fLmcKdBF3FoNYmLHBaZToHA" "Mozilla/5.0 (Windows NT 5.1) AppleWebKit/537.17 (KHTML, like Gecko) Chrome/24.0.1312.57 Safari/537.17"
79.197.246.138 - - [31/Jan/2013:17:11:30 +0100] "GET /00start.swf HTTP/1.1" 200 8575 "http://www.dialyse-calw.de/" "Mozilla/5.0 (Windows NT 5.1) AppleWebKit/537.17 (KHTML, like Gecko) Chrome/24.0.1312.57 Safari/537.17"
79.197.246.138 - - [31/Jan/2013:17:11:32 +0100] "GET /favicon.ico HTTP/1.1" 404 1256 "-" "Mozilla/5.0 (Windows NT 5.1) AppleWebKit/537.17 (KHTML, like Gecko) Chrome/24.0.1312.57 Safari/537.17"
79.197.246.138 - - [31/Jan/2013:17:11:33 +0100] "GET /00themen00.html HTTP/1.1" 200 2254 "http://www.dialyse-calw.de/" "Mozilla/5.0 (Windows NT 5.1) AppleWebKit/537.17 (KHTML, like Gecko) Chrome/24.0.1312.57 Safari/537.17"
79.197.246.138 - - [31/Jan/2013:17:11:33 +0100] "GET /AC_RunActiveContent.js HTTP/1.1" 200 8029 "http://www.dialyse-calw.de/00themen00.html" "Mozilla/5.0 (Windows NT 5.1) AppleWebKit/537.17 (KHTML, like Gecko) Chrome/24.0.1312.57 Safari/537.17"
79.197.246.138 - - [31/Jan/2013:17:11:33 +0100] "GET /favicon.ico HTTP/1.1" 404 1256 "-" "Mozilla/5.0 (Windows NT 5.1) AppleWebKit/537.17 (KHTML, like Gecko) Chrome/24.0.1312.57 Safari/537.17"
79.197.246.138 - - [31/Jan/2013:17:11:33 +0100] "GET /00themen00.swf HTTP/1.1" 200 136579 "http://www.dialyse-calw.de/00themen00.html" "Mozilla/5.0 (Windows NT 5.1) AppleWebKit/537.17 (KHTML, like Gecko) Chrome/24.0.1312.57 Safari/537.17"
