89.106.221.146 - - [02/Jan/2013:15:19:32 +0100] "GET /08.swf HTTP/1.1" 200 20405 "http://www.dialyse-calw.de/08.html" "Mozilla/4.0 (compatible; MSIE 8.0; Windows NT 5.1; Trident/4.0; .NET CLR 2.0.50727; .NET CLR 3.0.04506.30; .NET CLR 1.1.4322; .NET CLR 3.0.4506.2152; .NET CLR 3.5.30729; .NET4.0C; .NET4.0E)"
141.8.147.1 - - [02/Jan/2013:16:17:30 +0100] "GET / HTTP/1.1" 200 2366 "-" "Mozilla/5.0 (compatible; YandexBot/3.0; +http://yandex.com/bots)"
141.8.147.1 - - [02/Jan/2013:16:17:51 +0100] "GET /robots.txt HTTP/1.1" 404 1256 "-" "Mozilla/5.0 (compatible; YandexBot/3.0; +http://yandex.com/bots)"
141.8.147.1 - - [02/Jan/2013:16:17:53 +0100] "GET /00start.swf HTTP/1.1" 200 8575 "-" "Mozilla/5.0 (compatible; YandexBot/3.0; +http://yandex.com/bots)"
66.249.78.36 - - [02/Jan/2013:16:17:58 +0100] "GET /robots.txt HTTP/1.1" 404 1256 "-" "Mozilla/5.0 (compatible; Googlebot/2.1; +http://www.google.com/bot.html)"
66.249.78.36 - - [02/Jan/2013:16:17:58 +0100] "GET /05.html HTTP/1.1" 200 1982 "-" "Mozilla/5.0 (compatible; Googlebot/2.1; +http://www.google.com/bot.html)"
173.199.119.51 - - [02/Jan/2013:16:28:58 +0100] "GET / HTTP/1.1" 200 2366 "-" "Mozilla/5.0 (compatible; AhrefsBot/4.0; +http://ahrefs.com/robot/)"
66.249.78.36 - - [02/Jan/2013:16:29:27 +0100] "GET /05.swf HTTP/1.1" 200 58083 "-" "Mozilla/5.0 (compatible; Googlebot/2.1; +http://www.google.com/bot.html)"
93.219.161.194 - - [02/Jan/2013:16:49:34 +0100] "GET /00start.swf HTTP/1.1" 200 8575 "-" "Mozilla/5.0 (Windows; U; Windows NT 6.0; de; rv:1.9.2.3) Gecko/20100401 Firefox/3.6.3 ( .NET CLR 3.5.30729)"
66.249.78.36 - - [02/Jan/2013:18:41:44 +0100] "GET /04.html HTTP/1.1" 200 2106 "-" "Mozilla/5.0 (compatible; Googlebot/2.1; +http://www.google.com/bot.html)"
66.249.78.36 - - [02/Jan/2013:18:47:04 +0100] "GET /04.swf HTTP/1.1" 200 62769 "-" "Mozilla/5.0 (compatible; Googlebot/2.1; +http://www.google.com/bot.html)"
173.199.115.91 - - [02/Jan/2013:19:53:39 +0100] "GET / HTTP/1.1" 200 2366 "-" "Mozilla/5.0 (compatible; AhrefsBot/4.0; +http://ahrefs.com/robot/)"
87.147.6.26 - - [02/Jan/2013:20:32:50 +0100] "GET / HTTP/1.1" 200 2366 "http://siloah.de/cms/weitere-einrichtungen/bildung-in-zusammenarbeit-biz/bildungsangebote-2013/alle-angebote_997.html" "Mozilla/5.0 (Windows NT 6.1) AppleWebKit/534.57.2 (KHTML, like Gecko) Version/5.1.7 Safari/534.57.2"
87.147.6.26 - - [02/Jan/2013:20:32:51 +0100] "GET /00start.swf HTTP/1.1" 200 8575 "http://www.dialyse-calw.de/" "Mozilla/5.0 (Windows NT 6.1) AppleWebKit/534.57.2 (KHTML, like Gecko) Version/5.1.7 Safari/534.57.2"
87.147.6.26 - - [02/Jan/2013:20:32:52 +0100] "GET /favicon.ico HTTP/1.1" 404 1256 "http://www.dialyse-calw.de/" "Mozilla/5.0 (Windows NT 6.1) AppleWebKit/534.57.2 (KHTML, like Gecko) Version/5.1.7 Safari/534.57.2"
173.199.115.67 - - [02/Jan/2013:20:52:59 +0100] "GET / HTTP/1.1" 200 2366 "-" "Mozilla/5.0 (compatible; AhrefsBot/4.0; +http://ahrefs.com/robot/)"
95.108.150.235 - - [02/Jan/2013:21:21:41 +0100] "GET /robots.txt HTTP/1.1" 404 1256 "-" "Mozilla/5.0 (compatible; YandexBot/3.0; +http://yandex.com/bots)"
95.108.150.235 - - [02/Jan/2013:21:21:42 +0100] "GET /robots.txt HTTP/1.1" 404 1256 "-" "Mozilla/5.0 (compatible; YandexBot/3.0; +http://yandex.com/bots)"
95.108.150.235 - - [02/Jan/2013:21:21:42 +0100] "GET / HTTP/1.1" 200 2366 "-" "Mozilla/5.0 (compatible; YandexBot/3.0; +http://yandex.com/bots)"
95.108.150.235 - - [02/Jan/2013:21:21:42 +0100] "GET / HTTP/1.1" 200 2366 "-" "Mozilla/5.0 (compatible; YandexBot/3.0; +http://yandex.com/bots)"
95.108.150.235 - - [02/Jan/2013:21:21:43 +0100] "GET / HTTP/1.1" 200 2366 "-" "Mozilla/5.0 (compatible; YandexBot/3.0; +http://yandex.com/bots)"
95.108.150.235 - - [02/Jan/2013:21:21:43 +0100] "GET / HTTP/1.1" 200 2366 "-" "Mozilla/5.0 (compatible; YandexBot/3.0; +http://yandex.com/bots)"
95.108.150.235 - - [02/Jan/2013:21:21:44 +0100] "GET /robots.txt HTTP/1.1" 404 1256 "-" "Mozilla/5.0 (compatible; YandexBot/3.0; +http://yandex.com/bots)"
95.108.150.235 - - [02/Jan/2013:21:21:45 +0100] "GET / HTTP/1.1" 200 2366 "-" "Mozilla/5.0 (compatible; YandexBot/3.0; +http://yandex.com/bots)"
95.108.150.235 - - [02/Jan/2013:21:21:46 +0100] "GET / HTTP/1.1" 200 2366 "-" "Mozilla/5.0 (compatible; YandexBot/3.0; +http://yandex.com/bots)"
91.223.75.118 - - [02/Jan/2013:22:10:15 +0100] "GET / HTTP/1.1" 200 2366 "http://megapolis-b.ru/" "Mozilla/4.0 (compatible; MSIE 5.5; Windows 95; BCD2000)"
91.223.75.118 - - [02/Jan/2013:22:10:15 +0100] "GET / HTTP/1.1" 200 2366 "http://megapolis-b.ru/" "Mozilla/4.0 (compatible; MSIE 5.5; Windows 95; BCD2000)"
178.33.142.58 - - [02/Jan/2013:22:11:55 +0100] "HEAD / HTTP/1.0" 200 - "-" "Mozilla/5.0 (X11; Linux x86_64) AppleWebKit/535.11 (KHTML, like Gecko) Chrome/17.0.963.12 Safari/535.11"
178.33.142.58 - - [02/Jan/2013:22:11:55 +0100] "GET / HTTP/1.0" 200 2366 "-" "Mozilla/5.0 (X11; U; Linux amd64; rv:5.0) Gecko/20100101 Firefox/5.0 (Debian)"
157.55.32.154 - - [02/Jan/2013:22:18:46 +0100] "GET /robots.txt HTTP/1.1" 404 1256 "-" "Mozilla/5.0 (compatible; bingbot/2.0; +http://www.bing.com/bingbot.htm)"
157.55.32.154 - - [02/Jan/2013:22:20:51 +0100] "GET / HTTP/1.1" 200 2366 "-" "Mozilla/5.0 (compatible; bingbot/2.0; +http://www.bing.com/bingbot.htm)"
91.223.75.117 - - [02/Jan/2013:23:17:10 +0100] "GET / HTTP/1.1" 200 2366 "http://htc-review.ru/" "Mozilla/4.0 (compatible; MSIE 5.5; Windows 95; BCD2000)"
91.223.75.117 - - [02/Jan/2013:23:17:11 +0100] "GET / HTTP/1.1" 200 2366 "http://htc-review.ru/" "Mozilla/4.0 (compatible; MSIE 5.5; Windows 95; BCD2000)"
157.55.32.141 - - [02/Jan/2013:23:23:28 +0100] "GET /robots.txt HTTP/1.1" 404 1256 "-" "Mozilla/5.0 (compatible; bingbot/2.0; +http://www.bing.com/bingbot.htm)"
157.55.32.141 - - [02/Jan/2013:23:25:26 +0100] "GET /00themen00.swf HTTP/1.1" 200 136579 "-" "Mozilla/5.0 (compatible; bingbot/2.0; +http://www.bing.com/bingbot.htm)"
157.55.35.40 - - [02/Jan/2013:23:26:38 +0100] "GET /00themen00.html HTTP/1.1" 200 2254 "-" "Mozilla/5.0 (compatible; bingbot/2.0; +http://www.bing.com/bingbot.htm)"
65.55.210.104 - - [02/Jan/2013:23:26:40 +0100] "GET /AC_RunActiveContent.js HTTP/1.1" 200 8029 "http://www.dialyse-calw.de/00themen00.html" "Mozilla/5.0 (Windows NT 6.1; WOW64) AppleWebKit/534+ (KHTML, like Gecko) BingPreview/1.0b"
65.55.210.104 - - [02/Jan/2013:23:26:41 +0100] "GET /00themen00.swf HTTP/1.1" 200 136579 "http://www.dialyse-calw.de/00themen00.swf" "Mozilla/5.0 (Windows NT 6.1; WOW64) AppleWebKit/534+ (KHTML, like Gecko) BingPreview/1.0b"
157.56.93.193 - - [02/Jan/2013:23:28:46 +0100] "GET /AC_RunActiveContent.js HTTP/1.1" 200 8029 "-" "Mozilla/5.0 (compatible; bingbot/2.0; +http://www.bing.com/bingbot.htm)"
180.76.5.141 - - [02/Jan/2013:23:51:01 +0100] "GET /robots.txt HTTP/1.1" 404 1256 "-" "Mozilla/5.0 (Windows NT 5.1; rv:6.0.2) Gecko/20100101 Firefox/6.0.2"
157.56.93.193 - - [03/Jan/2013:00:28:03 +0100] "GET /robots.txt HTTP/1.1" 404 1256 "-" "Mozilla/5.0 (compatible; bingbot/2.0; +http://www.bing.com/bingbot.htm)"
157.56.93.193 - - [03/Jan/2013:00:29:47 +0100] "GET /AC_RunActiveContent.js HTTP/1.1" 200 8029 "-" "Mozilla/5.0 (compatible; bingbot/2.0; +http://www.bing.com/bingbot.htm)"
141.8.147.1 - - [03/Jan/2013:00:52:51 +0100] "GET / HTTP/1.1" 200 2366 "-" "Mozilla/5.0 (compatible; YandexBot/3.0; +http://yandex.com/bots)"
141.8.147.1 - - [03/Jan/2013:00:53:21 +0100] "GET /00start.swf HTTP/1.1" 200 8575 "-" "Mozilla/5.0 (compatible; YandexBot/3.0; +http://yandex.com/bots)"
157.55.33.40 - - [03/Jan/2013:02:06:27 +0100] "GET /robots.txt HTTP/1.1" 404 1256 "-" "Mozilla/5.0 (compatible; bingbot/2.0; +http://www.bing.com/bingbot.htm)"
157.55.33.40 - - [03/Jan/2013:02:08:20 +0100] "GET / HTTP/1.1" 200 2366 "-" "Mozilla/5.0 (compatible; bingbot/2.0; +http://www.bing.com/bingbot.htm)"
130.83.167.153 - - [03/Jan/2013:02:28:37 +0100] "GET / HTTP/1.1" 200 2366 "-" "findlinks/2.6 (+http://wortschatz.uni-leipzig.de/findlinks/)"
217.69.133.68 - - [03/Jan/2013:02:49:27 +0100] "GET /robots.txt HTTP/1.0" 404 1256 "-" "Mozilla/5.0 (compatible; Mail.RU_Bot/2.0; +http://go.mail.ru/help/robots)"
193.106.136.39 - - [03/Jan/2013:03:32:30 +0100] "GET / HTTP/1.1" 200 2366 "http://www.currency-trading.ch/" "Mozilla/4.0 (compatible; Powermarks/3.5; Windows 95/98/2000/NT)"
193.106.136.39 - - [03/Jan/2013:03:32:30 +0100] "GET / HTTP/1.1" 200 2366 "http://www.currency-trading.ch/" "Mozilla/4.0 (compatible; Powermarks/3.5; Windows 95/98/2000/NT)"
157.55.33.111 - - [03/Jan/2013:03:54:26 +0100] "GET /robots.txt HTTP/1.1" 404 1256 "-" "Mozilla/5.0 (compatible; bingbot/2.0; +http://www.bing.com/bingbot.htm)"
157.55.33.111 - - [03/Jan/2013:03:55:55 +0100] "GET / HTTP/1.1" 200 2366 "-" "Mozilla/5.0 (compatible; bingbot/2.0; +http://www.bing.com/bingbot.htm)"
141.8.147.1 - - [03/Jan/2013:04:06:43 +0100] "GET /robots.txt HTTP/1.1" 404 1256 "-" "Mozilla/5.0 (compatible; YandexBot/3.0; +http://yandex.com/bots)"
157.55.33.20 - - [03/Jan/2013:05:47:46 +0100] "GET /robots.txt HTTP/1.1" 404 1256 "-" "Mozilla/5.0 (compatible; bingbot/2.0; +http://www.bing.com/bingbot.htm)"
66.249.76.235 - - [03/Jan/2013:05:48:42 +0100] "GET /robots.txt HTTP/1.1" 404 1256 "-" "Mozilla/5.0 (compatible; Googlebot/2.1; +http://www.google.com/bot.html)"
66.249.78.235 - - [03/Jan/2013:05:48:42 +0100] "GET / HTTP/1.1" 200 2366 "-" "SAMSUNG-SGH-E250/1.0 Profile/MIDP-2.0 Configuration/CLDC-1.1 UP.Browser/6.2.3.3.c.1.101 (GUI) MMP/2.0 (compatible; Googlebot-Mobile/2.1; +http://www.google.com/bot.html)"
157.55.33.20 - - [03/Jan/2013:05:49:54 +0100] "GET /03.html HTTP/1.1" 200 1982 "-" "Mozilla/5.0 (compatible; bingbot/2.0; +http://www.bing.com/bingbot.htm)"
157.55.35.88 - - [03/Jan/2013:05:51:22 +0100] "GET /01.html HTTP/1.1" 200 1982 "-" "Mozilla/5.0 (compatible; bingbot/2.0; +http://www.bing.com/bingbot.htm)"
178.77.126.55 - - [03/Jan/2013:07:04:49 +0100] "GET /robots.txt HTTP/1.1" 404 1256 "-" "Mozilla/5.0 (compatible; CareerBot/1.1; +http://www.career-x.de/bot.html)"
178.77.126.55 - - [03/Jan/2013:07:04:49 +0100] "GET / HTTP/1.1" 200 2366 "-" "Mozilla/5.0 (compatible; CareerBot/1.1; +http://www.career-x.de/bot.html)"
93.233.107.28 - - [03/Jan/2013:07:11:35 +0100] "GET /robots.txt HTTP/1.1" 404 1256 "-" "ExB Language Crawler 2.0-1 (+http://www.exb.de/crawler)"
178.77.126.55 - - [03/Jan/2013:07:11:42 +0100] "GET /robots.txt HTTP/1.1" 404 1256 "-" "Mozilla/5.0 (compatible; CareerBot/1.1; +http://www.career-x.de/bot.html)"
178.77.126.55 - - [03/Jan/2013:07:11:42 +0100] "GET / HTTP/1.1" 200 2366 "-" "Mozilla/5.0 (compatible; CareerBot/1.1; +http://www.career-x.de/bot.html)"
149.172.195.93 - - [03/Jan/2013:07:52:05 +0100] "GET / HTTP/1.1" 200 2366 "-" "Mozilla/5.0 (iPad; CPU OS 6_0_1 like Mac OS X) AppleWebKit/536.26 (KHTML, like Gecko) Version/6.0 Mobile/10A523 Safari/8536.25"
149.172.195.93 - - [03/Jan/2013:07:52:21 +0100] "GET /08.html HTTP/1.1" 200 2005 "-" "Mozilla/5.0 (iPad; CPU OS 6_0_1 like Mac OS X) AppleWebKit/536.26 (KHTML, like Gecko) Version/6.0 Mobile/10A523 Safari/8536.25"
149.172.195.93 - - [03/Jan/2013:07:52:21 +0100] "GET /AC_RunActiveContent.js HTTP/1.1" 200 8029 "http://www.dialyse-pforzheim.de/08.html" "Mozilla/5.0 (iPad; CPU OS 6_0_1 like Mac OS X) AppleWebKit/536.26 (KHTML, like Gecko) Version/6.0 Mobile/10A523 Safari/8536.25"
149.172.195.93 - - [03/Jan/2013:07:52:43 +0100] "GET / HTTP/1.1" 200 2366 "http://www.rhoen-klinikum-ag.com/rka/cms/pfk_2/deu/66265.html" "Mozilla/5.0 (iPad; CPU OS 6_0_1 like Mac OS X) AppleWebKit/536.26 (KHTML, like Gecko) Version/6.0 Mobile/10A523 Safari/8536.25"
91.223.75.118 - - [03/Jan/2013:08:31:33 +0100] "GET / HTTP/1.1" 200 2366 "http://www.shopan.co.de/" "Mozilla/4.0 (compatible; MSIE 5.5; Windows 95; BCD2000)"
91.223.75.118 - - [03/Jan/2013:08:31:33 +0100] "GET / HTTP/1.1" 200 2366 "http://www.shopan.co.de/" "Mozilla/4.0 (compatible; MSIE 5.5; Windows 95; BCD2000)"
92.249.127.111 - - [03/Jan/2013:08:50:01 +0100] "GET / HTTP/1.1" 200 2366 "http://nedkolik.ya.ru/replies.xml?item_no=53" "Mozilla/5.0 (compatible; news bot /2.1)"
92.249.127.111 - - [03/Jan/2013:08:50:02 +0100] "GET / HTTP/1.1" 200 2366 "http://nedkolik.ya.ru/replies.xml?item_no=53" "Mozilla/5.0 (compatible; news bot /2.1)"
141.8.147.1 - - [03/Jan/2013:09:29:40 +0100] "GET /09a.swf HTTP/1.1" 304 - "-" "Mozilla/5.0 (compatible; YandexBot/3.0; +http://yandex.com/bots)"
157.55.33.14 - - [03/Jan/2013:09:46:31 +0100] "GET /robots.txt HTTP/1.1" 404 1256 "-" "Mozilla/5.0 (compatible; bingbot/2.0; +http://www.bing.com/bingbot.htm)"
157.55.33.14 - - [03/Jan/2013:09:48:29 +0100] "GET / HTTP/1.1" 200 2366 "-" "Mozilla/5.0 (compatible; bingbot/2.0; +http://www.bing.com/bingbot.htm)"
157.55.33.14 - - [03/Jan/2013:09:59:31 +0100] "GET / HTTP/1.1" 200 2366 "-" "Mozilla/5.0 (compatible; bingbot/2.0; +http://www.bing.com/bingbot.htm)"
71.176.66.73 - - [03/Jan/2013:10:33:46 +0100] "GET /robots.txt HTTP/1.0" 404 1256 "-" "Mozilla/5.0 (compatible; MJ12bot/v1.4.3; http://www.majestic12.co.uk/bot.php?+)"
71.176.66.73 - - [03/Jan/2013:10:33:52 +0100] "GET /dialyse.htm HTTP/1.1" 404 1256 "-" "Mozilla/5.0 (compatible; MJ12bot/v1.4.3; http://www.majestic12.co.uk/bot.php?+)"
71.176.66.73 - - [03/Jan/2013:10:34:00 +0100] "GET /header.htm HTTP/1.1" 404 1256 "-" "Mozilla/5.0 (compatible; MJ12bot/v1.4.3; http://www.majestic12.co.uk/bot.php?+)"
71.176.66.73 - - [03/Jan/2013:10:34:03 +0100] "GET /home.htm HTTP/1.1" 404 1256 "-" "Mozilla/5.0 (compatible; MJ12bot/v1.4.3; http://www.majestic12.co.uk/bot.php?+)"
71.176.66.73 - - [03/Jan/2013:10:34:06 +0100] "GET /leer.htm HTTP/1.1" 404 1256 "-" "Mozilla/5.0 (compatible; MJ12bot/v1.4.3; http://www.majestic12.co.uk/bot.php?+)"
71.176.66.73 - - [03/Jan/2013:10:34:08 +0100] "GET /leistungen.htm HTTP/1.1" 404 1256 "-" "Mozilla/5.0 (compatible; MJ12bot/v1.4.3; http://www.majestic12.co.uk/bot.php?+)"
71.176.66.73 - - [03/Jan/2013:10:34:10 +0100] "GET /navi.htm HTTP/1.1" 404 1256 "-" "Mozilla/5.0 (compatible; MJ12bot/v1.4.3; http://www.majestic12.co.uk/bot.php?+)"
71.176.66.73 - - [03/Jan/2013:10:34:15 +0100] "GET /praxis.htm HTTP/1.1" 404 1256 "-" "Mozilla/5.0 (compatible; MJ12bot/v1.4.3; http://www.majestic12.co.uk/bot.php?+)"
80.136.236.137 - - [03/Jan/2013:11:12:20 +0100] "GET / HTTP/1.1" 200 2366 "http://www.google.de/url?sa=t&rct=j&q=dialyse&source=web&cd=4&sqi=2&ved=0CE0QFjAD&url=http%3A%2F%2Fwww.dialyse-calw.de%2F&ei=N1nlUNTaK6yO4gSo4ID4DA&usg=AFQjCNECMxQiO0NOt3ERqW1uzT1RIToCeg" "Mozilla/4.0 (compatible; MSIE 8.0; Windows NT 6.0; Trident/4.0; SLCC1; .NET CLR 2.0.50727; Media Center PC 5.0; .NET CLR 3.0.04506)"
80.136.236.137 - - [03/Jan/2013:11:12:20 +0100] "GET /00start.swf HTTP/1.1" 200 8575 "-" "contype"
80.136.236.137 - - [03/Jan/2013:11:12:20 +0100] "GET /00start.swf HTTP/1.1" 200 8575 "http://www.dialyse-calw.de/" "Mozilla/4.0 (compatible; MSIE 8.0; Windows NT 6.0; Trident/4.0; SLCC1; .NET CLR 2.0.50727; Media Center PC 5.0; .NET CLR 3.0.04506)"
80.136.236.137 - - [03/Jan/2013:11:12:22 +0100] "GET /favicon.ico HTTP/1.1" 404 1256 "-" "Mozilla/4.0 (compatible; MSIE 8.0; Windows NT 6.0; Trident/4.0; SLCC1; .NET CLR 2.0.50727; Media Center PC 5.0; .NET CLR 3.0.04506)"
80.136.236.137 - - [03/Jan/2013:11:12:32 +0100] "GET /00themen00.html HTTP/1.1" 200 2254 "http://www.dialyse-calw.de/00start.swf" "Mozilla/4.0 (compatible; MSIE 8.0; Windows NT 6.0; Trident/4.0; SLCC1; .NET CLR 2.0.50727; Media Center PC 5.0; .NET CLR 3.0.04506)"
80.136.236.137 - - [03/Jan/2013:11:12:32 +0100] "GET /AC_RunActiveContent.js HTTP/1.1" 200 8029 "http://www.dialyse-calw.de/00start.swf" "Mozilla/4.0 (compatible; MSIE 8.0; Windows NT 6.0; Trident/4.0; SLCC1; .NET CLR 2.0.50727; Media Center PC 5.0; .NET CLR 3.0.04506)"
80.136.236.137 - - [03/Jan/2013:11:12:32 +0100] "GET /00themen00.swf HTTP/1.1" 200 136579 "http://www.dialyse-calw.de/00themen00.html" "Mozilla/4.0 (compatible; MSIE 8.0; Windows NT 6.0; Trident/4.0; SLCC1; .NET CLR 2.0.50727; Media Center PC 5.0; .NET CLR 3.0.04506)"
80.136.236.137 - - [03/Jan/2013:11:12:33 +0100] "GET /favicon.ico HTTP/1.1" 404 1256 "-" "Mozilla/4.0 (compatible; MSIE 8.0; Windows NT 6.0; Trident/4.0; SLCC1; .NET CLR 2.0.50727; Media Center PC 5.0; .NET CLR 3.0.04506)"
80.136.236.137 - - [03/Jan/2013:11:12:47 +0100] "GET /03.html HTTP/1.1" 200 1982 "http://www.dialyse-calw.de/00themen00.swf" "Mozilla/4.0 (compatible; MSIE 8.0; Windows NT 6.0; Trident/4.0; SLCC1; .NET CLR 2.0.50727; Media Center PC 5.0; .NET CLR 3.0.04506)"
80.136.236.137 - - [03/Jan/2013:11:12:47 +0100] "GET /03.swf HTTP/1.1" 200 74505 "http://www.dialyse-calw.de/03.html" "Mozilla/4.0 (compatible; MSIE 8.0; Windows NT 6.0; Trident/4.0; SLCC1; .NET CLR 2.0.50727; Media Center PC 5.0; .NET CLR 3.0.04506)"
80.136.236.137 - - [03/Jan/2013:11:13:05 +0100] "GET /01.html HTTP/1.1" 200 1982 "http://www.dialyse-calw.de/00themen00.swf" "Mozilla/4.0 (compatible; MSIE 8.0; Windows NT 6.0; Trident/4.0; SLCC1; .NET CLR 2.0.50727; Media Center PC 5.0; .NET CLR 3.0.04506)"
80.136.236.137 - - [03/Jan/2013:11:13:05 +0100] "GET /01.swf HTTP/1.1" 200 19349 "http://www.dialyse-calw.de/01.html" "Mozilla/4.0 (compatible; MSIE 8.0; Windows NT 6.0; Trident/4.0; SLCC1; .NET CLR 2.0.50727; Media Center PC 5.0; .NET CLR 3.0.04506)"
80.136.236.137 - - [03/Jan/2013:11:13:18 +0100] "GET /02.html HTTP/1.1" 200 1982 "http://www.dialyse-calw.de/00themen00.swf" "Mozilla/4.0 (compatible; MSIE 8.0; Windows NT 6.0; Trident/4.0; SLCC1; .NET CLR 2.0.50727; Media Center PC 5.0; .NET CLR 3.0.04506)"
80.136.236.137 - - [03/Jan/2013:11:13:19 +0100] "GET /02.swf HTTP/1.1" 200 22781 "http://www.dialyse-calw.de/02.html" "Mozilla/4.0 (compatible; MSIE 8.0; Windows NT 6.0; Trident/4.0; SLCC1; .NET CLR 2.0.50727; Media Center PC 5.0; .NET CLR 3.0.04506)"
66.249.78.187 - - [03/Jan/2013:11:16:52 +0100] "GET /robots.txt HTTP/1.1" 404 1256 "-" "Mozilla/5.0 (compatible; Googlebot/2.1; +http://www.google.com/bot.html)"
66.249.78.187 - - [03/Jan/2013:11:16:52 +0100] "GET /00themen00.html HTTP/1.1" 304 - "-" "Mozilla/5.0 (iPhone; U; CPU iPhone OS 4_1 like Mac OS X; en-us) AppleWebKit/532.9 (KHTML, like Gecko) Version/4.0.5 Mobile/8B117 Safari/6531.22.7 (compatible; Googlebot-Mobile/2.1; +http://www.google.com/bot.html)"
157.55.32.149 - - [03/Jan/2013:11:50:16 +0100] "GET /robots.txt HTTP/1.1" 404 1256 "-" "Mozilla/5.0 (compatible; bingbot/2.0; +http://www.bing.com/bingbot.htm)"
157.55.32.141 - - [03/Jan/2013:11:50:16 +0100] "GET /robots.txt HTTP/1.1" 404 1256 "-" "Mozilla/5.0 (compatible; bingbot/2.0; +http://www.bing.com/bingbot.htm)"
66.249.78.187 - - [03/Jan/2013:11:50:54 +0100] "GET /00themen00.html HTTP/1.1" 304 - "-" "Mozilla/5.0 (iPhone; U; CPU iPhone OS 4_1 like Mac OS X; en-us) AppleWebKit/532.9 (KHTML, like Gecko) Version/4.0.5 Mobile/8B117 Safari/6531.22.7 (compatible; Googlebot-Mobile/2.1; +http://www.google.com/bot.html)"
157.55.32.141 - - [03/Jan/2013:11:52:00 +0100] "GET /03a.swf HTTP/1.1" 200 94997 "-" "Mozilla/5.0 (compatible; bingbot/2.0; +http://www.bing.com/bingbot.htm)"
157.55.32.149 - - [03/Jan/2013:11:52:03 +0100] "GET /03a.html HTTP/1.1" 200 1991 "-" "Mozilla/5.0 (compatible; bingbot/2.0; +http://www.bing.com/bingbot.htm)"
157.55.33.20 - - [03/Jan/2013:12:10:10 +0100] "GET /robots.txt HTTP/1.1" 404 1256 "-" "Mozilla/5.0 (compatible; bingbot/2.0; +http://www.bing.com/bingbot.htm)"
157.55.32.114 - - [03/Jan/2013:12:12:04 +0100] "GET /04Karteccc.html HTTP/1.1" 200 2077 "-" "Mozilla/5.0 (compatible; bingbot/2.0; +http://www.bing.com/bingbot.htm)"
157.55.33.20 - - [03/Jan/2013:12:12:04 +0100] "GET /04Karteccc.swf HTTP/1.1" 200 32338 "-" "Mozilla/5.0 (compatible; bingbot/2.0; +http://www.bing.com/bingbot.htm)"
65.55.208.45 - - [03/Jan/2013:12:12:07 +0100] "GET /AC_RunActiveContent.js HTTP/1.1" 200 8029 "http://www.dialyse-nagold.de/04Karteccc.html" "Mozilla/5.0 (Windows NT 6.1; WOW64) AppleWebKit/534+ (KHTML, like Gecko) BingPreview/1.0b"
65.55.208.45 - - [03/Jan/2013:12:12:08 +0100] "GET /04Karteccc.swf HTTP/1.1" 200 32338 "http://www.dialyse-nagold.de/04Karteccc.swf" "Mozilla/5.0 (Windows NT 6.1; WOW64) AppleWebKit/534+ (KHTML, like Gecko) BingPreview/1.0b"
157.55.33.47 - - [03/Jan/2013:12:14:01 +0100] "GET /AC_RunActiveContent.js HTTP/1.1" 200 8029 "-" "Mozilla/5.0 (compatible; bingbot/2.0; +http://www.bing.com/bingbot.htm)"
129.13.72.198 - - [03/Jan/2013:12:40:32 +0100] "GET / HTTP/1.1" 200 2366 "http://siloah.de/cms/siloah/seelsorge_86.html" "Mozilla/4.0 (compatible; MSIE 8.0; Windows NT 5.1; Trident/4.0; .NET CLR 2.0.50727; .NET CLR 3.0.04506.30; .NET CLR 3.0.04506.648; .NET CLR 3.0.4506.2152; .NET CLR 3.5.30729; .NET4.0C; .NET4.0E; InfoPath.1)"
129.13.72.198 - - [03/Jan/2013:12:40:32 +0100] "GET /00start.swf HTTP/1.1" 200 8575 "-" "contype"
129.13.72.198 - - [03/Jan/2013:12:40:32 +0100] "GET /00start.swf HTTP/1.1" 200 8575 "http://www.dialyse-calw.de/" "Mozilla/4.0 (compatible; MSIE 8.0; Windows NT 5.1; Trident/4.0; .NET CLR 2.0.50727; .NET CLR 3.0.04506.30; .NET CLR 3.0.04506.648; .NET CLR 3.0.4506.2152; .NET CLR 3.5.30729; .NET4.0C; .NET4.0E; InfoPath.1)"
129.13.72.198 - - [03/Jan/2013:12:40:34 +0100] "GET /favicon.ico HTTP/1.1" 404 1256 "-" "Mozilla/4.0 (compatible; MSIE 8.0; Windows NT 5.1; Trident/4.0; .NET CLR 2.0.50727; .NET CLR 3.0.04506.30; .NET CLR 3.0.04506.648; .NET CLR 3.0.4506.2152; .NET CLR 3.5.30729; .NET4.0C; .NET4.0E; InfoPath.1)"
157.55.33.47 - - [03/Jan/2013:13:13:43 +0100] "GET /robots.txt HTTP/1.1" 404 1256 "-" "Mozilla/5.0 (compatible; bingbot/2.0; +http://www.bing.com/bingbot.htm)"
217.92.30.77 - - [03/Jan/2013:14:07:14 +0100] "GET / HTTP/1.1" 200 2366 "http://www.google.de/url?sa=t&rct=j&q=nephrologisches%20zentrum%20pforzheim&source=web&cd=1&cad=rja&ved=0CDMQFjAA&url=http%3A%2F%2Fwww.dialyse-calw.de%2F&ei=IYLlUPKnAYX64QTC1YDABw&usg=AFQjCNECMxQiO0NOt3ERqW1uzT1RIToCeg&bvm=bv.1355534169,d.Yms" "Mozilla/5.0 (compatible; MSIE 9.0; Windows NT 6.1; WOW64; Trident/5.0)"
217.92.30.77 - - [03/Jan/2013:14:07:15 +0100] "HEAD /00start.swf HTTP/1.1" 200 - "-" "contype"
217.92.30.77 - - [03/Jan/2013:14:07:15 +0100] "GET /00start.swf HTTP/1.1" 200 8575 "http://www.dialyse-calw.de/" "Mozilla/5.0 (compatible; MSIE 9.0; Windows NT 6.1; WOW64; Trident/5.0)"
217.92.30.77 - - [03/Jan/2013:14:07:16 +0100] "GET /favicon.ico HTTP/1.1" 404 1256 "-" "Mozilla/5.0 (compatible; MSIE 9.0; Windows NT 6.1; WOW64; Trident/5.0)"
217.92.30.77 - - [03/Jan/2013:14:07:31 +0100] "GET / HTTP/1.1" 200 2366 "http://www.dialyse-calw.de/" "Mozilla/5.0 (compatible; MSIE 9.0; Windows NT 6.1; WOW64; Trident/5.0)"
217.92.30.77 - - [03/Jan/2013:14:07:34 +0100] "HEAD /00start.swf HTTP/1.1" 200 - "-" "contype"
217.92.30.77 - - [03/Jan/2013:14:07:34 +0100] "GET /00start.swf HTTP/1.1" 200 8575 "http://www.dialyse-pforzheim.de/" "Mozilla/5.0 (compatible; MSIE 9.0; Windows NT 6.1; WOW64; Trident/5.0)"
217.92.30.77 - - [03/Jan/2013:14:07:36 +0100] "GET /favicon.ico HTTP/1.1" 404 1256 "-" "Mozilla/5.0 (compatible; MSIE 9.0; Windows NT 6.1; WOW64; Trident/5.0)"
217.92.30.77 - - [03/Jan/2013:14:07:42 +0100] "GET /00themen00.html HTTP/1.1" 200 2254 "http://www.dialyse-pforzheim.de/00start.swf" "Mozilla/5.0 (compatible; MSIE 9.0; Windows NT 6.1; WOW64; Trident/5.0)"
217.92.30.77 - - [03/Jan/2013:14:07:42 +0100] "GET /AC_RunActiveContent.js HTTP/1.1" 200 8029 "http://www.dialyse-pforzheim.de/00themen00.html" "Mozilla/5.0 (compatible; MSIE 9.0; Windows NT 6.1; WOW64; Trident/5.0)"
217.92.30.77 - - [03/Jan/2013:14:07:42 +0100] "GET /00themen00.swf HTTP/1.1" 200 136579 "http://www.dialyse-pforzheim.de/00themen00.html" "Mozilla/5.0 (compatible; MSIE 9.0; Windows NT 6.1; WOW64; Trident/5.0)"
217.92.30.77 - - [03/Jan/2013:14:07:42 +0100] "GET /favicon.ico HTTP/1.1" 404 1256 "-" "Mozilla/5.0 (compatible; MSIE 9.0; Windows NT 6.1; WOW64; Trident/5.0)"
217.92.30.77 - - [03/Jan/2013:14:07:45 +0100] "GET /01.html HTTP/1.1" 200 1982 "http://www.dialyse-pforzheim.de/00themen00.swf" "Mozilla/5.0 (compatible; MSIE 9.0; Windows NT 6.1; WOW64; Trident/5.0)"
217.92.30.77 - - [03/Jan/2013:14:07:46 +0100] "GET /01.swf HTTP/1.1" 200 19349 "http://www.dialyse-pforzheim.de/01.html" "Mozilla/5.0 (compatible; MSIE 9.0; Windows NT 6.1; WOW64; Trident/5.0)"
217.92.30.77 - - [03/Jan/2013:14:08:00 +0100] "GET /09.html HTTP/1.1" 200 2086 "http://www.dialyse-pforzheim.de/00themen00.swf" "Mozilla/5.0 (compatible; MSIE 9.0; Windows NT 6.1; WOW64; Trident/5.0)"
217.92.30.77 - - [03/Jan/2013:14:08:00 +0100] "GET /09.swf HTTP/1.1" 200 23096 "http://www.dialyse-pforzheim.de/09.html" "Mozilla/5.0 (compatible; MSIE 9.0; Windows NT 6.1; WOW64; Trident/5.0)"
54.243.1.44 - - [03/Jan/2013:14:22:38 +0100] "GET / HTTP/1.0" 200 2366 "http://www.eatree.com" "Mozilla/5.0 (compatible; MSIE 9.0; Windows NT 6.1; Trident/5.0)"
91.45.162.97 - - [03/Jan/2013:14:33:40 +0100] "GET / HTTP/1.1" 200 2366 "http://www.google.de/url?sa=t&rct=j&q=&esrc=s&source=web&cd=1&ved=0CDMQFjAA&url=http%3A%2F%2Fwww.dialyse-calw.de%2F&ei=jojlUOq9KcLl4QS0oYCADg&usg=AFQjCNECMxQiO0NOt3ERqW1uzT1RIToCeg&bvm=bv.1355534169,d.Yms" "Mozilla/5.0 (Windows NT 6.0; rv:17.0) Gecko/20100101 Firefox/17.0"
91.45.162.97 - - [03/Jan/2013:14:33:41 +0100] "GET /00start.swf HTTP/1.1" 200 8575 "http://www.dialyse-calw.de/" "Mozilla/5.0 (Windows NT 6.0; rv:17.0) Gecko/20100101 Firefox/17.0"
91.45.162.97 - - [03/Jan/2013:14:33:43 +0100] "GET /favicon.ico HTTP/1.1" 404 1256 "-" "Mozilla/5.0 (Windows NT 6.0; rv:17.0) Gecko/20100101 Firefox/17.0"
91.45.162.97 - - [03/Jan/2013:14:33:47 +0100] "GET /00themen00.html HTTP/1.1" 200 2254 "http://www.dialyse-calw.de/" "Mozilla/5.0 (Windows NT 6.0; rv:17.0) Gecko/20100101 Firefox/17.0"
91.45.162.97 - - [03/Jan/2013:14:33:47 +0100] "GET /AC_RunActiveContent.js HTTP/1.1" 200 8029 "http://www.dialyse-calw.de/00themen00.html" "Mozilla/5.0 (Windows NT 6.0; rv:17.0) Gecko/20100101 Firefox/17.0"
91.45.162.97 - - [03/Jan/2013:14:33:48 +0100] "GET /00themen00.swf HTTP/1.1" 200 136579 "http://www.dialyse-calw.de/00themen00.html" "Mozilla/5.0 (Windows NT 6.0; rv:17.0) Gecko/20100101 Firefox/17.0"
91.45.162.97 - - [03/Jan/2013:14:33:56 +0100] "GET /08.html HTTP/1.1" 200 2005 "http://www.dialyse-calw.de/00themen00.html" "Mozilla/5.0 (Windows NT 6.0; rv:17.0) Gecko/20100101 Firefox/17.0"
91.45.162.97 - - [03/Jan/2013:14:33:57 +0100] "GET /08.swf HTTP/1.1" 200 20405 "http://www.dialyse-calw.de/08.html" "Mozilla/5.0 (Windows NT 6.0; rv:17.0) Gecko/20100101 Firefox/17.0"
91.45.162.97 - - [03/Jan/2013:14:34:07 +0100] "GET /03a.html HTTP/1.1" 200 1991 "http://www.dialyse-calw.de/00themen00.html" "Mozilla/5.0 (Windows NT 6.0; rv:17.0) Gecko/20100101 Firefox/17.0"
91.45.162.97 - - [03/Jan/2013:14:34:07 +0100] "GET /03a.swf HTTP/1.1" 200 94997 "http://www.dialyse-calw.de/03a.html" "Mozilla/5.0 (Windows NT 6.0; rv:17.0) Gecko/20100101 Firefox/17.0"
91.45.162.97 - - [03/Jan/2013:14:34:19 +0100] "GET /06.html HTTP/1.1" 200 2278 "http://www.dialyse-calw.de/00themen00.html" "Mozilla/5.0 (Windows NT 6.0; rv:17.0) Gecko/20100101 Firefox/17.0"
91.45.162.97 - - [03/Jan/2013:14:34:19 +0100] "GET /06.swf HTTP/1.1" 200 20731 "http://www.dialyse-calw.de/06.html" "Mozilla/5.0 (Windows NT 6.0; rv:17.0) Gecko/20100101 Firefox/17.0"
91.45.162.97 - - [03/Jan/2013:14:36:07 +0100] "GET /02.html HTTP/1.1" 200 1982 "http://www.dialyse-calw.de/00themen00.html" "Mozilla/5.0 (Windows NT 6.0; rv:17.0) Gecko/20100101 Firefox/17.0"
91.45.162.97 - - [03/Jan/2013:14:36:08 +0100] "GET /02.swf HTTP/1.1" 200 22781 "http://www.dialyse-calw.de/02.html" "Mozilla/5.0 (Windows NT 6.0; rv:17.0) Gecko/20100101 Firefox/17.0"
91.45.162.97 - - [03/Jan/2013:14:37:00 +0100] "GET /09.html HTTP/1.1" 200 2086 "http://www.dialyse-calw.de/00themen00.html" "Mozilla/5.0 (Windows NT 6.0; rv:17.0) Gecko/20100101 Firefox/17.0"
91.45.162.97 - - [03/Jan/2013:14:37:00 +0100] "GET /09.swf HTTP/1.1" 200 23096 "http://www.dialyse-calw.de/09.html" "Mozilla/5.0 (Windows NT 6.0; rv:17.0) Gecko/20100101 Firefox/17.0"
91.45.162.97 - - [03/Jan/2013:14:38:12 +0100] "GET /index.html HTTP/1.1" 200 2366 "http://www.dialyse-calw.de/08.html" "Mozilla/5.0 (Windows NT 6.0; rv:17.0) Gecko/20100101 Firefox/17.0"
91.45.162.97 - - [03/Jan/2013:14:40:21 +0100] "GET /04.html HTTP/1.1" 200 2106 "http://www.dialyse-calw.de/00themen00.html" "Mozilla/5.0 (Windows NT 6.0; rv:17.0) Gecko/20100101 Firefox/17.0"
91.45.162.97 - - [03/Jan/2013:14:40:22 +0100] "GET /04.swf HTTP/1.1" 200 62769 "http://www.dialyse-calw.de/04.html" "Mozilla/5.0 (Windows NT 6.0; rv:17.0) Gecko/20100101 Firefox/17.0"
91.45.162.97 - - [03/Jan/2013:14:40:32 +0100] "GET /04Kartebbb.html HTTP/1.1" 200 2077 "http://www.dialyse-calw.de/04.html" "Mozilla/5.0 (Windows NT 6.0; rv:17.0) Gecko/20100101 Firefox/17.0"
91.45.162.97 - - [03/Jan/2013:14:40:32 +0100] "GET /04Kartebbb.swf HTTP/1.1" 200 32635 "http://www.dialyse-calw.de/04Kartebbb.html" "Mozilla/5.0 (Windows NT 6.0; rv:17.0) Gecko/20100101 Firefox/17.0"
91.45.162.97 - - [03/Jan/2013:14:40:41 +0100] "GET /04Karteccc.html HTTP/1.1" 200 2077 "http://www.dialyse-calw.de/04.html" "Mozilla/5.0 (Windows NT 6.0; rv:17.0) Gecko/20100101 Firefox/17.0"
91.45.162.97 - - [03/Jan/2013:14:40:41 +0100] "GET /04Karteccc.swf HTTP/1.1" 200 32338 "http://www.dialyse-calw.de/04Karteccc.html" "Mozilla/5.0 (Windows NT 6.0; rv:17.0) Gecko/20100101 Firefox/17.0"
66.249.78.235 - - [03/Jan/2013:14:41:05 +0100] "GET /02.swf HTTP/1.1" 200 22781 "-" "Mozilla/5.0 (compatible; Googlebot/2.1; +http://www.google.com/bot.html)"
91.45.162.97 - - [03/Jan/2013:14:41:26 +0100] "GET /03.html HTTP/1.1" 200 1982 "http://www.dialyse-calw.de/00themen00.html" "Mozilla/5.0 (Windows NT 6.0; rv:17.0) Gecko/20100101 Firefox/17.0"
91.45.162.97 - - [03/Jan/2013:14:41:26 +0100] "GET /03.swf HTTP/1.1" 200 74505 "http://www.dialyse-calw.de/03.html" "Mozilla/5.0 (Windows NT 6.0; rv:17.0) Gecko/20100101 Firefox/17.0"
157.55.32.154 - - [03/Jan/2013:14:42:06 +0100] "GET /robots.txt HTTP/1.1" 404 1256 "-" "Mozilla/5.0 (compatible; bingbot/2.0; +http://www.bing.com/bingbot.htm)"
157.55.32.154 - - [03/Jan/2013:14:44:06 +0100] "GET / HTTP/1.1" 200 2366 "-" "Mozilla/5.0 (compatible; bingbot/2.0; +http://www.bing.com/bingbot.htm)"
91.223.75.117 - - [03/Jan/2013:15:04:35 +0100] "GET / HTTP/1.1" 200 2366 "http://sminewsrus.sims2rpg.ru/" "Mozilla/4.0 (compatible; MSIE 5.5; Windows 95; BCD2000)"
91.223.75.117 - - [03/Jan/2013:15:04:36 +0100] "GET / HTTP/1.1" 200 2366 "http://sminewsrus.sims2rpg.ru/" "Mozilla/4.0 (compatible; MSIE 5.5; Windows 95; BCD2000)"
66.249.76.235 - - [03/Jan/2013:15:29:27 +0100] "GET /00themen00.html HTTP/1.1" 200 2254 "-" "Mozilla/5.0 (compatible; Googlebot/2.1; +http://www.google.com/bot.html)"
66.249.78.235 - - [03/Jan/2013:15:39:53 +0100] "GET /00themen00.swf HTTP/1.1" 200 136579 "-" "Mozilla/5.0 (compatible; Googlebot/2.1; +http://www.google.com/bot.html)"
91.19.29.9 - - [03/Jan/2013:15:54:38 +0100] "GET / HTTP/1.1" 200 2366 "http://www.arzt-auskunft.de/arzt/Pforzheim/Innere-Medizin/Frank/1084637" "Mozilla/5.0 (Windows NT 6.1; WOW64; rv:17.0) Gecko/20100101 Firefox/17.0"
91.19.29.9 - - [03/Jan/2013:15:54:39 +0100] "GET /00start.swf HTTP/1.1" 200 8575 "http://www.dialyse-pforzheim.de/" "Mozilla/5.0 (Windows NT 6.1; WOW64; rv:17.0) Gecko/20100101 Firefox/17.0"
91.19.29.9 - - [03/Jan/2013:15:54:41 +0100] "GET /favicon.ico HTTP/1.1" 404 1256 "-" "Mozilla/5.0 (Windows NT 6.1; WOW64; rv:17.0) Gecko/20100101 Firefox/17.0"
91.19.29.9 - - [03/Jan/2013:15:54:45 +0100] "GET /00themen00.html HTTP/1.1" 200 2254 "http://www.dialyse-pforzheim.de/" "Mozilla/5.0 (Windows NT 6.1; WOW64; rv:17.0) Gecko/20100101 Firefox/17.0"
91.19.29.9 - - [03/Jan/2013:15:54:45 +0100] "GET /AC_RunActiveContent.js HTTP/1.1" 200 8029 "http://www.dialyse-pforzheim.de/00themen00.html" "Mozilla/5.0 (Windows NT 6.1; WOW64; rv:17.0) Gecko/20100101 Firefox/17.0"
91.19.29.9 - - [03/Jan/2013:15:54:46 +0100] "GET /00themen00.swf HTTP/1.1" 200 136579 "http://www.dialyse-pforzheim.de/00themen00.html" "Mozilla/5.0 (Windows NT 6.1; WOW64; rv:17.0) Gecko/20100101 Firefox/17.0"
91.19.29.9 - - [03/Jan/2013:15:54:53 +0100] "GET /03.html HTTP/1.1" 200 1982 "http://www.dialyse-pforzheim.de/00themen00.html" "Mozilla/5.0 (Windows NT 6.1; WOW64; rv:17.0) Gecko/20100101 Firefox/17.0"
91.19.29.9 - - [03/Jan/2013:15:54:54 +0100] "GET /03.swf HTTP/1.1" 200 74505 "http://www.dialyse-pforzheim.de/03.html" "Mozilla/5.0 (Windows NT 6.1; WOW64; rv:17.0) Gecko/20100101 Firefox/17.0"
91.19.29.9 - - [03/Jan/2013:15:55:28 +0100] "GET /01.html HTTP/1.1" 200 1982 "http://www.dialyse-pforzheim.de/00themen00.html" "Mozilla/5.0 (Windows NT 6.1; WOW64; rv:17.0) Gecko/20100101 Firefox/17.0"
91.19.29.9 - - [03/Jan/2013:15:55:28 +0100] "GET /01.swf HTTP/1.1" 200 19349 "http://www.dialyse-pforzheim.de/01.html" "Mozilla/5.0 (Windows NT 6.1; WOW64; rv:17.0) Gecko/20100101 Firefox/17.0"
91.19.29.9 - - [03/Jan/2013:15:55:53 +0100] "GET /02.html HTTP/1.1" 200 1982 "http://www.dialyse-pforzheim.de/00themen00.html" "Mozilla/5.0 (Windows NT 6.1; WOW64; rv:17.0) Gecko/20100101 Firefox/17.0"
91.19.29.9 - - [03/Jan/2013:15:55:54 +0100] "GET /02.swf HTTP/1.1" 200 22781 "http://www.dialyse-pforzheim.de/02.html" "Mozilla/5.0 (Windows NT 6.1; WOW64; rv:17.0) Gecko/20100101 Firefox/17.0"
91.19.29.9 - - [03/Jan/2013:15:57:21 +0100] "GET /04.html HTTP/1.1" 200 2106 "http://www.dialyse-pforzheim.de/00themen00.html" "Mozilla/5.0 (Windows NT 6.1; WOW64; rv:17.0) Gecko/20100101 Firefox/17.0"
91.19.29.9 - - [03/Jan/2013:15:57:21 +0100] "GET /04.swf HTTP/1.1" 200 62769 "http://www.dialyse-pforzheim.de/04.html" "Mozilla/5.0 (Windows NT 6.1; WOW64; rv:17.0) Gecko/20100101 Firefox/17.0"
91.19.29.9 - - [03/Jan/2013:15:57:47 +0100] "GET /04Kartebbb.html HTTP/1.1" 200 2077 "http://www.dialyse-pforzheim.de/04.html" "Mozilla/5.0 (Windows NT 6.1; WOW64; rv:17.0) Gecko/20100101 Firefox/17.0"
91.19.29.9 - - [03/Jan/2013:15:57:47 +0100] "GET /04Kartebbb.swf HTTP/1.1" 200 32635 "http://www.dialyse-pforzheim.de/04Kartebbb.html" "Mozilla/5.0 (Windows NT 6.1; WOW64; rv:17.0) Gecko/20100101 Firefox/17.0"
141.8.147.1 - - [03/Jan/2013:16:24:38 +0100] "GET /robots.txt HTTP/1.1" 404 1256 "-" "Mozilla/5.0 (compatible; YandexBot/3.0; +http://yandex.com/bots)"
157.56.93.193 - - [03/Jan/2013:16:48:12 +0100] "GET /robots.txt HTTP/1.1" 404 1256 "-" "Mozilla/5.0 (compatible; bingbot/2.0; +http://www.bing.com/bingbot.htm)"
157.56.93.193 - - [03/Jan/2013:16:50:09 +0100] "GET /02.swf HTTP/1.1" 200 22781 "-" "Mozilla/5.0 (compatible; bingbot/2.0; +http://www.bing.com/bingbot.htm)"
66.249.76.187 - - [03/Jan/2013:16:57:58 +0100] "GET / HTTP/1.1" 200 2366 "-" "DoCoMo/2.0 N905i(c100;TB;W24H16) (compatible; Googlebot-Mobile/2.1; +http://www.google.com/bot.html)"
199.19.95.35 - - [03/Jan/2013:17:02:38 +0100] "GET / HTTP/1.1" 200 2366 "www.dialyse-nagold.de" "Mozilla/4.0 (compatible; MSIE 8.0; Windows NT 5.1; Trident/4.0; .NET CLR 2.0.50727; .NET CLR 1.1.4322; .NET CLR 3.0.04506.30; .NET CLR 3.0.04506.648)"
66.249.78.235 - - [03/Jan/2013:17:07:07 +0100] "GET / HTTP/1.1" 304 - "-" "Mozilla/5.0 (compatible; Googlebot/2.1; +http://www.google.com/bot.html)"
157.55.32.110 - - [03/Jan/2013:17:21:36 +0100] "GET /02.html HTTP/1.1" 200 1982 "-" "Mozilla/5.0 (compatible; bingbot/2.0; +http://www.bing.com/bingbot.htm)"
65.55.210.33 - - [03/Jan/2013:17:21:38 +0100] "GET /02.swf HTTP/1.1" 200 22781 "http://www.dialyse-calw.de/02.swf" "Mozilla/5.0 (Windows NT 6.1; WOW64) AppleWebKit/534+ (KHTML, like Gecko) BingPreview/1.0b"
178.137.129.61 - - [03/Jan/2013:17:23:09 +0100] "GET / HTTP/1.1" 200 2366 "http://filmare-foto.md/" "Mozilla/0.91 Beta (Windows)"
178.137.129.61 - - [03/Jan/2013:17:23:10 +0100] "GET / HTTP/1.1" 200 2366 "http://filmare-foto.md/" "Mozilla/0.91 Beta (Windows)"
157.55.32.149 - - [03/Jan/2013:17:41:03 +0100] "GET /06.swf HTTP/1.1" 200 20731 "-" "Mozilla/5.0 (compatible; bingbot/2.0; +http://www.bing.com/bingbot.htm)"
157.55.32.154 - - [03/Jan/2013:17:41:39 +0100] "GET /06.html HTTP/1.1" 200 2278 "-" "Mozilla/5.0 (compatible; bingbot/2.0; +http://www.bing.com/bingbot.htm)"
65.55.210.65 - - [03/Jan/2013:17:41:40 +0100] "GET /06.swf HTTP/1.1" 200 20731 "http://www.dialyse-calw.de/06.swf" "Mozilla/5.0 (Windows NT 6.1; WOW64) AppleWebKit/534+ (KHTML, like Gecko) BingPreview/1.0b"
54.234.81.217 - - [03/Jan/2013:17:45:41 +0100] "HEAD / HTTP/1.1" 200 - "http://www.netcraft.com/survey/" "Mozilla/4.0 (compatible; Netcraft Web Server Survey)"
66.249.78.187 - - [03/Jan/2013:18:02:29 +0100] "GET / HTTP/1.1" 200 2366 "-" "Mozilla/5.0 (compatible; Googlebot/2.1; +http://www.google.com/bot.html)"
141.8.147.1 - - [03/Jan/2013:18:19:10 +0100] "GET /03.swf HTTP/1.1" 304 - "-" "Mozilla/5.0 (compatible; YandexBot/3.0; +http://yandex.com/bots)"
157.55.33.14 - - [03/Jan/2013:18:48:58 +0100] "GET /robots.txt HTTP/1.1" 404 1256 "-" "Mozilla/5.0 (compatible; bingbot/2.0; +http://www.bing.com/bingbot.htm)"
157.55.33.14 - - [03/Jan/2013:18:51:11 +0100] "GET / HTTP/1.1" 304 - "-" "Mozilla/5.0 (compatible; bingbot/2.0; +http://www.bing.com/bingbot.htm)"
173.45.104.226 - - [03/Jan/2013:19:08:05 +0100] "GET / HTTP/1.1" 200 2366 "-" "Mozilla/5.0 (Windows NT 6.1; rv:16.0) Gecko/20100101 Firefox/16.0"
157.55.35.100 - - [03/Jan/2013:19:11:02 +0100] "GET /robots.txt HTTP/1.1" 404 1256 "-" "Mozilla/5.0 (compatible; bingbot/2.0; +http://www.bing.com/bingbot.htm)"
157.55.35.100 - - [03/Jan/2013:19:12:25 +0100] "GET /05.html HTTP/1.1" 200 1982 "-" "Mozilla/5.0 (compatible; bingbot/2.0; +http://www.bing.com/bingbot.htm)"
65.55.208.19 - - [03/Jan/2013:19:12:27 +0100] "GET /AC_RunActiveContent.js HTTP/1.1" 200 8029 "http://www.dialyse-pforzheim.de/05.html" "Mozilla/5.0 (Windows NT 6.1; WOW64) AppleWebKit/534+ (KHTML, like Gecko) BingPreview/1.0b"
65.55.208.19 - - [03/Jan/2013:19:12:27 +0100] "GET /05.swf HTTP/1.1" 200 58083 "http://www.dialyse-pforzheim.de/05.swf" "Mozilla/5.0 (Windows NT 6.1; WOW64) AppleWebKit/534+ (KHTML, like Gecko) BingPreview/1.0b"
199.19.249.196 - - [03/Jan/2013:19:20:04 +0100] "GET / HTTP/1.1" 200 2366 "-" "Mozilla/4.0 (compatible; MSIE 7.0; Windows NT 5.1; InfoPath.1; .NET CLR 2.0.50727; .NET CLR 1.1.4322; MS-RTC LM 8; .NET CLR 3.0.4506.2152; .NET CLR 3.5.30729)"
194.120.84.9 - - [03/Jan/2013:19:20:04 +0100] "GET / HTTP/1.1" 200 2366 "-" "Mozilla/4.0 (compatible; MSIE 8.0; Windows NT 6.1; Trident/4.0; SLCC2; .NET CLR 2.0.50727; .NET CLR 3.5.30729; .NET CLR 3.0.30729; Media Center PC 6.0; InfoPath.3; MS-RTC LM 8; .NET4.0C; .NET4.0E)"
194.120.84.9 - - [03/Jan/2013:19:20:05 +0100] "GET /favicon.ico HTTP/1.1" 404 1256 "-" "Mozilla/4.0 (compatible; MSIE 8.0; Windows NT 6.1; Trident/4.0; SLCC2; .NET CLR 2.0.50727; .NET CLR 3.5.30729; .NET CLR 3.0.30729; Media Center PC 6.0; InfoPath.3; MS-RTC LM 8; .NET4.0C; .NET4.0E)"
194.120.84.9 - - [03/Jan/2013:19:20:08 +0100] "GET / HTTP/1.1" 200 2366 "http://www.dialyse-nagold.de/notify-NotifyUncategorized?aHR0cDovL3d3dy5kaWFseXNlLW5hZ29sZC5kZS8=" "Mozilla/4.0 (compatible; MSIE 8.0; Windows NT 6.1; Trident/4.0; SLCC2; .NET CLR 2.0.50727; .NET CLR 3.5.30729; .NET CLR 3.0.30729; Media Center PC 6.0; InfoPath.3; MS-RTC LM 8; .NET4.0C; .NET4.0E)"
194.120.84.9 - - [03/Jan/2013:19:20:08 +0100] "GET /00start.swf HTTP/1.1" 200 8575 "-" "contype"
194.120.84.9 - - [03/Jan/2013:19:20:08 +0100] "GET /00start.swf HTTP/1.1" 304 - "http://www.dialyse-nagold.de/" "Mozilla/4.0 (compatible; MSIE 8.0; Windows NT 6.1; Trident/4.0; SLCC2; .NET CLR 2.0.50727; .NET CLR 3.5.30729; .NET CLR 3.0.30729; Media Center PC 6.0; InfoPath.3; MS-RTC LM 8; .NET4.0C; .NET4.0E)"
194.120.84.9 - - [03/Jan/2013:19:20:09 +0100] "GET /favicon.ico HTTP/1.1" 404 1256 "-" "Mozilla/4.0 (compatible; MSIE 8.0; Windows NT 6.1; Trident/4.0; SLCC2; .NET CLR 2.0.50727; .NET CLR 3.5.30729; .NET CLR 3.0.30729; Media Center PC 6.0; InfoPath.3; MS-RTC LM 8; .NET4.0C; .NET4.0E)"
199.19.249.196 - - [03/Jan/2013:19:20:14 +0100] "GET /00themen00.html HTTP/1.1" 200 2254 "-" "Mozilla/4.0 (compatible; MSIE 7.0; Windows NT 5.1; InfoPath.1; .NET CLR 2.0.50727; .NET CLR 1.1.4322; MS-RTC LM 8; .NET CLR 3.0.4506.2152; .NET CLR 3.5.30729)"
194.120.84.9 - - [03/Jan/2013:19:20:14 +0100] "GET /00themen00.html HTTP/1.1" 200 2254 "http://www.dialyse-nagold.de/00start.swf" "Mozilla/4.0 (compatible; MSIE 8.0; Windows NT 6.1; Trident/4.0; SLCC2; .NET CLR 2.0.50727; .NET CLR 3.5.30729; .NET CLR 3.0.30729; Media Center PC 6.0; InfoPath.3; MS-RTC LM 8; .NET4.0C; .NET4.0E)"
194.120.84.9 - - [03/Jan/2013:19:20:14 +0100] "GET /AC_RunActiveContent.js HTTP/1.1" 200 8029 "http://www.dialyse-nagold.de/00start.swf" "Mozilla/4.0 (compatible; MSIE 8.0; Windows NT 6.1; Trident/4.0; SLCC2; .NET CLR 2.0.50727; .NET CLR 3.5.30729; .NET CLR 3.0.30729; Media Center PC 6.0; InfoPath.3; MS-RTC LM 8; .NET4.0C; .NET4.0E)"
194.120.84.9 - - [03/Jan/2013:19:20:15 +0100] "GET /00themen00.swf HTTP/1.1" 200 136579 "http://www.dialyse-nagold.de/00themen00.html" "Mozilla/4.0 (compatible; MSIE 8.0; Windows NT 6.1; Trident/4.0; SLCC2; .NET CLR 2.0.50727; .NET CLR 3.5.30729; .NET CLR 3.0.30729; Media Center PC 6.0; InfoPath.3; MS-RTC LM 8; .NET4.0C; .NET4.0E)"
199.19.249.196 - - [03/Jan/2013:19:20:21 +0100] "GET /08.html HTTP/1.1" 200 2005 "-" "Mozilla/4.0 (compatible; MSIE 7.0; Windows NT 5.1; InfoPath.1; .NET CLR 2.0.50727; .NET CLR 1.1.4322; MS-RTC LM 8; .NET CLR 3.0.4506.2152; .NET CLR 3.5.30729)"
194.120.84.9 - - [03/Jan/2013:19:20:21 +0100] "GET /08.html HTTP/1.1" 200 2005 "http://www.dialyse-nagold.de/00themen00.swf" "Mozilla/4.0 (compatible; MSIE 8.0; Windows NT 6.1; Trident/4.0; SLCC2; .NET CLR 2.0.50727; .NET CLR 3.5.30729; .NET CLR 3.0.30729; Media Center PC 6.0; InfoPath.3; MS-RTC LM 8; .NET4.0C; .NET4.0E)"
194.120.84.9 - - [03/Jan/2013:19:20:21 +0100] "GET /08.swf HTTP/1.1" 200 20405 "http://www.dialyse-nagold.de/08.html" "Mozilla/4.0 (compatible; MSIE 8.0; Windows NT 6.1; Trident/4.0; SLCC2; .NET CLR 2.0.50727; .NET CLR 3.5.30729; .NET CLR 3.0.30729; Media Center PC 6.0; InfoPath.3; MS-RTC LM 8; .NET4.0C; .NET4.0E)"
199.19.249.196 - - [03/Jan/2013:19:20:48 +0100] "GET /09.html HTTP/1.1" 200 2086 "-" "Mozilla/4.0 (compatible; MSIE 7.0; Windows NT 5.1; InfoPath.1; .NET CLR 2.0.50727; .NET CLR 1.1.4322; MS-RTC LM 8; .NET CLR 3.0.4506.2152; .NET CLR 3.5.30729)"
194.120.84.9 - - [03/Jan/2013:19:20:48 +0100] "GET /09.html HTTP/1.1" 200 2086 "http://www.dialyse-nagold.de/00themen00.swf" "Mozilla/4.0 (compatible; MSIE 8.0; Windows NT 6.1; Trident/4.0; SLCC2; .NET CLR 2.0.50727; .NET CLR 3.5.30729; .NET CLR 3.0.30729; Media Center PC 6.0; InfoPath.3; MS-RTC LM 8; .NET4.0C; .NET4.0E)"
194.120.84.9 - - [03/Jan/2013:19:20:48 +0100] "GET /09.swf HTTP/1.1" 200 23096 "http://www.dialyse-nagold.de/09.html" "Mozilla/4.0 (compatible; MSIE 8.0; Windows NT 6.1; Trident/4.0; SLCC2; .NET CLR 2.0.50727; .NET CLR 3.5.30729; .NET CLR 3.0.30729; Media Center PC 6.0; InfoPath.3; MS-RTC LM 8; .NET4.0C; .NET4.0E)"
66.249.78.187 - - [03/Jan/2013:19:35:36 +0100] "GET / HTTP/1.1" 200 2366 "-" "SAMSUNG-SGH-E250/1.0 Profile/MIDP-2.0 Configuration/CLDC-1.1 UP.Browser/6.2.3.3.c.1.101 (GUI) MMP/2.0 (compatible; Googlebot-Mobile/2.1; +http://www.google.com/bot.html)"
157.55.35.105 - - [03/Jan/2013:20:02:13 +0100] "GET /robots.txt HTTP/1.1" 404 1256 "-" "Mozilla/5.0 (compatible; bingbot/2.0; +http://www.bing.com/bingbot.htm)"
157.55.35.105 - - [03/Jan/2013:20:03:53 +0100] "GET /05.swf HTTP/1.1" 200 58083 "-" "Mozilla/5.0 (compatible; bingbot/2.0; +http://www.bing.com/bingbot.htm)"
91.45.165.138 - - [03/Jan/2013:20:11:23 +0100] "GET / HTTP/1.1" 200 2366 "http://siloah.de/cms/diakonissenverein/Stellenangebot-Anzeige_126.html?stellenangebot=103" "Mozilla/5.0 (iPad; CPU OS 5_1_1 like Mac OS X) AppleWebKit/534.46 (KHTML, like Gecko) Version/5.1 Mobile/9B206 Safari/7534.48.3"
199.19.249.196 - - [03/Jan/2013:20:12:12 +0100] "GET / HTTP/1.1" 200 2366 "-" "Mozilla/4.0 (compatible; MSIE 7.0; Windows NT 5.1; InfoPath.1; .NET CLR 2.0.50727; .NET CLR 1.1.4322; MS-RTC LM 8; .NET CLR 3.0.4506.2152; .NET CLR 3.5.30729)"
194.120.84.9 - - [03/Jan/2013:20:12:12 +0100] "GET / HTTP/1.1" 200 2366 "-" "Mozilla/4.0 (compatible; MSIE 8.0; Windows NT 6.1; Trident/4.0; SLCC2; .NET CLR 2.0.50727; .NET CLR 3.5.30729; .NET CLR 3.0.30729; Media Center PC 6.0; InfoPath.3; MS-RTC LM 8; .NET4.0C; .NET4.0E)"
194.120.84.9 - - [03/Jan/2013:20:12:13 +0100] "GET /favicon.ico HTTP/1.1" 404 1256 "-" "Mozilla/4.0 (compatible; MSIE 8.0; Windows NT 6.1; Trident/4.0; SLCC2; .NET CLR 2.0.50727; .NET CLR 3.5.30729; .NET CLR 3.0.30729; Media Center PC 6.0; InfoPath.3; MS-RTC LM 8; .NET4.0C; .NET4.0E)"
194.120.84.9 - - [03/Jan/2013:20:12:15 +0100] "GET / HTTP/1.1" 200 2366 "http://www.dialyse-pforzheim.de/notify-NotifyUncategorized?aHR0cDovL3d3dy5kaWFseXNlLXBmb3J6aGVpbS5kZS8=" "Mozilla/4.0 (compatible; MSIE 8.0; Windows NT 6.1; Trident/4.0; SLCC2; .NET CLR 2.0.50727; .NET CLR 3.5.30729; .NET CLR 3.0.30729; Media Center PC 6.0; InfoPath.3; MS-RTC LM 8; .NET4.0C; .NET4.0E)"
194.120.84.9 - - [03/Jan/2013:20:12:15 +0100] "GET /00start.swf HTTP/1.1" 200 8575 "-" "contype"
194.120.84.9 - - [03/Jan/2013:20:12:16 +0100] "GET /00start.swf HTTP/1.1" 304 - "http://www.dialyse-pforzheim.de/" "Mozilla/4.0 (compatible; MSIE 8.0; Windows NT 6.1; Trident/4.0; SLCC2; .NET CLR 2.0.50727; .NET CLR 3.5.30729; .NET CLR 3.0.30729; Media Center PC 6.0; InfoPath.3; MS-RTC LM 8; .NET4.0C; .NET4.0E)"
194.120.84.9 - - [03/Jan/2013:20:12:17 +0100] "GET /favicon.ico HTTP/1.1" 404 1256 "-" "Mozilla/4.0 (compatible; MSIE 8.0; Windows NT 6.1; Trident/4.0; SLCC2; .NET CLR 2.0.50727; .NET CLR 3.5.30729; .NET CLR 3.0.30729; Media Center PC 6.0; InfoPath.3; MS-RTC LM 8; .NET4.0C; .NET4.0E)"
199.19.249.196 - - [03/Jan/2013:20:12:32 +0100] "GET /00themen00.html HTTP/1.1" 200 2254 "-" "Mozilla/4.0 (compatible; MSIE 7.0; Windows NT 5.1; InfoPath.1; .NET CLR 2.0.50727; .NET CLR 1.1.4322; MS-RTC LM 8; .NET CLR 3.0.4506.2152; .NET CLR 3.5.30729)"
194.120.84.9 - - [03/Jan/2013:20:12:32 +0100] "GET /00themen00.html HTTP/1.1" 200 2254 "http://www.dialyse-pforzheim.de/00start.swf" "Mozilla/4.0 (compatible; MSIE 8.0; Windows NT 6.1; Trident/4.0; SLCC2; .NET CLR 2.0.50727; .NET CLR 3.5.30729; .NET CLR 3.0.30729; Media Center PC 6.0; InfoPath.3; MS-RTC LM 8; .NET4.0C; .NET4.0E)"
194.120.84.9 - - [03/Jan/2013:20:12:33 +0100] "GET /AC_RunActiveContent.js HTTP/1.1" 200 8029 "http://www.dialyse-pforzheim.de/00start.swf" "Mozilla/4.0 (compatible; MSIE 8.0; Windows NT 6.1; Trident/4.0; SLCC2; .NET CLR 2.0.50727; .NET CLR 3.5.30729; .NET CLR 3.0.30729; Media Center PC 6.0; InfoPath.3; MS-RTC LM 8; .NET4.0C; .NET4.0E)"
194.120.84.9 - - [03/Jan/2013:20:12:33 +0100] "GET /00themen00.swf HTTP/1.1" 200 136579 "http://www.dialyse-pforzheim.de/00themen00.html" "Mozilla/4.0 (compatible; MSIE 8.0; Windows NT 6.1; Trident/4.0; SLCC2; .NET CLR 2.0.50727; .NET CLR 3.5.30729; .NET CLR 3.0.30729; Media Center PC 6.0; InfoPath.3; MS-RTC LM 8; .NET4.0C; .NET4.0E)"
199.19.249.196 - - [03/Jan/2013:20:12:43 +0100] "GET /08.html HTTP/1.1" 200 2005 "-" "Mozilla/4.0 (compatible; MSIE 7.0; Windows NT 5.1; InfoPath.1; .NET CLR 2.0.50727; .NET CLR 1.1.4322; MS-RTC LM 8; .NET CLR 3.0.4506.2152; .NET CLR 3.5.30729)"
194.120.84.9 - - [03/Jan/2013:20:12:43 +0100] "GET /08.html HTTP/1.1" 200 2005 "http://www.dialyse-pforzheim.de/00themen00.swf" "Mozilla/4.0 (compatible; MSIE 8.0; Windows NT 6.1; Trident/4.0; SLCC2; .NET CLR 2.0.50727; .NET CLR 3.5.30729; .NET CLR 3.0.30729; Media Center PC 6.0; InfoPath.3; MS-RTC LM 8; .NET4.0C; .NET4.0E)"
194.120.84.9 - - [03/Jan/2013:20:12:44 +0100] "GET /08.swf HTTP/1.1" 200 20405 "http://www.dialyse-pforzheim.de/08.html" "Mozilla/4.0 (compatible; MSIE 8.0; Windows NT 6.1; Trident/4.0; SLCC2; .NET CLR 2.0.50727; .NET CLR 3.5.30729; .NET CLR 3.0.30729; Media Center PC 6.0; InfoPath.3; MS-RTC LM 8; .NET4.0C; .NET4.0E)"
173.45.104.226 - - [03/Jan/2013:20:19:21 +0100] "GET / HTTP/1.1" 200 2366 "-" "Mozilla/5.0 (Windows NT 6.1; rv:16.0) Gecko/20100101 Firefox/16.0"
157.55.32.95 - - [03/Jan/2013:20:51:21 +0100] "GET /robots.txt HTTP/1.1" 404 1256 "-" "Mozilla/5.0 (compatible; bingbot/2.0; +http://www.bing.com/bingbot.htm)"
157.55.32.95 - - [03/Jan/2013:20:52:55 +0100] "GET /00themen00.swf HTTP/1.1" 200 136579 "-" "Mozilla/5.0 (compatible; bingbot/2.0; +http://www.bing.com/bingbot.htm)"
94.23.220.161 - - [03/Jan/2013:21:24:14 +0100] "GET /09.swf HTTP/1.1" 200 23096 "-" "Mozilla/5.0 (X11; Linux i686; rv:6.0) Gecko/20100101 Firefox/6.0"
65.55.24.219 - - [03/Jan/2013:21:38:10 +0100] "GET /robots.txt HTTP/1.1" 404 1256 "-" "Mozilla/5.0 (compatible; bingbot/2.0; +http://www.bing.com/bingbot.htm)"
65.55.24.219 - - [03/Jan/2013:21:39:54 +0100] "GET /03.swf HTTP/1.1" 200 74505 "-" "Mozilla/5.0 (compatible; bingbot/2.0; +http://www.bing.com/bingbot.htm)"
157.55.35.40 - - [03/Jan/2013:21:40:32 +0100] "GET /03.html HTTP/1.1" 200 1982 "-" "Mozilla/5.0 (compatible; bingbot/2.0; +http://www.bing.com/bingbot.htm)"
65.55.210.33 - - [03/Jan/2013:21:40:42 +0100] "GET /03.swf HTTP/1.1" 200 74505 "http://www.dialyse-calw.de/03.swf" "Mozilla/5.0 (Windows NT 6.1; WOW64) AppleWebKit/534+ (KHTML, like Gecko) BingPreview/1.0b"
157.55.35.105 - - [03/Jan/2013:21:49:02 +0100] "GET /robots.txt HTTP/1.1" 404 1256 "-" "Mozilla/5.0 (compatible; bingbot/2.0; +http://www.bing.com/bingbot.htm)"
157.55.35.105 - - [03/Jan/2013:21:51:24 +0100] "GET /00themen00.html HTTP/1.1" 200 2254 "-" "Mozilla/5.0 (compatible; bingbot/2.0; +http://www.bing.com/bingbot.htm)"
157.56.92.152 - - [03/Jan/2013:21:51:25 +0100] "GET /AC_RunActiveContent.js HTTP/1.1" 200 8029 "http://www.dialyse-pforzheim.de/00themen00.html" "Mozilla/5.0 (Windows NT 6.1; WOW64) AppleWebKit/534+ (KHTML, like Gecko) BingPreview/1.0b"
157.56.92.152 - - [03/Jan/2013:21:51:26 +0100] "GET /00themen00.swf HTTP/1.1" 200 136579 "http://www.dialyse-pforzheim.de/00themen00.swf" "Mozilla/5.0 (Windows NT 6.1; WOW64) AppleWebKit/534+ (KHTML, like Gecko) BingPreview/1.0b"
146.52.210.34 - - [03/Jan/2013:22:29:55 +0100] "GET /robots.txt HTTP/1.1" 404 1256 "-" "findlinks/2.0.2 (+http://wortschatz.uni-leipzig.de/findlinks/)"
146.52.210.34 - - [03/Jan/2013:22:29:58 +0100] "GET /robots.txt HTTP/1.1" 404 1256 "-" "findlinks/2.0.2 (+http://wortschatz.uni-leipzig.de/findlinks/)"
92.249.127.111 - - [03/Jan/2013:23:00:38 +0100] "GET / HTTP/1.1" 200 2366 "http://libertyfactory.com/" "Mozilla/5.0 (compatible; news bot /2.1)"
