217.86.187.183 - - [22/Jan/2013:10:47:02 +0100] "GET /AC_RunActiveContent.js HTTP/1.1" 200 8029 "http://www.dialyse-nagold.de/00themen00.html" "Mozilla/5.0 (Windows NT 6.1; WOW64; rv:18.0) Gecko/20100101 Firefox/18.0"
217.86.187.183 - - [22/Jan/2013:10:47:02 +0100] "GET /00themen00.swf HTTP/1.1" 200 136579 "http://www.dialyse-nagold.de/00themen00.html" "Mozilla/5.0 (Windows NT 6.1; WOW64; rv:18.0) Gecko/20100101 Firefox/18.0"
217.86.187.183 - - [22/Jan/2013:10:47:09 +0100] "GET /04.html HTTP/1.1" 200 2106 "http://www.dialyse-nagold.de/00themen00.html" "Mozilla/5.0 (Windows NT 6.1; WOW64; rv:18.0) Gecko/20100101 Firefox/18.0"
217.86.187.183 - - [22/Jan/2013:10:47:09 +0100] "GET /04.swf HTTP/1.1" 200 62769 "http://www.dialyse-nagold.de/04.html" "Mozilla/5.0 (Windows NT 6.1; WOW64; rv:18.0) Gecko/20100101 Firefox/18.0"
217.86.187.183 - - [22/Jan/2013:10:47:14 +0100] "GET /04Karteccc.html HTTP/1.1" 200 2077 "http://www.dialyse-nagold.de/04.html" "Mozilla/5.0 (Windows NT 6.1; WOW64; rv:18.0) Gecko/20100101 Firefox/18.0"
217.86.187.183 - - [22/Jan/2013:10:47:14 +0100] "GET /04Karteccc.swf HTTP/1.1" 200 32338 "http://www.dialyse-nagold.de/04Karteccc.html" "Mozilla/5.0 (Windows NT 6.1; WOW64; rv:18.0) Gecko/20100101 Firefox/18.0"
217.86.187.183 - - [22/Jan/2013:10:47:26 +0100] "GET /02.html HTTP/1.1" 200 1982 "http://www.dialyse-nagold.de/00themen00.html" "Mozilla/5.0 (Windows NT 6.1; WOW64; rv:18.0) Gecko/20100101 Firefox/18.0"
217.86.187.183 - - [22/Jan/2013:10:47:26 +0100] "GET /02.swf HTTP/1.1" 200 22781 "http://www.dialyse-nagold.de/02.html" "Mozilla/5.0 (Windows NT 6.1; WOW64; rv:18.0) Gecko/20100101 Firefox/18.0"
217.86.187.183 - - [22/Jan/2013:10:47:52 +0100] "GET /03.html HTTP/1.1" 200 1982 "http://www.dialyse-nagold.de/00themen00.html" "Mozilla/5.0 (Windows NT 6.1; WOW64; rv:18.0) Gecko/20100101 Firefox/18.0"
217.86.187.183 - - [22/Jan/2013:10:47:52 +0100] "GET /03.swf HTTP/1.1" 200 74505 "http://www.dialyse-nagold.de/03.html" "Mozilla/5.0 (Windows NT 6.1; WOW64; rv:18.0) Gecko/20100101 Firefox/18.0"
217.86.187.183 - - [22/Jan/2013:10:48:19 +0100] "GET /08.html HTTP/1.1" 200 2005 "http://www.dialyse-nagold.de/00themen00.html" "Mozilla/5.0 (Windows NT 6.1; WOW64; rv:18.0) Gecko/20100101 Firefox/18.0"
217.86.187.183 - - [22/Jan/2013:10:48:19 +0100] "GET /08.swf HTTP/1.1" 200 20405 "http://www.dialyse-nagold.de/08.html" "Mozilla/5.0 (Windows NT 6.1; WOW64; rv:18.0) Gecko/20100101 Firefox/18.0"
217.86.187.183 - - [22/Jan/2013:10:48:37 +0100] "GET /01.html HTTP/1.1" 200 1982 "http://www.dialyse-nagold.de/00themen00.html" "Mozilla/5.0 (Windows NT 6.1; WOW64; rv:18.0) Gecko/20100101 Firefox/18.0"
217.86.187.183 - - [22/Jan/2013:10:48:37 +0100] "GET /01.swf HTTP/1.1" 200 19349 "http://www.dialyse-nagold.de/01.html" "Mozilla/5.0 (Windows NT 6.1; WOW64; rv:18.0) Gecko/20100101 Firefox/18.0"
217.86.187.183 - - [22/Jan/2013:10:49:26 +0100] "GET /03a.html HTTP/1.1" 200 1991 "http://www.dialyse-nagold.de/00themen00.html" "Mozilla/5.0 (Windows NT 6.1; WOW64; rv:18.0) Gecko/20100101 Firefox/18.0"
217.86.187.183 - - [22/Jan/2013:10:49:27 +0100] "GET /03a.swf HTTP/1.1" 200 94997 "http://www.dialyse-nagold.de/03a.html" "Mozilla/5.0 (Windows NT 6.1; WOW64; rv:18.0) Gecko/20100101 Firefox/18.0"
217.86.187.183 - - [22/Jan/2013:10:49:37 +0100] "GET /05.html HTTP/1.1" 200 1982 "http://www.dialyse-nagold.de/00themen00.html" "Mozilla/5.0 (Windows NT 6.1; WOW64; rv:18.0) Gecko/20100101 Firefox/18.0"
217.86.187.183 - - [22/Jan/2013:10:49:37 +0100] "GET /05.swf HTTP/1.1" 200 58083 "http://www.dialyse-nagold.de/05.html" "Mozilla/5.0 (Windows NT 6.1; WOW64; rv:18.0) Gecko/20100101 Firefox/18.0"
150.70.75.36 - - [22/Jan/2013:10:49:51 +0100] "GET / HTTP/1.0" 200 2366 "-" "Mozilla/4.0 (compatible; MSIE 6.0; Windows NT 5.1)"
157.55.34.168 - - [22/Jan/2013:11:25:08 +0100] "GET /robots.txt HTTP/1.1" 404 1256 "-" "Mozilla/5.0 (compatible; bingbot/2.0; +http://www.bing.com/bingbot.htm)"
157.55.34.168 - - [22/Jan/2013:11:27:03 +0100] "GET /03.html HTTP/1.1" 200 1982 "-" "Mozilla/5.0 (compatible; bingbot/2.0; +http://www.bing.com/bingbot.htm)"
65.55.208.234 - - [22/Jan/2013:11:27:53 +0100] "GET /03.swf HTTP/1.1" 200 74505 "http://www.dialyse-calw.de/03.swf" "Mozilla/5.0 (Windows NT 6.1; WOW64) AppleWebKit/534+ (KHTML, like Gecko) BingPreview/1.0b"
157.55.33.29 - - [22/Jan/2013:12:02:21 +0100] "GET /robots.txt HTTP/1.1" 404 1256 "-" "Mozilla/5.0 (compatible; bingbot/2.0; +http://www.bing.com/bingbot.htm)"
157.55.33.29 - - [22/Jan/2013:12:04:05 +0100] "GET /03.swf HTTP/1.1" 200 74505 "-" "Mozilla/5.0 (compatible; bingbot/2.0; +http://www.bing.com/bingbot.htm)"
54.243.1.44 - - [22/Jan/2013:12:45:33 +0100] "GET / HTTP/1.0" 200 2366 "http://www.eatree.com" "Mozilla/5.0 (compatible; MSIE 9.0; Windows NT 6.1; Trident/5.0)"
141.8.147.1 - - [22/Jan/2013:12:55:03 +0100] "GET / HTTP/1.1" 200 2366 "-" "Mozilla/5.0 (compatible; YandexBot/3.0; +http://yandex.com/bots)"
141.8.147.1 - - [22/Jan/2013:12:55:37 +0100] "GET /00start.swf HTTP/1.1" 200 8575 "-" "Mozilla/5.0 (compatible; YandexBot/3.0; +http://yandex.com/bots)"
157.55.32.58 - - [22/Jan/2013:13:01:40 +0100] "GET /robots.txt HTTP/1.1" 404 1256 "-" "Mozilla/5.0 (compatible; bingbot/2.0; +http://www.bing.com/bingbot.htm)"
157.55.32.58 - - [22/Jan/2013:13:03:33 +0100] "GET / HTTP/1.1" 200 2366 "-" "Mozilla/5.0 (compatible; bingbot/2.0; +http://www.bing.com/bingbot.htm)"
84.173.162.227 - - [22/Jan/2013:13:27:46 +0100] "GET /09a.html HTTP/1.1" 304 - "http://www.google.de/url?sa=t&rct=j&q=&esrc=s&source=web&cd=2&ved=0CDwQFjAB&url=http%3A%2F%2Fwww.dialyse-calw.de%2F09a.html&ei=uIX-UMPcLofUsgbCooH4DQ&usg=AFQjCNEs7ra8oip9Ivy9h9haJq7d-kwktA&bvm=bv.41248874,d.Yms" "Mozilla/5.0 (Windows NT 5.1; rv:18.0) Gecko/20100101 Firefox/18.0"
84.173.162.227 - - [22/Jan/2013:13:27:46 +0100] "GET /AC_RunActiveContent.js HTTP/1.1" 304 - "http://www.dialyse-calw.de/09a.html" "Mozilla/5.0 (Windows NT 5.1; rv:18.0) Gecko/20100101 Firefox/18.0"
84.173.162.227 - - [22/Jan/2013:13:27:46 +0100] "GET /09a.swf HTTP/1.1" 304 - "http://www.dialyse-calw.de/09a.html" "Mozilla/5.0 (Windows NT 5.1; rv:18.0) Gecko/20100101 Firefox/18.0"
84.173.162.227 - - [22/Jan/2013:13:27:48 +0100] "GET /00themen00.html HTTP/1.1" 304 - "http://www.dialyse-calw.de/09a.html" "Mozilla/5.0 (Windows NT 5.1; rv:18.0) Gecko/20100101 Firefox/18.0"
84.173.162.227 - - [22/Jan/2013:13:27:48 +0100] "GET /00themen00.swf HTTP/1.1" 304 - "http://www.dialyse-calw.de/00themen00.html" "Mozilla/5.0 (Windows NT 5.1; rv:18.0) Gecko/20100101 Firefox/18.0"
84.173.162.227 - - [22/Jan/2013:13:27:50 +0100] "GET /03.html HTTP/1.1" 304 - "http://www.dialyse-calw.de/00themen00.html" "Mozilla/5.0 (Windows NT 5.1; rv:18.0) Gecko/20100101 Firefox/18.0"
84.173.162.227 - - [22/Jan/2013:13:27:50 +0100] "GET /03.swf HTTP/1.1" 304 - "http://www.dialyse-calw.de/03.html" "Mozilla/5.0 (Windows NT 5.1; rv:18.0) Gecko/20100101 Firefox/18.0"
84.173.162.227 - - [22/Jan/2013:13:28:15 +0100] "GET /index.html HTTP/1.1" 200 2366 "http://www.dialyse-calw.de/03.html" "Mozilla/5.0 (Windows NT 5.1; rv:18.0) Gecko/20100101 Firefox/18.0"
84.173.162.227 - - [22/Jan/2013:13:28:15 +0100] "GET /00start.swf HTTP/1.1" 200 8575 "http://www.dialyse-calw.de/index.html" "Mozilla/5.0 (Windows NT 5.1; rv:18.0) Gecko/20100101 Firefox/18.0"
176.9.146.19 - - [22/Jan/2013:13:46:00 +0100] "GET /robots.txt HTTP/1.1" 404 1256 "-" "Mozilla/5.0 (compatible; SISTRIX Crawler; http://crawler.sistrix.net/)"
176.9.146.19 - - [22/Jan/2013:13:46:00 +0100] "GET / HTTP/1.1" 200 2366 "-" "Mozilla/5.0 (compatible; SISTRIX Crawler; http://crawler.sistrix.net/)"
79.242.30.165 - - [22/Jan/2013:14:04:04 +0100] "GET / HTTP/1.1" 200 2366 "http://www.google.de/url?sa=t&rct=j&q=nephrologisches+centrum+pforzheim&source=web&cd=1&ved=0CDAQFjAA&url=http%3A%2F%2Fwww.dialyse-calw.de%2F&ei=LI7-UMaIK4XasgalrIHYDA&usg=AFQjCNECMxQiO0NOt3ERqW1uzT1RIToCeg&bvm=bv.41248874,d.d2k" "Mozilla/4.0 (compatible; MSIE 8.0; Windows NT 5.2; WOW64; Trident/4.0; .NET CLR 2.0.50727; .NET CLR 3.0.4506.2152; .NET CLR 3.5.30729)"
79.242.30.165 - - [22/Jan/2013:14:04:04 +0100] "GET /00start.swf HTTP/1.1" 200 8575 "-" "contype"
79.242.30.165 - - [22/Jan/2013:14:04:05 +0100] "GET /00start.swf HTTP/1.1" 200 8575 "http://www.dialyse-calw.de/" "Mozilla/4.0 (compatible; MSIE 8.0; Windows NT 5.2; WOW64; Trident/4.0; .NET CLR 2.0.50727; .NET CLR 3.0.4506.2152; .NET CLR 3.5.30729)"
79.242.30.165 - - [22/Jan/2013:14:04:08 +0100] "GET /favicon.ico HTTP/1.1" 404 1256 "-" "Mozilla/4.0 (compatible; MSIE 8.0; Windows NT 5.2; WOW64; Trident/4.0; .NET CLR 2.0.50727; .NET CLR 3.0.4506.2152; .NET CLR 3.5.30729)"
79.242.30.165 - - [22/Jan/2013:14:04:10 +0100] "GET /00themen00.html HTTP/1.1" 200 2254 "http://www.dialyse-calw.de/00start.swf" "Mozilla/4.0 (compatible; MSIE 8.0; Windows NT 5.2; WOW64; Trident/4.0; .NET CLR 2.0.50727; .NET CLR 3.0.4506.2152; .NET CLR 3.5.30729)"
79.242.30.165 - - [22/Jan/2013:14:04:10 +0100] "GET /AC_RunActiveContent.js HTTP/1.1" 200 8029 "http://www.dialyse-calw.de/00start.swf" "Mozilla/4.0 (compatible; MSIE 8.0; Windows NT 5.2; WOW64; Trident/4.0; .NET CLR 2.0.50727; .NET CLR 3.0.4506.2152; .NET CLR 3.5.30729)"
79.242.30.165 - - [22/Jan/2013:14:04:11 +0100] "GET /00themen00.swf HTTP/1.1" 200 136579 "http://www.dialyse-calw.de/00themen00.html" "Mozilla/4.0 (compatible; MSIE 8.0; Windows NT 5.2; WOW64; Trident/4.0; .NET CLR 2.0.50727; .NET CLR 3.0.4506.2152; .NET CLR 3.5.30729)"
79.242.30.165 - - [22/Jan/2013:14:04:12 +0100] "GET /favicon.ico HTTP/1.1" 404 1256 "-" "Mozilla/4.0 (compatible; MSIE 8.0; Windows NT 5.2; WOW64; Trident/4.0; .NET CLR 2.0.50727; .NET CLR 3.0.4506.2152; .NET CLR 3.5.30729)"
79.242.30.165 - - [22/Jan/2013:14:04:14 +0100] "GET /09.html HTTP/1.1" 200 2086 "http://www.dialyse-calw.de/00themen00.swf" "Mozilla/4.0 (compatible; MSIE 8.0; Windows NT 5.2; WOW64; Trident/4.0; .NET CLR 2.0.50727; .NET CLR 3.0.4506.2152; .NET CLR 3.5.30729)"
79.242.30.165 - - [22/Jan/2013:14:04:14 +0100] "GET /09.swf HTTP/1.1" 200 23096 "http://www.dialyse-calw.de/09.html" "Mozilla/4.0 (compatible; MSIE 8.0; Windows NT 5.2; WOW64; Trident/4.0; .NET CLR 2.0.50727; .NET CLR 3.0.4506.2152; .NET CLR 3.5.30729)"
79.242.30.165 - - [22/Jan/2013:14:04:49 +0100] "GET /09a.html HTTP/1.1" 200 2059 "http://www.dialyse-calw.de/09.swf" "Mozilla/4.0 (compatible; MSIE 8.0; Windows NT 5.2; WOW64; Trident/4.0; .NET CLR 2.0.50727; .NET CLR 3.0.4506.2152; .NET CLR 3.5.30729)"
79.242.30.165 - - [22/Jan/2013:14:04:50 +0100] "GET /09a.swf HTTP/1.1" 200 20604 "http://www.dialyse-calw.de/09a.html" "Mozilla/4.0 (compatible; MSIE 8.0; Windows NT 5.2; WOW64; Trident/4.0; .NET CLR 2.0.50727; .NET CLR 3.0.4506.2152; .NET CLR 3.5.30729)"
79.242.30.165 - - [22/Jan/2013:14:05:07 +0100] "GET /08.html HTTP/1.1" 200 2005 "http://www.dialyse-calw.de/00themen00.swf" "Mozilla/4.0 (compatible; MSIE 8.0; Windows NT 5.2; WOW64; Trident/4.0; .NET CLR 2.0.50727; .NET CLR 3.0.4506.2152; .NET CLR 3.5.30729)"
79.242.30.165 - - [22/Jan/2013:14:05:07 +0100] "GET /08.swf HTTP/1.1" 200 20405 "http://www.dialyse-calw.de/08.html" "Mozilla/4.0 (compatible; MSIE 8.0; Windows NT 5.2; WOW64; Trident/4.0; .NET CLR 2.0.50727; .NET CLR 3.0.4506.2152; .NET CLR 3.5.30729)"
79.242.30.165 - - [22/Jan/2013:14:05:48 +0100] "GET /07.html HTTP/1.1" 200 2319 "http://www.dialyse-calw.de/00themen00.swf" "Mozilla/4.0 (compatible; MSIE 8.0; Windows NT 5.2; WOW64; Trident/4.0; .NET CLR 2.0.50727; .NET CLR 3.0.4506.2152; .NET CLR 3.5.30729)"
79.242.30.165 - - [22/Jan/2013:14:05:49 +0100] "GET /07.swf HTTP/1.1" 200 20730 "http://www.dialyse-calw.de/07.html" "Mozilla/4.0 (compatible; MSIE 8.0; Windows NT 5.2; WOW64; Trident/4.0; .NET CLR 2.0.50727; .NET CLR 3.0.4506.2152; .NET CLR 3.5.30729)"
89.106.221.146 - - [22/Jan/2013:14:50:30 +0100] "GET / HTTP/1.1" 200 2366 "http://www.google.de/url?sa=t&rct=j&q=dr.%20wiedemann%20calw&source=web&cd=5&ved=0CEcQFjAE&url=http%3A%2F%2Fwww.dialyse-calw.de%2F&ei=Fpn-UJecKIOJtAb8kYDYBw&usg=AFQjCNECMxQiO0NOt3ERqW1uzT1RIToCeg&bvm=bv.41248874,d.Yms" "Mozilla/4.0 (compatible; MSIE 8.0; Windows NT 5.2; Trident/4.0; .NET CLR 1.1.4322; .NET CLR 2.0.50727; .NET CLR 3.0.4506.2152; .NET CLR 3.5.30729; .NET4.0C; .NET4.0E)"
89.106.221.146 - - [22/Jan/2013:14:50:31 +0100] "GET /00start.swf HTTP/1.1" 200 8575 "-" "contype"
89.106.221.146 - - [22/Jan/2013:14:50:31 +0100] "GET /00start.swf HTTP/1.1" 200 8575 "http://www.dialyse-calw.de/" "Mozilla/4.0 (compatible; MSIE 8.0; Windows NT 5.2; Trident/4.0; .NET CLR 1.1.4322; .NET CLR 2.0.50727; .NET CLR 3.0.4506.2152; .NET CLR 3.5.30729; .NET4.0C; .NET4.0E)"
178.24.248.213 - - [22/Jan/2013:15:03:14 +0100] "GET / HTTP/1.1" 200 2366 "-" "ExB Language Crawler 2.0-3 (+http://www.exb.de/crawler)"
141.8.147.1 - - [22/Jan/2013:16:20:23 +0100] "GET /robots.txt HTTP/1.1" 404 1256 "-" "Mozilla/5.0 (compatible; YandexBot/3.0; +http://yandex.com/bots)"
141.8.147.1 - - [22/Jan/2013:16:25:15 +0100] "GET /robots.txt HTTP/1.1" 404 1256 "-" "Mozilla/5.0 (compatible; YandexBot/3.0; +http://yandex.com/bots)"
84.130.243.208 - - [22/Jan/2013:17:45:41 +0100] "GET / HTTP/1.1" 200 2366 "http://www.google.de/url?sa=t&rct=j&q=&esrc=s&source=web&cd=6&ved=0CFIQFjAF&url=http%3A%2F%2Fwww.dialyse-calw.de%2F&ei=IsL-UML3CIGM4ATaq4DACw&usg=AFQjCNECMxQiO0NOt3ERqW1uzT1RIToCeg&bvm=bv.41248874,d.bGE" "Mozilla/5.0 (Windows NT 6.1; rv:18.0) Gecko/20100101 Firefox/18.0"
84.130.243.208 - - [22/Jan/2013:17:45:42 +0100] "GET /00start.swf HTTP/1.1" 200 8575 "http://www.dialyse-calw.de/" "Mozilla/5.0 (Windows NT 6.1; rv:18.0) Gecko/20100101 Firefox/18.0"
84.130.243.208 - - [22/Jan/2013:17:45:43 +0100] "GET /favicon.ico HTTP/1.1" 404 1256 "-" "Mozilla/5.0 (Windows NT 6.1; rv:18.0) Gecko/20100101 Firefox/18.0"
84.130.243.208 - - [22/Jan/2013:17:45:43 +0100] "GET /favicon.ico HTTP/1.1" 404 1256 "-" "Mozilla/5.0 (Windows NT 6.1; rv:18.0) Gecko/20100101 Firefox/18.0"
84.130.243.208 - - [22/Jan/2013:17:45:45 +0100] "GET /00themen00.html HTTP/1.1" 200 2254 "http://www.dialyse-calw.de/" "Mozilla/5.0 (Windows NT 6.1; rv:18.0) Gecko/20100101 Firefox/18.0"
84.130.243.208 - - [22/Jan/2013:17:45:45 +0100] "GET /AC_RunActiveContent.js HTTP/1.1" 200 8029 "http://www.dialyse-calw.de/00themen00.html" "Mozilla/5.0 (Windows NT 6.1; rv:18.0) Gecko/20100101 Firefox/18.0"
84.130.243.208 - - [22/Jan/2013:17:45:45 +0100] "GET /00themen00.swf HTTP/1.1" 200 136579 "http://www.dialyse-calw.de/00themen00.html" "Mozilla/5.0 (Windows NT 6.1; rv:18.0) Gecko/20100101 Firefox/18.0"
84.130.243.208 - - [22/Jan/2013:17:45:51 +0100] "GET /03.html HTTP/1.1" 200 1982 "http://www.dialyse-calw.de/00themen00.html" "Mozilla/5.0 (Windows NT 6.1; rv:18.0) Gecko/20100101 Firefox/18.0"
84.130.243.208 - - [22/Jan/2013:17:45:51 +0100] "GET /03.swf HTTP/1.1" 200 74505 "http://www.dialyse-calw.de/03.html" "Mozilla/5.0 (Windows NT 6.1; rv:18.0) Gecko/20100101 Firefox/18.0"
84.130.243.208 - - [22/Jan/2013:17:47:56 +0100] "GET /08.html HTTP/1.1" 200 2005 "http://www.dialyse-calw.de/00themen00.html" "Mozilla/5.0 (Windows NT 6.1; rv:18.0) Gecko/20100101 Firefox/18.0"
84.130.243.208 - - [22/Jan/2013:17:47:56 +0100] "GET /08.swf HTTP/1.1" 200 20405 "http://www.dialyse-calw.de/08.html" "Mozilla/5.0 (Windows NT 6.1; rv:18.0) Gecko/20100101 Firefox/18.0"
84.130.243.208 - - [22/Jan/2013:17:48:10 +0100] "GET /03a.html HTTP/1.1" 200 1991 "http://www.dialyse-calw.de/00themen00.html" "Mozilla/5.0 (Windows NT 6.1; rv:18.0) Gecko/20100101 Firefox/18.0"
84.130.243.208 - - [22/Jan/2013:17:48:11 +0100] "GET /03a.swf HTTP/1.1" 200 94997 "http://www.dialyse-calw.de/03a.html" "Mozilla/5.0 (Windows NT 6.1; rv:18.0) Gecko/20100101 Firefox/18.0"
217.229.9.202 - - [22/Jan/2013:18:04:20 +0100] "GET /09a.html HTTP/1.1" 200 2059 "http://www.google.de/url?sa=t&rct=j&q=&esrc=s&source=web&cd=2&ved=0CDwQFjAB&url=http%3A%2F%2Fwww.dialyse-calw.de%2F09a.html&ei=h8b-UMWzL8natAbw9oDwDQ&usg=AFQjCNEs7ra8oip9Ivy9h9haJq7d-kwktA&bvm=bv.41248874,d.Yms" "Mozilla/5.0 (Windows NT 5.1; rv:18.0) Gecko/20100101 Firefox/18.0"
217.229.9.202 - - [22/Jan/2013:18:04:21 +0100] "GET /09a.swf HTTP/1.1" 200 20604 "http://www.dialyse-calw.de/09a.html" "Mozilla/5.0 (Windows NT 5.1; rv:18.0) Gecko/20100101 Firefox/18.0"
217.229.9.202 - - [22/Jan/2013:18:04:22 +0100] "GET /favicon.ico HTTP/1.1" 404 1256 "-" "Mozilla/5.0 (Windows NT 5.1; rv:18.0) Gecko/20100101 Firefox/18.0"
92.249.127.111 - - [22/Jan/2013:18:07:44 +0100] "GET / HTTP/1.1" 200 2366 "http://canada.3bb.ru/" "Mozilla/5.0 (compatible; news bot /2.1)"
92.249.127.111 - - [22/Jan/2013:18:07:45 +0100] "GET / HTTP/1.1" 200 2366 "http://canada.3bb.ru/" "Mozilla/5.0 (compatible; news bot /2.1)"
95.108.150.235 - - [22/Jan/2013:18:28:59 +0100] "GET /robots.txt HTTP/1.1" 404 1256 "-" "Mozilla/5.0 (compatible; YandexBot/3.0; +http://yandex.com/bots)"
95.108.150.235 - - [22/Jan/2013:18:28:59 +0100] "GET /robots.txt HTTP/1.1" 404 1256 "-" "Mozilla/5.0 (compatible; YandexBot/3.0; +http://yandex.com/bots)"
95.108.150.235 - - [22/Jan/2013:18:29:00 +0100] "GET / HTTP/1.1" 200 2366 "-" "Mozilla/5.0 (compatible; YandexBot/3.0; +http://yandex.com/bots)"
95.108.150.235 - - [22/Jan/2013:18:29:00 +0100] "GET / HTTP/1.1" 200 2366 "-" "Mozilla/5.0 (compatible; YandexBot/3.0; +http://yandex.com/bots)"
95.108.150.235 - - [22/Jan/2013:18:29:01 +0100] "GET / HTTP/1.1" 200 2366 "-" "Mozilla/5.0 (compatible; YandexBot/3.0; +http://yandex.com/bots)"
95.108.150.235 - - [22/Jan/2013:18:29:01 +0100] "GET / HTTP/1.1" 200 2366 "-" "Mozilla/5.0 (compatible; YandexBot/3.0; +http://yandex.com/bots)"
95.108.150.235 - - [22/Jan/2013:18:29:02 +0100] "GET /robots.txt HTTP/1.1" 404 1256 "-" "Mozilla/5.0 (compatible; YandexBot/3.0; +http://yandex.com/bots)"
95.108.150.235 - - [22/Jan/2013:18:29:03 +0100] "GET / HTTP/1.1" 200 2366 "-" "Mozilla/5.0 (compatible; YandexBot/3.0; +http://yandex.com/bots)"
95.108.150.235 - - [22/Jan/2013:18:29:04 +0100] "GET / HTTP/1.1" 200 2366 "-" "Mozilla/5.0 (compatible; YandexBot/3.0; +http://yandex.com/bots)"
93.233.121.210 - - [22/Jan/2013:19:05:33 +0100] "GET /robots.txt HTTP/1.1" 404 1256 "-" "ExB Language Crawler 2.1 (+http://www.exb.de/crawler)"
66.249.78.187 - - [22/Jan/2013:20:03:16 +0100] "GET /robots.txt HTTP/1.1" 404 1256 "-" "Mozilla/5.0 (compatible; Googlebot/2.1; +http://www.google.com/bot.html)"
66.249.78.187 - - [22/Jan/2013:20:03:16 +0100] "GET / HTTP/1.1" 200 2366 "-" "Mozilla/5.0 (compatible; Googlebot/2.1; +http://www.google.com/bot.html)"
141.8.147.1 - - [22/Jan/2013:21:12:09 +0100] "GET / HTTP/1.1" 200 2366 "-" "Mozilla/5.0 (compatible; YandexBot/3.0; +http://yandex.com/bots)"
141.8.147.1 - - [22/Jan/2013:21:14:52 +0100] "GET /00start.swf HTTP/1.1" 200 8575 "-" "Mozilla/5.0 (compatible; YandexBot/3.0; +http://yandex.com/bots)"
178.137.5.60 - - [22/Jan/2013:21:20:47 +0100] "GET / HTTP/1.1" 200 2366 "http://history-of.ru/" "Mozilla/4.0 (compatible; MSIE 6.0; Windows 98; Win 9x 4.90; Creative)"
178.137.5.60 - - [22/Jan/2013:21:20:48 +0100] "GET / HTTP/1.1" 200 2366 "http://history-of.ru/" "Mozilla/4.0 (compatible; MSIE 6.0; Windows 98; Win 9x 4.90; Creative)"
66.249.78.187 - - [22/Jan/2013:21:45:39 +0100] "GET /06.html HTTP/1.1" 304 - "-" "Mozilla/5.0 (iPhone; U; CPU iPhone OS 4_1 like Mac OS X; en-us) AppleWebKit/532.9 (KHTML, like Gecko) Version/4.0.5 Mobile/8B117 Safari/6531.22.7 (compatible; Googlebot-Mobile/2.1; +http://www.google.com/bot.html)"
157.55.33.111 - - [22/Jan/2013:21:48:50 +0100] "GET /robots.txt HTTP/1.1" 404 1256 "-" "Mozilla/5.0 (compatible; bingbot/2.0; +http://www.bing.com/bingbot.htm)"
157.55.33.111 - - [22/Jan/2013:21:50:38 +0100] "GET / HTTP/1.1" 200 2366 "-" "Mozilla/5.0 (compatible; bingbot/2.0; +http://www.bing.com/bingbot.htm)"
178.25.93.230 - - [22/Jan/2013:21:51:50 +0100] "GET /robots.txt HTTP/1.0" 404 1256 "-" "Mozilla/5.0 (compatible; MJ12bot/v1.4.3; http://www.majestic12.co.uk/bot.php?+)"
178.25.93.230 - - [22/Jan/2013:21:51:51 +0100] "GET / HTTP/1.1" 200 2366 "-" "Mozilla/5.0 (compatible; MJ12bot/v1.4.3; http://www.majestic12.co.uk/bot.php?+)"
5.9.27.74 - - [22/Jan/2013:22:04:23 +0100] "GET /robots.txt HTTP/1.1" 404 1256 "-" "Mozilla/5.0 (compatible; SISTRIX Crawler; http://crawler.sistrix.net/)"
5.9.27.74 - - [22/Jan/2013:22:04:23 +0100] "GET / HTTP/1.1" 200 2366 "-" "Mozilla/5.0 (compatible; SISTRIX Crawler; http://crawler.sistrix.net/)"
188.155.242.121 - - [22/Jan/2013:22:20:43 +0100] "GET /robots.txt HTTP/1.1" 404 1256 "-" "findlinks/2.1.5 (+http://wortschatz.uni-leipzig.de/findlinks/)"
141.8.147.1 - - [22/Jan/2013:22:32:13 +0100] "GET /00themen00.html HTTP/1.1" 200 2254 "-" "Mozilla/5.0 (compatible; YandexBot/3.0; +http://yandex.com/bots)"
141.8.147.1 - - [22/Jan/2013:23:14:57 +0100] "GET /08.html HTTP/1.1" 304 - "-" "Mozilla/5.0 (compatible; YandexBot/3.0; +http://yandex.com/bots)"
84.133.123.95 - - [22/Jan/2013:23:51:16 +0100] "GET / HTTP/1.1" 200 2366 "-" "ExB Language Crawler 2.1 (+http://www.exb.de/crawler)"
141.8.147.1 - - [22/Jan/2013:23:53:06 +0100] "GET /01.html HTTP/1.1" 304 - "-" "Mozilla/5.0 (compatible; YandexBot/3.0; +http://yandex.com/bots)"
89.108.102.171 - - [23/Jan/2013:00:35:15 +0100] "GET / HTTP/1.1" 200 2366 "http://mazzquito.com/" "Mozilla/4.0 (compatible; MSIE 7.0b; Windows NT 6.0)"
89.108.102.171 - - [23/Jan/2013:00:35:15 +0100] "GET / HTTP/1.1" 200 2366 "http://mazzquito.com/" "Mozilla/4.0 (compatible; MSIE 7.0b; Windows NT 6.0)"
141.8.147.1 - - [23/Jan/2013:00:53:59 +0100] "GET /07.html HTTP/1.1" 304 - "-" "Mozilla/5.0 (compatible; YandexBot/3.0; +http://yandex.com/bots)"
157.55.32.58 - - [23/Jan/2013:01:16:10 +0100] "GET /robots.txt HTTP/1.1" 404 1256 "-" "Mozilla/5.0 (compatible; bingbot/2.0; +http://www.bing.com/bingbot.htm)"
157.55.32.58 - - [23/Jan/2013:01:18:11 +0100] "GET / HTTP/1.1" 200 2366 "-" "Mozilla/5.0 (compatible; bingbot/2.0; +http://www.bing.com/bingbot.htm)"
85.13.147.71 - - [23/Jan/2013:01:29:20 +0100] "GET / HTTP/1.1" 200 2366 "-" "-"
85.13.147.71 - - [23/Jan/2013:01:29:20 +0100] "GET / HTTP/1.1" 200 2366 "-" "-"
141.8.147.1 - - [23/Jan/2013:01:30:23 +0100] "GET /02.html HTTP/1.1" 304 - "-" "Mozilla/5.0 (compatible; YandexBot/3.0; +http://yandex.com/bots)"
66.249.78.187 - - [23/Jan/2013:01:57:21 +0100] "GET /06.swf HTTP/1.1" 200 20731 "-" "SAMSUNG-SGH-E250/1.0 Profile/MIDP-2.0 Configuration/CLDC-1.1 UP.Browser/6.2.3.3.c.1.101 (GUI) MMP/2.0 (compatible; Googlebot-Mobile/2.1; +http://www.google.com/bot.html)"
141.8.147.1 - - [23/Jan/2013:02:26:30 +0100] "GET /05.html HTTP/1.1" 304 - "-" "Mozilla/5.0 (compatible; YandexBot/3.0; +http://yandex.com/bots)"
180.76.5.144 - - [23/Jan/2013:02:43:20 +0100] "GET / HTTP/1.1" 200 2366 "-" "Mozilla/5.0 (compatible; Baiduspider/2.0; +http://www.baidu.com/search/spider.html)"
141.8.147.1 - - [23/Jan/2013:03:25:49 +0100] "GET /04.html HTTP/1.1" 304 - "-" "Mozilla/5.0 (compatible; YandexBot/3.0; +http://yandex.com/bots)"
157.55.32.58 - - [23/Jan/2013:03:27:51 +0100] "GET /robots.txt HTTP/1.1" 404 1256 "-" "Mozilla/5.0 (compatible; bingbot/2.0; +http://www.bing.com/bingbot.htm)"
157.55.32.58 - - [23/Jan/2013:03:29:30 +0100] "GET / HTTP/1.1" 200 2366 "-" "Mozilla/5.0 (compatible; bingbot/2.0; +http://www.bing.com/bingbot.htm)"
174.129.237.157 - - [23/Jan/2013:04:15:17 +0100] "GET /robots.txt HTTP/1.0" 404 1256 "-" "ia_archiver (+http://www.alexa.com/site/help/webmasters; crawler@alexa.com)"
174.129.237.157 - - [23/Jan/2013:04:15:17 +0100] "GET / HTTP/1.0" 200 2366 "-" "ia_archiver (+http://www.alexa.com/site/help/webmasters; crawler@alexa.com)"
141.8.147.1 - - [23/Jan/2013:04:21:47 +0100] "GET /robots.txt HTTP/1.1" 404 1256 "-" "Mozilla/5.0 (compatible; YandexBot/3.0; +http://yandex.com/bots)"
141.8.147.1 - - [23/Jan/2013:04:27:04 +0100] "GET /02.swf HTTP/1.1" 304 - "-" "Mozilla/5.0 (compatible; YandexBot/3.0; +http://yandex.com/bots)"
193.106.136.44 - - [23/Jan/2013:04:43:15 +0100] "GET / HTTP/1.1" 200 2366 "http://www.blogmedics.ru/" "Mozilla/4.0 (compatible; MSIE 5.5; Windows NT 4.0; .NET CLR 1.0.2914)"
193.106.136.44 - - [23/Jan/2013:04:43:15 +0100] "GET / HTTP/1.1" 200 2366 "http://www.blogmedics.ru/" "Mozilla/4.0 (compatible; MSIE 5.5; Windows NT 4.0; .NET CLR 1.0.2914)"
157.55.33.17 - - [23/Jan/2013:05:07:00 +0100] "GET /robots.txt HTTP/1.1" 404 1256 "-" "Mozilla/5.0 (compatible; bingbot/2.0; +http://www.bing.com/bingbot.htm)"
157.55.33.17 - - [23/Jan/2013:05:08:53 +0100] "GET /02.swf HTTP/1.1" 200 22781 "-" "Mozilla/5.0 (compatible; bingbot/2.0; +http://www.bing.com/bingbot.htm)"
141.8.147.1 - - [23/Jan/2013:05:12:19 +0100] "GET /09.html HTTP/1.1" 304 - "-" "Mozilla/5.0 (compatible; YandexBot/3.0; +http://yandex.com/bots)"
141.8.147.1 - - [23/Jan/2013:05:33:47 +0100] "GET /03a.html HTTP/1.1" 304 - "-" "Mozilla/5.0 (compatible; YandexBot/3.0; +http://yandex.com/bots)"
66.249.75.187 - - [23/Jan/2013:05:37:07 +0100] "GET /03a.html HTTP/1.1" 304 - "-" "Mozilla/5.0 (compatible; Googlebot/2.1; +http://www.google.com/bot.html)"
66.249.75.235 - - [23/Jan/2013:05:45:29 +0100] "GET /robots.txt HTTP/1.1" 404 1256 "-" "Mozilla/5.0 (compatible; Googlebot/2.1; +http://www.google.com/bot.html)"
66.249.78.235 - - [23/Jan/2013:05:45:30 +0100] "GET /00themen00.swf HTTP/1.1" 200 136579 "-" "SAMSUNG-SGH-E250/1.0 Profile/MIDP-2.0 Configuration/CLDC-1.1 UP.Browser/6.2.3.3.c.1.101 (GUI) MMP/2.0 (compatible; Googlebot-Mobile/2.1; +http://www.google.com/bot.html)"
66.249.75.187 - - [23/Jan/2013:05:50:32 +0100] "GET /08.swf HTTP/1.1" 200 20405 "-" "Mozilla/5.0 (compatible; Googlebot/2.1; +http://www.google.com/bot.html)"
176.9.148.194 - - [23/Jan/2013:06:11:20 +0100] "GET /robots.txt HTTP/1.1" 404 1256 "-" "Mozilla/5.0 (compatible; SISTRIX Crawler; http://crawler.sistrix.net/)"
176.9.148.194 - - [23/Jan/2013:06:11:20 +0100] "GET / HTTP/1.1" 200 2366 "-" "Mozilla/5.0 (compatible; SISTRIX Crawler; http://crawler.sistrix.net/)"
141.8.147.1 - - [23/Jan/2013:06:17:37 +0100] "GET /06.html HTTP/1.1" 304 - "-" "Mozilla/5.0 (compatible; YandexBot/3.0; +http://yandex.com/bots)"
141.8.147.1 - - [23/Jan/2013:06:21:45 +0100] "GET /03.html HTTP/1.1" 304 - "-" "Mozilla/5.0 (compatible; YandexBot/3.0; +http://yandex.com/bots)"
141.8.147.1 - - [23/Jan/2013:06:22:10 +0100] "GET /05.swf HTTP/1.1" 304 - "-" "Mozilla/5.0 (compatible; YandexBot/3.0; +http://yandex.com/bots)"
66.249.78.36 - - [23/Jan/2013:06:42:43 +0100] "GET /robots.txt HTTP/1.1" 404 1256 "-" "Mozilla/5.0 (compatible; Googlebot/2.1; +http://www.google.com/bot.html)"
66.249.75.36 - - [23/Jan/2013:06:42:43 +0100] "GET /08.swf HTTP/1.1" 200 20405 "-" "SAMSUNG-SGH-E250/1.0 Profile/MIDP-2.0 Configuration/CLDC-1.1 UP.Browser/6.2.3.3.c.1.101 (GUI) MMP/2.0 (compatible; Googlebot-Mobile/2.1; +http://www.google.com/bot.html)"
66.249.75.36 - - [23/Jan/2013:07:10:17 +0100] "GET /08.swf HTTP/1.1" 200 20405 "-" "DoCoMo/2.0 N905i(c100;TB;W24H16) (compatible; Googlebot-Mobile/2.1; +http://www.google.com/bot.html)"
141.8.147.1 - - [23/Jan/2013:07:14:49 +0100] "GET /03a.swf HTTP/1.1" 304 - "-" "Mozilla/5.0 (compatible; YandexBot/3.0; +http://yandex.com/bots)"
176.8.91.143 - - [23/Jan/2013:07:20:10 +0100] "GET / HTTP/1.1" 200 2366 "http://investaki.ru/" "Mozilla/4.0 (compatible; MSIE 6.0; Windows NT 5.1)"
176.8.91.143 - - [23/Jan/2013:07:20:11 +0100] "GET / HTTP/1.1" 200 2366 "http://investaki.ru/" "Mozilla/4.0 (compatible; MSIE 6.0; Windows NT 5.1)"
141.8.147.1 - - [23/Jan/2013:07:51:39 +0100] "GET /01.swf HTTP/1.1" 304 - "-" "Mozilla/5.0 (compatible; YandexBot/3.0; +http://yandex.com/bots)"
141.8.147.1 - - [23/Jan/2013:07:59:00 +0100] "GET /04.swf HTTP/1.1" 304 - "-" "Mozilla/5.0 (compatible; YandexBot/3.0; +http://yandex.com/bots)"
217.86.187.183 - - [23/Jan/2013:08:30:26 +0100] "GET / HTTP/1.1" 200 2366 "https://www.google.de/" "Mozilla/5.0 (Windows NT 6.1; WOW64) AppleWebKit/537.17 (KHTML, like Gecko) Chrome/24.0.1312.52 Safari/537.17"
217.86.187.183 - - [23/Jan/2013:08:30:27 +0100] "GET /00start.swf HTTP/1.1" 200 8575 "http://www.dialyse-calw.de/" "Mozilla/5.0 (Windows NT 6.1; WOW64) AppleWebKit/537.17 (KHTML, like Gecko) Chrome/24.0.1312.52 Safari/537.17"
217.86.187.183 - - [23/Jan/2013:08:30:28 +0100] "GET /favicon.ico HTTP/1.1" 404 1256 "-" "Mozilla/5.0 (Windows NT 6.1; WOW64) AppleWebKit/537.17 (KHTML, like Gecko) Chrome/24.0.1312.52 Safari/537.17"
217.86.187.183 - - [23/Jan/2013:08:30:29 +0100] "GET /00themen00.html HTTP/1.1" 200 2254 "http://www.dialyse-calw.de/" "Mozilla/5.0 (Windows NT 6.1; WOW64) AppleWebKit/537.17 (KHTML, like Gecko) Chrome/24.0.1312.52 Safari/537.17"
217.86.187.183 - - [23/Jan/2013:08:30:29 +0100] "GET /AC_RunActiveContent.js HTTP/1.1" 200 8029 "http://www.dialyse-calw.de/00themen00.html" "Mozilla/5.0 (Windows NT 6.1; WOW64) AppleWebKit/537.17 (KHTML, like Gecko) Chrome/24.0.1312.52 Safari/537.17"
217.86.187.183 - - [23/Jan/2013:08:30:29 +0100] "GET /favicon.ico HTTP/1.1" 404 1256 "-" "Mozilla/5.0 (Windows NT 6.1; WOW64) AppleWebKit/537.17 (KHTML, like Gecko) Chrome/24.0.1312.52 Safari/537.17"
217.86.187.183 - - [23/Jan/2013:08:30:29 +0100] "GET /00themen00.swf HTTP/1.1" 200 136579 "http://www.dialyse-calw.de/00themen00.html" "Mozilla/5.0 (Windows NT 6.1; WOW64) AppleWebKit/537.17 (KHTML, like Gecko) Chrome/24.0.1312.52 Safari/537.17"
217.86.187.183 - - [23/Jan/2013:08:30:31 +0100] "GET /04.html HTTP/1.1" 200 2106 "http://www.dialyse-calw.de/00themen00.html" "Mozilla/5.0 (Windows NT 6.1; WOW64) AppleWebKit/537.17 (KHTML, like Gecko) Chrome/24.0.1312.52 Safari/537.17"
217.86.187.183 - - [23/Jan/2013:08:30:32 +0100] "GET /04.swf HTTP/1.1" 200 62769 "http://www.dialyse-calw.de/04.html" "Mozilla/5.0 (Windows NT 6.1; WOW64) AppleWebKit/537.17 (KHTML, like Gecko) Chrome/24.0.1312.52 Safari/537.17"
217.86.187.183 - - [23/Jan/2013:08:30:32 +0100] "GET /favicon.ico HTTP/1.1" 404 1256 "-" "Mozilla/5.0 (Windows NT 6.1; WOW64) AppleWebKit/537.17 (KHTML, like Gecko) Chrome/24.0.1312.52 Safari/537.17"
217.86.187.183 - - [23/Jan/2013:08:30:37 +0100] "GET /04Karteccc.html HTTP/1.1" 200 2077 "http://www.dialyse-calw.de/04.html" "Mozilla/5.0 (Windows NT 6.1; WOW64) AppleWebKit/537.17 (KHTML, like Gecko) Chrome/24.0.1312.52 Safari/537.17"
217.86.187.183 - - [23/Jan/2013:08:30:37 +0100] "GET /04Karteccc.swf HTTP/1.1" 200 32338 "http://www.dialyse-calw.de/04Karteccc.html" "Mozilla/5.0 (Windows NT 6.1; WOW64) AppleWebKit/537.17 (KHTML, like Gecko) Chrome/24.0.1312.52 Safari/537.17"
217.86.187.183 - - [23/Jan/2013:08:30:37 +0100] "GET /favicon.ico HTTP/1.1" 404 1256 "-" "Mozilla/5.0 (Windows NT 6.1; WOW64) AppleWebKit/537.17 (KHTML, like Gecko) Chrome/24.0.1312.52 Safari/537.17"
66.249.75.187 - - [23/Jan/2013:08:49:11 +0100] "GET /robots.txt HTTP/1.1" 404 1256 "-" "Mozilla/5.0 (compatible; Googlebot/2.1; +http://www.google.com/bot.html)"
66.249.75.187 - - [23/Jan/2013:08:49:11 +0100] "GET /06.swf HTTP/1.1" 200 20731 "-" "DoCoMo/2.0 N905i(c100;TB;W24H16) (compatible; Googlebot-Mobile/2.1; +http://www.google.com/bot.html)"
65.55.24.220 - - [23/Jan/2013:08:50:57 +0100] "GET /robots.txt HTTP/1.1" 404 1256 "-" "Mozilla/5.0 (compatible; bingbot/2.0; +http://www.bing.com/bingbot.htm)"
65.55.24.220 - - [23/Jan/2013:08:52:34 +0100] "GET /04Karteccc.swf HTTP/1.1" 200 32338 "-" "Mozilla/5.0 (compatible; bingbot/2.0; +http://www.bing.com/bingbot.htm)"
141.8.147.1 - - [23/Jan/2013:08:58:18 +0100] "GET /07.swf HTTP/1.1" 304 - "-" "Mozilla/5.0 (compatible; YandexBot/3.0; +http://yandex.com/bots)"
69.171.237.15 - - [23/Jan/2013:09:07:22 +0100] "GET / HTTP/1.1" 206 2366 "-" "facebookexternalhit/1.1 (+http://www.facebook.com/externalhit_uatext.php)"
95.96.2.98 - - [23/Jan/2013:09:32:28 +0100] "GET / HTTP/1.1" 200 2366 "-" "Java/1.6.0_20"
95.96.2.98 - - [23/Jan/2013:09:32:28 +0100] "GET /'+fc_protocol+'://www.flash-counter.com/scripts/counter.js HTTP/1.1" 404 1256 "-" "Java/1.6.0_20"
79.220.221.158 - - [23/Jan/2013:09:34:21 +0100] "GET / HTTP/1.1" 304 - "http://www.google.de/url?sa=t&rct=j&q=nephrologisches+zentrum+pforzheim&source=web&cd=1&ved=0CDAQFjAA&url=http%3A%2F%2Fwww.dialyse-calw.de%2F&ei=c6D_UM6CKejj4QT3joDwBA&usg=AFQjCNECMxQiO0NOt3ERqW1uzT1RIToCeg&bvm=bv.41248874,d.Yms" "Mozilla/4.0 (compatible; MSIE 8.0; Windows NT 5.1; Trident/4.0)"
79.220.221.158 - - [23/Jan/2013:09:34:22 +0100] "GET /00start.swf HTTP/1.1" 304 - "-" "contype"
79.220.221.158 - - [23/Jan/2013:09:34:23 +0100] "GET /favicon.ico HTTP/1.1" 404 1256 "-" "Mozilla/4.0 (compatible; MSIE 8.0; Windows NT 5.1; Trident/4.0)"
123.125.71.18 - - [23/Jan/2013:09:41:08 +0100] "GET /robots.txt HTTP/1.1" 404 1256 "-" "Mozilla/5.0 (Windows NT 5.1; rv:6.0.2) Gecko/20100101 Firefox/6.0.2"
157.55.32.111 - - [23/Jan/2013:09:54:11 +0100] "GET /robots.txt HTTP/1.1" 404 1256 "-" "Mozilla/5.0 (compatible; bingbot/2.0; +http://www.bing.com/bingbot.htm)"
157.55.32.111 - - [23/Jan/2013:09:56:05 +0100] "GET /01.html HTTP/1.1" 200 1982 "-" "Mozilla/5.0 (compatible; bingbot/2.0; +http://www.bing.com/bingbot.htm)"
157.55.33.111 - - [23/Jan/2013:09:56:36 +0100] "GET / HTTP/1.1" 200 2366 "-" "Mozilla/5.0 (compatible; bingbot/2.0; +http://www.bing.com/bingbot.htm)"
65.55.52.112 - - [23/Jan/2013:09:57:35 +0100] "GET /00themen00.html HTTP/1.1" 200 2254 "-" "Mozilla/5.0 (compatible; bingbot/2.0; +http://www.bing.com/bingbot.htm)"
65.55.52.112 - - [23/Jan/2013:09:57:35 +0100] "GET /03.html HTTP/1.1" 200 1982 "-" "Mozilla/5.0 (compatible; bingbot/2.0; +http://www.bing.com/bingbot.htm)"
65.55.52.112 - - [23/Jan/2013:09:57:36 +0100] "GET /03a.html HTTP/1.1" 200 1991 "-" "Mozilla/5.0 (compatible; bingbot/2.0; +http://www.bing.com/bingbot.htm)"
157.55.33.40 - - [23/Jan/2013:10:10:06 +0100] "GET /09.html HTTP/1.1" 200 2086 "-" "Mozilla/5.0 (compatible; bingbot/2.0; +http://www.bing.com/bingbot.htm)"
157.55.33.50 - - [23/Jan/2013:10:25:10 +0100] "GET /robots.txt HTTP/1.1" 404 1256 "-" "Mozilla/5.0 (compatible; bingbot/2.0; +http://www.bing.com/bingbot.htm)"
80.245.71.26 - - [23/Jan/2013:10:26:01 +0100] "GET /00themen00.html HTTP/1.1" 304 - "-" "Mozilla/5.0 (compatible; MSIE 9.0; Windows NT 6.1; WOW64; Trident/5.0)"
80.245.71.26 - - [23/Jan/2013:10:26:03 +0100] "GET /AC_RunActiveContent.js HTTP/1.1" 304 - "http://www.dialyse-calw.de/00themen00.html" "Mozilla/5.0 (compatible; MSIE 9.0; Windows NT 6.1; WOW64; Trident/5.0)"
80.245.71.26 - - [23/Jan/2013:10:26:05 +0100] "GET /00themen00.swf HTTP/1.1" 200 136579 "http://www.dialyse-calw.de/00themen00.html" "Mozilla/5.0 (compatible; MSIE 9.0; Windows NT 6.1; WOW64; Trident/5.0)"
80.245.71.26 - - [23/Jan/2013:10:26:08 +0100] "GET /03.html HTTP/1.1" 200 1982 "http://www.dialyse-calw.de/00themen00.swf" "Mozilla/5.0 (compatible; MSIE 9.0; Windows NT 6.1; WOW64; Trident/5.0)"
80.245.71.26 - - [23/Jan/2013:10:26:08 +0100] "GET /03.swf HTTP/1.1" 200 74505 "http://www.dialyse-calw.de/03.html" "Mozilla/5.0 (compatible; MSIE 9.0; Windows NT 6.1; WOW64; Trident/5.0)"
157.55.33.50 - - [23/Jan/2013:10:26:59 +0100] "GET /04Karteccc.html HTTP/1.1" 200 2077 "-" "Mozilla/5.0 (compatible; bingbot/2.0; +http://www.bing.com/bingbot.htm)"
65.55.210.117 - - [23/Jan/2013:10:27:05 +0100] "GET /AC_RunActiveContent.js HTTP/1.1" 200 8029 "http://www.dialyse-nagold.de/04Karteccc.html" "Mozilla/5.0 (Windows NT 6.1; WOW64) AppleWebKit/534+ (KHTML, like Gecko) BingPreview/1.0b"
65.55.210.117 - - [23/Jan/2013:10:27:06 +0100] "GET /04Karteccc.swf HTTP/1.1" 200 32338 "http://www.dialyse-nagold.de/04Karteccc.swf" "Mozilla/5.0 (Windows NT 6.1; WOW64) AppleWebKit/534+ (KHTML, like Gecko) BingPreview/1.0b"
150.70.172.205 - - [23/Jan/2013:10:28:33 +0100] "GET /03.html HTTP/1.0" 200 1982 "-" "Mozilla/4.0 (compatible; MSIE 6.0; Windows NT 5.1)"
150.70.172.205 - - [23/Jan/2013:10:28:35 +0100] "GET /03.swf HTTP/1.0" 200 74505 "-" "Mozilla/4.0 (compatible; MSIE 6.0; Windows NT 5.1)"
212.86.182.228 - - [23/Jan/2013:10:29:18 +0100] "GET /08.html HTTP/1.1" 200 2005 "http://www.google.de/url?sa=t&rct=j&q=siloa%20dyalyse&source=web&cd=5&ved=0CEwQFjAE&url=http%3A%2F%2Fwww.dialyse-pforzheim.de%2F08.html&ei=Q63_UIuNAZKM4gSl8YDgCg&usg=AFQjCNF1LYAuQXfOJwKjF0uyrGiuwvEndA&bvm=bv.41248874,d.bGE" "Mozilla/4.0 (compatible; MSIE 8.0; Windows NT 6.1; Trident/4.0; SLCC2; .NET CLR 2.0.50727; .NET CLR 3.5.30729; .NET CLR 3.0.30729; Media Center PC 6.0; .NET4.0C)"
212.86.182.228 - - [23/Jan/2013:10:29:19 +0100] "GET /AC_RunActiveContent.js HTTP/1.1" 200 8029 "http://www.dialyse-pforzheim.de/08.html" "Mozilla/4.0 (compatible; MSIE 8.0; Windows NT 6.1; Trident/4.0; SLCC2; .NET CLR 2.0.50727; .NET CLR 3.5.30729; .NET CLR 3.0.30729; Media Center PC 6.0; .NET4.0C)"
212.86.182.228 - - [23/Jan/2013:10:29:19 +0100] "GET /08.swf HTTP/1.1" 200 20405 "http://www.dialyse-pforzheim.de/08.html" "Mozilla/4.0 (compatible; MSIE 8.0; Windows NT 6.1; Trident/4.0; SLCC2; .NET CLR 2.0.50727; .NET CLR 3.5.30729; .NET CLR 3.0.30729; Media Center PC 6.0; .NET4.0C)"
212.86.182.228 - - [23/Jan/2013:10:29:19 +0100] "GET /favicon.ico HTTP/1.1" 404 1256 "-" "Mozilla/4.0 (compatible; MSIE 8.0; Windows NT 6.1; Trident/4.0; SLCC2; .NET CLR 2.0.50727; .NET CLR 3.5.30729; .NET CLR 3.0.30729; Media Center PC 6.0; .NET4.0C)"
150.70.172.200 - - [23/Jan/2013:10:31:50 +0100] "GET /AC_RunActiveContent.js HTTP/1.0" 200 8029 "-" "Mozilla/4.0 (compatible; MSIE 6.0; Windows NT 5.1)"
77.20.59.149 - - [23/Jan/2013:10:58:09 +0100] "GET / HTTP/1.1" 200 2366 "http://www.google.de/url?sa=t&rct=j&q=dialyse&source=web&cd=23&ved=0CEwQFjACOBQ&url=http%3A%2F%2Fwww.dialyse-calw.de%2F&ei=prP_UOmKOcnXtAb2t4CADQ&usg=AFQjCNECMxQiO0NOt3ERqW1uzT1RIToCeg" "Mozilla/5.0 (compatible; MSIE 9.0; Windows NT 6.1; Trident/5.0)"
77.20.59.149 - - [23/Jan/2013:10:58:09 +0100] "HEAD /00start.swf HTTP/1.1" 200 - "-" "contype"
77.20.59.149 - - [23/Jan/2013:10:58:09 +0100] "GET /00start.swf HTTP/1.1" 200 8575 "http://www.dialyse-calw.de/" "Mozilla/5.0 (compatible; MSIE 9.0; Windows NT 6.1; Trident/5.0)"
77.20.59.149 - - [23/Jan/2013:10:58:12 +0100] "GET /favicon.ico HTTP/1.1" 404 1256 "-" "Mozilla/5.0 (compatible; MSIE 9.0; Windows NT 6.1; Trident/5.0)"
77.20.59.149 - - [23/Jan/2013:10:58:15 +0100] "GET /00themen00.html HTTP/1.1" 200 2254 "http://www.dialyse-calw.de/00start.swf" "Mozilla/5.0 (compatible; MSIE 9.0; Windows NT 6.1; Trident/5.0)"
77.20.59.149 - - [23/Jan/2013:10:58:15 +0100] "GET /AC_RunActiveContent.js HTTP/1.1" 200 8029 "http://www.dialyse-calw.de/00themen00.html" "Mozilla/5.0 (compatible; MSIE 9.0; Windows NT 6.1; Trident/5.0)"
77.20.59.149 - - [23/Jan/2013:10:58:15 +0100] "GET /00themen00.swf HTTP/1.1" 200 136579 "http://www.dialyse-calw.de/00themen00.html" "Mozilla/5.0 (compatible; MSIE 9.0; Windows NT 6.1; Trident/5.0)"
77.20.59.149 - - [23/Jan/2013:10:58:15 +0100] "GET /favicon.ico HTTP/1.1" 404 1256 "-" "Mozilla/5.0 (compatible; MSIE 9.0; Windows NT 6.1; Trident/5.0)"
77.20.59.149 - - [23/Jan/2013:10:58:18 +0100] "GET /03a.html HTTP/1.1" 200 1991 "http://www.dialyse-calw.de/00themen00.swf" "Mozilla/5.0 (compatible; MSIE 9.0; Windows NT 6.1; Trident/5.0)"
77.20.59.149 - - [23/Jan/2013:10:58:18 +0100] "GET /03a.swf HTTP/1.1" 200 94997 "http://www.dialyse-calw.de/03a.html" "Mozilla/5.0 (compatible; MSIE 9.0; Windows NT 6.1; Trident/5.0)"
77.20.59.149 - - [23/Jan/2013:10:58:25 +0100] "HEAD /00start.swf HTTP/1.1" 200 - "-" "contype"
176.8.91.143 - - [23/Jan/2013:11:00:37 +0100] "GET / HTTP/1.1" 200 2366 "http://olsi.ru/" "Mozilla/4.0 (compatible; MSIE 5.5; Windows 95; BCD2000)"
176.8.91.143 - - [23/Jan/2013:11:00:37 +0100] "GET / HTTP/1.1" 200 2366 "http://olsi.ru/" "Mozilla/4.0 (compatible; MSIE 5.5; Windows 95; BCD2000)"
157.55.33.22 - - [23/Jan/2013:11:02:48 +0100] "GET /robots.txt HTTP/1.1" 404 1256 "-" "Mozilla/5.0 (compatible; bingbot/2.0; +http://www.bing.com/bingbot.htm)"
157.55.33.22 - - [23/Jan/2013:11:04:30 +0100] "GET /09a.html HTTP/1.1" 200 2059 "-" "Mozilla/5.0 (compatible; bingbot/2.0; +http://www.bing.com/bingbot.htm)"
66.249.78.235 - - [23/Jan/2013:11:17:19 +0100] "GET /robots.txt HTTP/1.1" 404 1256 "-" "Mozilla/5.0 (compatible; Googlebot/2.1; +http://www.google.com/bot.html)"
66.249.75.235 - - [23/Jan/2013:11:17:20 +0100] "GET /00themen00.swf HTTP/1.1" 200 136579 "-" "DoCoMo/2.0 N905i(c100;TB;W24H16) (compatible; Googlebot-Mobile/2.1; +http://www.google.com/bot.html)"
199.19.249.196 - - [23/Jan/2013:11:21:18 +0100] "GET /08.html HTTP/1.1" 200 2005 "-" "Mozilla/4.0 (compatible; MSIE 7.0; Windows NT 5.1; InfoPath.1; .NET CLR 2.0.50727; .NET CLR 1.1.4322; MS-RTC LM 8; .NET CLR 3.0.4506.2152; .NET CLR 3.5.30729)"
193.41.37.3 - - [23/Jan/2013:11:21:18 +0100] "GET /08.html HTTP/1.1" 200 2005 "http://www.google.de/url?sa=t&rct=j&q=dialyse+pforzheim+siloah&source=web&cd=6&ved=0CEkQFjAF&url=http%3A%2F%2Fwww.dialyse-pforzheim.de%2F08.html&ei=Dbj_UPDNFITZ4AS8aA&usg=AFQjCNF1LYAuQXfOJwKjF0uyrGiuwvEndA" "Mozilla/4.0 (compatible; MSIE 8.0; Windows NT 5.1; Trident/4.0; .NET CLR 2.0.50727; .NET CLR 3.0.4506.2152; .NET CLR 3.5.30729; .NET CLR 1.1.4322; .NET4.0C; .NET4.0E)"
193.41.37.3 - - [23/Jan/2013:11:21:18 +0100] "GET /08.swf HTTP/1.1" 200 20405 "http://www.dialyse-pforzheim.de/08.html" "Mozilla/4.0 (compatible; MSIE 8.0; Windows NT 5.1; Trident/4.0; .NET CLR 2.0.50727; .NET CLR 3.0.4506.2152; .NET CLR 3.5.30729; .NET CLR 1.1.4322; .NET4.0C; .NET4.0E)"
193.41.37.3 - - [23/Jan/2013:11:21:18 +0100] "GET /AC_RunActiveContent.js HTTP/1.1" 200 8029 "http://www.dialyse-pforzheim.de/08.html" "Mozilla/4.0 (compatible; MSIE 8.0; Windows NT 5.1; Trident/4.0; .NET CLR 2.0.50727; .NET CLR 3.0.4506.2152; .NET CLR 3.5.30729; .NET CLR 1.1.4322; .NET4.0C; .NET4.0E)"
193.41.37.3 - - [23/Jan/2013:11:21:19 +0100] "GET /favicon.ico HTTP/1.1" 404 1256 "-" "Mozilla/4.0 (compatible; MSIE 8.0; Windows NT 5.1; Trident/4.0; .NET CLR 2.0.50727; .NET CLR 3.0.4506.2152; .NET CLR 3.5.30729; .NET CLR 1.1.4322; .NET4.0C; .NET4.0E)"
199.19.249.196 - - [23/Jan/2013:11:21:21 +0100] "GET /00themen00.html HTTP/1.1" 200 2254 "-" "Mozilla/4.0 (compatible; MSIE 7.0; Windows NT 5.1; InfoPath.1; .NET CLR 2.0.50727; .NET CLR 1.1.4322; MS-RTC LM 8; .NET CLR 3.0.4506.2152; .NET CLR 3.5.30729)"
193.41.37.3 - - [23/Jan/2013:11:21:21 +0100] "GET /00themen00.html HTTP/1.1" 200 2254 "http://www.dialyse-pforzheim.de/08.swf" "Mozilla/4.0 (compatible; MSIE 8.0; Windows NT 5.1; Trident/4.0; .NET CLR 2.0.50727; .NET CLR 3.0.4506.2152; .NET CLR 3.5.30729; .NET CLR 1.1.4322; .NET4.0C; .NET4.0E)"
193.41.37.3 - - [23/Jan/2013:11:21:22 +0100] "GET /00themen00.swf HTTP/1.1" 200 136579 "http://www.dialyse-pforzheim.de/00themen00.html" "Mozilla/4.0 (compatible; MSIE 8.0; Windows NT 5.1; Trident/4.0; .NET CLR 2.0.50727; .NET CLR 3.0.4506.2152; .NET CLR 3.5.30729; .NET CLR 1.1.4322; .NET4.0C; .NET4.0E)"
193.41.37.3 - - [23/Jan/2013:11:21:24 +0100] "GET /favicon.ico HTTP/1.1" 404 1256 "-" "Mozilla/4.0 (compatible; MSIE 8.0; Windows NT 5.1; Trident/4.0; .NET CLR 2.0.50727; .NET CLR 3.0.4506.2152; .NET CLR 3.5.30729; .NET CLR 1.1.4322; .NET4.0C; .NET4.0E)"
199.19.249.196 - - [23/Jan/2013:11:21:26 +0100] "GET /03a.html HTTP/1.1" 200 1991 "-" "Mozilla/4.0 (compatible; MSIE 7.0; Windows NT 5.1; InfoPath.1; .NET CLR 2.0.50727; .NET CLR 1.1.4322; MS-RTC LM 8; .NET CLR 3.0.4506.2152; .NET CLR 3.5.30729)"
193.41.37.3 - - [23/Jan/2013:11:21:26 +0100] "GET /03a.html HTTP/1.1" 200 1991 "http://www.dialyse-pforzheim.de/00themen00.swf" "Mozilla/4.0 (compatible; MSIE 8.0; Windows NT 5.1; Trident/4.0; .NET CLR 2.0.50727; .NET CLR 3.0.4506.2152; .NET CLR 3.5.30729; .NET CLR 1.1.4322; .NET4.0C; .NET4.0E)"
193.41.37.3 - - [23/Jan/2013:11:21:26 +0100] "GET /03a.swf HTTP/1.1" 200 94997 "http://www.dialyse-pforzheim.de/03a.html" "Mozilla/4.0 (compatible; MSIE 8.0; Windows NT 5.1; Trident/4.0; .NET CLR 2.0.50727; .NET CLR 3.0.4506.2152; .NET CLR 3.5.30729; .NET CLR 1.1.4322; .NET4.0C; .NET4.0E)"
199.19.249.196 - - [23/Jan/2013:11:21:40 +0100] "GET /01.html HTTP/1.1" 200 1982 "-" "Mozilla/4.0 (compatible; MSIE 7.0; Windows NT 5.1; InfoPath.1; .NET CLR 2.0.50727; .NET CLR 1.1.4322; MS-RTC LM 8; .NET CLR 3.0.4506.2152; .NET CLR 3.5.30729)"
193.41.37.3 - - [23/Jan/2013:11:21:40 +0100] "GET /01.html HTTP/1.1" 200 1982 "http://www.dialyse-pforzheim.de/00themen00.swf" "Mozilla/4.0 (compatible; MSIE 8.0; Windows NT 5.1; Trident/4.0; .NET CLR 2.0.50727; .NET CLR 3.0.4506.2152; .NET CLR 3.5.30729; .NET CLR 1.1.4322; .NET4.0C; .NET4.0E)"
193.41.37.3 - - [23/Jan/2013:11:21:40 +0100] "GET /01.swf HTTP/1.1" 200 19349 "http://www.dialyse-pforzheim.de/01.html" "Mozilla/4.0 (compatible; MSIE 8.0; Windows NT 5.1; Trident/4.0; .NET CLR 2.0.50727; .NET CLR 3.0.4506.2152; .NET CLR 3.5.30729; .NET CLR 1.1.4322; .NET4.0C; .NET4.0E)"
199.19.249.196 - - [23/Jan/2013:11:21:58 +0100] "GET /03.html HTTP/1.1" 200 1982 "-" "Mozilla/4.0 (compatible; MSIE 7.0; Windows NT 5.1; InfoPath.1; .NET CLR 2.0.50727; .NET CLR 1.1.4322; MS-RTC LM 8; .NET CLR 3.0.4506.2152; .NET CLR 3.5.30729)"
193.41.37.3 - - [23/Jan/2013:11:21:59 +0100] "GET /03.html HTTP/1.1" 200 1982 "http://www.dialyse-pforzheim.de/00themen00.swf" "Mozilla/4.0 (compatible; MSIE 8.0; Windows NT 5.1; Trident/4.0; .NET CLR 2.0.50727; .NET CLR 3.0.4506.2152; .NET CLR 3.5.30729; .NET CLR 1.1.4322; .NET4.0C; .NET4.0E)"
193.41.37.3 - - [23/Jan/2013:11:21:59 +0100] "GET /03.swf HTTP/1.1" 200 74505 "http://www.dialyse-pforzheim.de/03.html" "Mozilla/4.0 (compatible; MSIE 8.0; Windows NT 5.1; Trident/4.0; .NET CLR 2.0.50727; .NET CLR 3.0.4506.2152; .NET CLR 3.5.30729; .NET CLR 1.1.4322; .NET4.0C; .NET4.0E)"
141.8.147.1 - - [23/Jan/2013:11:27:58 +0100] "GET / HTTP/1.1" 200 2366 "-" "Mozilla/5.0 (compatible; YandexBot/3.0; +http://yandex.com/bots)"
141.8.147.1 - - [23/Jan/2013:11:30:56 +0100] "GET /09a.html HTTP/1.1" 304 - "-" "Mozilla/5.0 (compatible; YandexBot/3.0; +http://yandex.com/bots)"
141.8.147.1 - - [23/Jan/2013:11:31:04 +0100] "GET /00start.swf HTTP/1.1" 200 8575 "-" "Mozilla/5.0 (compatible; YandexBot/3.0; +http://yandex.com/bots)"
157.55.32.111 - - [23/Jan/2013:12:25:02 +0100] "GET /robots.txt HTTP/1.1" 404 1256 "-" "Mozilla/5.0 (compatible; bingbot/2.0; +http://www.bing.com/bingbot.htm)"
157.55.32.111 - - [23/Jan/2013:12:27:01 +0100] "GET /01.html HTTP/1.1" 200 1982 "-" "Mozilla/5.0 (compatible; bingbot/2.0; +http://www.bing.com/bingbot.htm)"
65.55.210.163 - - [23/Jan/2013:12:27:02 +0100] "GET /AC_RunActiveContent.js HTTP/1.1" 200 8029 "http://www.dialyse-pforzheim.de/01.html" "Mozilla/5.0 (Windows NT 6.1; WOW64) AppleWebKit/534+ (KHTML, like Gecko) BingPreview/1.0b"
65.55.210.163 - - [23/Jan/2013:12:27:03 +0100] "GET /01.swf HTTP/1.1" 200 19349 "http://www.dialyse-pforzheim.de/01.swf" "Mozilla/5.0 (Windows NT 6.1; WOW64) AppleWebKit/534+ (KHTML, like Gecko) BingPreview/1.0b"
157.55.33.111 - - [23/Jan/2013:12:29:03 +0100] "GET /AC_RunActiveContent.js HTTP/1.1" 200 8029 "-" "Mozilla/5.0 (compatible; bingbot/2.0; +http://www.bing.com/bingbot.htm)"
79.204.251.197 - - [23/Jan/2013:12:45:34 +0100] "GET / HTTP/1.1" 200 2366 "http://www.google.de/url?sa=t&rct=j&q=eigene%20blut%20therapie%20im%20kreis%20calw&source=web&cd=6&ved=0CF0QFjAF&url=http%3A%2F%2Fwww.dialyse-calw.de%2F&ei=Q83_UN3fCo724QSFs4HYBg&usg=AFQjCNECMxQiO0NOt3ERqW1uzT1RIToCeg&bvm=bv.41248874,d.bGE" "Mozilla/5.0 (Windows NT 6.1; WOW64) AppleWebKit/537.17 (KHTML, like Gecko) Chrome/24.0.1312.52 Safari/537.17"
79.204.251.197 - - [23/Jan/2013:12:45:35 +0100] "GET /00start.swf HTTP/1.1" 200 8575 "http://www.dialyse-calw.de/" "Mozilla/5.0 (Windows NT 6.1; WOW64) AppleWebKit/537.17 (KHTML, like Gecko) Chrome/24.0.1312.52 Safari/537.17"
157.55.33.40 - - [23/Jan/2013:12:49:02 +0100] "GET /01.swf HTTP/1.1" 200 19349 "-" "Mozilla/5.0 (compatible; bingbot/2.0; +http://www.bing.com/bingbot.htm)"
217.237.176.90 - - [23/Jan/2013:12:51:01 +0100] "GET / HTTP/1.1" 200 2366 "http://www.google.de/url?sa=t&rct=j&q=dr.wiedemann%20calw&source=web&cd=4&ved=0CEIQFjAD&url=http%3A%2F%2Fwww.dialyse-calw.de%2F&ei=Ys7_UIPJKabd4QTSl4DYAg&usg=AFQjCNECMxQiO0NOt3ERqW1uzT1RIToCeg" "Mozilla/5.0 (compatible; MSIE 9.0; Windows NT 6.1; Trident/5.0)"
217.237.176.90 - - [23/Jan/2013:12:51:01 +0100] "HEAD /00start.swf HTTP/1.1" 200 - "-" "contype"
217.237.176.90 - - [23/Jan/2013:12:51:01 +0100] "GET /00start.swf HTTP/1.1" 200 8575 "http://www.dialyse-calw.de/" "Mozilla/5.0 (compatible; MSIE 9.0; Windows NT 6.1; Trident/5.0)"
217.237.176.90 - - [23/Jan/2013:12:51:03 +0100] "GET /favicon.ico HTTP/1.1" 404 1256 "-" "Mozilla/5.0 (compatible; MSIE 9.0; Windows NT 6.1; Trident/5.0)"
217.237.176.90 - - [23/Jan/2013:12:51:08 +0100] "GET /00themen00.html HTTP/1.1" 200 2254 "http://www.dialyse-calw.de/00start.swf" "Mozilla/5.0 (compatible; MSIE 9.0; Windows NT 6.1; Trident/5.0)"
217.237.176.90 - - [23/Jan/2013:12:51:08 +0100] "GET /AC_RunActiveContent.js HTTP/1.1" 200 8029 "http://www.dialyse-calw.de/00start.swf" "Mozilla/5.0 (compatible; MSIE 9.0; Windows NT 6.1; Trident/5.0)"
217.237.176.90 - - [23/Jan/2013:12:51:08 +0100] "GET /AC_RunActiveContent.js HTTP/1.1" 200 8029 "http://www.dialyse-calw.de/00themen00.html" "Mozilla/5.0 (compatible; MSIE 9.0; Windows NT 6.1; Trident/5.0)"
217.237.176.90 - - [23/Jan/2013:12:51:08 +0100] "GET /00themen00.swf HTTP/1.1" 200 136579 "http://www.dialyse-calw.de/00themen00.html" "Mozilla/5.0 (compatible; MSIE 9.0; Windows NT 6.1; Trident/5.0)"
217.237.176.90 - - [23/Jan/2013:12:51:09 +0100] "GET /favicon.ico HTTP/1.1" 404 1256 "-" "Mozilla/5.0 (compatible; MSIE 9.0; Windows NT 6.1; Trident/5.0)"
217.237.176.90 - - [23/Jan/2013:12:51:13 +0100] "GET /04.html HTTP/1.1" 200 2106 "http://www.dialyse-calw.de/00themen00.swf" "Mozilla/5.0 (compatible; MSIE 9.0; Windows NT 6.1; Trident/5.0)"
217.237.176.90 - - [23/Jan/2013:12:51:14 +0100] "GET /04.swf HTTP/1.1" 200 62769 "http://www.dialyse-calw.de/04.html" "Mozilla/5.0 (compatible; MSIE 9.0; Windows NT 6.1; Trident/5.0)"
217.237.176.90 - - [23/Jan/2013:12:51:38 +0100] "GET /04Karteddd.html HTTP/1.1" 200 2077 "http://www.dialyse-calw.de/04.swf" "Mozilla/5.0 (compatible; MSIE 9.0; Windows NT 6.1; Trident/5.0)"
217.237.176.90 - - [23/Jan/2013:12:51:38 +0100] "GET /04Karteddd.swf HTTP/1.1" 200 33790 "http://www.dialyse-calw.de/04Karteddd.html" "Mozilla/5.0 (compatible; MSIE 9.0; Windows NT 6.1; Trident/5.0)"
