157.56.93.191 - - [14/Dec/2012:08:02:19 +0100] "GET /AC_RunActiveContent.js HTTP/1.1" 200 8029 "-" "Mozilla/5.0 (compatible; bingbot/2.0; +http://www.bing.com/bingbot.htm)"
157.56.93.191 - - [14/Dec/2012:08:06:50 +0100] "GET /AC_RunActiveContent.js HTTP/1.1" 200 8029 "-" "Mozilla/5.0 (compatible; bingbot/2.0; +http://www.bing.com/bingbot.htm)"
157.55.32.188 - - [14/Dec/2012:08:25:53 +0100] "GET /01.html HTTP/1.1" 200 1982 "-" "Mozilla/5.0 (compatible; bingbot/2.0; +http://www.bing.com/bingbot.htm)"
65.55.210.221 - - [14/Dec/2012:08:25:58 +0100] "GET /01.swf HTTP/1.1" 200 19349 "http://www.dialyse-nagold.de/01.swf" "Mozilla/5.0 (Windows NT 6.1; WOW64) AppleWebKit/534+ (KHTML, like Gecko) BingPreview/1.0b"
157.56.93.208 - - [14/Dec/2012:08:29:04 +0100] "GET /04Karteccc.html HTTP/1.1" 200 2077 "-" "Mozilla/5.0 (compatible; bingbot/2.0; +http://www.bing.com/bingbot.htm)"
157.56.93.220 - - [14/Dec/2012:08:29:20 +0100] "GET /AC_RunActiveContent.js HTTP/1.1" 200 8029 "http://www.dialyse-nagold.de/04Karteccc.html" "Mozilla/5.0 (Windows NT 6.1; WOW64) AppleWebKit/534+ (KHTML, like Gecko) BingPreview/1.0b"
157.56.93.220 - - [14/Dec/2012:08:29:21 +0100] "GET /04Karteccc.swf HTTP/1.1" 200 32338 "http://www.dialyse-nagold.de/04Karteccc.swf" "Mozilla/5.0 (Windows NT 6.1; WOW64) AppleWebKit/534+ (KHTML, like Gecko) BingPreview/1.0b"
157.56.93.193 - - [14/Dec/2012:08:31:23 +0100] "GET /01.swf HTTP/1.1" 200 19349 "-" "Mozilla/5.0 (compatible; bingbot/2.0; +http://www.bing.com/bingbot.htm)"
66.249.75.187 - - [14/Dec/2012:08:58:44 +0100] "GET /04Karteddd.swf HTTP/1.1" 200 33790 "-" "Mozilla/5.0 (compatible; Googlebot/2.1; +http://www.google.com/bot.html)"
66.249.75.187 - - [14/Dec/2012:09:04:14 +0100] "GET /02.swf HTTP/1.1" 200 22781 "-" "Mozilla/5.0 (compatible; Googlebot/2.1; +http://www.google.com/bot.html)"
82.94.179.38 - - [14/Dec/2012:09:17:41 +0100] "GET /robots.txt HTTP/1.0" 404 1256 "-" "Mozilla/4.0 (compatible; Vagabondo/4.0/EU; http://webagent.wise-guys.nl/)"
82.94.179.38 - - [14/Dec/2012:09:17:41 +0100] "GET / HTTP/1.1" 200 2366 "-" "Mozilla/4.0 (compatible; Vagabondo/4.0/EU; http://www.wise-guys.nl/)"
85.232.6.33 - - [14/Dec/2012:09:26:59 +0100] "GET / HTTP/1.1" 200 2366 "http://www.google.de/search?q=dialyse+calw" "Mozilla/4.0 (compatible; MSIE 7.0; Windows NT 5.2; .NET CLR 1.1.4322; .NET CLR 2.0.50727; .NET CLR 3.0.4506.2152; .NET CLR 3.5.30729; .NET4.0C; .NET4.0E)"
85.232.6.33 - - [14/Dec/2012:09:26:59 +0100] "GET /00start.swf HTTP/1.1" 200 8575 "-" "contype"
85.232.6.33 - - [14/Dec/2012:09:27:01 +0100] "GET /favicon.ico HTTP/1.1" 404 1256 "-" "Mozilla/4.0 (compatible; MSIE 7.0; Windows NT 5.2; .NET CLR 1.1.4322; .NET CLR 2.0.50727; .NET CLR 3.0.4506.2152; .NET CLR 3.5.30729; .NET4.0C; .NET4.0E)"
66.249.75.187 - - [14/Dec/2012:09:31:43 +0100] "GET /04Karteccc.swf HTTP/1.1" 200 32338 "-" "Mozilla/5.0 (compatible; Googlebot/2.1; +http://www.google.com/bot.html)"
66.249.75.187 - - [14/Dec/2012:10:01:59 +0100] "GET /08.html HTTP/1.1" 304 - "-" "Mozilla/5.0 (compatible; Googlebot/2.1; +http://www.google.com/bot.html)"
180.76.6.29 - - [14/Dec/2012:10:25:39 +0100] "GET /robots.txt HTTP/1.1" 404 1256 "-" "Mozilla/5.0 (Windows NT 5.1; rv:6.0.2) Gecko/20100101 Firefox/6.0.2"
66.249.75.187 - - [14/Dec/2012:10:28:37 +0100] "GET /04Karteaaa.html HTTP/1.1" 200 2077 "-" "Mozilla/5.0 (compatible; Googlebot/2.1; +http://www.google.com/bot.html)"
157.55.32.188 - - [14/Dec/2012:11:04:04 +0100] "GET /robots.txt HTTP/1.1" 404 1256 "-" "Mozilla/5.0 (compatible; bingbot/2.0; +http://www.bing.com/bingbot.htm)"
157.55.32.188 - - [14/Dec/2012:11:05:54 +0100] "GET /01.html HTTP/1.1" 200 1982 "-" "Mozilla/5.0 (compatible; bingbot/2.0; +http://www.bing.com/bingbot.htm)"
66.249.75.187 - - [14/Dec/2012:11:07:33 +0100] "GET /04Karteddd.html HTTP/1.1" 304 - "-" "Mozilla/5.0 (compatible; Googlebot/2.1; +http://www.google.com/bot.html)"
66.249.75.187 - - [14/Dec/2012:11:10:05 +0100] "GET /09.swf HTTP/1.1" 200 23096 "-" "Mozilla/5.0 (compatible; Googlebot/2.1; +http://www.google.com/bot.html)"
66.249.75.187 - - [14/Dec/2012:11:15:39 +0100] "GET /03.swf HTTP/1.1" 200 74505 "-" "Mozilla/5.0 (compatible; Googlebot/2.1; +http://www.google.com/bot.html)"
157.55.33.98 - - [14/Dec/2012:11:41:20 +0100] "GET /01.swf HTTP/1.1" 200 19349 "-" "Mozilla/5.0 (compatible; bingbot/2.0; +http://www.bing.com/bingbot.htm)"
157.55.33.40 - - [14/Dec/2012:12:18:59 +0100] "GET /robots.txt HTTP/1.1" 404 1256 "-" "Mozilla/5.0 (compatible; bingbot/2.0; +http://www.bing.com/bingbot.htm)"
157.55.33.40 - - [14/Dec/2012:12:20:22 +0100] "GET / HTTP/1.1" 200 2366 "-" "Mozilla/5.0 (compatible; bingbot/2.0; +http://www.bing.com/bingbot.htm)"
89.123.4.192 - - [14/Dec/2012:12:25:23 +0100] "GET / HTTP/1.1" 200 2366 "-" "Java/1.6.0_04"
89.123.4.192 - - [14/Dec/2012:12:25:23 +0100] "GET /'+fc_protocol+'://www.flash-counter.com/scripts/counter.js HTTP/1.1" 404 1256 "-" "Java/1.6.0_04"
217.86.179.116 - - [14/Dec/2012:12:35:06 +0100] "GET / HTTP/1.1" 200 2366 "-" "Mozilla/4.0 (compatible; MSIE 8.0; Windows NT 5.1; Trident/4.0; .NET CLR 2.0.50727; .NET CLR 3.0.4506.2152; .NET CLR 3.5.30729; .NET4.0C; .NET4.0E)"
217.86.179.116 - - [14/Dec/2012:12:35:06 +0100] "GET /00start.swf HTTP/1.1" 200 8575 "-" "contype"
217.86.179.116 - - [14/Dec/2012:12:35:08 +0100] "GET /favicon.ico HTTP/1.1" 404 1256 "-" "Mozilla/4.0 (compatible; MSIE 8.0; Windows NT 5.1; Trident/4.0; .NET CLR 2.0.50727; .NET CLR 3.0.4506.2152; .NET CLR 3.5.30729; .NET4.0C; .NET4.0E)"
217.86.179.116 - - [14/Dec/2012:12:35:14 +0100] "GET /00themen00.html HTTP/1.1" 200 2254 "http://www.dialyse-pforzheim.de/00start.swf" "Mozilla/4.0 (compatible; MSIE 8.0; Windows NT 5.1; Trident/4.0; .NET CLR 2.0.50727; .NET CLR 3.0.4506.2152; .NET CLR 3.5.30729; .NET4.0C; .NET4.0E)"
217.86.179.116 - - [14/Dec/2012:12:35:14 +0100] "GET /AC_RunActiveContent.js HTTP/1.1" 200 8029 "http://www.dialyse-pforzheim.de/00start.swf" "Mozilla/4.0 (compatible; MSIE 8.0; Windows NT 5.1; Trident/4.0; .NET CLR 2.0.50727; .NET CLR 3.0.4506.2152; .NET CLR 3.5.30729; .NET4.0C; .NET4.0E)"
217.86.179.116 - - [14/Dec/2012:12:35:14 +0100] "GET /00themen00.swf HTTP/1.1" 200 136579 "http://www.dialyse-pforzheim.de/00themen00.html" "Mozilla/4.0 (compatible; MSIE 8.0; Windows NT 5.1; Trident/4.0; .NET CLR 2.0.50727; .NET CLR 3.0.4506.2152; .NET CLR 3.5.30729; .NET4.0C; .NET4.0E)"
217.86.179.116 - - [14/Dec/2012:12:35:14 +0100] "GET /favicon.ico HTTP/1.1" 404 1256 "-" "Mozilla/4.0 (compatible; MSIE 8.0; Windows NT 5.1; Trident/4.0; .NET CLR 2.0.50727; .NET CLR 3.0.4506.2152; .NET CLR 3.5.30729; .NET4.0C; .NET4.0E)"
217.86.179.116 - - [14/Dec/2012:12:35:16 +0100] "GET /03.html HTTP/1.1" 200 1982 "http://www.dialyse-pforzheim.de/00themen00.swf" "Mozilla/4.0 (compatible; MSIE 8.0; Windows NT 5.1; Trident/4.0; .NET CLR 2.0.50727; .NET CLR 3.0.4506.2152; .NET CLR 3.5.30729; .NET4.0C; .NET4.0E)"
217.86.179.116 - - [14/Dec/2012:12:35:16 +0100] "GET /03.swf HTTP/1.1" 200 74505 "http://www.dialyse-pforzheim.de/03.html" "Mozilla/4.0 (compatible; MSIE 8.0; Windows NT 5.1; Trident/4.0; .NET CLR 2.0.50727; .NET CLR 3.0.4506.2152; .NET CLR 3.5.30729; .NET4.0C; .NET4.0E)"
157.55.33.111 - - [14/Dec/2012:13:08:30 +0100] "GET /robots.txt HTTP/1.1" 404 1256 "-" "Mozilla/5.0 (compatible; bingbot/2.0; +http://www.bing.com/bingbot.htm)"
157.55.33.111 - - [14/Dec/2012:13:10:25 +0100] "GET / HTTP/1.1" 200 2366 "-" "Mozilla/5.0 (compatible; bingbot/2.0; +http://www.bing.com/bingbot.htm)"
80.152.148.21 - - [14/Dec/2012:13:29:19 +0100] "GET / HTTP/1.1" 200 2366 "http://www.google.de/url?sa=t&rct=j&q=dialyse%20pforzheim&source=web&cd=1&sqi=2&ved=0CDMQFjAA&url=http%3A%2F%2Fwww.dialyse-calw.de%2F&ei=WBvLUM-GMoz4sgaLooEQ&usg=AFQjCNECMxQiO0NOt3ERqW1uzT1RIToCeg&bvm=bv.1355325884,d.Yms" "Mozilla/5.0 (compatible; MSIE 9.0; Windows NT 6.1; WOW64; Trident/5.0)"
80.152.148.21 - - [14/Dec/2012:13:29:19 +0100] "HEAD /00start.swf HTTP/1.1" 200 - "-" "contype"
80.152.148.21 - - [14/Dec/2012:13:29:19 +0100] "GET /00start.swf HTTP/1.1" 200 8575 "http://www.dialyse-calw.de/" "Mozilla/5.0 (compatible; MSIE 9.0; Windows NT 6.1; WOW64; Trident/5.0)"
80.152.148.21 - - [14/Dec/2012:13:29:21 +0100] "GET /favicon.ico HTTP/1.1" 404 1256 "-" "Mozilla/5.0 (compatible; MSIE 9.0; Windows NT 6.1; WOW64; Trident/5.0)"
80.152.148.21 - - [14/Dec/2012:13:29:27 +0100] "GET /00themen00.html HTTP/1.1" 200 2254 "http://www.dialyse-calw.de/00start.swf" "Mozilla/5.0 (compatible; MSIE 9.0; Windows NT 6.1; WOW64; Trident/5.0)"
80.152.148.21 - - [14/Dec/2012:13:29:27 +0100] "GET /AC_RunActiveContent.js HTTP/1.1" 200 8029 "http://www.dialyse-calw.de/00start.swf" "Mozilla/5.0 (compatible; MSIE 9.0; Windows NT 6.1; WOW64; Trident/5.0)"
80.152.148.21 - - [14/Dec/2012:13:29:27 +0100] "GET /AC_RunActiveContent.js HTTP/1.1" 200 8029 "http://www.dialyse-calw.de/00themen00.html" "Mozilla/5.0 (compatible; MSIE 9.0; Windows NT 6.1; WOW64; Trident/5.0)"
80.152.148.21 - - [14/Dec/2012:13:29:28 +0100] "GET /00themen00.swf HTTP/1.1" 200 136579 "http://www.dialyse-calw.de/00themen00.html" "Mozilla/5.0 (compatible; MSIE 9.0; Windows NT 6.1; WOW64; Trident/5.0)"
80.152.148.21 - - [14/Dec/2012:13:29:28 +0100] "GET /favicon.ico HTTP/1.1" 404 1256 "-" "Mozilla/5.0 (compatible; MSIE 9.0; Windows NT 6.1; WOW64; Trident/5.0)"
80.152.148.21 - - [14/Dec/2012:13:29:31 +0100] "GET /03.html HTTP/1.1" 200 1982 "http://www.dialyse-calw.de/00themen00.swf" "Mozilla/5.0 (compatible; MSIE 9.0; Windows NT 6.1; WOW64; Trident/5.0)"
80.152.148.21 - - [14/Dec/2012:13:29:31 +0100] "GET /03.swf HTTP/1.1" 200 74505 "http://www.dialyse-calw.de/03.html" "Mozilla/5.0 (compatible; MSIE 9.0; Windows NT 6.1; WOW64; Trident/5.0)"
173.199.116.195 - - [14/Dec/2012:13:29:34 +0100] "GET / HTTP/1.1" 200 2366 "-" "Mozilla/5.0 (compatible; AhrefsBot/4.0; +http://ahrefs.com/robot/)"
80.152.148.21 - - [14/Dec/2012:13:29:40 +0100] "GET /04.html HTTP/1.1" 200 2106 "http://www.dialyse-calw.de/00themen00.swf" "Mozilla/5.0 (compatible; MSIE 9.0; Windows NT 6.1; WOW64; Trident/5.0)"
80.152.148.21 - - [14/Dec/2012:13:29:41 +0100] "GET /04.swf HTTP/1.1" 200 62769 "http://www.dialyse-calw.de/04.html" "Mozilla/5.0 (compatible; MSIE 9.0; Windows NT 6.1; WOW64; Trident/5.0)"
80.152.148.21 - - [14/Dec/2012:13:30:19 +0100] "GET /08.html HTTP/1.1" 200 2005 "http://www.dialyse-calw.de/00themen00.swf" "Mozilla/5.0 (compatible; MSIE 9.0; Windows NT 6.1; WOW64; Trident/5.0)"
80.152.148.21 - - [14/Dec/2012:13:30:20 +0100] "GET /08.swf HTTP/1.1" 200 20405 "http://www.dialyse-calw.de/08.html" "Mozilla/5.0 (compatible; MSIE 9.0; Windows NT 6.1; WOW64; Trident/5.0)"
217.69.133.68 - - [14/Dec/2012:13:49:04 +0100] "GET /robots.txt HTTP/1.0" 404 1256 "-" "Mozilla/5.0 (compatible; Mail.RU_Bot/2.0)"
66.249.73.106 - - [14/Dec/2012:14:29:45 +0100] "GET /robots.txt HTTP/1.1" 404 1256 "-" "Mozilla/5.0 (compatible; Googlebot/2.1; +http://www.google.com/bot.html)"
66.249.73.106 - - [14/Dec/2012:14:29:45 +0100] "GET /08.swf HTTP/1.1" 200 20405 "-" "Mozilla/5.0 (compatible; Googlebot/2.1; +http://www.google.com/bot.html)"
66.249.73.84 - - [14/Dec/2012:14:55:25 +0100] "GET /robots.txt HTTP/1.1" 404 1256 "-" "Mozilla/5.0 (compatible; Googlebot/2.1; +http://www.google.com/bot.html)"
66.249.73.84 - - [14/Dec/2012:14:55:25 +0100] "GET /06.html HTTP/1.1" 200 2278 "-" "Mozilla/5.0 (compatible; Googlebot/2.1; +http://www.google.com/bot.html)"
213.23.84.208 - - [14/Dec/2012:14:57:49 +0100] "GET / HTTP/1.0" 200 2366 "http://www.bing.com/search?q=dialyse+stellenangebote+karlsruhe&src=IE-Address" "Mozilla/4.0 (compatible; MSIE 7.0; Windows NT 5.1; .NET CLR 2.0.50727)"
213.23.84.208 - - [14/Dec/2012:14:57:49 +0100] "GET /00start.swf HTTP/1.0" 200 8575 "-" "contype"
213.23.84.208 - - [14/Dec/2012:14:57:51 +0100] "GET /favicon.ico HTTP/1.0" 404 1256 "-" "Mozilla/4.0 (compatible; MSIE 7.0; Windows NT 5.1; .NET CLR 2.0.50727)"
213.23.84.208 - - [14/Dec/2012:14:58:03 +0100] "GET /00themen00.html HTTP/1.0" 200 2254 "http://www.dialyse-calw.de/00start.swf" "Mozilla/4.0 (compatible; MSIE 7.0; Windows NT 5.1; .NET CLR 2.0.50727)"
213.23.84.208 - - [14/Dec/2012:14:58:04 +0100] "GET /AC_RunActiveContent.js HTTP/1.0" 200 8029 "http://www.dialyse-calw.de/00start.swf" "Mozilla/4.0 (compatible; MSIE 7.0; Windows NT 5.1; .NET CLR 2.0.50727)"
213.23.84.208 - - [14/Dec/2012:14:58:04 +0100] "GET /00themen00.swf HTTP/1.0" 200 136579 "http://www.dialyse-calw.de/00themen00.html" "Mozilla/4.0 (compatible; MSIE 7.0; Windows NT 5.1; .NET CLR 2.0.50727)"
213.23.84.208 - - [14/Dec/2012:14:58:09 +0100] "GET /03.html HTTP/1.0" 200 1982 "http://www.dialyse-calw.de/00themen00.swf" "Mozilla/4.0 (compatible; MSIE 7.0; Windows NT 5.1; .NET CLR 2.0.50727)"
213.23.84.208 - - [14/Dec/2012:14:58:09 +0100] "GET /03.swf HTTP/1.0" 200 74505 "http://www.dialyse-calw.de/03.html" "Mozilla/4.0 (compatible; MSIE 7.0; Windows NT 5.1; .NET CLR 2.0.50727)"
213.23.84.208 - - [14/Dec/2012:14:58:34 +0100] "GET /04.html HTTP/1.0" 200 2106 "http://www.dialyse-calw.de/00themen00.swf" "Mozilla/4.0 (compatible; MSIE 7.0; Windows NT 5.1; .NET CLR 2.0.50727)"
213.23.84.208 - - [14/Dec/2012:14:58:34 +0100] "GET /04.swf HTTP/1.0" 200 62769 "http://www.dialyse-calw.de/04.html" "Mozilla/4.0 (compatible; MSIE 7.0; Windows NT 5.1; .NET CLR 2.0.50727)"
213.23.84.208 - - [14/Dec/2012:14:58:42 +0100] "GET /04Karteddd.html HTTP/1.0" 200 2077 "http://www.dialyse-calw.de/04.swf" "Mozilla/4.0 (compatible; MSIE 7.0; Windows NT 5.1; .NET CLR 2.0.50727)"
213.23.84.208 - - [14/Dec/2012:14:58:42 +0100] "GET /04Karteddd.swf HTTP/1.0" 200 33790 "http://www.dialyse-calw.de/04Karteddd.html" "Mozilla/4.0 (compatible; MSIE 7.0; Windows NT 5.1; .NET CLR 2.0.50727)"
213.23.84.208 - - [14/Dec/2012:14:58:58 +0100] "GET /03a.html HTTP/1.0" 200 1991 "http://www.dialyse-calw.de/00themen00.swf" "Mozilla/4.0 (compatible; MSIE 7.0; Windows NT 5.1; .NET CLR 2.0.50727)"
213.23.84.208 - - [14/Dec/2012:14:58:58 +0100] "GET /03a.swf HTTP/1.0" 200 94997 "http://www.dialyse-calw.de/03a.html" "Mozilla/4.0 (compatible; MSIE 7.0; Windows NT 5.1; .NET CLR 2.0.50727)"
92.249.127.111 - - [14/Dec/2012:15:15:27 +0100] "GET / HTTP/1.1" 200 2366 "http://gamesvinde.net/" "Mozilla/5.0 (compatible; news bot /2.1)"
92.249.127.111 - - [14/Dec/2012:15:15:27 +0100] "GET / HTTP/1.1" 200 2366 "http://gamesvinde.net/" "Mozilla/5.0 (compatible; news bot /2.1)"
62.141.45.101 - - [14/Dec/2012:15:15:43 +0100] "GET /robots.txt HTTP/1.0" 404 1256 "-" "Mozilla/5.0 (compatible; MJ12bot/v1.4.3; http://www.majestic12.co.uk/bot.php?+)"
62.141.45.101 - - [14/Dec/2012:15:15:44 +0100] "GET / HTTP/1.0" 200 2366 "-" "Mozilla/5.0 (compatible; MJ12bot/v1.4.3; http://www.majestic12.co.uk/bot.php?+)"
80.245.71.26 - - [14/Dec/2012:15:33:02 +0100] "GET /08.html HTTP/1.1" 200 2005 "http://www.google.de/url?sa=t&rct=j&q=dialyse%20pforzheim&source=web&cd=3&ved=0CD8QFjAC&url=http%3A%2F%2Fwww.dialyse-pforzheim.de%2F08.html&ei=WTjLUKufFs7Hswb3_4DoAg&usg=AFQjCNF1LYAuQXfOJwKjF0uyrGiuwvEndA&bvm=bv.1355325884,d.Yms" "Mozilla/5.0 (compatible; MSIE 9.0; Windows NT 6.1; WOW64; Trident/5.0)"
80.245.71.26 - - [14/Dec/2012:15:33:02 +0100] "GET /AC_RunActiveContent.js HTTP/1.1" 200 8029 "http://www.dialyse-pforzheim.de/08.html" "Mozilla/5.0 (compatible; MSIE 9.0; Windows NT 6.1; WOW64; Trident/5.0)"
80.245.71.26 - - [14/Dec/2012:15:33:02 +0100] "GET /AC_RunActiveContent.js HTTP/1.1" 200 8029 "http://www.dialyse-pforzheim.de/08.html" "Mozilla/5.0 (compatible; MSIE 9.0; Windows NT 6.1; WOW64; Trident/5.0)"
80.245.71.26 - - [14/Dec/2012:15:33:03 +0100] "GET /08.swf HTTP/1.1" 200 20405 "http://www.dialyse-pforzheim.de/08.html" "Mozilla/5.0 (compatible; MSIE 9.0; Windows NT 6.1; WOW64; Trident/5.0)"
80.245.71.26 - - [14/Dec/2012:15:33:08 +0100] "GET /index.html HTTP/1.1" 200 2366 "http://www.dialyse-pforzheim.de/08.swf" "Mozilla/5.0 (compatible; MSIE 9.0; Windows NT 6.1; WOW64; Trident/5.0)"
80.245.71.26 - - [14/Dec/2012:15:33:08 +0100] "HEAD /00start.swf HTTP/1.1" 200 - "-" "contype"
80.245.71.26 - - [14/Dec/2012:15:33:08 +0100] "GET /00start.swf HTTP/1.1" 200 8575 "http://www.dialyse-pforzheim.de/index.html" "Mozilla/5.0 (compatible; MSIE 9.0; Windows NT 6.1; WOW64; Trident/5.0)"
80.245.71.26 - - [14/Dec/2012:15:33:10 +0100] "GET /00themen00.html HTTP/1.1" 200 2254 "http://www.dialyse-pforzheim.de/00start.swf" "Mozilla/5.0 (compatible; MSIE 9.0; Windows NT 6.1; WOW64; Trident/5.0)"
80.245.71.26 - - [14/Dec/2012:15:33:10 +0100] "GET /00themen00.swf HTTP/1.1" 200 136579 "http://www.dialyse-pforzheim.de/00themen00.html" "Mozilla/5.0 (compatible; MSIE 9.0; Windows NT 6.1; WOW64; Trident/5.0)"
80.245.71.26 - - [14/Dec/2012:15:33:12 +0100] "GET /03.html HTTP/1.1" 200 1982 "http://www.dialyse-pforzheim.de/00themen00.swf" "Mozilla/5.0 (compatible; MSIE 9.0; Windows NT 6.1; WOW64; Trident/5.0)"
80.245.71.26 - - [14/Dec/2012:15:33:12 +0100] "GET /03.swf HTTP/1.1" 200 74505 "http://www.dialyse-pforzheim.de/03.html" "Mozilla/5.0 (compatible; MSIE 9.0; Windows NT 6.1; WOW64; Trident/5.0)"
80.245.71.26 - - [14/Dec/2012:15:33:43 +0100] "GET /06.html HTTP/1.1" 200 2278 "http://www.dialyse-pforzheim.de/00themen00.swf" "Mozilla/5.0 (compatible; MSIE 9.0; Windows NT 6.1; WOW64; Trident/5.0)"
80.245.71.26 - - [14/Dec/2012:15:33:43 +0100] "GET /06.swf HTTP/1.1" 200 20731 "http://www.dialyse-pforzheim.de/06.html" "Mozilla/5.0 (compatible; MSIE 9.0; Windows NT 6.1; WOW64; Trident/5.0)"
80.245.71.26 - - [14/Dec/2012:15:34:40 +0100] "GET / HTTP/1.1" 200 2366 "http://www.siloah.de/content.php" "Mozilla/5.0 (compatible; MSIE 9.0; Windows NT 6.1; WOW64; Trident/5.0)"
80.245.71.26 - - [14/Dec/2012:15:34:40 +0100] "GET / HTTP/1.1" 200 2366 "http://www.siloah.de/content.php" "Mozilla/5.0 (compatible; MSIE 9.0; Windows NT 6.1; WOW64; Trident/5.0)"
80.245.71.26 - - [14/Dec/2012:15:34:40 +0100] "HEAD /00start.swf HTTP/1.1" 200 - "-" "contype"
80.245.71.26 - - [14/Dec/2012:15:34:40 +0100] "GET /00start.swf HTTP/1.1" 200 8575 "http://www.dialyse-calw.de/" "Mozilla/5.0 (compatible; MSIE 9.0; Windows NT 6.1; WOW64; Trident/5.0)"
80.245.71.26 - - [14/Dec/2012:15:34:41 +0100] "GET /00themen00.html HTTP/1.1" 200 2254 "http://www.dialyse-calw.de/00start.swf" "Mozilla/5.0 (compatible; MSIE 9.0; Windows NT 6.1; WOW64; Trident/5.0)"
80.245.71.26 - - [14/Dec/2012:15:34:42 +0100] "GET /AC_RunActiveContent.js HTTP/1.1" 200 8029 "http://www.dialyse-calw.de/00themen00.html" "Mozilla/5.0 (compatible; MSIE 9.0; Windows NT 6.1; WOW64; Trident/5.0)"
80.245.71.26 - - [14/Dec/2012:15:34:42 +0100] "GET /00themen00.swf HTTP/1.1" 200 136579 "http://www.dialyse-calw.de/00themen00.html" "Mozilla/5.0 (compatible; MSIE 9.0; Windows NT 6.1; WOW64; Trident/5.0)"
80.245.71.26 - - [14/Dec/2012:15:34:43 +0100] "GET /favicon.ico HTTP/1.1" 404 1256 "-" "Mozilla/5.0 (compatible; MSIE 9.0; Windows NT 6.1; WOW64; Trident/5.0)"
80.245.71.26 - - [14/Dec/2012:15:34:43 +0100] "GET /04.html HTTP/1.1" 200 2106 "http://www.dialyse-calw.de/00themen00.swf" "Mozilla/5.0 (compatible; MSIE 9.0; Windows NT 6.1; WOW64; Trident/5.0)"
80.245.71.26 - - [14/Dec/2012:15:34:44 +0100] "GET /04.swf HTTP/1.1" 200 62769 "http://www.dialyse-calw.de/04.html" "Mozilla/5.0 (compatible; MSIE 9.0; Windows NT 6.1; WOW64; Trident/5.0)"
80.245.71.26 - - [14/Dec/2012:15:34:44 +0100] "GET /favicon.ico HTTP/1.1" 404 1256 "-" "Mozilla/5.0 (compatible; MSIE 9.0; Windows NT 6.1; WOW64; Trident/5.0)"
80.245.71.26 - - [14/Dec/2012:15:34:47 +0100] "GET /04Kartebbb.html HTTP/1.1" 200 2077 "http://www.dialyse-calw.de/04.swf" "Mozilla/5.0 (compatible; MSIE 9.0; Windows NT 6.1; WOW64; Trident/5.0)"
80.245.71.26 - - [14/Dec/2012:15:34:48 +0100] "GET /04Kartebbb.swf HTTP/1.1" 200 32635 "http://www.dialyse-calw.de/04Kartebbb.html" "Mozilla/5.0 (compatible; MSIE 9.0; Windows NT 6.1; WOW64; Trident/5.0)"
80.245.71.26 - - [14/Dec/2012:15:34:51 +0100] "GET /03.html HTTP/1.1" 200 1982 "http://www.dialyse-calw.de/00themen00.swf" "Mozilla/5.0 (compatible; MSIE 9.0; Windows NT 6.1; WOW64; Trident/5.0)"
80.245.71.26 - - [14/Dec/2012:15:34:52 +0100] "GET /03.swf HTTP/1.1" 200 74505 "http://www.dialyse-calw.de/03.html" "Mozilla/5.0 (compatible; MSIE 9.0; Windows NT 6.1; WOW64; Trident/5.0)"
150.70.75.33 - - [14/Dec/2012:15:41:40 +0100] "GET / HTTP/1.0" 200 2366 "-" "Mozilla/4.0 (compatible; MSIE 6.0; Windows NT 5.1)"
150.70.172.105 - - [14/Dec/2012:16:00:32 +0100] "GET /06.html HTTP/1.0" 200 2278 "-" "Mozilla/4.0 (compatible; MSIE 6.0; Windows NT 5.1)"
173.199.118.35 - - [14/Dec/2012:16:15:04 +0100] "GET / HTTP/1.1" 200 2366 "-" "Mozilla/5.0 (compatible; AhrefsBot/4.0; +http://ahrefs.com/robot/)"
91.197.6.89 - - [14/Dec/2012:16:31:42 +0100] "GET /robots.txt HTTP/1.1" 404 1256 "-" "Mozilla/5.0 (compatible; 008/0.83; http://www.80legs.com/webcrawler.html;) Gecko/2008032620"
91.197.6.89 - - [14/Dec/2012:16:31:42 +0100] "GET / HTTP/1.1" 200 2366 "-" "Mozilla/5.0 (compatible; 008/0.85; http://www.80legs.com/webcrawler.html) Gecko/2008032620"
91.197.6.89 - - [14/Dec/2012:16:31:43 +0100] "GET /robots.txt HTTP/1.1" 404 1256 "-" "Mozilla/5.0 (compatible; 008/0.83; http://www.80legs.com/webcrawler.html;) Gecko/2008032620"
91.197.6.89 - - [14/Dec/2012:16:31:43 +0100] "GET / HTTP/1.1" 200 2366 "-" "Mozilla/5.0 (compatible; 008/0.85; http://www.80legs.com/webcrawler.html) Gecko/2008032620"
212.90.166.246 - - [14/Dec/2012:16:32:44 +0100] "GET /robots.txt HTTP/1.1" 404 1256 "-" "Mozilla/5.0 (compatible; 008/0.83; http://www.80legs.com/webcrawler.html;) Gecko/2008032620"
212.90.166.246 - - [14/Dec/2012:16:32:45 +0100] "GET / HTTP/1.1" 200 2366 "-" "Mozilla/5.0 (compatible; 008/0.85; http://www.80legs.com/webcrawler.html) Gecko/2008032620"
150.70.172.105 - - [14/Dec/2012:16:38:01 +0100] "GET /AC_RunActiveContent.js HTTP/1.0" 200 8029 "-" "Mozilla/4.0 (compatible; MSIE 6.0; Windows NT 5.1)"
157.55.35.37 - - [14/Dec/2012:17:06:49 +0100] "GET /robots.txt HTTP/1.1" 404 1256 "-" "Mozilla/5.0 (compatible; bingbot/2.0; +http://www.bing.com/bingbot.htm)"
157.55.35.32 - - [14/Dec/2012:17:08:32 +0100] "GET /04Karteddd.swf HTTP/1.1" 200 33790 "-" "Mozilla/5.0 (compatible; bingbot/2.0; +http://www.bing.com/bingbot.htm)"
157.55.35.37 - - [14/Dec/2012:17:10:24 +0100] "GET /04Karteddd.html HTTP/1.1" 200 2077 "-" "Mozilla/5.0 (compatible; bingbot/2.0; +http://www.bing.com/bingbot.htm)"
157.55.34.98 - - [14/Dec/2012:17:10:28 +0100] "GET /AC_RunActiveContent.js HTTP/1.1" 200 8029 "http://www.dialyse-pforzheim.de/04Karteddd.html" "Mozilla/5.0 (Windows NT 6.1; WOW64) AppleWebKit/534+ (KHTML, like Gecko) BingPreview/1.0b"
157.55.34.98 - - [14/Dec/2012:17:10:29 +0100] "GET /04Karteddd.swf HTTP/1.1" 200 33790 "http://www.dialyse-pforzheim.de/04Karteddd.swf" "Mozilla/5.0 (Windows NT 6.1; WOW64) AppleWebKit/534+ (KHTML, like Gecko) BingPreview/1.0b"
157.55.33.19 - - [14/Dec/2012:17:32:39 +0100] "GET /robots.txt HTTP/1.1" 404 1256 "-" "Mozilla/5.0 (compatible; bingbot/2.0; +http://www.bing.com/bingbot.htm)"
157.55.33.19 - - [14/Dec/2012:17:34:27 +0100] "GET /09.swf HTTP/1.1" 200 23096 "-" "Mozilla/5.0 (compatible; bingbot/2.0; +http://www.bing.com/bingbot.htm)"
94.23.225.68 - - [14/Dec/2012:17:38:50 +0100] "GET /09.swf HTTP/1.1" 200 23096 "-" "Mozilla/5.0 (X11; Linux i686; rv:6.0) Gecko/20100101 Firefox/6.0"
217.233.149.43 - - [14/Dec/2012:17:46:26 +0100] "GET / HTTP/1.1" 200 2366 "http://www.google.de/url?sa=t&rct=j&q=nephrologie%20pforzheim&source=web&cd=1&ved=0CD4QFjAA&url=http%3A%2F%2Fwww.dialyse-calw.de%2F&ei=EVbLUNbBAYHBtAbIu4GwDA&usg=AFQjCNECMxQiO0NOt3ERqW1uzT1RIToCeg" "Mozilla/5.0 (compatible; MSIE 9.0; Windows NT 6.0; Trident/5.0)"
217.233.149.43 - - [14/Dec/2012:17:46:26 +0100] "HEAD /00start.swf HTTP/1.1" 200 - "-" "contype"
217.233.149.43 - - [14/Dec/2012:17:46:26 +0100] "GET /00start.swf HTTP/1.1" 200 8575 "http://www.dialyse-calw.de/" "Mozilla/5.0 (compatible; MSIE 9.0; Windows NT 6.0; Trident/5.0)"
217.233.149.43 - - [14/Dec/2012:17:46:28 +0100] "GET /favicon.ico HTTP/1.1" 404 1256 "-" "Mozilla/5.0 (compatible; MSIE 9.0; Windows NT 6.0; Trident/5.0)"
217.233.149.43 - - [14/Dec/2012:17:46:40 +0100] "GET /00themen00.html HTTP/1.1" 200 2254 "http://www.dialyse-calw.de/00start.swf" "Mozilla/5.0 (compatible; MSIE 9.0; Windows NT 6.0; Trident/5.0)"
217.233.149.43 - - [14/Dec/2012:17:46:40 +0100] "GET /AC_RunActiveContent.js HTTP/1.1" 200 8029 "http://www.dialyse-calw.de/00themen00.html" "Mozilla/5.0 (compatible; MSIE 9.0; Windows NT 6.0; Trident/5.0)"
217.233.149.43 - - [14/Dec/2012:17:46:41 +0100] "GET /00themen00.swf HTTP/1.1" 200 136579 "http://www.dialyse-calw.de/00themen00.html" "Mozilla/5.0 (compatible; MSIE 9.0; Windows NT 6.0; Trident/5.0)"
217.233.149.43 - - [14/Dec/2012:17:46:41 +0100] "GET /favicon.ico HTTP/1.1" 404 1256 "-" "Mozilla/5.0 (compatible; MSIE 9.0; Windows NT 6.0; Trident/5.0)"
217.233.149.43 - - [14/Dec/2012:17:46:51 +0100] "GET /01.html HTTP/1.1" 200 1982 "http://www.dialyse-calw.de/00themen00.swf" "Mozilla/5.0 (compatible; MSIE 9.0; Windows NT 6.0; Trident/5.0)"
217.233.149.43 - - [14/Dec/2012:17:46:51 +0100] "GET /01.swf HTTP/1.1" 200 19349 "http://www.dialyse-calw.de/01.html" "Mozilla/5.0 (compatible; MSIE 9.0; Windows NT 6.0; Trident/5.0)"
217.233.149.43 - - [14/Dec/2012:17:47:41 +0100] "GET /02.html HTTP/1.1" 200 1982 "http://www.dialyse-calw.de/00themen00.swf" "Mozilla/5.0 (compatible; MSIE 9.0; Windows NT 6.0; Trident/5.0)"
217.233.149.43 - - [14/Dec/2012:17:47:41 +0100] "GET /02.swf HTTP/1.1" 200 22781 "http://www.dialyse-calw.de/02.html" "Mozilla/5.0 (compatible; MSIE 9.0; Windows NT 6.0; Trident/5.0)"
157.55.36.37 - - [14/Dec/2012:17:47:54 +0100] "GET /09.html HTTP/1.1" 200 2086 "-" "Mozilla/5.0 (compatible; bingbot/2.0; +http://www.bing.com/bingbot.htm)"
217.233.149.43 - - [14/Dec/2012:17:49:01 +0100] "GET /03.html HTTP/1.1" 200 1982 "http://www.dialyse-calw.de/00themen00.swf" "Mozilla/5.0 (compatible; MSIE 9.0; Windows NT 6.0; Trident/5.0)"
217.233.149.43 - - [14/Dec/2012:17:49:01 +0100] "GET /03.swf HTTP/1.1" 200 74505 "http://www.dialyse-calw.de/03.html" "Mozilla/5.0 (compatible; MSIE 9.0; Windows NT 6.0; Trident/5.0)"
217.233.149.43 - - [14/Dec/2012:17:49:54 +0100] "GET /03a.html HTTP/1.1" 200 1991 "http://www.dialyse-calw.de/00themen00.swf" "Mozilla/5.0 (compatible; MSIE 9.0; Windows NT 6.0; Trident/5.0)"
217.233.149.43 - - [14/Dec/2012:17:49:54 +0100] "GET /03a.swf HTTP/1.1" 200 94997 "http://www.dialyse-calw.de/03a.html" "Mozilla/5.0 (compatible; MSIE 9.0; Windows NT 6.0; Trident/5.0)"
217.233.149.43 - - [14/Dec/2012:17:50:17 +0100] "GET /04.html HTTP/1.1" 200 2106 "http://www.dialyse-calw.de/00themen00.swf" "Mozilla/5.0 (compatible; MSIE 9.0; Windows NT 6.0; Trident/5.0)"
217.233.149.43 - - [14/Dec/2012:17:50:17 +0100] "GET /04.swf HTTP/1.1" 200 62769 "http://www.dialyse-calw.de/04.html" "Mozilla/5.0 (compatible; MSIE 9.0; Windows NT 6.0; Trident/5.0)"
65.55.208.63 - - [14/Dec/2012:17:50:45 +0100] "GET /AC_RunActiveContent.js HTTP/1.1" 200 8029 "http://www.dialyse-calw.de/09.html" "Mozilla/5.0 (Windows NT 6.1; WOW64) AppleWebKit/534+ (KHTML, like Gecko) BingPreview/1.0b"
65.55.208.63 - - [14/Dec/2012:17:50:47 +0100] "GET /09.swf HTTP/1.1" 200 23096 "http://www.dialyse-calw.de/09.swf" "Mozilla/5.0 (Windows NT 6.1; WOW64) AppleWebKit/534+ (KHTML, like Gecko) BingPreview/1.0b"
217.233.149.43 - - [14/Dec/2012:17:52:23 +0100] "GET /04Kartebbb.html HTTP/1.1" 200 2077 "http://www.dialyse-calw.de/04.swf" "Mozilla/5.0 (compatible; MSIE 9.0; Windows NT 6.0; Trident/5.0)"
217.233.149.43 - - [14/Dec/2012:17:52:23 +0100] "GET /04Kartebbb.swf HTTP/1.1" 200 32635 "http://www.dialyse-calw.de/04Kartebbb.html" "Mozilla/5.0 (compatible; MSIE 9.0; Windows NT 6.0; Trident/5.0)"
217.233.149.43 - - [14/Dec/2012:17:52:42 +0100] "GET /05.html HTTP/1.1" 200 1982 "http://www.dialyse-calw.de/00themen00.swf" "Mozilla/5.0 (compatible; MSIE 9.0; Windows NT 6.0; Trident/5.0)"
217.233.149.43 - - [14/Dec/2012:17:52:42 +0100] "GET /05.swf HTTP/1.1" 200 58083 "http://www.dialyse-calw.de/05.html" "Mozilla/5.0 (compatible; MSIE 9.0; Windows NT 6.0; Trident/5.0)"
217.233.149.43 - - [14/Dec/2012:17:53:41 +0100] "GET /06.html HTTP/1.1" 200 2278 "http://www.dialyse-calw.de/00themen00.swf" "Mozilla/5.0 (compatible; MSIE 9.0; Windows NT 6.0; Trident/5.0)"
217.233.149.43 - - [14/Dec/2012:17:53:42 +0100] "GET /06.swf HTTP/1.1" 200 20731 "http://www.dialyse-calw.de/06.html" "Mozilla/5.0 (compatible; MSIE 9.0; Windows NT 6.0; Trident/5.0)"
217.233.149.43 - - [14/Dec/2012:17:54:31 +0100] "GET /07.html HTTP/1.1" 200 2319 "http://www.dialyse-calw.de/00themen00.swf" "Mozilla/5.0 (compatible; MSIE 9.0; Windows NT 6.0; Trident/5.0)"
217.233.149.43 - - [14/Dec/2012:17:54:32 +0100] "GET /07.swf HTTP/1.1" 200 20730 "http://www.dialyse-calw.de/07.html" "Mozilla/5.0 (compatible; MSIE 9.0; Windows NT 6.0; Trident/5.0)"
217.233.149.43 - - [14/Dec/2012:17:54:44 +0100] "GET /08.html HTTP/1.1" 200 2005 "http://www.dialyse-calw.de/00themen00.swf" "Mozilla/5.0 (compatible; MSIE 9.0; Windows NT 6.0; Trident/5.0)"
217.233.149.43 - - [14/Dec/2012:17:54:45 +0100] "GET /08.swf HTTP/1.1" 200 20405 "http://www.dialyse-calw.de/08.html" "Mozilla/5.0 (compatible; MSIE 9.0; Windows NT 6.0; Trident/5.0)"
217.233.149.43 - - [14/Dec/2012:17:55:13 +0100] "GET /09.html HTTP/1.1" 200 2086 "http://www.dialyse-calw.de/00themen00.swf" "Mozilla/5.0 (compatible; MSIE 9.0; Windows NT 6.0; Trident/5.0)"
217.233.149.43 - - [14/Dec/2012:17:55:14 +0100] "GET /09.swf HTTP/1.1" 200 23096 "http://www.dialyse-calw.de/09.html" "Mozilla/5.0 (compatible; MSIE 9.0; Windows NT 6.0; Trident/5.0)"
217.228.62.135 - - [14/Dec/2012:18:22:43 +0100] "GET / HTTP/1.1" 200 2366 "http://www.google.de/search?q=Dialysezentrum+Nagold+Nephrologische+Ambulanz&hl=de&biw=&bih=&gbv=2&gs_l=heirloom-hp.3..0j0i8i30.4060.7456.0.7647.16.13.0.3.3.0.343.1740.4j7j1j1.13.0...0.0...1c.1.YYqXM52rSNY&oq=Dialysezentrum+Nagold+Nephrologische+Ambulanz" "Mozilla/5.0 (X11; U; Linux i686; de; rv:1.9.0.4) Gecko/2008103100 SUSE/3.0.4-4.6 Firefox/3.0.4"
217.228.62.135 - - [14/Dec/2012:18:22:43 +0100] "GET /00start.swf HTTP/1.1" 200 8575 "http://www.dialyse-calw.de/" "Mozilla/5.0 (X11; U; Linux i686; de; rv:1.9.0.4) Gecko/2008103100 SUSE/3.0.4-4.6 Firefox/3.0.4"
217.228.62.135 - - [14/Dec/2012:18:22:52 +0100] "GET /favicon.ico HTTP/1.1" 404 1256 "-" "Mozilla/5.0 (X11; U; Linux i686; de; rv:1.9.0.4) Gecko/2008103100 SUSE/3.0.4-4.6 Firefox/3.0.4"
217.228.62.135 - - [14/Dec/2012:18:22:55 +0100] "GET /favicon.ico HTTP/1.1" 404 1256 "-" "Mozilla/5.0 (X11; U; Linux i686; de; rv:1.9.0.4) Gecko/2008103100 SUSE/3.0.4-4.6 Firefox/3.0.4"
66.249.73.205 - - [14/Dec/2012:18:52:43 +0100] "GET /robots.txt HTTP/1.1" 404 1256 "-" "Mozilla/5.0 (compatible; Googlebot/2.1; +http://www.google.com/bot.html)"
66.249.73.205 - - [14/Dec/2012:18:52:43 +0100] "GET /04Karteddd.swf HTTP/1.1" 200 33790 "-" "Mozilla/5.0 (compatible; Googlebot/2.1; +http://www.google.com/bot.html)"
157.56.93.193 - - [14/Dec/2012:18:54:21 +0100] "GET /robots.txt HTTP/1.1" 404 1256 "-" "Mozilla/5.0 (compatible; bingbot/2.0; +http://www.bing.com/bingbot.htm)"
66.249.73.205 - - [14/Dec/2012:18:55:53 +0100] "GET /03a.swf HTTP/1.1" 200 94997 "-" "Mozilla/5.0 (compatible; Googlebot/2.1; +http://www.google.com/bot.html)"
157.56.93.193 - - [14/Dec/2012:18:55:55 +0100] "GET /AC_RunActiveContent.js HTTP/1.1" 200 8029 "-" "Mozilla/5.0 (compatible; bingbot/2.0; +http://www.bing.com/bingbot.htm)"
66.249.73.205 - - [14/Dec/2012:18:59:31 +0100] "GET /06.swf HTTP/1.1" 200 20731 "-" "Mozilla/5.0 (compatible; Googlebot/2.1; +http://www.google.com/bot.html)"
157.56.93.193 - - [14/Dec/2012:19:01:15 +0100] "GET /AC_RunActiveContent.js HTTP/1.1" 200 8029 "-" "Mozilla/5.0 (compatible; bingbot/2.0; +http://www.bing.com/bingbot.htm)"
157.55.33.111 - - [14/Dec/2012:19:19:57 +0100] "GET /robots.txt HTTP/1.1" 404 1256 "-" "Mozilla/5.0 (compatible; bingbot/2.0; +http://www.bing.com/bingbot.htm)"
66.249.73.205 - - [14/Dec/2012:19:21:17 +0100] "GET /01.swf HTTP/1.1" 200 19349 "-" "Mozilla/5.0 (compatible; Googlebot/2.1; +http://www.google.com/bot.html)"
157.55.33.111 - - [14/Dec/2012:19:23:30 +0100] "GET / HTTP/1.1" 304 - "-" "Mozilla/5.0 (compatible; bingbot/2.0; +http://www.bing.com/bingbot.htm)"
79.248.226.218 - - [14/Dec/2012:19:33:07 +0100] "GET / HTTP/1.1" 200 2366 "http://www.rhoen-klinikum-ag.com/rka/cms/pfk_2/deu/66265.html" "Mozilla/5.0 (compatible; MSIE 10.0; Windows NT 6.2; Win64; x64; Trident/6.0)"
79.248.226.218 - - [14/Dec/2012:19:33:07 +0100] "HEAD /00start.swf HTTP/1.1" 200 - "-" "contype"
79.248.226.218 - - [14/Dec/2012:19:33:09 +0100] "GET /favicon.ico HTTP/1.1" 404 1256 "-" "Mozilla/5.0 (compatible; MSIE 10.0; Windows NT 6.2; Win64; x64; Trident/6.0)"
157.55.35.32 - - [14/Dec/2012:19:39:32 +0100] "GET /04Karteddd.swf HTTP/1.1" 200 33790 "-" "Mozilla/5.0 (compatible; bingbot/2.0; +http://www.bing.com/bingbot.htm)"
157.55.35.37 - - [14/Dec/2012:19:42:22 +0100] "GET /04Karteddd.html HTTP/1.1" 200 2077 "-" "Mozilla/5.0 (compatible; bingbot/2.0; +http://www.bing.com/bingbot.htm)"
65.55.208.99 - - [14/Dec/2012:19:42:23 +0100] "GET /AC_RunActiveContent.js HTTP/1.1" 200 8029 "http://www.dialyse-pforzheim.de/04Karteddd.html" "Mozilla/5.0 (Windows NT 6.1; WOW64) AppleWebKit/534+ (KHTML, like Gecko) BingPreview/1.0b"
65.55.208.99 - - [14/Dec/2012:19:42:24 +0100] "GET /04Karteddd.swf HTTP/1.1" 200 33790 "http://www.dialyse-pforzheim.de/04Karteddd.swf" "Mozilla/5.0 (Windows NT 6.1; WOW64) AppleWebKit/534+ (KHTML, like Gecko) BingPreview/1.0b"
157.55.33.19 - - [14/Dec/2012:19:57:46 +0100] "GET /robots.txt HTTP/1.1" 404 1256 "-" "Mozilla/5.0 (compatible; bingbot/2.0; +http://www.bing.com/bingbot.htm)"
66.249.73.205 - - [14/Dec/2012:19:59:17 +0100] "GET /05.swf HTTP/1.1" 200 58083 "-" "Mozilla/5.0 (compatible; Googlebot/2.1; +http://www.google.com/bot.html)"
157.55.33.19 - - [14/Dec/2012:19:59:26 +0100] "GET /09.swf HTTP/1.1" 200 23096 "-" "Mozilla/5.0 (compatible; bingbot/2.0; +http://www.bing.com/bingbot.htm)"
157.55.36.37 - - [14/Dec/2012:20:10:48 +0100] "GET /09.html HTTP/1.1" 200 2086 "-" "Mozilla/5.0 (compatible; bingbot/2.0; +http://www.bing.com/bingbot.htm)"
157.56.92.153 - - [14/Dec/2012:20:10:49 +0100] "GET /AC_RunActiveContent.js HTTP/1.1" 200 8029 "http://www.dialyse-calw.de/09.html" "Mozilla/5.0 (Windows NT 6.1; WOW64) AppleWebKit/534+ (KHTML, like Gecko) BingPreview/1.0b"
157.56.92.153 - - [14/Dec/2012:20:10:50 +0100] "GET /09.swf HTTP/1.1" 200 23096 "http://www.dialyse-calw.de/09.swf" "Mozilla/5.0 (Windows NT 6.1; WOW64) AppleWebKit/534+ (KHTML, like Gecko) BingPreview/1.0b"
79.241.80.218 - - [14/Dec/2012:20:13:57 +0100] "GET / HTTP/1.1" 200 2366 "http://www.google.de/url?sa=t&rct=j&q=dialyse&source=web&cd=5&ved=0CFYQFjAE&url=http%3A%2F%2Fwww.dialyse-calw.de%2F&ei=q3nLUIGmHcWQswaazoCoCA&usg=AFQjCNECMxQiO0NOt3ERqW1uzT1RIToCeg&bvm=bv.1355325884,d.Yms" "Mozilla/5.0 (Windows NT 6.1; WOW64) AppleWebKit/537.11 (KHTML, like Gecko) Chrome/23.0.1271.97 Safari/537.11"
79.241.80.218 - - [14/Dec/2012:20:13:57 +0100] "GET /00start.swf HTTP/1.1" 200 8575 "http://www.dialyse-calw.de/" "Mozilla/5.0 (Windows NT 6.1; WOW64) AppleWebKit/537.11 (KHTML, like Gecko) Chrome/23.0.1271.97 Safari/537.11"
79.241.80.218 - - [14/Dec/2012:20:13:59 +0100] "GET /favicon.ico HTTP/1.1" 404 1256 "-" "Mozilla/5.0 (Windows NT 6.1; WOW64) AppleWebKit/537.11 (KHTML, like Gecko) Chrome/23.0.1271.97 Safari/537.11"
79.241.80.218 - - [14/Dec/2012:20:14:11 +0100] "GET /00themen00.html HTTP/1.1" 200 2254 "http://www.dialyse-calw.de/" "Mozilla/5.0 (Windows NT 6.1; WOW64) AppleWebKit/537.11 (KHTML, like Gecko) Chrome/23.0.1271.97 Safari/537.11"
79.241.80.218 - - [14/Dec/2012:20:14:11 +0100] "GET /AC_RunActiveContent.js HTTP/1.1" 200 8029 "http://www.dialyse-calw.de/00themen00.html" "Mozilla/5.0 (Windows NT 6.1; WOW64) AppleWebKit/537.11 (KHTML, like Gecko) Chrome/23.0.1271.97 Safari/537.11"
79.241.80.218 - - [14/Dec/2012:20:14:11 +0100] "GET /favicon.ico HTTP/1.1" 404 1256 "-" "Mozilla/5.0 (Windows NT 6.1; WOW64) AppleWebKit/537.11 (KHTML, like Gecko) Chrome/23.0.1271.97 Safari/537.11"
79.241.80.218 - - [14/Dec/2012:20:14:11 +0100] "GET /00themen00.swf HTTP/1.1" 200 136579 "http://www.dialyse-calw.de/00themen00.html" "Mozilla/5.0 (Windows NT 6.1; WOW64) AppleWebKit/537.11 (KHTML, like Gecko) Chrome/23.0.1271.97 Safari/537.11"
79.241.80.218 - - [14/Dec/2012:20:14:30 +0100] "GET /09.html HTTP/1.1" 200 2086 "http://www.dialyse-calw.de/00themen00.html" "Mozilla/5.0 (Windows NT 6.1; WOW64) AppleWebKit/537.11 (KHTML, like Gecko) Chrome/23.0.1271.97 Safari/537.11"
79.241.80.218 - - [14/Dec/2012:20:14:30 +0100] "GET /09.swf HTTP/1.1" 200 23096 "http://www.dialyse-calw.de/09.html" "Mozilla/5.0 (Windows NT 6.1; WOW64) AppleWebKit/537.11 (KHTML, like Gecko) Chrome/23.0.1271.97 Safari/537.11"
79.241.80.218 - - [14/Dec/2012:20:14:30 +0100] "GET /favicon.ico HTTP/1.1" 404 1256 "-" "Mozilla/5.0 (Windows NT 6.1; WOW64) AppleWebKit/537.11 (KHTML, like Gecko) Chrome/23.0.1271.97 Safari/537.11"
79.241.80.218 - - [14/Dec/2012:20:14:38 +0100] "GET /favicon.ico HTTP/1.1" 404 1256 "-" "Mozilla/5.0 (Windows NT 6.1; WOW64) AppleWebKit/537.11 (KHTML, like Gecko) Chrome/23.0.1271.97 Safari/537.11"
79.241.80.218 - - [14/Dec/2012:20:14:39 +0100] "GET /favicon.ico HTTP/1.1" 404 1256 "-" "Mozilla/5.0 (Windows NT 6.1; WOW64) AppleWebKit/537.11 (KHTML, like Gecko) Chrome/23.0.1271.97 Safari/537.11"
95.108.150.235 - - [14/Dec/2012:20:16:20 +0100] "GET /robots.txt HTTP/1.1" 404 1256 "-" "Mozilla/5.0 (compatible; YandexBot/3.0; +http://yandex.com/bots)"
95.108.150.235 - - [14/Dec/2012:20:16:20 +0100] "GET /robots.txt HTTP/1.1" 404 1256 "-" "Mozilla/5.0 (compatible; YandexBot/3.0; +http://yandex.com/bots)"
95.108.150.235 - - [14/Dec/2012:20:16:21 +0100] "GET / HTTP/1.1" 200 2366 "-" "Mozilla/5.0 (compatible; YandexBot/3.0; +http://yandex.com/bots)"
95.108.150.235 - - [14/Dec/2012:20:16:21 +0100] "GET / HTTP/1.1" 200 2366 "-" "Mozilla/5.0 (compatible; YandexBot/3.0; +http://yandex.com/bots)"
95.108.150.235 - - [14/Dec/2012:20:16:22 +0100] "GET / HTTP/1.1" 200 2366 "-" "Mozilla/5.0 (compatible; YandexBot/3.0; +http://yandex.com/bots)"
95.108.150.235 - - [14/Dec/2012:20:16:22 +0100] "GET / HTTP/1.1" 200 2366 "-" "Mozilla/5.0 (compatible; YandexBot/3.0; +http://yandex.com/bots)"
95.108.150.235 - - [14/Dec/2012:20:16:22 +0100] "GET /robots.txt HTTP/1.1" 404 1256 "-" "Mozilla/5.0 (compatible; YandexBot/3.0; +http://yandex.com/bots)"
95.108.150.235 - - [14/Dec/2012:20:16:23 +0100] "GET / HTTP/1.1" 200 2366 "-" "Mozilla/5.0 (compatible; YandexBot/3.0; +http://yandex.com/bots)"
95.108.150.235 - - [14/Dec/2012:20:16:24 +0100] "GET / HTTP/1.1" 200 2366 "-" "Mozilla/5.0 (compatible; YandexBot/3.0; +http://yandex.com/bots)"
157.56.93.193 - - [14/Dec/2012:20:26:18 +0100] "GET /AC_RunActiveContent.js HTTP/1.1" 200 8029 "-" "Mozilla/5.0 (compatible; bingbot/2.0; +http://www.bing.com/bingbot.htm)"
157.55.33.98 - - [14/Dec/2012:20:32:32 +0100] "GET /robots.txt HTTP/1.1" 404 1256 "-" "Mozilla/5.0 (compatible; bingbot/2.0; +http://www.bing.com/bingbot.htm)"
157.55.33.98 - - [14/Dec/2012:20:34:54 +0100] "GET /08.html HTTP/1.1" 200 2005 "-" "Mozilla/5.0 (compatible; bingbot/2.0; +http://www.bing.com/bingbot.htm)"
157.55.32.61 - - [14/Dec/2012:20:35:07 +0100] "GET /08.swf HTTP/1.1" 200 20405 "-" "Mozilla/5.0 (compatible; bingbot/2.0; +http://www.bing.com/bingbot.htm)"
173.199.118.35 - - [14/Dec/2012:20:54:15 +0100] "GET /robots.txt HTTP/1.1" 404 1256 "-" "Mozilla/5.0 (compatible; AhrefsBot/4.0; +http://ahrefs.com/robot/)"
173.199.118.35 - - [14/Dec/2012:20:55:01 +0100] "GET /robots.txt HTTP/1.1" 404 1256 "-" "Mozilla/5.0 (compatible; AhrefsBot/4.0; +http://ahrefs.com/robot/)"
173.199.118.35 - - [14/Dec/2012:20:55:07 +0100] "GET /robots.txt HTTP/1.1" 404 1256 "-" "Mozilla/5.0 (compatible; AhrefsBot/4.0; +http://ahrefs.com/robot/)"
83.233.186.82 - - [14/Dec/2012:21:14:14 +0100] "GET / HTTP/1.1" 200 2366 "-" "Mozilla/4.0 (CMS Crawler: http://www.cmscrawler.com)"
157.55.33.40 - - [14/Dec/2012:21:29:38 +0100] "GET /robots.txt HTTP/1.1" 404 1256 "-" "Mozilla/5.0 (compatible; bingbot/2.0; +http://www.bing.com/bingbot.htm)"
157.56.93.204 - - [14/Dec/2012:21:30:03 +0100] "GET /robots.txt HTTP/1.1" 404 1256 "-" "Mozilla/5.0 (compatible; bingbot/2.0; +http://www.bing.com/bingbot.htm)"
157.55.33.40 - - [14/Dec/2012:21:30:59 +0100] "GET /leistungen.htm HTTP/1.1" 404 1256 "-" "Mozilla/5.0 (compatible; bingbot/2.0; +http://www.bing.com/bingbot.htm)"
95.110.200.103 - - [14/Dec/2012:21:31:13 +0100] "GET / HTTP/1.1" 200 2366 "-" "Mozilla/5.0 (Windows NT 6.1; rv:16.0) Gecko/20100101 Firefox/16.0"
157.56.93.204 - - [14/Dec/2012:21:32:01 +0100] "GET / HTTP/1.1" 304 - "-" "Mozilla/5.0 (compatible; bingbot/2.0; +http://www.bing.com/bingbot.htm)"
157.55.35.53 - - [14/Dec/2012:21:44:47 +0100] "GET /robots.txt HTTP/1.1" 404 1256 "-" "Mozilla/5.0 (compatible; bingbot/2.0; +http://www.bing.com/bingbot.htm)"
66.249.73.205 - - [14/Dec/2012:21:45:09 +0100] "GET /03b.html HTTP/1.1" 200 2014 "-" "Mozilla/5.0 (compatible; Googlebot/2.1; +http://www.google.com/bot.html)"
157.55.35.53 - - [14/Dec/2012:21:46:31 +0100] "GET /04.html HTTP/1.1" 200 2106 "-" "Mozilla/5.0 (compatible; bingbot/2.0; +http://www.bing.com/bingbot.htm)"
157.55.35.53 - - [14/Dec/2012:21:46:31 +0100] "GET /04.swf HTTP/1.1" 200 62769 "-" "Mozilla/5.0 (compatible; bingbot/2.0; +http://www.bing.com/bingbot.htm)"
65.55.208.7 - - [14/Dec/2012:21:46:33 +0100] "GET /04.swf HTTP/1.1" 200 62769 "http://www.dialyse-calw.de/04.swf" "Mozilla/5.0 (Windows NT 6.1; WOW64) AppleWebKit/534+ (KHTML, like Gecko) BingPreview/1.0b"
173.45.104.226 - - [14/Dec/2012:22:28:00 +0100] "GET / HTTP/1.1" 200 2366 "-" "Mozilla/5.0 (Windows NT 6.1; rv:16.0) Gecko/20100101 Firefox/16.0"
65.55.52.94 - - [14/Dec/2012:22:52:08 +0100] "GET /robots.txt HTTP/1.1" 404 1256 "-" "Mozilla/5.0 (compatible; bingbot/2.0; +http://www.bing.com/bingbot.htm)"
65.55.52.94 - - [14/Dec/2012:22:54:40 +0100] "GET /08.swf HTTP/1.1" 200 20405 "-" "Mozilla/5.0 (compatible; bingbot/2.0; +http://www.bing.com/bingbot.htm)"
65.55.52.94 - - [14/Dec/2012:23:04:59 +0100] "GET /08.html HTTP/1.1" 200 2005 "-" "Mozilla/5.0 (compatible; bingbot/2.0; +http://www.bing.com/bingbot.htm)"
92.249.127.111 - - [14/Dec/2012:23:12:19 +0100] "GET / HTTP/1.1" 200 2366 "http://paradise-island.ru/" "Mozilla/5.0 (compatible; news bot /2.1)"
92.249.127.111 - - [14/Dec/2012:23:12:20 +0100] "GET / HTTP/1.1" 200 2366 "http://paradise-island.ru/" "Mozilla/5.0 (compatible; news bot /2.1)"
199.217.119.217 - - [14/Dec/2012:23:15:30 +0100] "GET /robots.txt HTTP/1.0" 404 1256 "-" "Mozilla/5.0 (compatible; MJ12bot/v1.4.3; http://www.majestic12.co.uk/bot.php?+)"
199.217.119.217 - - [14/Dec/2012:23:15:40 +0100] "GET / HTTP/1.0" 200 2366 "-" "Mozilla/5.0 (compatible; MJ12bot/v1.4.3; http://www.majestic12.co.uk/bot.php?+)"
199.217.119.217 - - [14/Dec/2012:23:15:51 +0100] "GET /robots.txt HTTP/1.0" 404 1256 "-" "Mozilla/5.0 (compatible; MJ12bot/v1.4.3; http://www.majestic12.co.uk/bot.php?+)"
199.217.119.217 - - [14/Dec/2012:23:15:51 +0100] "GET /robots.txt HTTP/1.0" 404 1256 "-" "Mozilla/5.0 (compatible; MJ12bot/v1.4.3; http://www.majestic12.co.uk/bot.php?+)"
199.217.119.217 - - [14/Dec/2012:23:16:09 +0100] "GET / HTTP/1.0" 200 2366 "-" "Mozilla/5.0 (compatible; MJ12bot/v1.4.3; http://www.majestic12.co.uk/bot.php?+)"
199.217.119.217 - - [14/Dec/2012:23:16:09 +0100] "GET / HTTP/1.0" 200 2366 "-" "Mozilla/5.0 (compatible; MJ12bot/v1.4.3; http://www.majestic12.co.uk/bot.php?+)"
199.217.119.217 - - [14/Dec/2012:23:16:19 +0100] "GET /robots.txt HTTP/1.0" 404 1256 "-" "Mozilla/5.0 (compatible; MJ12bot/v1.4.3; http://www.majestic12.co.uk/bot.php?+)"
199.217.119.217 - - [14/Dec/2012:23:16:21 +0100] "GET / HTTP/1.0" 200 2366 "-" "Mozilla/5.0 (compatible; MJ12bot/v1.4.3; http://www.majestic12.co.uk/bot.php?+)"
157.56.93.192 - - [14/Dec/2012:23:28:13 +0100] "GET /08.html HTTP/1.1" 200 2005 "-" "Mozilla/5.0 (compatible; bingbot/2.0; +http://www.bing.com/bingbot.htm)"
173.199.120.147 - - [14/Dec/2012:23:28:35 +0100] "GET / HTTP/1.1" 200 2366 "-" "Mozilla/5.0 (compatible; AhrefsBot/4.0; +http://ahrefs.com/robot/)"
157.56.93.204 - - [15/Dec/2012:00:05:58 +0100] "GET / HTTP/1.1" 304 - "-" "Mozilla/5.0 (compatible; bingbot/2.0; +http://www.bing.com/bingbot.htm)"
157.55.35.53 - - [15/Dec/2012:00:08:11 +0100] "GET /robots.txt HTTP/1.1" 404 1256 "-" "Mozilla/5.0 (compatible; bingbot/2.0; +http://www.bing.com/bingbot.htm)"
66.249.73.205 - - [15/Dec/2012:00:09:27 +0100] "GET /03b.swf HTTP/1.1" 200 95838 "-" "Mozilla/5.0 (compatible; Googlebot/2.1; +http://www.google.com/bot.html)"
157.55.35.53 - - [15/Dec/2012:00:13:28 +0100] "GET /04.html HTTP/1.1" 200 2106 "-" "Mozilla/5.0 (compatible; bingbot/2.0; +http://www.bing.com/bingbot.htm)"
157.55.35.53 - - [15/Dec/2012:00:16:30 +0100] "GET /04.swf HTTP/1.1" 200 62769 "-" "Mozilla/5.0 (compatible; bingbot/2.0; +http://www.bing.com/bingbot.htm)"
178.137.129.27 - - [15/Dec/2012:00:30:07 +0100] "GET / HTTP/1.1" 200 2366 "http://hot-man63.ru/" "Mozilla/4.0 (compatible; MSIE 5.5; Windows NT 5.0)"
178.137.129.27 - - [15/Dec/2012:00:30:08 +0100] "GET / HTTP/1.1" 200 2366 "http://hot-man63.ru/" "Mozilla/4.0 (compatible; MSIE 5.5; Windows NT 5.0)"
157.55.32.162 - - [15/Dec/2012:02:23:10 +0100] "GET /robots.txt HTTP/1.1" 404 1256 "-" "Mozilla/5.0 (compatible; bingbot/2.0; +http://www.bing.com/bingbot.htm)"
157.55.32.162 - - [15/Dec/2012:02:24:36 +0100] "GET / HTTP/1.1" 200 2366 "-" "Mozilla/5.0 (compatible; bingbot/2.0; +http://www.bing.com/bingbot.htm)"
66.249.73.84 - - [15/Dec/2012:02:37:38 +0100] "GET /robots.txt HTTP/1.1" 404 1256 "-" "Mozilla/5.0 (compatible; Googlebot/2.1; +http://www.google.com/bot.html)"
66.249.73.84 - - [15/Dec/2012:02:37:38 +0100] "GET / HTTP/1.1" 200 2366 "-" "Mozilla/5.0 (iPhone; U; CPU iPhone OS 4_1 like Mac OS X; en-us) AppleWebKit/532.9 (KHTML, like Gecko) Version/4.0.5 Mobile/8B117 Safari/6531.22.7 (compatible; Googlebot-Mobile/2.1; +http://www.google.com/bot.html)"
157.55.32.141 - - [15/Dec/2012:02:48:05 +0100] "GET /00themen00.swf HTTP/1.1" 200 136579 "-" "Mozilla/5.0 (compatible; bingbot/2.0; +http://www.bing.com/bingbot.htm)"
157.55.35.40 - - [15/Dec/2012:02:48:21 +0100] "GET /00themen00.html HTTP/1.1" 200 2254 "-" "Mozilla/5.0 (compatible; bingbot/2.0; +http://www.bing.com/bingbot.htm)"
139.18.2.209 - - [15/Dec/2012:03:01:36 +0100] "GET /robots.txt HTTP/1.1" 404 1256 "-" "findlinks/2.6 (+http://wortschatz.uni-leipzig.de/findlinks/)"
157.55.32.86 - - [15/Dec/2012:03:01:38 +0100] "GET /robots.txt HTTP/1.1" 404 1256 "-" "Mozilla/5.0 (compatible; bingbot/2.0; +http://www.bing.com/bingbot.htm)"
157.55.32.86 - - [15/Dec/2012:03:06:11 +0100] "GET /03.html HTTP/1.1" 200 1982 "-" "Mozilla/5.0 (compatible; bingbot/2.0; +http://www.bing.com/bingbot.htm)"
65.55.208.144 - - [15/Dec/2012:03:06:18 +0100] "GET /03.swf HTTP/1.1" 200 74505 "http://www.dialyse-pforzheim.de/03.swf" "Mozilla/5.0 (Windows NT 6.1; WOW64) AppleWebKit/534+ (KHTML, like Gecko) BingPreview/1.0b"
180.76.5.137 - - [15/Dec/2012:03:07:12 +0100] "GET / HTTP/1.1" 200 2366 "-" "Mozilla/5.0 (compatible; Baiduspider/2.0; +http://www.baidu.com/search/spider.html)"
157.55.32.111 - - [15/Dec/2012:03:46:26 +0100] "GET /robots.txt HTTP/1.1" 404 1256 "-" "Mozilla/5.0 (compatible; bingbot/2.0; +http://www.bing.com/bingbot.htm)"
157.55.32.111 - - [15/Dec/2012:03:48:06 +0100] "GET /03.swf HTTP/1.1" 200 74505 "-" "Mozilla/5.0 (compatible; bingbot/2.0; +http://www.bing.com/bingbot.htm)"
66.249.73.106 - - [15/Dec/2012:03:50:10 +0100] "GET /robots.txt HTTP/1.1" 404 1256 "-" "Mozilla/5.0 (compatible; Googlebot/2.1; +http://www.google.com/bot.html)"
66.249.73.106 - - [15/Dec/2012:03:50:10 +0100] "GET / HTTP/1.1" 200 2366 "-" "Mozilla/5.0 (compatible; Googlebot/2.1; +http://www.google.com/bot.html)"
173.199.116.43 - - [15/Dec/2012:03:50:11 +0100] "GET / HTTP/1.1" 200 2366 "-" "Mozilla/5.0 (compatible; AhrefsBot/4.0; +http://ahrefs.com/robot/)"
66.249.73.106 - - [15/Dec/2012:04:04:50 +0100] "GET /00start.swf HTTP/1.1" 200 8575 "-" "Mozilla/5.0 (compatible; Googlebot/2.1; +http://www.google.com/bot.html)"
65.55.52.96 - - [15/Dec/2012:04:20:37 +0100] "GET /01.html HTTP/1.1" 200 1982 "-" "Mozilla/5.0 (compatible; bingbot/2.0; +http://www.bing.com/bingbot.htm)"
66.249.73.86 - - [15/Dec/2012:04:21:57 +0100] "GET /robots.txt HTTP/1.1" 404 1256 "-" "Mozilla/5.0 (compatible; Googlebot/2.1; +http://www.google.com/bot.html)"
66.249.73.86 - - [15/Dec/2012:04:21:57 +0100] "GET / HTTP/1.1" 200 2366 "-" "Mozilla/5.0 (compatible; Googlebot/2.1; +http://www.google.com/bot.html)"
176.123.0.57 - - [15/Dec/2012:04:26:28 +0100] "GET / HTTP/1.1" 200 2366 "http://www.artinet.ru/" "Mozilla/4.0 (compatible; MSIE 6.0; Windows NT 5.1)"
176.123.0.57 - - [15/Dec/2012:04:26:29 +0100] "GET / HTTP/1.1" 200 2366 "http://www.artinet.ru/" "Mozilla/4.0 (compatible; MSIE 6.0; Windows NT 5.1)"
65.55.217.56 - - [15/Dec/2012:04:56:54 +0100] "GET /AC_RunActiveContent.js HTTP/1.1" 200 8029 "http://www.dialyse-pforzheim.de/01.html" "Mozilla/5.0 (Windows NT 6.1; WOW64) AppleWebKit/534+ (KHTML, like Gecko) BingPreview/1.0b"
65.55.217.56 - - [15/Dec/2012:04:56:55 +0100] "GET /01.swf HTTP/1.1" 200 19349 "http://www.dialyse-pforzheim.de/01.swf" "Mozilla/5.0 (Windows NT 6.1; WOW64) AppleWebKit/534+ (KHTML, like Gecko) BingPreview/1.0b"
176.9.58.141 - - [15/Dec/2012:05:18:31 +0100] "GET /robots.txt HTTP/1.0" 404 1256 "-" "Mozilla/5.0 (compatible; SEOkicks-Robot +http://www.seokicks.de/robot.html)"
176.9.58.141 - - [15/Dec/2012:05:18:34 +0100] "GET / HTTP/1.0" 200 2366 "-" "Mozilla/5.0 (compatible; SEOkicks-Robot +http://www.seokicks.de/robot.html)"
157.55.35.32 - - [15/Dec/2012:06:25:41 +0100] "GET /robots.txt HTTP/1.1" 404 1256 "-" "Mozilla/5.0 (compatible; bingbot/2.0; +http://www.bing.com/bingbot.htm)"
157.55.35.32 - - [15/Dec/2012:06:28:02 +0100] "GET /01.swf HTTP/1.1" 200 19349 "-" "Mozilla/5.0 (compatible; bingbot/2.0; +http://www.bing.com/bingbot.htm)"
157.55.32.86 - - [15/Dec/2012:08:17:31 +0100] "GET /robots.txt HTTP/1.1" 404 1256 "-" "Mozilla/5.0 (compatible; bingbot/2.0; +http://www.bing.com/bingbot.htm)"
157.55.32.86 - - [15/Dec/2012:08:20:11 +0100] "GET /03a.html HTTP/1.1" 200 1991 "-" "Mozilla/5.0 (compatible; bingbot/2.0; +http://www.bing.com/bingbot.htm)"
