157.56.92.143 - - [24/Dec/2012:09:29:06 +0100] "GET /06.swf HTTP/1.1" 200 20731 "http://www.dialyse-pforzheim.de/06.swf" "Mozilla/5.0 (Windows NT 6.1; WOW64) AppleWebKit/534+ (KHTML, like Gecko) BingPreview/1.0b"
199.189.87.130 - - [24/Dec/2012:09:44:51 +0100] "GET / HTTP/1.1" 200 2366 "-" "Mozilla/4.0 (compatible; MSIE 6.0; Windows 98; Win 9x4.90)"
178.137.128.210 - - [24/Dec/2012:09:49:09 +0100] "GET / HTTP/1.1" 200 2366 "http://www.glorybet.ru/" "Mozilla/4.0 (compatible; MSIE 6.0; Windows NT 5.1) Opera 7.54 [en]"
178.137.128.210 - - [24/Dec/2012:09:49:09 +0100] "GET / HTTP/1.1" 200 2366 "http://www.glorybet.ru/" "Mozilla/4.0 (compatible; MSIE 6.0; Windows NT 5.1) Opera 7.54 [en]"
157.55.33.40 - - [24/Dec/2012:09:56:40 +0100] "GET /robots.txt HTTP/1.1" 404 1256 "-" "Mozilla/5.0 (compatible; bingbot/2.0; +http://www.bing.com/bingbot.htm)"
157.55.33.40 - - [24/Dec/2012:09:58:33 +0100] "GET / HTTP/1.1" 200 2366 "-" "Mozilla/5.0 (compatible; bingbot/2.0; +http://www.bing.com/bingbot.htm)"
173.199.114.131 - - [24/Dec/2012:10:11:47 +0100] "GET / HTTP/1.1" 200 2366 "-" "Mozilla/5.0 (compatible; AhrefsBot/4.0; +http://ahrefs.com/robot/)"
157.55.32.77 - - [24/Dec/2012:10:29:44 +0100] "GET /navi.htm HTTP/1.1" 404 1256 "-" "Mozilla/5.0 (compatible; bingbot/2.0; +http://www.bing.com/bingbot.htm)"
66.249.78.187 - - [24/Dec/2012:11:13:11 +0100] "GET /08.html HTTP/1.1" 304 - "-" "Mozilla/5.0 (compatible; Googlebot/2.1; +http://www.google.com/bot.html)"
141.8.147.1 - - [24/Dec/2012:11:21:32 +0100] "GET /04.html HTTP/1.1" 304 - "-" "Mozilla/5.0 (compatible; YandexBot/3.0; +http://yandex.com/bots)"
157.55.32.95 - - [24/Dec/2012:11:41:39 +0100] "GET /robots.txt HTTP/1.1" 404 1256 "-" "Mozilla/5.0 (compatible; bingbot/2.0; +http://www.bing.com/bingbot.htm)"
157.55.35.82 - - [24/Dec/2012:11:43:16 +0100] "GET /00themen00.html HTTP/1.1" 200 2254 "-" "Mozilla/5.0 (compatible; bingbot/2.0; +http://www.bing.com/bingbot.htm)"
157.55.32.95 - - [24/Dec/2012:11:43:15 +0100] "GET /00themen00.swf HTTP/1.1" 200 136579 "-" "Mozilla/5.0 (compatible; bingbot/2.0; +http://www.bing.com/bingbot.htm)"
66.249.76.187 - - [24/Dec/2012:11:51:15 +0100] "GET / HTTP/1.1" 200 2366 "-" "DoCoMo/2.0 N905i(c100;TB;W24H16) (compatible; Googlebot-Mobile/2.1; +http://www.google.com/bot.html)"
65.55.24.219 - - [24/Dec/2012:11:55:09 +0100] "GET /robots.txt HTTP/1.1" 404 1256 "-" "Mozilla/5.0 (compatible; bingbot/2.0; +http://www.bing.com/bingbot.htm)"
65.55.24.219 - - [24/Dec/2012:11:56:45 +0100] "GET /04Kartebbb.swf HTTP/1.1" 200 32635 "-" "Mozilla/5.0 (compatible; bingbot/2.0; +http://www.bing.com/bingbot.htm)"
157.56.93.193 - - [24/Dec/2012:11:57:21 +0100] "GET /04Kartebbb.html HTTP/1.1" 200 2077 "-" "Mozilla/5.0 (compatible; bingbot/2.0; +http://www.bing.com/bingbot.htm)"
65.55.208.73 - - [24/Dec/2012:11:57:23 +0100] "GET /AC_RunActiveContent.js HTTP/1.1" 200 8029 "http://www.dialyse-calw.de/04Kartebbb.html" "Mozilla/5.0 (Windows NT 6.1; WOW64) AppleWebKit/534+ (KHTML, like Gecko) BingPreview/1.0b"
65.55.208.73 - - [24/Dec/2012:11:57:23 +0100] "GET /04Kartebbb.swf HTTP/1.1" 200 32635 "http://www.dialyse-calw.de/04Kartebbb.swf" "Mozilla/5.0 (Windows NT 6.1; WOW64) AppleWebKit/534+ (KHTML, like Gecko) BingPreview/1.0b"
157.56.93.193 - - [24/Dec/2012:12:05:14 +0100] "GET /AC_RunActiveContent.js HTTP/1.1" 200 8029 "-" "Mozilla/5.0 (compatible; bingbot/2.0; +http://www.bing.com/bingbot.htm)"
123.125.71.111 - - [24/Dec/2012:12:21:24 +0100] "GET /robots.txt HTTP/1.1" 404 1256 "-" "Mozilla/5.0 (Windows NT 5.1; rv:6.0.2) Gecko/20100101 Firefox/6.0.2"
157.56.93.193 - - [24/Dec/2012:12:59:00 +0100] "GET /robots.txt HTTP/1.1" 404 1256 "-" "Mozilla/5.0 (compatible; bingbot/2.0; +http://www.bing.com/bingbot.htm)"
157.56.93.193 - - [24/Dec/2012:13:00:45 +0100] "GET /AC_RunActiveContent.js HTTP/1.1" 200 8029 "-" "Mozilla/5.0 (compatible; bingbot/2.0; +http://www.bing.com/bingbot.htm)"
141.8.147.1 - - [24/Dec/2012:13:20:17 +0100] "GET /06.swf HTTP/1.1" 304 - "-" "Mozilla/5.0 (compatible; YandexBot/3.0; +http://yandex.com/bots)"
80.136.225.149 - - [24/Dec/2012:13:36:47 +0100] "GET / HTTP/1.1" 200 2366 "http://siloah.de/cms/st_trudpert_91.html" "Mozilla/5.0 (Windows NT 5.1; rv:17.0) Gecko/20100101 Firefox/17.0"
80.136.225.149 - - [24/Dec/2012:13:36:47 +0100] "GET /00start.swf HTTP/1.1" 200 8575 "http://www.dialyse-calw.de/" "Mozilla/5.0 (Windows NT 5.1; rv:17.0) Gecko/20100101 Firefox/17.0"
80.136.225.149 - - [24/Dec/2012:13:36:49 +0100] "GET /favicon.ico HTTP/1.1" 404 1256 "-" "Mozilla/5.0 (Windows NT 5.1; rv:17.0) Gecko/20100101 Firefox/17.0"
141.8.147.1 - - [24/Dec/2012:13:45:20 +0100] "GET /robots.txt HTTP/1.1" 404 1256 "-" "Mozilla/5.0 (compatible; YandexBot/3.0; +http://yandex.com/bots)"
66.249.76.187 - - [24/Dec/2012:14:03:03 +0100] "GET / HTTP/1.1" 304 - "-" "Mozilla/5.0 (compatible; Googlebot/2.1; +http://www.google.com/bot.html)"
157.55.32.86 - - [24/Dec/2012:14:29:56 +0100] "GET /robots.txt HTTP/1.1" 404 1256 "-" "Mozilla/5.0 (compatible; bingbot/2.0; +http://www.bing.com/bingbot.htm)"
157.55.32.86 - - [24/Dec/2012:14:31:47 +0100] "GET / HTTP/1.1" 200 2366 "-" "Mozilla/5.0 (compatible; bingbot/2.0; +http://www.bing.com/bingbot.htm)"
89.238.83.198 - - [24/Dec/2012:14:46:07 +0100] "GET / HTTP/1.1" 200 2366 "-" "Mozilla/4.0 (compatible; MSIE 5.0; Windows XP)"
65.55.24.219 - - [24/Dec/2012:15:00:47 +0100] "GET /09a.html HTTP/1.1" 200 2059 "-" "Mozilla/5.0 (compatible; bingbot/2.0; +http://www.bing.com/bingbot.htm)"
157.56.92.165 - - [24/Dec/2012:15:00:49 +0100] "GET /AC_RunActiveContent.js HTTP/1.1" 200 8029 "http://www.dialyse-nagold.de/09a.html" "Mozilla/5.0 (Windows NT 6.1; WOW64) AppleWebKit/534+ (KHTML, like Gecko) BingPreview/1.0b"
157.56.92.165 - - [24/Dec/2012:15:00:50 +0100] "GET /09a.swf HTTP/1.1" 200 20604 "http://www.dialyse-nagold.de/09a.swf" "Mozilla/5.0 (Windows NT 6.1; WOW64) AppleWebKit/534+ (KHTML, like Gecko) BingPreview/1.0b"
157.56.93.202 - - [24/Dec/2012:15:01:17 +0100] "GET /09a.swf HTTP/1.1" 200 20604 "-" "Mozilla/5.0 (compatible; bingbot/2.0; +http://www.bing.com/bingbot.htm)"
66.249.78.235 - - [24/Dec/2012:15:13:47 +0100] "GET /robots.txt HTTP/1.1" 404 1256 "-" "Mozilla/5.0 (compatible; Googlebot/2.1; +http://www.google.com/bot.html)"
66.249.78.235 - - [24/Dec/2012:15:13:47 +0100] "GET / HTTP/1.1" 200 2366 "-" "Mozilla/5.0 (compatible; Googlebot/2.1; +http://www.google.com/bot.html)"
91.223.75.118 - - [24/Dec/2012:15:49:34 +0100] "GET / HTTP/1.1" 200 2366 "http://www.ps25.ru/" "Mozilla/4.0 (compatible; MSIE 6.0; Windows NT 5.2; Win64; AMD64)"
91.223.75.118 - - [24/Dec/2012:15:49:35 +0100] "GET / HTTP/1.1" 200 2366 "http://www.ps25.ru/" "Mozilla/4.0 (compatible; MSIE 6.0; Windows NT 5.2; Win64; AMD64)"
37.139.52.23 - - [24/Dec/2012:16:01:20 +0100] "GET / HTTP/1.1" 200 2366 "http://seocountry.net/news.php?readmore=18" "Mozilla/4.0 (compatible; Powermarks/3.5; Windows 95/98/2000/NT)"
37.139.52.23 - - [24/Dec/2012:16:01:20 +0100] "GET / HTTP/1.1" 200 2366 "http://seocountry.net/news.php?readmore=18" "Mozilla/4.0 (compatible; Powermarks/3.5; Windows 95/98/2000/NT)"
64.246.165.180 - - [24/Dec/2012:17:16:51 +0100] "GET /robots.txt HTTP/1.0" 404 1256 "-" "Mozilla/5.0 (Windows; U; Windows NT 5.1; en; rv:1.9.0.13) Gecko/2009073022 Firefox/3.5.2 (.NET CLR 3.5.30729) SurveyBot/2.3 (DomainTools)"
64.246.165.180 - - [24/Dec/2012:17:16:51 +0100] "GET / HTTP/1.1" 200 2366 "http://whois.domaintools.com/dialyse-nagold.de" "Mozilla/5.0 (Windows; U; Windows NT 5.1; en; rv:1.9.0.13) Gecko/2009073022 Firefox/3.5.2 (.NET CLR 3.5.30729) SurveyBot/2.3 (DomainTools)"
217.69.133.68 - - [24/Dec/2012:17:19:26 +0100] "GET /robots.txt HTTP/1.0" 404 1256 "-" "Mozilla/5.0 (compatible; Mail.RU_Bot/2.0; +http://go.mail.ru/help/robots)"
64.246.165.140 - - [24/Dec/2012:17:25:03 +0100] "GET /robots.txt HTTP/1.0" 404 1256 "-" "Mozilla/5.0 (Windows; U; Windows NT 5.1; en; rv:1.9.0.13) Gecko/2009073022 Firefox/3.5.2 (.NET CLR 3.5.30729) SurveyBot/2.3 (DomainTools)"
64.246.165.140 - - [24/Dec/2012:17:25:03 +0100] "GET / HTTP/1.1" 200 2366 "http://whois.domaintools.com/dialyse-pforzheim.de" "Mozilla/5.0 (Windows; U; Windows NT 5.1; en; rv:1.9.0.13) Gecko/2009073022 Firefox/3.5.2 (.NET CLR 3.5.30729) SurveyBot/2.3 (DomainTools)"
64.246.161.30 - - [24/Dec/2012:17:26:18 +0100] "GET /robots.txt HTTP/1.0" 404 1256 "-" "Mozilla/5.0 (Windows; U; Windows NT 5.1; en; rv:1.9.0.13) Gecko/2009073022 Firefox/3.5.2 (.NET CLR 3.5.30729) SurveyBot/2.3 (DomainTools)"
64.246.161.30 - - [24/Dec/2012:17:26:19 +0100] "GET / HTTP/1.1" 200 2366 "http://whois.domaintools.com/dialyse-pforzheim-klinikum.de" "Mozilla/5.0 (Windows; U; Windows NT 5.1; en; rv:1.9.0.13) Gecko/2009073022 Firefox/3.5.2 (.NET CLR 3.5.30729) SurveyBot/2.3 (DomainTools)"
66.249.78.187 - - [24/Dec/2012:17:31:19 +0100] "GET /robots.txt HTTP/1.1" 404 1256 "-" "Mozilla/5.0 (compatible; Googlebot/2.1; +http://www.google.com/bot.html)"
66.249.78.187 - - [24/Dec/2012:17:31:20 +0100] "GET /09a.swf HTTP/1.1" 200 20604 "-" "Mozilla/5.0 (compatible; Googlebot/2.1; +http://www.google.com/bot.html)"
216.145.5.42 - - [24/Dec/2012:18:01:44 +0100] "GET /robots.txt HTTP/1.0" 404 1256 "-" "Mozilla/5.0 (Windows; U; Windows NT 5.1; en; rv:1.9.0.13) Gecko/2009073022 Firefox/3.5.2 (.NET CLR 3.5.30729) SurveyBot/2.3 (DomainTools)"
216.145.5.42 - - [24/Dec/2012:18:01:44 +0100] "GET / HTTP/1.1" 200 2366 "http://whois.domaintools.com/dialyse-calw.de" "Mozilla/5.0 (Windows; U; Windows NT 5.1; en; rv:1.9.0.13) Gecko/2009073022 Firefox/3.5.2 (.NET CLR 3.5.30729) SurveyBot/2.3 (DomainTools)"
217.5.248.104 - - [24/Dec/2012:18:11:22 +0100] "GET / HTTP/1.0" 200 2366 "http://www.google.de/url?sa=t&rct=j&q=dialyse+Pforzheim&source=web&cd=1&ved=0CEQQFjAA&url=http%3A%2F%2Fwww.dialyse-calw.de%2F&ei=N4zYUOr-EofOtAafjYGgDg&usg=AFQjCNECMxQiO0NOt3ERqW1uzT1RIToCeg" "Mozilla/5.0 (compatible; MSIE 9.0; Windows NT 6.1; WOW64; Trident/5.0)"
217.5.248.104 - - [24/Dec/2012:18:11:22 +0100] "HEAD /00start.swf HTTP/1.0" 200 - "-" "contype"
217.5.248.104 - - [24/Dec/2012:18:11:22 +0100] "GET /00start.swf HTTP/1.0" 200 8575 "http://www.dialyse-calw.de/" "Mozilla/5.0 (compatible; MSIE 9.0; Windows NT 6.1; WOW64; Trident/5.0)"
217.5.248.104 - - [24/Dec/2012:18:11:23 +0100] "GET /favicon.ico HTTP/1.0" 404 1256 "-" "Mozilla/5.0 (compatible; MSIE 9.0; Windows NT 6.1; WOW64; Trident/5.0)"
217.5.248.104 - - [24/Dec/2012:18:11:24 +0100] "GET /00themen00.html HTTP/1.0" 200 2254 "http://www.dialyse-calw.de/00start.swf" "Mozilla/5.0 (compatible; MSIE 9.0; Windows NT 6.1; WOW64; Trident/5.0)"
217.5.248.104 - - [24/Dec/2012:18:11:24 +0100] "GET /AC_RunActiveContent.js HTTP/1.0" 200 8029 "http://www.dialyse-calw.de/00themen00.html" "Mozilla/5.0 (compatible; MSIE 9.0; Windows NT 6.1; WOW64; Trident/5.0)"
217.5.248.104 - - [24/Dec/2012:18:11:25 +0100] "GET /00themen00.swf HTTP/1.0" 200 136579 "http://www.dialyse-calw.de/00themen00.html" "Mozilla/5.0 (compatible; MSIE 9.0; Windows NT 6.1; WOW64; Trident/5.0)"
217.5.248.104 - - [24/Dec/2012:18:11:28 +0100] "GET /03.html HTTP/1.0" 200 1982 "http://www.dialyse-calw.de/00themen00.swf" "Mozilla/5.0 (compatible; MSIE 9.0; Windows NT 6.1; WOW64; Trident/5.0)"
217.5.248.104 - - [24/Dec/2012:18:11:28 +0100] "GET /03.swf HTTP/1.0" 200 74505 "http://www.dialyse-calw.de/03.html" "Mozilla/5.0 (compatible; MSIE 9.0; Windows NT 6.1; WOW64; Trident/5.0)"
217.5.248.104 - - [24/Dec/2012:18:11:59 +0100] "GET /02.html HTTP/1.0" 200 1982 "http://www.dialyse-calw.de/00themen00.swf" "Mozilla/5.0 (compatible; MSIE 9.0; Windows NT 6.1; WOW64; Trident/5.0)"
217.5.248.104 - - [24/Dec/2012:18:11:59 +0100] "GET /02.swf HTTP/1.0" 200 22781 "http://www.dialyse-calw.de/02.html" "Mozilla/5.0 (compatible; MSIE 9.0; Windows NT 6.1; WOW64; Trident/5.0)"
217.5.248.104 - - [24/Dec/2012:18:12:09 +0100] "HEAD /00start.swf HTTP/1.0" 200 - "-" "contype"
93.209.54.162 - - [24/Dec/2012:18:25:53 +0100] "GET / HTTP/1.1" 200 2366 "http://www.dialyse-waldbronn.de/07.html" "Mozilla/5.0 (Windows NT 6.1; WOW64; rv:17.0) Gecko/20100101 Firefox/17.0"
93.209.54.162 - - [24/Dec/2012:18:25:53 +0100] "GET /00start.swf HTTP/1.1" 200 8575 "http://www.dialyse-pforzheim.de/" "Mozilla/5.0 (Windows NT 6.1; WOW64; rv:17.0) Gecko/20100101 Firefox/17.0"
93.209.54.162 - - [24/Dec/2012:18:25:54 +0100] "GET /favicon.ico HTTP/1.1" 404 1256 "-" "Mozilla/5.0 (Windows NT 6.1; WOW64; rv:17.0) Gecko/20100101 Firefox/17.0"
93.209.54.162 - - [24/Dec/2012:18:25:55 +0100] "GET /favicon.ico HTTP/1.1" 404 1256 "-" "Mozilla/5.0 (Windows NT 6.1; WOW64; rv:17.0) Gecko/20100101 Firefox/17.0"
93.209.54.162 - - [24/Dec/2012:18:26:00 +0100] "GET /00themen00.html HTTP/1.1" 200 2254 "http://www.dialyse-pforzheim.de/" "Mozilla/5.0 (Windows NT 6.1; WOW64; rv:17.0) Gecko/20100101 Firefox/17.0"
93.209.54.162 - - [24/Dec/2012:18:26:00 +0100] "GET /AC_RunActiveContent.js HTTP/1.1" 200 8029 "http://www.dialyse-pforzheim.de/00themen00.html" "Mozilla/5.0 (Windows NT 6.1; WOW64; rv:17.0) Gecko/20100101 Firefox/17.0"
93.209.54.162 - - [24/Dec/2012:18:26:00 +0100] "GET /00themen00.swf HTTP/1.1" 200 136579 "http://www.dialyse-pforzheim.de/00themen00.html" "Mozilla/5.0 (Windows NT 6.1; WOW64; rv:17.0) Gecko/20100101 Firefox/17.0"
93.209.54.162 - - [24/Dec/2012:18:26:07 +0100] "GET /01.html HTTP/1.1" 200 1982 "http://www.dialyse-pforzheim.de/00themen00.html" "Mozilla/5.0 (Windows NT 6.1; WOW64; rv:17.0) Gecko/20100101 Firefox/17.0"
93.209.54.162 - - [24/Dec/2012:18:26:07 +0100] "GET /01.swf HTTP/1.1" 200 19349 "http://www.dialyse-pforzheim.de/01.html" "Mozilla/5.0 (Windows NT 6.1; WOW64; rv:17.0) Gecko/20100101 Firefox/17.0"
93.209.54.162 - - [24/Dec/2012:18:26:50 +0100] "GET /02.html HTTP/1.1" 200 1982 "http://www.dialyse-pforzheim.de/00themen00.html" "Mozilla/5.0 (Windows NT 6.1; WOW64; rv:17.0) Gecko/20100101 Firefox/17.0"
93.209.54.162 - - [24/Dec/2012:18:26:50 +0100] "GET /02.swf HTTP/1.1" 200 22781 "http://www.dialyse-pforzheim.de/02.html" "Mozilla/5.0 (Windows NT 6.1; WOW64; rv:17.0) Gecko/20100101 Firefox/17.0"
93.209.54.162 - - [24/Dec/2012:18:27:41 +0100] "GET /03.html HTTP/1.1" 200 1982 "http://www.dialyse-pforzheim.de/00themen00.html" "Mozilla/5.0 (Windows NT 6.1; WOW64; rv:17.0) Gecko/20100101 Firefox/17.0"
93.209.54.162 - - [24/Dec/2012:18:27:41 +0100] "GET /03.swf HTTP/1.1" 200 74505 "http://www.dialyse-pforzheim.de/03.html" "Mozilla/5.0 (Windows NT 6.1; WOW64; rv:17.0) Gecko/20100101 Firefox/17.0"
93.209.54.162 - - [24/Dec/2012:18:28:46 +0100] "GET /04.html HTTP/1.1" 200 2106 "http://www.dialyse-pforzheim.de/00themen00.html" "Mozilla/5.0 (Windows NT 6.1; WOW64; rv:17.0) Gecko/20100101 Firefox/17.0"
93.209.54.162 - - [24/Dec/2012:18:28:46 +0100] "GET /04.swf HTTP/1.1" 200 62769 "http://www.dialyse-pforzheim.de/04.html" "Mozilla/5.0 (Windows NT 6.1; WOW64; rv:17.0) Gecko/20100101 Firefox/17.0"
93.209.54.162 - - [24/Dec/2012:18:28:53 +0100] "GET /04Karteaaa.html HTTP/1.1" 200 2077 "http://www.dialyse-pforzheim.de/04.html" "Mozilla/5.0 (Windows NT 6.1; WOW64; rv:17.0) Gecko/20100101 Firefox/17.0"
93.209.54.162 - - [24/Dec/2012:18:28:54 +0100] "GET /04Karteaaa.swf HTTP/1.1" 200 18538 "http://www.dialyse-pforzheim.de/04Karteaaa.html" "Mozilla/5.0 (Windows NT 6.1; WOW64; rv:17.0) Gecko/20100101 Firefox/17.0"
93.209.54.162 - - [24/Dec/2012:18:29:45 +0100] "GET /06.html HTTP/1.1" 200 2278 "http://www.dialyse-pforzheim.de/00themen00.html" "Mozilla/5.0 (Windows NT 6.1; WOW64; rv:17.0) Gecko/20100101 Firefox/17.0"
93.209.54.162 - - [24/Dec/2012:18:29:45 +0100] "GET /06.swf HTTP/1.1" 200 20731 "http://www.dialyse-pforzheim.de/06.html" "Mozilla/5.0 (Windows NT 6.1; WOW64; rv:17.0) Gecko/20100101 Firefox/17.0"
93.209.54.162 - - [24/Dec/2012:18:30:09 +0100] "GET /07.html HTTP/1.1" 200 2319 "http://www.dialyse-pforzheim.de/00themen00.html" "Mozilla/5.0 (Windows NT 6.1; WOW64; rv:17.0) Gecko/20100101 Firefox/17.0"
93.209.54.162 - - [24/Dec/2012:18:30:09 +0100] "GET /07.swf HTTP/1.1" 200 20730 "http://www.dialyse-pforzheim.de/07.html" "Mozilla/5.0 (Windows NT 6.1; WOW64; rv:17.0) Gecko/20100101 Firefox/17.0"
93.209.54.162 - - [24/Dec/2012:18:30:21 +0100] "GET /04Kartebbb.html HTTP/1.1" 200 2077 "http://www.dialyse-pforzheim.de/04.html" "Mozilla/5.0 (Windows NT 6.1; WOW64; rv:17.0) Gecko/20100101 Firefox/17.0"
93.209.54.162 - - [24/Dec/2012:18:30:21 +0100] "GET /04Kartebbb.swf HTTP/1.1" 200 32635 "http://www.dialyse-pforzheim.de/04Kartebbb.html" "Mozilla/5.0 (Windows NT 6.1; WOW64; rv:17.0) Gecko/20100101 Firefox/17.0"
139.18.2.209 - - [24/Dec/2012:19:51:39 +0100] "GET / HTTP/1.1" 200 2366 "-" "findlinks/2.6 (+http://wortschatz.uni-leipzig.de/findlinks/)"
95.108.150.235 - - [24/Dec/2012:19:58:49 +0100] "GET /robots.txt HTTP/1.1" 404 1256 "-" "Mozilla/5.0 (compatible; YandexBot/3.0; +http://yandex.com/bots)"
95.108.150.235 - - [24/Dec/2012:19:58:49 +0100] "GET /robots.txt HTTP/1.1" 404 1256 "-" "Mozilla/5.0 (compatible; YandexBot/3.0; +http://yandex.com/bots)"
95.108.150.235 - - [24/Dec/2012:19:58:50 +0100] "GET / HTTP/1.1" 200 2366 "-" "Mozilla/5.0 (compatible; YandexBot/3.0; +http://yandex.com/bots)"
95.108.150.235 - - [24/Dec/2012:19:58:50 +0100] "GET / HTTP/1.1" 200 2366 "-" "Mozilla/5.0 (compatible; YandexBot/3.0; +http://yandex.com/bots)"
95.108.150.235 - - [24/Dec/2012:19:58:51 +0100] "GET / HTTP/1.1" 200 2366 "-" "Mozilla/5.0 (compatible; YandexBot/3.0; +http://yandex.com/bots)"
95.108.150.235 - - [24/Dec/2012:19:58:51 +0100] "GET / HTTP/1.1" 200 2366 "-" "Mozilla/5.0 (compatible; YandexBot/3.0; +http://yandex.com/bots)"
95.108.150.235 - - [24/Dec/2012:19:58:51 +0100] "GET /robots.txt HTTP/1.1" 404 1256 "-" "Mozilla/5.0 (compatible; YandexBot/3.0; +http://yandex.com/bots)"
95.108.150.235 - - [24/Dec/2012:19:58:52 +0100] "GET / HTTP/1.1" 200 2366 "-" "Mozilla/5.0 (compatible; YandexBot/3.0; +http://yandex.com/bots)"
95.108.150.235 - - [24/Dec/2012:19:58:53 +0100] "GET / HTTP/1.1" 200 2366 "-" "Mozilla/5.0 (compatible; YandexBot/3.0; +http://yandex.com/bots)"
141.8.147.1 - - [24/Dec/2012:20:16:37 +0100] "GET /robots.txt HTTP/1.1" 404 1256 "-" "Mozilla/5.0 (compatible; YandexBot/3.0; +http://yandex.com/bots)"
195.242.218.133 - - [24/Dec/2012:20:35:19 +0100] "GET / HTTP/1.1" 200 2366 "http://www.aviabilety.travel/" "Mozilla/4.0 (compatible; MSIE 6.0; Windows 98; Win 9x 4.90; Creative)"
195.242.218.133 - - [24/Dec/2012:20:35:21 +0100] "GET / HTTP/1.1" 200 2366 "http://www.aviabilety.travel/" "Mozilla/4.0 (compatible; MSIE 6.0; Windows 98; Win 9x 4.90; Creative)"
141.8.147.1 - - [24/Dec/2012:20:35:56 +0100] "GET /robots.txt HTTP/1.1" 404 1256 "-" "Mozilla/5.0 (compatible; YandexBot/3.0; +http://yandex.com/bots)"
66.249.78.36 - - [24/Dec/2012:20:50:37 +0100] "GET /robots.txt HTTP/1.1" 404 1256 "-" "Mozilla/5.0 (compatible; Googlebot/2.1; +http://www.google.com/bot.html)"
66.249.76.36 - - [24/Dec/2012:20:50:37 +0100] "GET /09a.swf HTTP/1.1" 200 20604 "-" "Mozilla/5.0 (compatible; Googlebot/2.1; +http://www.google.com/bot.html)"
66.249.78.187 - - [24/Dec/2012:20:55:19 +0100] "GET /index.html HTTP/1.1" 304 - "-" "Mozilla/5.0 (compatible; Googlebot/2.1; +http://www.google.com/bot.html)"
180.76.5.154 - - [24/Dec/2012:21:08:01 +0100] "GET /robots.txt HTTP/1.1" 404 1256 "-" "Mozilla/5.0 (Windows NT 5.1; rv:6.0.2) Gecko/20100101 Firefox/6.0.2"
119.63.196.31 - - [24/Dec/2012:21:38:58 +0100] "GET / HTTP/1.1" 200 2366 "-" "Mozilla/5.0 (compatible; Baiduspider/2.0; +http://www.baidu.com/search/spider.html)"
66.249.78.187 - - [24/Dec/2012:22:20:45 +0100] "GET /05.html HTTP/1.1" 304 - "-" "Mozilla/5.0 (compatible; Googlebot/2.1; +http://www.google.com/bot.html)"
66.249.78.187 - - [24/Dec/2012:22:39:40 +0100] "GET /04.html HTTP/1.1" 304 - "-" "Mozilla/5.0 (compatible; Googlebot/2.1; +http://www.google.com/bot.html)"
157.55.32.154 - - [24/Dec/2012:22:53:19 +0100] "GET /robots.txt HTTP/1.1" 404 1256 "-" "Mozilla/5.0 (compatible; bingbot/2.0; +http://www.bing.com/bingbot.htm)"
157.55.32.154 - - [24/Dec/2012:22:58:57 +0100] "GET / HTTP/1.1" 200 2366 "-" "Mozilla/5.0 (compatible; bingbot/2.0; +http://www.bing.com/bingbot.htm)"
141.8.147.1 - - [24/Dec/2012:23:05:07 +0100] "GET /04Kartebbb.swf HTTP/1.1" 200 32635 "-" "Mozilla/5.0 (compatible; YandexBot/3.0; +http://yandex.com/bots)"
89.108.102.171 - - [24/Dec/2012:23:13:34 +0100] "GET / HTTP/1.1" 200 2366 "http://garnitura.mobi/" "Mozilla/4.0 (compatible; MSIE 7.0b; Windows NT 6.0)"
89.108.102.171 - - [24/Dec/2012:23:13:34 +0100] "GET / HTTP/1.1" 200 2366 "http://garnitura.mobi/" "Mozilla/4.0 (compatible; MSIE 7.0b; Windows NT 6.0)"
66.249.76.187 - - [24/Dec/2012:23:17:42 +0100] "GET /09.html HTTP/1.1" 304 - "-" "Mozilla/5.0 (compatible; Googlebot/2.1; +http://www.google.com/bot.html)"
173.199.118.35 - - [24/Dec/2012:23:54:37 +0100] "GET / HTTP/1.1" 200 2366 "-" "Mozilla/5.0 (compatible; AhrefsBot/4.0; +http://ahrefs.com/robot/)"
157.55.32.154 - - [24/Dec/2012:23:56:02 +0100] "GET /robots.txt HTTP/1.1" 404 1256 "-" "Mozilla/5.0 (compatible; bingbot/2.0; +http://www.bing.com/bingbot.htm)"
157.55.32.154 - - [24/Dec/2012:23:57:22 +0100] "GET / HTTP/1.1" 200 2366 "-" "Mozilla/5.0 (compatible; bingbot/2.0; +http://www.bing.com/bingbot.htm)"
157.55.32.154 - - [24/Dec/2012:23:57:22 +0100] "GET / HTTP/1.1" 200 2366 "-" "Mozilla/5.0 (compatible; bingbot/2.0; +http://www.bing.com/bingbot.htm)"
157.55.32.154 - - [24/Dec/2012:23:57:25 +0100] "GET /06.html HTTP/1.1" 200 2278 "-" "Mozilla/5.0 (compatible; bingbot/2.0; +http://www.bing.com/bingbot.htm)"
157.55.35.53 - - [24/Dec/2012:23:57:51 +0100] "GET /04.html HTTP/1.1" 200 2106 "-" "Mozilla/5.0 (compatible; bingbot/2.0; +http://www.bing.com/bingbot.htm)"
157.56.93.193 - - [24/Dec/2012:23:57:51 +0100] "GET /04Karteccc.html HTTP/1.1" 200 2077 "-" "Mozilla/5.0 (compatible; bingbot/2.0; +http://www.bing.com/bingbot.htm)"
157.55.34.171 - - [24/Dec/2012:23:57:52 +0100] "GET /08.html HTTP/1.1" 200 2005 "-" "Mozilla/5.0 (compatible; bingbot/2.0; +http://www.bing.com/bingbot.htm)"
65.55.24.219 - - [24/Dec/2012:23:57:51 +0100] "GET /03.swf HTTP/1.1" 200 74505 "-" "Mozilla/5.0 (compatible; bingbot/2.0; +http://www.bing.com/bingbot.htm)"
157.55.35.40 - - [24/Dec/2012:23:57:53 +0100] "GET /00themen00.html HTTP/1.1" 200 2254 "-" "Mozilla/5.0 (compatible; bingbot/2.0; +http://www.bing.com/bingbot.htm)"
157.55.35.40 - - [24/Dec/2012:23:57:53 +0100] "GET /03.html HTTP/1.1" 200 1982 "-" "Mozilla/5.0 (compatible; bingbot/2.0; +http://www.bing.com/bingbot.htm)"
157.55.35.40 - - [24/Dec/2012:23:57:56 +0100] "GET /07.html HTTP/1.1" 200 2319 "-" "Mozilla/5.0 (compatible; bingbot/2.0; +http://www.bing.com/bingbot.htm)"
141.8.147.1 - - [25/Dec/2012:00:03:04 +0100] "GET / HTTP/1.1" 200 2366 "-" "Mozilla/5.0 (compatible; YandexBot/3.0; +http://yandex.com/bots)"
141.8.147.1 - - [25/Dec/2012:00:03:26 +0100] "GET /00start.swf HTTP/1.1" 200 8575 "-" "Mozilla/5.0 (compatible; YandexBot/3.0; +http://yandex.com/bots)"
173.199.120.43 - - [25/Dec/2012:00:05:05 +0100] "GET / HTTP/1.1" 200 2366 "-" "Mozilla/5.0 (compatible; AhrefsBot/4.0; +http://ahrefs.com/robot/)"
123.125.71.40 - - [25/Dec/2012:00:11:15 +0100] "GET / HTTP/1.1" 200 2366 "-" "Mozilla/5.0 (compatible; Baiduspider/2.0; +http://www.baidu.com/search/spider.html)"
66.249.78.36 - - [25/Dec/2012:00:14:40 +0100] "GET /robots.txt HTTP/1.1" 404 1256 "-" "Mozilla/5.0 (compatible; Googlebot/2.1; +http://www.google.com/bot.html)"
66.249.78.36 - - [25/Dec/2012:00:14:40 +0100] "GET /03b.swf HTTP/1.1" 200 95838 "-" "Mozilla/5.0 (compatible; Googlebot/2.1; +http://www.google.com/bot.html)"
66.249.78.235 - - [25/Dec/2012:00:46:39 +0100] "GET /robots.txt HTTP/1.1" 404 1256 "-" "Mozilla/5.0 (compatible; Googlebot/2.1; +http://www.google.com/bot.html)"
66.249.76.235 - - [25/Dec/2012:00:46:39 +0100] "GET /pxzniilmyobkn.html HTTP/1.1" 404 1256 "-" "Mozilla/5.0 (compatible; Googlebot/2.1; +http://www.google.com/bot.html)"
193.106.136.54 - - [25/Dec/2012:00:51:09 +0100] "GET / HTTP/1.1" 200 2366 "http://bannersbox.ru/" "Mozilla/4.0 (compatible; MSIE 6.0; Windows NT 5.2; SV1; .NET CLR 1.1.4322; .NET CLR 2.0.50727)"
193.106.136.54 - - [25/Dec/2012:00:51:10 +0100] "GET / HTTP/1.1" 200 2366 "http://bannersbox.ru/" "Mozilla/4.0 (compatible; MSIE 6.0; Windows NT 5.2; SV1; .NET CLR 1.1.4322; .NET CLR 2.0.50727)"
173.199.115.83 - - [25/Dec/2012:01:58:39 +0100] "GET / HTTP/1.1" 200 2366 "-" "Mozilla/5.0 (compatible; AhrefsBot/4.0; +http://ahrefs.com/robot/)"
141.8.147.1 - - [25/Dec/2012:02:00:01 +0100] "GET /04Karteddd.swf HTTP/1.1" 304 - "-" "Mozilla/5.0 (compatible; YandexBot/3.0; +http://yandex.com/bots)"
180.76.5.171 - - [25/Dec/2012:02:02:42 +0100] "GET / HTTP/1.1" 200 2366 "-" "Mozilla/5.0 (compatible; Baiduspider/2.0; +http://www.baidu.com/search/spider.html)"
178.137.128.210 - - [25/Dec/2012:02:14:08 +0100] "GET / HTTP/1.1" 200 2366 "http://mos-holidays.ru/" "Mozilla/4.0 (compatible; MSIE 6.0; Windows NT 5.1; SV1; .NET CLR 1.1.4322) NS8/0.9.6"
178.137.128.210 - - [25/Dec/2012:02:14:09 +0100] "GET / HTTP/1.1" 200 2366 "http://mos-holidays.ru/" "Mozilla/4.0 (compatible; MSIE 6.0; Windows NT 5.1; SV1; .NET CLR 1.1.4322) NS8/0.9.6"
141.8.147.1 - - [25/Dec/2012:02:17:06 +0100] "GET /robots.txt HTTP/1.1" 404 1256 "-" "Mozilla/5.0 (compatible; YandexBot/3.0; +http://yandex.com/bots)"
66.249.76.235 - - [25/Dec/2012:02:27:11 +0100] "GET / HTTP/1.1" 200 2366 "-" "Mozilla/5.0 (iPhone; U; CPU iPhone OS 4_1 like Mac OS X; en-us) AppleWebKit/532.9 (KHTML, like Gecko) Version/4.0.5 Mobile/8B117 Safari/6531.22.7 (compatible; Googlebot-Mobile/2.1; +http://www.google.com/bot.html)"
141.8.147.1 - - [25/Dec/2012:03:17:17 +0100] "GET /04Karteaaa.swf HTTP/1.1" 200 18538 "-" "Mozilla/5.0 (compatible; YandexBot/3.0; +http://yandex.com/bots)"
79.197.239.102 - - [25/Dec/2012:03:18:19 +0100] "GET / HTTP/1.1" 200 2366 "http://siloah.de/cms/weitere-einrichtungen/pflegeschulen_13.html" "Mozilla/5.0 (Windows NT 6.1; WOW64) AppleWebKit/537.11 (KHTML, like Gecko) Chrome/23.0.1271.97 Safari/537.11"
79.197.239.102 - - [25/Dec/2012:03:18:20 +0100] "GET /00start.swf HTTP/1.1" 200 8575 "http://www.dialyse-calw.de/" "Mozilla/5.0 (Windows NT 6.1; WOW64) AppleWebKit/537.11 (KHTML, like Gecko) Chrome/23.0.1271.97 Safari/537.11"
79.197.239.102 - - [25/Dec/2012:03:18:21 +0100] "GET /favicon.ico HTTP/1.1" 404 1256 "-" "Mozilla/5.0 (Windows NT 6.1; WOW64) AppleWebKit/537.11 (KHTML, like Gecko) Chrome/23.0.1271.97 Safari/537.11"
79.197.239.102 - - [25/Dec/2012:03:18:25 +0100] "GET /00themen00.html HTTP/1.1" 200 2254 "http://www.dialyse-calw.de/" "Mozilla/5.0 (Windows NT 6.1; WOW64) AppleWebKit/537.11 (KHTML, like Gecko) Chrome/23.0.1271.97 Safari/537.11"
79.197.239.102 - - [25/Dec/2012:03:18:25 +0100] "GET /AC_RunActiveContent.js HTTP/1.1" 200 8029 "http://www.dialyse-calw.de/00themen00.html" "Mozilla/5.0 (Windows NT 6.1; WOW64) AppleWebKit/537.11 (KHTML, like Gecko) Chrome/23.0.1271.97 Safari/537.11"
79.197.239.102 - - [25/Dec/2012:03:18:25 +0100] "GET /favicon.ico HTTP/1.1" 404 1256 "-" "Mozilla/5.0 (Windows NT 6.1; WOW64) AppleWebKit/537.11 (KHTML, like Gecko) Chrome/23.0.1271.97 Safari/537.11"
79.197.239.102 - - [25/Dec/2012:03:18:25 +0100] "GET /00themen00.swf HTTP/1.1" 200 136579 "http://www.dialyse-calw.de/00themen00.html" "Mozilla/5.0 (Windows NT 6.1; WOW64) AppleWebKit/537.11 (KHTML, like Gecko) Chrome/23.0.1271.97 Safari/537.11"
79.197.239.102 - - [25/Dec/2012:03:18:28 +0100] "GET /03.html HTTP/1.1" 200 1982 "http://www.dialyse-calw.de/00themen00.html" "Mozilla/5.0 (Windows NT 6.1; WOW64) AppleWebKit/537.11 (KHTML, like Gecko) Chrome/23.0.1271.97 Safari/537.11"
79.197.239.102 - - [25/Dec/2012:03:18:28 +0100] "GET /03.swf HTTP/1.1" 200 74505 "http://www.dialyse-calw.de/03.html" "Mozilla/5.0 (Windows NT 6.1; WOW64) AppleWebKit/537.11 (KHTML, like Gecko) Chrome/23.0.1271.97 Safari/537.11"
79.197.239.102 - - [25/Dec/2012:03:18:28 +0100] "GET /favicon.ico HTTP/1.1" 404 1256 "-" "Mozilla/5.0 (Windows NT 6.1; WOW64) AppleWebKit/537.11 (KHTML, like Gecko) Chrome/23.0.1271.97 Safari/537.11"
79.197.239.102 - - [25/Dec/2012:03:18:43 +0100] "GET /favicon.ico HTTP/1.1" 404 1256 "-" "Mozilla/5.0 (Windows NT 6.1; WOW64) AppleWebKit/537.11 (KHTML, like Gecko) Chrome/23.0.1271.97 Safari/537.11"
79.197.239.102 - - [25/Dec/2012:03:18:47 +0100] "GET /favicon.ico HTTP/1.1" 404 1256 "-" "Mozilla/5.0 (Windows NT 6.1; WOW64) AppleWebKit/537.11 (KHTML, like Gecko) Chrome/23.0.1271.97 Safari/537.11"
79.197.239.102 - - [25/Dec/2012:03:18:48 +0100] "GET /favicon.ico HTTP/1.1" 404 1256 "-" "Mozilla/5.0 (Windows NT 6.1; WOW64) AppleWebKit/537.11 (KHTML, like Gecko) Chrome/23.0.1271.97 Safari/537.11"
79.197.239.102 - - [25/Dec/2012:03:18:49 +0100] "GET /favicon.ico HTTP/1.1" 404 1256 "-" "Mozilla/5.0 (Windows NT 6.1; WOW64) AppleWebKit/537.11 (KHTML, like Gecko) Chrome/23.0.1271.97 Safari/537.11"
141.8.147.1 - - [25/Dec/2012:03:39:20 +0100] "GET /05.html HTTP/1.1" 304 - "-" "Mozilla/5.0 (compatible; YandexBot/3.0; +http://yandex.com/bots)"
141.8.147.1 - - [25/Dec/2012:04:59:00 +0100] "GET /09a.html HTTP/1.1" 304 - "-" "Mozilla/5.0 (compatible; YandexBot/3.0; +http://yandex.com/bots)"
141.8.147.1 - - [25/Dec/2012:05:15:27 +0100] "GET /02.html HTTP/1.1" 304 - "-" "Mozilla/5.0 (compatible; YandexBot/3.0; +http://yandex.com/bots)"
66.249.78.36 - - [25/Dec/2012:06:00:40 +0100] "GET /03b.swf HTTP/1.1" 200 95838 "-" "Mozilla/5.0 (compatible; Googlebot/2.1; +http://www.google.com/bot.html)"
141.8.147.1 - - [25/Dec/2012:06:18:09 +0100] "GET /03a.html HTTP/1.1" 304 - "-" "Mozilla/5.0 (compatible; YandexBot/3.0; +http://yandex.com/bots)"
141.8.147.1 - - [25/Dec/2012:07:14:05 +0100] "GET /robots.txt HTTP/1.1" 404 1256 "-" "Mozilla/5.0 (compatible; YandexBot/3.0; +http://yandex.com/bots)"
89.238.83.198 - - [25/Dec/2012:07:14:20 +0100] "GET / HTTP/1.1" 200 2366 "-" "Mozilla/4.0 (compatible; MSIE 5.0; Windows XP)"
178.255.215.69 - - [25/Dec/2012:07:26:57 +0100] "GET /robots.txt HTTP/1.1" 404 1256 "-" "Mozilla/5.0 (compatible; Exabot/3.0; +http://www.exabot.com/go/robot)"
178.255.215.69 - - [25/Dec/2012:07:26:58 +0100] "GET / HTTP/1.1" 304 - "-" "Mozilla/5.0 (compatible; Exabot/3.0; +http://www.exabot.com/go/robot)"
141.8.147.1 - - [25/Dec/2012:07:35:58 +0100] "GET /08.html HTTP/1.1" 304 - "-" "Mozilla/5.0 (compatible; YandexBot/3.0; +http://yandex.com/bots)"
141.8.147.1 - - [25/Dec/2012:09:05:17 +0100] "GET /05.html HTTP/1.1" 304 - "-" "Mozilla/5.0 (compatible; YandexBot/3.0; +http://yandex.com/bots)"
157.55.32.154 - - [25/Dec/2012:09:06:10 +0100] "GET /robots.txt HTTP/1.1" 404 1256 "-" "Mozilla/5.0 (compatible; bingbot/2.0; +http://www.bing.com/bingbot.htm)"
91.223.75.117 - - [25/Dec/2012:09:06:24 +0100] "GET / HTTP/1.1" 200 2366 "http://www.prostitutki-krasnodar.ru/" "Mozilla/4.76 [en] (Windows NT 5.0; U)"
91.223.75.117 - - [25/Dec/2012:09:06:25 +0100] "GET / HTTP/1.1" 200 2366 "http://www.prostitutki-krasnodar.ru/" "Mozilla/4.76 [en] (Windows NT 5.0; U)"
157.55.32.154 - - [25/Dec/2012:09:07:57 +0100] "GET / HTTP/1.1" 200 2366 "-" "Mozilla/5.0 (compatible; bingbot/2.0; +http://www.bing.com/bingbot.htm)"
141.8.147.1 - - [25/Dec/2012:09:17:42 +0100] "GET /02.html HTTP/1.1" 304 - "-" "Mozilla/5.0 (compatible; YandexBot/3.0; +http://yandex.com/bots)"
141.8.147.1 - - [25/Dec/2012:10:28:15 +0100] "GET /robots.txt HTTP/1.1" 404 1256 "-" "Mozilla/5.0 (compatible; YandexBot/3.0; +http://yandex.com/bots)"
141.8.147.1 - - [25/Dec/2012:10:37:52 +0100] "GET /05.swf HTTP/1.1" 304 - "-" "Mozilla/5.0 (compatible; YandexBot/3.0; +http://yandex.com/bots)"
141.8.147.1 - - [25/Dec/2012:10:40:45 +0100] "GET /03a.swf HTTP/1.1" 304 - "-" "Mozilla/5.0 (compatible; YandexBot/3.0; +http://yandex.com/bots)"
91.223.75.117 - - [25/Dec/2012:10:46:47 +0100] "GET / HTTP/1.1" 200 2366 "http://hostingvibor.tibidohs.ru/" "Mozilla/4.0 (compatible; MSIE 6.0; Windows NT 5.1; SV1; InfoPath.1"
91.223.75.117 - - [25/Dec/2012:10:46:48 +0100] "GET / HTTP/1.1" 200 2366 "http://hostingvibor.tibidohs.ru/" "Mozilla/4.0 (compatible; MSIE 6.0; Windows NT 5.1; SV1; InfoPath.1"
91.22.254.158 - - [25/Dec/2012:10:56:51 +0100] "GET / HTTP/1.1" 200 2366 "http://www.siloah.de/cms/st.-trudpert/allgemeines/cafeteria-/-kiosk_132.html" "Mozilla/5.0 (compatible; MSIE 9.0; Windows NT 6.1; WOW64; Trident/5.0)"
91.22.254.158 - - [25/Dec/2012:10:56:51 +0100] "HEAD /00start.swf HTTP/1.1" 200 - "-" "contype"
91.22.254.158 - - [25/Dec/2012:10:56:51 +0100] "GET /00start.swf HTTP/1.1" 200 8575 "http://www.dialyse-calw.de/" "Mozilla/5.0 (compatible; MSIE 9.0; Windows NT 6.1; WOW64; Trident/5.0)"
91.22.254.158 - - [25/Dec/2012:10:56:56 +0100] "GET /00themen00.html HTTP/1.1" 200 2254 "http://www.dialyse-calw.de/00start.swf" "Mozilla/5.0 (compatible; MSIE 9.0; Windows NT 6.1; WOW64; Trident/5.0)"
91.22.254.158 - - [25/Dec/2012:10:56:56 +0100] "GET /AC_RunActiveContent.js HTTP/1.1" 200 8029 "http://www.dialyse-calw.de/00themen00.html" "Mozilla/5.0 (compatible; MSIE 9.0; Windows NT 6.1; WOW64; Trident/5.0)"
91.22.254.158 - - [25/Dec/2012:10:56:56 +0100] "GET /00themen00.swf HTTP/1.1" 200 136579 "http://www.dialyse-calw.de/00themen00.html" "Mozilla/5.0 (compatible; MSIE 9.0; Windows NT 6.1; WOW64; Trident/5.0)"
91.22.254.158 - - [25/Dec/2012:10:56:57 +0100] "GET /favicon.ico HTTP/1.1" 404 1256 "-" "Mozilla/5.0 (compatible; MSIE 9.0; Windows NT 6.1; WOW64; Trident/5.0)"
91.22.254.158 - - [25/Dec/2012:10:57:01 +0100] "GET /03a.html HTTP/1.1" 200 1991 "http://www.dialyse-calw.de/00themen00.swf" "Mozilla/5.0 (compatible; MSIE 9.0; Windows NT 6.1; WOW64; Trident/5.0)"
91.22.254.158 - - [25/Dec/2012:10:57:01 +0100] "GET /03a.swf HTTP/1.1" 200 94997 "http://www.dialyse-calw.de/03a.html" "Mozilla/5.0 (compatible; MSIE 9.0; Windows NT 6.1; WOW64; Trident/5.0)"
91.22.254.158 - - [25/Dec/2012:10:57:02 +0100] "GET /favicon.ico HTTP/1.1" 404 1256 "-" "Mozilla/5.0 (compatible; MSIE 9.0; Windows NT 6.1; WOW64; Trident/5.0)"
91.22.254.158 - - [25/Dec/2012:10:57:25 +0100] "GET /03.html HTTP/1.1" 200 1982 "http://www.dialyse-calw.de/00themen00.swf" "Mozilla/5.0 (compatible; MSIE 9.0; Windows NT 6.1; WOW64; Trident/5.0)"
91.22.254.158 - - [25/Dec/2012:10:57:25 +0100] "GET /03.swf HTTP/1.1" 200 74505 "http://www.dialyse-calw.de/03.html" "Mozilla/5.0 (compatible; MSIE 9.0; Windows NT 6.1; WOW64; Trident/5.0)"
91.22.254.158 - - [25/Dec/2012:10:58:01 +0100] "GET /01.html HTTP/1.1" 200 1982 "http://www.dialyse-calw.de/00themen00.swf" "Mozilla/5.0 (compatible; MSIE 9.0; Windows NT 6.1; WOW64; Trident/5.0)"
91.22.254.158 - - [25/Dec/2012:10:58:02 +0100] "GET /01.swf HTTP/1.1" 200 19349 "http://www.dialyse-calw.de/01.html" "Mozilla/5.0 (compatible; MSIE 9.0; Windows NT 6.1; WOW64; Trident/5.0)"
91.22.254.158 - - [25/Dec/2012:10:58:11 +0100] "HEAD /00start.swf HTTP/1.1" 200 - "-" "contype"
141.8.147.1 - - [25/Dec/2012:11:44:18 +0100] "GET /03.html HTTP/1.1" 304 - "-" "Mozilla/5.0 (compatible; YandexBot/3.0; +http://yandex.com/bots)"
141.8.147.1 - - [25/Dec/2012:11:48:58 +0100] "GET /07.swf HTTP/1.1" 304 - "-" "Mozilla/5.0 (compatible; YandexBot/3.0; +http://yandex.com/bots)"
157.55.33.40 - - [25/Dec/2012:12:48:24 +0100] "GET /robots.txt HTTP/1.1" 404 1256 "-" "Mozilla/5.0 (compatible; bingbot/2.0; +http://www.bing.com/bingbot.htm)"
157.55.33.40 - - [25/Dec/2012:12:50:03 +0100] "GET /05.swf HTTP/1.1" 200 58083 "-" "Mozilla/5.0 (compatible; bingbot/2.0; +http://www.bing.com/bingbot.htm)"
65.55.24.219 - - [25/Dec/2012:12:51:05 +0100] "GET /05.html HTTP/1.1" 200 1982 "-" "Mozilla/5.0 (compatible; bingbot/2.0; +http://www.bing.com/bingbot.htm)"
157.56.92.141 - - [25/Dec/2012:12:51:06 +0100] "GET /AC_RunActiveContent.js HTTP/1.1" 200 8029 "http://www.dialyse-calw.de/05.html" "Mozilla/5.0 (Windows NT 6.1; WOW64) AppleWebKit/534+ (KHTML, like Gecko) BingPreview/1.0b"
157.56.92.141 - - [25/Dec/2012:12:51:07 +0100] "GET /05.swf HTTP/1.1" 200 58083 "http://www.dialyse-calw.de/05.swf" "Mozilla/5.0 (Windows NT 6.1; WOW64) AppleWebKit/534+ (KHTML, like Gecko) BingPreview/1.0b"
157.56.93.193 - - [25/Dec/2012:12:52:56 +0100] "GET /AC_RunActiveContent.js HTTP/1.1" 200 8029 "-" "Mozilla/5.0 (compatible; bingbot/2.0; +http://www.bing.com/bingbot.htm)"
141.8.147.1 - - [25/Dec/2012:13:06:04 +0100] "GET /09.swf HTTP/1.1" 304 - "-" "Mozilla/5.0 (compatible; YandexBot/3.0; +http://yandex.com/bots)"
123.125.71.56 - - [25/Dec/2012:13:16:59 +0100] "GET /robots.txt HTTP/1.1" 404 1256 "-" "Mozilla/5.0 (Windows NT 5.1; rv:6.0.2) Gecko/20100101 Firefox/6.0.2"
80.187.110.86 - - [25/Dec/2012:13:24:24 +0100] "GET /03.html HTTP/1.1" 304 - "-" "Mozilla/5.0 (Linux; U; Android 4.1.1; de-de; GT-I9300 Build/JRO03C) AppleWebKit/534.30 (KHTML, like Gecko) Version/4.0 Mobile Safari/534.30"
80.187.110.86 - - [25/Dec/2012:13:24:25 +0100] "GET /favicon.ico HTTP/1.1" 404 1256 "http://www.dialyse-pforzheim.de/03.html" "Mozilla/5.0 (Linux; U; Android 4.1.1; de-de; GT-I9300 Build/JRO03C) AppleWebKit/534.30 (KHTML, like Gecko) Version/4.0 Mobile Safari/534.30"
80.187.110.86 - - [25/Dec/2012:13:24:25 +0100] "GET /03.swf HTTP/1.1" 304 - "http://www.dialyse-pforzheim.de/03.html" "Mozilla/5.0 (Linux; U; Android 4.1.1; de-de; GT-I9300 Build/JRO03C) AppleWebKit/534.30 (KHTML, like Gecko) Version/4.0 Mobile Safari/534.30"
157.56.93.193 - - [25/Dec/2012:13:52:47 +0100] "GET /robots.txt HTTP/1.1" 404 1256 "-" "Mozilla/5.0 (compatible; bingbot/2.0; +http://www.bing.com/bingbot.htm)"
157.56.93.193 - - [25/Dec/2012:13:54:26 +0100] "GET /AC_RunActiveContent.js HTTP/1.1" 200 8029 "-" "Mozilla/5.0 (compatible; bingbot/2.0; +http://www.bing.com/bingbot.htm)"
141.8.147.1 - - [25/Dec/2012:13:57:49 +0100] "GET /09a.swf HTTP/1.1" 304 - "-" "Mozilla/5.0 (compatible; YandexBot/3.0; +http://yandex.com/bots)"
123.125.71.33 - - [25/Dec/2012:14:08:10 +0100] "GET / HTTP/1.1" 200 2366 "-" "Mozilla/5.0 (compatible; Baiduspider/2.0; +http://www.baidu.com/search/spider.html)"
91.223.75.118 - - [25/Dec/2012:14:18:41 +0100] "GET / HTTP/1.1" 200 2366 "http://yshio.ru/" "Mozilla/4.0 (compatible; MSIE 6.0; Windows NT 5.1; SV1; .NET CLR 1.1.4322)"
91.223.75.118 - - [25/Dec/2012:14:18:41 +0100] "GET / HTTP/1.1" 200 2366 "http://yshio.ru/" "Mozilla/4.0 (compatible; MSIE 6.0; Windows NT 5.1; SV1; .NET CLR 1.1.4322)"
141.8.147.1 - - [25/Dec/2012:14:48:59 +0100] "GET /robots.txt HTTP/1.1" 404 1256 "-" "Mozilla/5.0 (compatible; YandexBot/3.0; +http://yandex.com/bots)"
141.8.147.1 - - [25/Dec/2012:15:13:11 +0100] "GET / HTTP/1.1" 200 2366 "-" "Mozilla/5.0 (compatible; YandexBot/3.0; +http://yandex.com/bots)"
141.8.147.1 - - [25/Dec/2012:15:13:30 +0100] "GET /00start.swf HTTP/1.1" 200 8575 "-" "Mozilla/5.0 (compatible; YandexBot/3.0; +http://yandex.com/bots)"
157.55.34.32 - - [25/Dec/2012:15:34:56 +0100] "GET /robots.txt HTTP/1.1" 404 1256 "-" "Mozilla/5.0 (compatible; bingbot/2.0; +http://www.bing.com/bingbot.htm)"
157.55.34.32 - - [25/Dec/2012:15:36:31 +0100] "GET /04.html HTTP/1.1" 200 2106 "-" "Mozilla/5.0 (compatible; bingbot/2.0; +http://www.bing.com/bingbot.htm)"
157.55.34.32 - - [25/Dec/2012:15:36:31 +0100] "GET /04.swf HTTP/1.1" 200 62769 "-" "Mozilla/5.0 (compatible; bingbot/2.0; +http://www.bing.com/bingbot.htm)"
65.55.210.156 - - [25/Dec/2012:15:36:34 +0100] "GET /AC_RunActiveContent.js HTTP/1.1" 200 8029 "http://www.dialyse-nagold.de/04.html" "Mozilla/5.0 (Windows NT 6.1; WOW64) AppleWebKit/534+ (KHTML, like Gecko) BingPreview/1.0b"
65.55.210.156 - - [25/Dec/2012:15:36:35 +0100] "GET /04.swf HTTP/1.1" 200 62769 "http://www.dialyse-nagold.de/04.swf" "Mozilla/5.0 (Windows NT 6.1; WOW64) AppleWebKit/534+ (KHTML, like Gecko) BingPreview/1.0b"
157.55.33.123 - - [25/Dec/2012:15:54:28 +0100] "GET /AC_RunActiveContent.js HTTP/1.1" 200 8029 "-" "Mozilla/5.0 (compatible; bingbot/2.0; +http://www.bing.com/bingbot.htm)"
141.8.147.1 - - [25/Dec/2012:16:01:03 +0100] "GET /04Kartebbb.html HTTP/1.1" 304 - "-" "Mozilla/5.0 (compatible; YandexBot/3.0; +http://yandex.com/bots)"
141.8.147.1 - - [25/Dec/2012:16:10:41 +0100] "GET / HTTP/1.1" 200 2366 "-" "Mozilla/5.0 (compatible; YandexBot/3.0; +http://yandex.com/bots)"
141.8.147.1 - - [25/Dec/2012:16:11:56 +0100] "GET /04Karteccc.html HTTP/1.1" 304 - "-" "Mozilla/5.0 (compatible; YandexBot/3.0; +http://yandex.com/bots)"
141.8.147.1 - - [25/Dec/2012:16:11:58 +0100] "GET /00start.swf HTTP/1.1" 200 8575 "-" "Mozilla/5.0 (compatible; YandexBot/3.0; +http://yandex.com/bots)"
93.219.140.56 - - [25/Dec/2012:16:24:49 +0100] "GET / HTTP/1.1" 200 2366 "-" "Mozilla/5.0 (Windows; U; Windows NT 6.0; de; rv:1.9.2.3) Gecko/20100401 Firefox/3.6.3 ( .NET CLR 3.5.30729)"
141.8.147.1 - - [25/Dec/2012:16:46:06 +0100] "GET /03a.html HTTP/1.1" 304 - "-" "Mozilla/5.0 (compatible; YandexBot/3.0; +http://yandex.com/bots)"
157.55.33.20 - - [25/Dec/2012:16:46:40 +0100] "GET /robots.txt HTTP/1.1" 404 1256 "-" "Mozilla/5.0 (compatible; bingbot/2.0; +http://www.bing.com/bingbot.htm)"
157.55.33.20 - - [25/Dec/2012:16:48:32 +0100] "GET /03.html HTTP/1.1" 200 1982 "-" "Mozilla/5.0 (compatible; bingbot/2.0; +http://www.bing.com/bingbot.htm)"
157.55.32.188 - - [25/Dec/2012:16:49:39 +0100] "GET /02.html HTTP/1.1" 200 1982 "-" "Mozilla/5.0 (compatible; bingbot/2.0; +http://www.bing.com/bingbot.htm)"
141.8.147.1 - - [25/Dec/2012:17:11:28 +0100] "GET /04Karteccc.html HTTP/1.1" 304 - "-" "Mozilla/5.0 (compatible; YandexBot/3.0; +http://yandex.com/bots)"
157.55.32.86 - - [25/Dec/2012:17:41:55 +0100] "GET /robots.txt HTTP/1.1" 404 1256 "-" "Mozilla/5.0 (compatible; bingbot/2.0; +http://www.bing.com/bingbot.htm)"
157.55.32.86 - - [25/Dec/2012:17:43:31 +0100] "GET / HTTP/1.1" 200 2366 "-" "Mozilla/5.0 (compatible; bingbot/2.0; +http://www.bing.com/bingbot.htm)"
119.63.196.94 - - [25/Dec/2012:17:51:00 +0100] "GET / HTTP/1.1" 200 2366 "-" "Mozilla/5.0 (compatible; Baiduspider/2.0; +http://www.baidu.com/search/spider.html)"
141.8.147.1 - - [25/Dec/2012:18:28:36 +0100] "GET /09.html HTTP/1.1" 304 - "-" "Mozilla/5.0 (compatible; YandexBot/3.0; +http://yandex.com/bots)"
141.8.147.1 - - [25/Dec/2012:19:06:58 +0100] "GET /04Karteddd.html HTTP/1.1" 304 - "-" "Mozilla/5.0 (compatible; YandexBot/3.0; +http://yandex.com/bots)"
178.32.77.82 - - [25/Dec/2012:19:08:17 +0100] "HEAD / HTTP/1.0" 200 - "-" "Mozilla/5.0 (compatible; 4SeoHuntBot; +http://4seohunt.com/bot.html)"
178.32.77.82 - - [25/Dec/2012:19:08:17 +0100] "GET / HTTP/1.0" 200 2366 "-" "Mozilla/5.0 (compatible; 4SeoHuntBot; +http://4seohunt.com/bot.html)"
141.8.147.1 - - [25/Dec/2012:19:09:45 +0100] "GET /04Karteddd.html HTTP/1.1" 304 - "-" "Mozilla/5.0 (compatible; YandexBot/3.0; +http://yandex.com/bots)"
188.98.68.166 - - [25/Dec/2012:19:16:56 +0100] "GET / HTTP/1.1" 200 2366 "http://www.google.de/url?sa=t&rct=j&q=dialyse%20pforzheim&source=web&cd=1&ved=0CDYQFjAA&url=http%3A%2F%2Fwww.dialyse-calw.de%2F&ei=iu3ZUIvEDM7Ksgaz94HoAw&usg=AFQjCNECMxQiO0NOt3ERqW1uzT1RIToCeg&bvm=bv.1355534169,d.Yms" "Mozilla/5.0 (Macintosh; Intel Mac OS X 10_7_5) AppleWebKit/536.26.14 (KHTML, like Gecko) Version/6.0.1 Safari/536.26.14"
188.98.68.166 - - [25/Dec/2012:19:16:57 +0100] "GET /00start.swf HTTP/1.1" 200 8575 "http://www.dialyse-calw.de/" "Mozilla/5.0 (Macintosh; Intel Mac OS X 10_7_5) AppleWebKit/536.26.14 (KHTML, like Gecko) Version/6.0.1 Safari/536.26.14"
188.98.68.166 - - [25/Dec/2012:19:16:58 +0100] "GET /favicon.ico HTTP/1.1" 404 1256 "http://www.dialyse-calw.de/" "Mozilla/5.0 (Macintosh; Intel Mac OS X 10_7_5) AppleWebKit/536.26.14 (KHTML, like Gecko) Version/6.0.1 Safari/536.26.14"
188.98.68.166 - - [25/Dec/2012:19:17:00 +0100] "GET /00themen00.html HTTP/1.1" 200 2254 "http://www.dialyse-calw.de/" "Mozilla/5.0 (Macintosh; Intel Mac OS X 10_7_5) AppleWebKit/536.26.14 (KHTML, like Gecko) Version/6.0.1 Safari/536.26.14"
188.98.68.166 - - [25/Dec/2012:19:17:00 +0100] "GET /AC_RunActiveContent.js HTTP/1.1" 200 8029 "http://www.dialyse-calw.de/00themen00.html" "Mozilla/5.0 (Macintosh; Intel Mac OS X 10_7_5) AppleWebKit/536.26.14 (KHTML, like Gecko) Version/6.0.1 Safari/536.26.14"
188.98.68.166 - - [25/Dec/2012:19:17:01 +0100] "GET /00themen00.swf HTTP/1.1" 200 136579 "http://www.dialyse-calw.de/00themen00.html" "Mozilla/5.0 (Macintosh; Intel Mac OS X 10_7_5) AppleWebKit/536.26.14 (KHTML, like Gecko) Version/6.0.1 Safari/536.26.14"
188.98.68.166 - - [25/Dec/2012:19:17:03 +0100] "GET /03.html HTTP/1.1" 200 1982 "http://www.dialyse-calw.de/00themen00.html" "Mozilla/5.0 (Macintosh; Intel Mac OS X 10_7_5) AppleWebKit/536.26.14 (KHTML, like Gecko) Version/6.0.1 Safari/536.26.14"
188.98.68.166 - - [25/Dec/2012:19:17:03 +0100] "GET /03.swf HTTP/1.1" 200 74505 "http://www.dialyse-calw.de/03.html" "Mozilla/5.0 (Macintosh; Intel Mac OS X 10_7_5) AppleWebKit/536.26.14 (KHTML, like Gecko) Version/6.0.1 Safari/536.26.14"
188.98.68.166 - - [25/Dec/2012:19:17:41 +0100] "GET /02.html HTTP/1.1" 200 1982 "http://www.dialyse-calw.de/00themen00.html" "Mozilla/5.0 (Macintosh; Intel Mac OS X 10_7_5) AppleWebKit/536.26.14 (KHTML, like Gecko) Version/6.0.1 Safari/536.26.14"
188.98.68.166 - - [25/Dec/2012:19:17:41 +0100] "GET /02.swf HTTP/1.1" 200 22781 "http://www.dialyse-calw.de/02.html" "Mozilla/5.0 (Macintosh; Intel Mac OS X 10_7_5) AppleWebKit/536.26.14 (KHTML, like Gecko) Version/6.0.1 Safari/536.26.14"
188.98.68.166 - - [25/Dec/2012:19:17:59 +0100] "GET /index.html HTTP/1.1" 200 2366 "http://www.dialyse-calw.de/02.html" "Mozilla/5.0 (Macintosh; Intel Mac OS X 10_7_5) AppleWebKit/536.26.14 (KHTML, like Gecko) Version/6.0.1 Safari/536.26.14"
188.98.68.166 - - [25/Dec/2012:19:18:06 +0100] "GET /01.html HTTP/1.1" 200 1982 "http://www.dialyse-calw.de/00themen00.html" "Mozilla/5.0 (Macintosh; Intel Mac OS X 10_7_5) AppleWebKit/536.26.14 (KHTML, like Gecko) Version/6.0.1 Safari/536.26.14"
188.98.68.166 - - [25/Dec/2012:19:18:06 +0100] "GET /01.swf HTTP/1.1" 200 19349 "http://www.dialyse-calw.de/01.html" "Mozilla/5.0 (Macintosh; Intel Mac OS X 10_7_5) AppleWebKit/536.26.14 (KHTML, like Gecko) Version/6.0.1 Safari/536.26.14"
188.98.68.166 - - [25/Dec/2012:19:18:16 +0100] "GET /04.html HTTP/1.1" 200 2106 "http://www.dialyse-calw.de/00themen00.html" "Mozilla/5.0 (Macintosh; Intel Mac OS X 10_7_5) AppleWebKit/536.26.14 (KHTML, like Gecko) Version/6.0.1 Safari/536.26.14"
188.98.68.166 - - [25/Dec/2012:19:18:16 +0100] "GET /04.swf HTTP/1.1" 200 62769 "http://www.dialyse-calw.de/04.html" "Mozilla/5.0 (Macintosh; Intel Mac OS X 10_7_5) AppleWebKit/536.26.14 (KHTML, like Gecko) Version/6.0.1 Safari/536.26.14"
157.56.93.153 - - [25/Dec/2012:19:28:14 +0100] "GET /robots.txt HTTP/1.1" 404 1256 "-" "Mozilla/5.0 (compatible; bingbot/2.0; +http://www.bing.com/bingbot.htm)"
157.56.93.153 - - [25/Dec/2012:19:30:01 +0100] "GET /03.html HTTP/1.1" 200 1982 "-" "Mozilla/5.0 (compatible; bingbot/2.0; +http://www.bing.com/bingbot.htm)"
157.56.93.153 - - [25/Dec/2012:19:30:01 +0100] "GET /00themen00.html HTTP/1.1" 200 2254 "-" "Mozilla/5.0 (compatible; bingbot/2.0; +http://www.bing.com/bingbot.htm)"
157.55.32.111 - - [25/Dec/2012:19:30:02 +0100] "GET /04.html HTTP/1.1" 200 2106 "-" "Mozilla/5.0 (compatible; bingbot/2.0; +http://www.bing.com/bingbot.htm)"
157.56.93.153 - - [25/Dec/2012:19:30:03 +0100] "GET /03a.html HTTP/1.1" 200 1991 "-" "Mozilla/5.0 (compatible; bingbot/2.0; +http://www.bing.com/bingbot.htm)"
157.55.33.111 - - [25/Dec/2012:19:31:07 +0100] "GET / HTTP/1.1" 200 2366 "-" "Mozilla/5.0 (compatible; bingbot/2.0; +http://www.bing.com/bingbot.htm)"
157.55.33.111 - - [25/Dec/2012:19:31:07 +0100] "GET / HTTP/1.1" 200 2366 "-" "Mozilla/5.0 (compatible; bingbot/2.0; +http://www.bing.com/bingbot.htm)"
94.216.236.26 - - [25/Dec/2012:19:32:26 +0100] "GET / HTTP/1.1" 200 2366 "http://siloah.de/cms/diakonissenverein_4.html" "Mozilla/5.0 (Linux; U; Android 4.0.4; de-de; MOT-XT910 Build/6.7.2-180_SPU-19-TA-11.2) AppleWebKit/534.30 (KHTML, like Gecko) Version/4.0 Mobile Safari/534.30"
94.216.236.26 - - [25/Dec/2012:19:33:26 +0100] "GET /favicon.ico HTTP/1.1" 404 1256 "http://www.dialyse-calw.de/" "Mozilla/5.0 (Linux; U; Android 4.0.4; de-de; MOT-XT910 Build/6.7.2-180_SPU-19-TA-11.2) AppleWebKit/534.30 (KHTML, like Gecko) Version/4.0 Mobile Safari/534.30"
94.216.236.26 - - [25/Dec/2012:19:33:31 +0100] "GET / HTTP/1.1" 200 2366 "http://www.dialyse-calw.de/" "Mozilla/5.0 (Linux; U; Android 4.0.4; de-de; MOT-XT910 Build/6.7.2-180_SPU-19-TA-11.2) AppleWebKit/534.30 (KHTML, like Gecko) Version/4.0 Mobile Safari/534.30"
94.216.236.26 - - [25/Dec/2012:19:33:32 +0100] "GET /favicon.ico HTTP/1.1" 404 1256 "http://www.dialyse-pforzheim.de/" "Mozilla/5.0 (Linux; U; Android 4.0.4; de-de; MOT-XT910 Build/6.7.2-180_SPU-19-TA-11.2) AppleWebKit/534.30 (KHTML, like Gecko) Version/4.0 Mobile Safari/534.30"
66.249.75.36 - - [25/Dec/2012:19:34:05 +0100] "GET /robots.txt HTTP/1.1" 404 1256 "-" "Mozilla/5.0 (compatible; Googlebot/2.1; +http://www.google.com/bot.html)"
66.249.78.36 - - [25/Dec/2012:19:34:05 +0100] "GET /08.html HTTP/1.1" 304 - "-" "Mozilla/5.0 (compatible; Googlebot/2.1; +http://www.google.com/bot.html)"
94.216.236.26 - - [25/Dec/2012:19:34:11 +0100] "GET /favicon.ico HTTP/1.1" 404 1256 "http://www.dialyse-pforzheim.de/" "Mozilla/5.0 (Linux; U; Android 4.0.4; de-de; MOT-XT910 Build/6.7.2-180_SPU-19-TA-11.2) AppleWebKit/534.30 (KHTML, like Gecko) Version/4.0 Mobile Safari/534.30"
157.55.32.111 - - [25/Dec/2012:19:35:29 +0100] "GET /04.html HTTP/1.1" 200 2106 "-" "Mozilla/5.0 (compatible; bingbot/2.0; +http://www.bing.com/bingbot.htm)"
157.56.93.153 - - [25/Dec/2012:19:36:03 +0100] "GET /03.html HTTP/1.1" 200 1982 "-" "Mozilla/5.0 (compatible; bingbot/2.0; +http://www.bing.com/bingbot.htm)"
157.56.93.153 - - [25/Dec/2012:19:36:03 +0100] "GET /00themen00.html HTTP/1.1" 200 2254 "-" "Mozilla/5.0 (compatible; bingbot/2.0; +http://www.bing.com/bingbot.htm)"
157.56.93.153 - - [25/Dec/2012:19:36:09 +0100] "GET /03a.html HTTP/1.1" 200 1991 "-" "Mozilla/5.0 (compatible; bingbot/2.0; +http://www.bing.com/bingbot.htm)"
157.55.33.111 - - [25/Dec/2012:19:37:03 +0100] "GET / HTTP/1.1" 200 2366 "-" "Mozilla/5.0 (compatible; bingbot/2.0; +http://www.bing.com/bingbot.htm)"
157.55.33.111 - - [25/Dec/2012:19:37:03 +0100] "GET / HTTP/1.1" 200 2366 "-" "Mozilla/5.0 (compatible; bingbot/2.0; +http://www.bing.com/bingbot.htm)"
