79.220.249.92 - - [22/Dec/2012:16:13:16 +0100] "GET / HTTP/1.1" 200 2366 "http://www.dialyse-waldbronn.de/07.html" "Mozilla/5.0 (Windows NT 6.1; WOW64; rv:17.0) Gecko/20100101 Firefox/17.0"
79.220.249.92 - - [22/Dec/2012:16:13:17 +0100] "GET /00start.swf HTTP/1.1" 200 8575 "http://www.dialyse-pforzheim.de/" "Mozilla/5.0 (Windows NT 6.1; WOW64; rv:17.0) Gecko/20100101 Firefox/17.0"
79.220.249.92 - - [22/Dec/2012:16:13:19 +0100] "GET /favicon.ico HTTP/1.1" 404 1256 "-" "Mozilla/5.0 (Windows NT 6.1; WOW64; rv:17.0) Gecko/20100101 Firefox/17.0"
79.220.249.92 - - [22/Dec/2012:16:13:19 +0100] "GET /00themen00.html HTTP/1.1" 200 2254 "http://www.dialyse-pforzheim.de/" "Mozilla/5.0 (Windows NT 6.1; WOW64; rv:17.0) Gecko/20100101 Firefox/17.0"
79.220.249.92 - - [22/Dec/2012:16:13:19 +0100] "GET /AC_RunActiveContent.js HTTP/1.1" 200 8029 "http://www.dialyse-pforzheim.de/00themen00.html" "Mozilla/5.0 (Windows NT 6.1; WOW64; rv:17.0) Gecko/20100101 Firefox/17.0"
79.220.249.92 - - [22/Dec/2012:16:13:19 +0100] "GET /00themen00.swf HTTP/1.1" 200 136579 "http://www.dialyse-pforzheim.de/00themen00.html" "Mozilla/5.0 (Windows NT 6.1; WOW64; rv:17.0) Gecko/20100101 Firefox/17.0"
79.220.249.92 - - [22/Dec/2012:16:13:23 +0100] "GET /03.html HTTP/1.1" 200 1982 "http://www.dialyse-pforzheim.de/00themen00.html" "Mozilla/5.0 (Windows NT 6.1; WOW64; rv:17.0) Gecko/20100101 Firefox/17.0"
79.220.249.92 - - [22/Dec/2012:16:13:23 +0100] "GET /03.swf HTTP/1.1" 200 74505 "http://www.dialyse-pforzheim.de/03.html" "Mozilla/5.0 (Windows NT 6.1; WOW64; rv:17.0) Gecko/20100101 Firefox/17.0"
79.220.249.92 - - [22/Dec/2012:16:13:47 +0100] "GET /04.html HTTP/1.1" 200 2106 "http://www.dialyse-pforzheim.de/00themen00.html" "Mozilla/5.0 (Windows NT 6.1; WOW64; rv:17.0) Gecko/20100101 Firefox/17.0"
79.220.249.92 - - [22/Dec/2012:16:13:47 +0100] "GET /04.swf HTTP/1.1" 200 62769 "http://www.dialyse-pforzheim.de/04.html" "Mozilla/5.0 (Windows NT 6.1; WOW64; rv:17.0) Gecko/20100101 Firefox/17.0"
79.220.249.92 - - [22/Dec/2012:16:13:51 +0100] "GET /04Karteddd.html HTTP/1.1" 200 2077 "http://www.dialyse-pforzheim.de/04.html" "Mozilla/5.0 (Windows NT 6.1; WOW64; rv:17.0) Gecko/20100101 Firefox/17.0"
79.220.249.92 - - [22/Dec/2012:16:13:51 +0100] "GET /04Karteddd.swf HTTP/1.1" 200 33790 "http://www.dialyse-pforzheim.de/04Karteddd.html" "Mozilla/5.0 (Windows NT 6.1; WOW64; rv:17.0) Gecko/20100101 Firefox/17.0"
79.220.249.92 - - [22/Dec/2012:16:14:03 +0100] "GET /07.html HTTP/1.1" 200 2319 "http://www.dialyse-pforzheim.de/00themen00.html" "Mozilla/5.0 (Windows NT 6.1; WOW64; rv:17.0) Gecko/20100101 Firefox/17.0"
79.220.249.92 - - [22/Dec/2012:16:14:03 +0100] "GET /07.swf HTTP/1.1" 200 20730 "http://www.dialyse-pforzheim.de/07.html" "Mozilla/5.0 (Windows NT 6.1; WOW64; rv:17.0) Gecko/20100101 Firefox/17.0"
79.220.249.92 - - [22/Dec/2012:16:14:09 +0100] "GET /08.html HTTP/1.1" 200 2005 "http://www.dialyse-pforzheim.de/00themen00.html" "Mozilla/5.0 (Windows NT 6.1; WOW64; rv:17.0) Gecko/20100101 Firefox/17.0"
79.220.249.92 - - [22/Dec/2012:16:14:10 +0100] "GET /08.swf HTTP/1.1" 200 20405 "http://www.dialyse-pforzheim.de/08.html" "Mozilla/5.0 (Windows NT 6.1; WOW64; rv:17.0) Gecko/20100101 Firefox/17.0"
79.220.249.92 - - [22/Dec/2012:16:14:31 +0100] "GET /06.html HTTP/1.1" 200 2278 "http://www.dialyse-pforzheim.de/00themen00.html" "Mozilla/5.0 (Windows NT 6.1; WOW64; rv:17.0) Gecko/20100101 Firefox/17.0"
79.220.249.92 - - [22/Dec/2012:16:14:32 +0100] "GET /06.swf HTTP/1.1" 200 20731 "http://www.dialyse-pforzheim.de/06.html" "Mozilla/5.0 (Windows NT 6.1; WOW64; rv:17.0) Gecko/20100101 Firefox/17.0"
79.220.249.92 - - [22/Dec/2012:16:14:50 +0100] "GET /03a.html HTTP/1.1" 200 1991 "http://www.dialyse-pforzheim.de/00themen00.html" "Mozilla/5.0 (Windows NT 6.1; WOW64; rv:17.0) Gecko/20100101 Firefox/17.0"
79.220.249.92 - - [22/Dec/2012:16:14:50 +0100] "GET /03a.swf HTTP/1.1" 200 94997 "http://www.dialyse-pforzheim.de/03a.html" "Mozilla/5.0 (Windows NT 6.1; WOW64; rv:17.0) Gecko/20100101 Firefox/17.0"
79.220.249.92 - - [22/Dec/2012:16:15:05 +0100] "GET /02.html HTTP/1.1" 200 1982 "http://www.dialyse-pforzheim.de/00themen00.html" "Mozilla/5.0 (Windows NT 6.1; WOW64; rv:17.0) Gecko/20100101 Firefox/17.0"
79.220.249.92 - - [22/Dec/2012:16:15:05 +0100] "GET /02.swf HTTP/1.1" 200 22781 "http://www.dialyse-pforzheim.de/02.html" "Mozilla/5.0 (Windows NT 6.1; WOW64; rv:17.0) Gecko/20100101 Firefox/17.0"
157.55.35.53 - - [22/Dec/2012:16:16:24 +0100] "GET /robots.txt HTTP/1.1" 404 1256 "-" "Mozilla/5.0 (compatible; bingbot/2.0; +http://www.bing.com/bingbot.htm)"
141.8.147.1 - - [22/Dec/2012:16:48:30 +0100] "GET /00themen00.html HTTP/1.1" 304 - "-" "Mozilla/5.0 (compatible; YandexBot/3.0; +http://yandex.com/bots)"
178.137.128.210 - - [22/Dec/2012:17:02:18 +0100] "GET / HTTP/1.1" 200 2366 "http://mazablog.ru/" "Mozilla/4.0 (compatible; MSIE 6.0; Windows NT 5.1; SV1; .NET CLR 1.1.4322) NS8/0.9.6"
178.137.128.210 - - [22/Dec/2012:17:02:19 +0100] "GET / HTTP/1.1" 200 2366 "http://mazablog.ru/" "Mozilla/4.0 (compatible; MSIE 6.0; Windows NT 5.1; SV1; .NET CLR 1.1.4322) NS8/0.9.6"
141.8.147.1 - - [22/Dec/2012:17:33:42 +0100] "GET /02.swf HTTP/1.1" 304 - "-" "Mozilla/5.0 (compatible; YandexBot/3.0; +http://yandex.com/bots)"
80.80.154.70 - - [22/Dec/2012:17:59:20 +0100] "GET /robots.txt HTTP/1.1" 404 1256 "-" "Mozilla/5.0 (Windows NT 6.1) AppleWebKit/535.11 (KHTML, like Gecko) Chrome/17.0.963.66 Safari/535.11"
80.80.154.70 - - [22/Dec/2012:17:59:20 +0100] "GET /robots.txt HTTP/1.1" 404 1256 "-" "Mozilla/5.0 (Windows NT 6.1) AppleWebKit/535.11 (KHTML, like Gecko) Chrome/17.0.963.66 Safari/535.11"
80.80.154.70 - - [22/Dec/2012:17:59:20 +0100] "GET / HTTP/1.1" 200 2366 "-" "Mozilla/5.0 (Windows NT 6.1) AppleWebKit/535.11 (KHTML, like Gecko) Chrome/17.0.963.66 Safari/535.11"
80.80.154.70 - - [22/Dec/2012:17:59:20 +0100] "GET / HTTP/1.1" 200 2366 "-" "Mozilla/5.0 (Windows NT 6.1) AppleWebKit/535.11 (KHTML, like Gecko) Chrome/17.0.963.66 Safari/535.11"
80.80.154.70 - - [22/Dec/2012:17:59:20 +0100] "GET / HTTP/1.1" 200 2366 "-" "Mozilla/5.0 (Windows NT 6.1) AppleWebKit/535.11 (KHTML, like Gecko) Chrome/17.0.963.66 Safari/535.11"
80.80.154.70 - - [22/Dec/2012:17:59:21 +0100] "GET / HTTP/1.0" 200 2366 "-" "-"
80.80.154.70 - - [22/Dec/2012:17:59:21 +0100] "GET / HTTP/1.0" 200 2366 "-" "-"
23.23.49.161 - - [22/Dec/2012:18:17:29 +0100] "GET / HTTP/1.0" 200 2366 "http://www.go-profitclicking.com" "-"
141.8.147.1 - - [22/Dec/2012:18:21:34 +0100] "GET /04Karteccc.swf HTTP/1.1" 304 - "-" "Mozilla/5.0 (compatible; YandexBot/3.0; +http://yandex.com/bots)"
141.8.147.1 - - [22/Dec/2012:18:45:27 +0100] "GET /08.swf HTTP/1.1" 304 - "-" "Mozilla/5.0 (compatible; YandexBot/3.0; +http://yandex.com/bots)"
141.8.147.1 - - [22/Dec/2012:19:32:00 +0100] "GET /04.html HTTP/1.1" 304 - "-" "Mozilla/5.0 (compatible; YandexBot/3.0; +http://yandex.com/bots)"
141.8.147.1 - - [22/Dec/2012:20:21:34 +0100] "GET /06.html HTTP/1.1" 304 - "-" "Mozilla/5.0 (compatible; YandexBot/3.0; +http://yandex.com/bots)"
66.249.78.187 - - [22/Dec/2012:20:48:58 +0100] "GET /robots.txt HTTP/1.1" 404 1256 "-" "Mozilla/5.0 (compatible; Googlebot/2.1; +http://www.google.com/bot.html)"
66.249.78.187 - - [22/Dec/2012:20:48:58 +0100] "GET / HTTP/1.1" 200 2366 "-" "Mozilla/5.0 (compatible; Googlebot/2.1; +http://www.google.com/bot.html)"
157.56.93.193 - - [22/Dec/2012:21:04:30 +0100] "GET /robots.txt HTTP/1.1" 404 1256 "-" "Mozilla/5.0 (compatible; bingbot/2.0; +http://www.bing.com/bingbot.htm)"
157.56.93.193 - - [22/Dec/2012:21:06:06 +0100] "GET /02.swf HTTP/1.1" 200 22781 "-" "Mozilla/5.0 (compatible; bingbot/2.0; +http://www.bing.com/bingbot.htm)"
157.55.33.19 - - [22/Dec/2012:21:06:11 +0100] "GET /02.html HTTP/1.1" 200 1982 "-" "Mozilla/5.0 (compatible; bingbot/2.0; +http://www.bing.com/bingbot.htm)"
65.55.208.234 - - [22/Dec/2012:21:06:13 +0100] "GET /AC_RunActiveContent.js HTTP/1.1" 200 8029 "http://www.dialyse-calw.de/02.html" "Mozilla/5.0 (Windows NT 6.1; WOW64) AppleWebKit/534+ (KHTML, like Gecko) BingPreview/1.0b"
65.55.208.234 - - [22/Dec/2012:21:06:14 +0100] "GET /02.swf HTTP/1.1" 200 22781 "http://www.dialyse-calw.de/02.swf" "Mozilla/5.0 (Windows NT 6.1; WOW64) AppleWebKit/534+ (KHTML, like Gecko) BingPreview/1.0b"
141.8.147.1 - - [22/Dec/2012:21:12:42 +0100] "GET /00themen00.swf HTTP/1.1" 304 - "-" "Mozilla/5.0 (compatible; YandexBot/3.0; +http://yandex.com/bots)"
85.177.199.33 - - [22/Dec/2012:21:53:25 +0100] "GET / HTTP/1.1" 200 2366 "-" "Jakarta Commons-HttpClient/3.1"
85.177.199.33 - - [22/Dec/2012:21:53:25 +0100] "GET /impressum.html HTTP/1.1" 404 1256 "-" "Jakarta Commons-HttpClient/3.1"
85.177.199.33 - - [22/Dec/2012:21:53:25 +0100] "GET /impressum.htm HTTP/1.1" 404 1256 "-" "Jakarta Commons-HttpClient/3.1"
141.8.147.1 - - [22/Dec/2012:21:58:24 +0100] "GET /01.swf HTTP/1.1" 304 - "-" "Mozilla/5.0 (compatible; YandexBot/3.0; +http://yandex.com/bots)"
157.56.93.193 - - [22/Dec/2012:22:16:44 +0100] "GET /robots.txt HTTP/1.1" 404 1256 "-" "Mozilla/5.0 (compatible; bingbot/2.0; +http://www.bing.com/bingbot.htm)"
157.56.93.193 - - [22/Dec/2012:22:18:36 +0100] "GET /AC_RunActiveContent.js HTTP/1.1" 200 8029 "-" "Mozilla/5.0 (compatible; bingbot/2.0; +http://www.bing.com/bingbot.htm)"
141.8.147.1 - - [22/Dec/2012:22:45:03 +0100] "GET /04.swf HTTP/1.1" 304 - "-" "Mozilla/5.0 (compatible; YandexBot/3.0; +http://yandex.com/bots)"
94.23.42.135 - - [22/Dec/2012:22:49:08 +0100] "GET /robots.txt HTTP/1.0" 404 1256 "-" "Mozilla/5.0 (compatible; MJ12bot/v1.4.3; http://www.majestic12.co.uk/bot.php?+)"
94.23.42.135 - - [22/Dec/2012:22:49:12 +0100] "GET / HTTP/1.0" 200 2366 "-" "Mozilla/5.0 (compatible; MJ12bot/v1.4.3; http://www.majestic12.co.uk/bot.php?+)"
141.8.147.1 - - [22/Dec/2012:23:30:56 +0100] "GET /03a.swf HTTP/1.1" 304 - "-" "Mozilla/5.0 (compatible; YandexBot/3.0; +http://yandex.com/bots)"
37.139.52.23 - - [22/Dec/2012:23:54:40 +0100] "GET / HTTP/1.1" 200 2366 "http://uafilmstop.net/news.php?readmore=48" "Mozilla/4.61 [en] (X11; U; ) - BrowseX (2.0.0 Windows)"
37.139.52.23 - - [22/Dec/2012:23:54:41 +0100] "GET / HTTP/1.1" 200 2366 "http://uafilmstop.net/news.php?readmore=48" "Mozilla/4.61 [en] (X11; U; ) - BrowseX (2.0.0 Windows)"
141.8.147.1 - - [23/Dec/2012:00:16:19 +0100] "GET /06.swf HTTP/1.1" 304 - "-" "Mozilla/5.0 (compatible; YandexBot/3.0; +http://yandex.com/bots)"
141.8.147.1 - - [23/Dec/2012:01:00:31 +0100] "GET /07.html HTTP/1.1" 304 - "-" "Mozilla/5.0 (compatible; YandexBot/3.0; +http://yandex.com/bots)"
92.249.127.111 - - [23/Dec/2012:01:37:54 +0100] "GET / HTTP/1.1" 200 2366 "http://seocountry.net/index.php?rowstart=22" "Mozilla/5.0 (compatible; news bot /2.1)"
92.249.127.111 - - [23/Dec/2012:01:37:55 +0100] "GET / HTTP/1.1" 200 2366 "http://seocountry.net/index.php?rowstart=22" "Mozilla/5.0 (compatible; news bot /2.1)"
141.8.147.1 - - [23/Dec/2012:01:43:19 +0100] "GET /07.swf HTTP/1.1" 304 - "-" "Mozilla/5.0 (compatible; YandexBot/3.0; +http://yandex.com/bots)"
123.125.71.55 - - [23/Dec/2012:01:50:41 +0100] "GET / HTTP/1.1" 200 2366 "-" "Mozilla/5.0 (compatible; Baiduspider/2.0; +http://www.baidu.com/search/spider.html)"
157.55.35.48 - - [23/Dec/2012:02:11:31 +0100] "GET /robots.txt HTTP/1.1" 404 1256 "-" "Mozilla/5.0 (compatible; bingbot/2.0; +http://www.bing.com/bingbot.htm)"
157.55.35.48 - - [23/Dec/2012:02:13:18 +0100] "GET /09.swf HTTP/1.1" 200 23096 "-" "Mozilla/5.0 (compatible; bingbot/2.0; +http://www.bing.com/bingbot.htm)"
157.55.35.32 - - [23/Dec/2012:02:13:42 +0100] "GET /09.html HTTP/1.1" 200 2086 "-" "Mozilla/5.0 (compatible; bingbot/2.0; +http://www.bing.com/bingbot.htm)"
65.55.210.158 - - [23/Dec/2012:02:13:44 +0100] "GET /AC_RunActiveContent.js HTTP/1.1" 200 8029 "http://www.dialyse-pforzheim.de/09.html" "Mozilla/5.0 (Windows NT 6.1; WOW64) AppleWebKit/534+ (KHTML, like Gecko) BingPreview/1.0b"
65.55.210.158 - - [23/Dec/2012:02:13:44 +0100] "GET /09.swf HTTP/1.1" 200 23096 "http://www.dialyse-pforzheim.de/09.swf" "Mozilla/5.0 (Windows NT 6.1; WOW64) AppleWebKit/534+ (KHTML, like Gecko) BingPreview/1.0b"
157.55.33.111 - - [23/Dec/2012:02:15:40 +0100] "GET /AC_RunActiveContent.js HTTP/1.1" 200 8029 "-" "Mozilla/5.0 (compatible; bingbot/2.0; +http://www.bing.com/bingbot.htm)"
91.223.75.118 - - [23/Dec/2012:02:16:27 +0100] "GET / HTTP/1.1" 200 2366 "http://www.cipvishop.com/" "Mozilla/4.0 (compatible; MSIE 6.0; Windows NT 5.2; Win64; AMD64)"
91.223.75.118 - - [23/Dec/2012:02:16:27 +0100] "GET / HTTP/1.1" 200 2366 "http://www.cipvishop.com/" "Mozilla/4.0 (compatible; MSIE 6.0; Windows NT 5.2; Win64; AMD64)"
141.8.147.1 - - [23/Dec/2012:02:26:18 +0100] "GET /09a.html HTTP/1.1" 304 - "-" "Mozilla/5.0 (compatible; YandexBot/3.0; +http://yandex.com/bots)"
5.9.107.48 - - [23/Dec/2012:02:27:35 +0100] "GET /robots.txt HTTP/1.0" 404 1256 "-" "Mozilla/5.0 (compatible; MJ12bot/v1.4.3; http://www.majestic12.co.uk/bot.php?+)"
5.9.107.48 - - [23/Dec/2012:02:27:35 +0100] "GET /robots.txt HTTP/1.0" 404 1256 "-" "Mozilla/5.0 (compatible; MJ12bot/v1.4.3; http://www.majestic12.co.uk/bot.php?+)"
5.9.107.48 - - [23/Dec/2012:02:27:35 +0100] "GET /robots.txt HTTP/1.0" 404 1256 "-" "Mozilla/5.0 (compatible; MJ12bot/v1.4.3; http://www.majestic12.co.uk/bot.php?+)"
5.9.107.48 - - [23/Dec/2012:02:27:37 +0100] "GET / HTTP/1.0" 200 2366 "-" "Mozilla/5.0 (compatible; MJ12bot/v1.4.3; http://www.majestic12.co.uk/bot.php?+)"
5.9.107.48 - - [23/Dec/2012:02:27:37 +0100] "GET / HTTP/1.0" 200 2366 "-" "Mozilla/5.0 (compatible; MJ12bot/v1.4.3; http://www.majestic12.co.uk/bot.php?+)"
5.9.107.48 - - [23/Dec/2012:02:27:37 +0100] "GET / HTTP/1.0" 200 2366 "-" "Mozilla/5.0 (compatible; MJ12bot/v1.4.3; http://www.majestic12.co.uk/bot.php?+)"
157.56.93.202 - - [23/Dec/2012:03:09:21 +0100] "GET /robots.txt HTTP/1.1" 404 1256 "-" "Mozilla/5.0 (compatible; bingbot/2.0; +http://www.bing.com/bingbot.htm)"
141.8.147.1 - - [23/Dec/2012:03:09:26 +0100] "GET /09.swf HTTP/1.1" 304 - "-" "Mozilla/5.0 (compatible; YandexBot/3.0; +http://yandex.com/bots)"
157.55.32.86 - - [23/Dec/2012:03:10:46 +0100] "GET /03a.swf HTTP/1.1" 200 94997 "-" "Mozilla/5.0 (compatible; bingbot/2.0; +http://www.bing.com/bingbot.htm)"
157.56.93.202 - - [23/Dec/2012:03:12:11 +0100] "GET /03a.html HTTP/1.1" 200 1991 "-" "Mozilla/5.0 (compatible; bingbot/2.0; +http://www.bing.com/bingbot.htm)"
65.55.208.224 - - [23/Dec/2012:03:12:12 +0100] "GET /AC_RunActiveContent.js HTTP/1.1" 200 8029 "http://www.dialyse-nagold.de/03a.html" "Mozilla/5.0 (Windows NT 6.1; WOW64) AppleWebKit/534+ (KHTML, like Gecko) BingPreview/1.0b"
65.55.208.224 - - [23/Dec/2012:03:12:13 +0100] "GET /03a.swf HTTP/1.1" 200 94997 "http://www.dialyse-nagold.de/03a.swf" "Mozilla/5.0 (Windows NT 6.1; WOW64) AppleWebKit/534+ (KHTML, like Gecko) BingPreview/1.0b"
141.8.147.1 - - [23/Dec/2012:04:02:08 +0100] "GET /09.html HTTP/1.1" 304 - "-" "Mozilla/5.0 (compatible; YandexBot/3.0; +http://yandex.com/bots)"
5.9.6.231 - - [23/Dec/2012:04:24:20 +0100] "GET / HTTP/1.1" 200 2366 "-" "Mozilla/5.0 (Windows NT 6.1; rv:8.0) Gecko/20100101 Firefox/8.0"
5.9.6.231 - - [23/Dec/2012:04:24:22 +0100] "GET / HTTP/1.1" 200 2366 "-" "Mozilla/5.0 (iPhone; U; CPU iPhone OS 3_0 like Mac OS X; en-us) AppleWebKit/528.18 (KHTML, like Gecko) Version/4.0 Mobile/7A341 Safari/528.16"
5.9.6.231 - - [23/Dec/2012:04:24:22 +0100] "GET / HTTP/1.1" 200 2366 "-" "Mozilla/5.0 (Windows NT 6.1; rv:8.0) Gecko/20100101 Firefox/8.0"
5.9.6.231 - - [23/Dec/2012:04:24:23 +0100] "GET / HTTP/1.1" 200 2366 "-" "Mozilla/5.0 (Windows NT 6.1; rv:8.0) Gecko/20100101 Firefox/8.0"
5.9.6.231 - - [23/Dec/2012:04:24:24 +0100] "GET / HTTP/1.1" 200 2366 "-" "Mozilla/5.0 (iPhone; U; CPU iPhone OS 3_0 like Mac OS X; en-us) AppleWebKit/528.18 (KHTML, like Gecko) Version/4.0 Mobile/7A341 Safari/528.16"
5.9.6.231 - - [23/Dec/2012:04:24:25 +0100] "GET / HTTP/1.1" 200 2366 "-" "Mozilla/5.0 (Windows NT 6.1; rv:8.0) Gecko/20100101 Firefox/8.0"
24.134.146.36 - - [23/Dec/2012:04:28:41 +0100] "GET /robots.txt HTTP/1.1" 404 1256 "-" "findlinks/2.0.2 (+http://wortschatz.uni-leipzig.de/findlinks/)"
139.18.2.209 - - [23/Dec/2012:04:28:42 +0100] "GET /robots.txt HTTP/1.1" 404 1256 "-" "findlinks/2.6 (+http://wortschatz.uni-leipzig.de/findlinks/)"
77.225.72.95 - - [23/Dec/2012:05:31:19 +0100] "GET / HTTP/1.1" 200 2366 "-" "Java/1.6.0_37"
77.225.72.95 - - [23/Dec/2012:05:31:19 +0100] "GET /'+fc_protocol+'://www.flash-counter.com/scripts/counter.js HTTP/1.1" 404 1256 "-" "Java/1.6.0_37"
91.223.75.117 - - [23/Dec/2012:05:38:14 +0100] "GET / HTTP/1.1" 200 2366 "http://olsi.ru/" "Mozilla/4.0 (compatible; MSIE 6.0; Windows NT 5.2; Win64; AMD64)"
91.223.75.117 - - [23/Dec/2012:05:38:15 +0100] "GET / HTTP/1.1" 200 2366 "http://olsi.ru/" "Mozilla/4.0 (compatible; MSIE 6.0; Windows NT 5.2; Win64; AMD64)"
66.249.78.36 - - [23/Dec/2012:05:54:26 +0100] "GET /robots.txt HTTP/1.1" 404 1256 "-" "Mozilla/5.0 (compatible; Googlebot/2.1; +http://www.google.com/bot.html)"
66.249.76.36 - - [23/Dec/2012:05:54:26 +0100] "GET / HTTP/1.1" 200 2366 "-" "Mozilla/5.0 (compatible; Googlebot/2.1; +http://www.google.com/bot.html)"
192.166.166.4 - - [23/Dec/2012:05:54:40 +0100] "GET / HTTP/1.0" 304 - "-" "Mozilla/5.0 (X11; U; Linux x86_64; C) AppleWebKit/533.3 (KHTML, like Gecko) Qt/4.7.1 Safari/533.3"
95.108.150.235 - - [23/Dec/2012:06:17:54 +0100] "GET /robots.txt HTTP/1.1" 404 1256 "-" "Mozilla/5.0 (compatible; YandexBot/3.0; +http://yandex.com/bots)"
95.108.150.235 - - [23/Dec/2012:06:17:54 +0100] "GET /robots.txt HTTP/1.1" 404 1256 "-" "Mozilla/5.0 (compatible; YandexBot/3.0; +http://yandex.com/bots)"
95.108.150.235 - - [23/Dec/2012:06:17:55 +0100] "GET / HTTP/1.1" 200 2366 "-" "Mozilla/5.0 (compatible; YandexBot/3.0; +http://yandex.com/bots)"
95.108.150.235 - - [23/Dec/2012:06:17:55 +0100] "GET / HTTP/1.1" 200 2366 "-" "Mozilla/5.0 (compatible; YandexBot/3.0; +http://yandex.com/bots)"
95.108.150.235 - - [23/Dec/2012:06:17:56 +0100] "GET / HTTP/1.1" 200 2366 "-" "Mozilla/5.0 (compatible; YandexBot/3.0; +http://yandex.com/bots)"
95.108.150.235 - - [23/Dec/2012:06:17:56 +0100] "GET / HTTP/1.1" 200 2366 "-" "Mozilla/5.0 (compatible; YandexBot/3.0; +http://yandex.com/bots)"
95.108.150.235 - - [23/Dec/2012:06:17:56 +0100] "GET /robots.txt HTTP/1.1" 404 1256 "-" "Mozilla/5.0 (compatible; YandexBot/3.0; +http://yandex.com/bots)"
95.108.150.235 - - [23/Dec/2012:06:17:57 +0100] "GET / HTTP/1.1" 200 2366 "-" "Mozilla/5.0 (compatible; YandexBot/3.0; +http://yandex.com/bots)"
95.108.150.235 - - [23/Dec/2012:06:17:58 +0100] "GET / HTTP/1.1" 200 2366 "-" "Mozilla/5.0 (compatible; YandexBot/3.0; +http://yandex.com/bots)"
109.120.157.179 - - [23/Dec/2012:06:24:25 +0100] "GET / HTTP/1.1" 200 2366 "http://www.monetniydvor.com/portal.php" "Mozilla/5.0 (compatible; Add Catalog/2.1;)"
109.120.157.179 - - [23/Dec/2012:06:24:25 +0100] "GET / HTTP/1.1" 200 2366 "http://www.monetniydvor.com/portal.php" "Mozilla/5.0 (compatible; Add Catalog/2.1;)"
157.55.35.40 - - [23/Dec/2012:08:36:19 +0100] "GET /robots.txt HTTP/1.1" 404 1256 "-" "Mozilla/5.0 (compatible; bingbot/2.0; +http://www.bing.com/bingbot.htm)"
65.55.24.219 - - [23/Dec/2012:08:36:19 +0100] "GET /robots.txt HTTP/1.1" 404 1256 "-" "Mozilla/5.0 (compatible; bingbot/2.0; +http://www.bing.com/bingbot.htm)"
157.55.35.40 - - [23/Dec/2012:08:38:15 +0100] "GET /03.html HTTP/1.1" 200 1982 "-" "Mozilla/5.0 (compatible; bingbot/2.0; +http://www.bing.com/bingbot.htm)"
65.55.24.219 - - [23/Dec/2012:08:38:15 +0100] "GET /03.swf HTTP/1.1" 200 74505 "-" "Mozilla/5.0 (compatible; bingbot/2.0; +http://www.bing.com/bingbot.htm)"
65.55.210.152 - - [23/Dec/2012:08:39:24 +0100] "GET /AC_RunActiveContent.js HTTP/1.1" 200 8029 "http://www.dialyse-calw.de/03.html" "Mozilla/5.0 (Windows NT 6.1; WOW64) AppleWebKit/534+ (KHTML, like Gecko) BingPreview/1.0b"
65.55.210.152 - - [23/Dec/2012:08:39:25 +0100] "GET /03.swf HTTP/1.1" 200 74505 "http://www.dialyse-calw.de/03.swf" "Mozilla/5.0 (Windows NT 6.1; WOW64) AppleWebKit/534+ (KHTML, like Gecko) BingPreview/1.0b"
178.137.128.210 - - [23/Dec/2012:08:54:07 +0100] "GET / HTTP/1.1" 200 2366 "http://www.roznica.com.ua/goods_shini_214.html" "Mozilla/4.0 (compatible; MSIE 6.0; Windows NT 5.1; SV1; .NET CLR 1.1.4322; .NET CLR 2.0.50727)"
178.137.128.210 - - [23/Dec/2012:08:54:08 +0100] "GET / HTTP/1.1" 200 2366 "http://www.roznica.com.ua/goods_shini_214.html" "Mozilla/4.0 (compatible; MSIE 6.0; Windows NT 5.1; SV1; .NET CLR 1.1.4322; .NET CLR 2.0.50727)"
178.32.77.81 - - [23/Dec/2012:09:32:42 +0100] "GET / HTTP/1.0" 200 2366 "-" "Mozilla/5.0 (compatible; 4SeoHuntBot; +http://4seohunt.com/bot.html)"
157.55.33.20 - - [23/Dec/2012:09:39:54 +0100] "GET /robots.txt HTTP/1.1" 404 1256 "-" "Mozilla/5.0 (compatible; bingbot/2.0; +http://www.bing.com/bingbot.htm)"
157.55.33.20 - - [23/Dec/2012:09:41:52 +0100] "GET /04Kartebbb.swf HTTP/1.1" 200 32635 "-" "Mozilla/5.0 (compatible; bingbot/2.0; +http://www.bing.com/bingbot.htm)"
157.55.33.20 - - [23/Dec/2012:09:41:52 +0100] "GET /04Kartebbb.html HTTP/1.1" 200 2077 "-" "Mozilla/5.0 (compatible; bingbot/2.0; +http://www.bing.com/bingbot.htm)"
65.55.208.230 - - [23/Dec/2012:09:41:54 +0100] "GET /04Kartebbb.swf HTTP/1.1" 200 32635 "http://www.dialyse-nagold.de/04Kartebbb.swf" "Mozilla/5.0 (Windows NT 6.1; WOW64) AppleWebKit/534+ (KHTML, like Gecko) BingPreview/1.0b"
81.144.138.34 - - [23/Dec/2012:10:01:40 +0100] "GET /robots.txt HTTP/1.1" 404 1256 "-" "Wotbox/2.01 (+http://www.wotbox.com/bot/)"
81.144.138.34 - - [23/Dec/2012:10:01:52 +0100] "GET / HTTP/1.1" 200 2366 "-" "Wotbox/2.01 (+http://www.wotbox.com/bot/)"
123.125.71.15 - - [23/Dec/2012:10:21:37 +0100] "GET / HTTP/1.1" 200 2366 "-" "Mozilla/5.0 (compatible; Baiduspider/2.0; +http://www.baidu.com/search/spider.html)"
217.7.229.93 - - [23/Dec/2012:10:28:11 +0100] "GET / HTTP/1.0" 200 2366 "http://siloah.de/cms/siloah_27.html" "Mozilla/5.0 (Windows; U; Windows NT 5.1; de; rv:1.9.2.17) Gecko/20110420 Firefox/3.6.17 ( .NET CLR 3.5.30729; .NET4.0E)"
217.7.229.93 - - [23/Dec/2012:10:28:12 +0100] "GET /00start.swf HTTP/1.0" 200 8575 "http://www.dialyse-calw.de/" "Mozilla/5.0 (Windows; U; Windows NT 5.1; de; rv:1.9.2.17) Gecko/20110420 Firefox/3.6.17 ( .NET CLR 3.5.30729; .NET4.0E)"
217.7.229.93 - - [23/Dec/2012:10:28:17 +0100] "GET /favicon.ico HTTP/1.0" 404 1256 "-" "Mozilla/5.0 (Windows; U; Windows NT 5.1; de; rv:1.9.2.17) Gecko/20110420 Firefox/3.6.17 ( .NET CLR 3.5.30729; .NET4.0E)"
217.7.229.93 - - [23/Dec/2012:10:28:21 +0100] "GET / HTTP/1.0" 200 2366 "http://www.dialyse-calw.de/" "Mozilla/5.0 (Windows; U; Windows NT 5.1; de; rv:1.9.2.17) Gecko/20110420 Firefox/3.6.17 ( .NET CLR 3.5.30729; .NET4.0E)"
217.7.229.93 - - [23/Dec/2012:10:28:22 +0100] "GET /00start.swf HTTP/1.0" 200 8575 "http://www.dialyse-pforzheim.de/" "Mozilla/5.0 (Windows; U; Windows NT 5.1; de; rv:1.9.2.17) Gecko/20110420 Firefox/3.6.17 ( .NET CLR 3.5.30729; .NET4.0E)"
217.7.229.93 - - [23/Dec/2012:10:28:27 +0100] "GET /favicon.ico HTTP/1.0" 404 1256 "-" "Mozilla/5.0 (Windows; U; Windows NT 5.1; de; rv:1.9.2.17) Gecko/20110420 Firefox/3.6.17 ( .NET CLR 3.5.30729; .NET4.0E)"
217.7.229.93 - - [23/Dec/2012:10:28:28 +0100] "GET /00themen00.html HTTP/1.0" 200 2254 "http://www.dialyse-pforzheim.de/" "Mozilla/5.0 (Windows; U; Windows NT 5.1; de; rv:1.9.2.17) Gecko/20110420 Firefox/3.6.17 ( .NET CLR 3.5.30729; .NET4.0E)"
217.7.229.93 - - [23/Dec/2012:10:28:28 +0100] "GET /AC_RunActiveContent.js HTTP/1.0" 200 8029 "http://www.dialyse-pforzheim.de/00themen00.html" "Mozilla/5.0 (Windows; U; Windows NT 5.1; de; rv:1.9.2.17) Gecko/20110420 Firefox/3.6.17 ( .NET CLR 3.5.30729; .NET4.0E)"
217.7.229.93 - - [23/Dec/2012:10:28:28 +0100] "GET /favicon.ico HTTP/1.0" 404 1256 "-" "Mozilla/5.0 (Windows; U; Windows NT 5.1; de; rv:1.9.2.17) Gecko/20110420 Firefox/3.6.17 ( .NET CLR 3.5.30729; .NET4.0E)"
217.7.229.93 - - [23/Dec/2012:10:28:29 +0100] "GET /00themen00.swf HTTP/1.0" 200 136579 "http://www.dialyse-pforzheim.de/00themen00.html" "Mozilla/5.0 (Windows; U; Windows NT 5.1; de; rv:1.9.2.17) Gecko/20110420 Firefox/3.6.17 ( .NET CLR 3.5.30729; .NET4.0E)"
217.7.229.93 - - [23/Dec/2012:10:28:32 +0100] "GET /04.html HTTP/1.0" 200 2106 "http://www.dialyse-pforzheim.de/00themen00.html" "Mozilla/5.0 (Windows; U; Windows NT 5.1; de; rv:1.9.2.17) Gecko/20110420 Firefox/3.6.17 ( .NET CLR 3.5.30729; .NET4.0E)"
217.7.229.93 - - [23/Dec/2012:10:28:32 +0100] "GET /AC_RunActiveContent.js HTTP/1.0" 200 8029 "http://www.dialyse-pforzheim.de/04.html" "Mozilla/5.0 (Windows; U; Windows NT 5.1; de; rv:1.9.2.17) Gecko/20110420 Firefox/3.6.17 ( .NET CLR 3.5.30729; .NET4.0E)"
217.7.229.93 - - [23/Dec/2012:10:28:32 +0100] "GET /favicon.ico HTTP/1.0" 404 1256 "-" "Mozilla/5.0 (Windows; U; Windows NT 5.1; de; rv:1.9.2.17) Gecko/20110420 Firefox/3.6.17 ( .NET CLR 3.5.30729; .NET4.0E)"
217.7.229.93 - - [23/Dec/2012:10:28:32 +0100] "GET /04.swf HTTP/1.0" 200 62769 "http://www.dialyse-pforzheim.de/04.html" "Mozilla/5.0 (Windows; U; Windows NT 5.1; de; rv:1.9.2.17) Gecko/20110420 Firefox/3.6.17 ( .NET CLR 3.5.30729; .NET4.0E)"
217.7.229.93 - - [23/Dec/2012:10:28:37 +0100] "GET /04Kartebbb.html HTTP/1.0" 200 2077 "http://www.dialyse-pforzheim.de/04.html" "Mozilla/5.0 (Windows; U; Windows NT 5.1; de; rv:1.9.2.17) Gecko/20110420 Firefox/3.6.17 ( .NET CLR 3.5.30729; .NET4.0E)"
217.7.229.93 - - [23/Dec/2012:10:28:37 +0100] "GET /AC_RunActiveContent.js HTTP/1.0" 200 8029 "http://www.dialyse-pforzheim.de/04Kartebbb.html" "Mozilla/5.0 (Windows; U; Windows NT 5.1; de; rv:1.9.2.17) Gecko/20110420 Firefox/3.6.17 ( .NET CLR 3.5.30729; .NET4.0E)"
217.7.229.93 - - [23/Dec/2012:10:28:37 +0100] "GET /favicon.ico HTTP/1.0" 404 1256 "-" "Mozilla/5.0 (Windows; U; Windows NT 5.1; de; rv:1.9.2.17) Gecko/20110420 Firefox/3.6.17 ( .NET CLR 3.5.30729; .NET4.0E)"
217.7.229.93 - - [23/Dec/2012:10:28:37 +0100] "GET /04Kartebbb.swf HTTP/1.0" 200 32635 "http://www.dialyse-pforzheim.de/04Kartebbb.html" "Mozilla/5.0 (Windows; U; Windows NT 5.1; de; rv:1.9.2.17) Gecko/20110420 Firefox/3.6.17 ( .NET CLR 3.5.30729; .NET4.0E)"
217.7.229.93 - - [23/Dec/2012:10:29:38 +0100] "GET /favicon.ico HTTP/1.0" 404 1256 "-" "Mozilla/5.0 (Windows; U; Windows NT 5.1; de; rv:1.9.2.17) Gecko/20110420 Firefox/3.6.17 ( .NET CLR 3.5.30729; .NET4.0E)"
217.229.6.245 - - [23/Dec/2012:10:52:24 +0100] "GET /00themen00.html HTTP/1.1" 200 2254 "-" "Mozilla/5.0 (Windows NT 5.1; rv:17.0) Gecko/20100101 Firefox/17.0"
217.229.6.245 - - [23/Dec/2012:10:52:24 +0100] "GET /AC_RunActiveContent.js HTTP/1.1" 200 8029 "http://www.dialyse-calw.de/00themen00.html" "Mozilla/5.0 (Windows NT 5.1; rv:17.0) Gecko/20100101 Firefox/17.0"
217.229.6.245 - - [23/Dec/2012:10:52:24 +0100] "GET /00themen00.swf HTTP/1.1" 200 136579 "http://www.dialyse-calw.de/00themen00.html" "Mozilla/5.0 (Windows NT 5.1; rv:17.0) Gecko/20100101 Firefox/17.0"
217.229.6.245 - - [23/Dec/2012:10:52:25 +0100] "GET /favicon.ico HTTP/1.1" 404 1256 "-" "Mozilla/5.0 (Windows NT 5.1; rv:17.0) Gecko/20100101 Firefox/17.0"
217.229.6.245 - - [23/Dec/2012:10:52:25 +0100] "GET /favicon.ico HTTP/1.1" 404 1256 "-" "Mozilla/5.0 (Windows NT 5.1; rv:17.0) Gecko/20100101 Firefox/17.0"
217.229.6.245 - - [23/Dec/2012:10:52:27 +0100] "GET /03.html HTTP/1.1" 200 1982 "http://www.dialyse-calw.de/00themen00.html" "Mozilla/5.0 (Windows NT 5.1; rv:17.0) Gecko/20100101 Firefox/17.0"
217.229.6.245 - - [23/Dec/2012:10:52:27 +0100] "GET /03.swf HTTP/1.1" 200 74505 "http://www.dialyse-calw.de/03.html" "Mozilla/5.0 (Windows NT 5.1; rv:17.0) Gecko/20100101 Firefox/17.0"
193.106.136.39 - - [23/Dec/2012:11:21:31 +0100] "GET / HTTP/1.1" 200 2366 "http://taxitoday.ru/" "Mozilla/4.0 (compatible; MSIE 6.0; AOL 9.0; Windows NT 5.1)"
193.106.136.39 - - [23/Dec/2012:11:21:31 +0100] "GET / HTTP/1.1" 200 2366 "http://taxitoday.ru/" "Mozilla/4.0 (compatible; MSIE 6.0; AOL 9.0; Windows NT 5.1)"
178.251.88.66 - - [23/Dec/2012:11:21:49 +0100] "GET / HTTP/1.1" 200 2366 "http://www.dialo.de/Stadt/Pforzheim/Nephrologisches+Centrum+am+Klinikum+Pforzheim-m70036783000" "Mozilla/4.0 (compatible; MSIE 8.0; Windows NT 5.1; Trident/4.0; .NET CLR 1.1.4322; .NET CLR 2.0.50727; .NET CLR 3.0.04506.30; .NET CLR 3.0.4506.2152; .NET CLR 3.5.30729)"
178.251.88.66 - - [23/Dec/2012:11:21:50 +0100] "GET /00start.swf HTTP/1.1" 200 8575 "-" "contype"
178.251.88.66 - - [23/Dec/2012:11:21:50 +0100] "GET /00start.swf HTTP/1.1" 200 8575 "http://www.dialyse-pforzheim.de/" "Mozilla/4.0 (compatible; MSIE 8.0; Windows NT 5.1; Trident/4.0; .NET CLR 1.1.4322; .NET CLR 2.0.50727; .NET CLR 3.0.04506.30; .NET CLR 3.0.4506.2152; .NET CLR 3.5.30729)"
178.251.88.66 - - [23/Dec/2012:11:21:54 +0100] "GET / HTTP/1.1" 304 - "http://www.dialyse-pforzheim.de/" "Mozilla/4.0 (compatible; MSIE 8.0; Windows NT 5.1; Trident/4.0; .NET CLR 1.1.4322; .NET CLR 2.0.50727; .NET CLR 3.0.04506.30; .NET CLR 3.0.4506.2152; .NET CLR 3.5.30729)"
178.251.88.66 - - [23/Dec/2012:11:21:55 +0100] "GET /00start.swf HTTP/1.1" 304 - "-" "contype"
178.251.88.66 - - [23/Dec/2012:11:21:55 +0100] "GET /00start.swf HTTP/1.1" 304 - "http://www.dialyse-pforzheim.de/" "Mozilla/4.0 (compatible; MSIE 8.0; Windows NT 5.1; Trident/4.0; .NET CLR 1.1.4322; .NET CLR 2.0.50727; .NET CLR 3.0.04506.30; .NET CLR 3.0.4506.2152; .NET CLR 3.5.30729)"
178.251.88.66 - - [23/Dec/2012:11:21:56 +0100] "GET /00themen00.html HTTP/1.1" 200 2254 "http://www.dialyse-pforzheim.de/00start.swf" "Mozilla/4.0 (compatible; MSIE 8.0; Windows NT 5.1; Trident/4.0; .NET CLR 1.1.4322; .NET CLR 2.0.50727; .NET CLR 3.0.04506.30; .NET CLR 3.0.4506.2152; .NET CLR 3.5.30729)"
178.251.88.66 - - [23/Dec/2012:11:21:56 +0100] "GET /AC_RunActiveContent.js HTTP/1.1" 200 8029 "http://www.dialyse-pforzheim.de/00start.swf" "Mozilla/4.0 (compatible; MSIE 8.0; Windows NT 5.1; Trident/4.0; .NET CLR 1.1.4322; .NET CLR 2.0.50727; .NET CLR 3.0.04506.30; .NET CLR 3.0.4506.2152; .NET CLR 3.5.30729)"
178.251.88.66 - - [23/Dec/2012:11:21:56 +0100] "GET /00themen00.swf HTTP/1.1" 200 136579 "http://www.dialyse-pforzheim.de/00themen00.html" "Mozilla/4.0 (compatible; MSIE 8.0; Windows NT 5.1; Trident/4.0; .NET CLR 1.1.4322; .NET CLR 2.0.50727; .NET CLR 3.0.04506.30; .NET CLR 3.0.4506.2152; .NET CLR 3.5.30729)"
178.251.88.66 - - [23/Dec/2012:11:21:57 +0100] "GET /favicon.ico HTTP/1.1" 404 1256 "-" "Mozilla/4.0 (compatible; MSIE 8.0; Windows NT 5.1; Trident/4.0; .NET CLR 1.1.4322; .NET CLR 2.0.50727; .NET CLR 3.0.04506.30; .NET CLR 3.0.4506.2152; .NET CLR 3.5.30729)"
178.251.88.66 - - [23/Dec/2012:11:21:58 +0100] "GET /favicon.ico HTTP/1.1" 404 1256 "-" "Mozilla/4.0 (compatible; MSIE 8.0; Windows NT 5.1; Trident/4.0; .NET CLR 1.1.4322; .NET CLR 2.0.50727; .NET CLR 3.0.04506.30; .NET CLR 3.0.4506.2152; .NET CLR 3.5.30729)"
178.251.88.66 - - [23/Dec/2012:11:21:59 +0100] "GET /03a.html HTTP/1.1" 200 1991 "http://www.dialyse-pforzheim.de/00themen00.swf" "Mozilla/4.0 (compatible; MSIE 8.0; Windows NT 5.1; Trident/4.0; .NET CLR 1.1.4322; .NET CLR 2.0.50727; .NET CLR 3.0.04506.30; .NET CLR 3.0.4506.2152; .NET CLR 3.5.30729)"
178.251.88.66 - - [23/Dec/2012:11:21:59 +0100] "GET /03a.swf HTTP/1.1" 200 94997 "http://www.dialyse-pforzheim.de/03a.html" "Mozilla/4.0 (compatible; MSIE 8.0; Windows NT 5.1; Trident/4.0; .NET CLR 1.1.4322; .NET CLR 2.0.50727; .NET CLR 3.0.04506.30; .NET CLR 3.0.4506.2152; .NET CLR 3.5.30729)"
83.133.125.202 - - [23/Dec/2012:11:50:21 +0100] "GET / HTTP/1.1" 200 2366 "http://www.sumaja.de/?such_wert=dialyse" "Mozilla/4.0 (compatible; MSIE 7.0; Windows NT 6.0; GTB6; SLCC1; .NET CLR 2.0.50727; Media Center PC 5.0; eSobiSubscriber 2.0.4.16; .NET CLR 3.5.30729; .NET CLR 3.0.30729; .NET4.0C)"
157.55.32.154 - - [23/Dec/2012:11:52:19 +0100] "GET /robots.txt HTTP/1.1" 404 1256 "-" "Mozilla/5.0 (compatible; bingbot/2.0; +http://www.bing.com/bingbot.htm)"
157.55.32.154 - - [23/Dec/2012:11:54:21 +0100] "GET / HTTP/1.1" 200 2366 "-" "Mozilla/5.0 (compatible; bingbot/2.0; +http://www.bing.com/bingbot.htm)"
141.8.147.1 - - [23/Dec/2012:13:04:51 +0100] "GET /robots.txt HTTP/1.1" 404 1256 "-" "Mozilla/5.0 (compatible; YandexBot/3.0; +http://yandex.com/bots)"
173.45.104.226 - - [23/Dec/2012:13:32:58 +0100] "GET / HTTP/1.1" 200 2366 "-" "Mozilla/5.0 (Windows NT 6.1; rv:16.0) Gecko/20100101 Firefox/16.0"
200.164.187.35 - - [23/Dec/2012:13:36:26 +0100] "GET / HTTP/1.1" 200 2366 "-" "Mozilla/5.0 (Windows NT 6.1; rv:16.0) Gecko/20100101 Firefox/16.0"
200.164.187.35 - - [23/Dec/2012:13:36:26 +0100] "GET /catalog/ HTTP/1.1" 404 1256 "-" "Mozilla/5.0 (Windows NT 6.1; rv:16.0) Gecko/20100101 Firefox/16.0"
200.164.187.35 - - [23/Dec/2012:13:36:27 +0100] "GET /shop HTTP/1.1" 404 1256 "-" "Mozilla/5.0 (Windows NT 6.1; rv:16.0) Gecko/20100101 Firefox/16.0"
200.164.187.35 - - [23/Dec/2012:13:36:27 +0100] "GET /oscommerce/ HTTP/1.1" 404 1256 "-" "Mozilla/5.0 (Windows NT 6.1; rv:16.0) Gecko/20100101 Firefox/16.0"
178.33.122.74 - - [23/Dec/2012:13:37:15 +0100] "GET /09a.swf HTTP/1.1" 200 20604 "-" "Mozilla/5.0 (X11; Linux i686; rv:6.0) Gecko/20100101 Firefox/6.0"
141.8.147.1 - - [23/Dec/2012:13:44:57 +0100] "GET /robots.txt HTTP/1.1" 404 1256 "-" "Mozilla/5.0 (compatible; YandexBot/3.0; +http://yandex.com/bots)"
157.55.33.40 - - [23/Dec/2012:14:27:26 +0100] "GET /robots.txt HTTP/1.1" 404 1256 "-" "Mozilla/5.0 (compatible; bingbot/2.0; +http://www.bing.com/bingbot.htm)"
141.8.147.1 - - [23/Dec/2012:14:28:45 +0100] "GET / HTTP/1.1" 200 2366 "-" "Mozilla/5.0 (compatible; YandexBot/3.0; +http://yandex.com/bots)"
141.8.147.1 - - [23/Dec/2012:14:28:59 +0100] "GET /00start.swf HTTP/1.1" 200 8575 "-" "Mozilla/5.0 (compatible; YandexBot/3.0; +http://yandex.com/bots)"
157.55.33.40 - - [23/Dec/2012:14:29:21 +0100] "GET / HTTP/1.1" 200 2366 "-" "Mozilla/5.0 (compatible; bingbot/2.0; +http://www.bing.com/bingbot.htm)"
200.164.187.35 - - [23/Dec/2012:14:45:19 +0100] "GET / HTTP/1.1" 200 2366 "-" "Mozilla/5.0 (Windows NT 6.1; rv:16.0) Gecko/20100101 Firefox/16.0"
200.164.187.35 - - [23/Dec/2012:14:45:19 +0100] "GET /catalog/ HTTP/1.1" 404 1256 "-" "Mozilla/5.0 (Windows NT 6.1; rv:16.0) Gecko/20100101 Firefox/16.0"
200.164.187.35 - - [23/Dec/2012:14:45:19 +0100] "GET /shop HTTP/1.1" 404 1256 "-" "Mozilla/5.0 (Windows NT 6.1; rv:16.0) Gecko/20100101 Firefox/16.0"
200.164.187.35 - - [23/Dec/2012:14:45:20 +0100] "GET /oscommerce/ HTTP/1.1" 404 1256 "-" "Mozilla/5.0 (Windows NT 6.1; rv:16.0) Gecko/20100101 Firefox/16.0"
173.45.73.18 - - [23/Dec/2012:14:49:51 +0100] "GET / HTTP/1.1" 200 2366 "-" "Mozilla/5.0 (Windows NT 6.1; rv:16.0) Gecko/20100101 Firefox/16.0"
65.55.24.219 - - [23/Dec/2012:15:36:04 +0100] "GET /robots.txt HTTP/1.1" 404 1256 "-" "Mozilla/5.0 (compatible; bingbot/2.0; +http://www.bing.com/bingbot.htm)"
65.55.24.219 - - [23/Dec/2012:15:37:50 +0100] "GET /03.swf HTTP/1.1" 200 74505 "-" "Mozilla/5.0 (compatible; bingbot/2.0; +http://www.bing.com/bingbot.htm)"
157.55.35.40 - - [23/Dec/2012:15:37:51 +0100] "GET /03.html HTTP/1.1" 200 1982 "-" "Mozilla/5.0 (compatible; bingbot/2.0; +http://www.bing.com/bingbot.htm)"
65.55.208.23 - - [23/Dec/2012:15:37:52 +0100] "GET /03.swf HTTP/1.1" 200 74505 "http://www.dialyse-calw.de/03.swf" "Mozilla/5.0 (Windows NT 6.1; WOW64) AppleWebKit/534+ (KHTML, like Gecko) BingPreview/1.0b"
78.30.200.81 - - [23/Dec/2012:16:28:12 +0100] "GET /robots.txt HTTP/1.0" 404 1256 "-" "Mozilla/5.0 (compatible; MJ12bot/v1.4.3; http://www.majestic12.co.uk/bot.php?+)"
78.30.200.81 - - [23/Dec/2012:16:28:14 +0100] "GET / HTTP/1.0" 200 2366 "-" "Mozilla/5.0 (compatible; MJ12bot/v1.4.3; http://www.majestic12.co.uk/bot.php?+)"
141.8.147.1 - - [23/Dec/2012:18:46:35 +0100] "GET /robots.txt HTTP/1.1" 404 1256 "-" "Mozilla/5.0 (compatible; YandexBot/3.0; +http://yandex.com/bots)"
141.8.147.1 - - [23/Dec/2012:18:50:26 +0100] "GET /robots.txt HTTP/1.1" 404 1256 "-" "Mozilla/5.0 (compatible; YandexBot/3.0; +http://yandex.com/bots)"
141.8.147.1 - - [23/Dec/2012:19:57:28 +0100] "GET / HTTP/1.1" 200 2366 "-" "Mozilla/5.0 (compatible; YandexBot/3.0; +http://yandex.com/bots)"
141.8.147.1 - - [23/Dec/2012:19:57:59 +0100] "GET /00start.swf HTTP/1.1" 200 8575 "-" "Mozilla/5.0 (compatible; YandexBot/3.0; +http://yandex.com/bots)"
141.8.147.1 - - [23/Dec/2012:20:27:07 +0100] "GET /00themen00.html HTTP/1.1" 304 - "-" "Mozilla/5.0 (compatible; YandexBot/3.0; +http://yandex.com/bots)"
208.115.111.69 - - [23/Dec/2012:21:29:14 +0100] "GET /robots.txt HTTP/1.1" 404 1256 "-" "Mozilla/5.0 (compatible; Ezooms/1.0; ezooms.bot@gmail.com)"
180.76.5.173 - - [23/Dec/2012:21:35:29 +0100] "GET / HTTP/1.1" 200 2366 "-" "Mozilla/5.0 (compatible; Baiduspider/2.0; +http://www.baidu.com/search/spider.html)"
109.192.160.178 - - [23/Dec/2012:21:47:54 +0100] "GET / HTTP/1.1" 200 2366 "http://www.google.de/url?sa=t&rct=j&q=dialyse%20pforzheim&source=web&cd=1&ved=0CDYQFjAA&url=http%3A%2F%2Fwww.dialyse-calw.de%2F&ei=im3XUIqsN4nGtQbt-4CwCQ&usg=AFQjCNECMxQiO0NOt3ERqW1uzT1RIToCeg&bvm=bv.1355534169,d.Yms" "Mozilla/5.0 (Windows NT 6.1; WOW64; rv:12.0) Gecko/20100101 Firefox/12.0"
109.192.160.178 - - [23/Dec/2012:21:47:56 +0100] "GET /00start.swf HTTP/1.1" 200 8575 "http://www.dialyse-calw.de/" "Mozilla/5.0 (Windows NT 6.1; WOW64; rv:12.0) Gecko/20100101 Firefox/12.0"
109.192.160.178 - - [23/Dec/2012:21:47:57 +0100] "GET /favicon.ico HTTP/1.1" 404 1256 "-" "Mozilla/5.0 (Windows NT 6.1; WOW64; rv:12.0) Gecko/20100101 Firefox/12.0"
109.192.160.178 - - [23/Dec/2012:21:47:58 +0100] "GET /favicon.ico HTTP/1.1" 404 1256 "-" "Mozilla/5.0 (Windows NT 6.1; WOW64; rv:12.0) Gecko/20100101 Firefox/12.0"
109.192.160.178 - - [23/Dec/2012:21:47:58 +0100] "GET /favicon.ico HTTP/1.1" 404 1256 "-" "Mozilla/5.0 (Windows NT 6.1; WOW64; rv:12.0) Gecko/20100101 Firefox/12.0"
109.192.160.178 - - [23/Dec/2012:21:48:07 +0100] "GET / HTTP/1.1" 200 2366 "http://www.dialyse-calw.de/" "Mozilla/5.0 (Windows NT 6.1; WOW64; rv:12.0) Gecko/20100101 Firefox/12.0"
109.192.160.178 - - [23/Dec/2012:21:48:07 +0100] "GET /00start.swf HTTP/1.1" 200 8575 "http://www.dialyse-pforzheim.de/" "Mozilla/5.0 (Windows NT 6.1; WOW64; rv:12.0) Gecko/20100101 Firefox/12.0"
109.192.160.178 - - [23/Dec/2012:21:48:09 +0100] "GET /favicon.ico HTTP/1.1" 404 1256 "-" "Mozilla/5.0 (Windows NT 6.1; WOW64; rv:12.0) Gecko/20100101 Firefox/12.0"
109.192.160.178 - - [23/Dec/2012:21:48:09 +0100] "GET /favicon.ico HTTP/1.1" 404 1256 "-" "Mozilla/5.0 (Windows NT 6.1; WOW64; rv:12.0) Gecko/20100101 Firefox/12.0"
109.192.160.178 - - [23/Dec/2012:21:48:09 +0100] "GET /favicon.ico HTTP/1.1" 404 1256 "-" "Mozilla/5.0 (Windows NT 6.1; WOW64; rv:12.0) Gecko/20100101 Firefox/12.0"
109.192.160.178 - - [23/Dec/2012:21:48:11 +0100] "GET /00themen00.html HTTP/1.1" 200 2254 "http://www.dialyse-pforzheim.de/" "Mozilla/5.0 (Windows NT 6.1; WOW64; rv:12.0) Gecko/20100101 Firefox/12.0"
109.192.160.178 - - [23/Dec/2012:21:48:11 +0100] "GET /AC_RunActiveContent.js HTTP/1.1" 200 8029 "http://www.dialyse-pforzheim.de/00themen00.html" "Mozilla/5.0 (Windows NT 6.1; WOW64; rv:12.0) Gecko/20100101 Firefox/12.0"
109.192.160.178 - - [23/Dec/2012:21:48:11 +0100] "GET /00themen00.swf HTTP/1.1" 200 136579 "http://www.dialyse-pforzheim.de/00themen00.html" "Mozilla/5.0 (Windows NT 6.1; WOW64; rv:12.0) Gecko/20100101 Firefox/12.0"
109.192.160.178 - - [23/Dec/2012:21:48:25 +0100] "GET /08.html HTTP/1.1" 200 2005 "http://www.dialyse-pforzheim.de/00themen00.html" "Mozilla/5.0 (Windows NT 6.1; WOW64; rv:12.0) Gecko/20100101 Firefox/12.0"
109.192.160.178 - - [23/Dec/2012:21:48:25 +0100] "GET /08.swf HTTP/1.1" 200 20405 "http://www.dialyse-pforzheim.de/08.html" "Mozilla/5.0 (Windows NT 6.1; WOW64; rv:12.0) Gecko/20100101 Firefox/12.0"
109.192.160.178 - - [23/Dec/2012:21:48:56 +0100] "GET /index.html HTTP/1.1" 200 2366 "http://www.dialyse-pforzheim.de/08.html" "Mozilla/5.0 (Windows NT 6.1; WOW64; rv:12.0) Gecko/20100101 Firefox/12.0"
208.115.111.69 - - [23/Dec/2012:21:49:47 +0100] "GET / HTTP/1.1" 200 2366 "-" "Mozilla/5.0 (compatible; Ezooms/1.0; ezooms.bot@gmail.com)"
141.8.147.1 - - [23/Dec/2012:22:17:19 +0100] "GET /04Kartebbb.swf HTTP/1.1" 304 - "-" "Mozilla/5.0 (compatible; YandexBot/3.0; +http://yandex.com/bots)"
87.178.13.81 - - [23/Dec/2012:22:25:12 +0100] "GET / HTTP/1.1" 200 2366 "http://www.nierenzentrum-heidelberg.com/index.php?id=234" "Mozilla/5.0 (Windows NT 5.1; rv:17.0) Gecko/20100101 Firefox/17.0"
87.178.13.81 - - [23/Dec/2012:22:25:14 +0100] "GET /00start.swf HTTP/1.1" 200 8575 "http://www.dialyse-pforzheim.de/" "Mozilla/5.0 (Windows NT 5.1; rv:17.0) Gecko/20100101 Firefox/17.0"
87.178.13.81 - - [23/Dec/2012:22:25:16 +0100] "GET /favicon.ico HTTP/1.1" 404 1256 "-" "Mozilla/5.0 (Windows NT 5.1; rv:17.0) Gecko/20100101 Firefox/17.0"
87.178.13.81 - - [23/Dec/2012:22:25:25 +0100] "GET /00themen00.html HTTP/1.1" 200 2254 "http://www.dialyse-pforzheim.de/" "Mozilla/5.0 (Windows NT 5.1; rv:17.0) Gecko/20100101 Firefox/17.0"
87.178.13.81 - - [23/Dec/2012:22:25:25 +0100] "GET /AC_RunActiveContent.js HTTP/1.1" 200 8029 "http://www.dialyse-pforzheim.de/00themen00.html" "Mozilla/5.0 (Windows NT 5.1; rv:17.0) Gecko/20100101 Firefox/17.0"
87.178.13.81 - - [23/Dec/2012:22:25:25 +0100] "GET /00themen00.swf HTTP/1.1" 200 136579 "http://www.dialyse-pforzheim.de/00themen00.html" "Mozilla/5.0 (Windows NT 5.1; rv:17.0) Gecko/20100101 Firefox/17.0"
87.178.13.81 - - [23/Dec/2012:22:25:27 +0100] "GET /03.html HTTP/1.1" 200 1982 "http://www.dialyse-pforzheim.de/00themen00.html" "Mozilla/5.0 (Windows NT 5.1; rv:17.0) Gecko/20100101 Firefox/17.0"
87.178.13.81 - - [23/Dec/2012:22:25:28 +0100] "GET /03.swf HTTP/1.1" 200 74505 "http://www.dialyse-pforzheim.de/03.html" "Mozilla/5.0 (Windows NT 5.1; rv:17.0) Gecko/20100101 Firefox/17.0"
173.199.115.11 - - [23/Dec/2012:22:25:31 +0100] "GET / HTTP/1.1" 200 2366 "-" "Mozilla/5.0 (compatible; AhrefsBot/4.0; +http://ahrefs.com/robot/)"
87.178.13.81 - - [23/Dec/2012:22:26:38 +0100] "GET / HTTP/1.1" 200 2366 "http://www.nierenzentrum-heidelberg.com/index.php?id=234" "Mozilla/5.0 (Windows NT 5.1; rv:17.0) Gecko/20100101 Firefox/17.0"
87.178.13.81 - - [23/Dec/2012:22:26:39 +0100] "GET /00start.swf HTTP/1.1" 200 8575 "http://www.dialyse-nagold.de/" "Mozilla/5.0 (Windows NT 5.1; rv:17.0) Gecko/20100101 Firefox/17.0"
87.178.13.81 - - [23/Dec/2012:22:26:42 +0100] "GET /00themen00.html HTTP/1.1" 200 2254 "http://www.dialyse-nagold.de/" "Mozilla/5.0 (Windows NT 5.1; rv:17.0) Gecko/20100101 Firefox/17.0"
87.178.13.81 - - [23/Dec/2012:22:26:43 +0100] "GET /AC_RunActiveContent.js HTTP/1.1" 200 8029 "http://www.dialyse-nagold.de/00themen00.html" "Mozilla/5.0 (Windows NT 5.1; rv:17.0) Gecko/20100101 Firefox/17.0"
87.178.13.81 - - [23/Dec/2012:22:26:43 +0100] "GET /favicon.ico HTTP/1.1" 404 1256 "-" "Mozilla/5.0 (Windows NT 5.1; rv:17.0) Gecko/20100101 Firefox/17.0"
87.178.13.81 - - [23/Dec/2012:22:26:43 +0100] "GET /00themen00.swf HTTP/1.1" 200 136579 "http://www.dialyse-nagold.de/00themen00.html" "Mozilla/5.0 (Windows NT 5.1; rv:17.0) Gecko/20100101 Firefox/17.0"
119.63.196.126 - - [23/Dec/2012:22:36:58 +0100] "GET / HTTP/1.1" 200 2366 "-" "Mozilla/5.0 (compatible; Baiduspider/2.0; +http://www.baidu.com/search/spider.html)"
178.77.126.55 - - [23/Dec/2012:22:41:58 +0100] "GET /robots.txt HTTP/1.1" 404 1256 "-" "Mozilla/5.0 (compatible; CareerBot/1.1; +http://www.career-x.de/bot.html)"
178.77.126.55 - - [23/Dec/2012:22:41:58 +0100] "GET / HTTP/1.1" 200 2366 "-" "Mozilla/5.0 (compatible; CareerBot/1.1; +http://www.career-x.de/bot.html)"
157.55.32.154 - - [23/Dec/2012:22:47:52 +0100] "GET /robots.txt HTTP/1.1" 404 1256 "-" "Mozilla/5.0 (compatible; bingbot/2.0; +http://www.bing.com/bingbot.htm)"
178.77.126.55 - - [23/Dec/2012:22:48:58 +0100] "GET /robots.txt HTTP/1.1" 404 1256 "-" "Mozilla/5.0 (compatible; CareerBot/1.1; +http://www.career-x.de/bot.html)"
178.77.126.55 - - [23/Dec/2012:22:48:58 +0100] "GET / HTTP/1.1" 200 2366 "-" "Mozilla/5.0 (compatible; CareerBot/1.1; +http://www.career-x.de/bot.html)"
157.55.32.154 - - [23/Dec/2012:22:49:56 +0100] "GET / HTTP/1.1" 200 2366 "-" "Mozilla/5.0 (compatible; bingbot/2.0; +http://www.bing.com/bingbot.htm)"
141.8.147.1 - - [23/Dec/2012:23:05:18 +0100] "GET / HTTP/1.1" 200 2366 "-" "Mozilla/5.0 (compatible; YandexBot/3.0; +http://yandex.com/bots)"
141.8.147.1 - - [23/Dec/2012:23:05:47 +0100] "GET /00start.swf HTTP/1.1" 200 8575 "-" "Mozilla/5.0 (compatible; YandexBot/3.0; +http://yandex.com/bots)"
157.55.32.154 - - [23/Dec/2012:23:22:56 +0100] "GET / HTTP/1.1" 304 - "-" "Mozilla/5.0 (compatible; bingbot/2.0; +http://www.bing.com/bingbot.htm)"
141.8.147.1 - - [24/Dec/2012:00:00:38 +0100] "GET /02.swf HTTP/1.1" 304 - "-" "Mozilla/5.0 (compatible; YandexBot/3.0; +http://yandex.com/bots)"
91.223.75.118 - - [24/Dec/2012:00:59:40 +0100] "GET / HTTP/1.1" 200 2366 "http://megapolis-b.ru/" "Mozilla/4.0 (compatible; MSIE 5.0; Windows NT; DigExt)"
91.223.75.118 - - [24/Dec/2012:00:59:41 +0100] "GET / HTTP/1.1" 200 2366 "http://megapolis-b.ru/" "Mozilla/4.0 (compatible; MSIE 5.0; Windows NT; DigExt)"
180.76.5.107 - - [24/Dec/2012:01:03:19 +0100] "GET /robots.txt HTTP/1.1" 404 1256 "-" "Mozilla/5.0 (Windows NT 5.1; rv:6.0.2) Gecko/20100101 Firefox/6.0.2"
141.8.147.1 - - [24/Dec/2012:01:36:55 +0100] "GET /00start.swf HTTP/1.1" 304 - "-" "Mozilla/5.0 (compatible; YandexBot/3.0; +http://yandex.com/bots)"
5.9.82.194 - - [24/Dec/2012:02:19:59 +0100] "GET /robots.txt HTTP/1.1" 404 1256 "-" "Mozilla/5.0 (compatible; SISTRIX Crawler; http://crawler.sistrix.net/)"
5.9.82.194 - - [24/Dec/2012:02:19:59 +0100] "GET / HTTP/1.1" 200 2366 "-" "Mozilla/5.0 (compatible; SISTRIX Crawler; http://crawler.sistrix.net/)"
141.8.147.1 - - [24/Dec/2012:02:53:59 +0100] "GET /08.swf HTTP/1.1" 304 - "-" "Mozilla/5.0 (compatible; YandexBot/3.0; +http://yandex.com/bots)"
82.127.14.104 - - [24/Dec/2012:03:24:37 +0100] "GET / HTTP/1.1" 200 2366 "-" "Java/1.5.0_06"
82.127.14.104 - - [24/Dec/2012:03:24:47 +0100] "GET /'+fc_protocol+'://www.flash-counter.com/scripts/counter.js HTTP/1.1" 404 1256 "-" "Java/1.5.0_06"
66.249.78.187 - - [24/Dec/2012:03:25:30 +0100] "GET /robots.txt HTTP/1.1" 404 1256 "-" "Mozilla/5.0 (compatible; Googlebot/2.1; +http://www.google.com/bot.html)"
66.249.78.187 - - [24/Dec/2012:03:25:30 +0100] "GET / HTTP/1.1" 200 2366 "-" "Mozilla/5.0 (iPhone; U; CPU iPhone OS 4_1 like Mac OS X; en-us) AppleWebKit/532.9 (KHTML, like Gecko) Version/4.0.5 Mobile/8B117 Safari/6531.22.7 (compatible; Googlebot-Mobile/2.1; +http://www.google.com/bot.html)"
173.199.120.107 - - [24/Dec/2012:03:46:57 +0100] "GET / HTTP/1.1" 200 2366 "-" "Mozilla/5.0 (compatible; AhrefsBot/4.0; +http://ahrefs.com/robot/)"
141.8.147.1 - - [24/Dec/2012:03:59:07 +0100] "GET /04Karteaaa.html HTTP/1.1" 304 - "-" "Mozilla/5.0 (compatible; YandexBot/3.0; +http://yandex.com/bots)"
157.55.33.111 - - [24/Dec/2012:04:18:36 +0100] "GET /robots.txt HTTP/1.1" 404 1256 "-" "Mozilla/5.0 (compatible; bingbot/2.0; +http://www.bing.com/bingbot.htm)"
157.55.33.111 - - [24/Dec/2012:04:20:31 +0100] "GET / HTTP/1.1" 200 2366 "-" "Mozilla/5.0 (compatible; bingbot/2.0; +http://www.bing.com/bingbot.htm)"
77.225.72.95 - - [24/Dec/2012:04:43:23 +0100] "GET / HTTP/1.1" 200 2366 "-" "Java/1.6.0_37"
77.225.72.95 - - [24/Dec/2012:04:43:28 +0100] "GET /'+fc_protocol+'://www.flash-counter.com/scripts/counter.js HTTP/1.1" 404 1256 "-" "Java/1.6.0_37"
141.8.147.1 - - [24/Dec/2012:05:26:46 +0100] "GET /05.swf HTTP/1.1" 304 - "-" "Mozilla/5.0 (compatible; YandexBot/3.0; +http://yandex.com/bots)"
123.125.71.73 - - [24/Dec/2012:05:29:16 +0100] "GET / HTTP/1.1" 200 2366 "-" "Mozilla/5.0 (compatible; Baiduspider/2.0; +http://www.baidu.com/search/spider.html)"
91.223.75.117 - - [24/Dec/2012:07:07:20 +0100] "GET / HTTP/1.1" 200 2366 "http://olsi.ru/" "Mozilla/4.0 (compatible; MSIE 6.0; Windows NT 5.2; Win64; AMD64)"
91.223.75.117 - - [24/Dec/2012:07:07:20 +0100] "GET / HTTP/1.1" 200 2366 "http://olsi.ru/" "Mozilla/4.0 (compatible; MSIE 6.0; Windows NT 5.2; Win64; AMD64)"
66.249.78.187 - - [24/Dec/2012:07:09:07 +0100] "GET /09a.html HTTP/1.1" 304 - "-" "Mozilla/5.0 (compatible; Googlebot/2.1; +http://www.google.com/bot.html)"
92.249.127.111 - - [24/Dec/2012:07:13:03 +0100] "GET / HTTP/1.1" 200 2366 "http://itelepat.ru/" "Mozilla/5.0 (compatible; news bot /2.1)"
92.249.127.111 - - [24/Dec/2012:07:13:03 +0100] "GET / HTTP/1.1" 200 2366 "http://itelepat.ru/" "Mozilla/5.0 (compatible; news bot /2.1)"
66.249.78.187 - - [24/Dec/2012:07:23:42 +0100] "GET / HTTP/1.1" 200 2366 "-" "SAMSUNG-SGH-E250/1.0 Profile/MIDP-2.0 Configuration/CLDC-1.1 UP.Browser/6.2.3.3.c.1.101 (GUI) MMP/2.0 (compatible; Googlebot-Mobile/2.1; +http://www.google.com/bot.html)"
141.8.147.1 - - [24/Dec/2012:07:24:55 +0100] "GET /03.swf HTTP/1.1" 304 - "-" "Mozilla/5.0 (compatible; YandexBot/3.0; +http://yandex.com/bots)"
69.58.178.59 - - [24/Dec/2012:07:43:35 +0100] "GET /robots.txt HTTP/1.1" 404 1256 "-" "Mozilla/5.0 (X11; Ubuntu; Linux i686; rv:14.0; ips-agent) Gecko/20100101 Firefox/14.0.1"
69.58.178.59 - - [24/Dec/2012:07:43:36 +0100] "GET / HTTP/1.1" 200 2366 "-" "Mozilla/5.0 (X11; Ubuntu; Linux i686; rv:14.0; ips-agent) Gecko/20100101 Firefox/14.0.1"
157.55.33.111 - - [24/Dec/2012:08:00:15 +0100] "GET /robots.txt HTTP/1.1" 404 1256 "-" "Mozilla/5.0 (compatible; bingbot/2.0; +http://www.bing.com/bingbot.htm)"
157.55.33.111 - - [24/Dec/2012:08:02:02 +0100] "GET / HTTP/1.1" 200 2366 "-" "Mozilla/5.0 (compatible; bingbot/2.0; +http://www.bing.com/bingbot.htm)"
157.55.32.111 - - [24/Dec/2012:09:20:23 +0100] "GET /robots.txt HTTP/1.1" 404 1256 "-" "Mozilla/5.0 (compatible; bingbot/2.0; +http://www.bing.com/bingbot.htm)"
157.55.32.111 - - [24/Dec/2012:09:22:04 +0100] "GET /06.swf HTTP/1.1" 200 20731 "-" "Mozilla/5.0 (compatible; bingbot/2.0; +http://www.bing.com/bingbot.htm)"
141.8.147.1 - - [24/Dec/2012:09:23:08 +0100] "GET /06.html HTTP/1.1" 304 - "-" "Mozilla/5.0 (compatible; YandexBot/3.0; +http://yandex.com/bots)"
157.55.33.111 - - [24/Dec/2012:09:29:03 +0100] "GET /06.html HTTP/1.1" 200 2278 "-" "Mozilla/5.0 (compatible; bingbot/2.0; +http://www.bing.com/bingbot.htm)"
157.56.92.143 - - [24/Dec/2012:09:29:05 +0100] "GET /AC_RunActiveContent.js HTTP/1.1" 200 8029 "http://www.dialyse-pforzheim.de/06.html" "Mozilla/5.0 (Windows NT 6.1; WOW64) AppleWebKit/534+ (KHTML, like Gecko) BingPreview/1.0b"
