64.22.106.82 - - [11/Dec/2012:05:03:46 +0100] "GET /robots.txt HTTP/1.0" 404 1256 "-" "Mozilla/5.0 (compatible; ProCogBot/1.0; +http://www.procog.com/spider.html)"
64.22.106.82 - - [11/Dec/2012:05:03:46 +0100] "GET / HTTP/1.0" 200 2366 "-" "Mozilla/5.0 (compatible; ProCogBot/1.0; +http://www.procog.com/spider.html)"
157.55.32.89 - - [11/Dec/2012:05:58:40 +0100] "GET /robots.txt HTTP/1.1" 404 1256 "-" "Mozilla/5.0 (compatible; bingbot/2.0; +http://www.bing.com/bingbot.htm)"
64.22.106.82 - - [11/Dec/2012:05:59:49 +0100] "GET /robots.txt HTTP/1.0" 404 1256 "-" "Mozilla/5.0 (compatible; ProCogBot/1.0; +http://www.procog.com/spider.html)"
64.22.106.82 - - [11/Dec/2012:05:59:49 +0100] "GET / HTTP/1.0" 200 2366 "-" "Mozilla/5.0 (compatible; ProCogBot/1.0; +http://www.procog.com/spider.html)"
157.55.32.89 - - [11/Dec/2012:06:00:19 +0100] "GET / HTTP/1.1" 200 2366 "-" "Mozilla/5.0 (compatible; bingbot/2.0; +http://www.bing.com/bingbot.htm)"
95.108.150.235 - - [11/Dec/2012:06:21:50 +0100] "GET /robots.txt HTTP/1.1" 404 1256 "-" "Mozilla/5.0 (compatible; YandexBot/3.0; +http://yandex.com/bots)"
95.108.150.235 - - [11/Dec/2012:06:21:50 +0100] "GET /robots.txt HTTP/1.1" 404 1256 "-" "Mozilla/5.0 (compatible; YandexBot/3.0; +http://yandex.com/bots)"
95.108.150.235 - - [11/Dec/2012:06:21:51 +0100] "GET / HTTP/1.1" 200 2366 "-" "Mozilla/5.0 (compatible; YandexBot/3.0; +http://yandex.com/bots)"
95.108.150.235 - - [11/Dec/2012:06:21:51 +0100] "GET / HTTP/1.1" 200 2366 "-" "Mozilla/5.0 (compatible; YandexBot/3.0; +http://yandex.com/bots)"
95.108.150.235 - - [11/Dec/2012:06:21:52 +0100] "GET / HTTP/1.1" 200 2366 "-" "Mozilla/5.0 (compatible; YandexBot/3.0; +http://yandex.com/bots)"
95.108.150.235 - - [11/Dec/2012:06:21:52 +0100] "GET / HTTP/1.1" 200 2366 "-" "Mozilla/5.0 (compatible; YandexBot/3.0; +http://yandex.com/bots)"
95.108.150.235 - - [11/Dec/2012:06:21:52 +0100] "GET /robots.txt HTTP/1.1" 404 1256 "-" "Mozilla/5.0 (compatible; YandexBot/3.0; +http://yandex.com/bots)"
95.108.150.235 - - [11/Dec/2012:06:21:53 +0100] "GET / HTTP/1.1" 200 2366 "-" "Mozilla/5.0 (compatible; YandexBot/3.0; +http://yandex.com/bots)"
95.108.150.235 - - [11/Dec/2012:06:21:54 +0100] "GET / HTTP/1.1" 200 2366 "-" "Mozilla/5.0 (compatible; YandexBot/3.0; +http://yandex.com/bots)"
66.249.75.187 - - [11/Dec/2012:06:26:03 +0100] "GET / HTTP/1.1" 200 2366 "-" "Mozilla/5.0 (compatible; Googlebot/2.1; +http://www.google.com/bot.html)"
157.55.32.188 - - [11/Dec/2012:06:39:57 +0100] "GET /robots.txt HTTP/1.1" 404 1256 "-" "Mozilla/5.0 (compatible; bingbot/2.0; +http://www.bing.com/bingbot.htm)"
157.55.32.188 - - [11/Dec/2012:06:42:20 +0100] "GET /01.html HTTP/1.1" 200 1982 "-" "Mozilla/5.0 (compatible; bingbot/2.0; +http://www.bing.com/bingbot.htm)"
65.55.210.223 - - [11/Dec/2012:06:42:22 +0100] "GET /AC_RunActiveContent.js HTTP/1.1" 200 8029 "http://www.dialyse-nagold.de/01.html" "Mozilla/5.0 (Windows NT 6.1; WOW64) AppleWebKit/534+ (KHTML, like Gecko) BingPreview/1.0b"
65.55.210.223 - - [11/Dec/2012:06:42:23 +0100] "GET /01.swf HTTP/1.1" 200 19349 "http://www.dialyse-nagold.de/01.swf" "Mozilla/5.0 (Windows NT 6.1; WOW64) AppleWebKit/534+ (KHTML, like Gecko) BingPreview/1.0b"
157.55.32.96 - - [11/Dec/2012:06:42:25 +0100] "GET /01.swf HTTP/1.1" 200 19349 "-" "Mozilla/5.0 (compatible; bingbot/2.0; +http://www.bing.com/bingbot.htm)"
157.55.33.40 - - [11/Dec/2012:06:52:07 +0100] "GET /robots.txt HTTP/1.1" 404 1256 "-" "Mozilla/5.0 (compatible; bingbot/2.0; +http://www.bing.com/bingbot.htm)"
157.55.33.40 - - [11/Dec/2012:06:53:52 +0100] "GET / HTTP/1.1" 200 2366 "-" "Mozilla/5.0 (compatible; bingbot/2.0; +http://www.bing.com/bingbot.htm)"
5.9.27.74 - - [11/Dec/2012:07:25:34 +0100] "GET /robots.txt HTTP/1.1" 404 1256 "-" "Mozilla/5.0 (compatible; SISTRIX Crawler; http://crawler.sistrix.net/)"
5.9.27.74 - - [11/Dec/2012:07:25:34 +0100] "GET / HTTP/1.1" 200 2366 "-" "Mozilla/5.0 (compatible; SISTRIX Crawler; http://crawler.sistrix.net/)"
66.249.75.187 - - [11/Dec/2012:07:25:38 +0100] "GET /09a.swf HTTP/1.1" 200 20604 "-" "Mozilla/5.0 (iPhone; U; CPU iPhone OS 4_1 like Mac OS X; en-us) AppleWebKit/532.9 (KHTML, like Gecko) Version/4.0.5 Mobile/8B117 Safari/6531.22.7 (compatible; Googlebot-Mobile/2.1; +http://www.google.com/bot.html)"
178.109.146.74 - - [11/Dec/2012:07:39:00 +0100] "GET / HTTP/1.1" 200 2366 "-" "Java/1.6.0_20"
178.109.146.74 - - [11/Dec/2012:07:39:03 +0100] "GET /'+fc_protocol+'://www.flash-counter.com/scripts/counter.js HTTP/1.1" 404 1256 "-" "Java/1.6.0_20"
157.55.33.111 - - [11/Dec/2012:08:57:43 +0100] "GET /robots.txt HTTP/1.1" 404 1256 "-" "Mozilla/5.0 (compatible; bingbot/2.0; +http://www.bing.com/bingbot.htm)"
213.110.133.221 - - [11/Dec/2012:08:58:12 +0100] "GET / HTTP/1.1" 200 2366 "http://www.echomsk.spb.ru/" "Mozilla/4.0 (compatible; Blog Search;)"
213.110.133.221 - - [11/Dec/2012:08:58:12 +0100] "GET / HTTP/1.1" 200 2366 "http://www.echomsk.spb.ru/" "Mozilla/4.0 (compatible; Blog Search;)"
157.55.33.111 - - [11/Dec/2012:08:59:21 +0100] "GET / HTTP/1.1" 200 2366 "-" "Mozilla/5.0 (compatible; bingbot/2.0; +http://www.bing.com/bingbot.htm)"
157.55.33.111 - - [11/Dec/2012:08:59:21 +0100] "GET / HTTP/1.1" 200 2366 "-" "Mozilla/5.0 (compatible; bingbot/2.0; +http://www.bing.com/bingbot.htm)"
178.154.179.250 - - [11/Dec/2012:09:38:40 +0100] "GET /robots.txt HTTP/1.1" 404 1256 "-" "Mozilla/5.0 (compatible; YandexBot/3.0; +http://yandex.com/bots)"
119.63.196.118 - - [11/Dec/2012:10:03:31 +0100] "GET /robots.txt HTTP/1.1" 404 1256 "-" "Baiduspider+(+http://www.baidu.com/search/spider.htm)"
77.1.32.163 - - [11/Dec/2012:10:06:12 +0100] "GET / HTTP/1.1" 200 2366 "http://www.google.de/url?sa=t&rct=j&q=dialyse%20pforzheim&source=web&cd=1&sqi=2&ved=0CC8QFjAA&url=http%3A%2F%2Fwww.dialyse-calw.de%2F&ei=evfGUN7IEur34QSTv4DIAw&usg=AFQjCNECMxQiO0NOt3ERqW1uzT1RIToCeg&bvm=bv.1354675689,d.Yms" "Mozilla/4.0 (compatible; MSIE 8.0; Windows NT 5.1; Trident/4.0; GTB7.4; .NET4.0C; .NET CLR 2.0.50727; .NET CLR 3.0.4506.2152; .NET CLR 3.5.30729; .NET4.0E)"
77.1.32.163 - - [11/Dec/2012:10:06:12 +0100] "GET /00start.swf HTTP/1.1" 200 8575 "-" "contype"
77.1.32.163 - - [11/Dec/2012:10:06:12 +0100] "GET /00start.swf HTTP/1.1" 200 8575 "http://www.dialyse-calw.de/" "Mozilla/4.0 (compatible; MSIE 8.0; Windows NT 5.1; Trident/4.0; GTB7.4; .NET4.0C; .NET CLR 2.0.50727; .NET CLR 3.0.4506.2152; .NET CLR 3.5.30729; .NET4.0E)"
46.223.58.156 - - [11/Dec/2012:10:08:02 +0100] "GET / HTTP/1.1" 200 2366 "http://www.siloah.de/cms/siloah/kliniken-und-institute/frauenklinik/entbindung/babygalerie_detail_502.html?bild=845" "Mozilla/5.0 (iPhone; CPU iPhone OS 6_0_1 like Mac OS X) AppleWebKit/536.26 (KHTML, like Gecko) Version/6.0 Mobile/10A523 Safari/8536.25"
173.45.73.18 - - [11/Dec/2012:10:35:04 +0100] "GET / HTTP/1.1" 200 2366 "-" "Mozilla/5.0 (Windows NT 6.1; rv:16.0) Gecko/20100101 Firefox/16.0"
157.55.32.111 - - [11/Dec/2012:11:02:35 +0100] "GET /robots.txt HTTP/1.1" 404 1256 "-" "Mozilla/5.0 (compatible; bingbot/2.0; +http://www.bing.com/bingbot.htm)"
157.55.32.111 - - [11/Dec/2012:11:04:23 +0100] "GET /04.html HTTP/1.1" 200 2106 "-" "Mozilla/5.0 (compatible; bingbot/2.0; +http://www.bing.com/bingbot.htm)"
65.55.210.186 - - [11/Dec/2012:11:04:24 +0100] "GET /04.swf HTTP/1.1" 200 62769 "http://www.dialyse-pforzheim.de/04.swf" "Mozilla/5.0 (Windows NT 6.1; WOW64) AppleWebKit/534+ (KHTML, like Gecko) BingPreview/1.0b"
157.55.32.89 - - [11/Dec/2012:11:21:10 +0100] "GET /robots.txt HTTP/1.1" 404 1256 "-" "Mozilla/5.0 (compatible; bingbot/2.0; +http://www.bing.com/bingbot.htm)"
157.55.32.89 - - [11/Dec/2012:11:23:29 +0100] "GET / HTTP/1.1" 200 2366 "-" "Mozilla/5.0 (compatible; bingbot/2.0; +http://www.bing.com/bingbot.htm)"
66.249.75.187 - - [11/Dec/2012:12:12:21 +0100] "GET /robots.txt HTTP/1.1" 404 1256 "-" "Mozilla/5.0 (compatible; Googlebot/2.1; +http://www.google.com/bot.html)"
66.249.75.187 - - [11/Dec/2012:12:12:21 +0100] "GET /00themen00.swf HTTP/1.1" 200 136579 "-" "Mozilla/5.0 (compatible; Googlebot/2.1; +http://www.google.com/bot.html)"
91.22.223.175 - - [11/Dec/2012:12:22:46 +0100] "GET /index.html HTTP/1.1" 200 2366 "-" "Mozilla/5.0 (compatible; MSIE 10.0; Windows NT 6.1; WOW64; Trident/6.0)"
91.22.223.175 - - [11/Dec/2012:12:22:46 +0100] "HEAD /00start.swf HTTP/1.1" 200 - "-" "contype"
91.22.223.175 - - [11/Dec/2012:12:22:46 +0100] "GET /00start.swf HTTP/1.1" 200 8575 "http://www.dialyse-calw.de/index.html" "Mozilla/5.0 (compatible; MSIE 10.0; Windows NT 6.1; WOW64; Trident/6.0)"
91.22.223.175 - - [11/Dec/2012:12:22:48 +0100] "GET /favicon.ico HTTP/1.1" 404 1256 "-" "Mozilla/5.0 (compatible; MSIE 10.0; Windows NT 6.1; Win64; x64; Trident/6.0)"
91.22.223.175 - - [11/Dec/2012:12:22:49 +0100] "GET /00themen00.html HTTP/1.1" 200 2254 "http://www.dialyse-calw.de/00start.swf" "Mozilla/5.0 (compatible; MSIE 10.0; Windows NT 6.1; WOW64; Trident/6.0)"
91.22.223.175 - - [11/Dec/2012:12:22:49 +0100] "GET /AC_RunActiveContent.js HTTP/1.1" 200 8029 "http://www.dialyse-calw.de/00start.swf" "Mozilla/5.0 (compatible; MSIE 10.0; Windows NT 6.1; WOW64; Trident/6.0)"
91.22.223.175 - - [11/Dec/2012:12:22:49 +0100] "GET /00themen00.swf HTTP/1.1" 200 136579 "http://www.dialyse-calw.de/00themen00.html" "Mozilla/5.0 (compatible; MSIE 10.0; Windows NT 6.1; WOW64; Trident/6.0)"
91.22.223.175 - - [11/Dec/2012:12:22:51 +0100] "GET /favicon.ico HTTP/1.1" 404 1256 "-" "Mozilla/5.0 (compatible; MSIE 10.0; Windows NT 6.1; Win64; x64; Trident/6.0)"
91.22.223.175 - - [11/Dec/2012:12:22:54 +0100] "GET /03.html HTTP/1.1" 200 1982 "http://www.dialyse-calw.de/00themen00.swf" "Mozilla/5.0 (compatible; MSIE 10.0; Windows NT 6.1; WOW64; Trident/6.0)"
91.22.223.175 - - [11/Dec/2012:12:22:55 +0100] "GET /03.swf HTTP/1.1" 200 74505 "http://www.dialyse-calw.de/03.html" "Mozilla/5.0 (compatible; MSIE 10.0; Windows NT 6.1; WOW64; Trident/6.0)"
91.22.223.175 - - [11/Dec/2012:12:23:09 +0100] "GET /08.html HTTP/1.1" 200 2005 "http://www.dialyse-calw.de/00themen00.swf" "Mozilla/5.0 (compatible; MSIE 10.0; Windows NT 6.1; WOW64; Trident/6.0)"
91.22.223.175 - - [11/Dec/2012:12:23:09 +0100] "GET /08.swf HTTP/1.1" 200 20405 "http://www.dialyse-calw.de/08.html" "Mozilla/5.0 (compatible; MSIE 10.0; Windows NT 6.1; WOW64; Trident/6.0)"
131.234.54.183 - - [11/Dec/2012:12:23:20 +0100] "GET /09a.html HTTP/1.1" 200 2059 "http://www.google.de/url?sa=t&rct=j&q=&esrc=s&source=web&cd=1&ved=0CC8QFjAA&url=http%3A%2F%2Fwww.dialyse-calw.de%2F09a.html&ei=PRfHULu2NsbOswaSvoHQDw&usg=AFQjCNEs7ra8oip9Ivy9h9haJq7d-kwktA&bvm=bv.1354675689,d.Yms" "Mozilla/5.0 (Macintosh; Intel Mac OS X 10.8; rv:16.0) Gecko/20100101 Firefox/16.0"
131.234.54.183 - - [11/Dec/2012:12:23:20 +0100] "GET /AC_RunActiveContent.js HTTP/1.1" 200 8029 "http://www.dialyse-calw.de/09a.html" "Mozilla/5.0 (Macintosh; Intel Mac OS X 10.8; rv:16.0) Gecko/20100101 Firefox/16.0"
131.234.54.183 - - [11/Dec/2012:12:23:21 +0100] "GET /09a.swf HTTP/1.1" 200 20604 "http://www.dialyse-calw.de/09a.html" "Mozilla/5.0 (Macintosh; Intel Mac OS X 10.8; rv:16.0) Gecko/20100101 Firefox/16.0"
131.234.54.183 - - [11/Dec/2012:12:23:21 +0100] "GET /favicon.ico HTTP/1.1" 404 1256 "-" "Mozilla/5.0 (Macintosh; Intel Mac OS X 10.8; rv:16.0) Gecko/20100101 Firefox/16.0"
131.234.54.183 - - [11/Dec/2012:12:23:21 +0100] "GET /favicon.ico HTTP/1.1" 404 1256 "-" "Mozilla/5.0 (Macintosh; Intel Mac OS X 10.8; rv:16.0) Gecko/20100101 Firefox/16.0"
80.134.228.171 - - [11/Dec/2012:12:42:17 +0100] "GET /09a.html HTTP/1.1" 304 - "http://www.google.de/url?sa=t&rct=j&q=&esrc=s&source=web&cd=2&ved=0CDsQFjAB&url=http%3A%2F%2Fwww.dialyse-calw.de%2F09a.html&ei=DhzHUMHnKtDKsgag9YDoAw&usg=AFQjCNEs7ra8oip9Ivy9h9haJq7d-kwktA" "Mozilla/5.0 (Windows NT 5.1; rv:17.0) Gecko/20100101 Firefox/17.0"
80.134.228.171 - - [11/Dec/2012:12:42:17 +0100] "GET /AC_RunActiveContent.js HTTP/1.1" 304 - "http://www.dialyse-calw.de/09a.html" "Mozilla/5.0 (Windows NT 5.1; rv:17.0) Gecko/20100101 Firefox/17.0"
80.134.228.171 - - [11/Dec/2012:12:42:18 +0100] "GET /09a.swf HTTP/1.1" 304 - "http://www.dialyse-calw.de/09a.html" "Mozilla/5.0 (Windows NT 5.1; rv:17.0) Gecko/20100101 Firefox/17.0"
80.134.228.171 - - [11/Dec/2012:12:42:20 +0100] "GET /00themen00.html HTTP/1.1" 304 - "http://www.dialyse-calw.de/09a.html" "Mozilla/5.0 (Windows NT 5.1; rv:17.0) Gecko/20100101 Firefox/17.0"
80.134.228.171 - - [11/Dec/2012:12:42:20 +0100] "GET /00themen00.swf HTTP/1.1" 304 - "http://www.dialyse-calw.de/00themen00.html" "Mozilla/5.0 (Windows NT 5.1; rv:17.0) Gecko/20100101 Firefox/17.0"
80.134.228.171 - - [11/Dec/2012:12:42:22 +0100] "GET /03.html HTTP/1.1" 304 - "http://www.dialyse-calw.de/00themen00.html" "Mozilla/5.0 (Windows NT 5.1; rv:17.0) Gecko/20100101 Firefox/17.0"
80.134.228.171 - - [11/Dec/2012:12:42:23 +0100] "GET /03.swf HTTP/1.1" 304 - "http://www.dialyse-calw.de/03.html" "Mozilla/5.0 (Windows NT 5.1; rv:17.0) Gecko/20100101 Firefox/17.0"
80.56.0.83 - - [11/Dec/2012:12:45:54 +0100] "GET / HTTP/1.1" 200 2366 "-" "Java/1.6.0_30"
80.56.0.83 - - [11/Dec/2012:12:45:54 +0100] "GET /'+fc_protocol+'://www.flash-counter.com/scripts/counter.js HTTP/1.1" 404 1256 "-" "Java/1.6.0_30"
93.219.159.19 - - [11/Dec/2012:13:11:09 +0100] "GET /00start.swf HTTP/1.1" 200 8575 "-" "Mozilla/5.0 (Windows; U; Windows NT 6.0; de; rv:1.9.2.3) Gecko/20100401 Firefox/3.6.3 ( .NET CLR 3.5.30729)"
82.113.98.87 - - [11/Dec/2012:13:41:42 +0100] "GET / HTTP/1.1" 200 2366 "-" "Mozilla/5.0 (iPhone; CPU iPhone OS 6_0_1 like Mac OS X) AppleWebKit/536.26 (KHTML, like Gecko) Version/6.0 Mobile/10A523 Safari/8536.25"
82.113.98.87 - - [11/Dec/2012:13:42:12 +0100] "GET / HTTP/1.1" 200 2366 "-" "Mozilla/5.0 (iPhone; CPU iPhone OS 6_0_1 like Mac OS X) AppleWebKit/536.26 (KHTML, like Gecko) Version/6.0 Mobile/10A523 Safari/8536.25"
82.113.98.87 - - [11/Dec/2012:13:42:38 +0100] "GET / HTTP/1.1" 200 2366 "-" "Mozilla/5.0 (iPhone; CPU iPhone OS 6_0_1 like Mac OS X) AppleWebKit/536.26 (KHTML, like Gecko) Version/6.0 Mobile/10A523 Safari/8536.25"
66.249.75.187 - - [11/Dec/2012:13:51:48 +0100] "GET /01.html HTTP/1.1" 200 1982 "-" "Mozilla/5.0 (compatible; Googlebot/2.1; +http://www.google.com/bot.html)"
66.249.75.187 - - [11/Dec/2012:14:14:03 +0100] "GET /01.swf HTTP/1.1" 200 19349 "-" "Mozilla/5.0 (compatible; Googlebot/2.1; +http://www.google.com/bot.html)"
157.55.35.53 - - [11/Dec/2012:14:30:44 +0100] "GET /robots.txt HTTP/1.1" 404 1256 "-" "Mozilla/5.0 (compatible; bingbot/2.0; +http://www.bing.com/bingbot.htm)"
157.55.35.53 - - [11/Dec/2012:14:32:25 +0100] "GET /08.swf HTTP/1.1" 200 20405 "-" "Mozilla/5.0 (compatible; bingbot/2.0; +http://www.bing.com/bingbot.htm)"
157.55.34.171 - - [11/Dec/2012:14:35:26 +0100] "GET /08.html HTTP/1.1" 200 2005 "-" "Mozilla/5.0 (compatible; bingbot/2.0; +http://www.bing.com/bingbot.htm)"
157.56.92.165 - - [11/Dec/2012:14:35:28 +0100] "GET /AC_RunActiveContent.js HTTP/1.1" 200 8029 "http://www.dialyse-calw.de/08.html" "Mozilla/5.0 (Windows NT 6.1; WOW64) AppleWebKit/534+ (KHTML, like Gecko) BingPreview/1.0b"
157.56.92.165 - - [11/Dec/2012:14:35:29 +0100] "GET /08.swf HTTP/1.1" 200 20405 "http://www.dialyse-calw.de/08.swf" "Mozilla/5.0 (Windows NT 6.1; WOW64) AppleWebKit/534+ (KHTML, like Gecko) BingPreview/1.0b"
91.22.59.242 - - [11/Dec/2012:14:46:00 +0100] "GET / HTTP/1.0" 200 2366 "http://www.rhoen-klinikum-ag.com/rka/cms/pfk_2/deu/66265.html" "Mozilla/5.0 (Windows NT 5.1; rv:17.0) Gecko/20100101 Firefox/17.0"
91.22.59.242 - - [11/Dec/2012:14:46:00 +0100] "GET /00start.swf HTTP/1.0" 200 8575 "http://www.dialyse-pforzheim.de/" "Mozilla/5.0 (Windows NT 5.1; rv:17.0) Gecko/20100101 Firefox/17.0"
91.22.59.242 - - [11/Dec/2012:14:46:02 +0100] "GET /favicon.ico HTTP/1.0" 404 1256 "-" "Mozilla/5.0 (Windows NT 5.1; rv:17.0) Gecko/20100101 Firefox/17.0"
91.22.59.242 - - [11/Dec/2012:14:50:25 +0100] "GET / HTTP/1.0" 200 2366 "http://www.google.de/url?sa=t&rct=j&q=&esrc=s&source=web&cd=1&ved=0CDYQFjAA&url=http%3A%2F%2Fwww.dialyse-calw.de%2F&ei=FDrHUIrbI8nzsga2poGwAw&usg=AFQjCNECMxQiO0NOt3ERqW1uzT1RIToCeg" "Mozilla/5.0 (Windows NT 5.1; rv:17.0) Gecko/20100101 Firefox/17.0"
91.22.59.242 - - [11/Dec/2012:14:50:25 +0100] "GET /00start.swf HTTP/1.0" 200 8575 "http://www.dialyse-calw.de/" "Mozilla/5.0 (Windows NT 5.1; rv:17.0) Gecko/20100101 Firefox/17.0"
91.22.59.242 - - [11/Dec/2012:14:50:28 +0100] "GET /00themen00.html HTTP/1.0" 200 2254 "http://www.dialyse-calw.de/" "Mozilla/5.0 (Windows NT 5.1; rv:17.0) Gecko/20100101 Firefox/17.0"
91.22.59.242 - - [11/Dec/2012:14:50:28 +0100] "GET /favicon.ico HTTP/1.0" 404 1256 "-" "Mozilla/5.0 (Windows NT 5.1; rv:17.0) Gecko/20100101 Firefox/17.0"
91.22.59.242 - - [11/Dec/2012:14:50:29 +0100] "GET /AC_RunActiveContent.js HTTP/1.0" 200 8029 "http://www.dialyse-calw.de/00themen00.html" "Mozilla/5.0 (Windows NT 5.1; rv:17.0) Gecko/20100101 Firefox/17.0"
91.22.59.242 - - [11/Dec/2012:14:50:29 +0100] "GET /00themen00.swf HTTP/1.0" 200 136579 "http://www.dialyse-calw.de/00themen00.html" "Mozilla/5.0 (Windows NT 5.1; rv:17.0) Gecko/20100101 Firefox/17.0"
91.22.59.242 - - [11/Dec/2012:14:50:34 +0100] "GET /03.html HTTP/1.0" 200 1982 "http://www.dialyse-calw.de/00themen00.html" "Mozilla/5.0 (Windows NT 5.1; rv:17.0) Gecko/20100101 Firefox/17.0"
91.22.59.242 - - [11/Dec/2012:14:50:34 +0100] "GET /03.swf HTTP/1.0" 200 74505 "http://www.dialyse-calw.de/03.html" "Mozilla/5.0 (Windows NT 5.1; rv:17.0) Gecko/20100101 Firefox/17.0"
91.22.59.242 - - [11/Dec/2012:14:51:51 +0100] "GET /00themen00.html HTTP/1.0" 200 2254 "http://www.dialyse-pforzheim.de/" "Mozilla/5.0 (Windows NT 5.1; rv:17.0) Gecko/20100101 Firefox/17.0"
91.22.59.242 - - [11/Dec/2012:14:51:52 +0100] "GET /AC_RunActiveContent.js HTTP/1.0" 200 8029 "http://www.dialyse-pforzheim.de/00themen00.html" "Mozilla/5.0 (Windows NT 5.1; rv:17.0) Gecko/20100101 Firefox/17.0"
91.22.59.242 - - [11/Dec/2012:14:51:54 +0100] "GET /00themen00.swf HTTP/1.0" 200 136579 "http://www.dialyse-pforzheim.de/00themen00.html" "Mozilla/5.0 (Windows NT 5.1; rv:17.0) Gecko/20100101 Firefox/17.0"
91.22.59.242 - - [11/Dec/2012:14:51:58 +0100] "GET /03a.html HTTP/1.0" 200 1991 "http://www.dialyse-pforzheim.de/00themen00.html" "Mozilla/5.0 (Windows NT 5.1; rv:17.0) Gecko/20100101 Firefox/17.0"
91.22.59.242 - - [11/Dec/2012:14:51:58 +0100] "GET /03a.swf HTTP/1.0" 200 94997 "http://www.dialyse-pforzheim.de/03a.html" "Mozilla/5.0 (Windows NT 5.1; rv:17.0) Gecko/20100101 Firefox/17.0"
178.154.179.250 - - [11/Dec/2012:14:51:58 +0100] "GET /robots.txt HTTP/1.1" 404 1256 "-" "Mozilla/5.0 (compatible; YandexBot/3.0; +http://yandex.com/bots)"
91.22.59.242 - - [11/Dec/2012:14:52:06 +0100] "GET /03.html HTTP/1.0" 200 1982 "http://www.dialyse-pforzheim.de/00themen00.html" "Mozilla/5.0 (Windows NT 5.1; rv:17.0) Gecko/20100101 Firefox/17.0"
91.22.59.242 - - [11/Dec/2012:14:52:06 +0100] "GET /03.swf HTTP/1.0" 200 74505 "http://www.dialyse-pforzheim.de/03.html" "Mozilla/5.0 (Windows NT 5.1; rv:17.0) Gecko/20100101 Firefox/17.0"
173.242.124.160 - - [11/Dec/2012:15:00:16 +0100] "GET /robots.txt HTTP/1.0" 404 1256 "-" "Mozilla/5.0 (compatible; MJ12bot/v1.4.3; http://www.majestic12.co.uk/bot.php?+)"
173.242.124.160 - - [11/Dec/2012:15:00:19 +0100] "GET / HTTP/1.0" 200 2366 "-" "Mozilla/5.0 (compatible; MJ12bot/v1.4.3; http://www.majestic12.co.uk/bot.php?+)"
178.154.179.250 - - [11/Dec/2012:15:18:40 +0100] "GET / HTTP/1.1" 200 2366 "-" "Mozilla/5.0 (compatible; YandexBot/3.0; +http://yandex.com/bots)"
66.249.75.187 - - [11/Dec/2012:17:00:47 +0100] "GET /07.html HTTP/1.1" 304 - "-" "Mozilla/5.0 (compatible; Googlebot/2.1; +http://www.google.com/bot.html)"
66.249.75.187 - - [11/Dec/2012:17:20:24 +0100] "GET /02.html HTTP/1.1" 304 - "-" "Mozilla/5.0 (compatible; Googlebot/2.1; +http://www.google.com/bot.html)"
157.55.32.162 - - [11/Dec/2012:17:44:10 +0100] "GET /robots.txt HTTP/1.1" 404 1256 "-" "Mozilla/5.0 (compatible; bingbot/2.0; +http://www.bing.com/bingbot.htm)"
157.55.32.162 - - [11/Dec/2012:17:46:00 +0100] "GET / HTTP/1.1" 304 - "-" "Mozilla/5.0 (compatible; bingbot/2.0; +http://www.bing.com/bingbot.htm)"
178.154.179.250 - - [11/Dec/2012:18:49:32 +0100] "GET /index.html HTTP/1.1" 200 2366 "-" "Mozilla/5.0 (compatible; YandexBot/3.0; +http://yandex.com/bots)"
86.80.200.192 - - [11/Dec/2012:19:25:23 +0100] "GET / HTTP/1.1" 200 2366 "-" "Java/1.7.0_09"
86.80.200.192 - - [11/Dec/2012:19:25:23 +0100] "GET /'+fc_protocol+'://www.flash-counter.com/scripts/counter.js HTTP/1.1" 404 1256 "-" "Java/1.7.0_09"
176.123.0.57 - - [11/Dec/2012:19:32:24 +0100] "GET / HTTP/1.1" 200 2366 "http://myzko.com/" "Mozilla/5.0 (Windows NT 5.1; U; en) Opera 8.00"
176.123.0.57 - - [11/Dec/2012:19:32:25 +0100] "GET / HTTP/1.1" 200 2366 "http://myzko.com/" "Mozilla/5.0 (Windows NT 5.1; U; en) Opera 8.00"
123.125.71.38 - - [11/Dec/2012:19:48:56 +0100] "GET /robots.txt HTTP/1.1" 404 1256 "-" "Mozilla/5.0 (Windows NT 5.1; rv:6.0.2) Gecko/20100101 Firefox/6.0.2"
123.125.71.31 - - [11/Dec/2012:19:52:36 +0100] "GET / HTTP/1.1" 200 2366 "-" "Mozilla/5.0 (compatible; Baiduspider/2.0; +http://www.baidu.com/search/spider.html)"
157.55.33.111 - - [11/Dec/2012:19:56:44 +0100] "GET /robots.txt HTTP/1.1" 404 1256 "-" "Mozilla/5.0 (compatible; bingbot/2.0; +http://www.bing.com/bingbot.htm)"
157.55.33.111 - - [11/Dec/2012:19:58:33 +0100] "GET /04.swf HTTP/1.1" 200 62769 "-" "Mozilla/5.0 (compatible; bingbot/2.0; +http://www.bing.com/bingbot.htm)"
92.249.127.111 - - [11/Dec/2012:20:22:36 +0100] "GET / HTTP/1.1" 200 2366 "http://seocountry.net/" "Mozilla/5.0 (compatible; news bot /2.1)"
92.249.127.111 - - [11/Dec/2012:20:22:36 +0100] "GET / HTTP/1.1" 200 2366 "http://seocountry.net/" "Mozilla/5.0 (compatible; news bot /2.1)"
157.55.32.162 - - [11/Dec/2012:20:24:25 +0100] "GET /robots.txt HTTP/1.1" 404 1256 "-" "Mozilla/5.0 (compatible; bingbot/2.0; +http://www.bing.com/bingbot.htm)"
91.45.189.51 - - [11/Dec/2012:20:25:50 +0100] "GET / HTTP/1.1" 200 2366 "http://www.google.de/url?sa=t&rct=j&q=dialyse%20pforzheim&source=web&cd=1&ved=0CC8QFjAA&url=http%3A%2F%2Fwww.dialyse-calw.de%2F&ei=kojHUO3hNeiy0QHx_4CIDA&usg=AFQjCNECMxQiO0NOt3ERqW1uzT1RIToCeg" "Mozilla/5.0 (compatible; MSIE 9.0; Windows NT 6.0; Trident/5.0; tb-webde/1.8.2)"
91.45.189.51 - - [11/Dec/2012:20:25:50 +0100] "HEAD /00start.swf HTTP/1.1" 200 - "-" "contype"
91.45.189.51 - - [11/Dec/2012:20:25:52 +0100] "GET /00start.swf HTTP/1.1" 200 8575 "http://www.dialyse-calw.de/" "Mozilla/5.0 (compatible; MSIE 9.0; Windows NT 6.0; Trident/5.0; tb-webde/1.8.2)"
91.45.189.51 - - [11/Dec/2012:20:25:53 +0100] "GET /favicon.ico HTTP/1.1" 404 1256 "-" "Mozilla/5.0 (compatible; MSIE 9.0; Windows NT 6.0; Trident/5.0; tb-webde/1.8.2)"
91.45.189.51 - - [11/Dec/2012:20:25:54 +0100] "GET /favicon.ico HTTP/1.1" 404 1256 "-" "Mozilla/5.0 (compatible; Google Desktop/5.9.1005.12335; http://desktop.google.com/)"
91.45.189.51 - - [11/Dec/2012:20:26:02 +0100] "GET / HTTP/1.1" 200 2366 "http://www.dialyse-calw.de/" "Mozilla/5.0 (compatible; MSIE 9.0; Windows NT 6.0; Trident/5.0; tb-webde/1.8.2)"
91.45.189.51 - - [11/Dec/2012:20:26:02 +0100] "HEAD /00start.swf HTTP/1.1" 200 - "-" "contype"
91.45.189.51 - - [11/Dec/2012:20:26:03 +0100] "GET /00start.swf HTTP/1.1" 200 8575 "http://www.dialyse-pforzheim.de/" "Mozilla/5.0 (compatible; MSIE 9.0; Windows NT 6.0; Trident/5.0; tb-webde/1.8.2)"
91.45.189.51 - - [11/Dec/2012:20:26:05 +0100] "GET /favicon.ico HTTP/1.1" 404 1256 "-" "Mozilla/5.0 (compatible; MSIE 9.0; Windows NT 6.0; Trident/5.0; tb-webde/1.8.2)"
91.45.189.51 - - [11/Dec/2012:20:26:05 +0100] "GET /favicon.ico HTTP/1.1" 404 1256 "-" "Mozilla/5.0 (compatible; Google Desktop/5.9.1005.12335; http://desktop.google.com/)"
157.55.32.162 - - [11/Dec/2012:20:26:07 +0100] "GET / HTTP/1.1" 200 2366 "-" "Mozilla/5.0 (compatible; bingbot/2.0; +http://www.bing.com/bingbot.htm)"
91.45.189.51 - - [11/Dec/2012:20:26:08 +0100] "GET /00themen00.html HTTP/1.1" 200 2254 "http://www.dialyse-pforzheim.de/00start.swf" "Mozilla/5.0 (compatible; MSIE 9.0; Windows NT 6.0; Trident/5.0; tb-webde/1.8.2)"
91.45.189.51 - - [11/Dec/2012:20:26:08 +0100] "GET /AC_RunActiveContent.js HTTP/1.1" 200 8029 "http://www.dialyse-pforzheim.de/00themen00.html" "Mozilla/5.0 (compatible; MSIE 9.0; Windows NT 6.0; Trident/5.0; tb-webde/1.8.2)"
91.45.189.51 - - [11/Dec/2012:20:26:09 +0100] "GET /00themen00.swf HTTP/1.1" 200 136579 "http://www.dialyse-pforzheim.de/00themen00.html" "Mozilla/5.0 (compatible; MSIE 9.0; Windows NT 6.0; Trident/5.0; tb-webde/1.8.2)"
91.45.189.51 - - [11/Dec/2012:20:26:10 +0100] "GET /favicon.ico HTTP/1.1" 404 1256 "-" "Mozilla/5.0 (compatible; MSIE 9.0; Windows NT 6.0; Trident/5.0; tb-webde/1.8.2)"
91.45.189.51 - - [11/Dec/2012:20:26:22 +0100] "GET /03.html HTTP/1.1" 200 1982 "http://www.dialyse-pforzheim.de/00themen00.swf" "Mozilla/5.0 (compatible; MSIE 9.0; Windows NT 6.0; Trident/5.0; tb-webde/1.8.2)"
91.45.189.51 - - [11/Dec/2012:20:26:22 +0100] "GET /03.swf HTTP/1.1" 200 74505 "http://www.dialyse-pforzheim.de/03.html" "Mozilla/5.0 (compatible; MSIE 9.0; Windows NT 6.0; Trident/5.0; tb-webde/1.8.2)"
91.45.189.51 - - [11/Dec/2012:20:27:12 +0100] "GET /01.html HTTP/1.1" 200 1982 "http://www.dialyse-pforzheim.de/00themen00.swf" "Mozilla/5.0 (compatible; MSIE 9.0; Windows NT 6.0; Trident/5.0; tb-webde/1.8.2)"
91.45.189.51 - - [11/Dec/2012:20:27:12 +0100] "GET /01.swf HTTP/1.1" 200 19349 "http://www.dialyse-pforzheim.de/01.html" "Mozilla/5.0 (compatible; MSIE 9.0; Windows NT 6.0; Trident/5.0; tb-webde/1.8.2)"
91.45.189.51 - - [11/Dec/2012:20:27:37 +0100] "GET /03a.html HTTP/1.1" 200 1991 "http://www.dialyse-pforzheim.de/00themen00.swf" "Mozilla/5.0 (compatible; MSIE 9.0; Windows NT 6.0; Trident/5.0; tb-webde/1.8.2)"
91.45.189.51 - - [11/Dec/2012:20:27:38 +0100] "GET /03a.swf HTTP/1.1" 200 94997 "http://www.dialyse-pforzheim.de/03a.html" "Mozilla/5.0 (compatible; MSIE 9.0; Windows NT 6.0; Trident/5.0; tb-webde/1.8.2)"
91.45.189.51 - - [11/Dec/2012:20:28:08 +0100] "GET /04.html HTTP/1.1" 200 2106 "http://www.dialyse-pforzheim.de/00themen00.swf" "Mozilla/5.0 (compatible; MSIE 9.0; Windows NT 6.0; Trident/5.0; tb-webde/1.8.2)"
91.45.189.51 - - [11/Dec/2012:20:28:08 +0100] "GET /04.swf HTTP/1.1" 200 62769 "http://www.dialyse-pforzheim.de/04.html" "Mozilla/5.0 (compatible; MSIE 9.0; Windows NT 6.0; Trident/5.0; tb-webde/1.8.2)"
91.45.189.51 - - [11/Dec/2012:20:28:49 +0100] "GET /08.html HTTP/1.1" 200 2005 "http://www.dialyse-pforzheim.de/00themen00.swf" "Mozilla/5.0 (compatible; MSIE 9.0; Windows NT 6.0; Trident/5.0; tb-webde/1.8.2)"
91.45.189.51 - - [11/Dec/2012:20:28:49 +0100] "GET /08.swf HTTP/1.1" 200 20405 "http://www.dialyse-pforzheim.de/08.html" "Mozilla/5.0 (compatible; MSIE 9.0; Windows NT 6.0; Trident/5.0; tb-webde/1.8.2)"
80.56.0.83 - - [11/Dec/2012:20:37:02 +0100] "GET / HTTP/1.1" 200 2366 "-" "Java/1.6.0_30"
80.56.0.83 - - [11/Dec/2012:20:37:03 +0100] "GET /'+fc_protocol+'://www.flash-counter.com/scripts/counter.js HTTP/1.1" 404 1256 "-" "Java/1.6.0_30"
157.55.35.100 - - [11/Dec/2012:21:02:19 +0100] "GET /robots.txt HTTP/1.1" 404 1256 "-" "Mozilla/5.0 (compatible; bingbot/2.0; +http://www.bing.com/bingbot.htm)"
157.55.32.86 - - [11/Dec/2012:21:02:19 +0100] "GET /robots.txt HTTP/1.1" 404 1256 "-" "Mozilla/5.0 (compatible; bingbot/2.0; +http://www.bing.com/bingbot.htm)"
157.55.35.100 - - [11/Dec/2012:21:04:04 +0100] "GET /05.html HTTP/1.1" 200 1982 "-" "Mozilla/5.0 (compatible; bingbot/2.0; +http://www.bing.com/bingbot.htm)"
65.55.211.197 - - [11/Dec/2012:21:04:05 +0100] "GET /AC_RunActiveContent.js HTTP/1.1" 200 8029 "http://www.dialyse-pforzheim.de/05.html" "Mozilla/5.0 (Windows NT 6.1; WOW64) AppleWebKit/534+ (KHTML, like Gecko) BingPreview/1.0b"
65.55.211.197 - - [11/Dec/2012:21:04:06 +0100] "GET /05.swf HTTP/1.1" 200 58083 "http://www.dialyse-pforzheim.de/05.swf" "Mozilla/5.0 (Windows NT 6.1; WOW64) AppleWebKit/534+ (KHTML, like Gecko) BingPreview/1.0b"
157.55.32.86 - - [11/Dec/2012:21:04:09 +0100] "GET /05.swf HTTP/1.1" 200 58083 "-" "Mozilla/5.0 (compatible; bingbot/2.0; +http://www.bing.com/bingbot.htm)"
192.31.21.179 - - [11/Dec/2012:22:11:12 +0100] "GET /robots.txt HTTP/1.1" 404 1256 "-" "www.integromedb.org/Crawler"
192.31.21.179 - - [11/Dec/2012:22:11:13 +0100] "GET / HTTP/1.1" 200 2366 "-" "www.integromedb.org/Crawler"
157.55.32.86 - - [11/Dec/2012:22:22:06 +0100] "GET /robots.txt HTTP/1.1" 404 1256 "-" "Mozilla/5.0 (compatible; bingbot/2.0; +http://www.bing.com/bingbot.htm)"
157.55.32.86 - - [11/Dec/2012:22:24:31 +0100] "GET /00themen00.html HTTP/1.1" 200 2254 "-" "Mozilla/5.0 (compatible; bingbot/2.0; +http://www.bing.com/bingbot.htm)"
65.55.208.170 - - [11/Dec/2012:22:24:32 +0100] "GET /00themen00.swf HTTP/1.1" 200 136579 "http://www.dialyse-pforzheim.de/00themen00.swf" "Mozilla/5.0 (Windows NT 6.1; WOW64) AppleWebKit/534+ (KHTML, like Gecko) BingPreview/1.0b"
86.80.200.192 - - [11/Dec/2012:22:45:55 +0100] "GET / HTTP/1.1" 200 2366 "-" "Java/1.7.0_09"
86.80.200.192 - - [11/Dec/2012:22:45:58 +0100] "GET /'+fc_protocol+'://www.flash-counter.com/scripts/counter.js HTTP/1.1" 404 1256 "-" "Java/1.7.0_09"
157.55.32.95 - - [11/Dec/2012:22:48:30 +0100] "GET /00themen00.swf HTTP/1.1" 200 136579 "-" "Mozilla/5.0 (compatible; bingbot/2.0; +http://www.bing.com/bingbot.htm)"
66.249.75.187 - - [12/Dec/2012:00:04:44 +0100] "GET /04Karteaaa.swf HTTP/1.1" 200 18538 "-" "Mozilla/5.0 (compatible; Googlebot/2.1; +http://www.google.com/bot.html)"
5.9.112.68 - - [12/Dec/2012:00:50:10 +0100] "GET /robots.txt HTTP/1.1" 404 1256 "-" "Mozilla/5.0 (compatible; SISTRIX Crawler; http://crawler.sistrix.net/)"
5.9.112.68 - - [12/Dec/2012:00:50:11 +0100] "GET / HTTP/1.1" 200 2366 "-" "Mozilla/5.0 (compatible; SISTRIX Crawler; http://crawler.sistrix.net/)"
66.249.75.187 - - [12/Dec/2012:01:03:31 +0100] "GET /robots.txt HTTP/1.1" 404 1256 "-" "Mozilla/5.0 (compatible; Googlebot/2.1; +http://www.google.com/bot.html)"
173.199.120.163 - - [12/Dec/2012:03:25:11 +0100] "GET / HTTP/1.1" 200 2366 "-" "Mozilla/5.0 (compatible; AhrefsBot/4.0; +http://ahrefs.com/robot/)"
157.55.33.19 - - [12/Dec/2012:03:31:35 +0100] "GET /robots.txt HTTP/1.1" 404 1256 "-" "Mozilla/5.0 (compatible; bingbot/2.0; +http://www.bing.com/bingbot.htm)"
157.55.33.19 - - [12/Dec/2012:03:33:10 +0100] "GET /09.swf HTTP/1.1" 200 23096 "-" "Mozilla/5.0 (compatible; bingbot/2.0; +http://www.bing.com/bingbot.htm)"
157.55.36.37 - - [12/Dec/2012:03:39:11 +0100] "GET /09.html HTTP/1.1" 200 2086 "-" "Mozilla/5.0 (compatible; bingbot/2.0; +http://www.bing.com/bingbot.htm)"
89.108.102.171 - - [12/Dec/2012:04:13:54 +0100] "GET / HTTP/1.1" 200 2366 "http://exspain.ru/" "Mozilla/4.0 (compatible; MSIE 7.0b; Windows NT 6.0)"
89.108.102.171 - - [12/Dec/2012:04:13:54 +0100] "GET / HTTP/1.1" 200 2366 "http://exspain.ru/" "Mozilla/4.0 (compatible; MSIE 7.0b; Windows NT 6.0)"
66.249.75.187 - - [12/Dec/2012:04:14:36 +0100] "GET /00themen00.html HTTP/1.1" 200 2254 "-" "Mozilla/5.0 (iPhone; U; CPU iPhone OS 4_1 like Mac OS X; en-us) AppleWebKit/532.9 (KHTML, like Gecko) Version/4.0.5 Mobile/8B117 Safari/6531.22.7 (compatible; Googlebot-Mobile/2.1; +http://www.google.com/bot.html)"
178.255.215.67 - - [12/Dec/2012:05:10:11 +0100] "GET /robots.txt HTTP/1.1" 404 1256 "-" "Mozilla/5.0 (compatible; Exabot/3.0; +http://www.exabot.com/go/robot)"
178.255.215.67 - - [12/Dec/2012:05:10:11 +0100] "GET / HTTP/1.1" 304 - "-" "Mozilla/5.0 (compatible; Exabot/3.0; +http://www.exabot.com/go/robot)"
157.55.35.40 - - [12/Dec/2012:05:44:13 +0100] "GET /robots.txt HTTP/1.1" 404 1256 "-" "Mozilla/5.0 (compatible; bingbot/2.0; +http://www.bing.com/bingbot.htm)"
65.55.24.219 - - [12/Dec/2012:05:46:14 +0100] "GET /03.swf HTTP/1.1" 200 74505 "-" "Mozilla/5.0 (compatible; bingbot/2.0; +http://www.bing.com/bingbot.htm)"
157.55.35.40 - - [12/Dec/2012:05:46:47 +0100] "GET /03.html HTTP/1.1" 200 1982 "-" "Mozilla/5.0 (compatible; bingbot/2.0; +http://www.bing.com/bingbot.htm)"
65.55.210.110 - - [12/Dec/2012:05:46:48 +0100] "GET /AC_RunActiveContent.js HTTP/1.1" 200 8029 "http://www.dialyse-calw.de/03.html" "Mozilla/5.0 (Windows NT 6.1; WOW64) AppleWebKit/534+ (KHTML, like Gecko) BingPreview/1.0b"
65.55.210.110 - - [12/Dec/2012:05:46:49 +0100] "GET /03.swf HTTP/1.1" 200 74505 "http://www.dialyse-calw.de/03.swf" "Mozilla/5.0 (Windows NT 6.1; WOW64) AppleWebKit/534+ (KHTML, like Gecko) BingPreview/1.0b"
157.55.33.40 - - [12/Dec/2012:06:59:19 +0100] "GET /robots.txt HTTP/1.1" 404 1256 "-" "Mozilla/5.0 (compatible; bingbot/2.0; +http://www.bing.com/bingbot.htm)"
157.55.33.40 - - [12/Dec/2012:07:01:23 +0100] "GET / HTTP/1.1" 200 2366 "-" "Mozilla/5.0 (compatible; bingbot/2.0; +http://www.bing.com/bingbot.htm)"
178.154.179.250 - - [12/Dec/2012:07:32:29 +0100] "GET / HTTP/1.1" 304 - "-" "Mozilla/5.0 (compatible; YandexBot/3.0; +http://yandex.com/bots)"
92.74.238.49 - - [12/Dec/2012:07:44:51 +0100] "GET / HTTP/1.1" 200 2366 "http://www.google.de/search?q=dialyse&ie=UTF-8&oe=UTF-8&hl=de&client=safari" "Mozilla/5.0 (iPod; U; CPU iPhone OS 4_2_1 like Mac OS X; de-de) AppleWebKit/533.17.9 (KHTML, like Gecko) Version/5.0.2 Mobile/8C148 Safari/6533.18.5"
193.106.136.37 - - [12/Dec/2012:08:12:15 +0100] "GET / HTTP/1.1" 200 2366 "http://avtoads.net/" "Mozilla/4.0 (compatible; MSIE 6.0; Windows NT 5.1; FREE; .NET CLR 1.1.4322)"
193.106.136.37 - - [12/Dec/2012:08:12:16 +0100] "GET / HTTP/1.1" 200 2366 "http://avtoads.net/" "Mozilla/4.0 (compatible; MSIE 6.0; Windows NT 5.1; FREE; .NET CLR 1.1.4322)"
92.249.127.111 - - [12/Dec/2012:08:41:36 +0100] "GET / HTTP/1.1" 200 2366 "http://www.turbo-motors.com/" "Mozilla/5.0 (compatible; news bot /2.1)"
92.249.127.111 - - [12/Dec/2012:08:41:37 +0100] "GET / HTTP/1.1" 200 2366 "http://www.turbo-motors.com/" "Mozilla/5.0 (compatible; news bot /2.1)"
95.114.8.42 - - [12/Dec/2012:09:49:42 +0100] "GET / HTTP/1.1" 200 2366 "http://siloah.de/cms/siloah/mvz_31.html" "Mozilla/5.0 (iPad; U; CPU OS 4_3 like Mac OS X; de-de) AppleWebKit/533.17.9 (KHTML, like Gecko) Version/5.0.2 Mobile/8F191 Safari/6533.18.5"
157.55.33.111 - - [12/Dec/2012:09:50:52 +0100] "GET /robots.txt HTTP/1.1" 404 1256 "-" "Mozilla/5.0 (compatible; bingbot/2.0; +http://www.bing.com/bingbot.htm)"
157.55.33.111 - - [12/Dec/2012:09:53:15 +0100] "GET / HTTP/1.1" 200 2366 "-" "Mozilla/5.0 (compatible; bingbot/2.0; +http://www.bing.com/bingbot.htm)"
94.216.208.138 - - [12/Dec/2012:11:14:13 +0100] "GET /favicon.ico HTTP/1.1" 404 1256 "-" "Mozilla/5.0 (Windows NT 6.1; WOW64; rv:17.0) Gecko/20100101 Firefox/17.0"
173.199.115.155 - - [12/Dec/2012:11:35:30 +0100] "GET / HTTP/1.1" 200 2366 "-" "Mozilla/5.0 (compatible; AhrefsBot/4.0; +http://ahrefs.com/robot/)"
194.42.108.8 - - [12/Dec/2012:11:46:30 +0100] "GET / HTTP/1.0" 200 2366 "http://siloah.de/cms/siloah/mvz_31.html" "Mozilla/4.0 (compatible; MSIE 8.0; Windows NT 5.1; Trident/4.0; .NET CLR 1.1.4322; .NET CLR 2.0.50727; .NET CLR 3.0.4506.2152; .NET CLR 3.5.30729; .NET4.0C; .NET4.0E)"
194.42.108.8 - - [12/Dec/2012:11:46:32 +0100] "GET /00start.swf HTTP/1.0" 200 8575 "-" "contype"
194.42.108.8 - - [12/Dec/2012:11:46:32 +0100] "GET /00start.swf HTTP/1.0" 200 8575 "http://www.dialyse-calw.de/" "Mozilla/4.0 (compatible; MSIE 8.0; Windows NT 5.1; Trident/4.0; .NET CLR 1.1.4322; .NET CLR 2.0.50727; .NET CLR 3.0.4506.2152; .NET CLR 3.5.30729; .NET4.0C; .NET4.0E)"
194.42.108.8 - - [12/Dec/2012:11:46:33 +0100] "GET /favicon.ico HTTP/1.0" 404 1256 "-" "Mozilla/4.0 (compatible; MSIE 8.0; Windows NT 5.1; Trident/4.0; .NET CLR 1.1.4322; .NET CLR 2.0.50727; .NET CLR 3.0.4506.2152; .NET CLR 3.5.30729; .NET4.0C; .NET4.0E)"
109.120.157.179 - - [12/Dec/2012:12:57:21 +0100] "GET / HTTP/1.1" 200 2366 "http://0va.ru/" "Mozilla/5.0 (compatible; Add Catalog/2.1;)"
109.120.157.179 - - [12/Dec/2012:12:57:21 +0100] "GET / HTTP/1.1" 200 2366 "http://0va.ru/" "Mozilla/5.0 (compatible; Add Catalog/2.1;)"
173.45.73.18 - - [12/Dec/2012:13:50:00 +0100] "GET / HTTP/1.1" 200 2366 "-" "Mozilla/5.0 (Windows NT 6.1; rv:16.0) Gecko/20100101 Firefox/16.0"
157.55.36.45 - - [12/Dec/2012:13:54:37 +0100] "GET /robots.txt HTTP/1.1" 404 1256 "-" "Mozilla/5.0 (compatible; bingbot/2.0; +http://www.bing.com/bingbot.htm)"
66.249.75.36 - - [12/Dec/2012:14:00:21 +0100] "GET /robots.txt HTTP/1.1" 404 1256 "-" "Mozilla/5.0 (compatible; Googlebot/2.1; +http://www.google.com/bot.html)"
66.249.75.36 - - [12/Dec/2012:14:00:21 +0100] "GET /08.swf HTTP/1.1" 200 20405 "-" "Mozilla/5.0 (iPhone; U; CPU iPhone OS 4_1 like Mac OS X; en-us) AppleWebKit/532.9 (KHTML, like Gecko) Version/4.0.5 Mobile/8B117 Safari/6531.22.7 (compatible; Googlebot-Mobile/2.1; +http://www.google.com/bot.html)"
157.55.36.45 - - [12/Dec/2012:14:09:13 +0100] "GET /07.html HTTP/1.1" 200 2319 "-" "Mozilla/5.0 (compatible; bingbot/2.0; +http://www.bing.com/bingbot.htm)"
66.249.75.187 - - [12/Dec/2012:14:22:21 +0100] "GET /robots.txt HTTP/1.1" 404 1256 "-" "Mozilla/5.0 (compatible; Googlebot/2.1; +http://www.google.com/bot.html)"
66.249.75.187 - - [12/Dec/2012:14:22:21 +0100] "GET /aaifbxspduy.html HTTP/1.1" 404 1256 "-" "Mozilla/5.0 (compatible; Googlebot/2.1; +http://www.google.com/bot.html)"
157.55.32.82 - - [12/Dec/2012:14:33:21 +0100] "GET /robots.txt HTTP/1.1" 404 1256 "-" "Mozilla/5.0 (compatible; bingbot/2.0; +http://www.bing.com/bingbot.htm)"
157.55.32.82 - - [12/Dec/2012:14:38:18 +0100] "GET / HTTP/1.1" 200 2366 "-" "Mozilla/5.0 (compatible; bingbot/2.0; +http://www.bing.com/bingbot.htm)"
173.45.104.226 - - [12/Dec/2012:15:03:23 +0100] "GET / HTTP/1.1" 200 2366 "-" "Mozilla/5.0 (Windows NT 6.1; rv:16.0) Gecko/20100101 Firefox/16.0"
66.249.75.187 - - [12/Dec/2012:16:17:50 +0100] "GET / HTTP/1.1" 200 2366 "-" "Mozilla/5.0 (compatible; Googlebot/2.1; +http://www.google.com/bot.html)"
194.25.45.16 - - [12/Dec/2012:16:49:56 +0100] "GET / HTTP/1.0" 200 2366 "http://www.google.de/url?sa=t&rct=j&q=dialyse+pforzheim&source=web&cd=1&ved=0CC8QFjAA&url=http%3A%2F%2Fwww.dialyse-calw.de%2F&ei=gqfIUIHkNtHJswbajYCIBw&usg=AFQjCNECMxQiO0NOt3ERqW1uzT1RIToCeg&bvm=bv.1354675689,d.Yms" "Mozilla/4.0 (compatible; MSIE 8.0; Windows NT 5.2; Trident/4.0; .NET CLR 1.1.4322; .NET CLR 2.0.50727; .NET CLR 3.0.4506.2152; .NET CLR 3.5.30729; .NET4.0C; .NET4.0E)"
194.25.45.16 - - [12/Dec/2012:16:49:56 +0100] "GET /00start.swf HTTP/1.0" 200 8575 "-" "contype"
194.25.45.16 - - [12/Dec/2012:16:49:57 +0100] "GET /favicon.ico HTTP/1.0" 404 1256 "-" "Mozilla/4.0 (compatible; MSIE 8.0; Windows NT 5.2; Trident/4.0; .NET CLR 1.1.4322; .NET CLR 2.0.50727; .NET CLR 3.0.4506.2152; .NET CLR 3.5.30729; .NET4.0C; .NET4.0E)"
194.25.45.16 - - [12/Dec/2012:16:50:10 +0100] "GET / HTTP/1.0" 200 2366 "http://www.dialyse-calw.de/" "Mozilla/4.0 (compatible; MSIE 8.0; Windows NT 5.2; Trident/4.0; .NET CLR 1.1.4322; .NET CLR 2.0.50727; .NET CLR 3.0.4506.2152; .NET CLR 3.5.30729; .NET4.0C; .NET4.0E)"
194.25.45.16 - - [12/Dec/2012:16:50:10 +0100] "GET /00start.swf HTTP/1.0" 200 8575 "-" "contype"
194.25.45.16 - - [12/Dec/2012:16:50:10 +0100] "GET /00start.swf HTTP/1.0" 200 8575 "http://www.dialyse-pforzheim.de/" "Mozilla/4.0 (compatible; MSIE 8.0; Windows NT 5.2; Trident/4.0; .NET CLR 1.1.4322; .NET CLR 2.0.50727; .NET CLR 3.0.4506.2152; .NET CLR 3.5.30729; .NET4.0C; .NET4.0E)"
194.25.45.16 - - [12/Dec/2012:16:50:11 +0100] "GET /favicon.ico HTTP/1.0" 404 1256 "-" "Mozilla/4.0 (compatible; MSIE 8.0; Windows NT 5.2; Trident/4.0; .NET CLR 1.1.4322; .NET CLR 2.0.50727; .NET CLR 3.0.4506.2152; .NET CLR 3.5.30729; .NET4.0C; .NET4.0E)"
194.25.45.16 - - [12/Dec/2012:16:50:13 +0100] "GET /00themen00.html HTTP/1.0" 200 2254 "http://www.dialyse-pforzheim.de/00start.swf" "Mozilla/4.0 (compatible; MSIE 8.0; Windows NT 5.2; Trident/4.0; .NET CLR 1.1.4322; .NET CLR 2.0.50727; .NET CLR 3.0.4506.2152; .NET CLR 3.5.30729; .NET4.0C; .NET4.0E)"
194.25.45.16 - - [12/Dec/2012:16:50:13 +0100] "GET /AC_RunActiveContent.js HTTP/1.0" 200 8029 "http://www.dialyse-pforzheim.de/00start.swf" "Mozilla/4.0 (compatible; MSIE 8.0; Windows NT 5.2; Trident/4.0; .NET CLR 1.1.4322; .NET CLR 2.0.50727; .NET CLR 3.0.4506.2152; .NET CLR 3.5.30729; .NET4.0C; .NET4.0E)"
194.25.45.16 - - [12/Dec/2012:16:50:13 +0100] "GET /00themen00.swf HTTP/1.0" 200 136579 "http://www.dialyse-pforzheim.de/00themen00.html" "Mozilla/4.0 (compatible; MSIE 8.0; Windows NT 5.2; Trident/4.0; .NET CLR 1.1.4322; .NET CLR 2.0.50727; .NET CLR 3.0.4506.2152; .NET CLR 3.5.30729; .NET4.0C; .NET4.0E)"
194.25.45.16 - - [12/Dec/2012:16:50:19 +0100] "GET /03.html HTTP/1.0" 200 1982 "http://www.dialyse-pforzheim.de/00themen00.swf" "Mozilla/4.0 (compatible; MSIE 8.0; Windows NT 5.2; Trident/4.0; .NET CLR 1.1.4322; .NET CLR 2.0.50727; .NET CLR 3.0.4506.2152; .NET CLR 3.5.30729; .NET4.0C; .NET4.0E)"
194.25.45.16 - - [12/Dec/2012:16:50:19 +0100] "GET /03.swf HTTP/1.0" 200 74505 "http://www.dialyse-pforzheim.de/03.html" "Mozilla/4.0 (compatible; MSIE 8.0; Windows NT 5.2; Trident/4.0; .NET CLR 1.1.4322; .NET CLR 2.0.50727; .NET CLR 3.0.4506.2152; .NET CLR 3.5.30729; .NET4.0C; .NET4.0E)"
173.199.114.179 - - [12/Dec/2012:16:51:56 +0100] "GET / HTTP/1.1" 200 2366 "-" "Mozilla/5.0 (compatible; AhrefsBot/4.0; +http://ahrefs.com/robot/)"
178.137.129.27 - - [12/Dec/2012:17:01:57 +0100] "GET / HTTP/1.1" 200 2366 "http://www.forexbusinessman.net/" "Mozilla/4.0 (compatible; Powermarks/3.5; Windows 95/98/2000/NT)"
178.137.129.27 - - [12/Dec/2012:17:01:58 +0100] "GET / HTTP/1.1" 200 2366 "http://www.forexbusinessman.net/" "Mozilla/4.0 (compatible; Powermarks/3.5; Windows 95/98/2000/NT)"
157.55.33.111 - - [12/Dec/2012:17:27:41 +0100] "GET /robots.txt HTTP/1.1" 404 1256 "-" "Mozilla/5.0 (compatible; bingbot/2.0; +http://www.bing.com/bingbot.htm)"
157.55.33.111 - - [12/Dec/2012:17:29:54 +0100] "GET /02.html HTTP/1.1" 200 1982 "-" "Mozilla/5.0 (compatible; bingbot/2.0; +http://www.bing.com/bingbot.htm)"
157.55.34.74 - - [12/Dec/2012:17:29:56 +0100] "GET /AC_RunActiveContent.js HTTP/1.1" 200 8029 "http://www.dialyse-pforzheim.de/02.html" "Mozilla/5.0 (Windows NT 6.1; WOW64) AppleWebKit/534+ (KHTML, like Gecko) BingPreview/1.0b"
157.55.34.74 - - [12/Dec/2012:17:29:57 +0100] "GET /02.swf HTTP/1.1" 200 22781 "http://www.dialyse-pforzheim.de/02.swf" "Mozilla/5.0 (Windows NT 6.1; WOW64) AppleWebKit/534+ (KHTML, like Gecko) BingPreview/1.0b"
157.55.33.111 - - [12/Dec/2012:17:30:17 +0100] "GET /02.swf HTTP/1.1" 200 22781 "-" "Mozilla/5.0 (compatible; bingbot/2.0; +http://www.bing.com/bingbot.htm)"
95.108.150.235 - - [12/Dec/2012:17:31:33 +0100] "GET /robots.txt HTTP/1.1" 404 1256 "-" "Mozilla/5.0 (compatible; YandexBot/3.0; +http://yandex.com/bots)"
95.108.150.235 - - [12/Dec/2012:17:31:33 +0100] "GET /robots.txt HTTP/1.1" 404 1256 "-" "Mozilla/5.0 (compatible; YandexBot/3.0; +http://yandex.com/bots)"
95.108.150.235 - - [12/Dec/2012:17:31:34 +0100] "GET / HTTP/1.1" 200 2366 "-" "Mozilla/5.0 (compatible; YandexBot/3.0; +http://yandex.com/bots)"
95.108.150.235 - - [12/Dec/2012:17:31:34 +0100] "GET / HTTP/1.1" 200 2366 "-" "Mozilla/5.0 (compatible; YandexBot/3.0; +http://yandex.com/bots)"
95.108.150.235 - - [12/Dec/2012:17:31:35 +0100] "GET / HTTP/1.1" 200 2366 "-" "Mozilla/5.0 (compatible; YandexBot/3.0; +http://yandex.com/bots)"
95.108.150.235 - - [12/Dec/2012:17:31:35 +0100] "GET / HTTP/1.1" 200 2366 "-" "Mozilla/5.0 (compatible; YandexBot/3.0; +http://yandex.com/bots)"
95.108.150.235 - - [12/Dec/2012:17:31:36 +0100] "GET /robots.txt HTTP/1.1" 404 1256 "-" "Mozilla/5.0 (compatible; YandexBot/3.0; +http://yandex.com/bots)"
95.108.150.235 - - [12/Dec/2012:17:31:37 +0100] "GET / HTTP/1.1" 200 2366 "-" "Mozilla/5.0 (compatible; YandexBot/3.0; +http://yandex.com/bots)"
95.108.150.235 - - [12/Dec/2012:17:31:38 +0100] "GET / HTTP/1.1" 200 2366 "-" "Mozilla/5.0 (compatible; YandexBot/3.0; +http://yandex.com/bots)"
157.55.32.162 - - [12/Dec/2012:17:53:51 +0100] "GET /robots.txt HTTP/1.1" 404 1256 "-" "Mozilla/5.0 (compatible; bingbot/2.0; +http://www.bing.com/bingbot.htm)"
157.55.32.162 - - [12/Dec/2012:17:55:45 +0100] "GET / HTTP/1.1" 304 - "-" "Mozilla/5.0 (compatible; bingbot/2.0; +http://www.bing.com/bingbot.htm)"
31.164.164.154 - - [12/Dec/2012:18:13:59 +0100] "GET / HTTP/1.1" 200 2366 "-" "findlinks/2.1.5 (+http://wortschatz.uni-leipzig.de/findlinks/)"
157.55.35.40 - - [12/Dec/2012:18:34:10 +0100] "GET /00themen00.html HTTP/1.1" 200 2254 "-" "Mozilla/5.0 (compatible; bingbot/2.0; +http://www.bing.com/bingbot.htm)"
157.56.229.76 - - [12/Dec/2012:18:34:11 +0100] "GET /AC_RunActiveContent.js HTTP/1.1" 200 8029 "http://www.dialyse-calw.de/00themen00.html" "Mozilla/5.0 (Windows NT 6.1; WOW64) AppleWebKit/534+ (KHTML, like Gecko) BingPreview/1.0b"
157.56.229.76 - - [12/Dec/2012:18:34:12 +0100] "GET /00themen00.swf HTTP/1.1" 200 136579 "http://www.dialyse-calw.de/00themen00.swf" "Mozilla/5.0 (Windows NT 6.1; WOW64) AppleWebKit/534+ (KHTML, like Gecko) BingPreview/1.0b"
157.55.32.141 - - [12/Dec/2012:18:34:49 +0100] "GET /00themen00.swf HTTP/1.1" 200 136579 "-" "Mozilla/5.0 (compatible; bingbot/2.0; +http://www.bing.com/bingbot.htm)"
157.55.33.111 - - [12/Dec/2012:19:05:47 +0100] "GET /robots.txt HTTP/1.1" 404 1256 "-" "Mozilla/5.0 (compatible; bingbot/2.0; +http://www.bing.com/bingbot.htm)"
178.2.88.170 - - [12/Dec/2012:19:06:52 +0100] "GET / HTTP/1.1" 200 2366 "http://www.siloah.de/cms/siloah_27.html" "Mozilla/4.0 (compatible; MSIE 8.0; Windows NT 5.1; Trident/4.0; GTB7.4; .NET CLR 1.1.4322; .NET CLR 2.0.50727; .NET CLR 3.0.4506.2152; .NET CLR 3.5.30729; AskTbORJ/5.15.4.23821)"
178.2.88.170 - - [12/Dec/2012:19:06:52 +0100] "GET /00start.swf HTTP/1.1" 200 8575 "-" "contype"
178.2.88.170 - - [12/Dec/2012:19:06:52 +0100] "GET /00start.swf HTTP/1.1" 200 8575 "http://www.dialyse-calw.de/" "Mozilla/4.0 (compatible; MSIE 8.0; Windows NT 5.1; Trident/4.0; GTB7.4; .NET CLR 1.1.4322; .NET CLR 2.0.50727; .NET CLR 3.0.4506.2152; .NET CLR 3.5.30729; AskTbORJ/5.15.4.23821)"
178.2.88.170 - - [12/Dec/2012:19:06:54 +0100] "GET /favicon.ico HTTP/1.1" 404 1256 "-" "Mozilla/4.0 (compatible; MSIE 8.0; Windows NT 5.1; Trident/4.0; GTB7.4; .NET CLR 1.1.4322; .NET CLR 2.0.50727; .NET CLR 3.0.4506.2152; .NET CLR 3.5.30729; AskTbORJ/5.15.4.23821)"
157.55.33.111 - - [12/Dec/2012:19:07:40 +0100] "GET /02.html HTTP/1.1" 200 1982 "-" "Mozilla/5.0 (compatible; bingbot/2.0; +http://www.bing.com/bingbot.htm)"
157.55.33.111 - - [12/Dec/2012:19:07:40 +0100] "GET /02.swf HTTP/1.1" 200 22781 "-" "Mozilla/5.0 (compatible; bingbot/2.0; +http://www.bing.com/bingbot.htm)"
65.55.211.223 - - [12/Dec/2012:19:07:43 +0100] "GET /02.swf HTTP/1.1" 200 22781 "http://www.dialyse-pforzheim.de/02.swf" "Mozilla/5.0 (Windows NT 6.1; WOW64) AppleWebKit/534+ (KHTML, like Gecko) BingPreview/1.0b"
178.154.179.250 - - [12/Dec/2012:19:31:50 +0100] "GET /robots.txt HTTP/1.1" 404 1256 "-" "Mozilla/5.0 (compatible; YandexBot/3.0; +http://yandex.com/bots)"
178.154.179.250 - - [12/Dec/2012:19:31:53 +0100] "GET /00start.swf HTTP/1.1" 200 8575 "-" "Mozilla/5.0 (compatible; YandexBot/3.0; +http://yandex.com/bots)"
5.9.40.194 - - [12/Dec/2012:19:41:37 +0100] "GET /robots.txt HTTP/1.1" 404 1256 "-" "Mozilla/5.0 (compatible; MSIE 9.0; Windows NT 6.1; Win64; x64; Trident/5.0; MALC)"
5.9.40.194 - - [12/Dec/2012:19:41:37 +0100] "GET / HTTP/1.1" 200 2366 "-" "Mozilla/5.0 (compatible; MSIE 9.0; Windows NT 6.1; Win64; x64; Trident/5.0; MALC)"
176.9.146.19 - - [12/Dec/2012:19:45:35 +0100] "GET /robots.txt HTTP/1.1" 404 1256 "-" "Mozilla/5.0 (compatible; SISTRIX Crawler; http://crawler.sistrix.net/)"
176.9.146.19 - - [12/Dec/2012:19:45:35 +0100] "GET / HTTP/1.1" 200 2366 "-" "Mozilla/5.0 (compatible; SISTRIX Crawler; http://crawler.sistrix.net/)"
157.55.32.162 - - [12/Dec/2012:20:08:18 +0100] "GET /robots.txt HTTP/1.1" 404 1256 "-" "Mozilla/5.0 (compatible; bingbot/2.0; +http://www.bing.com/bingbot.htm)"
157.55.32.162 - - [12/Dec/2012:20:09:47 +0100] "GET / HTTP/1.1" 200 2366 "-" "Mozilla/5.0 (compatible; bingbot/2.0; +http://www.bing.com/bingbot.htm)"
173.199.116.27 - - [12/Dec/2012:20:34:35 +0100] "GET / HTTP/1.1" 200 2366 "-" "Mozilla/5.0 (compatible; AhrefsBot/4.0; +http://ahrefs.com/robot/)"
176.123.0.57 - - [12/Dec/2012:23:15:10 +0100] "GET / HTTP/1.1" 200 2366 "http://www.prostitutki-voronezh.ru/" "Opera/9.00 (Windows NT 4.0; U; en)"
176.123.0.57 - - [12/Dec/2012:23:15:10 +0100] "GET / HTTP/1.1" 200 2366 "http://www.prostitutki-voronezh.ru/" "Opera/9.00 (Windows NT 4.0; U; en)"
157.55.32.162 - - [12/Dec/2012:23:27:13 +0100] "GET /robots.txt HTTP/1.1" 404 1256 "-" "Mozilla/5.0 (compatible; bingbot/2.0; +http://www.bing.com/bingbot.htm)"
157.55.32.162 - - [12/Dec/2012:23:28:54 +0100] "GET /06.html HTTP/1.1" 200 2278 "-" "Mozilla/5.0 (compatible; bingbot/2.0; +http://www.bing.com/bingbot.htm)"
65.55.208.99 - - [12/Dec/2012:23:28:56 +0100] "GET /06.swf HTTP/1.1" 200 20731 "http://www.dialyse-calw.de/06.swf" "Mozilla/5.0 (Windows NT 6.1; WOW64) AppleWebKit/534+ (KHTML, like Gecko) BingPreview/1.0b"
157.55.36.37 - - [13/Dec/2012:00:02:54 +0100] "GET /06.swf HTTP/1.1" 200 20731 "-" "Mozilla/5.0 (compatible; bingbot/2.0; +http://www.bing.com/bingbot.htm)"
178.154.179.250 - - [13/Dec/2012:00:57:11 +0100] "GET /robots.txt HTTP/1.1" 404 1256 "-" "Mozilla/5.0 (compatible; YandexBot/3.0; +http://yandex.com/bots)"
157.55.33.40 - - [13/Dec/2012:01:07:12 +0100] "GET /robots.txt HTTP/1.1" 404 1256 "-" "Mozilla/5.0 (compatible; bingbot/2.0; +http://www.bing.com/bingbot.htm)"
65.55.24.219 - - [13/Dec/2012:01:09:19 +0100] "GET /05.html HTTP/1.1" 200 1982 "-" "Mozilla/5.0 (compatible; bingbot/2.0; +http://www.bing.com/bingbot.htm)"
157.55.33.40 - - [13/Dec/2012:01:09:19 +0100] "GET /05.swf HTTP/1.1" 200 58083 "-" "Mozilla/5.0 (compatible; bingbot/2.0; +http://www.bing.com/bingbot.htm)"
157.56.92.177 - - [13/Dec/2012:01:09:24 +0100] "GET /05.swf HTTP/1.1" 200 58083 "http://www.dialyse-calw.de/05.swf" "Mozilla/5.0 (Windows NT 6.1; WOW64) AppleWebKit/534+ (KHTML, like Gecko) BingPreview/1.0b"
178.137.129.27 - - [13/Dec/2012:01:37:32 +0100] "GET / HTTP/1.1" 200 2366 "http://ua-realtor.com.ua/" "Mozilla/4.0 (compatible; MSIE 6.0; Windows NT 5.1; .NET CLR 1.1.4322)"
178.137.129.27 - - [13/Dec/2012:01:37:33 +0100] "GET / HTTP/1.1" 200 2366 "http://ua-realtor.com.ua/" "Mozilla/4.0 (compatible; MSIE 6.0; Windows NT 5.1; .NET CLR 1.1.4322)"
