91.38.140.205 - - [26/Dec/2012:20:44:18 +0100] "GET /00start.swf HTTP/1.1" 200 8575 "http://www.dialyse-nagold.de/" "Mozilla/4.0 (compatible; MSIE 7.0; Windows NT 6.1; WOW64; Trident/5.0; SLCC2; .NET CLR 2.0.50727; .NET CLR 3.5.30729; .NET CLR 3.0.30729; Media Center PC 6.0; .NET4.0C; Alexa Toolbar; OfficeLiveConnector.1.5; OfficeLivePatch.1.3)"
213.165.87.72 - - [26/Dec/2012:21:01:36 +0100] "GET / HTTP/1.1" 200 2366 "-" "Opera/9.80 (X11; Linux i686; U; de) Presto/2.7.62 Version/11.01"
66.249.78.235 - - [26/Dec/2012:21:01:53 +0100] "GET /09a.html HTTP/1.1" 200 2059 "-" "Mozilla/5.0 (compatible; Googlebot/2.1; +http://www.google.com/bot.html)"
213.165.87.72 - - [26/Dec/2012:21:07:32 +0100] "GET /robots.txt HTTP/1.1" 404 1256 "-" "Opera/9.80 (X11; Linux i686; U; de) Presto/2.8.119 Version/11.10"
213.165.87.72 - - [26/Dec/2012:21:07:34 +0100] "GET / HTTP/1.0" 200 2366 "-" "Opera/9.80 (X11; Linux i686; U; de) Presto/2.7.62 Version/11.01"
213.165.87.72 - - [26/Dec/2012:21:07:34 +0100] "GET / HTTP/1.1" 200 2366 "-" "Opera/9.80 (X11; Linux i686; U; de) Presto/2.7.62 Version/11.01"
213.165.87.72 - - [26/Dec/2012:21:07:34 +0100] "GET /robots.txt HTTP/1.1" 404 1256 "-" "Opera/9.80 (X11; Linux i686; U; de) Presto/2.8.119 Version/11.10"
213.165.87.72 - - [26/Dec/2012:21:07:35 +0100] "GET /robots.txt HTTP/1.1" 404 1256 "-" "Opera/9.80 (X11; Linux x86_64; U; de) Presto/2.10.289 Version/12.02"
213.165.87.72 - - [26/Dec/2012:21:07:35 +0100] "GET / HTTP/1.0" 200 2366 "-" "Opera/9.80 (X11; Linux x86_64; U; de) Presto/2.10.289 Version/12.02"
213.165.87.72 - - [26/Dec/2012:21:07:35 +0100] "GET / HTTP/1.1" 200 2366 "-" "Opera/9.80 (X11; Linux i686; U; de) Presto/2.8.119 Version/11.10"
213.165.87.72 - - [26/Dec/2012:21:07:35 +0100] "GET /robots.txt HTTP/1.1" 404 1256 "-" "Opera/9.80 (X11; Linux i686; U; de) Presto/2.6.30 Version/10.63"
213.165.87.72 - - [26/Dec/2012:21:07:36 +0100] "GET /robots.txt HTTP/1.1" 404 1256 "-" "Opera/9.80 (X11; Linux x86_64; U; de) Presto/2.10.289 Version/12.02"
213.165.87.72 - - [26/Dec/2012:21:07:36 +0100] "GET /robots.txt HTTP/1.1" 404 1256 "-" "Opera/9.80 (X11; Linux i686; U; de) Presto/2.7.62 Version/11.00"
66.249.78.36 - - [26/Dec/2012:21:21:59 +0100] "GET /09a.html HTTP/1.1" 200 2059 "-" "Mozilla/5.0 (compatible; Googlebot/2.1; +http://www.google.com/bot.html)"
200.160.238.201 - - [26/Dec/2012:21:28:21 +0100] "GET / HTTP/1.1" 200 2366 "-" "Mozilla/5.0 (Windows NT 6.1; rv:16.0) Gecko/20100101 Firefox/16.0"
200.160.238.201 - - [26/Dec/2012:21:28:21 +0100] "GET /catalog/ HTTP/1.1" 404 1256 "-" "Mozilla/5.0 (Windows NT 6.1; rv:16.0) Gecko/20100101 Firefox/16.0"
200.160.238.201 - - [26/Dec/2012:21:28:22 +0100] "GET /shop HTTP/1.1" 404 1256 "-" "Mozilla/5.0 (Windows NT 6.1; rv:16.0) Gecko/20100101 Firefox/16.0"
200.160.238.201 - - [26/Dec/2012:21:28:22 +0100] "GET /oscommerce/ HTTP/1.1" 404 1256 "-" "Mozilla/5.0 (Windows NT 6.1; rv:16.0) Gecko/20100101 Firefox/16.0"
114.57.46.3 - - [26/Dec/2012:21:29:20 +0100] "GET / HTTP/1.1" 200 2366 "-" "Mozilla/5.0 (Windows NT 6.1; rv:16.0) Gecko/20100101 Firefox/16.0"
114.57.46.3 - - [26/Dec/2012:21:29:20 +0100] "GET /catalog/ HTTP/1.1" 404 1256 "-" "Mozilla/5.0 (Windows NT 6.1; rv:16.0) Gecko/20100101 Firefox/16.0"
114.57.46.3 - - [26/Dec/2012:21:29:20 +0100] "GET /shop HTTP/1.1" 404 1256 "-" "Mozilla/5.0 (Windows NT 6.1; rv:16.0) Gecko/20100101 Firefox/16.0"
114.57.46.3 - - [26/Dec/2012:21:29:20 +0100] "GET /oscommerce/ HTTP/1.1" 404 1256 "-" "Mozilla/5.0 (Windows NT 6.1; rv:16.0) Gecko/20100101 Firefox/16.0"
114.57.46.3 - - [26/Dec/2012:21:29:21 +0100] "GET / HTTP/1.1" 200 2366 "-" "Mozilla/5.0 (Windows NT 6.1; rv:16.0) Gecko/20100101 Firefox/16.0"
114.57.46.3 - - [26/Dec/2012:21:29:22 +0100] "GET /ipb/ HTTP/1.1" 404 1256 "-" "Mozilla/5.0 (Windows NT 6.1; rv:16.0) Gecko/20100101 Firefox/16.0"
114.57.46.3 - - [26/Dec/2012:21:29:22 +0100] "GET /forum/ HTTP/1.1" 404 1256 "-" "Mozilla/5.0 (Windows NT 6.1; rv:16.0) Gecko/20100101 Firefox/16.0"
66.249.75.235 - - [26/Dec/2012:21:42:36 +0100] "GET /03a.swf HTTP/1.1" 200 94997 "-" "Mozilla/5.0 (compatible; Googlebot/2.1; +http://www.google.com/bot.html)"
5.9.73.202 - - [26/Dec/2012:21:48:29 +0100] "GET /robots.txt HTTP/1.1" 404 1256 "-" "Mozilla/5.0 (compatible; Infohelfer/1.3.3; +http://www.infohelfer.de/crawler.php)"
5.9.73.202 - - [26/Dec/2012:21:48:29 +0100] "GET / HTTP/1.1" 200 2366 "-" "Mozilla/5.0 (compatible; Infohelfer/1.3.3; +http://www.infohelfer.de/crawler.php)"
173.199.120.107 - - [26/Dec/2012:21:48:34 +0100] "GET / HTTP/1.1" 200 2366 "-" "Mozilla/5.0 (compatible; AhrefsBot/4.0; +http://ahrefs.com/robot/)"
157.55.33.40 - - [26/Dec/2012:21:49:18 +0100] "GET /robots.txt HTTP/1.1" 404 1256 "-" "Mozilla/5.0 (compatible; bingbot/2.0; +http://www.bing.com/bingbot.htm)"
157.55.33.40 - - [26/Dec/2012:21:50:47 +0100] "GET / HTTP/1.1" 200 2366 "-" "Mozilla/5.0 (compatible; bingbot/2.0; +http://www.bing.com/bingbot.htm)"
87.98.254.80 - - [26/Dec/2012:22:05:20 +0100] "HEAD / HTTP/1.0" 200 - "-" "Mozilla/5.0 (compatible; 4SeoHuntBot; +http://4seohunt.com/bot.html)"
87.98.254.80 - - [26/Dec/2012:22:05:20 +0100] "GET / HTTP/1.0" 200 2366 "-" "Mozilla/5.0 (compatible; 4SeoHuntBot; +http://4seohunt.com/bot.html)"
66.249.75.235 - - [26/Dec/2012:22:06:51 +0100] "GET /09a.swf HTTP/1.1" 200 20604 "-" "Mozilla/5.0 (compatible; Googlebot/2.1; +http://www.google.com/bot.html)"
79.120.177.10 - - [26/Dec/2012:23:43:12 +0100] "GET /robots.txt HTTP/1.1" 404 1256 "-" "Mozilla/5.0 (compatible; Esribot/1.0; http://www.esrihu.hu/)"
79.120.177.10 - - [26/Dec/2012:23:43:12 +0100] "GET / HTTP/1.1" 200 2366 "http://www.google.com" "Mozilla/5.0 (compatible; Esribot/1.0; http://www.esrihu.hu/)"
79.120.177.10 - - [26/Dec/2012:23:43:12 +0100] "GET / HTTP/1.1" 200 2366 "http://www.google.com" "Mozilla/5.0 (compatible; Esribot/1.0; http://www.esrihu.hu/)"
66.249.78.187 - - [26/Dec/2012:23:55:12 +0100] "GET /robots.txt HTTP/1.1" 404 1256 "-" "Mozilla/5.0 (compatible; Googlebot/2.1; +http://www.google.com/bot.html)"
66.249.78.187 - - [26/Dec/2012:23:55:13 +0100] "GET /00start.swf HTTP/1.1" 200 8575 "-" "SAMSUNG-SGH-E250/1.0 Profile/MIDP-2.0 Configuration/CLDC-1.1 UP.Browser/6.2.3.3.c.1.101 (GUI) MMP/2.0 (compatible; Googlebot-Mobile/2.1; +http://www.google.com/bot.html)"
176.9.146.19 - - [27/Dec/2012:01:10:24 +0100] "GET /robots.txt HTTP/1.1" 404 1256 "-" "Mozilla/5.0 (compatible; SISTRIX Crawler; http://crawler.sistrix.net/)"
176.9.146.19 - - [27/Dec/2012:01:10:24 +0100] "GET / HTTP/1.1" 200 2366 "-" "Mozilla/5.0 (compatible; SISTRIX Crawler; http://crawler.sistrix.net/)"
83.233.186.82 - - [27/Dec/2012:01:29:55 +0100] "GET / HTTP/1.1" 200 2366 "-" "Mozilla/4.0 (CMS Crawler: http://www.cmscrawler.com)"
54.243.1.44 - - [27/Dec/2012:01:50:11 +0100] "GET / HTTP/1.0" 200 2366 "http://www.eatree.com" "-"
188.100.210.125 - - [27/Dec/2012:02:09:24 +0100] "GET /robots.txt HTTP/1.1" 404 1256 "-" "findlinks/2.6 (+http://wortschatz.uni-leipzig.de/findlinks/)"
91.223.75.118 - - [27/Dec/2012:03:25:10 +0100] "GET / HTTP/1.1" 200 2366 "http://serialist.org/" "Mozilla/4.0 (compatible; MSIE 6.0; Windows NT 5.2; Win64; AMD64)"
91.223.75.118 - - [27/Dec/2012:03:25:11 +0100] "GET / HTTP/1.1" 200 2366 "http://serialist.org/" "Mozilla/4.0 (compatible; MSIE 6.0; Windows NT 5.2; Win64; AMD64)"
157.55.32.86 - - [27/Dec/2012:03:31:07 +0100] "GET /robots.txt HTTP/1.1" 404 1256 "-" "Mozilla/5.0 (compatible; bingbot/2.0; +http://www.bing.com/bingbot.htm)"
157.55.32.86 - - [27/Dec/2012:03:32:55 +0100] "GET / HTTP/1.1" 200 2366 "-" "Mozilla/5.0 (compatible; bingbot/2.0; +http://www.bing.com/bingbot.htm)"
157.56.93.192 - - [27/Dec/2012:04:38:16 +0100] "GET /robots.txt HTTP/1.1" 404 1256 "-" "Mozilla/5.0 (compatible; bingbot/2.0; +http://www.bing.com/bingbot.htm)"
157.56.93.192 - - [27/Dec/2012:04:40:24 +0100] "GET /04Karteaaa.html HTTP/1.1" 200 2077 "-" "Mozilla/5.0 (compatible; bingbot/2.0; +http://www.bing.com/bingbot.htm)"
65.55.208.174 - - [27/Dec/2012:04:40:26 +0100] "GET /AC_RunActiveContent.js HTTP/1.1" 200 8029 "http://www.dialyse-pforzheim.de/04Karteaaa.html" "Mozilla/5.0 (Windows NT 6.1; WOW64) AppleWebKit/534+ (KHTML, like Gecko) BingPreview/1.0b"
65.55.208.174 - - [27/Dec/2012:04:40:26 +0100] "GET /04Karteaaa.swf HTTP/1.1" 200 18538 "http://www.dialyse-pforzheim.de/04Karteaaa.swf" "Mozilla/5.0 (Windows NT 6.1; WOW64) AppleWebKit/534+ (KHTML, like Gecko) BingPreview/1.0b"
66.249.78.235 - - [27/Dec/2012:04:40:45 +0100] "GET /robots.txt HTTP/1.1" 404 1256 "-" "Mozilla/5.0 (compatible; Googlebot/2.1; +http://www.google.com/bot.html)"
66.249.75.235 - - [27/Dec/2012:04:40:45 +0100] "GET /08.html HTTP/1.1" 304 - "-" "Mozilla/5.0 (compatible; Googlebot/2.1; +http://www.google.com/bot.html)"
37.139.52.23 - - [27/Dec/2012:04:53:50 +0100] "GET / HTTP/1.1" 200 2366 "http://loadsetfiles.net/news.php?readmore=78" "Mozilla/5.0 (Windows NT 5.1; U; en) Opera 8.00"
37.139.52.23 - - [27/Dec/2012:04:53:50 +0100] "GET / HTTP/1.1" 200 2366 "http://loadsetfiles.net/news.php?readmore=78" "Mozilla/5.0 (Windows NT 5.1; U; en) Opera 8.00"
66.249.78.187 - - [27/Dec/2012:05:37:24 +0100] "GET /robots.txt HTTP/1.1" 404 1256 "-" "Mozilla/5.0 (compatible; Googlebot/2.1; +http://www.google.com/bot.html)"
66.249.75.187 - - [27/Dec/2012:05:37:24 +0100] "GET /00start.swf HTTP/1.1" 200 8575 "-" "DoCoMo/2.0 N905i(c100;TB;W24H16) (compatible; Googlebot-Mobile/2.1; +http://www.google.com/bot.html)"
157.55.33.111 - - [27/Dec/2012:05:43:30 +0100] "GET /robots.txt HTTP/1.1" 404 1256 "-" "Mozilla/5.0 (compatible; bingbot/2.0; +http://www.bing.com/bingbot.htm)"
92.249.127.111 - - [27/Dec/2012:05:59:56 +0100] "GET / HTTP/1.1" 200 2366 "http://gamesvinde.net/index.php?rowstart=33" "Mozilla/5.0 (compatible; news bot /2.1)"
92.249.127.111 - - [27/Dec/2012:05:59:57 +0100] "GET / HTTP/1.1" 200 2366 "http://gamesvinde.net/index.php?rowstart=33" "Mozilla/5.0 (compatible; news bot /2.1)"
69.58.178.58 - - [27/Dec/2012:06:08:24 +0100] "GET /robots.txt HTTP/1.1" 404 1256 "-" "Mozilla/5.0 (X11; Ubuntu; Linux i686; rv:14.0; ips-agent) Gecko/20100101 Firefox/14.0.1"
69.58.178.58 - - [27/Dec/2012:06:08:25 +0100] "GET / HTTP/1.1" 200 2366 "-" "Mozilla/5.0 (X11; Ubuntu; Linux i686; rv:14.0; ips-agent) Gecko/20100101 Firefox/14.0.1"
173.199.116.171 - - [27/Dec/2012:06:54:26 +0100] "GET / HTTP/1.1" 200 2366 "-" "Mozilla/5.0 (compatible; AhrefsBot/4.0; +http://ahrefs.com/robot/)"
213.110.133.221 - - [27/Dec/2012:06:55:51 +0100] "GET / HTTP/1.1" 200 2366 "http://www.bankink.ru/" "Mozilla/4.0 (compatible; Blog Search;)"
213.110.133.221 - - [27/Dec/2012:06:55:51 +0100] "GET / HTTP/1.1" 200 2366 "http://www.bankink.ru/" "Mozilla/4.0 (compatible; Blog Search;)"
157.55.33.123 - - [27/Dec/2012:07:16:50 +0100] "GET /robots.txt HTTP/1.1" 404 1256 "-" "Mozilla/5.0 (compatible; bingbot/2.0; +http://www.bing.com/bingbot.htm)"
157.55.33.123 - - [27/Dec/2012:07:18:24 +0100] "GET /00themen00.html HTTP/1.1" 200 2254 "-" "Mozilla/5.0 (compatible; bingbot/2.0; +http://www.bing.com/bingbot.htm)"
65.55.208.230 - - [27/Dec/2012:07:18:25 +0100] "GET /AC_RunActiveContent.js HTTP/1.1" 200 8029 "http://www.dialyse-nagold.de/00themen00.html" "Mozilla/5.0 (Windows NT 6.1; WOW64) AppleWebKit/534+ (KHTML, like Gecko) BingPreview/1.0b"
65.55.208.230 - - [27/Dec/2012:07:18:26 +0100] "GET /00themen00.swf HTTP/1.1" 200 136579 "http://www.dialyse-nagold.de/00themen00.swf" "Mozilla/5.0 (Windows NT 6.1; WOW64) AppleWebKit/534+ (KHTML, like Gecko) BingPreview/1.0b"
65.55.24.219 - - [27/Dec/2012:07:29:25 +0100] "GET /00themen00.swf HTTP/1.1" 200 136579 "-" "Mozilla/5.0 (compatible; bingbot/2.0; +http://www.bing.com/bingbot.htm)"
157.55.32.111 - - [27/Dec/2012:08:01:07 +0100] "GET /robots.txt HTTP/1.1" 404 1256 "-" "Mozilla/5.0 (compatible; bingbot/2.0; +http://www.bing.com/bingbot.htm)"
66.249.75.235 - - [27/Dec/2012:08:02:06 +0100] "GET /04Karteaaa.swf HTTP/1.1" 200 18538 "-" "Mozilla/5.0 (compatible; Googlebot/2.1; +http://www.google.com/bot.html)"
157.55.32.111 - - [27/Dec/2012:08:02:54 +0100] "GET /04.html HTTP/1.1" 200 2106 "-" "Mozilla/5.0 (compatible; bingbot/2.0; +http://www.bing.com/bingbot.htm)"
65.55.210.15 - - [27/Dec/2012:08:02:55 +0100] "GET /AC_RunActiveContent.js HTTP/1.1" 200 8029 "http://www.dialyse-pforzheim.de/04.html" "Mozilla/5.0 (Windows NT 6.1; WOW64) AppleWebKit/534+ (KHTML, like Gecko) BingPreview/1.0b"
65.55.210.15 - - [27/Dec/2012:08:02:56 +0100] "GET /04.swf HTTP/1.1" 200 62769 "http://www.dialyse-pforzheim.de/04.swf" "Mozilla/5.0 (Windows NT 6.1; WOW64) AppleWebKit/534+ (KHTML, like Gecko) BingPreview/1.0b"
66.249.78.36 - - [27/Dec/2012:08:11:43 +0100] "GET /robots.txt HTTP/1.1" 404 1256 "-" "Mozilla/5.0 (compatible; Googlebot/2.1; +http://www.google.com/bot.html)"
66.249.78.36 - - [27/Dec/2012:08:11:44 +0100] "GET /03.swf HTTP/1.1" 200 74505 "-" "Mozilla/5.0 (compatible; Googlebot/2.1; +http://www.google.com/bot.html)"
193.197.166.154 - - [27/Dec/2012:08:34:16 +0100] "GET /00start.swf HTTP/1.1" 304 - "-" "Mozilla/4.0 (compatible;)"
157.55.32.154 - - [27/Dec/2012:09:43:37 +0100] "GET /robots.txt HTTP/1.1" 404 1256 "-" "Mozilla/5.0 (compatible; bingbot/2.0; +http://www.bing.com/bingbot.htm)"
157.55.32.154 - - [27/Dec/2012:09:45:29 +0100] "GET / HTTP/1.1" 200 2366 "-" "Mozilla/5.0 (compatible; bingbot/2.0; +http://www.bing.com/bingbot.htm)"
15.217.50.4 - - [27/Dec/2012:10:31:48 +0100] "GET / HTTP/1.1" 200 2366 "-" "Mozilla/5.0 (Windows NT 6.1; rv:16.0) Gecko/20100101 Firefox/16.0"
15.217.50.4 - - [27/Dec/2012:10:31:48 +0100] "GET /catalog/ HTTP/1.1" 404 1256 "-" "Mozilla/5.0 (Windows NT 6.1; rv:16.0) Gecko/20100101 Firefox/16.0"
15.217.50.4 - - [27/Dec/2012:10:31:48 +0100] "GET /shop HTTP/1.1" 404 1256 "-" "Mozilla/5.0 (Windows NT 6.1; rv:16.0) Gecko/20100101 Firefox/16.0"
15.217.50.4 - - [27/Dec/2012:10:31:49 +0100] "GET /oscommerce/ HTTP/1.1" 404 1256 "-" "Mozilla/5.0 (Windows NT 6.1; rv:16.0) Gecko/20100101 Firefox/16.0"
15.217.50.4 - - [27/Dec/2012:10:31:49 +0100] "GET / HTTP/1.1" 200 2366 "-" "Mozilla/5.0 (Windows NT 6.1; rv:16.0) Gecko/20100101 Firefox/16.0"
15.217.50.4 - - [27/Dec/2012:10:31:49 +0100] "GET /ipb/ HTTP/1.1" 404 1256 "-" "Mozilla/5.0 (Windows NT 6.1; rv:16.0) Gecko/20100101 Firefox/16.0"
15.217.50.4 - - [27/Dec/2012:10:31:49 +0100] "GET /forum/ HTTP/1.1" 404 1256 "-" "Mozilla/5.0 (Windows NT 6.1; rv:16.0) Gecko/20100101 Firefox/16.0"
141.8.147.1 - - [27/Dec/2012:10:36:11 +0100] "GET /robots.txt HTTP/1.1" 404 1256 "-" "Mozilla/5.0 (compatible; YandexBot/3.0; +http://yandex.com/bots)"
64.50.177.50 - - [27/Dec/2012:10:40:35 +0100] "GET / HTTP/1.1" 200 2366 "-" "Mozilla/5.0 (Windows NT 6.1; rv:16.0) Gecko/20100101 Firefox/16.0"
64.50.177.50 - - [27/Dec/2012:10:40:35 +0100] "GET /catalog/ HTTP/1.1" 404 1256 "-" "Mozilla/5.0 (Windows NT 6.1; rv:16.0) Gecko/20100101 Firefox/16.0"
64.50.177.50 - - [27/Dec/2012:10:40:35 +0100] "GET /shop HTTP/1.1" 404 1256 "-" "Mozilla/5.0 (Windows NT 6.1; rv:16.0) Gecko/20100101 Firefox/16.0"
64.50.177.50 - - [27/Dec/2012:10:40:35 +0100] "GET /oscommerce/ HTTP/1.1" 404 1256 "-" "Mozilla/5.0 (Windows NT 6.1; rv:16.0) Gecko/20100101 Firefox/16.0"
64.50.177.50 - - [27/Dec/2012:10:40:36 +0100] "GET / HTTP/1.1" 200 2366 "-" "Mozilla/5.0 (Windows NT 6.1; rv:16.0) Gecko/20100101 Firefox/16.0"
64.50.177.50 - - [27/Dec/2012:10:40:36 +0100] "GET /ipb/ HTTP/1.1" 404 1256 "-" "Mozilla/5.0 (Windows NT 6.1; rv:16.0) Gecko/20100101 Firefox/16.0"
64.50.177.50 - - [27/Dec/2012:10:40:36 +0100] "GET /forum/ HTTP/1.1" 404 1256 "-" "Mozilla/5.0 (Windows NT 6.1; rv:16.0) Gecko/20100101 Firefox/16.0"
141.8.147.1 - - [27/Dec/2012:12:01:45 +0100] "GET /robots.txt HTTP/1.1" 404 1256 "-" "Mozilla/5.0 (compatible; YandexBot/3.0; +http://yandex.com/bots)"
178.255.215.68 - - [27/Dec/2012:12:30:43 +0100] "GET /robots.txt HTTP/1.1" 404 1256 "-" "Mozilla/5.0 (compatible; Exabot/3.0; +http://www.exabot.com/go/robot)"
178.255.215.68 - - [27/Dec/2012:12:30:43 +0100] "GET / HTTP/1.1" 304 - "-" "Mozilla/5.0 (compatible; Exabot/3.0; +http://www.exabot.com/go/robot)"
157.55.35.100 - - [27/Dec/2012:12:40:59 +0100] "GET /robots.txt HTTP/1.1" 404 1256 "-" "Mozilla/5.0 (compatible; bingbot/2.0; +http://www.bing.com/bingbot.htm)"
157.55.32.95 - - [27/Dec/2012:12:43:03 +0100] "GET /07.html HTTP/1.1" 200 2319 "-" "Mozilla/5.0 (compatible; bingbot/2.0; +http://www.bing.com/bingbot.htm)"
157.55.32.95 - - [27/Dec/2012:12:43:04 +0100] "GET /04Kartebbb.html HTTP/1.1" 200 2077 "-" "Mozilla/5.0 (compatible; bingbot/2.0; +http://www.bing.com/bingbot.htm)"
157.55.35.100 - - [27/Dec/2012:12:43:41 +0100] "GET /05.html HTTP/1.1" 200 1982 "-" "Mozilla/5.0 (compatible; bingbot/2.0; +http://www.bing.com/bingbot.htm)"
157.55.35.37 - - [27/Dec/2012:12:44:02 +0100] "GET /08.html HTTP/1.1" 200 2005 "-" "Mozilla/5.0 (compatible; bingbot/2.0; +http://www.bing.com/bingbot.htm)"
157.55.35.37 - - [27/Dec/2012:12:44:03 +0100] "GET /04Karteccc.html HTTP/1.1" 200 2077 "-" "Mozilla/5.0 (compatible; bingbot/2.0; +http://www.bing.com/bingbot.htm)"
157.55.35.37 - - [27/Dec/2012:12:44:04 +0100] "GET /04Karteddd.html HTTP/1.1" 200 2077 "-" "Mozilla/5.0 (compatible; bingbot/2.0; +http://www.bing.com/bingbot.htm)"
157.55.33.111 - - [27/Dec/2012:12:45:04 +0100] "GET /06.html HTTP/1.1" 200 2278 "-" "Mozilla/5.0 (compatible; bingbot/2.0; +http://www.bing.com/bingbot.htm)"
157.55.33.111 - - [27/Dec/2012:12:45:04 +0100] "GET /02.html HTTP/1.1" 200 1982 "-" "Mozilla/5.0 (compatible; bingbot/2.0; +http://www.bing.com/bingbot.htm)"
91.223.75.117 - - [27/Dec/2012:12:47:54 +0100] "GET / HTTP/1.1" 200 2366 "http://www.artinet.ru/" "Mozilla/4.0 (compatible; MSIE 6.0; Windows NT 5.2; Win64; AMD64)"
91.223.75.117 - - [27/Dec/2012:12:47:54 +0100] "GET / HTTP/1.1" 200 2366 "http://www.artinet.ru/" "Mozilla/4.0 (compatible; MSIE 6.0; Windows NT 5.2; Win64; AMD64)"
66.249.78.36 - - [27/Dec/2012:12:56:18 +0100] "GET / HTTP/1.1" 200 2366 "-" "SAMSUNG-SGH-E250/1.0 Profile/MIDP-2.0 Configuration/CLDC-1.1 UP.Browser/6.2.3.3.c.1.101 (GUI) MMP/2.0 (compatible; Googlebot-Mobile/2.1; +http://www.google.com/bot.html)"
157.56.93.192 - - [27/Dec/2012:13:29:05 +0100] "GET /robots.txt HTTP/1.1" 404 1256 "-" "Mozilla/5.0 (compatible; bingbot/2.0; +http://www.bing.com/bingbot.htm)"
157.55.35.53 - - [27/Dec/2012:13:29:58 +0100] "GET /robots.txt HTTP/1.1" 404 1256 "-" "Mozilla/5.0 (compatible; bingbot/2.0; +http://www.bing.com/bingbot.htm)"
157.56.93.192 - - [27/Dec/2012:13:31:00 +0100] "GET /04Karteaaa.html HTTP/1.1" 200 2077 "-" "Mozilla/5.0 (compatible; bingbot/2.0; +http://www.bing.com/bingbot.htm)"
157.55.35.53 - - [27/Dec/2012:13:32:02 +0100] "GET /04Karteddd.html HTTP/1.1" 200 2077 "-" "Mozilla/5.0 (compatible; bingbot/2.0; +http://www.bing.com/bingbot.htm)"
66.249.75.187 - - [27/Dec/2012:13:47:05 +0100] "GET /00themen00.html HTTP/1.1" 200 2254 "-" "SAMSUNG-SGH-E250/1.0 Profile/MIDP-2.0 Configuration/CLDC-1.1 UP.Browser/6.2.3.3.c.1.101 (GUI) MMP/2.0 (compatible; Googlebot-Mobile/2.1; +http://www.google.com/bot.html)"
66.249.75.187 - - [27/Dec/2012:14:05:59 +0100] "GET /00themen00.html HTTP/1.1" 200 2254 "-" "DoCoMo/2.0 N905i(c100;TB;W24H16) (compatible; Googlebot-Mobile/2.1; +http://www.google.com/bot.html)"
77.25.108.38 - - [27/Dec/2012:14:09:50 +0100] "GET / HTTP/1.1" 200 2366 "http://www.google.de/url?sa=t&rct=j&q=nephrologisches%20centrum%20pforzheim&source=web&cd=1&sqi=2&ved=0CDMQFjAA&url=http%3A%2F%2Fwww.dialyse-calw.de%2F&ei=GkjcUJnCOofPtAbP5IHoBQ&usg=AFQjCNECMxQiO0NOt3ERqW1uzT1RIToCeg&bvm=bv.1355534169,d.Yms" "Mozilla/5.0 (compatible; MSIE 9.0; Windows NT 6.0; Trident/5.0)"
77.25.108.38 - - [27/Dec/2012:14:09:52 +0100] "HEAD /00start.swf HTTP/1.1" 200 - "-" "contype"
77.25.108.38 - - [27/Dec/2012:14:09:53 +0100] "GET /00start.swf HTTP/1.1" 200 8575 "http://www.dialyse-calw.de/" "Mozilla/5.0 (compatible; MSIE 9.0; Windows NT 6.0; Trident/5.0)"
77.25.108.38 - - [27/Dec/2012:14:09:55 +0100] "GET /favicon.ico HTTP/1.1" 404 1256 "-" "Mozilla/5.0 (compatible; MSIE 9.0; Windows NT 6.0; Trident/5.0)"
77.25.108.38 - - [27/Dec/2012:14:10:02 +0100] "GET / HTTP/1.1" 200 2366 "http://www.dialyse-calw.de/" "Mozilla/5.0 (compatible; MSIE 9.0; Windows NT 6.0; Trident/5.0)"
77.25.108.38 - - [27/Dec/2012:14:10:03 +0100] "HEAD /00start.swf HTTP/1.1" 200 - "-" "contype"
77.25.108.38 - - [27/Dec/2012:14:10:03 +0100] "GET /00start.swf HTTP/1.1" 200 8575 "http://www.dialyse-pforzheim.de/" "Mozilla/5.0 (compatible; MSIE 9.0; Windows NT 6.0; Trident/5.0)"
77.25.108.38 - - [27/Dec/2012:14:10:05 +0100] "GET /favicon.ico HTTP/1.1" 404 1256 "-" "Mozilla/5.0 (compatible; MSIE 9.0; Windows NT 6.0; Trident/5.0)"
77.25.108.38 - - [27/Dec/2012:14:10:05 +0100] "GET /00themen00.html HTTP/1.1" 200 2254 "http://www.dialyse-pforzheim.de/00start.swf" "Mozilla/5.0 (compatible; MSIE 9.0; Windows NT 6.0; Trident/5.0)"
77.25.108.38 - - [27/Dec/2012:14:10:05 +0100] "GET /AC_RunActiveContent.js HTTP/1.1" 200 8029 "http://www.dialyse-pforzheim.de/00themen00.html" "Mozilla/5.0 (compatible; MSIE 9.0; Windows NT 6.0; Trident/5.0)"
77.25.108.38 - - [27/Dec/2012:14:10:06 +0100] "GET /00themen00.swf HTTP/1.1" 200 136579 "http://www.dialyse-pforzheim.de/00themen00.html" "Mozilla/5.0 (compatible; MSIE 9.0; Windows NT 6.0; Trident/5.0)"
77.25.108.38 - - [27/Dec/2012:14:10:09 +0100] "GET /03.html HTTP/1.1" 200 1982 "http://www.dialyse-pforzheim.de/00themen00.swf" "Mozilla/5.0 (compatible; MSIE 9.0; Windows NT 6.0; Trident/5.0)"
77.25.108.38 - - [27/Dec/2012:14:10:10 +0100] "GET /03.swf HTTP/1.1" 200 74505 "http://www.dialyse-pforzheim.de/03.html" "Mozilla/5.0 (compatible; MSIE 9.0; Windows NT 6.0; Trident/5.0)"
77.25.108.38 - - [27/Dec/2012:14:10:50 +0100] "GET /03a.html HTTP/1.1" 200 1991 "http://www.dialyse-pforzheim.de/00themen00.swf" "Mozilla/5.0 (compatible; MSIE 9.0; Windows NT 6.0; Trident/5.0)"
77.25.108.38 - - [27/Dec/2012:14:10:51 +0100] "GET /03a.swf HTTP/1.1" 200 94997 "http://www.dialyse-pforzheim.de/03a.html" "Mozilla/5.0 (compatible; MSIE 9.0; Windows NT 6.0; Trident/5.0)"
77.25.108.38 - - [27/Dec/2012:14:11:02 +0100] "GET /08.html HTTP/1.1" 200 2005 "http://www.dialyse-pforzheim.de/00themen00.swf" "Mozilla/5.0 (compatible; MSIE 9.0; Windows NT 6.0; Trident/5.0)"
77.25.108.38 - - [27/Dec/2012:14:11:02 +0100] "GET /08.swf HTTP/1.1" 200 20405 "http://www.dialyse-pforzheim.de/08.html" "Mozilla/5.0 (compatible; MSIE 9.0; Windows NT 6.0; Trident/5.0)"
85.25.154.14 - - [27/Dec/2012:14:24:56 +0100] "GET / HTTP/1.1" 200 2366 "-" "Mozilla/4.0 (compatible; MSIE 6.0; Windows 98; Win 9x4.90)"
157.55.32.149 - - [27/Dec/2012:14:42:39 +0100] "GET /robots.txt HTTP/1.1" 404 1256 "-" "Mozilla/5.0 (compatible; bingbot/2.0; +http://www.bing.com/bingbot.htm)"
157.55.32.149 - - [27/Dec/2012:14:44:02 +0100] "GET /04Karteddd.swf HTTP/1.1" 200 33790 "-" "Mozilla/5.0 (compatible; bingbot/2.0; +http://www.bing.com/bingbot.htm)"
66.249.78.36 - - [27/Dec/2012:15:26:20 +0100] "GET /04Karteccc.html HTTP/1.1" 200 2077 "-" "Mozilla/5.0 (compatible; Googlebot/2.1; +http://www.google.com/bot.html)"
157.55.32.111 - - [27/Dec/2012:16:02:21 +0100] "GET /robots.txt HTTP/1.1" 404 1256 "-" "Mozilla/5.0 (compatible; bingbot/2.0; +http://www.bing.com/bingbot.htm)"
157.55.32.111 - - [27/Dec/2012:16:04:03 +0100] "GET /03.swf HTTP/1.1" 200 74505 "-" "Mozilla/5.0 (compatible; bingbot/2.0; +http://www.bing.com/bingbot.htm)"
66.249.78.36 - - [27/Dec/2012:16:13:11 +0100] "GET /02.swf HTTP/1.1" 200 22781 "-" "Mozilla/5.0 (compatible; Googlebot/2.1; +http://www.google.com/bot.html)"
157.55.34.28 - - [27/Dec/2012:16:24:02 +0100] "GET /03.html HTTP/1.1" 200 1982 "-" "Mozilla/5.0 (compatible; bingbot/2.0; +http://www.bing.com/bingbot.htm)"
157.55.33.111 - - [27/Dec/2012:16:42:46 +0100] "GET /04Karteaaa.swf HTTP/1.1" 200 18538 "-" "Mozilla/5.0 (compatible; bingbot/2.0; +http://www.bing.com/bingbot.htm)"
79.226.212.82 - - [27/Dec/2012:17:24:16 +0100] "GET / HTTP/1.1" 200 2366 "http://siloah.de/cms/siloah/mvz_31.html" "Mozilla/5.0 (compatible; MSIE 9.0; Windows NT 6.1; Trident/5.0; tb-webde/1.9.0)"
79.226.212.82 - - [27/Dec/2012:17:24:16 +0100] "HEAD /00start.swf HTTP/1.1" 200 - "-" "contype"
79.226.212.82 - - [27/Dec/2012:17:24:16 +0100] "GET /00start.swf HTTP/1.1" 200 8575 "http://www.dialyse-calw.de/" "Mozilla/5.0 (compatible; MSIE 9.0; Windows NT 6.1; Trident/5.0; tb-webde/1.9.0)"
79.226.212.82 - - [27/Dec/2012:17:24:18 +0100] "GET /favicon.ico HTTP/1.1" 404 1256 "-" "Mozilla/5.0 (compatible; MSIE 9.0; Windows NT 6.1; Trident/5.0; tb-webde/1.9.0)"
157.55.35.40 - - [27/Dec/2012:17:46:14 +0100] "GET /robots.txt HTTP/1.1" 404 1256 "-" "Mozilla/5.0 (compatible; bingbot/2.0; +http://www.bing.com/bingbot.htm)"
66.249.78.187 - - [27/Dec/2012:17:47:30 +0100] "GET /robots.txt HTTP/1.1" 404 1256 "-" "Mozilla/5.0 (compatible; Googlebot/2.1; +http://www.google.com/bot.html)"
157.55.35.40 - - [27/Dec/2012:17:47:38 +0100] "GET /07.html HTTP/1.1" 200 2319 "-" "Mozilla/5.0 (compatible; bingbot/2.0; +http://www.bing.com/bingbot.htm)"
157.56.93.223 - - [27/Dec/2012:17:47:39 +0100] "GET /AC_RunActiveContent.js HTTP/1.1" 200 8029 "http://www.dialyse-calw.de/07.html" "Mozilla/5.0 (Windows NT 6.1; WOW64) AppleWebKit/534+ (KHTML, like Gecko) BingPreview/1.0b"
157.56.93.223 - - [27/Dec/2012:17:47:40 +0100] "GET /07.swf HTTP/1.1" 200 20730 "http://www.dialyse-calw.de/07.swf" "Mozilla/5.0 (Windows NT 6.1; WOW64) AppleWebKit/534+ (KHTML, like Gecko) BingPreview/1.0b"
157.56.93.193 - - [27/Dec/2012:17:49:02 +0100] "GET /AC_RunActiveContent.js HTTP/1.1" 200 8029 "-" "Mozilla/5.0 (compatible; bingbot/2.0; +http://www.bing.com/bingbot.htm)"
157.55.34.171 - - [27/Dec/2012:17:49:04 +0100] "GET /07.swf HTTP/1.1" 200 20730 "-" "Mozilla/5.0 (compatible; bingbot/2.0; +http://www.bing.com/bingbot.htm)"
157.56.93.193 - - [27/Dec/2012:18:51:28 +0100] "GET /robots.txt HTTP/1.1" 404 1256 "-" "Mozilla/5.0 (compatible; bingbot/2.0; +http://www.bing.com/bingbot.htm)"
91.223.75.118 - - [27/Dec/2012:18:59:54 +0100] "GET / HTTP/1.1" 200 2366 "http://www.shopan.co.de/" "Opera/8.01 (Windows NT 5.1)"
91.223.75.118 - - [27/Dec/2012:18:59:54 +0100] "GET / HTTP/1.1" 200 2366 "http://www.shopan.co.de/" "Opera/8.01 (Windows NT 5.1)"
180.76.5.60 - - [27/Dec/2012:19:08:24 +0100] "GET /robots.txt HTTP/1.1" 404 1256 "-" "Mozilla/5.0 (Windows NT 5.1; rv:6.0.2) Gecko/20100101 Firefox/6.0.2"
178.137.5.89 - - [27/Dec/2012:20:12:36 +0100] "GET / HTTP/1.1" 200 2366 "http://www.3carata.com.ua/" "Mozilla/0.6 Beta (Windows)"
178.137.5.89 - - [27/Dec/2012:20:12:37 +0100] "GET / HTTP/1.1" 200 2366 "http://www.3carata.com.ua/" "Mozilla/0.6 Beta (Windows)"
178.77.126.55 - - [27/Dec/2012:20:36:10 +0100] "GET /robots.txt HTTP/1.1" 404 1256 "-" "Mozilla/5.0 (compatible; CareerBot/1.1; +http://www.career-x.de/bot.html)"
178.77.126.55 - - [27/Dec/2012:20:36:10 +0100] "GET / HTTP/1.1" 200 2366 "-" "Mozilla/5.0 (compatible; CareerBot/1.1; +http://www.career-x.de/bot.html)"
178.77.126.55 - - [27/Dec/2012:20:42:58 +0100] "GET /robots.txt HTTP/1.1" 404 1256 "-" "Mozilla/5.0 (compatible; CareerBot/1.1; +http://www.career-x.de/bot.html)"
178.77.126.55 - - [27/Dec/2012:20:42:58 +0100] "GET / HTTP/1.1" 200 2366 "-" "Mozilla/5.0 (compatible; CareerBot/1.1; +http://www.career-x.de/bot.html)"
157.55.33.40 - - [27/Dec/2012:20:57:32 +0100] "GET /robots.txt HTTP/1.1" 404 1256 "-" "Mozilla/5.0 (compatible; bingbot/2.0; +http://www.bing.com/bingbot.htm)"
157.55.33.40 - - [27/Dec/2012:20:59:09 +0100] "GET / HTTP/1.1" 200 2366 "-" "Mozilla/5.0 (compatible; bingbot/2.0; +http://www.bing.com/bingbot.htm)"
157.55.33.40 - - [27/Dec/2012:20:59:46 +0100] "GET / HTTP/1.1" 200 2366 "-" "Mozilla/5.0 (compatible; bingbot/2.0; +http://www.bing.com/bingbot.htm)"
157.55.33.111 - - [27/Dec/2012:21:13:33 +0100] "GET /robots.txt HTTP/1.1" 404 1256 "-" "Mozilla/5.0 (compatible; bingbot/2.0; +http://www.bing.com/bingbot.htm)"
157.55.33.111 - - [27/Dec/2012:21:15:23 +0100] "GET /04.swf HTTP/1.1" 200 62769 "-" "Mozilla/5.0 (compatible; bingbot/2.0; +http://www.bing.com/bingbot.htm)"
157.55.33.111 - - [27/Dec/2012:21:55:21 +0100] "GET /robots.txt HTTP/1.1" 404 1256 "-" "Mozilla/5.0 (compatible; bingbot/2.0; +http://www.bing.com/bingbot.htm)"
157.55.33.111 - - [27/Dec/2012:21:57:48 +0100] "GET / HTTP/1.1" 200 2366 "-" "Mozilla/5.0 (compatible; bingbot/2.0; +http://www.bing.com/bingbot.htm)"
83.233.186.82 - - [27/Dec/2012:22:03:17 +0100] "GET / HTTP/1.1" 200 2366 "-" "Mozilla/4.0 (CMS Crawler: http://www.cmscrawler.com)"
41.203.65.167 - - [27/Dec/2012:22:44:24 +0100] "GET / HTTP/1.1" 200 2366 "-" "Mozilla/5.0 (Windows NT 6.1; rv:16.0) Gecko/20100101 Firefox/16.0"
41.203.65.167 - - [27/Dec/2012:22:44:24 +0100] "GET /catalog/ HTTP/1.1" 404 1256 "-" "Mozilla/5.0 (Windows NT 6.1; rv:16.0) Gecko/20100101 Firefox/16.0"
41.203.65.167 - - [27/Dec/2012:22:44:24 +0100] "GET /shop HTTP/1.1" 404 1256 "-" "Mozilla/5.0 (Windows NT 6.1; rv:16.0) Gecko/20100101 Firefox/16.0"
41.203.65.167 - - [27/Dec/2012:22:44:24 +0100] "GET /oscommerce/ HTTP/1.1" 404 1256 "-" "Mozilla/5.0 (Windows NT 6.1; rv:16.0) Gecko/20100101 Firefox/16.0"
41.203.65.167 - - [27/Dec/2012:22:44:24 +0100] "GET / HTTP/1.1" 200 2366 "-" "Mozilla/5.0 (Windows NT 6.1; rv:16.0) Gecko/20100101 Firefox/16.0"
41.203.65.167 - - [27/Dec/2012:22:44:24 +0100] "GET /ipb/ HTTP/1.1" 404 1256 "-" "Mozilla/5.0 (Windows NT 6.1; rv:16.0) Gecko/20100101 Firefox/16.0"
41.203.65.167 - - [27/Dec/2012:22:44:25 +0100] "GET /forum/ HTTP/1.1" 404 1256 "-" "Mozilla/5.0 (Windows NT 6.1; rv:16.0) Gecko/20100101 Firefox/16.0"
92.249.127.111 - - [27/Dec/2012:23:19:07 +0100] "GET / HTTP/1.1" 200 2366 "http://paradise-island.ru/" "Mozilla/5.0 (compatible; news bot /2.1)"
92.249.127.111 - - [27/Dec/2012:23:19:07 +0100] "GET / HTTP/1.1" 200 2366 "http://paradise-island.ru/" "Mozilla/5.0 (compatible; news bot /2.1)"
157.55.32.141 - - [27/Dec/2012:23:32:16 +0100] "GET /robots.txt HTTP/1.1" 404 1256 "-" "Mozilla/5.0 (compatible; bingbot/2.0; +http://www.bing.com/bingbot.htm)"
157.55.32.141 - - [27/Dec/2012:23:33:38 +0100] "GET /03a.swf HTTP/1.1" 200 94997 "-" "Mozilla/5.0 (compatible; bingbot/2.0; +http://www.bing.com/bingbot.htm)"
178.33.142.53 - - [28/Dec/2012:00:17:56 +0100] "HEAD / HTTP/1.0" 200 - "-" "Mozilla/5.0 (compatible; 4SeoHuntBot; +http://4seohunt.com/bot.html)"
178.33.142.53 - - [28/Dec/2012:00:17:56 +0100] "GET / HTTP/1.0" 200 2366 "-" "Mozilla/5.0 (compatible; 4SeoHuntBot; +http://4seohunt.com/bot.html)"
66.249.78.187 - - [28/Dec/2012:00:28:41 +0100] "GET / HTTP/1.1" 200 2366 "-" "Mozilla/5.0 (compatible; Googlebot/2.1; +http://www.google.com/bot.html)"
157.55.32.149 - - [28/Dec/2012:00:34:41 +0100] "GET /robots.txt HTTP/1.1" 404 1256 "-" "Mozilla/5.0 (compatible; bingbot/2.0; +http://www.bing.com/bingbot.htm)"
157.55.32.149 - - [28/Dec/2012:00:36:38 +0100] "GET /03a.html HTTP/1.1" 200 1991 "-" "Mozilla/5.0 (compatible; bingbot/2.0; +http://www.bing.com/bingbot.htm)"
65.55.210.225 - - [28/Dec/2012:00:36:39 +0100] "GET /AC_RunActiveContent.js HTTP/1.1" 200 8029 "http://www.dialyse-calw.de/03a.html" "Mozilla/5.0 (Windows NT 6.1; WOW64) AppleWebKit/534+ (KHTML, like Gecko) BingPreview/1.0b"
65.55.210.225 - - [28/Dec/2012:00:36:40 +0100] "GET /03a.swf HTTP/1.1" 200 94997 "http://www.dialyse-calw.de/03a.swf" "Mozilla/5.0 (Windows NT 6.1; WOW64) AppleWebKit/534+ (KHTML, like Gecko) BingPreview/1.0b"
203.169.187.180 - - [28/Dec/2012:00:37:48 +0100] "GET / HTTP/1.1" 200 2366 "-" "Mozilla/5.0 (Windows NT 6.1; rv:16.0) Gecko/20100101 Firefox/16.0"
203.169.187.180 - - [28/Dec/2012:00:37:49 +0100] "GET /catalog/ HTTP/1.1" 404 1256 "-" "Mozilla/5.0 (Windows NT 6.1; rv:16.0) Gecko/20100101 Firefox/16.0"
203.169.187.180 - - [28/Dec/2012:00:37:49 +0100] "GET /shop HTTP/1.1" 404 1256 "-" "Mozilla/5.0 (Windows NT 6.1; rv:16.0) Gecko/20100101 Firefox/16.0"
203.169.187.180 - - [28/Dec/2012:00:37:49 +0100] "GET /oscommerce/ HTTP/1.1" 404 1256 "-" "Mozilla/5.0 (Windows NT 6.1; rv:16.0) Gecko/20100101 Firefox/16.0"
203.169.187.180 - - [28/Dec/2012:00:37:51 +0100] "GET / HTTP/1.1" 200 2366 "-" "Mozilla/5.0 (Windows NT 6.1; rv:16.0) Gecko/20100101 Firefox/16.0"
203.169.187.180 - - [28/Dec/2012:00:37:51 +0100] "GET /ipb/ HTTP/1.1" 404 1256 "-" "Mozilla/5.0 (Windows NT 6.1; rv:16.0) Gecko/20100101 Firefox/16.0"
203.169.187.180 - - [28/Dec/2012:00:37:52 +0100] "GET /forum/ HTTP/1.1" 404 1256 "-" "Mozilla/5.0 (Windows NT 6.1; rv:16.0) Gecko/20100101 Firefox/16.0"
157.56.93.193 - - [28/Dec/2012:00:39:37 +0100] "GET /AC_RunActiveContent.js HTTP/1.1" 200 8029 "-" "Mozilla/5.0 (compatible; bingbot/2.0; +http://www.bing.com/bingbot.htm)"
157.55.33.111 - - [28/Dec/2012:01:01:12 +0100] "GET /robots.txt HTTP/1.1" 404 1256 "-" "Mozilla/5.0 (compatible; bingbot/2.0; +http://www.bing.com/bingbot.htm)"
157.55.33.111 - - [28/Dec/2012:01:02:46 +0100] "GET / HTTP/1.1" 200 2366 "-" "Mozilla/5.0 (compatible; bingbot/2.0; +http://www.bing.com/bingbot.htm)"
157.56.92.161 - - [28/Dec/2012:01:03:13 +0100] "GET / HTTP/1.1" 200 2366 "-" "Mozilla/5.0 (Windows NT 6.1; WOW64) AppleWebKit/534+ (KHTML, like Gecko) BingPreview/1.0b"
157.56.93.193 - - [28/Dec/2012:01:50:39 +0100] "GET /robots.txt HTTP/1.1" 404 1256 "-" "Mozilla/5.0 (compatible; bingbot/2.0; +http://www.bing.com/bingbot.htm)"
157.56.93.193 - - [28/Dec/2012:01:52:38 +0100] "GET /AC_RunActiveContent.js HTTP/1.1" 200 8029 "-" "Mozilla/5.0 (compatible; bingbot/2.0; +http://www.bing.com/bingbot.htm)"
157.55.33.40 - - [28/Dec/2012:02:26:43 +0100] "GET /09a.swf HTTP/1.1" 200 20604 "-" "Mozilla/5.0 (compatible; bingbot/2.0; +http://www.bing.com/bingbot.htm)"
157.55.32.110 - - [28/Dec/2012:03:02:11 +0100] "GET /09a.html HTTP/1.1" 200 2059 "-" "Mozilla/5.0 (compatible; bingbot/2.0; +http://www.bing.com/bingbot.htm)"
65.55.210.92 - - [28/Dec/2012:03:02:13 +0100] "GET /09a.swf HTTP/1.1" 200 20604 "http://www.dialyse-calw.de/09a.swf" "Mozilla/5.0 (Windows NT 6.1; WOW64) AppleWebKit/534+ (KHTML, like Gecko) BingPreview/1.0b"
66.249.78.36 - - [28/Dec/2012:03:09:50 +0100] "GET /robots.txt HTTP/1.1" 404 1256 "-" "Mozilla/5.0 (compatible; Googlebot/2.1; +http://www.google.com/bot.html)"
66.249.75.36 - - [28/Dec/2012:03:09:50 +0100] "GET /00start.swf HTTP/1.1" 200 8575 "-" "DoCoMo/2.0 N905i(c100;TB;W24H16) (compatible; Googlebot-Mobile/2.1; +http://www.google.com/bot.html)"
157.55.32.86 - - [28/Dec/2012:03:10:52 +0100] "GET /robots.txt HTTP/1.1" 404 1256 "-" "Mozilla/5.0 (compatible; bingbot/2.0; +http://www.bing.com/bingbot.htm)"
157.55.32.86 - - [28/Dec/2012:03:12:42 +0100] "GET / HTTP/1.1" 200 2366 "-" "Mozilla/5.0 (compatible; bingbot/2.0; +http://www.bing.com/bingbot.htm)"
66.249.75.235 - - [28/Dec/2012:03:13:44 +0100] "GET /robots.txt HTTP/1.1" 404 1256 "-" "Mozilla/5.0 (compatible; Googlebot/2.1; +http://www.google.com/bot.html)"
66.249.78.235 - - [28/Dec/2012:03:13:44 +0100] "GET /04Karteddd.html HTTP/1.1" 200 2077 "-" "Mozilla/5.0 (compatible; Googlebot/2.1; +http://www.google.com/bot.html)"
85.233.64.198 - - [28/Dec/2012:03:18:01 +0100] "GET /robots.txt HTTP/1.1" 404 1256 "-" "Mozilla/5.0 (compatible; 008/0.83; http://www.80legs.com/webcrawler.html;) Gecko/2008032620"
85.233.64.198 - - [28/Dec/2012:03:18:01 +0100] "GET / HTTP/1.1" 200 2366 "-" "Mozilla/5.0 (compatible; 008/0.85; http://www.80legs.com/webcrawler.html) Gecko/2008032620"
66.249.78.36 - - [28/Dec/2012:03:22:07 +0100] "GET /00start.swf HTTP/1.1" 200 8575 "-" "Mozilla/5.0 (compatible; Googlebot/2.1; +http://www.google.com/bot.html)"
85.233.64.198 - - [28/Dec/2012:03:24:46 +0100] "GET /robots.txt HTTP/1.1" 404 1256 "-" "Mozilla/5.0 (compatible; 008/0.83; http://www.80legs.com/webcrawler.html;) Gecko/2008032620"
85.233.64.198 - - [28/Dec/2012:03:24:46 +0100] "GET / HTTP/1.1" 200 2366 "-" "Mozilla/5.0 (compatible; 008/0.85; http://www.80legs.com/webcrawler.html) Gecko/2008032620"
85.233.64.198 - - [28/Dec/2012:03:24:47 +0100] "GET /robots.txt HTTP/1.1" 404 1256 "-" "Mozilla/5.0 (compatible; 008/0.83; http://www.80legs.com/webcrawler.html;) Gecko/2008032620"
85.233.64.198 - - [28/Dec/2012:03:24:48 +0100] "GET / HTTP/1.1" 200 2366 "-" "Mozilla/5.0 (compatible; 008/0.85; http://www.80legs.com/webcrawler.html) Gecko/2008032620"
54.243.1.44 - - [28/Dec/2012:03:25:15 +0100] "GET / HTTP/1.0" 200 2366 "http://www.eatree.com" "Mozilla/5.0 (compatible; MSIE 9.0; Windows NT 6.1; Trident/5.0)"
157.55.32.154 - - [28/Dec/2012:03:27:11 +0100] "GET / HTTP/1.1" 200 2366 "-" "Mozilla/5.0 (compatible; bingbot/2.0; +http://www.bing.com/bingbot.htm)"
68.196.12.214 - - [28/Dec/2012:03:40:10 +0100] "GET /robots.txt HTTP/1.1" 404 1256 "-" "Mozilla/5.0 (compatible; 008/0.83; http://www.80legs.com/webcrawler.html;) Gecko/2008032620"
68.196.12.214 - - [28/Dec/2012:03:40:13 +0100] "GET / HTTP/1.1" 200 2366 "-" "Mozilla/5.0 (compatible; 008/0.85; http://www.80legs.com/webcrawler.html) Gecko/2008032620"
81.20.199.218 - - [28/Dec/2012:03:41:29 +0100] "GET /robots.txt HTTP/1.1" 404 1256 "-" "Mozilla/5.0 (compatible; 008/0.83; http://www.80legs.com/webcrawler.html;) Gecko/2008032620"
81.20.199.218 - - [28/Dec/2012:03:41:29 +0100] "GET / HTTP/1.1" 200 2366 "-" "Mozilla/5.0 (compatible; 008/0.85; http://www.80legs.com/webcrawler.html) Gecko/2008032620"
85.233.64.198 - - [28/Dec/2012:03:42:17 +0100] "GET / HTTP/1.1" 200 2366 "-" "Mozilla/5.0 (compatible; 008/0.85; http://www.80legs.com/webcrawler.html) Gecko/2008032620"
85.233.64.198 - - [28/Dec/2012:03:42:19 +0100] "GET / HTTP/1.1" 200 2366 "-" "Mozilla/5.0 (compatible; 008/0.85; http://www.80legs.com/webcrawler.html) Gecko/2008032620"
66.249.78.235 - - [28/Dec/2012:04:19:37 +0100] "GET /04Karteddd.swf HTTP/1.1" 200 33790 "-" "Mozilla/5.0 (compatible; Googlebot/2.1; +http://www.google.com/bot.html)"
89.108.102.171 - - [28/Dec/2012:04:19:44 +0100] "GET / HTTP/1.1" 200 2366 "http://garnitura.mobi/" "Mozilla/4.0 (compatible; MSIE 7.0b; Windows NT 6.0)"
89.108.102.171 - - [28/Dec/2012:04:19:46 +0100] "GET / HTTP/1.1" 200 2366 "http://garnitura.mobi/" "Mozilla/4.0 (compatible; MSIE 7.0b; Windows NT 6.0)"
66.249.78.235 - - [28/Dec/2012:04:21:13 +0100] "GET /07.swf HTTP/1.1" 200 20730 "-" "Mozilla/5.0 (compatible; Googlebot/2.1; +http://www.google.com/bot.html)"
66.249.78.36 - - [28/Dec/2012:04:26:37 +0100] "GET / HTTP/1.1" 200 2366 "-" "Mozilla/5.0 (iPhone; U; CPU iPhone OS 4_1 like Mac OS X; en-us) AppleWebKit/532.9 (KHTML, like Gecko) Version/4.0.5 Mobile/8B117 Safari/6531.22.7 (compatible; Googlebot-Mobile/2.1; +http://www.google.com/bot.html)"
141.8.147.1 - - [28/Dec/2012:04:55:47 +0100] "GET /robots.txt HTTP/1.1" 404 1256 "-" "Mozilla/5.0 (compatible; YandexBot/3.0; +http://yandex.com/bots)"
193.106.136.49 - - [28/Dec/2012:05:18:39 +0100] "GET / HTTP/1.1" 200 2366 "http://by-share.com/" "Mozilla/4.0 (compatible; MSIE 6.0; Windows NT 5.1; SV1; InfoPath.1)"
193.106.136.49 - - [28/Dec/2012:05:18:40 +0100] "GET / HTTP/1.1" 200 2366 "http://by-share.com/" "Mozilla/4.0 (compatible; MSIE 6.0; Windows NT 5.1; SV1; InfoPath.1)"
178.32.77.83 - - [28/Dec/2012:05:58:11 +0100] "HEAD / HTTP/1.0" 200 - "-" "Mozilla/5.0 (compatible; 4SeoHuntBot; +http://4seohunt.com/bot.html)"
178.32.77.83 - - [28/Dec/2012:05:58:11 +0100] "GET / HTTP/1.0" 200 2366 "-" "Mozilla/5.0 (compatible; 4SeoHuntBot; +http://4seohunt.com/bot.html)"
80.86.88.172 - - [28/Dec/2012:06:23:13 +0100] "GET / HTTP/1.1" 200 2366 "-" "Mozilla/4.0 (compatible; MSIE 6.0; Windows 98; Win 9x4.90)"
66.249.78.235 - - [28/Dec/2012:06:29:37 +0100] "GET / HTTP/1.1" 304 - "-" "Mozilla/5.0 (compatible; Googlebot/2.1; +http://www.google.com/bot.html)"
123.125.71.39 - - [28/Dec/2012:07:16:36 +0100] "GET /robots.txt HTTP/1.1" 404 1256 "-" "Mozilla/5.0 (Windows NT 5.1; rv:6.0.2) Gecko/20100101 Firefox/6.0.2"
91.103.113.197 - - [28/Dec/2012:07:46:18 +0100] "GET /08.html HTTP/1.1" 200 2005 "http://www.google.de/url?sa=t&rct=j&q=&esrc=s&source=web&cd=3&ved=0CEgQFjAC&url=http%3A%2F%2Fwww.dialyse-pforzheim.de%2F08.html&ei=_T_dUOeFIMjPtQbT64C4Dw&usg=AFQjCNF1LYAuQXfOJwKjF0uyrGiuwvEndA&sig2=bBwcaUdiR7JlqhYAo4NT5A&bvm=bv.1355534169,d.Yms" "Mozilla/5.0 (Windows NT 6.1; rv:17.0) Gecko/20100101 Firefox/17.0"
91.103.113.197 - - [28/Dec/2012:07:46:18 +0100] "GET /AC_RunActiveContent.js HTTP/1.1" 200 8029 "http://www.dialyse-pforzheim.de/08.html" "Mozilla/5.0 (Windows NT 6.1; rv:17.0) Gecko/20100101 Firefox/17.0"
91.103.113.197 - - [28/Dec/2012:07:46:18 +0100] "GET /08.swf HTTP/1.1" 200 20405 "http://www.dialyse-pforzheim.de/08.html" "Mozilla/5.0 (Windows NT 6.1; rv:17.0) Gecko/20100101 Firefox/17.0"
91.103.113.197 - - [28/Dec/2012:07:46:18 +0100] "GET /favicon.ico HTTP/1.1" 404 1256 "-" "Mozilla/5.0 (Windows NT 6.1; rv:17.0) Gecko/20100101 Firefox/17.0"
195.242.218.133 - - [28/Dec/2012:08:08:40 +0100] "GET / HTTP/1.1" 200 2366 "http://novotroitsk.info/" "Mozilla/4.0 (compatible; MSIE 6.0; Windows NT 5.1; SV1; FunWebProducts)"
195.242.218.133 - - [28/Dec/2012:08:08:41 +0100] "GET / HTTP/1.1" 200 2366 "http://novotroitsk.info/" "Mozilla/4.0 (compatible; MSIE 6.0; Windows NT 5.1; SV1; FunWebProducts)"
149.172.167.57 - - [28/Dec/2012:08:33:24 +0100] "POST /_vti_bin/Webs.asmx HTTP/1.1" 404 1256 "-" "Mozilla/5.0 (iPad; U; CPU OS 5_0 like Mac OS X; en-us) AppleWebKit/533.17.9 (KHTML, like Gecko) Version/5.0.2 Mobile/8C134 Safari/6533.18.5"
141.8.147.1 - - [28/Dec/2012:08:48:37 +0100] "GET /03.html HTTP/1.1" 304 - "-" "Mozilla/5.0 (compatible; YandexBot/3.0; +http://yandex.com/bots)"
199.19.249.196 - - [28/Dec/2012:09:23:31 +0100] "GET / HTTP/1.1" 200 2366 "-" "Mozilla/4.0 (compatible; MSIE 7.0; Windows NT 5.1; InfoPath.1; .NET CLR 2.0.50727; .NET CLR 1.1.4322; MS-RTC LM 8; .NET CLR 3.0.4506.2152; .NET CLR 3.5.30729)"
134.2.188.3 - - [28/Dec/2012:09:23:32 +0100] "GET / HTTP/1.1" 200 2366 "http://www.google.de/url?sa=t&rct=j&q=nephrologischen%20zentrum%20pforzheim%20kanzlerstr.&source=web&cd=2&ved=0CDkQFjAB&url=http%3A%2F%2Fwww.dialyse-calw.de%2F&ei=w1bdULf1COen4AS8i4GABQ&usg=AFQjCNECMxQiO0NOt3ERqW1uzT1RIToCeg&bvm=bv.1355534169,d.bGE" "Mozilla/5.0 (Windows NT 5.1; rv:10.0.5) Gecko/20100101 Firefox/10.0.5"
134.2.188.3 - - [28/Dec/2012:09:23:32 +0100] "GET /00start.swf HTTP/1.1" 200 8575 "http://www.dialyse-calw.de/" "Mozilla/5.0 (Windows NT 5.1; rv:10.0.5) Gecko/20100101 Firefox/10.0.5"
134.2.188.3 - - [28/Dec/2012:09:23:35 +0100] "GET /favicon.ico HTTP/1.1" 404 1256 "-" "Mozilla/5.0 (Windows NT 5.1; rv:10.0.5) Gecko/20100101 Firefox/10.0.5"
134.2.188.3 - - [28/Dec/2012:09:23:35 +0100] "GET /favicon.ico HTTP/1.1" 404 1256 "-" "Mozilla/5.0 (Windows NT 5.1; rv:10.0.5) Gecko/20100101 Firefox/10.0.5"
199.19.249.196 - - [28/Dec/2012:09:23:38 +0100] "GET / HTTP/1.1" 200 2366 "-" "Mozilla/4.0 (compatible; MSIE 7.0; Windows NT 5.1; InfoPath.1; .NET CLR 2.0.50727; .NET CLR 1.1.4322; MS-RTC LM 8; .NET CLR 3.0.4506.2152; .NET CLR 3.5.30729)"
134.2.188.3 - - [28/Dec/2012:09:23:39 +0100] "GET / HTTP/1.1" 200 2366 "http://www.dialyse-calw.de/" "Mozilla/5.0 (Windows NT 5.1; rv:10.0.5) Gecko/20100101 Firefox/10.0.5"
134.2.188.3 - - [28/Dec/2012:09:23:39 +0100] "GET /00start.swf HTTP/1.1" 200 8575 "http://www.dialyse-pforzheim.de/" "Mozilla/5.0 (Windows NT 5.1; rv:10.0.5) Gecko/20100101 Firefox/10.0.5"
134.2.188.3 - - [28/Dec/2012:09:23:40 +0100] "GET /favicon.ico HTTP/1.1" 404 1256 "-" "Mozilla/5.0 (Windows NT 5.1; rv:10.0.5) Gecko/20100101 Firefox/10.0.5"
134.2.188.3 - - [28/Dec/2012:09:23:40 +0100] "GET /favicon.ico HTTP/1.1" 404 1256 "-" "Mozilla/5.0 (Windows NT 5.1; rv:10.0.5) Gecko/20100101 Firefox/10.0.5"
199.19.249.196 - - [28/Dec/2012:09:23:46 +0100] "GET /00themen00.html HTTP/1.1" 200 2254 "-" "Mozilla/4.0 (compatible; MSIE 7.0; Windows NT 5.1; InfoPath.1; .NET CLR 2.0.50727; .NET CLR 1.1.4322; MS-RTC LM 8; .NET CLR 3.0.4506.2152; .NET CLR 3.5.30729)"
134.2.188.3 - - [28/Dec/2012:09:23:46 +0100] "GET /00themen00.html HTTP/1.1" 200 2254 "http://www.dialyse-pforzheim.de/" "Mozilla/5.0 (Windows NT 5.1; rv:10.0.5) Gecko/20100101 Firefox/10.0.5"
134.2.188.3 - - [28/Dec/2012:09:23:46 +0100] "GET /AC_RunActiveContent.js HTTP/1.1" 200 8029 "http://www.dialyse-pforzheim.de/00themen00.html" "Mozilla/5.0 (Windows NT 5.1; rv:10.0.5) Gecko/20100101 Firefox/10.0.5"
134.2.188.3 - - [28/Dec/2012:09:23:46 +0100] "GET /00themen00.swf HTTP/1.1" 200 136579 "http://www.dialyse-pforzheim.de/00themen00.html" "Mozilla/5.0 (Windows NT 5.1; rv:10.0.5) Gecko/20100101 Firefox/10.0.5"
199.19.249.196 - - [28/Dec/2012:09:23:50 +0100] "GET /03.html HTTP/1.1" 200 1982 "-" "Mozilla/4.0 (compatible; MSIE 7.0; Windows NT 5.1; InfoPath.1; .NET CLR 2.0.50727; .NET CLR 1.1.4322; MS-RTC LM 8; .NET CLR 3.0.4506.2152; .NET CLR 3.5.30729)"
134.2.188.3 - - [28/Dec/2012:09:23:50 +0100] "GET /03.html HTTP/1.1" 200 1982 "http://www.dialyse-pforzheim.de/00themen00.html" "Mozilla/5.0 (Windows NT 5.1; rv:10.0.5) Gecko/20100101 Firefox/10.0.5"
134.2.188.3 - - [28/Dec/2012:09:23:50 +0100] "GET /03.swf HTTP/1.1" 200 74505 "http://www.dialyse-pforzheim.de/03.html" "Mozilla/5.0 (Windows NT 5.1; rv:10.0.5) Gecko/20100101 Firefox/10.0.5"
199.19.249.196 - - [28/Dec/2012:09:24:09 +0100] "GET /08.html HTTP/1.1" 200 2005 "-" "Mozilla/4.0 (compatible; MSIE 7.0; Windows NT 5.1; InfoPath.1; .NET CLR 2.0.50727; .NET CLR 1.1.4322; MS-RTC LM 8; .NET CLR 3.0.4506.2152; .NET CLR 3.5.30729)"
134.2.188.3 - - [28/Dec/2012:09:24:09 +0100] "GET /08.html HTTP/1.1" 200 2005 "http://www.dialyse-pforzheim.de/00themen00.html" "Mozilla/5.0 (Windows NT 5.1; rv:10.0.5) Gecko/20100101 Firefox/10.0.5"
134.2.188.3 - - [28/Dec/2012:09:24:09 +0100] "GET /08.swf HTTP/1.1" 200 20405 "http://www.dialyse-pforzheim.de/08.html" "Mozilla/5.0 (Windows NT 5.1; rv:10.0.5) Gecko/20100101 Firefox/10.0.5"
157.56.93.193 - - [28/Dec/2012:09:30:12 +0100] "GET /robots.txt HTTP/1.1" 404 1256 "-" "Mozilla/5.0 (compatible; bingbot/2.0; +http://www.bing.com/bingbot.htm)"
157.56.93.193 - - [28/Dec/2012:09:31:47 +0100] "GET /02.swf HTTP/1.1" 200 22781 "-" "Mozilla/5.0 (compatible; bingbot/2.0; +http://www.bing.com/bingbot.htm)"
199.19.249.196 - - [28/Dec/2012:09:31:54 +0100] "GET /03a.html HTTP/1.1" 200 1991 "-" "Mozilla/4.0 (compatible; MSIE 7.0; Windows NT 5.1; InfoPath.1; .NET CLR 2.0.50727; .NET CLR 1.1.4322; MS-RTC LM 8; .NET CLR 3.0.4506.2152; .NET CLR 3.5.30729)"
134.2.188.3 - - [28/Dec/2012:09:31:54 +0100] "GET /03a.html HTTP/1.1" 200 1991 "http://www.dialyse-pforzheim.de/00themen00.html" "Mozilla/5.0 (Windows NT 5.1; rv:10.0.5) Gecko/20100101 Firefox/10.0.5"
134.2.188.3 - - [28/Dec/2012:09:31:54 +0100] "GET /03a.swf HTTP/1.1" 200 94997 "http://www.dialyse-pforzheim.de/03a.html" "Mozilla/5.0 (Windows NT 5.1; rv:10.0.5) Gecko/20100101 Firefox/10.0.5"
157.55.33.40 - - [28/Dec/2012:09:42:48 +0100] "GET /01.html HTTP/1.1" 200 1982 "-" "Mozilla/5.0 (compatible; bingbot/2.0; +http://www.bing.com/bingbot.htm)"
157.55.34.107 - - [28/Dec/2012:09:42:50 +0100] "GET /AC_RunActiveContent.js HTTP/1.1" 200 8029 "http://www.dialyse-calw.de/01.html" "Mozilla/5.0 (Windows NT 6.1; WOW64) AppleWebKit/534+ (KHTML, like Gecko) BingPreview/1.0b"
157.55.35.53 - - [28/Dec/2012:09:42:50 +0100] "GET /01.swf HTTP/1.1" 200 19349 "-" "Mozilla/5.0 (compatible; bingbot/2.0; +http://www.bing.com/bingbot.htm)"
157.55.34.107 - - [28/Dec/2012:09:42:50 +0100] "GET /01.swf HTTP/1.1" 200 19349 "http://www.dialyse-calw.de/01.swf" "Mozilla/5.0 (Windows NT 6.1; WOW64) AppleWebKit/534+ (KHTML, like Gecko) BingPreview/1.0b"
93.205.22.181 - - [28/Dec/2012:09:47:22 +0100] "GET / HTTP/1.1" 200 2366 "http://www.siloah.de/cms/siloah_27.html" "Mozilla/5.0 (Macintosh; Intel Mac OS X 10_7_5) AppleWebKit/534.57.7 (KHTML, like Gecko) Version/5.1.7 Safari/534.57.7"
93.205.22.181 - - [28/Dec/2012:09:47:23 +0100] "GET /00start.swf HTTP/1.1" 200 8575 "http://www.dialyse-calw.de/" "Mozilla/5.0 (Macintosh; Intel Mac OS X 10_7_5) AppleWebKit/534.57.7 (KHTML, like Gecko) Version/5.1.7 Safari/534.57.7"
93.205.22.181 - - [28/Dec/2012:09:47:25 +0100] "GET /favicon.ico HTTP/1.1" 404 1256 "http://www.dialyse-calw.de/" "Mozilla/5.0 (Macintosh; Intel Mac OS X 10_7_5) AppleWebKit/534.57.7 (KHTML, like Gecko) Version/5.1.7 Safari/534.57.7"
93.205.22.181 - - [28/Dec/2012:09:47:40 +0100] "GET /00themen00.html HTTP/1.1" 200 2254 "http://www.dialyse-calw.de/" "Mozilla/5.0 (Macintosh; Intel Mac OS X 10_7_5) AppleWebKit/534.57.7 (KHTML, like Gecko) Version/5.1.7 Safari/534.57.7"
93.205.22.181 - - [28/Dec/2012:09:47:40 +0100] "GET /AC_RunActiveContent.js HTTP/1.1" 200 8029 "http://www.dialyse-calw.de/00themen00.html" "Mozilla/5.0 (Macintosh; Intel Mac OS X 10_7_5) AppleWebKit/534.57.7 (KHTML, like Gecko) Version/5.1.7 Safari/534.57.7"
93.205.22.181 - - [28/Dec/2012:09:47:41 +0100] "GET /00themen00.swf HTTP/1.1" 200 136579 "http://www.dialyse-calw.de/00themen00.html" "Mozilla/5.0 (Macintosh; Intel Mac OS X 10_7_5) AppleWebKit/534.57.7 (KHTML, like Gecko) Version/5.1.7 Safari/534.57.7"
93.205.22.181 - - [28/Dec/2012:09:47:46 +0100] "GET /03.html HTTP/1.1" 200 1982 "http://www.dialyse-calw.de/00themen00.html" "Mozilla/5.0 (Macintosh; Intel Mac OS X 10_7_5) AppleWebKit/534.57.7 (KHTML, like Gecko) Version/5.1.7 Safari/534.57.7"
93.205.22.181 - - [28/Dec/2012:09:47:47 +0100] "GET /03.swf HTTP/1.1" 200 74505 "http://www.dialyse-calw.de/03.html" "Mozilla/5.0 (Macintosh; Intel Mac OS X 10_7_5) AppleWebKit/534.57.7 (KHTML, like Gecko) Version/5.1.7 Safari/534.57.7"
93.205.22.181 - - [28/Dec/2012:09:48:30 +0100] "GET /04.html HTTP/1.1" 200 2106 "http://www.dialyse-calw.de/00themen00.html" "Mozilla/5.0 (Macintosh; Intel Mac OS X 10_7_5) AppleWebKit/534.57.7 (KHTML, like Gecko) Version/5.1.7 Safari/534.57.7"
93.205.22.181 - - [28/Dec/2012:09:48:30 +0100] "GET /04.swf HTTP/1.1" 200 62769 "http://www.dialyse-calw.de/04.html" "Mozilla/5.0 (Macintosh; Intel Mac OS X 10_7_5) AppleWebKit/534.57.7 (KHTML, like Gecko) Version/5.1.7 Safari/534.57.7"
93.205.22.181 - - [28/Dec/2012:09:48:40 +0100] "GET /04Kartebbb.html HTTP/1.1" 200 2077 "http://www.dialyse-calw.de/04.html" "Mozilla/5.0 (Macintosh; Intel Mac OS X 10_7_5) AppleWebKit/534.57.7 (KHTML, like Gecko) Version/5.1.7 Safari/534.57.7"
93.205.22.181 - - [28/Dec/2012:09:48:40 +0100] "GET /04Kartebbb.swf HTTP/1.1" 200 32635 "http://www.dialyse-calw.de/04Kartebbb.html" "Mozilla/5.0 (Macintosh; Intel Mac OS X 10_7_5) AppleWebKit/534.57.7 (KHTML, like Gecko) Version/5.1.7 Safari/534.57.7"
