141.8.147.1 - - [01/Feb/2013:02:39:50 +0100] "GET /info.html HTTP/1.1" 200 1015 "-" "Mozilla/5.0 (compatible; YandexBot/3.0; +http://yandex.com/bots)"
141.8.147.1 - - [01/Feb/2013:05:03:29 +0100] "GET /main.html HTTP/1.1" 304 - "-" "Mozilla/5.0 (compatible; YandexBot/3.0; +http://yandex.com/bots)"
141.8.147.1 - - [01/Feb/2013:10:55:46 +0100] "GET /robots.txt HTTP/1.1" 404 1256 "-" "Mozilla/5.0 (compatible; YandexBot/3.0; +http://yandex.com/bots)"
157.55.35.81 - - [01/Feb/2013:13:06:02 +0100] "GET /robots.txt HTTP/1.1" 404 1256 "-" "Mozilla/5.0 (compatible; bingbot/2.0; +http://www.bing.com/bingbot.htm)"
157.55.35.81 - - [01/Feb/2013:13:07:45 +0100] "GET /main.html HTTP/1.1" 200 747 "-" "Mozilla/5.0 (compatible; bingbot/2.0; +http://www.bing.com/bingbot.htm)"
141.8.147.1 - - [01/Feb/2013:15:48:00 +0100] "GET /home.html HTTP/1.1" 200 977 "-" "Mozilla/5.0 (compatible; YandexBot/3.0; +http://yandex.com/bots)"
66.249.76.54 - - [01/Feb/2013:16:30:47 +0100] "GET /robots.txt HTTP/1.1" 404 1256 "-" "Mozilla/5.0 (compatible; Googlebot/2.1; +http://www.google.com/bot.html)"
66.249.76.54 - - [01/Feb/2013:16:30:47 +0100] "GET /kontakt.html HTTP/1.1" 304 - "-" "Mozilla/5.0 (compatible; Googlebot/2.1; +http://www.google.com/bot.html)"
141.8.147.1 - - [01/Feb/2013:20:03:51 +0100] "GET /kontakt.html HTTP/1.1" 200 1753 "-" "Mozilla/5.0 (compatible; YandexBot/3.0; +http://yandex.com/bots)"
66.249.76.54 - - [01/Feb/2013:23:01:19 +0100] "GET / HTTP/1.1" 304 - "-" "Mozilla/5.0 (compatible; Googlebot/2.1; +http://www.google.com/bot.html)"
66.249.76.54 - - [01/Feb/2013:23:55:08 +0100] "GET /main.html HTTP/1.1" 304 - "-" "Mozilla/5.0 (compatible; Googlebot/2.1; +http://www.google.com/bot.html)"
141.8.147.1 - - [02/Feb/2013:01:40:05 +0100] "GET /robots.txt HTTP/1.1" 404 1256 "-" "Mozilla/5.0 (compatible; YandexBot/3.0; +http://yandex.com/bots)"
141.8.147.1 - - [02/Feb/2013:06:33:39 +0100] "GET / HTTP/1.1" 200 1137 "-" "Mozilla/5.0 (compatible; YandexBot/3.0; +http://yandex.com/bots)"
141.8.147.1 - - [02/Feb/2013:10:30:42 +0100] "GET /banner.html HTTP/1.1" 200 980 "-" "Mozilla/5.0 (compatible; YandexBot/3.0; +http://yandex.com/bots)"
95.108.151.244 - - [04/Feb/2013:00:43:52 +0100] "GET /robots.txt HTTP/1.1" 404 1256 "-" "Mozilla/5.0 (compatible; YandexBot/3.0; +http://yandex.com/bots)"
95.108.151.244 - - [04/Feb/2013:00:43:53 +0100] "GET / HTTP/1.1" 200 1137 "-" "Mozilla/5.0 (compatible; YandexBot/3.0; +http://yandex.com/bots)"
95.108.151.244 - - [04/Feb/2013:00:43:54 +0100] "GET / HTTP/1.1" 200 1137 "-" "Mozilla/5.0 (compatible; YandexBot/3.0; +http://yandex.com/bots)"
80.146.212.194 - - [04/Feb/2013:07:30:10 +0100] "GET / HTTP/1.1" 200 1137 "-" "Mozilla/5.0 (Windows NT 6.1; WOW64; rv:18.0) Gecko/20100101 Firefox/18.0"
80.146.212.194 - - [04/Feb/2013:07:30:11 +0100] "GET /picture/gis-bau.jpg HTTP/1.1" 200 9275 "http://www.gis-bau.de/" "Mozilla/5.0 (Windows NT 6.1; WOW64; rv:18.0) Gecko/20100101 Firefox/18.0"
80.146.212.194 - - [04/Feb/2013:07:30:11 +0100] "GET /picture/back.gif HTTP/1.1" 404 1256 "http://www.gis-bau.de/" "Mozilla/5.0 (Windows NT 6.1; WOW64; rv:18.0) Gecko/20100101 Firefox/18.0"
80.146.212.194 - - [04/Feb/2013:07:30:11 +0100] "GET /favicon.ico HTTP/1.1" 404 1256 "-" "Mozilla/5.0 (Windows NT 6.1; WOW64; rv:18.0) Gecko/20100101 Firefox/18.0"
66.249.81.54 - - [04/Feb/2013:16:21:27 +0100] "GET /main.html HTTP/1.1" 200 747 "http://www.google.com/search" "Mozilla/5.0 (X11; Linux x86_64) AppleWebKit/537.4 (KHTML, like Gecko; Google Web Preview) Chrome/22.0.1229 Safari/537.4"
66.249.81.54 - - [04/Feb/2013:16:21:27 +0100] "GET /info.html HTTP/1.1" 200 1015 "http://www.gis-bau.de/main.html" "Mozilla/5.0 (X11; Linux x86_64) AppleWebKit/537.4 (KHTML, like Gecko; Google Web Preview) Chrome/22.0.1229 Safari/537.4"
66.249.81.54 - - [04/Feb/2013:16:21:27 +0100] "GET /home.html HTTP/1.1" 200 977 "http://www.gis-bau.de/main.html" "Mozilla/5.0 (X11; Linux x86_64) AppleWebKit/537.4 (KHTML, like Gecko; Google Web Preview) Chrome/22.0.1229 Safari/537.4"
66.249.81.54 - - [04/Feb/2013:16:21:27 +0100] "GET /banner.html HTTP/1.1" 200 980 "http://www.gis-bau.de/main.html" "Mozilla/5.0 (X11; Linux x86_64) AppleWebKit/537.4 (KHTML, like Gecko; Google Web Preview) Chrome/22.0.1229 Safari/537.4"
66.249.81.54 - - [04/Feb/2013:16:21:27 +0100] "GET /picture/home.gif HTTP/1.1" 200 1107 "http://www.gis-bau.de/info.html" "Mozilla/5.0 (X11; Linux x86_64) AppleWebKit/537.4 (KHTML, like Gecko; Google Web Preview) Chrome/22.0.1229 Safari/537.4"
66.249.81.54 - - [04/Feb/2013:16:21:27 +0100] "GET /picture/leistungen.gif HTTP/1.1" 200 1157 "http://www.gis-bau.de/info.html" "Mozilla/5.0 (X11; Linux x86_64) AppleWebKit/537.4 (KHTML, like Gecko; Google Web Preview) Chrome/22.0.1229 Safari/537.4"
66.249.81.54 - - [04/Feb/2013:16:21:27 +0100] "GET /picture/back.gif HTTP/1.1" 404 1256 "http://www.gis-bau.de/info.html" "Mozilla/5.0 (X11; Linux x86_64) AppleWebKit/537.4 (KHTML, like Gecko; Google Web Preview) Chrome/22.0.1229 Safari/537.4"
66.249.81.54 - - [04/Feb/2013:16:21:27 +0100] "GET /picture/gis-bau.jpg HTTP/1.1" 200 9275 "http://www.gis-bau.de/banner.html" "Mozilla/5.0 (X11; Linux x86_64) AppleWebKit/537.4 (KHTML, like Gecko; Google Web Preview) Chrome/22.0.1229 Safari/537.4"
66.249.81.54 - - [04/Feb/2013:16:21:27 +0100] "GET /picture/referenzen.gif HTTP/1.1" 200 1173 "http://www.gis-bau.de/info.html" "Mozilla/5.0 (X11; Linux x86_64) AppleWebKit/537.4 (KHTML, like Gecko; Google Web Preview) Chrome/22.0.1229 Safari/537.4"
66.249.81.54 - - [04/Feb/2013:16:21:27 +0100] "GET /picture/kontakt.gif HTTP/1.1" 200 1128 "http://www.gis-bau.de/info.html" "Mozilla/5.0 (X11; Linux x86_64) AppleWebKit/537.4 (KHTML, like Gecko; Google Web Preview) Chrome/22.0.1229 Safari/537.4"
77.184.74.228 - - [04/Feb/2013:16:23:57 +0100] "GET /main.html HTTP/1.1" 200 747 "http://www.google.de/url?sa=t&rct=j&q=stefan%20g%C3%BCrgen%20in%20zehlendorf&source=web&cd=5&ved=0CEwQFjAE&url=http%3A%2F%2Fwww.gis-bau.de%2Fmain.html&ei=-tAPUeanKorTsgaH-4HQDw&usg=AFQjCNEZ9Plrfl0XvmCV7MXQHFGNwPepaw&bvm=bv.41867550,d.Yms" "Mozilla/5.0 (Windows NT 4.0; rv:18.0) Gecko/20100101 Firefox/18.0"
77.184.74.228 - - [04/Feb/2013:16:23:57 +0100] "GET /banner.html HTTP/1.1" 200 980 "http://www.gis-bau.de/main.html" "Mozilla/5.0 (Windows NT 4.0; rv:18.0) Gecko/20100101 Firefox/18.0"
77.184.74.228 - - [04/Feb/2013:16:23:57 +0100] "GET /info.html HTTP/1.1" 200 1015 "http://www.gis-bau.de/main.html" "Mozilla/5.0 (Windows NT 4.0; rv:18.0) Gecko/20100101 Firefox/18.0"
77.184.74.228 - - [04/Feb/2013:16:23:57 +0100] "GET /home.html HTTP/1.1" 200 977 "http://www.gis-bau.de/main.html" "Mozilla/5.0 (Windows NT 4.0; rv:18.0) Gecko/20100101 Firefox/18.0"
77.184.74.228 - - [04/Feb/2013:16:23:57 +0100] "GET /picture/gis-bau.jpg HTTP/1.1" 200 9275 "http://www.gis-bau.de/banner.html" "Mozilla/5.0 (Windows NT 4.0; rv:18.0) Gecko/20100101 Firefox/18.0"
77.184.74.228 - - [04/Feb/2013:16:23:57 +0100] "GET /picture/home.gif HTTP/1.1" 200 1107 "http://www.gis-bau.de/info.html" "Mozilla/5.0 (Windows NT 4.0; rv:18.0) Gecko/20100101 Firefox/18.0"
77.184.74.228 - - [04/Feb/2013:16:23:57 +0100] "GET /picture/back.gif HTTP/1.1" 404 1256 "http://www.gis-bau.de/banner.html" "Mozilla/5.0 (Windows NT 4.0; rv:18.0) Gecko/20100101 Firefox/18.0"
77.184.74.228 - - [04/Feb/2013:16:23:57 +0100] "GET /picture/referenzen.gif HTTP/1.1" 200 1173 "http://www.gis-bau.de/info.html" "Mozilla/5.0 (Windows NT 4.0; rv:18.0) Gecko/20100101 Firefox/18.0"
77.184.74.228 - - [04/Feb/2013:16:23:57 +0100] "GET /picture/leistungen.gif HTTP/1.1" 200 1157 "http://www.gis-bau.de/info.html" "Mozilla/5.0 (Windows NT 4.0; rv:18.0) Gecko/20100101 Firefox/18.0"
77.184.74.228 - - [04/Feb/2013:16:23:57 +0100] "GET /picture/kontakt.gif HTTP/1.1" 200 1128 "http://www.gis-bau.de/info.html" "Mozilla/5.0 (Windows NT 4.0; rv:18.0) Gecko/20100101 Firefox/18.0"
77.184.74.228 - - [04/Feb/2013:16:23:57 +0100] "GET /picture/back.gif HTTP/1.1" 404 1256 "http://www.gis-bau.de/info.html" "Mozilla/5.0 (Windows NT 4.0; rv:18.0) Gecko/20100101 Firefox/18.0"
77.184.74.228 - - [04/Feb/2013:16:23:57 +0100] "GET /favicon.ico HTTP/1.1" 404 1256 "-" "Mozilla/5.0 (Windows NT 4.0; rv:18.0) Gecko/20100101 Firefox/18.0"
77.184.74.228 - - [04/Feb/2013:16:23:57 +0100] "GET /favicon.ico HTTP/1.1" 404 1256 "-" "Mozilla/5.0 (Windows NT 4.0; rv:18.0) Gecko/20100101 Firefox/18.0"
77.184.74.228 - - [04/Feb/2013:16:24:02 +0100] "GET /kontakt.html HTTP/1.1" 200 1753 "http://www.gis-bau.de/info.html" "Mozilla/5.0 (Windows NT 4.0; rv:18.0) Gecko/20100101 Firefox/18.0"
77.184.74.228 - - [04/Feb/2013:17:01:19 +0100] "GET /picture/back.gif HTTP/1.1" 404 1256 "http://www.gis-bau.de/banner.html" "Mozilla/5.0 (Windows NT 4.0; rv:18.0) Gecko/20100101 Firefox/18.0"
77.184.74.228 - - [04/Feb/2013:17:01:19 +0100] "GET /picture/back.gif HTTP/1.1" 404 1256 "http://www.gis-bau.de/info.html" "Mozilla/5.0 (Windows NT 4.0; rv:18.0) Gecko/20100101 Firefox/18.0"
77.184.74.228 - - [04/Feb/2013:17:01:25 +0100] "GET /leistung.html HTTP/1.1" 200 1149 "http://www.gis-bau.de/info.html" "Mozilla/5.0 (Windows NT 4.0; rv:18.0) Gecko/20100101 Firefox/18.0"
77.184.74.228 - - [04/Feb/2013:17:01:25 +0100] "GET /picture/under.gif HTTP/1.1" 200 5595 "http://www.gis-bau.de/leistung.html" "Mozilla/5.0 (Windows NT 4.0; rv:18.0) Gecko/20100101 Firefox/18.0"
77.184.74.228 - - [04/Feb/2013:17:01:25 +0100] "GET /picture/baupics/image1.jpg HTTP/1.1" 200 32752 "http://www.gis-bau.de/leistung.html" "Mozilla/5.0 (Windows NT 4.0; rv:18.0) Gecko/20100101 Firefox/18.0"
77.184.74.228 - - [04/Feb/2013:17:01:25 +0100] "GET /picture/baupics/image2.jpg HTTP/1.1" 200 40346 "http://www.gis-bau.de/leistung.html" "Mozilla/5.0 (Windows NT 4.0; rv:18.0) Gecko/20100101 Firefox/18.0"
77.184.74.228 - - [04/Feb/2013:17:01:35 +0100] "GET /ud.html HTTP/1.1" 200 685 "http://www.gis-bau.de/info.html" "Mozilla/5.0 (Windows NT 4.0; rv:18.0) Gecko/20100101 Firefox/18.0"
85.186.103.66 - - [04/Feb/2013:18:43:43 +0100] "GET / HTTP/1.1" 200 1137 "-" "Mozilla/5.0 (Windows; U; Windows NT 5.1; en-US; rv:1.8.1.1) Gecko/20061204 Firefox/2.0.0.1"
85.186.103.66 - - [04/Feb/2013:18:43:43 +0100] "GET /main.html HTTP/1.1" 200 747 "-" "Mozilla/5.0 (Windows; U; Windows NT 5.1; en-US; rv:1.8.1.1) Gecko/20061204 Firefox/2.0.0.1"
85.186.103.66 - - [04/Feb/2013:18:43:43 +0100] "GET /banner.html HTTP/1.1" 200 980 "-" "Mozilla/5.0 (Windows; U; Windows NT 5.1; en-US; rv:1.8.1.1) Gecko/20061204 Firefox/2.0.0.1"
85.186.103.66 - - [04/Feb/2013:18:43:44 +0100] "GET /info.html HTTP/1.1" 200 1015 "-" "Mozilla/5.0 (Windows; U; Windows NT 5.1; en-US; rv:1.8.1.1) Gecko/20061204 Firefox/2.0.0.1"
85.186.103.66 - - [04/Feb/2013:18:43:44 +0100] "GET /home.html HTTP/1.1" 200 977 "-" "Mozilla/5.0 (Windows; U; Windows NT 5.1; en-US; rv:1.8.1.1) Gecko/20061204 Firefox/2.0.0.1"
141.8.147.1 - - [05/Feb/2013:15:15:22 +0100] "GET /robots.txt HTTP/1.1" 404 1256 "-" "Mozilla/5.0 (compatible; YandexBot/3.0; +http://yandex.com/bots)"
141.8.147.1 - - [05/Feb/2013:15:15:24 +0100] "GET / HTTP/1.1" 200 1137 "-" "Mozilla/5.0 (compatible; YandexBot/3.0; MirrorDetector; +http://yandex.com/bots)"
141.8.147.1 - - [05/Feb/2013:15:15:29 +0100] "GET / HTTP/1.1" 200 1137 "-" "Mozilla/5.0 (compatible; YandexBot/3.0; MirrorDetector; +http://yandex.com/bots)"
174.129.191.82 - - [06/Feb/2013:06:15:26 +0100] "GET / HTTP/1.0" 200 1137 "-" "Mozilla/5.0 (compatible; NetcraftSurveyAgent/1.0; +info@netcraft.com)"
178.63.62.19 - - [08/Feb/2013:22:31:49 +0100] "GET /robots.txt HTTP/1.1" 404 1256 "-" "Mozilla/4.0 (compatible; MSIE 6.0; Windows NT 5.1; SV1; .NET CLR 1.1.4322)"
178.63.62.19 - - [08/Feb/2013:22:31:50 +0100] "GET / HTTP/1.1" 200 1137 "-" "Mozilla/4.0 (compatible; MSIE 6.0; Windows NT 5.1; SV1; .NET CLR 1.1.4322)"
178.63.62.19 - - [08/Feb/2013:22:31:50 +0100] "GET /main.html HTTP/1.1" 200 747 "http://www.gis-bau.de/" "Mozilla/4.0 (compatible; MSIE 6.0; Windows NT 5.1; SV1; .NET CLR 1.1.4322)"
178.63.62.19 - - [08/Feb/2013:22:31:50 +0100] "GET /banner.html HTTP/1.1" 200 980 "http://www.gis-bau.de/main.html" "Mozilla/4.0 (compatible; MSIE 6.0; Windows NT 5.1; SV1; .NET CLR 1.1.4322)"
178.63.62.19 - - [08/Feb/2013:22:31:50 +0100] "GET /home.html HTTP/1.1" 200 977 "http://www.gis-bau.de/main.html" "Mozilla/4.0 (compatible; MSIE 6.0; Windows NT 5.1; SV1; .NET CLR 1.1.4322)"
178.63.62.19 - - [08/Feb/2013:22:31:50 +0100] "GET /info.html HTTP/1.1" 200 1015 "http://www.gis-bau.de/main.html" "Mozilla/4.0 (compatible; MSIE 6.0; Windows NT 5.1; SV1; .NET CLR 1.1.4322)"
178.63.62.19 - - [08/Feb/2013:22:31:50 +0100] "GET /leistung.html HTTP/1.1" 200 1149 "http://www.gis-bau.de/info.html" "Mozilla/4.0 (compatible; MSIE 6.0; Windows NT 5.1; SV1; .NET CLR 1.1.4322)"
178.63.62.19 - - [08/Feb/2013:22:31:50 +0100] "GET /kontakt.html HTTP/1.1" 200 1753 "http://www.gis-bau.de/info.html" "Mozilla/4.0 (compatible; MSIE 6.0; Windows NT 5.1; SV1; .NET CLR 1.1.4322)"
178.63.62.19 - - [08/Feb/2013:22:31:50 +0100] "GET /ud.html HTTP/1.1" 200 685 "http://www.gis-bau.de/info.html" "Mozilla/4.0 (compatible; MSIE 6.0; Windows NT 5.1; SV1; .NET CLR 1.1.4322)"
64.246.165.140 - - [09/Feb/2013:18:48:42 +0100] "GET /robots.txt HTTP/1.0" 404 1256 "-" "Mozilla/5.0 (Windows; U; Windows NT 5.1; en; rv:1.9.0.13) Gecko/2009073022 Firefox/3.5.2 (.NET CLR 3.5.30729) SurveyBot/2.3 (DomainTools)"
64.246.165.140 - - [09/Feb/2013:18:48:43 +0100] "GET / HTTP/1.1" 200 1137 "http://whois.domaintools.com/gis-bau.de" "Mozilla/5.0 (Windows; U; Windows NT 5.1; en; rv:1.9.0.13) Gecko/2009073022 Firefox/3.5.2 (.NET CLR 3.5.30729) SurveyBot/2.3 (DomainTools)"
65.55.215.71 - - [09/Feb/2013:22:53:19 +0100] "GET /robots.txt HTTP/1.1" 404 1256 "-" "msnbot-media/1.1 (+http://search.msn.com/msnbot.htm)"
65.55.215.71 - - [09/Feb/2013:22:53:19 +0100] "GET /picture/leistungen.gif HTTP/1.1" 200 1157 "-" "msnbot-media/1.1 (+http://search.msn.com/msnbot.htm)"
66.249.78.54 - - [10/Feb/2013:01:00:20 +0100] "GET /robots.txt HTTP/1.1" 404 1256 "-" "Mozilla/5.0 (compatible; Googlebot/2.1; +http://www.google.com/bot.html)"
66.249.78.54 - - [10/Feb/2013:01:00:21 +0100] "GET / HTTP/1.1" 200 1137 "-" "Mozilla/5.0 (compatible; Googlebot/2.1; +http://www.google.com/bot.html)"
65.55.215.45 - - [10/Feb/2013:01:51:11 +0100] "GET /robots.txt HTTP/1.1" 404 1256 "-" "msnbot-media/1.1 (+http://search.msn.com/msnbot.htm)"
65.55.215.45 - - [10/Feb/2013:01:51:12 +0100] "GET /picture/referenzen.gif HTTP/1.1" 200 1173 "-" "msnbot-media/1.1 (+http://search.msn.com/msnbot.htm)"
65.55.215.33 - - [10/Feb/2013:10:28:36 +0100] "GET /robots.txt HTTP/1.1" 404 1256 "-" "msnbot-media/1.1 (+http://search.msn.com/msnbot.htm)"
65.55.215.33 - - [10/Feb/2013:10:28:37 +0100] "GET /picture/under.gif HTTP/1.1" 200 5595 "-" "msnbot-media/1.1 (+http://search.msn.com/msnbot.htm)"
199.30.16.30 - - [11/Feb/2013:08:23:35 +0100] "GET /robots.txt HTTP/1.1" 404 1256 "-" "msnbot-media/1.1 (+http://search.msn.com/msnbot.htm)"
199.30.16.30 - - [11/Feb/2013:08:23:35 +0100] "GET /picture/home.gif HTTP/1.1" 200 1107 "-" "msnbot-media/1.1 (+http://search.msn.com/msnbot.htm)"
141.8.147.1 - - [11/Feb/2013:09:21:03 +0100] "GET /robots.txt HTTP/1.1" 404 1256 "-" "Mozilla/5.0 (compatible; YandexBot/3.0; +http://yandex.com/bots)"
141.8.147.1 - - [11/Feb/2013:12:23:34 +0100] "GET /info.html HTTP/1.1" 200 1015 "-" "Mozilla/5.0 (compatible; YandexBot/3.0; +http://yandex.com/bots)"
141.8.147.1 - - [11/Feb/2013:15:04:22 +0100] "GET /main.html HTTP/1.1" 304 - "-" "Mozilla/5.0 (compatible; YandexBot/3.0; +http://yandex.com/bots)"
141.8.147.1 - - [11/Feb/2013:15:09:15 +0100] "GET /ud.html HTTP/1.1" 200 685 "-" "Mozilla/5.0 (compatible; YandexBot/3.0; +http://yandex.com/bots)"
199.30.20.72 - - [11/Feb/2013:16:03:00 +0100] "GET /robots.txt HTTP/1.1" 404 1256 "-" "msnbot-media/1.1 (+http://search.msn.com/msnbot.htm)"
199.30.20.72 - - [11/Feb/2013:16:03:00 +0100] "GET /picture/kontakt.gif HTTP/1.1" 200 1128 "-" "msnbot-media/1.1 (+http://search.msn.com/msnbot.htm)"
141.8.147.1 - - [11/Feb/2013:22:09:55 +0100] "GET /robots.txt HTTP/1.1" 404 1256 "-" "Mozilla/5.0 (compatible; YandexBot/3.0; +http://yandex.com/bots)"
141.8.147.1 - - [11/Feb/2013:23:07:13 +0100] "GET /home.html HTTP/1.1" 200 977 "-" "Mozilla/5.0 (compatible; YandexBot/3.0; +http://yandex.com/bots)"
141.8.147.1 - - [12/Feb/2013:02:48:12 +0100] "GET /banner.html HTTP/1.1" 200 980 "-" "Mozilla/5.0 (compatible; YandexBot/3.0; +http://yandex.com/bots)"
141.8.147.1 - - [12/Feb/2013:02:55:50 +0100] "GET /kontakt.html HTTP/1.1" 200 1753 "-" "Mozilla/5.0 (compatible; YandexBot/3.0; +http://yandex.com/bots)"
157.55.33.31 - - [12/Feb/2013:03:55:11 +0100] "GET /robots.txt HTTP/1.1" 404 1256 "-" "Mozilla/5.0 (compatible; bingbot/2.0; +http://www.bing.com/bingbot.htm)"
157.55.33.31 - - [12/Feb/2013:04:00:09 +0100] "GET /home.html HTTP/1.1" 200 977 "-" "Mozilla/5.0 (compatible; bingbot/2.0; +http://www.bing.com/bingbot.htm)"
141.8.147.1 - - [12/Feb/2013:06:51:31 +0100] "GET / HTTP/1.1" 200 1137 "-" "Mozilla/5.0 (compatible; YandexBot/3.0; +http://yandex.com/bots)"
206.253.226.18 - - [12/Feb/2013:16:27:30 +0100] "GET / HTTP/1.1" 200 1137 "-" "Mozilla/5.0 (compatible; oBot/2.3.1; +http://filterdb.iss.net/crawler/)"
84.190.16.191 - - [13/Feb/2013:20:00:44 +0100] "GET / HTTP/1.1" 304 - "-" "Mozilla/4.0 (compatible; MSIE 6.0; Windows NT 5.1; SV1; .NET CLR 1.1.4322; .NET CLR 2.0.50727; .NET CLR 3.0.4506.2152; .NET CLR 3.5.30729)"
84.190.16.191 - - [13/Feb/2013:20:00:45 +0100] "GET /picture/back.gif HTTP/1.1" 404 1256 "http://www.gis-bau.de/" "Mozilla/4.0 (compatible; MSIE 6.0; Windows NT 5.1; SV1; .NET CLR 1.1.4322; .NET CLR 2.0.50727; .NET CLR 3.0.4506.2152; .NET CLR 3.5.30729)"
84.190.16.191 - - [13/Feb/2013:20:00:45 +0100] "GET /picture/gis-bau.jpg HTTP/1.1" 304 - "http://www.gis-bau.de/" "Mozilla/4.0 (compatible; MSIE 6.0; Windows NT 5.1; SV1; .NET CLR 1.1.4322; .NET CLR 2.0.50727; .NET CLR 3.0.4506.2152; .NET CLR 3.5.30729)"
84.190.16.191 - - [13/Feb/2013:20:08:28 +0100] "GET / HTTP/1.1" 200 1137 "-" "Mozilla/5.0 (Windows NT 5.1; rv:9.0.1) Gecko/20100101 Firefox/9.0.1"
84.190.16.191 - - [13/Feb/2013:20:08:35 +0100] "GET /picture/gis-bau.jpg HTTP/1.1" 200 9275 "http://www.gis-bau.de/" "Mozilla/5.0 (Windows NT 5.1; rv:9.0.1) Gecko/20100101 Firefox/9.0.1"
84.190.16.191 - - [13/Feb/2013:20:08:36 +0100] "GET /picture/back.gif HTTP/1.1" 404 1256 "http://www.gis-bau.de/" "Mozilla/5.0 (Windows NT 5.1; rv:9.0.1) Gecko/20100101 Firefox/9.0.1"
84.190.16.191 - - [13/Feb/2013:20:08:39 +0100] "GET /favicon.ico HTTP/1.1" 404 1256 "-" "Mozilla/5.0 (Windows NT 5.1; rv:9.0.1) Gecko/20100101 Firefox/9.0.1"
84.190.16.191 - - [13/Feb/2013:20:08:42 +0100] "GET /favicon.ico HTTP/1.1" 404 1256 "-" "Mozilla/5.0 (Windows NT 5.1; rv:9.0.1) Gecko/20100101 Firefox/9.0.1"
65.55.52.94 - - [14/Feb/2013:18:25:21 +0100] "GET /robots.txt HTTP/1.1" 404 1256 "-" "Mozilla/5.0 (compatible; bingbot/2.0; +http://www.bing.com/bingbot.htm)"
65.55.52.94 - - [14/Feb/2013:18:27:00 +0100] "GET /leistung.html HTTP/1.1" 200 1149 "-" "Mozilla/5.0 (compatible; bingbot/2.0; +http://www.bing.com/bingbot.htm)"
141.8.147.12 - - [14/Feb/2013:18:58:28 +0100] "GET /robots.txt HTTP/1.1" 404 1256 "-" "Mozilla/5.0 (compatible; YandexBot/3.0; +http://yandex.com/bots)"
141.8.147.12 - - [14/Feb/2013:20:17:14 +0100] "GET /ud.html HTTP/1.1" 200 685 "-" "Mozilla/5.0 (compatible; YandexBot/3.0; +http://yandex.com/bots)"
141.8.147.12 - - [15/Feb/2013:06:55:20 +0100] "GET /robots.txt HTTP/1.1" 404 1256 "-" "Mozilla/5.0 (compatible; YandexBot/3.0; +http://yandex.com/bots)"
141.8.147.12 - - [15/Feb/2013:07:16:10 +0100] "GET /info.html HTTP/1.1" 200 1015 "-" "Mozilla/5.0 (compatible; YandexBot/3.0; +http://yandex.com/bots)"
157.55.34.183 - - [15/Feb/2013:13:45:06 +0100] "GET /robots.txt HTTP/1.1" 404 1256 "-" "Mozilla/5.0 (compatible; bingbot/2.0; +http://www.bing.com/bingbot.htm)"
157.55.34.183 - - [15/Feb/2013:13:47:35 +0100] "GET / HTTP/1.1" 304 - "-" "Mozilla/5.0 (compatible; bingbot/2.0; +http://www.bing.com/bingbot.htm)"
141.8.147.12 - - [15/Feb/2013:13:59:03 +0100] "GET / HTTP/1.1" 200 1137 "-" "Mozilla/5.0 (compatible; YandexBot/3.0; +http://yandex.com/bots)"
141.8.147.12 - - [15/Feb/2013:14:19:51 +0100] "GET /main.html HTTP/1.1" 304 - "-" "Mozilla/5.0 (compatible; YandexBot/3.0; +http://yandex.com/bots)"
65.55.215.33 - - [16/Feb/2013:05:32:00 +0100] "GET /robots.txt HTTP/1.1" 404 1256 "-" "msnbot-media/1.1 (+http://search.msn.com/msnbot.htm)"
65.55.215.33 - - [16/Feb/2013:05:32:00 +0100] "GET /picture/under.gif HTTP/1.1" 200 5595 "-" "msnbot-media/1.1 (+http://search.msn.com/msnbot.htm)"
199.30.20.57 - - [16/Feb/2013:06:33:58 +0100] "GET /robots.txt HTTP/1.1" 404 1256 "-" "msnbot-media/1.1 (+http://search.msn.com/msnbot.htm)"
199.30.20.57 - - [16/Feb/2013:06:33:58 +0100] "GET /picture/referenzen.gif HTTP/1.1" 200 1173 "-" "msnbot-media/1.1 (+http://search.msn.com/msnbot.htm)"
141.8.147.12 - - [16/Feb/2013:08:13:24 +0100] "GET /robots.txt HTTP/1.1" 404 1256 "-" "Mozilla/5.0 (compatible; YandexBot/3.0; +http://yandex.com/bots)"
199.30.16.30 - - [16/Feb/2013:11:04:49 +0100] "GET /robots.txt HTTP/1.1" 404 1256 "-" "msnbot-media/1.1 (+http://search.msn.com/msnbot.htm)"
199.30.16.30 - - [16/Feb/2013:11:04:50 +0100] "GET /picture/home.gif HTTP/1.1" 200 1107 "-" "msnbot-media/1.1 (+http://search.msn.com/msnbot.htm)"
199.30.16.5 - - [16/Feb/2013:11:35:05 +0100] "GET /robots.txt HTTP/1.1" 404 1256 "-" "msnbot-media/1.1 (+http://search.msn.com/msnbot.htm)"
199.30.16.5 - - [16/Feb/2013:11:35:06 +0100] "GET /picture/kontakt.gif HTTP/1.1" 200 1128 "-" "msnbot-media/1.1 (+http://search.msn.com/msnbot.htm)"
141.8.147.12 - - [16/Feb/2013:11:52:54 +0100] "GET /kontakt.html HTTP/1.1" 200 1753 "-" "Mozilla/5.0 (compatible; YandexBot/3.0; +http://yandex.com/bots)"
66.249.76.54 - - [16/Feb/2013:13:27:56 +0100] "GET /robots.txt HTTP/1.1" 404 1256 "-" "Mozilla/5.0 (compatible; Googlebot/2.1; +http://www.google.com/bot.html)"
66.249.76.54 - - [16/Feb/2013:13:27:56 +0100] "GET /main.html HTTP/1.1" 304 - "-" "Mozilla/5.0 (compatible; Googlebot/2.1; +http://www.google.com/bot.html)"
66.249.78.54 - - [16/Feb/2013:14:46:28 +0100] "GET /home.html HTTP/1.1" 304 - "-" "Mozilla/5.0 (compatible; Googlebot/2.1; +http://www.google.com/bot.html)"
66.249.74.146 - - [16/Feb/2013:16:17:59 +0100] "GET /robots.txt HTTP/1.1" 404 1256 "-" "Mozilla/5.0 (compatible; Googlebot/2.1; +http://www.google.com/bot.html)"
66.249.78.54 - - [16/Feb/2013:16:17:59 +0100] "GET /leistung.html HTTP/1.1" 200 1149 "-" "Mozilla/5.0 (compatible; Googlebot/2.1; +http://www.google.com/bot.html)"
199.30.16.7 - - [17/Feb/2013:00:26:42 +0100] "GET /robots.txt HTTP/1.1" 404 1256 "-" "msnbot-media/1.1 (+http://search.msn.com/msnbot.htm)"
199.30.16.7 - - [17/Feb/2013:00:26:42 +0100] "GET /picture/baupics/image1.jpg HTTP/1.1" 200 32752 "-" "msnbot-media/1.1 (+http://search.msn.com/msnbot.htm)"
141.8.147.12 - - [17/Feb/2013:22:43:09 +0100] "GET /robots.txt HTTP/1.1" 404 1256 "-" "Mozilla/5.0 (compatible; YandexBot/3.0; +http://yandex.com/bots)"
199.30.20.45 - - [17/Feb/2013:23:50:41 +0100] "GET /robots.txt HTTP/1.1" 404 1256 "-" "msnbot-media/1.1 (+http://search.msn.com/msnbot.htm)"
199.30.20.45 - - [17/Feb/2013:23:50:41 +0100] "GET /picture/gis-bau.jpg HTTP/1.1" 200 9275 "-" "msnbot-media/1.1 (+http://search.msn.com/msnbot.htm)"
141.8.147.12 - - [18/Feb/2013:03:01:43 +0100] "GET /home.html HTTP/1.1" 200 977 "-" "Mozilla/5.0 (compatible; YandexBot/3.0; +http://yandex.com/bots)"
141.8.147.12 - - [18/Feb/2013:07:01:18 +0100] "GET /banner.html HTTP/1.1" 200 980 "-" "Mozilla/5.0 (compatible; YandexBot/3.0; +http://yandex.com/bots)"
65.55.52.119 - - [18/Feb/2013:18:16:17 +0100] "GET /robots.txt HTTP/1.1" 404 1256 "-" "Mozilla/5.0 (compatible; bingbot/2.0; +http://www.bing.com/bingbot.htm)"
65.55.52.119 - - [18/Feb/2013:18:24:43 +0100] "GET /ud.html HTTP/1.1" 200 685 "-" "Mozilla/5.0 (compatible; bingbot/2.0; +http://www.bing.com/bingbot.htm)"
65.55.24.215 - - [18/Feb/2013:18:46:06 +0100] "GET /main.html HTTP/1.1" 200 747 "-" "Mozilla/5.0 (compatible; bingbot/2.0; +http://www.bing.com/bingbot.htm)"
65.55.24.215 - - [18/Feb/2013:18:46:19 +0100] "GET /info.html HTTP/1.1" 200 1015 "-" "Mozilla/5.0 (compatible; bingbot/2.0; +http://www.bing.com/bingbot.htm)"
65.55.24.233 - - [18/Feb/2013:18:46:32 +0100] "GET /home.html HTTP/1.1" 200 977 "-" "Mozilla/5.0 (compatible; bingbot/2.0; +http://www.bing.com/bingbot.htm)"
65.55.24.233 - - [18/Feb/2013:18:46:33 +0100] "GET /home.html HTTP/1.1" 200 977 "-" "Mozilla/5.0 (compatible; bingbot/2.0; +http://www.bing.com/bingbot.htm)"
65.55.55.229 - - [18/Feb/2013:19:48:16 +0100] "GET /robots.txt HTTP/1.1" 404 1256 "-" "Mozilla/5.0 (compatible; bingbot/2.0; +http://www.bing.com/bingbot.htm)"
65.55.55.229 - - [18/Feb/2013:19:50:03 +0100] "GET /banner.html HTTP/1.1" 200 980 "-" "Mozilla/5.0 (compatible; bingbot/2.0; +http://www.bing.com/bingbot.htm)"
65.55.55.229 - - [18/Feb/2013:19:50:04 +0100] "GET /banner.html HTTP/1.1" 200 980 "-" "Mozilla/5.0 (compatible; bingbot/2.0; +http://www.bing.com/bingbot.htm)"
66.249.75.54 - - [18/Feb/2013:22:13:38 +0100] "GET /robots.txt HTTP/1.1" 404 1256 "-" "Mozilla/5.0 (compatible; Googlebot/2.1; +http://www.google.com/bot.html)"
66.249.78.54 - - [18/Feb/2013:22:13:39 +0100] "GET / HTTP/1.1" 200 1137 "-" "Mozilla/5.0 (compatible; Googlebot/2.1; +http://www.google.com/bot.html)"
66.249.78.54 - - [18/Feb/2013:23:09:12 +0100] "GET /kontakt.html HTTP/1.1" 200 1753 "-" "Mozilla/5.0 (compatible; Googlebot/2.1; +http://www.google.com/bot.html)"
66.249.75.54 - - [19/Feb/2013:01:08:37 +0100] "GET /main.html HTTP/1.1" 304 - "-" "Mozilla/5.0 (compatible; Googlebot/2.1; +http://www.google.com/bot.html)"
141.8.147.12 - - [19/Feb/2013:04:35:07 +0100] "GET /robots.txt HTTP/1.1" 404 1256 "-" "Mozilla/5.0 (compatible; YandexBot/3.0; +http://yandex.com/bots)"
141.8.147.12 - - [19/Feb/2013:04:35:10 +0100] "GET / HTTP/1.1" 200 1137 "-" "Mozilla/5.0 (compatible; YandexBot/3.0; MirrorDetector; +http://yandex.com/bots)"
141.8.147.12 - - [19/Feb/2013:04:35:14 +0100] "GET / HTTP/1.1" 200 1137 "-" "Mozilla/5.0 (compatible; YandexBot/3.0; MirrorDetector; +http://yandex.com/bots)"
141.8.147.12 - - [19/Feb/2013:15:45:53 +0100] "GET /kontakt.html HTTP/1.1" 200 1753 "-" "Mozilla/5.0 (compatible; YandexBot/3.0; +http://yandex.com/bots)"
65.55.215.34 - - [19/Feb/2013:23:55:40 +0100] "GET /robots.txt HTTP/1.1" 404 1256 "-" "msnbot-media/1.1 (+http://search.msn.com/msnbot.htm)"
65.55.215.34 - - [19/Feb/2013:23:55:40 +0100] "GET /picture/under.gif HTTP/1.1" 200 5595 "-" "msnbot-media/1.1 (+http://search.msn.com/msnbot.htm)"
141.8.147.12 - - [20/Feb/2013:05:59:28 +0100] "GET /robots.txt HTTP/1.1" 404 1256 "-" "Mozilla/5.0 (compatible; YandexBot/3.0; +http://yandex.com/bots)"
141.8.147.12 - - [20/Feb/2013:05:59:30 +0100] "GET / HTTP/1.1" 200 1137 "-" "Mozilla/5.0 (compatible; YandexBot/3.0; MirrorDetector; +http://yandex.com/bots)"
141.8.147.12 - - [20/Feb/2013:05:59:38 +0100] "GET / HTTP/1.1" 200 1137 "-" "Mozilla/5.0 (compatible; YandexBot/3.0; MirrorDetector; +http://yandex.com/bots)"
65.55.215.70 - - [20/Feb/2013:08:58:55 +0100] "GET /robots.txt HTTP/1.1" 404 1256 "-" "msnbot-media/1.1 (+http://search.msn.com/msnbot.htm)"
65.55.215.70 - - [20/Feb/2013:08:58:55 +0100] "GET /picture/leistungen.gif HTTP/1.1" 200 1157 "-" "msnbot-media/1.1 (+http://search.msn.com/msnbot.htm)"
64.246.187.42 - - [20/Feb/2013:09:34:58 +0100] "GET /robots.txt HTTP/1.0" 404 1256 "-" "Mozilla/5.0 (Windows; U; Windows NT 5.1; en; rv:1.9.0.13) Gecko/2009073022 Firefox/3.5.2 (.NET CLR 3.5.30729) SurveyBot/2.3 (DomainTools)"
64.246.187.42 - - [20/Feb/2013:09:34:58 +0100] "GET / HTTP/1.1" 200 1137 "http://whois.domaintools.com/gis-bau.de" "Mozilla/5.0 (Windows; U; Windows NT 5.1; en; rv:1.9.0.13) Gecko/2009073022 Firefox/3.5.2 (.NET CLR 3.5.30729) SurveyBot/2.3 (DomainTools)"
199.30.16.6 - - [21/Feb/2013:08:46:29 +0100] "GET /robots.txt HTTP/1.1" 404 1256 "-" "msnbot-media/1.1 (+http://search.msn.com/msnbot.htm)"
199.30.16.6 - - [21/Feb/2013:08:46:30 +0100] "GET /picture/kontakt.gif HTTP/1.1" 200 1128 "-" "msnbot-media/1.1 (+http://search.msn.com/msnbot.htm)"
85.178.189.84 - - [21/Feb/2013:13:37:01 +0100] "GET /main.html HTTP/1.1" 200 747 "http://www.google.de/url?sa=t&rct=j&q=stefan%20g%C3%BCrgen%20berlin%20ingenieur%20und%20sanierungsbau&source=web&cd=3&ved=0CEkQFjAC&url=http%3A%2F%2Fwww.gis-bau.de%2Fmain.html&ei=vRQmUZ-8JobysgbAwIDICQ&usg=AFQjCNEZ9Plrfl0XvmCV7MXQHFGNwPepaw" "Mozilla/5.0 (Windows NT 5.1; WOW64; rv:10.0) Gecko/20100101 Firefox/10.0"
85.178.189.84 - - [21/Feb/2013:13:37:02 +0100] "GET /banner.html HTTP/1.1" 200 980 "http://www.gis-bau.de/main.html" "Mozilla/5.0 (Windows NT 5.1; WOW64; rv:10.0) Gecko/20100101 Firefox/10.0"
85.178.189.84 - - [21/Feb/2013:13:37:02 +0100] "GET /info.html HTTP/1.1" 200 1015 "http://www.gis-bau.de/main.html" "Mozilla/5.0 (Windows NT 5.1; WOW64; rv:10.0) Gecko/20100101 Firefox/10.0"
85.178.189.84 - - [21/Feb/2013:13:37:02 +0100] "GET /home.html HTTP/1.1" 200 977 "http://www.gis-bau.de/main.html" "Mozilla/5.0 (Windows NT 5.1; WOW64; rv:10.0) Gecko/20100101 Firefox/10.0"
85.178.189.84 - - [21/Feb/2013:13:37:02 +0100] "GET /picture/gis-bau.jpg HTTP/1.1" 200 9275 "http://www.gis-bau.de/banner.html" "Mozilla/5.0 (Windows NT 5.1; WOW64; rv:10.0) Gecko/20100101 Firefox/10.0"
85.178.189.84 - - [21/Feb/2013:13:37:02 +0100] "GET /picture/back.gif HTTP/1.1" 404 1256 "http://www.gis-bau.de/banner.html" "Mozilla/5.0 (Windows NT 5.1; WOW64; rv:10.0) Gecko/20100101 Firefox/10.0"
85.178.189.84 - - [21/Feb/2013:13:37:02 +0100] "GET /picture/home.gif HTTP/1.1" 200 1107 "http://www.gis-bau.de/info.html" "Mozilla/5.0 (Windows NT 5.1; WOW64; rv:10.0) Gecko/20100101 Firefox/10.0"
85.178.189.84 - - [21/Feb/2013:13:37:02 +0100] "GET /picture/leistungen.gif HTTP/1.1" 200 1157 "http://www.gis-bau.de/info.html" "Mozilla/5.0 (Windows NT 5.1; WOW64; rv:10.0) Gecko/20100101 Firefox/10.0"
85.178.189.84 - - [21/Feb/2013:13:37:02 +0100] "GET /picture/referenzen.gif HTTP/1.1" 200 1173 "http://www.gis-bau.de/info.html" "Mozilla/5.0 (Windows NT 5.1; WOW64; rv:10.0) Gecko/20100101 Firefox/10.0"
85.178.189.84 - - [21/Feb/2013:13:37:02 +0100] "GET /picture/kontakt.gif HTTP/1.1" 200 1128 "http://www.gis-bau.de/info.html" "Mozilla/5.0 (Windows NT 5.1; WOW64; rv:10.0) Gecko/20100101 Firefox/10.0"
85.178.189.84 - - [21/Feb/2013:13:37:02 +0100] "GET /picture/back.gif HTTP/1.1" 404 1256 "http://www.gis-bau.de/info.html" "Mozilla/5.0 (Windows NT 5.1; WOW64; rv:10.0) Gecko/20100101 Firefox/10.0"
85.178.189.84 - - [21/Feb/2013:13:37:02 +0100] "GET /favicon.ico HTTP/1.1" 404 1256 "-" "Mozilla/5.0 (Windows NT 5.1; WOW64; rv:10.0) Gecko/20100101 Firefox/10.0"
85.178.189.84 - - [21/Feb/2013:13:37:02 +0100] "GET /favicon.ico HTTP/1.1" 404 1256 "-" "Mozilla/5.0 (Windows NT 5.1; WOW64; rv:10.0) Gecko/20100101 Firefox/10.0"
85.178.189.84 - - [21/Feb/2013:13:37:24 +0100] "GET /kontakt.html HTTP/1.1" 200 1753 "http://www.gis-bau.de/info.html" "Mozilla/5.0 (Windows NT 5.1; WOW64; rv:10.0) Gecko/20100101 Firefox/10.0"
85.178.189.84 - - [21/Feb/2013:13:39:36 +0100] "GET /leistung.html HTTP/1.1" 200 1149 "http://www.gis-bau.de/info.html" "Mozilla/5.0 (Windows NT 5.1; WOW64; rv:10.0) Gecko/20100101 Firefox/10.0"
85.178.189.84 - - [21/Feb/2013:13:39:36 +0100] "GET /picture/under.gif HTTP/1.1" 200 5595 "http://www.gis-bau.de/leistung.html" "Mozilla/5.0 (Windows NT 5.1; WOW64; rv:10.0) Gecko/20100101 Firefox/10.0"
85.178.189.84 - - [21/Feb/2013:13:39:36 +0100] "GET /picture/baupics/image1.jpg HTTP/1.1" 200 32752 "http://www.gis-bau.de/leistung.html" "Mozilla/5.0 (Windows NT 5.1; WOW64; rv:10.0) Gecko/20100101 Firefox/10.0"
85.178.189.84 - - [21/Feb/2013:13:39:36 +0100] "GET /picture/baupics/image2.jpg HTTP/1.1" 200 40346 "http://www.gis-bau.de/leistung.html" "Mozilla/5.0 (Windows NT 5.1; WOW64; rv:10.0) Gecko/20100101 Firefox/10.0"
85.178.189.84 - - [21/Feb/2013:13:39:41 +0100] "GET /ud.html HTTP/1.1" 200 685 "http://www.gis-bau.de/info.html" "Mozilla/5.0 (Windows NT 5.1; WOW64; rv:10.0) Gecko/20100101 Firefox/10.0"
217.87.110.131 - - [21/Feb/2013:21:09:09 +0100] "GET /main.html HTTP/1.1" 200 747 "http://www.google.de/url?sa=t&rct=j&q=&esrc=s&source=web&cd=5&ved=0CEcQFjAE&url=http%3A%2F%2Fwww.gis-bau.de%2Fmain.html&ei=oX4mUf-bKeet4ASUzICICQ&usg=AFQjCNEZ9Plrfl0XvmCV7MXQHFGNwPepaw&bvm=bv.42661473,d.bGE" "Mozilla/5.0 (Windows NT 6.0; rv:19.0) Gecko/20100101 Firefox/19.0"
217.87.110.131 - - [21/Feb/2013:21:09:09 +0100] "GET /banner.html HTTP/1.1" 200 980 "http://www.gis-bau.de/main.html" "Mozilla/5.0 (Windows NT 6.0; rv:19.0) Gecko/20100101 Firefox/19.0"
217.87.110.131 - - [21/Feb/2013:21:09:10 +0100] "GET /info.html HTTP/1.1" 200 1015 "http://www.gis-bau.de/main.html" "Mozilla/5.0 (Windows NT 6.0; rv:19.0) Gecko/20100101 Firefox/19.0"
217.87.110.131 - - [21/Feb/2013:21:09:10 +0100] "GET /home.html HTTP/1.1" 200 977 "http://www.gis-bau.de/main.html" "Mozilla/5.0 (Windows NT 6.0; rv:19.0) Gecko/20100101 Firefox/19.0"
217.87.110.131 - - [21/Feb/2013:21:09:10 +0100] "GET /picture/gis-bau.jpg HTTP/1.1" 200 9275 "http://www.gis-bau.de/banner.html" "Mozilla/5.0 (Windows NT 6.0; rv:19.0) Gecko/20100101 Firefox/19.0"
217.87.110.131 - - [21/Feb/2013:21:09:10 +0100] "GET /picture/back.gif HTTP/1.1" 404 1256 "http://www.gis-bau.de/banner.html" "Mozilla/5.0 (Windows NT 6.0; rv:19.0) Gecko/20100101 Firefox/19.0"
217.87.110.131 - - [21/Feb/2013:21:09:10 +0100] "GET /picture/home.gif HTTP/1.1" 200 1107 "http://www.gis-bau.de/info.html" "Mozilla/5.0 (Windows NT 6.0; rv:19.0) Gecko/20100101 Firefox/19.0"
217.87.110.131 - - [21/Feb/2013:21:09:10 +0100] "GET /picture/leistungen.gif HTTP/1.1" 200 1157 "http://www.gis-bau.de/info.html" "Mozilla/5.0 (Windows NT 6.0; rv:19.0) Gecko/20100101 Firefox/19.0"
217.87.110.131 - - [21/Feb/2013:21:09:10 +0100] "GET /picture/back.gif HTTP/1.1" 404 1256 "http://www.gis-bau.de/info.html" "Mozilla/5.0 (Windows NT 6.0; rv:19.0) Gecko/20100101 Firefox/19.0"
217.87.110.131 - - [21/Feb/2013:21:09:10 +0100] "GET /picture/referenzen.gif HTTP/1.1" 200 1173 "http://www.gis-bau.de/info.html" "Mozilla/5.0 (Windows NT 6.0; rv:19.0) Gecko/20100101 Firefox/19.0"
217.87.110.131 - - [21/Feb/2013:21:09:10 +0100] "GET /picture/kontakt.gif HTTP/1.1" 200 1128 "http://www.gis-bau.de/info.html" "Mozilla/5.0 (Windows NT 6.0; rv:19.0) Gecko/20100101 Firefox/19.0"
217.87.110.131 - - [21/Feb/2013:21:09:10 +0100] "GET /favicon.ico HTTP/1.1" 404 1256 "-" "Mozilla/5.0 (Windows NT 6.0; rv:19.0) Gecko/20100101 Firefox/19.0"
217.87.110.131 - - [21/Feb/2013:21:09:24 +0100] "GET /leistung.html HTTP/1.1" 200 1149 "http://www.gis-bau.de/info.html" "Mozilla/5.0 (Windows NT 6.0; rv:19.0) Gecko/20100101 Firefox/19.0"
217.87.110.131 - - [21/Feb/2013:21:09:25 +0100] "GET /picture/under.gif HTTP/1.1" 200 5595 "http://www.gis-bau.de/leistung.html" "Mozilla/5.0 (Windows NT 6.0; rv:19.0) Gecko/20100101 Firefox/19.0"
217.87.110.131 - - [21/Feb/2013:21:09:25 +0100] "GET /picture/baupics/image2.jpg HTTP/1.1" 200 40346 "http://www.gis-bau.de/leistung.html" "Mozilla/5.0 (Windows NT 6.0; rv:19.0) Gecko/20100101 Firefox/19.0"
217.87.110.131 - - [21/Feb/2013:21:09:25 +0100] "GET /picture/baupics/image1.jpg HTTP/1.1" 200 32752 "http://www.gis-bau.de/leistung.html" "Mozilla/5.0 (Windows NT 6.0; rv:19.0) Gecko/20100101 Firefox/19.0"
217.87.110.131 - - [21/Feb/2013:21:09:48 +0100] "GET /ud.html HTTP/1.1" 200 685 "http://www.gis-bau.de/info.html" "Mozilla/5.0 (Windows NT 6.0; rv:19.0) Gecko/20100101 Firefox/19.0"
217.87.110.131 - - [21/Feb/2013:21:09:51 +0100] "GET /kontakt.html HTTP/1.1" 200 1753 "http://www.gis-bau.de/info.html" "Mozilla/5.0 (Windows NT 6.0; rv:19.0) Gecko/20100101 Firefox/19.0"
66.249.78.54 - - [21/Feb/2013:23:58:02 +0100] "GET /robots.txt HTTP/1.1" 404 1256 "-" "Mozilla/5.0 (compatible; Googlebot/2.1; +http://www.google.com/bot.html)"
66.249.78.54 - - [21/Feb/2013:23:58:02 +0100] "GET /picture/baupics/image1.jpg HTTP/1.1" 304 - "-" "Googlebot-Image/1.0"
199.30.20.99 - - [22/Feb/2013:03:41:42 +0100] "GET /robots.txt HTTP/1.1" 404 1256 "-" "msnbot-media/1.1 (+http://search.msn.com/msnbot.htm)"
199.30.20.99 - - [22/Feb/2013:03:41:42 +0100] "GET /picture/home.gif HTTP/1.1" 200 1107 "-" "msnbot-media/1.1 (+http://search.msn.com/msnbot.htm)"
157.55.34.25 - - [24/Feb/2013:03:43:16 +0100] "GET /robots.txt HTTP/1.1" 404 1256 "-" "Mozilla/5.0 (compatible; bingbot/2.0; +http://www.bing.com/bingbot.htm)"
157.55.34.25 - - [24/Feb/2013:03:44:51 +0100] "GET /info.html HTTP/1.1" 200 1015 "-" "Mozilla/5.0 (compatible; bingbot/2.0; +http://www.bing.com/bingbot.htm)"
141.8.147.12 - - [24/Feb/2013:08:21:08 +0100] "GET /robots.txt HTTP/1.1" 404 1256 "-" "Mozilla/5.0 (compatible; YandexBot/3.0; +http://yandex.com/bots)"
141.8.147.12 - - [24/Feb/2013:09:15:40 +0100] "GET /info.html HTTP/1.1" 200 1015 "-" "Mozilla/5.0 (compatible; YandexBot/3.0; +http://yandex.com/bots)"
141.8.147.12 - - [24/Feb/2013:20:23:20 +0100] "GET /robots.txt HTTP/1.1" 404 1256 "-" "Mozilla/5.0 (compatible; YandexBot/3.0; +http://yandex.com/bots)"
141.8.147.12 - - [25/Feb/2013:00:29:19 +0100] "GET /ud.html HTTP/1.1" 200 685 "-" "Mozilla/5.0 (compatible; YandexBot/3.0; +http://yandex.com/bots)"
199.30.20.57 - - [25/Feb/2013:01:49:09 +0100] "GET /robots.txt HTTP/1.1" 404 1256 "-" "msnbot-media/1.1 (+http://search.msn.com/msnbot.htm)"
199.30.20.57 - - [25/Feb/2013:01:49:09 +0100] "GET /picture/referenzen.gif HTTP/1.1" 200 1173 "-" "msnbot-media/1.1 (+http://search.msn.com/msnbot.htm)"
66.249.76.54 - - [25/Feb/2013:05:43:58 +0100] "GET /robots.txt HTTP/1.1" 404 1256 "-" "Mozilla/5.0 (compatible; Googlebot/2.1; +http://www.google.com/bot.html)"
66.249.76.54 - - [25/Feb/2013:05:43:58 +0100] "GET /info.html HTTP/1.1" 304 - "-" "Mozilla/5.0 (compatible; Googlebot/2.1; +http://www.google.com/bot.html)"
141.8.147.12 - - [25/Feb/2013:07:03:31 +0100] "GET /main.html HTTP/1.1" 304 - "-" "Mozilla/5.0 (compatible; YandexBot/3.0; +http://yandex.com/bots)"
141.8.147.12 - - [25/Feb/2013:10:53:04 +0100] "GET /robots.txt HTTP/1.1" 404 1256 "-" "Mozilla/5.0 (compatible; YandexBot/3.0; +http://yandex.com/bots)"
65.55.215.70 - - [25/Feb/2013:13:06:16 +0100] "GET /robots.txt HTTP/1.1" 404 1256 "-" "msnbot-media/1.1 (+http://search.msn.com/msnbot.htm)"
65.55.215.70 - - [25/Feb/2013:13:06:17 +0100] "GET /picture/leistungen.gif HTTP/1.1" 200 1157 "-" "msnbot-media/1.1 (+http://search.msn.com/msnbot.htm)"
141.8.147.12 - - [25/Feb/2013:14:04:32 +0100] "GET /home.html HTTP/1.1" 200 977 "-" "Mozilla/5.0 (compatible; YandexBot/3.0; +http://yandex.com/bots)"
141.8.147.12 - - [25/Feb/2013:20:35:22 +0100] "GET /kontakt.html HTTP/1.1" 200 1753 "-" "Mozilla/5.0 (compatible; YandexBot/3.0; +http://yandex.com/bots)"
141.8.147.12 - - [25/Feb/2013:23:12:45 +0100] "GET /robots.txt HTTP/1.1" 404 1256 "-" "Mozilla/5.0 (compatible; YandexBot/3.0; +http://yandex.com/bots)"
199.30.16.30 - - [25/Feb/2013:23:43:28 +0100] "GET /robots.txt HTTP/1.1" 404 1256 "-" "msnbot-media/1.1 (+http://search.msn.com/msnbot.htm)"
199.30.16.30 - - [25/Feb/2013:23:43:28 +0100] "GET /picture/home.gif HTTP/1.1" 200 1107 "-" "msnbot-media/1.1 (+http://search.msn.com/msnbot.htm)"
141.8.147.12 - - [26/Feb/2013:03:02:20 +0100] "GET / HTTP/1.1" 200 1137 "-" "Mozilla/5.0 (compatible; YandexBot/3.0; +http://yandex.com/bots)"
141.8.147.12 - - [26/Feb/2013:08:36:13 +0100] "GET /banner.html HTTP/1.1" 200 980 "-" "Mozilla/5.0 (compatible; YandexBot/3.0; +http://yandex.com/bots)"
199.30.16.6 - - [26/Feb/2013:10:06:51 +0100] "GET /robots.txt HTTP/1.1" 404 1256 "-" "msnbot-media/1.1 (+http://search.msn.com/msnbot.htm)"
199.30.16.6 - - [26/Feb/2013:10:06:53 +0100] "GET /picture/kontakt.gif HTTP/1.1" 200 1128 "-" "msnbot-media/1.1 (+http://search.msn.com/msnbot.htm)"
157.55.33.20 - - [26/Feb/2013:11:46:16 +0100] "GET /robots.txt HTTP/1.1" 404 1256 "-" "Mozilla/5.0 (compatible; bingbot/2.0; +http://www.bing.com/bingbot.htm)"
157.55.33.20 - - [26/Feb/2013:11:48:00 +0100] "GET /banner.html HTTP/1.1" 200 980 "-" "Mozilla/5.0 (compatible; bingbot/2.0; +http://www.bing.com/bingbot.htm)"
192.168.10.8 - - [27/Feb/2013:16:54:00 +0100] "GET / HTTP/1.1" 200 1137 "-" "Mozilla/5.0 (Windows NT 6.1; WOW64) AppleWebKit/537.17 (KHTML, like Gecko) Chrome/24.0.1312.57 Safari/537.17"
192.168.10.8 - - [27/Feb/2013:16:54:00 +0100] "GET /picture/back.gif HTTP/1.1" 404 1256 "http://www.bauer-guergen.de/" "Mozilla/5.0 (Windows NT 6.1; WOW64) AppleWebKit/537.17 (KHTML, like Gecko) Chrome/24.0.1312.57 Safari/537.17"
192.168.10.8 - - [27/Feb/2013:16:54:00 +0100] "GET /picture/gis-bau.jpg HTTP/1.1" 200 9275 "http://www.bauer-guergen.de/" "Mozilla/5.0 (Windows NT 6.1; WOW64) AppleWebKit/537.17 (KHTML, like Gecko) Chrome/24.0.1312.57 Safari/537.17"
192.168.10.8 - - [27/Feb/2013:16:54:00 +0100] "GET /favicon.ico HTTP/1.1" 404 1256 "-" "Mozilla/5.0 (Windows NT 6.1; WOW64) AppleWebKit/537.17 (KHTML, like Gecko) Chrome/24.0.1312.57 Safari/537.17"
192.168.10.8 - - [27/Feb/2013:16:57:36 +0100] "GET /picture/back.gif HTTP/1.1" 404 1256 "http://www.bauer-guergen.de/" "Mozilla/5.0 (Windows NT 6.1; WOW64) AppleWebKit/537.17 (KHTML, like Gecko) Chrome/24.0.1312.57 Safari/537.17"
192.168.10.8 - - [27/Feb/2013:16:57:36 +0100] "GET /favicon.ico HTTP/1.1" 404 1256 "-" "Mozilla/5.0 (Windows NT 6.1; WOW64) AppleWebKit/537.17 (KHTML, like Gecko) Chrome/24.0.1312.57 Safari/537.17"
192.168.10.8 - - [27/Feb/2013:16:57:37 +0100] "GET /main.html HTTP/1.1" 200 747 "http://www.bauer-guergen.de/" "Mozilla/5.0 (Windows NT 6.1; WOW64) AppleWebKit/537.17 (KHTML, like Gecko) Chrome/24.0.1312.57 Safari/537.17"
192.168.10.8 - - [27/Feb/2013:16:57:37 +0100] "GET /banner.html HTTP/1.1" 200 980 "http://www.bauer-guergen.de/main.html" "Mozilla/5.0 (Windows NT 6.1; WOW64) AppleWebKit/537.17 (KHTML, like Gecko) Chrome/24.0.1312.57 Safari/537.17"
192.168.10.8 - - [27/Feb/2013:16:57:37 +0100] "GET /info.html HTTP/1.1" 200 1015 "http://www.bauer-guergen.de/main.html" "Mozilla/5.0 (Windows NT 6.1; WOW64) AppleWebKit/537.17 (KHTML, like Gecko) Chrome/24.0.1312.57 Safari/537.17"
192.168.10.8 - - [27/Feb/2013:16:57:37 +0100] "GET /home.html HTTP/1.1" 200 977 "http://www.bauer-guergen.de/main.html" "Mozilla/5.0 (Windows NT 6.1; WOW64) AppleWebKit/537.17 (KHTML, like Gecko) Chrome/24.0.1312.57 Safari/537.17"
192.168.10.8 - - [27/Feb/2013:16:57:37 +0100] "GET /picture/back.gif HTTP/1.1" 404 1256 "http://www.bauer-guergen.de/banner.html" "Mozilla/5.0 (Windows NT 6.1; WOW64) AppleWebKit/537.17 (KHTML, like Gecko) Chrome/24.0.1312.57 Safari/537.17"
192.168.10.8 - - [27/Feb/2013:16:57:37 +0100] "GET /picture/home.gif HTTP/1.1" 200 1107 "http://www.bauer-guergen.de/info.html" "Mozilla/5.0 (Windows NT 6.1; WOW64) AppleWebKit/537.17 (KHTML, like Gecko) Chrome/24.0.1312.57 Safari/537.17"
192.168.10.8 - - [27/Feb/2013:16:57:37 +0100] "GET /picture/leistungen.gif HTTP/1.1" 200 1157 "http://www.bauer-guergen.de/info.html" "Mozilla/5.0 (Windows NT 6.1; WOW64) AppleWebKit/537.17 (KHTML, like Gecko) Chrome/24.0.1312.57 Safari/537.17"
192.168.10.8 - - [27/Feb/2013:16:57:37 +0100] "GET /picture/referenzen.gif HTTP/1.1" 200 1173 "http://www.bauer-guergen.de/info.html" "Mozilla/5.0 (Windows NT 6.1; WOW64) AppleWebKit/537.17 (KHTML, like Gecko) Chrome/24.0.1312.57 Safari/537.17"
192.168.10.8 - - [27/Feb/2013:16:57:37 +0100] "GET /picture/kontakt.gif HTTP/1.1" 200 1128 "http://www.bauer-guergen.de/info.html" "Mozilla/5.0 (Windows NT 6.1; WOW64) AppleWebKit/537.17 (KHTML, like Gecko) Chrome/24.0.1312.57 Safari/537.17"
192.168.10.8 - - [27/Feb/2013:16:57:37 +0100] "GET /favicon.ico HTTP/1.1" 404 1256 "-" "Mozilla/5.0 (Windows NT 6.1; WOW64) AppleWebKit/537.17 (KHTML, like Gecko) Chrome/24.0.1312.57 Safari/537.17"
82.113.121.211 - - [28/Feb/2013:08:18:18 +0100] "GET / HTTP/1.1" 200 1137 "-" "Mozilla/5.0 (iPhone; CPU iPhone OS 6_1_2 like Mac OS X) AppleWebKit/536.26 (KHTML, like Gecko) Version/6.0 Mobile/10B146 Safari/8536.25"
82.113.121.211 - - [28/Feb/2013:08:18:18 +0100] "GET /picture/back.gif HTTP/1.1" 404 1256 "http://www.bauer-guergen.de/" "Mozilla/5.0 (iPhone; CPU iPhone OS 6_1_2 like Mac OS X) AppleWebKit/536.26 (KHTML, like Gecko) Version/6.0 Mobile/10B146 Safari/8536.25"
82.113.121.211 - - [28/Feb/2013:08:18:19 +0100] "GET /picture/gis-bau.jpg HTTP/1.1" 200 9275 "http://www.bauer-guergen.de/" "Mozilla/5.0 (iPhone; CPU iPhone OS 6_1_2 like Mac OS X) AppleWebKit/536.26 (KHTML, like Gecko) Version/6.0 Mobile/10B146 Safari/8536.25"
192.168.10.33 - - [28/Feb/2013:09:28:18 +0100] "GET / HTTP/1.1" 200 1137 "-" "Mozilla/5.0 (compatible; MSIE 9.0; Windows NT 6.1; WOW64; Trident/5.0)"
192.168.10.33 - - [28/Feb/2013:09:28:18 +0100] "GET /picture/gis-bau.jpg HTTP/1.1" 200 9275 "http://www.bauer-guergen.de/" "Mozilla/5.0 (compatible; MSIE 9.0; Windows NT 6.1; WOW64; Trident/5.0)"
192.168.10.33 - - [28/Feb/2013:09:28:18 +0100] "GET /picture/back.gif HTTP/1.1" 404 1256 "http://www.bauer-guergen.de/" "Mozilla/5.0 (compatible; MSIE 9.0; Windows NT 6.1; WOW64; Trident/5.0)"
192.168.10.33 - - [28/Feb/2013:09:28:18 +0100] "GET /picture/back.gif HTTP/1.1" 404 1256 "http://www.bauer-guergen.de/" "Mozilla/5.0 (compatible; MSIE 9.0; Windows NT 6.1; WOW64; Trident/5.0)"
192.168.10.33 - - [28/Feb/2013:09:28:18 +0100] "GET /picture/gis-bau.jpg HTTP/1.1" 200 9275 "http://www.bauer-guergen.de/" "Mozilla/5.0 (compatible; MSIE 9.0; Windows NT 6.1; WOW64; Trident/5.0)"
192.168.10.33 - - [28/Feb/2013:09:28:18 +0100] "GET /picture/back.gif HTTP/1.1" 404 1256 "http://www.bauer-guergen.de/" "Mozilla/5.0 (compatible; MSIE 9.0; Windows NT 6.1; WOW64; Trident/5.0)"
192.168.10.33 - - [28/Feb/2013:09:28:18 +0100] "GET /favicon.ico HTTP/1.1" 404 1256 "-" "Mozilla/5.0 (compatible; MSIE 9.0; Windows NT 6.1; WOW64; Trident/5.0)"
192.168.10.33 - - [28/Feb/2013:09:28:40 +0100] "GET /main.html HTTP/1.1" 200 747 "http://www.bauer-guergen.de/" "Mozilla/5.0 (compatible; MSIE 9.0; Windows NT 6.1; WOW64; Trident/5.0)"
192.168.10.33 - - [28/Feb/2013:09:28:40 +0100] "GET /banner.html HTTP/1.1" 200 980 "http://www.bauer-guergen.de/main.html" "Mozilla/5.0 (compatible; MSIE 9.0; Windows NT 6.1; WOW64; Trident/5.0)"
192.168.10.33 - - [28/Feb/2013:09:28:40 +0100] "GET /info.html HTTP/1.1" 200 1015 "http://www.bauer-guergen.de/main.html" "Mozilla/5.0 (compatible; MSIE 9.0; Windows NT 6.1; WOW64; Trident/5.0)"
192.168.10.33 - - [28/Feb/2013:09:28:40 +0100] "GET /home.html HTTP/1.1" 200 977 "http://www.bauer-guergen.de/main.html" "Mozilla/5.0 (compatible; MSIE 9.0; Windows NT 6.1; WOW64; Trident/5.0)"
192.168.10.33 - - [28/Feb/2013:09:28:40 +0100] "GET /picture/back.gif HTTP/1.1" 404 1256 "http://www.bauer-guergen.de/banner.html" "Mozilla/5.0 (compatible; MSIE 9.0; Windows NT 6.1; WOW64; Trident/5.0)"
192.168.10.33 - - [28/Feb/2013:09:28:40 +0100] "GET /picture/gis-bau.jpg HTTP/1.1" 304 - "http://www.bauer-guergen.de/banner.html" "Mozilla/5.0 (compatible; MSIE 9.0; Windows NT 6.1; WOW64; Trident/5.0)"
192.168.10.33 - - [28/Feb/2013:09:28:40 +0100] "GET /picture/home.gif HTTP/1.1" 200 1107 "http://www.bauer-guergen.de/info.html" "Mozilla/5.0 (compatible; MSIE 9.0; Windows NT 6.1; WOW64; Trident/5.0)"
192.168.10.33 - - [28/Feb/2013:09:28:40 +0100] "GET /picture/referenzen.gif HTTP/1.1" 200 1173 "http://www.bauer-guergen.de/info.html" "Mozilla/5.0 (compatible; MSIE 9.0; Windows NT 6.1; WOW64; Trident/5.0)"
192.168.10.33 - - [28/Feb/2013:09:28:40 +0100] "GET /picture/back.gif HTTP/1.1" 404 1256 "http://www.bauer-guergen.de/info.html" "Mozilla/5.0 (compatible; MSIE 9.0; Windows NT 6.1; WOW64; Trident/5.0)"
192.168.10.33 - - [28/Feb/2013:09:28:40 +0100] "GET /picture/leistungen.gif HTTP/1.1" 200 1157 "http://www.bauer-guergen.de/info.html" "Mozilla/5.0 (compatible; MSIE 9.0; Windows NT 6.1; WOW64; Trident/5.0)"
192.168.10.33 - - [28/Feb/2013:09:28:40 +0100] "GET /picture/kontakt.gif HTTP/1.1" 200 1128 "http://www.bauer-guergen.de/info.html" "Mozilla/5.0 (compatible; MSIE 9.0; Windows NT 6.1; WOW64; Trident/5.0)"
192.168.10.33 - - [28/Feb/2013:09:28:40 +0100] "GET /favicon.ico HTTP/1.1" 404 1256 "-" "Mozilla/5.0 (compatible; MSIE 9.0; Windows NT 6.1; WOW64; Trident/5.0)"
192.168.10.33 - - [28/Feb/2013:11:04:51 +0100] "GET / HTTP/1.1" 200 768 "-" "Mozilla/5.0 (compatible; MSIE 9.0; Windows NT 6.1; WOW64; Trident/5.0)"
84.190.4.12 - - [28/Feb/2013:13:05:54 +0100] "GET / HTTP/1.1" 200 768 "-" "Mozilla/4.0 (compatible; MSIE 8.0; Windows NT 5.1; Trident/4.0)"
84.190.4.12 - - [28/Feb/2013:13:05:55 +0100] "GET /favicon.ico HTTP/1.1" 404 1256 "-" "Mozilla/4.0 (compatible; MSIE 8.0; Windows NT 5.1; Trident/4.0)"
84.190.4.12 - - [28/Feb/2013:14:16:35 +0100] "GET / HTTP/1.1" 200 768 "-" "Mozilla/4.0 (compatible; MSIE 8.0; Windows NT 5.1; Trident/4.0)"
84.190.4.12 - - [28/Feb/2013:14:16:36 +0100] "GET /favicon.ico HTTP/1.1" 404 1256 "-" "Mozilla/4.0 (compatible; MSIE 8.0; Windows NT 5.1; Trident/4.0)"
91.60.217.85 - - [28/Feb/2013:14:59:38 +0100] "GET / HTTP/1.1" 200 768 "-" "Mozilla/5.0 (Macintosh; Intel Mac OS X 10_7_5) AppleWebKit/536.26.17 (KHTML, like Gecko) Version/6.0.2 Safari/536.26.17"
91.60.217.85 - - [28/Feb/2013:14:59:38 +0100] "GET /favicon.ico HTTP/1.1" 404 1256 "http://www.bauer-guergen.de/" "Mozilla/5.0 (Macintosh; Intel Mac OS X 10_7_5) AppleWebKit/536.26.17 (KHTML, like Gecko) Version/6.0.2 Safari/536.26.17"
46.115.82.251 - - [28/Feb/2013:22:20:36 +0100] "GET / HTTP/1.1" 200 768 "-" "Mozilla/5.0 (Windows NT 6.1; rv:17.0) Gecko/20100101 Firefox/17.0"
46.115.82.251 - - [28/Feb/2013:22:20:37 +0100] "GET /favicon.ico HTTP/1.1" 404 1256 "-" "Mozilla/5.0 (Windows NT 6.1; rv:17.0) Gecko/20100101 Firefox/17.0"