217.6.244.199 - - [04/Aug/2014:15:23:10 +0200] "GET /seiten/start.php?ins=gutschein&gclid=CIfOvevZ-b8CFRHHtAodChQAjw HTTP/1.1" 200 8119 "http://googleads.g.doubleclick.net/pagead/ads?client=ca-pub-9128568129566462&output=html&h=280&slotname=4010081413&adk=1812703302&w=336&lmt=1273361886&ea=0&flash=12.0.0.77&url=http%3A%2F%2Fwww.wasserkuppe-rhoen.de%2Ffoto-wasserkuppe-1.html&dt=1407158470583&bpp=5&shv=r20140729&cbv=r20140417&saldr=sa&correlator=1407158470598&frm=20&ga_vid=854657065.1407158471&ga_sid=1407158471&ga_hid=16503338&ga_fc=0&u_tz=120&u_his=5&u_java=1&u_h=1200&u_w=1920&u_ah=1160&u_aw=1920&u_cd=32&u_nplug=0&u_nmime=0&dff=times%20new%20roman&dfs=16&adx=-2&ady=-2&biw=1899&bih=1015&eid=317150304&oid=3&ref=http%3A%2F%2Fwww.wasserkuppe-rhoen.de%2F&rx=0&eae=4&fc=8&docm=8&vis=0&abl=CS&ppjl=u&fu=0&ifi=1&dtd=46" "Mozilla/4.0 (compatible; MSIE 8.0; Windows NT 6.1; WOW64; Trident/4.0; SLCC2; .NET CLR 2.0.50727; .NET CLR 3.5.30729; .NET CLR 3.0.30729; .NET4.0C; .NET4.0E)"
217.6.244.199 - - [04/Aug/2014:15:23:10 +0200] "GET /css/style.css HTTP/1.1" 200 14382 "http://www.rundflug-strausberg.de/seiten/start.php?ins=gutschein&gclid=CIfOvevZ-b8CFRHHtAodChQAjw" "Mozilla/4.0 (compatible; MSIE 8.0; Windows NT 6.1; WOW64; Trident/4.0; SLCC2; .NET CLR 2.0.50727; .NET CLR 3.5.30729; .NET CLR 3.0.30729; .NET4.0C; .NET4.0E)"
217.6.244.199 - - [04/Aug/2014:15:23:10 +0200] "GET /scripte/other.js HTTP/1.1" 200 466 "http://www.rundflug-strausberg.de/seiten/start.php?ins=gutschein&gclid=CIfOvevZ-b8CFRHHtAodChQAjw" "Mozilla/4.0 (compatible; MSIE 8.0; Windows NT 6.1; WOW64; Trident/4.0; SLCC2; .NET CLR 2.0.50727; .NET CLR 3.5.30729; .NET CLR 3.0.30729; .NET4.0C; .NET4.0E)"
217.6.244.199 - - [04/Aug/2014:15:23:10 +0200] "GET /scripte/menu_start.js HTTP/1.1" 200 31217 "http://www.rundflug-strausberg.de/seiten/start.php?ins=gutschein&gclid=CIfOvevZ-b8CFRHHtAodChQAjw" "Mozilla/4.0 (compatible; MSIE 8.0; Windows NT 6.1; WOW64; Trident/4.0; SLCC2; .NET CLR 2.0.50727; .NET CLR 3.5.30729; .NET CLR 3.0.30729; .NET4.0C; .NET4.0E)"
217.6.244.199 - - [04/Aug/2014:15:23:10 +0200] "GET /scripte/menu_elemente.js HTTP/1.1" 200 17373 "http://www.rundflug-strausberg.de/seiten/start.php?ins=gutschein&gclid=CIfOvevZ-b8CFRHHtAodChQAjw" "Mozilla/4.0 (compatible; MSIE 8.0; Windows NT 6.1; WOW64; Trident/4.0; SLCC2; .NET CLR 2.0.50727; .NET CLR 3.5.30729; .NET CLR 3.0.30729; .NET4.0C; .NET4.0E)"
217.6.244.199 - - [04/Aug/2014:15:23:10 +0200] "GET /img/lay03.jpg HTTP/1.1" 200 5735 "http://www.rundflug-strausberg.de/seiten/start.php?ins=gutschein&gclid=CIfOvevZ-b8CFRHHtAodChQAjw" "Mozilla/4.0 (compatible; MSIE 8.0; Windows NT 6.1; WOW64; Trident/4.0; SLCC2; .NET CLR 2.0.50727; .NET CLR 3.5.30729; .NET CLR 3.0.30729; .NET4.0C; .NET4.0E)"
217.6.244.199 - - [04/Aug/2014:15:23:10 +0200] "GET /img/b04.jpg HTTP/1.1" 200 5198 "http://www.rundflug-strausberg.de/seiten/start.php?ins=gutschein&gclid=CIfOvevZ-b8CFRHHtAodChQAjw" "Mozilla/4.0 (compatible; MSIE 8.0; Windows NT 6.1; WOW64; Trident/4.0; SLCC2; .NET CLR 2.0.50727; .NET CLR 3.5.30729; .NET CLR 3.0.30729; .NET4.0C; .NET4.0E)"
217.6.244.199 - - [04/Aug/2014:15:23:10 +0200] "GET /img/lay01.jpg HTTP/1.1" 200 9177 "http://www.rundflug-strausberg.de/seiten/start.php?ins=gutschein&gclid=CIfOvevZ-b8CFRHHtAodChQAjw" "Mozilla/4.0 (compatible; MSIE 8.0; Windows NT 6.1; WOW64; Trident/4.0; SLCC2; .NET CLR 2.0.50727; .NET CLR 3.5.30729; .NET CLR 3.0.30729; .NET4.0C; .NET4.0E)"
217.6.244.199 - - [04/Aug/2014:15:23:10 +0200] "GET /img/f_1-p.gif HTTP/1.1" 200 43 "http://www.rundflug-strausberg.de/seiten/start.php?ins=gutschein&gclid=CIfOvevZ-b8CFRHHtAodChQAjw" "Mozilla/4.0 (compatible; MSIE 8.0; Windows NT 6.1; WOW64; Trident/4.0; SLCC2; .NET CLR 2.0.50727; .NET CLR 3.5.30729; .NET CLR 3.0.30729; .NET4.0C; .NET4.0E)"
217.6.244.199 - - [04/Aug/2014:15:23:10 +0200] "GET /img/lay06_neu.jpg HTTP/1.1" 200 4093 "http://www.rundflug-strausberg.de/seiten/start.php?ins=gutschein&gclid=CIfOvevZ-b8CFRHHtAodChQAjw" "Mozilla/4.0 (compatible; MSIE 8.0; Windows NT 6.1; WOW64; Trident/4.0; SLCC2; .NET CLR 2.0.50727; .NET CLR 3.5.30729; .NET CLR 3.0.30729; .NET4.0C; .NET4.0E)"
217.6.244.199 - - [04/Aug/2014:15:23:10 +0200] "GET /img/b03_neu.jpg HTTP/1.1" 200 13190 "http://www.rundflug-strausberg.de/seiten/start.php?ins=gutschein&gclid=CIfOvevZ-b8CFRHHtAodChQAjw" "Mozilla/4.0 (compatible; MSIE 8.0; Windows NT 6.1; WOW64; Trident/4.0; SLCC2; .NET CLR 2.0.50727; .NET CLR 3.5.30729; .NET CLR 3.0.30729; .NET4.0C; .NET4.0E)"
217.6.244.199 - - [04/Aug/2014:15:23:10 +0200] "GET /img/lay16_tr.gif HTTP/1.1" 200 474 "http://www.rundflug-strausberg.de/seiten/start.php?ins=gutschein&gclid=CIfOvevZ-b8CFRHHtAodChQAjw" "Mozilla/4.0 (compatible; MSIE 8.0; Windows NT 6.1; WOW64; Trident/4.0; SLCC2; .NET CLR 2.0.50727; .NET CLR 3.5.30729; .NET CLR 3.0.30729; .NET4.0C; .NET4.0E)"
217.6.244.199 - - [04/Aug/2014:15:23:10 +0200] "GET /img/b02_neu.jpg HTTP/1.1" 200 6786 "http://www.rundflug-strausberg.de/seiten/start.php?ins=gutschein&gclid=CIfOvevZ-b8CFRHHtAodChQAjw" "Mozilla/4.0 (compatible; MSIE 8.0; Windows NT 6.1; WOW64; Trident/4.0; SLCC2; .NET CLR 2.0.50727; .NET CLR 3.5.30729; .NET CLR 3.0.30729; .NET4.0C; .NET4.0E)"
217.6.244.199 - - [04/Aug/2014:15:23:10 +0200] "GET /img/head_bg.jpg HTTP/1.1" 200 8288 "http://www.rundflug-strausberg.de/seiten/start.php?ins=gutschein&gclid=CIfOvevZ-b8CFRHHtAodChQAjw" "Mozilla/4.0 (compatible; MSIE 8.0; Windows NT 6.1; WOW64; Trident/4.0; SLCC2; .NET CLR 2.0.50727; .NET CLR 3.5.30729; .NET CLR 3.0.30729; .NET4.0C; .NET4.0E)"
217.6.244.199 - - [04/Aug/2014:15:23:10 +0200] "GET /img/rf_gutschein.jpg HTTP/1.1" 200 75081 "http://www.rundflug-strausberg.de/seiten/start.php?ins=gutschein&gclid=CIfOvevZ-b8CFRHHtAodChQAjw" "Mozilla/4.0 (compatible; MSIE 8.0; Windows NT 6.1; WOW64; Trident/4.0; SLCC2; .NET CLR 2.0.50727; .NET CLR 3.5.30729; .NET CLR 3.0.30729; .NET4.0C; .NET4.0E)"
217.6.244.199 - - [04/Aug/2014:15:23:10 +0200] "GET /img/lay11_tr.gif HTTP/1.1" 200 508 "http://www.rundflug-strausberg.de/seiten/start.php?ins=gutschein&gclid=CIfOvevZ-b8CFRHHtAodChQAjw" "Mozilla/4.0 (compatible; MSIE 8.0; Windows NT 6.1; WOW64; Trident/4.0; SLCC2; .NET CLR 2.0.50727; .NET CLR 3.5.30729; .NET CLR 3.0.30729; .NET4.0C; .NET4.0E)"
217.6.244.199 - - [04/Aug/2014:15:23:10 +0200] "GET /img/lay09_tr.gif HTTP/1.1" 200 763 "http://www.rundflug-strausberg.de/seiten/start.php?ins=gutschein&gclid=CIfOvevZ-b8CFRHHtAodChQAjw" "Mozilla/4.0 (compatible; MSIE 8.0; Windows NT 6.1; WOW64; Trident/4.0; SLCC2; .NET CLR 2.0.50727; .NET CLR 3.5.30729; .NET CLR 3.0.30729; .NET4.0C; .NET4.0E)"
217.6.244.199 - - [04/Aug/2014:15:23:10 +0200] "GET /img/lay05_neu.jpg HTTP/1.1" 200 5717 "http://www.rundflug-strausberg.de/seiten/start.php?ins=gutschein&gclid=CIfOvevZ-b8CFRHHtAodChQAjw" "Mozilla/4.0 (compatible; MSIE 8.0; Windows NT 6.1; WOW64; Trident/4.0; SLCC2; .NET CLR 2.0.50727; .NET CLR 3.5.30729; .NET CLR 3.0.30729; .NET4.0C; .NET4.0E)"
217.6.244.199 - - [04/Aug/2014:15:23:10 +0200] "GET /img/lay12_tr.gif HTTP/1.1" 200 606 "http://www.rundflug-strausberg.de/seiten/start.php?ins=gutschein&gclid=CIfOvevZ-b8CFRHHtAodChQAjw" "Mozilla/4.0 (compatible; MSIE 8.0; Windows NT 6.1; WOW64; Trident/4.0; SLCC2; .NET CLR 2.0.50727; .NET CLR 3.5.30729; .NET CLR 3.0.30729; .NET4.0C; .NET4.0E)"
217.6.244.199 - - [04/Aug/2014:15:23:10 +0200] "GET /img/lay13_tr.gif HTTP/1.1" 200 1395 "http://www.rundflug-strausberg.de/seiten/start.php?ins=gutschein&gclid=CIfOvevZ-b8CFRHHtAodChQAjw" "Mozilla/4.0 (compatible; MSIE 8.0; Windows NT 6.1; WOW64; Trident/4.0; SLCC2; .NET CLR 2.0.50727; .NET CLR 3.5.30729; .NET CLR 3.0.30729; .NET4.0C; .NET4.0E)"
217.6.244.199 - - [04/Aug/2014:15:23:10 +0200] "GET /img/left_bg_tr.gif HTTP/1.1" 200 176 "http://www.rundflug-strausberg.de/seiten/start.php?ins=gutschein&gclid=CIfOvevZ-b8CFRHHtAodChQAjw" "Mozilla/4.0 (compatible; MSIE 8.0; Windows NT 6.1; WOW64; Trident/4.0; SLCC2; .NET CLR 2.0.50727; .NET CLR 3.5.30729; .NET CLR 3.0.30729; .NET4.0C; .NET4.0E)"
217.6.244.199 - - [04/Aug/2014:15:23:10 +0200] "GET /img/lay14_tr.gif HTTP/1.1" 200 354 "http://www.rundflug-strausberg.de/seiten/start.php?ins=gutschein&gclid=CIfOvevZ-b8CFRHHtAodChQAjw" "Mozilla/4.0 (compatible; MSIE 8.0; Windows NT 6.1; WOW64; Trident/4.0; SLCC2; .NET CLR 2.0.50727; .NET CLR 3.5.30729; .NET CLR 3.0.30729; .NET4.0C; .NET4.0E)"
217.6.244.199 - - [04/Aug/2014:15:23:10 +0200] "GET /img/lay10_tr.gif HTTP/1.1" 200 1151 "http://www.rundflug-strausberg.de/seiten/start.php?ins=gutschein&gclid=CIfOvevZ-b8CFRHHtAodChQAjw" "Mozilla/4.0 (compatible; MSIE 8.0; Windows NT 6.1; WOW64; Trident/4.0; SLCC2; .NET CLR 2.0.50727; .NET CLR 3.5.30729; .NET CLR 3.0.30729; .NET4.0C; .NET4.0E)"
217.6.244.199 - - [04/Aug/2014:15:23:10 +0200] "GET /img/right_bg_tr.gif HTTP/1.1" 200 91 "http://www.rundflug-strausberg.de/seiten/start.php?ins=gutschein&gclid=CIfOvevZ-b8CFRHHtAodChQAjw" "Mozilla/4.0 (compatible; MSIE 8.0; Windows NT 6.1; WOW64; Trident/4.0; SLCC2; .NET CLR 2.0.50727; .NET CLR 3.5.30729; .NET CLR 3.0.30729; .NET4.0C; .NET4.0E)"
217.6.244.199 - - [04/Aug/2014:15:23:10 +0200] "GET /img/bottom_bg_tr.gif HTTP/1.1" 200 224 "http://www.rundflug-strausberg.de/seiten/start.php?ins=gutschein&gclid=CIfOvevZ-b8CFRHHtAodChQAjw" "Mozilla/4.0 (compatible; MSIE 8.0; Windows NT 6.1; WOW64; Trident/4.0; SLCC2; .NET CLR 2.0.50727; .NET CLR 3.5.30729; .NET CLR 3.0.30729; .NET4.0C; .NET4.0E)"
217.6.244.199 - - [04/Aug/2014:15:23:10 +0200] "GET /img/lay15_tr.gif HTTP/1.1" 200 657 "http://www.rundflug-strausberg.de/seiten/start.php?ins=gutschein&gclid=CIfOvevZ-b8CFRHHtAodChQAjw" "Mozilla/4.0 (compatible; MSIE 8.0; Windows NT 6.1; WOW64; Trident/4.0; SLCC2; .NET CLR 2.0.50727; .NET CLR 3.5.30729; .NET CLR 3.0.30729; .NET4.0C; .NET4.0E)"
217.6.244.199 - - [04/Aug/2014:15:23:11 +0200] "GET /img/rf_lay02.jpg HTTP/1.1" 200 7948 "http://www.rundflug-strausberg.de/seiten/start.php?ins=gutschein&gclid=CIfOvevZ-b8CFRHHtAodChQAjw" "Mozilla/4.0 (compatible; MSIE 8.0; Windows NT 6.1; WOW64; Trident/4.0; SLCC2; .NET CLR 2.0.50727; .NET CLR 3.5.30729; .NET CLR 3.0.30729; .NET4.0C; .NET4.0E)"
217.6.244.199 - - [04/Aug/2014:15:23:11 +0200] "GET /img/lay07_tr.gif HTTP/1.1" 200 1806 "http://www.rundflug-strausberg.de/seiten/start.php?ins=gutschein&gclid=CIfOvevZ-b8CFRHHtAodChQAjw" "Mozilla/4.0 (compatible; MSIE 8.0; Windows NT 6.1; WOW64; Trident/4.0; SLCC2; .NET CLR 2.0.50727; .NET CLR 3.5.30729; .NET CLR 3.0.30729; .NET4.0C; .NET4.0E)"
217.6.244.199 - - [04/Aug/2014:15:23:12 +0200] "GET /img/pdf.gif HTTP/1.1" 200 214 "http://www.rundflug-strausberg.de/seiten/start.php?ins=gutschein&gclid=CIfOvevZ-b8CFRHHtAodChQAjw" "Mozilla/4.0 (compatible; MSIE 8.0; Windows NT 6.1; WOW64; Trident/4.0; SLCC2; .NET CLR 2.0.50727; .NET CLR 3.5.30729; .NET CLR 3.0.30729; .NET4.0C; .NET4.0E)"
217.6.244.199 - - [04/Aug/2014:15:23:12 +0200] "GET /img/lay08_tr.gif HTTP/1.1" 200 619 "http://www.rundflug-strausberg.de/seiten/start.php?ins=gutschein&gclid=CIfOvevZ-b8CFRHHtAodChQAjw" "Mozilla/4.0 (compatible; MSIE 8.0; Windows NT 6.1; WOW64; Trident/4.0; SLCC2; .NET CLR 2.0.50727; .NET CLR 3.5.30729; .NET CLR 3.0.30729; .NET4.0C; .NET4.0E)"
217.6.244.199 - - [04/Aug/2014:15:23:13 +0200] "GET /animated_favicon1.gif HTTP/1.1" 200 7159 "-" "Mozilla/4.0 (compatible; MSIE 8.0; Windows NT 6.1; WOW64; Trident/4.0; SLCC2; .NET CLR 2.0.50727; .NET CLR 3.5.30729; .NET CLR 3.0.30729; .NET4.0C; .NET4.0E)"
208.115.111.73 - - [04/Aug/2014:15:40:42 +0200] "GET /robots.txt HTTP/1.1" 404 1256 "-" "Mozilla/5.0 (compatible; DotBot/1.1; http://www.opensiteexplorer.org/dotbot, help@moz.com)"
91.56.167.230 - - [04/Aug/2014:16:01:12 +0200] "GET /seiten/start.php?ins=gutschein&gclid=CMTexqvi-b8CFcrjwgodKUIA8A HTTP/1.1" 200 8119 "http://googleads.g.doubleclick.net/pagead/ads?client=ca-pub-8621669335266066&output=html&h=90&slotname=3632125350&adk=2815481830&w=728&lmt=1407160725&flash=14.0.0&url=http%3A%2F%2Fwww.mein-rundflug.de%2Fflugplatz-borken-hoxfeld-edly&dt=1407160725777&bpp=7&bdt=121&shv=r20140729&cbv=r20140417&saldr=sa&correlator=1407160725823&frm=20&ga_vid=998427534.1407160726&ga_sid=1407160726&ga_hid=2022988421&ga_fc=0&u_tz=120&u_his=3&u_java=1&u_h=768&u_w=1024&u_ah=734&u_aw=1024&u_cd=24&u_nplug=21&u_nmime=112&dff=arial&dfs=12&adx=177&ady=221&biw=1007&bih=631&eid=317150304&oid=3&ref=http%3A%2F%2Fwww.google.de%2Furl%3Fsa%3Dt%26rct%3Dj%26q%3D%26esrc%3Ds%26source%3Dweb%26cd%3D4%26ved%3D0CEIQFjAD%26url%3Dhttp%253A%252F%252Fwww.mein-rundflug.de%252Fflugplatz-borken-hoxfeld-edly%26ei%3DnZDfU7X2HcaA4gSvwIDQAQ%26usg%3DAFQjCNEhKdSsPCJf1UA2mziDBlKeByVGOA&rx=0&eae=0&fc=8&vis=1&abl=CS&ppjl=f&fu=0&ifi=1&xpc=RTtr8Sft6P&p=http%3A//www.mein-rundflug.de&dtd=57" "Mozilla/5.0 (Windows NT 5.1; rv:31.0) Gecko/20100101 Firefox/31.0"
79.253.141.45 - - [04/Aug/2014:16:01:12 +0200] "GET /seiten/start.php?ins=gutschein&gclid=CMSQy6vi-b8CFY7KtAodi2sAOw HTTP/1.1" 200 8119 "http://googleads.g.doubleclick.net/pagead/ads?client=ca-pub-8621669335266066&output=html&h=90&slotname=3632125350&adk=2815481830&w=728&lmt=1407160713&flash=14.0.0&url=http%3A%2F%2Fwww.mein-rundflug.de%2Fflugplatz-marl-loemuehle-edlm&dt=1407160714157&bpp=15&bdt=434&shv=r20140729&cbv=r20140417&saldr=sa&correlator=1407160714420&frm=20&ga_vid=1601535559.1407160714&ga_sid=1407160714&ga_hid=1645384687&ga_fc=0&u_tz=120&u_his=5&u_java=0&u_h=900&u_w=1600&u_ah=860&u_aw=1600&u_cd=24&u_nplug=9&u_nmime=33&dff=arial&dfs=12&adx=362&ady=206&biw=1569&bih=759&eid=317150304&oid=3&ref=http%3A%2F%2Fwww.google.de%2Furl%3Fsa%3Dt%26rct%3Dj%26q%3D%26esrc%3Ds%26source%3Dweb%26cd%3D15%26ved%3D0CF0QFjAEOAo%26url%3Dhttp%253A%252F%252Fwww.mein-rundflug.de%252Fflugplatz-marl-loemuehle-edlm%26ei%3DfZHfU5ujPOPf4QSNkYDgAQ%26usg%3DAFQjCNEADKE7l4Uy-H_C-XpaBOT1IGAYUQ&rx=0&eae=0&fc=8&vis=1&abl=CS&ppjl=f&fu=0&ifi=1&xpc=dcb6yx5HpV&p=http%3A//www.mein-rundflug.de&dtd=285" "Mozilla/5.0 (Windows NT 6.2; WOW64; rv:31.0) Gecko/20100101 Firefox/31.0"
91.56.167.230 - - [04/Aug/2014:16:01:12 +0200] "GET /css/style.css HTTP/1.1" 200 14382 "http://www.rundflug-strausberg.de/seiten/start.php?ins=gutschein&gclid=CMTexqvi-b8CFcrjwgodKUIA8A" "Mozilla/5.0 (Windows NT 5.1; rv:31.0) Gecko/20100101 Firefox/31.0"
91.56.167.230 - - [04/Aug/2014:16:01:12 +0200] "GET /scripte/menu_start.js HTTP/1.1" 200 31217 "http://www.rundflug-strausberg.de/seiten/start.php?ins=gutschein&gclid=CMTexqvi-b8CFcrjwgodKUIA8A" "Mozilla/5.0 (Windows NT 5.1; rv:31.0) Gecko/20100101 Firefox/31.0"
91.56.167.230 - - [04/Aug/2014:16:01:12 +0200] "GET /scripte/other.js HTTP/1.1" 200 466 "http://www.rundflug-strausberg.de/seiten/start.php?ins=gutschein&gclid=CMTexqvi-b8CFcrjwgodKUIA8A" "Mozilla/5.0 (Windows NT 5.1; rv:31.0) Gecko/20100101 Firefox/31.0"
91.56.167.230 - - [04/Aug/2014:16:01:12 +0200] "GET /animated_favicon1.gif HTTP/1.1" 200 7159 "-" "Mozilla/5.0 (Windows NT 5.1; rv:31.0) Gecko/20100101 Firefox/31.0"
79.253.141.45 - - [04/Aug/2014:16:01:12 +0200] "GET /css/style.css HTTP/1.1" 200 14382 "http://www.rundflug-strausberg.de/seiten/start.php?ins=gutschein&gclid=CMSQy6vi-b8CFY7KtAodi2sAOw" "Mozilla/5.0 (Windows NT 6.2; WOW64; rv:31.0) Gecko/20100101 Firefox/31.0"
79.253.141.45 - - [04/Aug/2014:16:01:12 +0200] "GET /scripte/menu_start.js HTTP/1.1" 200 31217 "http://www.rundflug-strausberg.de/seiten/start.php?ins=gutschein&gclid=CMSQy6vi-b8CFY7KtAodi2sAOw" "Mozilla/5.0 (Windows NT 6.2; WOW64; rv:31.0) Gecko/20100101 Firefox/31.0"
79.253.141.45 - - [04/Aug/2014:16:01:12 +0200] "GET /scripte/other.js HTTP/1.1" 200 466 "http://www.rundflug-strausberg.de/seiten/start.php?ins=gutschein&gclid=CMSQy6vi-b8CFY7KtAodi2sAOw" "Mozilla/5.0 (Windows NT 6.2; WOW64; rv:31.0) Gecko/20100101 Firefox/31.0"
79.253.141.45 - - [04/Aug/2014:16:01:12 +0200] "GET /animated_favicon1.gif HTTP/1.1" 200 7159 "-" "Mozilla/5.0 (Windows NT 6.2; WOW64; rv:31.0) Gecko/20100101 Firefox/31.0"
91.56.167.230 - - [04/Aug/2014:16:01:12 +0200] "GET /scripte/menu_elemente.js HTTP/1.1" 200 17373 "http://www.rundflug-strausberg.de/seiten/start.php?ins=gutschein&gclid=CMTexqvi-b8CFcrjwgodKUIA8A" "Mozilla/5.0 (Windows NT 5.1; rv:31.0) Gecko/20100101 Firefox/31.0"
91.56.167.230 - - [04/Aug/2014:16:01:12 +0200] "GET /img/lay01.jpg HTTP/1.1" 200 9177 "http://www.rundflug-strausberg.de/seiten/start.php?ins=gutschein&gclid=CMTexqvi-b8CFcrjwgodKUIA8A" "Mozilla/5.0 (Windows NT 5.1; rv:31.0) Gecko/20100101 Firefox/31.0"
91.56.167.230 - - [04/Aug/2014:16:01:12 +0200] "GET /img/rf_lay02.jpg HTTP/1.1" 200 7948 "http://www.rundflug-strausberg.de/seiten/start.php?ins=gutschein&gclid=CMTexqvi-b8CFcrjwgodKUIA8A" "Mozilla/5.0 (Windows NT 5.1; rv:31.0) Gecko/20100101 Firefox/31.0"
91.56.167.230 - - [04/Aug/2014:16:01:12 +0200] "GET /img/lay03.jpg HTTP/1.1" 200 5735 "http://www.rundflug-strausberg.de/seiten/start.php?ins=gutschein&gclid=CMTexqvi-b8CFcrjwgodKUIA8A" "Mozilla/5.0 (Windows NT 5.1; rv:31.0) Gecko/20100101 Firefox/31.0"
91.56.167.230 - - [04/Aug/2014:16:01:12 +0200] "GET /img/b04.jpg HTTP/1.1" 200 5198 "http://www.rundflug-strausberg.de/seiten/start.php?ins=gutschein&gclid=CMTexqvi-b8CFcrjwgodKUIA8A" "Mozilla/5.0 (Windows NT 5.1; rv:31.0) Gecko/20100101 Firefox/31.0"
91.56.167.230 - - [04/Aug/2014:16:01:12 +0200] "GET /img/b02_neu.jpg HTTP/1.1" 200 6786 "http://www.rundflug-strausberg.de/seiten/start.php?ins=gutschein&gclid=CMTexqvi-b8CFcrjwgodKUIA8A" "Mozilla/5.0 (Windows NT 5.1; rv:31.0) Gecko/20100101 Firefox/31.0"
91.56.167.230 - - [04/Aug/2014:16:01:12 +0200] "GET /img/f_1-p.gif HTTP/1.1" 200 43 "http://www.rundflug-strausberg.de/seiten/start.php?ins=gutschein&gclid=CMTexqvi-b8CFcrjwgodKUIA8A" "Mozilla/5.0 (Windows NT 5.1; rv:31.0) Gecko/20100101 Firefox/31.0"
91.56.167.230 - - [04/Aug/2014:16:01:12 +0200] "GET /img/lay06_neu.jpg HTTP/1.1" 200 4093 "http://www.rundflug-strausberg.de/seiten/start.php?ins=gutschein&gclid=CMTexqvi-b8CFcrjwgodKUIA8A" "Mozilla/5.0 (Windows NT 5.1; rv:31.0) Gecko/20100101 Firefox/31.0"
91.56.167.230 - - [04/Aug/2014:16:01:12 +0200] "GET /img/lay07_tr.gif HTTP/1.1" 200 1806 "http://www.rundflug-strausberg.de/seiten/start.php?ins=gutschein&gclid=CMTexqvi-b8CFcrjwgodKUIA8A" "Mozilla/5.0 (Windows NT 5.1; rv:31.0) Gecko/20100101 Firefox/31.0"
91.56.167.230 - - [04/Aug/2014:16:01:12 +0200] "GET /img/pdf.gif HTTP/1.1" 200 214 "http://www.rundflug-strausberg.de/seiten/start.php?ins=gutschein&gclid=CMTexqvi-b8CFcrjwgodKUIA8A" "Mozilla/5.0 (Windows NT 5.1; rv:31.0) Gecko/20100101 Firefox/31.0"
91.56.167.230 - - [04/Aug/2014:16:01:12 +0200] "GET /img/lay16_tr.gif HTTP/1.1" 200 474 "http://www.rundflug-strausberg.de/seiten/start.php?ins=gutschein&gclid=CMTexqvi-b8CFcrjwgodKUIA8A" "Mozilla/5.0 (Windows NT 5.1; rv:31.0) Gecko/20100101 Firefox/31.0"
91.56.167.230 - - [04/Aug/2014:16:01:12 +0200] "GET /img/lay08_tr.gif HTTP/1.1" 200 619 "http://www.rundflug-strausberg.de/seiten/start.php?ins=gutschein&gclid=CMTexqvi-b8CFcrjwgodKUIA8A" "Mozilla/5.0 (Windows NT 5.1; rv:31.0) Gecko/20100101 Firefox/31.0"
79.253.141.45 - - [04/Aug/2014:16:01:12 +0200] "GET /img/lay01.jpg HTTP/1.1" 200 9177 "http://www.rundflug-strausberg.de/seiten/start.php?ins=gutschein&gclid=CMSQy6vi-b8CFY7KtAodi2sAOw" "Mozilla/5.0 (Windows NT 6.2; WOW64; rv:31.0) Gecko/20100101 Firefox/31.0"
91.56.167.230 - - [04/Aug/2014:16:01:12 +0200] "GET /img/lay09_tr.gif HTTP/1.1" 200 763 "http://www.rundflug-strausberg.de/seiten/start.php?ins=gutschein&gclid=CMTexqvi-b8CFcrjwgodKUIA8A" "Mozilla/5.0 (Windows NT 5.1; rv:31.0) Gecko/20100101 Firefox/31.0"
79.253.141.45 - - [04/Aug/2014:16:01:12 +0200] "GET /scripte/menu_elemente.js HTTP/1.1" 200 17373 "http://www.rundflug-strausberg.de/seiten/start.php?ins=gutschein&gclid=CMSQy6vi-b8CFY7KtAodi2sAOw" "Mozilla/5.0 (Windows NT 6.2; WOW64; rv:31.0) Gecko/20100101 Firefox/31.0"
91.56.167.230 - - [04/Aug/2014:16:01:12 +0200] "GET /img/lay11_tr.gif HTTP/1.1" 200 508 "http://www.rundflug-strausberg.de/seiten/start.php?ins=gutschein&gclid=CMTexqvi-b8CFcrjwgodKUIA8A" "Mozilla/5.0 (Windows NT 5.1; rv:31.0) Gecko/20100101 Firefox/31.0"
79.253.141.45 - - [04/Aug/2014:16:01:12 +0200] "GET /img/b02_neu.jpg HTTP/1.1" 200 6786 "http://www.rundflug-strausberg.de/seiten/start.php?ins=gutschein&gclid=CMSQy6vi-b8CFY7KtAodi2sAOw" "Mozilla/5.0 (Windows NT 6.2; WOW64; rv:31.0) Gecko/20100101 Firefox/31.0"
91.56.167.230 - - [04/Aug/2014:16:01:12 +0200] "GET /img/lay15_tr.gif HTTP/1.1" 200 657 "http://www.rundflug-strausberg.de/seiten/start.php?ins=gutschein&gclid=CMTexqvi-b8CFcrjwgodKUIA8A" "Mozilla/5.0 (Windows NT 5.1; rv:31.0) Gecko/20100101 Firefox/31.0"
79.253.141.45 - - [04/Aug/2014:16:01:12 +0200] "GET /img/rf_lay02.jpg HTTP/1.1" 200 7948 "http://www.rundflug-strausberg.de/seiten/start.php?ins=gutschein&gclid=CMSQy6vi-b8CFY7KtAodi2sAOw" "Mozilla/5.0 (Windows NT 6.2; WOW64; rv:31.0) Gecko/20100101 Firefox/31.0"
91.56.167.230 - - [04/Aug/2014:16:01:12 +0200] "GET /img/lay12_tr.gif HTTP/1.1" 200 606 "http://www.rundflug-strausberg.de/seiten/start.php?ins=gutschein&gclid=CMTexqvi-b8CFcrjwgodKUIA8A" "Mozilla/5.0 (Windows NT 5.1; rv:31.0) Gecko/20100101 Firefox/31.0"
91.56.167.230 - - [04/Aug/2014:16:01:12 +0200] "GET /img/lay13_tr.gif HTTP/1.1" 200 1395 "http://www.rundflug-strausberg.de/seiten/start.php?ins=gutschein&gclid=CMTexqvi-b8CFcrjwgodKUIA8A" "Mozilla/5.0 (Windows NT 5.1; rv:31.0) Gecko/20100101 Firefox/31.0"
91.56.167.230 - - [04/Aug/2014:16:01:12 +0200] "GET /img/lay14_tr.gif HTTP/1.1" 200 354 "http://www.rundflug-strausberg.de/seiten/start.php?ins=gutschein&gclid=CMTexqvi-b8CFcrjwgodKUIA8A" "Mozilla/5.0 (Windows NT 5.1; rv:31.0) Gecko/20100101 Firefox/31.0"
91.56.167.230 - - [04/Aug/2014:16:01:12 +0200] "GET /img/b03_neu.jpg HTTP/1.1" 200 13190 "http://www.rundflug-strausberg.de/seiten/start.php?ins=gutschein&gclid=CMTexqvi-b8CFcrjwgodKUIA8A" "Mozilla/5.0 (Windows NT 5.1; rv:31.0) Gecko/20100101 Firefox/31.0"
91.56.167.230 - - [04/Aug/2014:16:01:12 +0200] "GET /img/head_bg.jpg HTTP/1.1" 200 8288 "http://www.rundflug-strausberg.de/seiten/start.php?ins=gutschein&gclid=CMTexqvi-b8CFcrjwgodKUIA8A" "Mozilla/5.0 (Windows NT 5.1; rv:31.0) Gecko/20100101 Firefox/31.0"
91.56.167.230 - - [04/Aug/2014:16:01:12 +0200] "GET /img/lay05_neu.jpg HTTP/1.1" 200 5717 "http://www.rundflug-strausberg.de/seiten/start.php?ins=gutschein&gclid=CMTexqvi-b8CFcrjwgodKUIA8A" "Mozilla/5.0 (Windows NT 5.1; rv:31.0) Gecko/20100101 Firefox/31.0"
91.56.167.230 - - [04/Aug/2014:16:01:12 +0200] "GET /img/left_bg_tr.gif HTTP/1.1" 200 176 "http://www.rundflug-strausberg.de/seiten/start.php?ins=gutschein&gclid=CMTexqvi-b8CFcrjwgodKUIA8A" "Mozilla/5.0 (Windows NT 5.1; rv:31.0) Gecko/20100101 Firefox/31.0"
91.56.167.230 - - [04/Aug/2014:16:01:12 +0200] "GET /img/right_bg_tr.gif HTTP/1.1" 200 91 "http://www.rundflug-strausberg.de/seiten/start.php?ins=gutschein&gclid=CMTexqvi-b8CFcrjwgodKUIA8A" "Mozilla/5.0 (Windows NT 5.1; rv:31.0) Gecko/20100101 Firefox/31.0"
79.253.141.45 - - [04/Aug/2014:16:01:12 +0200] "GET /img/f_1-p.gif HTTP/1.1" 200 43 "http://www.rundflug-strausberg.de/seiten/start.php?ins=gutschein&gclid=CMSQy6vi-b8CFY7KtAodi2sAOw" "Mozilla/5.0 (Windows NT 6.2; WOW64; rv:31.0) Gecko/20100101 Firefox/31.0"
79.253.141.45 - - [04/Aug/2014:16:01:12 +0200] "GET /img/lay06_neu.jpg HTTP/1.1" 200 4093 "http://www.rundflug-strausberg.de/seiten/start.php?ins=gutschein&gclid=CMSQy6vi-b8CFY7KtAodi2sAOw" "Mozilla/5.0 (Windows NT 6.2; WOW64; rv:31.0) Gecko/20100101 Firefox/31.0"
91.56.167.230 - - [04/Aug/2014:16:01:12 +0200] "GET /img/lay10_tr.gif HTTP/1.1" 200 1151 "http://www.rundflug-strausberg.de/seiten/start.php?ins=gutschein&gclid=CMTexqvi-b8CFcrjwgodKUIA8A" "Mozilla/5.0 (Windows NT 5.1; rv:31.0) Gecko/20100101 Firefox/31.0"
79.253.141.45 - - [04/Aug/2014:16:01:12 +0200] "GET /img/lay07_tr.gif HTTP/1.1" 200 1806 "http://www.rundflug-strausberg.de/seiten/start.php?ins=gutschein&gclid=CMSQy6vi-b8CFY7KtAodi2sAOw" "Mozilla/5.0 (Windows NT 6.2; WOW64; rv:31.0) Gecko/20100101 Firefox/31.0"
91.56.167.230 - - [04/Aug/2014:16:01:12 +0200] "GET /img/bottom_bg_tr.gif HTTP/1.1" 200 224 "http://www.rundflug-strausberg.de/seiten/start.php?ins=gutschein&gclid=CMTexqvi-b8CFcrjwgodKUIA8A" "Mozilla/5.0 (Windows NT 5.1; rv:31.0) Gecko/20100101 Firefox/31.0"
79.253.141.45 - - [04/Aug/2014:16:01:13 +0200] "GET /img/pdf.gif HTTP/1.1" 200 214 "http://www.rundflug-strausberg.de/seiten/start.php?ins=gutschein&gclid=CMSQy6vi-b8CFY7KtAodi2sAOw" "Mozilla/5.0 (Windows NT 6.2; WOW64; rv:31.0) Gecko/20100101 Firefox/31.0"
79.253.141.45 - - [04/Aug/2014:16:01:13 +0200] "GET /img/lay16_tr.gif HTTP/1.1" 200 474 "http://www.rundflug-strausberg.de/seiten/start.php?ins=gutschein&gclid=CMSQy6vi-b8CFY7KtAodi2sAOw" "Mozilla/5.0 (Windows NT 6.2; WOW64; rv:31.0) Gecko/20100101 Firefox/31.0"
79.253.141.45 - - [04/Aug/2014:16:01:13 +0200] "GET /img/lay08_tr.gif HTTP/1.1" 200 619 "http://www.rundflug-strausberg.de/seiten/start.php?ins=gutschein&gclid=CMSQy6vi-b8CFY7KtAodi2sAOw" "Mozilla/5.0 (Windows NT 6.2; WOW64; rv:31.0) Gecko/20100101 Firefox/31.0"
79.253.141.45 - - [04/Aug/2014:16:01:13 +0200] "GET /img/lay15_tr.gif HTTP/1.1" 200 657 "http://www.rundflug-strausberg.de/seiten/start.php?ins=gutschein&gclid=CMSQy6vi-b8CFY7KtAodi2sAOw" "Mozilla/5.0 (Windows NT 6.2; WOW64; rv:31.0) Gecko/20100101 Firefox/31.0"
79.253.141.45 - - [04/Aug/2014:16:01:13 +0200] "GET /img/lay09_tr.gif HTTP/1.1" 200 763 "http://www.rundflug-strausberg.de/seiten/start.php?ins=gutschein&gclid=CMSQy6vi-b8CFY7KtAodi2sAOw" "Mozilla/5.0 (Windows NT 6.2; WOW64; rv:31.0) Gecko/20100101 Firefox/31.0"
91.56.167.230 - - [04/Aug/2014:16:01:12 +0200] "GET /img/rf_gutschein.jpg HTTP/1.1" 200 75081 "http://www.rundflug-strausberg.de/seiten/start.php?ins=gutschein&gclid=CMTexqvi-b8CFcrjwgodKUIA8A" "Mozilla/5.0 (Windows NT 5.1; rv:31.0) Gecko/20100101 Firefox/31.0"
79.253.141.45 - - [04/Aug/2014:16:01:13 +0200] "GET /img/lay11_tr.gif HTTP/1.1" 200 508 "http://www.rundflug-strausberg.de/seiten/start.php?ins=gutschein&gclid=CMSQy6vi-b8CFY7KtAodi2sAOw" "Mozilla/5.0 (Windows NT 6.2; WOW64; rv:31.0) Gecko/20100101 Firefox/31.0"
79.253.141.45 - - [04/Aug/2014:16:01:13 +0200] "GET /img/lay12_tr.gif HTTP/1.1" 200 606 "http://www.rundflug-strausberg.de/seiten/start.php?ins=gutschein&gclid=CMSQy6vi-b8CFY7KtAodi2sAOw" "Mozilla/5.0 (Windows NT 6.2; WOW64; rv:31.0) Gecko/20100101 Firefox/31.0"
79.253.141.45 - - [04/Aug/2014:16:01:13 +0200] "GET /img/lay13_tr.gif HTTP/1.1" 200 1395 "http://www.rundflug-strausberg.de/seiten/start.php?ins=gutschein&gclid=CMSQy6vi-b8CFY7KtAodi2sAOw" "Mozilla/5.0 (Windows NT 6.2; WOW64; rv:31.0) Gecko/20100101 Firefox/31.0"
79.253.141.45 - - [04/Aug/2014:16:01:13 +0200] "GET /img/lay14_tr.gif HTTP/1.1" 200 354 "http://www.rundflug-strausberg.de/seiten/start.php?ins=gutschein&gclid=CMSQy6vi-b8CFY7KtAodi2sAOw" "Mozilla/5.0 (Windows NT 6.2; WOW64; rv:31.0) Gecko/20100101 Firefox/31.0"
79.253.141.45 - - [04/Aug/2014:16:01:13 +0200] "GET /img/b03_neu.jpg HTTP/1.1" 200 13190 "http://www.rundflug-strausberg.de/seiten/start.php?ins=gutschein&gclid=CMSQy6vi-b8CFY7KtAodi2sAOw" "Mozilla/5.0 (Windows NT 6.2; WOW64; rv:31.0) Gecko/20100101 Firefox/31.0"
79.253.141.45 - - [04/Aug/2014:16:01:13 +0200] "GET /img/head_bg.jpg HTTP/1.1" 200 8288 "http://www.rundflug-strausberg.de/seiten/start.php?ins=gutschein&gclid=CMSQy6vi-b8CFY7KtAodi2sAOw" "Mozilla/5.0 (Windows NT 6.2; WOW64; rv:31.0) Gecko/20100101 Firefox/31.0"
79.253.141.45 - - [04/Aug/2014:16:01:13 +0200] "GET /img/lay05_neu.jpg HTTP/1.1" 200 5717 "http://www.rundflug-strausberg.de/seiten/start.php?ins=gutschein&gclid=CMSQy6vi-b8CFY7KtAodi2sAOw" "Mozilla/5.0 (Windows NT 6.2; WOW64; rv:31.0) Gecko/20100101 Firefox/31.0"
79.253.141.45 - - [04/Aug/2014:16:01:13 +0200] "GET /img/b04.jpg HTTP/1.1" 200 5198 "http://www.rundflug-strausberg.de/seiten/start.php?ins=gutschein&gclid=CMSQy6vi-b8CFY7KtAodi2sAOw" "Mozilla/5.0 (Windows NT 6.2; WOW64; rv:31.0) Gecko/20100101 Firefox/31.0"
79.253.141.45 - - [04/Aug/2014:16:01:13 +0200] "GET /img/left_bg_tr.gif HTTP/1.1" 200 176 "http://www.rundflug-strausberg.de/seiten/start.php?ins=gutschein&gclid=CMSQy6vi-b8CFY7KtAodi2sAOw" "Mozilla/5.0 (Windows NT 6.2; WOW64; rv:31.0) Gecko/20100101 Firefox/31.0"
79.253.141.45 - - [04/Aug/2014:16:01:13 +0200] "GET /img/rf_gutschein.jpg HTTP/1.1" 200 75081 "http://www.rundflug-strausberg.de/seiten/start.php?ins=gutschein&gclid=CMSQy6vi-b8CFY7KtAodi2sAOw" "Mozilla/5.0 (Windows NT 6.2; WOW64; rv:31.0) Gecko/20100101 Firefox/31.0"
79.253.141.45 - - [04/Aug/2014:16:01:13 +0200] "GET /img/right_bg_tr.gif HTTP/1.1" 200 91 "http://www.rundflug-strausberg.de/seiten/start.php?ins=gutschein&gclid=CMSQy6vi-b8CFY7KtAodi2sAOw" "Mozilla/5.0 (Windows NT 6.2; WOW64; rv:31.0) Gecko/20100101 Firefox/31.0"
79.253.141.45 - - [04/Aug/2014:16:01:13 +0200] "GET /img/lay10_tr.gif HTTP/1.1" 200 1151 "http://www.rundflug-strausberg.de/seiten/start.php?ins=gutschein&gclid=CMSQy6vi-b8CFY7KtAodi2sAOw" "Mozilla/5.0 (Windows NT 6.2; WOW64; rv:31.0) Gecko/20100101 Firefox/31.0"
79.253.141.45 - - [04/Aug/2014:16:01:13 +0200] "GET /img/bottom_bg_tr.gif HTTP/1.1" 200 224 "http://www.rundflug-strausberg.de/seiten/start.php?ins=gutschein&gclid=CMSQy6vi-b8CFY7KtAodi2sAOw" "Mozilla/5.0 (Windows NT 6.2; WOW64; rv:31.0) Gecko/20100101 Firefox/31.0"
79.253.141.45 - - [04/Aug/2014:16:01:14 +0200] "GET /img/lay03.jpg HTTP/1.1" 200 5735 "http://www.rundflug-strausberg.de/seiten/start.php?ins=gutschein&gclid=CMSQy6vi-b8CFY7KtAodi2sAOw" "Mozilla/5.0 (Windows NT 6.2; WOW64; rv:31.0) Gecko/20100101 Firefox/31.0"
79.253.141.45 - - [04/Aug/2014:16:01:31 +0200] "GET /seiten/start.php?ins=rundflug HTTP/1.1" 200 10244 "http://www.rundflug-strausberg.de/seiten/start.php?ins=gutschein&gclid=CMSQy6vi-b8CFY7KtAodi2sAOw" "Mozilla/5.0 (Windows NT 6.2; WOW64; rv:31.0) Gecko/20100101 Firefox/31.0"
79.253.141.45 - - [04/Aug/2014:16:01:31 +0200] "GET /img/wt_fenster.jpg HTTP/1.1" 200 9506 "http://www.rundflug-strausberg.de/seiten/start.php?ins=rundflug" "Mozilla/5.0 (Windows NT 6.2; WOW64; rv:31.0) Gecko/20100101 Firefox/31.0"
79.253.141.45 - - [04/Aug/2014:16:01:31 +0200] "GET /img/icon.gif HTTP/1.1" 200 169 "http://www.rundflug-strausberg.de/seiten/start.php?ins=rundflug" "Mozilla/5.0 (Windows NT 6.2; WOW64; rv:31.0) Gecko/20100101 Firefox/31.0"
79.253.141.45 - - [04/Aug/2014:16:01:31 +0200] "GET /img/rf_legende.gif HTTP/1.1" 200 591 "http://www.rundflug-strausberg.de/seiten/start.php?ins=rundflug" "Mozilla/5.0 (Windows NT 6.2; WOW64; rv:31.0) Gecko/20100101 Firefox/31.0"
79.253.141.45 - - [04/Aug/2014:16:01:31 +0200] "GET /img/rf_rundflug.jpg HTTP/1.1" 200 81627 "http://www.rundflug-strausberg.de/seiten/start.php?ins=rundflug" "Mozilla/5.0 (Windows NT 6.2; WOW64; rv:31.0) Gecko/20100101 Firefox/31.0"
91.56.167.230 - - [04/Aug/2014:16:01:40 +0200] "GET /seiten/start.php?ins=gutschein&gclid=COfThLni-b8CFVIPtAodNBsAYQ HTTP/1.1" 200 8119 "http://googleads.g.doubleclick.net/pagead/ads?client=ca-pub-8621669335266066&output=html&h=90&slotname=3632125350&adk=2815481830&w=728&lmt=1407160788&flash=14.0.0&url=http%3A%2F%2Fwww.mein-rundflug.de%2Fflugplatz-borken-hoxfeld-edly&dt=1407160788529&bpp=8&bdt=61&shv=r20140729&cbv=r20140417&saldr=sa&correlator=1407160788577&frm=20&ga_vid=895350783.1407160789&ga_sid=1407160789&ga_hid=2126589891&ga_fc=0&u_tz=120&u_his=4&u_java=1&u_h=768&u_w=1024&u_ah=734&u_aw=1024&u_cd=24&u_nplug=21&u_nmime=112&dff=arial&dfs=12&adx=177&ady=221&biw=1007&bih=631&eid=317150304&oid=3&ref=http%3A%2F%2Fwww.google.de%2Furl%3Fsa%3Dt%26rct%3Dj%26q%3D%26esrc%3Ds%26source%3Dweb%26cd%3D4%26ved%3D0CEIQFjAD%26url%3Dhttp%253A%252F%252Fwww.mein-rundflug.de%252Fflugplatz-borken-hoxfeld-edly%26ei%3DnZDfU7X2HcaA4gSvwIDQAQ%26usg%3DAFQjCNEhKdSsPCJf1UA2mziDBlKeByVGOA&rx=0&eae=0&fc=8&vis=1&abl=CS&ppjl=f&fu=0&ifi=1&xpc=i6GzeeuL9N&p=http%3A//www.mein-rundflug.de&dtd=60" "Mozilla/5.0 (Windows NT 5.1; rv:31.0) Gecko/20100101 Firefox/31.0"
79.253.141.45 - - [04/Aug/2014:16:01:40 +0200] "GET /seiten/start.php?ins=gutschein&gclid=CMSQy6vi-b8CFY7KtAodi2sAOw HTTP/1.1" 200 8119 "http://googleads.g.doubleclick.net/pagead/ads?client=ca-pub-8621669335266066&output=html&h=90&slotname=3632125350&adk=2815481830&w=728&lmt=1407160713&flash=14.0.0&url=http%3A%2F%2Fwww.mein-rundflug.de%2Fflugplatz-marl-loemuehle-edlm&dt=1407160714157&bpp=15&bdt=434&shv=r20140729&cbv=r20140417&saldr=sa&correlator=1407160714420&frm=20&ga_vid=1601535559.1407160714&ga_sid=1407160714&ga_hid=1645384687&ga_fc=0&u_tz=120&u_his=5&u_java=0&u_h=900&u_w=1600&u_ah=860&u_aw=1600&u_cd=24&u_nplug=9&u_nmime=33&dff=arial&dfs=12&adx=362&ady=206&biw=1569&bih=759&eid=317150304&oid=3&ref=http%3A%2F%2Fwww.google.de%2Furl%3Fsa%3Dt%26rct%3Dj%26q%3D%26esrc%3Ds%26source%3Dweb%26cd%3D15%26ved%3D0CF0QFjAEOAo%26url%3Dhttp%253A%252F%252Fwww.mein-rundflug.de%252Fflugplatz-marl-loemuehle-edlm%26ei%3DfZHfU5ujPOPf4QSNkYDgAQ%26usg%3DAFQjCNEADKE7l4Uy-H_C-XpaBOT1IGAYUQ&rx=0&eae=0&fc=8&vis=1&abl=CS&ppjl=f&fu=0&ifi=1&xpc=dcb6yx5HpV&p=http%3A//www.mein-rundflug.de&dtd=285" "Mozilla/5.0 (Windows NT 6.2; WOW64; rv:31.0) Gecko/20100101 Firefox/31.0"
91.56.167.230 - - [04/Aug/2014:16:01:44 +0200] "GET /seiten/start.php?ins=rundflug HTTP/1.1" 200 10244 "http://www.rundflug-strausberg.de/seiten/start.php?ins=gutschein&gclid=COfThLni-b8CFVIPtAodNBsAYQ" "Mozilla/5.0 (Windows NT 5.1; rv:31.0) Gecko/20100101 Firefox/31.0"
91.56.167.230 - - [04/Aug/2014:16:01:44 +0200] "GET /img/wt_fenster.jpg HTTP/1.1" 200 9506 "http://www.rundflug-strausberg.de/seiten/start.php?ins=rundflug" "Mozilla/5.0 (Windows NT 5.1; rv:31.0) Gecko/20100101 Firefox/31.0"
91.56.167.230 - - [04/Aug/2014:16:01:44 +0200] "GET /img/icon.gif HTTP/1.1" 200 169 "http://www.rundflug-strausberg.de/seiten/start.php?ins=rundflug" "Mozilla/5.0 (Windows NT 5.1; rv:31.0) Gecko/20100101 Firefox/31.0"
91.56.167.230 - - [04/Aug/2014:16:01:44 +0200] "GET /img/rf_legende.gif HTTP/1.1" 200 591 "http://www.rundflug-strausberg.de/seiten/start.php?ins=rundflug" "Mozilla/5.0 (Windows NT 5.1; rv:31.0) Gecko/20100101 Firefox/31.0"
91.56.167.230 - - [04/Aug/2014:16:01:44 +0200] "GET /img/rf_rundflug.jpg HTTP/1.1" 200 81627 "http://www.rundflug-strausberg.de/seiten/start.php?ins=rundflug" "Mozilla/5.0 (Windows NT 5.1; rv:31.0) Gecko/20100101 Firefox/31.0"
91.56.167.230 - - [04/Aug/2014:16:01:54 +0200] "GET /seiten/start.php?ins=start HTTP/1.1" 200 5922 "http://www.rundflug-strausberg.de/seiten/start.php?ins=rundflug" "Mozilla/5.0 (Windows NT 5.1; rv:31.0) Gecko/20100101 Firefox/31.0"
91.56.167.230 - - [04/Aug/2014:16:01:54 +0200] "GET /img/rf_start.jpg HTTP/1.1" 200 62269 "http://www.rundflug-strausberg.de/seiten/start.php?ins=start" "Mozilla/5.0 (Windows NT 5.1; rv:31.0) Gecko/20100101 Firefox/31.0"
91.56.167.230 - - [04/Aug/2014:16:01:58 +0200] "GET /seiten/start.php?ins=rundflug HTTP/1.1" 200 10244 "http://www.rundflug-strausberg.de/seiten/start.php?ins=gutschein&gclid=COfThLni-b8CFVIPtAodNBsAYQ" "Mozilla/5.0 (Windows NT 5.1; rv:31.0) Gecko/20100101 Firefox/31.0"
91.56.167.230 - - [04/Aug/2014:16:01:58 +0200] "GET /seiten/start.php?ins=gutschein&gclid=COfThLni-b8CFVIPtAodNBsAYQ HTTP/1.1" 200 8119 "http://googleads.g.doubleclick.net/pagead/ads?client=ca-pub-8621669335266066&output=html&h=90&slotname=3632125350&adk=2815481830&w=728&lmt=1407160788&flash=14.0.0&url=http%3A%2F%2Fwww.mein-rundflug.de%2Fflugplatz-borken-hoxfeld-edly&dt=1407160788529&bpp=8&bdt=61&shv=r20140729&cbv=r20140417&saldr=sa&correlator=1407160788577&frm=20&ga_vid=895350783.1407160789&ga_sid=1407160789&ga_hid=2126589891&ga_fc=0&u_tz=120&u_his=4&u_java=1&u_h=768&u_w=1024&u_ah=734&u_aw=1024&u_cd=24&u_nplug=21&u_nmime=112&dff=arial&dfs=12&adx=177&ady=221&biw=1007&bih=631&eid=317150304&oid=3&ref=http%3A%2F%2Fwww.google.de%2Furl%3Fsa%3Dt%26rct%3Dj%26q%3D%26esrc%3Ds%26source%3Dweb%26cd%3D4%26ved%3D0CEIQFjAD%26url%3Dhttp%253A%252F%252Fwww.mein-rundflug.de%252Fflugplatz-borken-hoxfeld-edly%26ei%3DnZDfU7X2HcaA4gSvwIDQAQ%26usg%3DAFQjCNEhKdSsPCJf1UA2mziDBlKeByVGOA&rx=0&eae=0&fc=8&vis=1&abl=CS&ppjl=f&fu=0&ifi=1&xpc=i6GzeeuL9N&p=http%3A//www.mein-rundflug.de&dtd=60" "Mozilla/5.0 (Windows NT 5.1; rv:31.0) Gecko/20100101 Firefox/31.0"
95.90.43.117 - - [04/Aug/2014:16:41:07 +0200] "GET /seiten/start.php?ins=rundflug&rf_page=2&PHPSESSID=edd04d026e770f6f29bd3902e4c073ed&gclid=CM_ms6Hr-b8CFcbJtAodzT4AhA HTTP/1.1" 200 10764 "http://www.google.de/aclk?sa=L&ai=CdMZZEpvfU96gG-rGywP27IL4C9yhrJQBpviWtQPUnM6tCBABKARQltS36_r_____AWCVsqyCtAfIAQGpAva0vYG0hLY-qgQoT9Bgz3kz0qPxJqERCKTYK1WVOUM59aB2QovGI8tHBscPJY3V7pcifYAH3OjlAZAHAagHpr4b&num=3&sig=AOD64_108hyDHtUkLFMi0j32TF2COaNE_A&rct=j&q=&ved=0CJoBENEM&adurl=http://www.rundflug-strausberg.de/seiten/start.php%3Fins%3Drundflug%26rf_page%3D2%26PHPSESSID%3Dedd04d026e770f6f29bd3902e4c073ed" "Mozilla/5.0 (X11; Linux x86_64) AppleWebKit/537.36 (KHTML, like Gecko) Chrome/35.0.1916.114 Safari/537.36"
95.90.43.117 - - [04/Aug/2014:16:41:07 +0200] "GET /css/style.css HTTP/1.1" 200 14382 "http://www.rundflug-strausberg.de/seiten/start.php?ins=rundflug&rf_page=2&PHPSESSID=edd04d026e770f6f29bd3902e4c073ed&gclid=CM_ms6Hr-b8CFcbJtAodzT4AhA" "Mozilla/5.0 (X11; Linux x86_64) AppleWebKit/537.36 (KHTML, like Gecko) Chrome/35.0.1916.114 Safari/537.36"
95.90.43.117 - - [04/Aug/2014:16:41:07 +0200] "GET /scripte/menu_elemente.js HTTP/1.1" 200 17373 "http://www.rundflug-strausberg.de/seiten/start.php?ins=rundflug&rf_page=2&PHPSESSID=edd04d026e770f6f29bd3902e4c073ed&gclid=CM_ms6Hr-b8CFcbJtAodzT4AhA" "Mozilla/5.0 (X11; Linux x86_64) AppleWebKit/537.36 (KHTML, like Gecko) Chrome/35.0.1916.114 Safari/537.36"
95.90.43.117 - - [04/Aug/2014:16:41:07 +0200] "GET /scripte/other.js HTTP/1.1" 200 466 "http://www.rundflug-strausberg.de/seiten/start.php?ins=rundflug&rf_page=2&PHPSESSID=edd04d026e770f6f29bd3902e4c073ed&gclid=CM_ms6Hr-b8CFcbJtAodzT4AhA" "Mozilla/5.0 (X11; Linux x86_64) AppleWebKit/537.36 (KHTML, like Gecko) Chrome/35.0.1916.114 Safari/537.36"
95.90.43.117 - - [04/Aug/2014:16:41:07 +0200] "GET /img/lay01.jpg HTTP/1.1" 200 9177 "http://www.rundflug-strausberg.de/seiten/start.php?ins=rundflug&rf_page=2&PHPSESSID=edd04d026e770f6f29bd3902e4c073ed&gclid=CM_ms6Hr-b8CFcbJtAodzT4AhA" "Mozilla/5.0 (X11; Linux x86_64) AppleWebKit/537.36 (KHTML, like Gecko) Chrome/35.0.1916.114 Safari/537.36"
95.90.43.117 - - [04/Aug/2014:16:41:07 +0200] "GET /img/rf_lay02.jpg HTTP/1.1" 200 7948 "http://www.rundflug-strausberg.de/seiten/start.php?ins=rundflug&rf_page=2&PHPSESSID=edd04d026e770f6f29bd3902e4c073ed&gclid=CM_ms6Hr-b8CFcbJtAodzT4AhA" "Mozilla/5.0 (X11; Linux x86_64) AppleWebKit/537.36 (KHTML, like Gecko) Chrome/35.0.1916.114 Safari/537.36"
95.90.43.117 - - [04/Aug/2014:16:41:07 +0200] "GET /img/lay03.jpg HTTP/1.1" 200 5735 "http://www.rundflug-strausberg.de/seiten/start.php?ins=rundflug&rf_page=2&PHPSESSID=edd04d026e770f6f29bd3902e4c073ed&gclid=CM_ms6Hr-b8CFcbJtAodzT4AhA" "Mozilla/5.0 (X11; Linux x86_64) AppleWebKit/537.36 (KHTML, like Gecko) Chrome/35.0.1916.114 Safari/537.36"
95.90.43.117 - - [04/Aug/2014:16:41:07 +0200] "GET /img/b04.jpg HTTP/1.1" 200 5198 "http://www.rundflug-strausberg.de/seiten/start.php?ins=rundflug&rf_page=2&PHPSESSID=edd04d026e770f6f29bd3902e4c073ed&gclid=CM_ms6Hr-b8CFcbJtAodzT4AhA" "Mozilla/5.0 (X11; Linux x86_64) AppleWebKit/537.36 (KHTML, like Gecko) Chrome/35.0.1916.114 Safari/537.36"
95.90.43.117 - - [04/Aug/2014:16:41:07 +0200] "GET /scripte/menu_start.js HTTP/1.1" 200 31217 "http://www.rundflug-strausberg.de/seiten/start.php?ins=rundflug&rf_page=2&PHPSESSID=edd04d026e770f6f29bd3902e4c073ed&gclid=CM_ms6Hr-b8CFcbJtAodzT4AhA" "Mozilla/5.0 (X11; Linux x86_64) AppleWebKit/537.36 (KHTML, like Gecko) Chrome/35.0.1916.114 Safari/537.36"
95.90.43.117 - - [04/Aug/2014:16:41:07 +0200] "GET /img/b02_neu.jpg HTTP/1.1" 200 6786 "http://www.rundflug-strausberg.de/seiten/start.php?ins=rundflug&rf_page=2&PHPSESSID=edd04d026e770f6f29bd3902e4c073ed&gclid=CM_ms6Hr-b8CFcbJtAodzT4AhA" "Mozilla/5.0 (X11; Linux x86_64) AppleWebKit/537.36 (KHTML, like Gecko) Chrome/35.0.1916.114 Safari/537.36"
95.90.43.117 - - [04/Aug/2014:16:41:07 +0200] "GET /img/f_1-p.gif HTTP/1.1" 200 43 "http://www.rundflug-strausberg.de/seiten/start.php?ins=rundflug&rf_page=2&PHPSESSID=edd04d026e770f6f29bd3902e4c073ed&gclid=CM_ms6Hr-b8CFcbJtAodzT4AhA" "Mozilla/5.0 (X11; Linux x86_64) AppleWebKit/537.36 (KHTML, like Gecko) Chrome/35.0.1916.114 Safari/537.36"
95.90.43.117 - - [04/Aug/2014:16:41:07 +0200] "GET /img/lay06_neu.jpg HTTP/1.1" 200 4093 "http://www.rundflug-strausberg.de/seiten/start.php?ins=rundflug&rf_page=2&PHPSESSID=edd04d026e770f6f29bd3902e4c073ed&gclid=CM_ms6Hr-b8CFcbJtAodzT4AhA" "Mozilla/5.0 (X11; Linux x86_64) AppleWebKit/537.36 (KHTML, like Gecko) Chrome/35.0.1916.114 Safari/537.36"
95.90.43.117 - - [04/Aug/2014:16:41:07 +0200] "GET /img/lay07_tr.gif HTTP/1.1" 200 1806 "http://www.rundflug-strausberg.de/seiten/start.php?ins=rundflug&rf_page=2&PHPSESSID=edd04d026e770f6f29bd3902e4c073ed&gclid=CM_ms6Hr-b8CFcbJtAodzT4AhA" "Mozilla/5.0 (X11; Linux x86_64) AppleWebKit/537.36 (KHTML, like Gecko) Chrome/35.0.1916.114 Safari/537.36"
95.90.43.117 - - [04/Aug/2014:16:41:07 +0200] "GET /img/wt_fenster.jpg HTTP/1.1" 200 9506 "http://www.rundflug-strausberg.de/seiten/start.php?ins=rundflug&rf_page=2&PHPSESSID=edd04d026e770f6f29bd3902e4c073ed&gclid=CM_ms6Hr-b8CFcbJtAodzT4AhA" "Mozilla/5.0 (X11; Linux x86_64) AppleWebKit/537.36 (KHTML, like Gecko) Chrome/35.0.1916.114 Safari/537.36"
95.90.43.117 - - [04/Aug/2014:16:41:07 +0200] "GET /img/icons_rot_1.gif HTTP/1.1" 200 734 "http://www.rundflug-strausberg.de/seiten/start.php?ins=rundflug&rf_page=2&PHPSESSID=edd04d026e770f6f29bd3902e4c073ed&gclid=CM_ms6Hr-b8CFcbJtAodzT4AhA" "Mozilla/5.0 (X11; Linux x86_64) AppleWebKit/537.36 (KHTML, like Gecko) Chrome/35.0.1916.114 Safari/537.36"
95.90.43.117 - - [04/Aug/2014:16:41:07 +0200] "GET /img/icons_rot_2.gif HTTP/1.1" 200 750 "http://www.rundflug-strausberg.de/seiten/start.php?ins=rundflug&rf_page=2&PHPSESSID=edd04d026e770f6f29bd3902e4c073ed&gclid=CM_ms6Hr-b8CFcbJtAodzT4AhA" "Mozilla/5.0 (X11; Linux x86_64) AppleWebKit/537.36 (KHTML, like Gecko) Chrome/35.0.1916.114 Safari/537.36"
95.90.43.117 - - [04/Aug/2014:16:41:07 +0200] "GET /img/icons_rot_3.gif HTTP/1.1" 200 755 "http://www.rundflug-strausberg.de/seiten/start.php?ins=rundflug&rf_page=2&PHPSESSID=edd04d026e770f6f29bd3902e4c073ed&gclid=CM_ms6Hr-b8CFcbJtAodzT4AhA" "Mozilla/5.0 (X11; Linux x86_64) AppleWebKit/537.36 (KHTML, like Gecko) Chrome/35.0.1916.114 Safari/537.36"
95.90.43.117 - - [04/Aug/2014:16:41:07 +0200] "GET /img/icons_rot_4.gif HTTP/1.1" 200 746 "http://www.rundflug-strausberg.de/seiten/start.php?ins=rundflug&rf_page=2&PHPSESSID=edd04d026e770f6f29bd3902e4c073ed&gclid=CM_ms6Hr-b8CFcbJtAodzT4AhA" "Mozilla/5.0 (X11; Linux x86_64) AppleWebKit/537.36 (KHTML, like Gecko) Chrome/35.0.1916.114 Safari/537.36"
95.90.43.117 - - [04/Aug/2014:16:41:07 +0200] "GET /img/icons_rot_5.gif HTTP/1.1" 200 757 "http://www.rundflug-strausberg.de/seiten/start.php?ins=rundflug&rf_page=2&PHPSESSID=edd04d026e770f6f29bd3902e4c073ed&gclid=CM_ms6Hr-b8CFcbJtAodzT4AhA" "Mozilla/5.0 (X11; Linux x86_64) AppleWebKit/537.36 (KHTML, like Gecko) Chrome/35.0.1916.114 Safari/537.36"
95.90.43.117 - - [04/Aug/2014:16:41:07 +0200] "GET /img/icon.gif HTTP/1.1" 200 169 "http://www.rundflug-strausberg.de/seiten/start.php?ins=rundflug&rf_page=2&PHPSESSID=edd04d026e770f6f29bd3902e4c073ed&gclid=CM_ms6Hr-b8CFcbJtAodzT4AhA" "Mozilla/5.0 (X11; Linux x86_64) AppleWebKit/537.36 (KHTML, like Gecko) Chrome/35.0.1916.114 Safari/537.36"
95.90.43.117 - - [04/Aug/2014:16:41:07 +0200] "GET /img/pdf.gif HTTP/1.1" 200 214 "http://www.rundflug-strausberg.de/seiten/start.php?ins=rundflug&rf_page=2&PHPSESSID=edd04d026e770f6f29bd3902e4c073ed&gclid=CM_ms6Hr-b8CFcbJtAodzT4AhA" "Mozilla/5.0 (X11; Linux x86_64) AppleWebKit/537.36 (KHTML, like Gecko) Chrome/35.0.1916.114 Safari/537.36"
95.90.43.117 - - [04/Aug/2014:16:41:07 +0200] "GET /img/lay08_tr.gif HTTP/1.1" 200 619 "http://www.rundflug-strausberg.de/seiten/start.php?ins=rundflug&rf_page=2&PHPSESSID=edd04d026e770f6f29bd3902e4c073ed&gclid=CM_ms6Hr-b8CFcbJtAodzT4AhA" "Mozilla/5.0 (X11; Linux x86_64) AppleWebKit/537.36 (KHTML, like Gecko) Chrome/35.0.1916.114 Safari/537.36"
95.90.43.117 - - [04/Aug/2014:16:41:07 +0200] "GET /img/lay16_tr.gif HTTP/1.1" 200 474 "http://www.rundflug-strausberg.de/seiten/start.php?ins=rundflug&rf_page=2&PHPSESSID=edd04d026e770f6f29bd3902e4c073ed&gclid=CM_ms6Hr-b8CFcbJtAodzT4AhA" "Mozilla/5.0 (X11; Linux x86_64) AppleWebKit/537.36 (KHTML, like Gecko) Chrome/35.0.1916.114 Safari/537.36"
95.90.43.117 - - [04/Aug/2014:16:41:07 +0200] "GET /img/lay15_tr.gif HTTP/1.1" 200 657 "http://www.rundflug-strausberg.de/seiten/start.php?ins=rundflug&rf_page=2&PHPSESSID=edd04d026e770f6f29bd3902e4c073ed&gclid=CM_ms6Hr-b8CFcbJtAodzT4AhA" "Mozilla/5.0 (X11; Linux x86_64) AppleWebKit/537.36 (KHTML, like Gecko) Chrome/35.0.1916.114 Safari/537.36"
95.90.43.117 - - [04/Aug/2014:16:41:07 +0200] "GET /img/lay09_tr.gif HTTP/1.1" 200 763 "http://www.rundflug-strausberg.de/seiten/start.php?ins=rundflug&rf_page=2&PHPSESSID=edd04d026e770f6f29bd3902e4c073ed&gclid=CM_ms6Hr-b8CFcbJtAodzT4AhA" "Mozilla/5.0 (X11; Linux x86_64) AppleWebKit/537.36 (KHTML, like Gecko) Chrome/35.0.1916.114 Safari/537.36"
95.90.43.117 - - [04/Aug/2014:16:41:07 +0200] "GET /img/lay14_tr.gif HTTP/1.1" 200 354 "http://www.rundflug-strausberg.de/seiten/start.php?ins=rundflug&rf_page=2&PHPSESSID=edd04d026e770f6f29bd3902e4c073ed&gclid=CM_ms6Hr-b8CFcbJtAodzT4AhA" "Mozilla/5.0 (X11; Linux x86_64) AppleWebKit/537.36 (KHTML, like Gecko) Chrome/35.0.1916.114 Safari/537.36"
95.90.43.117 - - [04/Aug/2014:16:41:07 +0200] "GET /img/rf_legende.gif HTTP/1.1" 200 591 "http://www.rundflug-strausberg.de/seiten/start.php?ins=rundflug&rf_page=2&PHPSESSID=edd04d026e770f6f29bd3902e4c073ed&gclid=CM_ms6Hr-b8CFcbJtAodzT4AhA" "Mozilla/5.0 (X11; Linux x86_64) AppleWebKit/537.36 (KHTML, like Gecko) Chrome/35.0.1916.114 Safari/537.36"
95.90.43.117 - - [04/Aug/2014:16:41:07 +0200] "GET /img/lay12_tr.gif HTTP/1.1" 200 606 "http://www.rundflug-strausberg.de/seiten/start.php?ins=rundflug&rf_page=2&PHPSESSID=edd04d026e770f6f29bd3902e4c073ed&gclid=CM_ms6Hr-b8CFcbJtAodzT4AhA" "Mozilla/5.0 (X11; Linux x86_64) AppleWebKit/537.36 (KHTML, like Gecko) Chrome/35.0.1916.114 Safari/537.36"
95.90.43.117 - - [04/Aug/2014:16:41:07 +0200] "GET /img/left_bg_tr.gif HTTP/1.1" 200 176 "http://www.rundflug-strausberg.de/seiten/start.php?ins=rundflug&rf_page=2&PHPSESSID=edd04d026e770f6f29bd3902e4c073ed&gclid=CM_ms6Hr-b8CFcbJtAodzT4AhA" "Mozilla/5.0 (X11; Linux x86_64) AppleWebKit/537.36 (KHTML, like Gecko) Chrome/35.0.1916.114 Safari/537.36"
95.90.43.117 - - [04/Aug/2014:16:41:07 +0200] "GET /img/lay11_tr.gif HTTP/1.1" 200 508 "http://www.rundflug-strausberg.de/seiten/start.php?ins=rundflug&rf_page=2&PHPSESSID=edd04d026e770f6f29bd3902e4c073ed&gclid=CM_ms6Hr-b8CFcbJtAodzT4AhA" "Mozilla/5.0 (X11; Linux x86_64) AppleWebKit/537.36 (KHTML, like Gecko) Chrome/35.0.1916.114 Safari/537.36"
95.90.43.117 - - [04/Aug/2014:16:41:07 +0200] "GET /img/lay10_tr.gif HTTP/1.1" 200 1151 "http://www.rundflug-strausberg.de/seiten/start.php?ins=rundflug&rf_page=2&PHPSESSID=edd04d026e770f6f29bd3902e4c073ed&gclid=CM_ms6Hr-b8CFcbJtAodzT4AhA" "Mozilla/5.0 (X11; Linux x86_64) AppleWebKit/537.36 (KHTML, like Gecko) Chrome/35.0.1916.114 Safari/537.36"
95.90.43.117 - - [04/Aug/2014:16:41:08 +0200] "GET /img/lay13_tr.gif HTTP/1.1" 200 1395 "http://www.rundflug-strausberg.de/seiten/start.php?ins=rundflug&rf_page=2&PHPSESSID=edd04d026e770f6f29bd3902e4c073ed&gclid=CM_ms6Hr-b8CFcbJtAodzT4AhA" "Mozilla/5.0 (X11; Linux x86_64) AppleWebKit/537.36 (KHTML, like Gecko) Chrome/35.0.1916.114 Safari/537.36"
95.90.43.117 - - [04/Aug/2014:16:41:08 +0200] "GET /img/right_bg_tr.gif HTTP/1.1" 200 91 "http://www.rundflug-strausberg.de/seiten/start.php?ins=rundflug&rf_page=2&PHPSESSID=edd04d026e770f6f29bd3902e4c073ed&gclid=CM_ms6Hr-b8CFcbJtAodzT4AhA" "Mozilla/5.0 (X11; Linux x86_64) AppleWebKit/537.36 (KHTML, like Gecko) Chrome/35.0.1916.114 Safari/537.36"
95.90.43.117 - - [04/Aug/2014:16:41:08 +0200] "GET /img/lay05_neu.jpg HTTP/1.1" 200 5717 "http://www.rundflug-strausberg.de/seiten/start.php?ins=rundflug&rf_page=2&PHPSESSID=edd04d026e770f6f29bd3902e4c073ed&gclid=CM_ms6Hr-b8CFcbJtAodzT4AhA" "Mozilla/5.0 (X11; Linux x86_64) AppleWebKit/537.36 (KHTML, like Gecko) Chrome/35.0.1916.114 Safari/537.36"
95.90.43.117 - - [04/Aug/2014:16:41:08 +0200] "GET /img/bottom_bg_tr.gif HTTP/1.1" 200 224 "http://www.rundflug-strausberg.de/seiten/start.php?ins=rundflug&rf_page=2&PHPSESSID=edd04d026e770f6f29bd3902e4c073ed&gclid=CM_ms6Hr-b8CFcbJtAodzT4AhA" "Mozilla/5.0 (X11; Linux x86_64) AppleWebKit/537.36 (KHTML, like Gecko) Chrome/35.0.1916.114 Safari/537.36"
95.90.43.117 - - [04/Aug/2014:16:41:08 +0200] "GET /img/b03_neu.jpg HTTP/1.1" 200 13190 "http://www.rundflug-strausberg.de/seiten/start.php?ins=rundflug&rf_page=2&PHPSESSID=edd04d026e770f6f29bd3902e4c073ed&gclid=CM_ms6Hr-b8CFcbJtAodzT4AhA" "Mozilla/5.0 (X11; Linux x86_64) AppleWebKit/537.36 (KHTML, like Gecko) Chrome/35.0.1916.114 Safari/537.36"
95.90.43.117 - - [04/Aug/2014:16:41:08 +0200] "GET /img/head_bg.jpg HTTP/1.1" 200 8288 "http://www.rundflug-strausberg.de/seiten/start.php?ins=rundflug&rf_page=2&PHPSESSID=edd04d026e770f6f29bd3902e4c073ed&gclid=CM_ms6Hr-b8CFcbJtAodzT4AhA" "Mozilla/5.0 (X11; Linux x86_64) AppleWebKit/537.36 (KHTML, like Gecko) Chrome/35.0.1916.114 Safari/537.36"
95.90.43.117 - - [04/Aug/2014:16:41:08 +0200] "GET /img/rf_rundflug.jpg HTTP/1.1" 200 81627 "http://www.rundflug-strausberg.de/seiten/start.php?ins=rundflug&rf_page=2&PHPSESSID=edd04d026e770f6f29bd3902e4c073ed&gclid=CM_ms6Hr-b8CFcbJtAodzT4AhA" "Mozilla/5.0 (X11; Linux x86_64) AppleWebKit/537.36 (KHTML, like Gecko) Chrome/35.0.1916.114 Safari/537.36"
95.90.43.117 - - [04/Aug/2014:16:41:08 +0200] "GET /animated_favicon1.gif HTTP/1.1" 200 7159 "-" "Mozilla/5.0 (X11; Linux x86_64) AppleWebKit/537.36 (KHTML, like Gecko) Chrome/35.0.1916.114 Safari/537.36"
95.90.43.117 - - [04/Aug/2014:16:41:13 +0200] "GET /dokumente/eintagsfliege.pdf HTTP/1.1" 200 292141 "http://www.rundflug-strausberg.de/seiten/start.php?ins=rundflug&rf_page=2&PHPSESSID=edd04d026e770f6f29bd3902e4c073ed&gclid=CM_ms6Hr-b8CFcbJtAodzT4AhA" "Mozilla/5.0 (X11; Linux x86_64) AppleWebKit/537.36 (KHTML, like Gecko) Chrome/35.0.1916.114 Safari/537.36"
