188.165.208.29 - - [01/Aug/2018:05:34:11 +0200] "GET /robots.txt HTTP/1.0" 404 1256 "-" ""
188.165.208.29 - - [01/Aug/2018:05:34:11 +0200] "GET / HTTP/1.1" 206 4983 "-" "Mozilla/5.0 (X11; Linux i686) AppleWebKit/534.30 (KHTML, like Gecko) Ubuntu/10.10 Chromium/12.0.742.112 Chrome/12.0.742.112 Safari/534.30"
188.165.208.29 - - [01/Aug/2018:05:34:13 +0200] "GET /index.html HTTP/1.1" 206 4983 "-" "Mozilla/5.0 (X11; Linux i686) AppleWebKit/534.30 (KHTML, like Gecko) Ubuntu/10.10 Chromium/12.0.742.112 Chrome/12.0.742.112 Safari/534.30"
188.165.208.29 - - [01/Aug/2018:05:34:15 +0200] "GET /seiten/firma.html HTTP/1.1" 404 1256 "-" "Mozilla/5.0 (X11; Linux i686) AppleWebKit/534.30 (KHTML, like Gecko) Ubuntu/10.10 Chromium/12.0.742.112 Chrome/12.0.742.112 Safari/534.30"
188.165.208.29 - - [01/Aug/2018:05:34:15 +0200] "GET /seiten/projekte.html HTTP/1.1" 404 1256 "-" "Mozilla/5.0 (X11; Linux i686) AppleWebKit/534.30 (KHTML, like Gecko) Ubuntu/10.10 Chromium/12.0.742.112 Chrome/12.0.742.112 Safari/534.30"
188.165.208.29 - - [01/Aug/2018:05:34:15 +0200] "GET /seiten/leistungen.html HTTP/1.1" 404 1256 "-" "Mozilla/5.0 (X11; Linux i686) AppleWebKit/534.30 (KHTML, like Gecko) Ubuntu/10.10 Chromium/12.0.742.112 Chrome/12.0.742.112 Safari/534.30"
188.165.208.29 - - [01/Aug/2018:05:34:15 +0200] "GET /seiten/kontakt.php HTTP/1.1" 404 1256 "-" "Mozilla/5.0 (X11; Linux i686) AppleWebKit/534.30 (KHTML, like Gecko) Ubuntu/10.10 Chromium/12.0.742.112 Chrome/12.0.742.112 Safari/534.30"
188.165.208.29 - - [01/Aug/2018:05:34:15 +0200] "GET /li_gre.html HTTP/1.1" 206 1973 "-" "Mozilla/5.0 (X11; Linux i686) AppleWebKit/534.30 (KHTML, like Gecko) Ubuntu/10.10 Chromium/12.0.742.112 Chrome/12.0.742.112 Safari/534.30"
188.165.208.29 - - [01/Aug/2018:05:34:17 +0200] "GET /seiten/impressum.html HTTP/1.1" 404 1256 "-" "Mozilla/5.0 (X11; Linux i686) AppleWebKit/534.30 (KHTML, like Gecko) Ubuntu/10.10 Chromium/12.0.742.112 Chrome/12.0.742.112 Safari/534.30"
188.165.208.29 - - [01/Aug/2018:05:34:17 +0200] "GET /seiten/agb.html HTTP/1.1" 404 1256 "-" "Mozilla/5.0 (X11; Linux i686) AppleWebKit/534.30 (KHTML, like Gecko) Ubuntu/10.10 Chromium/12.0.742.112 Chrome/12.0.742.112 Safari/534.30"
188.165.208.29 - - [01/Aug/2018:05:34:17 +0200] "GET /seiten/sitemap.html HTTP/1.1" 404 1256 "-" "Mozilla/5.0 (X11; Linux i686) AppleWebKit/534.30 (KHTML, like Gecko) Ubuntu/10.10 Chromium/12.0.742.112 Chrome/12.0.742.112 Safari/534.30"
104.192.74.29 - - [01/Aug/2018:13:03:07 +0200] "GET /robots.txt HTTP/1.1" 404 1256 "http://www.familie-wilde.com/robots.txt" "Mozilla/5.0 (Macintosh; Intel Mac OS X 10_12_1) AppleWebKit/537.36 (KHTML, like Gecko) Chrome/58.0.3029.110 Safari/537.36"
104.192.74.29 - - [01/Aug/2018:13:03:07 +0200] "GET / HTTP/1.1" 200 4983 "http://www.familie-wilde.com" "Mozilla/5.0 (Macintosh; Intel Mac OS X 10_12_1) AppleWebKit/537.36 (KHTML, like Gecko) Chrome/58.0.3029.110 Safari/537.36"
52.53.201.78 - - [02/Aug/2018:00:23:55 +0200] "GET / HTTP/1.1" 200 4983 "-" "Mozilla/5.0 (Macintosh; Intel Mac OS X 10_12_6) AppleWebKit/537.36 (KHTML, like Gecko) Chrome/61.0.3163.100 Safari/537.36"
78.24.216.109 - - [02/Aug/2018:02:05:35 +0200] "HEAD / HTTP/1.1" 200 - "-" "Mozilla/5.0 (Windows NT 5.1) AppleWebKit/537.36 (KHTML, like Gecko) Chrome/34.0.1847.116 Safari/537.36"
78.24.216.109 - - [02/Aug/2018:02:05:35 +0200] "HEAD /license.php HTTP/1.1" 404 - "-" "Mozilla/5.0 (Windows NT 5.1) AppleWebKit/537.36 (KHTML, like Gecko) Chrome/34.0.1847.116 Safari/537.36"
78.24.216.109 - - [02/Aug/2018:02:05:35 +0200] "GET /license.php HTTP/1.1" 404 1256 "-" "Mozilla/5.0 (Windows NT 5.1) AppleWebKit/537.36 (KHTML, like Gecko) Chrome/34.0.1847.116 Safari/537.36"
69.58.178.56 - - [02/Aug/2018:10:28:49 +0200] "GET /robots.txt HTTP/1.1" 404 1256 "-" "Mozilla/5.0 (compatible; ips-agent)"
69.58.178.56 - - [02/Aug/2018:10:29:15 +0200] "GET / HTTP/1.1" 200 4983 "-" "Mozilla/5.0 (compatible; ips-agent)"
69.58.178.56 - - [02/Aug/2018:10:29:35 +0200] "GET /seiten/leistungen.html HTTP/1.1" 404 1256 "-" "Mozilla/5.0 (compatible; ips-agent)"
69.58.178.56 - - [02/Aug/2018:10:29:48 +0200] "GET /index.html HTTP/1.1" 200 4983 "-" "Mozilla/5.0 (compatible; ips-agent)"
69.58.178.56 - - [02/Aug/2018:10:30:10 +0200] "GET /seiten/firma.html HTTP/1.1" 404 1256 "-" "Mozilla/5.0 (compatible; ips-agent)"
69.58.178.56 - - [02/Aug/2018:10:30:31 +0200] "GET /seiten/projekte.html HTTP/1.1" 404 1256 "-" "Mozilla/5.0 (compatible; ips-agent)"
69.58.178.56 - - [02/Aug/2018:10:30:40 +0200] "GET /li_gre.html HTTP/1.1" 200 1973 "-" "Mozilla/5.0 (compatible; ips-agent)"
148.64.56.64 - - [03/Aug/2018:12:54:29 +0200] "GET /robots.txt HTTP/1.1" 404 1256 "-" "Mozilla/5.0 (compatible; GrapeshotCrawler/2.0; +http://www.grapeshot.co.uk/crawler.php)"
148.64.56.64 - - [03/Aug/2018:12:54:30 +0200] "GET / HTTP/1.1" 200 4983 "-" "Mozilla/5.0 (compatible; GrapeshotCrawler/2.0; +http://www.grapeshot.co.uk/crawler.php)"
192.95.31.42 - - [03/Aug/2018:18:29:46 +0200] "GET /connectors/system/phpthumb.php HTTP/1.0" 404 1256 "-" "Mozilla/5.0 (Windows NT 6.1; Win64; x64) AppleWebKit/537.36 (KHTML, like Gecko) Chrome/62.0.3202.94 Safari/537.36"
192.95.31.42 - - [03/Aug/2018:18:29:47 +0200] "GET /connectors/system/phpthumb.php HTTP/1.0" 404 1256 "-" "Mozilla/5.0 (Windows NT 6.1; Win64; x64) AppleWebKit/537.36 (KHTML, like Gecko) Chrome/62.0.3202.94 Safari/537.36"
52.53.201.78 - - [04/Aug/2018:04:23:46 +0200] "GET / HTTP/1.1" 200 4983 "-" "Mozilla/5.0 (Macintosh; Intel Mac OS X 10_12_6) AppleWebKit/537.36 (KHTML, like Gecko) Chrome/61.0.3163.100 Safari/537.36"
66.249.64.85 - - [04/Aug/2018:06:30:01 +0200] "GET /robots.txt HTTP/1.1" 404 1256 "-" "Mozilla/5.0 (compatible; Googlebot/2.1; +http://www.google.com/bot.html)"
66.249.64.89 - - [04/Aug/2018:06:30:01 +0200] "GET / HTTP/1.1" 200 4983 "-" "Mozilla/5.0 (Linux; Android 6.0.1; Nexus 5X Build/MMB29P) AppleWebKit/537.36 (KHTML, like Gecko) Chrome/41.0.2272.96 Mobile Safari/537.36 (compatible; Googlebot/2.1; +http://www.google.com/bot.html)"
66.249.64.87 - - [04/Aug/2018:09:13:40 +0200] "GET / HTTP/1.1" 200 4983 "-" "Mozilla/5.0 (Linux; Android 6.0.1; Nexus 5X Build/MMB29P) AppleWebKit/537.36 (KHTML, like Gecko) Chrome/41.0.2272.96 Mobile Safari/537.36 (compatible; Googlebot/2.1; +http://www.google.com/bot.html)"
66.249.64.85 - - [04/Aug/2018:09:44:20 +0200] "GET /css/style.css HTTP/1.1" 404 1256 "http://www.familie-wilde.com/" "Mozilla/5.0 AppleWebKit/537.36 (KHTML, like Gecko; compatible; Googlebot/2.1; +http://www.google.com/bot.html) Safari/537.36"
52.53.201.78 - - [05/Aug/2018:22:31:14 +0200] "GET / HTTP/1.1" 200 4983 "-" "Mozilla/5.0 (Macintosh; Intel Mac OS X 10_12_6) AppleWebKit/537.36 (KHTML, like Gecko) Chrome/61.0.3163.100 Safari/537.36"
38.100.21.64 - - [06/Aug/2018:21:51:25 +0200] "GET / HTTP/1.1" 200 4983 "-" "Mozilla/4.0 (compatible; MSIE 7.0; Windows NT 5.2)"
38.100.21.64 - - [06/Aug/2018:21:51:25 +0200] "GET /index.html HTTP/1.1" 200 4983 "-" "Mozilla/4.0 (compatible; MSIE 7.0; Windows NT 5.2)"
38.100.21.64 - - [06/Aug/2018:21:51:25 +0200] "GET /seiten/agb.html HTTP/1.1" 404 1256 "-" "Mozilla/4.0 (compatible; MSIE 7.0; Windows NT 5.2)"
38.100.21.64 - - [06/Aug/2018:21:51:25 +0200] "GET /seiten/impressum.html HTTP/1.1" 404 1256 "-" "Mozilla/4.0 (compatible; MSIE 7.0; Windows NT 5.2)"
38.100.21.64 - - [06/Aug/2018:21:51:26 +0200] "GET /seiten/firma.html HTTP/1.1" 404 1256 "-" "Mozilla/4.0 (compatible; MSIE 7.0; Windows NT 5.2)"
38.100.21.64 - - [06/Aug/2018:21:51:26 +0200] "GET /seiten/projekte.html HTTP/1.1" 404 1256 "-" "Mozilla/4.0 (compatible; MSIE 7.0; Windows NT 5.2)"
38.100.21.64 - - [06/Aug/2018:21:51:26 +0200] "GET /seiten/kontakt.php HTTP/1.1" 404 1256 "-" "Mozilla/4.0 (compatible; MSIE 7.0; Windows NT 5.2)"
38.100.21.64 - - [06/Aug/2018:21:51:26 +0200] "GET /li_gre.html HTTP/1.1" 200 1973 "-" "Mozilla/4.0 (compatible; MSIE 7.0; Windows NT 5.2)"
38.100.21.64 - - [06/Aug/2018:21:51:26 +0200] "GET /seiten/leistungen.html HTTP/1.1" 404 1256 "-" "Mozilla/4.0 (compatible; MSIE 7.0; Windows NT 5.2)"
38.100.21.64 - - [06/Aug/2018:21:51:26 +0200] "GET /seiten/sitemap.html HTTP/1.1" 404 1256 "-" "Mozilla/4.0 (compatible; MSIE 7.0; Windows NT 5.2)"
38.100.21.64 - - [06/Aug/2018:21:51:26 +0200] "GET /css/style.css HTTP/1.1" 404 1256 "-" "Mozilla/4.0 (compatible; MSIE 7.0; Windows NT 5.2)"
82.80.249.214 - - [07/Aug/2018:19:37:02 +0200] "GET / HTTP/1.1" 200 4983 "-" "Mozilla/5.0 (Macintosh; Intel Mac OS X 10.6; rv:26.0) Gecko/20100101 Firefox/26.0"
82.80.249.192 - - [07/Aug/2018:19:37:03 +0200] "GET / HTTP/1.1" 200 4983 "-" "Mozilla/5.0 (Windows NT 5.1; rv:25.0) Gecko/20100101 Firefox/25.0"
82.80.249.192 - - [07/Aug/2018:19:37:04 +0200] "GET /css/style.css HTTP/1.1" 404 1256 "http://www.familie-wilde.com/" "Mozilla/5.0 (Windows NT 6.3; WOW64; Trident/7.0; rv:11.0) like Gecko"
82.80.249.192 - - [07/Aug/2018:19:37:04 +0200] "GET /seiten/false.html HTTP/1.1" 404 1256 "http://www.familie-wilde.com/" "Mozilla/5.0 (Windows NT 5.1) AppleWebKit/537.36 (KHTML, like Gecko) Chrome/31.0.1650.63 Safari/537.36"
82.80.249.192 - - [07/Aug/2018:19:37:05 +0200] "GET /seiten/default.html HTTP/1.1" 404 1256 "http://www.familie-wilde.com/" "Mozilla/5.0 (Windows NT 6.0; WOW64) AppleWebKit/534.30 (KHTML, like Gecko) Chrome/12.0.742.91 Safari/534.30"
82.80.249.192 - - [07/Aug/2018:19:37:05 +0200] "GET /index.html HTTP/1.1" 200 4983 "http://www.familie-wilde.com/" "Mozilla/5.0 (X11; Linux i686) AppleWebKit/537.36 (KHTML, like Gecko) Chrome/31.0.1650.63 Safari/537.36"
82.80.249.192 - - [07/Aug/2018:19:37:20 +0200] "GET /seiten/firma.html HTTP/1.1" 404 1256 "http://www.familie-wilde.com/" "Mozilla/5.0 (Macintosh; Intel Mac OS X 10_9_1) AppleWebKit/537.36 (KHTML, like Gecko) Chrome/31.0.1650.63 Safari/537.36"
82.80.249.192 - - [07/Aug/2018:19:37:21 +0200] "GET /seiten/projekte.html HTTP/1.1" 404 1256 "http://www.familie-wilde.com/" "Mozilla/5.0 (X11; Ubuntu; Linux x86_64; rv:25.0) Gecko/20100101 Firefox/25.0"
82.80.249.192 - - [07/Aug/2018:19:37:30 +0200] "GET /seiten/leistungen.html HTTP/1.1" 404 1256 "http://www.familie-wilde.com/" "Mozilla/5.0 (Windows NT 6.3; WOW64) AppleWebKit/537.36 (KHTML, like Gecko) Chrome/32.0.1700.72 Safari/537.36"
82.80.249.192 - - [07/Aug/2018:19:37:31 +0200] "GET /seiten/kontakt.php HTTP/1.1" 404 1256 "http://www.familie-wilde.com/" "Mozilla/5.0 (Windows NT 6.1; Trident/7.0; rv:11.0) like Gecko"
82.80.249.192 - - [07/Aug/2018:19:37:31 +0200] "GET /li_gre.html HTTP/1.1" 200 1973 "http://www.familie-wilde.com/" "Mozilla/5.0 (Macintosh; Intel Mac OS X 10.9; rv:26.0) Gecko/20100101 Firefox/26.0"
82.80.249.192 - - [07/Aug/2018:19:37:31 +0200] "GET /seiten/impressum.html HTTP/1.1" 404 1256 "http://www.familie-wilde.com/" "Mozilla/5.0 (Windows NT 6.1) AppleWebKit/537.36 (KHTML, like Gecko) Chrome/31.0.1650.63 Safari/537.36"
82.80.249.192 - - [07/Aug/2018:19:37:46 +0200] "GET /seiten/agb.html HTTP/1.1" 404 1256 "http://www.familie-wilde.com/" "Mozilla/5.0 (Windows NT 6.1; rv:26.0) Gecko/20100101 Firefox/26.0"
82.80.249.192 - - [07/Aug/2018:19:37:46 +0200] "GET /seiten/sitemap.html HTTP/1.1" 404 1256 "http://www.familie-wilde.com/" "Mozilla/5.0 (X11; Linux x86_64) AppleWebKit/537.36 (KHTML, like Gecko) Chrome/31.0.1650.63 Safari/537.36"
82.80.249.192 - - [07/Aug/2018:19:37:56 +0200] "GET /css/style.css HTTP/1.1" 404 1256 "http://www.familie-wilde.com/" "Mozilla/5.0 (Windows NT 6.2; Win64; x64; rv:27.0) Gecko/20100101 Firefox/27.0"
82.80.249.192 - - [07/Aug/2018:19:37:56 +0200] "GET /seiten/false.html HTTP/1.1" 404 1256 "http://www.familie-wilde.com/" "Mozilla/5.0 (Windows NT 6.1; Trident/7.0; rv:11.0) like Gecko"
82.80.249.192 - - [07/Aug/2018:19:37:57 +0200] "GET /seiten/default.html HTTP/1.1" 404 1256 "http://www.familie-wilde.com/" "Opera/9.80 (Windows NT 6.1; WOW64) Presto/2.12.388 Version/12.16"
82.80.249.192 - - [07/Aug/2018:19:37:57 +0200] "GET /seiten/firma.html HTTP/1.1" 404 1256 "http://www.familie-wilde.com/" "Mozilla/5.0 (Windows NT 6.0; rv:26.0) Gecko/20100101 Firefox/26.0"
82.80.249.192 - - [07/Aug/2018:19:38:17 +0200] "GET /seiten/projekte.html HTTP/1.1" 404 1256 "http://www.familie-wilde.com/" "Mozilla/5.0 (Macintosh; Intel Mac OS X 10.6; rv:26.0) Gecko/20100101 Firefox/26.0"
82.80.249.192 - - [07/Aug/2018:19:38:17 +0200] "GET /seiten/kontakt.php HTTP/1.1" 404 1256 "http://www.familie-wilde.com/" "Mozilla/5.0 (Macintosh; Intel Mac OS X 10_9_1) AppleWebKit/537.36 (KHTML, like Gecko) Chrome/32.0.1700.68 Safari/537.36"
82.80.249.192 - - [07/Aug/2018:19:38:17 +0200] "GET /seiten/leistungen.html HTTP/1.1" 404 1256 "http://www.familie-wilde.com/" "Mozilla/5.0 (Windows NT 6.1; WOW64; rv:25.0) Gecko/20100101 Firefox/25.0"
82.80.249.192 - - [07/Aug/2018:19:38:17 +0200] "GET /seiten/impressum.html HTTP/1.1" 404 1256 "http://www.familie-wilde.com/" "Mozilla/5.0 (Windows NT 6.2; Win64; x64; rv:36.0) Gecko/20100101 Firefox/36.0"
82.80.249.192 - - [07/Aug/2018:19:38:37 +0200] "GET /seiten/agb.html HTTP/1.1" 404 1256 "http://www.familie-wilde.com/" "Mozilla/5.0 (compatible)"
82.80.249.192 - - [07/Aug/2018:19:38:38 +0200] "GET /seiten/sitemap.html HTTP/1.1" 404 1256 "http://www.familie-wilde.com/" "Mozilla/5.0 (Windows NT 5.1) AppleWebKit/537.36 (KHTML, like Gecko) Chrome/31.0.1650.63 Safari/537.36"
82.80.230.228 - - [07/Aug/2018:19:42:32 +0200] "GET /img/bahn_web.jpg HTTP/1.1" 404 1256 "-" "Mozilla/5.0 (Macintosh; Intel Mac OS X 10_8_4) AppleWebKit/537.36 (KHTML, like Gecko) Chrome/31.0.1650.63 Safari/537.36"
82.80.230.228 - - [07/Aug/2018:19:42:32 +0200] "GET /img/em.gif HTTP/1.1" 404 1256 "-" "Mozilla/5.0 (compatible; MSIE 10.0; Windows NT 6.1; Trident/6.0)"
82.80.249.133 - - [07/Aug/2018:19:42:32 +0200] "GET /img/logo_web.gif HTTP/1.1" 404 1256 "-" "Mozilla/5.0 (Macintosh; Intel Mac OS X 10_9_0) AppleWebKit/537.36 (KHTML, like Gecko) Chrome/31.0.1650.57 Safari/537.36"
82.80.249.163 - - [07/Aug/2018:19:42:32 +0200] "GET /img/1px.gif HTTP/1.1" 404 1256 "-" "Mozilla/5.0 (Windows NT 6.3; WOW64; rv:26.0) Gecko/20100101 Firefox/26.0"
82.80.249.227 - - [07/Aug/2018:19:42:32 +0200] "GET /img/head_web.jpg HTTP/1.1" 404 1256 "-" "Mozilla/5.0 (Windows NT 6.0) AppleWebKit/537.36 (KHTML, like Gecko) Chrome/31.0.1650.63 Safari/537.36"
82.80.230.228 - - [07/Aug/2018:19:42:42 +0200] "GET /img/bg2.jpg HTTP/1.1" 404 1256 "-" "Mozilla/5.0 (Windows NT 6.0; WOW64) AppleWebKit/534.30 (KHTML, like Gecko) Chrome/12.0.742.91 Safari/534.30"
52.53.201.78 - - [08/Aug/2018:03:18:55 +0200] "GET / HTTP/1.1" 200 4983 "-" "Mozilla/5.0 (Macintosh; Intel Mac OS X 10_12_6) AppleWebKit/537.36 (KHTML, like Gecko) Chrome/61.0.3163.100 Safari/537.36"
64.246.161.42 - - [08/Aug/2018:13:47:23 +0200] "GET /robots.txt HTTP/1.0" 404 1256 "-" "Mozilla/5.0 (Macintosh; Intel Mac OS X 10.10; rv:59.0) Gecko/20100101 Firefox/59.0"
64.246.161.42 - - [08/Aug/2018:13:47:23 +0200] "GET / HTTP/1.1" 200 4983 "-" "Mozilla/5.0 (Macintosh; Intel Mac OS X 10.10; rv:59.0) Gecko/20100101 Firefox/59.0"
52.53.201.78 - - [10/Aug/2018:04:50:14 +0200] "GET / HTTP/1.1" 200 4983 "-" "Mozilla/5.0 (Macintosh; Intel Mac OS X 10_12_6) AppleWebKit/537.36 (KHTML, like Gecko) Chrome/61.0.3163.100 Safari/537.36"
159.89.178.15 - - [10/Aug/2018:05:07:42 +0200] "GET / HTTP/1.0" 200 4983 "-" "Mozilla/5.0 (compatible; NetcraftSurveyAgent/1.0; +info@netcraft.com)"
157.55.39.47 - - [12/Aug/2018:02:50:12 +0200] "GET /robots.txt HTTP/1.1" 404 1256 "-" "Mozilla/5.0 (compatible; bingbot/2.0; +http://www.bing.com/bingbot.htm)"
157.55.39.111 - - [12/Aug/2018:02:50:16 +0200] "GET / HTTP/1.1" 200 4983 "-" "Mozilla/5.0 (compatible; bingbot/2.0; +http://www.bing.com/bingbot.htm)"
157.55.39.111 - - [12/Aug/2018:05:26:24 +0200] "GET /robots.txt HTTP/1.1" 404 1256 "-" "Mozilla/5.0 (compatible; bingbot/2.0; +http://www.bing.com/bingbot.htm)"
52.53.201.78 - - [12/Aug/2018:06:38:48 +0200] "GET / HTTP/1.1" 200 4983 "-" "Mozilla/5.0 (Macintosh; Intel Mac OS X 10_12_6) AppleWebKit/537.36 (KHTML, like Gecko) Chrome/61.0.3163.100 Safari/537.36"
158.69.54.207 - - [12/Aug/2018:20:57:41 +0200] "GET / HTTP/1.1" 200 4983 "-" "Mozilla/5.0 (compatible; Dataprovider.com;)"
158.69.54.207 - - [12/Aug/2018:20:57:43 +0200] "GET /robots.txt HTTP/1.1" 404 1256 "-" "Mozilla/5.0 (compatible; Dataprovider.com;)"
158.69.54.207 - - [12/Aug/2018:20:57:44 +0200] "GET /sitemap.xml HTTP/1.1" 404 1256 "-" "Mozilla/5.0 (compatible; Dataprovider.com;)"
158.69.54.207 - - [12/Aug/2018:20:57:44 +0200] "GET / HTTP/1.1" 200 4983 "-" "Mozilla/5.0 (compatible; Dataprovider.com;)"
158.69.54.207 - - [12/Aug/2018:20:57:45 +0200] "GET /seiten/kontakt.php HTTP/1.1" 404 1256 "-" "Mozilla/5.0 (compatible; Dataprovider.com;)"
158.69.54.207 - - [12/Aug/2018:20:57:46 +0200] "GET /seiten/impressum.html HTTP/1.1" 404 1256 "-" "Mozilla/5.0 (compatible; Dataprovider.com;)"
158.69.54.207 - - [12/Aug/2018:20:57:48 +0200] "GET /seiten/agb.html HTTP/1.1" 404 1256 "-" "Mozilla/5.0 (compatible; Dataprovider.com;)"
158.69.54.207 - - [12/Aug/2018:20:57:49 +0200] "GET /seiten/leistungen.html HTTP/1.1" 404 1256 "-" "Mozilla/5.0 (compatible; Dataprovider.com;)"
158.69.54.207 - - [12/Aug/2018:20:57:50 +0200] "GET /li_gre.html HTTP/1.1" 200 1973 "-" "Mozilla/5.0 (compatible; Dataprovider.com;)"
158.69.54.207 - - [12/Aug/2018:20:57:51 +0200] "GET /seiten/sitemap.html HTTP/1.1" 404 1256 "-" "Mozilla/5.0 (compatible; Dataprovider.com;)"
158.69.54.207 - - [12/Aug/2018:20:57:52 +0200] "GET /index.html HTTP/1.1" 200 4983 "-" "Mozilla/5.0 (compatible; Dataprovider.com;)"
158.69.54.207 - - [12/Aug/2018:20:57:53 +0200] "GET /seiten/firma.html HTTP/1.1" 404 1256 "-" "Mozilla/5.0 (compatible; Dataprovider.com;)"
158.69.54.207 - - [12/Aug/2018:20:57:55 +0200] "GET /seiten/projekte.html HTTP/1.1" 404 1256 "-" "Mozilla/5.0 (compatible; Dataprovider.com;)"
158.69.54.207 - - [12/Aug/2018:20:57:56 +0200] "GET /ads.txt HTTP/1.1" 404 1256 "-" "Mozilla/5.0 (compatible; Dataprovider.com;)"
158.69.54.207 - - [12/Aug/2018:20:57:56 +0200] "GET / HTTP/1.1" 200 4983 "-" "Mozilla/5.0 (Linux; Android 5.1.1; SM-G925F Build/LMY47X) AppleWebKit/537.36 (KHTML, like Gecko) Chrome/45.0.2454.94 Mobile Safari/537.36"
141.8.141.131 - - [13/Aug/2018:01:39:01 +0200] "GET /robots.txt HTTP/1.1" 404 1256 "-" "Mozilla/5.0 (compatible; YandexBot/3.0; +http://yandex.com/bots)"
141.8.141.131 - - [13/Aug/2018:01:39:05 +0200] "GET / HTTP/1.1" 200 4983 "-" "Mozilla/5.0 (compatible; YandexBot/3.0; +http://yandex.com/bots)"
66.249.66.53 - - [13/Aug/2018:08:57:28 +0200] "GET /robots.txt HTTP/1.1" 404 1256 "-" "Mozilla/5.0 (compatible; Googlebot/2.1; +http://www.google.com/bot.html)"
66.249.66.55 - - [13/Aug/2018:08:57:28 +0200] "GET / HTTP/1.1" 200 4983 "-" "Mozilla/5.0 (compatible; Googlebot/2.1; +http://www.google.com/bot.html)"
66.249.66.55 - - [13/Aug/2018:08:57:29 +0200] "GET / HTTP/1.1" 200 4983 "-" "Mozilla/5.0 (compatible; Googlebot/2.1; +http://www.google.com/bot.html)"
66.249.66.53 - - [13/Aug/2018:08:57:31 +0200] "GET /css/style.css HTTP/1.1" 404 1256 "http://www.familie-wilde.com/" "Mozilla/5.0 AppleWebKit/537.36 (KHTML, like Gecko; compatible; Googlebot/2.1; +http://www.google.com/bot.html) Safari/537.36"
52.53.201.78 - - [14/Aug/2018:10:20:17 +0200] "GET / HTTP/1.1" 200 4983 "-" "Mozilla/5.0 (Macintosh; Intel Mac OS X 10_12_6) AppleWebKit/537.36 (KHTML, like Gecko) Chrome/61.0.3163.100 Safari/537.36"
141.8.141.131 - - [14/Aug/2018:11:47:45 +0200] "GET /robots.txt HTTP/1.1" 404 1256 "-" "Mozilla/5.0 (compatible; YandexBot/3.0; +http://yandex.com/bots)"
141.8.141.131 - - [14/Aug/2018:11:47:49 +0200] "GET /img/favicon.ico HTTP/1.1" 404 1256 "-" "Mozilla/5.0 (compatible; YandexBot/3.0; +http://yandex.com/bots)"
67.217.35.167 - - [14/Aug/2018:22:06:36 +0200] "GET / HTTP/1.1" 200 4983 "-" "Mozilla/5.0 (Unknown; Linux x86_64) AppleWebKit/538.1 (KHTML, like Gecko) PhantomJS/2.0.1-development Safari/538.1"
67.217.35.167 - - [14/Aug/2018:22:06:36 +0200] "GET /css/style.css HTTP/1.1" 404 1256 "http://www.familie-wilde.com/" "Mozilla/5.0 (Unknown; Linux x86_64) AppleWebKit/538.1 (KHTML, like Gecko) PhantomJS/2.0.1-development Safari/538.1"
176.31.126.56 - - [15/Aug/2018:03:55:52 +0200] "GET /robots.txt HTTP/1.0" 404 1256 "-" ""
176.31.126.56 - - [15/Aug/2018:03:55:52 +0200] "GET / HTTP/1.1" 206 4983 "-" "Mozilla/5.0 (X11; Linux i686) AppleWebKit/534.30 (KHTML, like Gecko) Slackware/Chrome/12.0.742.100 Safari/534.30"
176.31.126.56 - - [15/Aug/2018:03:55:54 +0200] "GET /index.html HTTP/1.1" 206 4983 "-" "Mozilla/5.0 (X11; Linux i686) AppleWebKit/534.30 (KHTML, like Gecko) Slackware/Chrome/12.0.742.100 Safari/534.30"
176.31.126.56 - - [15/Aug/2018:03:55:56 +0200] "GET /seiten/firma.html HTTP/1.1" 404 1256 "-" "Mozilla/5.0 (X11; Linux i686) AppleWebKit/534.30 (KHTML, like Gecko) Slackware/Chrome/12.0.742.100 Safari/534.30"
176.31.126.56 - - [15/Aug/2018:03:55:56 +0200] "GET /seiten/projekte.html HTTP/1.1" 404 1256 "-" "Mozilla/5.0 (X11; Linux i686) AppleWebKit/534.30 (KHTML, like Gecko) Slackware/Chrome/12.0.742.100 Safari/534.30"
176.31.126.56 - - [15/Aug/2018:03:55:56 +0200] "GET /seiten/leistungen.html HTTP/1.1" 404 1256 "-" "Mozilla/5.0 (X11; Linux i686) AppleWebKit/534.30 (KHTML, like Gecko) Slackware/Chrome/12.0.742.100 Safari/534.30"
176.31.126.56 - - [15/Aug/2018:03:55:56 +0200] "GET /seiten/kontakt.php HTTP/1.1" 404 1256 "-" "Mozilla/5.0 (X11; Linux i686) AppleWebKit/534.30 (KHTML, like Gecko) Slackware/Chrome/12.0.742.100 Safari/534.30"
176.31.126.56 - - [15/Aug/2018:03:55:56 +0200] "GET /li_gre.html HTTP/1.1" 206 1973 "-" "Mozilla/5.0 (X11; Linux i686) AppleWebKit/534.30 (KHTML, like Gecko) Slackware/Chrome/12.0.742.100 Safari/534.30"
176.31.126.56 - - [15/Aug/2018:03:55:58 +0200] "GET /seiten/impressum.html HTTP/1.1" 404 1256 "-" "Mozilla/5.0 (X11; Linux i686) AppleWebKit/534.30 (KHTML, like Gecko) Slackware/Chrome/12.0.742.100 Safari/534.30"
176.31.126.56 - - [15/Aug/2018:03:55:58 +0200] "GET /seiten/agb.html HTTP/1.1" 404 1256 "-" "Mozilla/5.0 (X11; Linux i686) AppleWebKit/534.30 (KHTML, like Gecko) Slackware/Chrome/12.0.742.100 Safari/534.30"
176.31.126.56 - - [15/Aug/2018:03:55:58 +0200] "GET /seiten/sitemap.html HTTP/1.1" 404 1256 "-" "Mozilla/5.0 (X11; Linux i686) AppleWebKit/534.30 (KHTML, like Gecko) Slackware/Chrome/12.0.742.100 Safari/534.30"
52.53.201.78 - - [16/Aug/2018:15:15:46 +0200] "GET / HTTP/1.1" 200 4983 "-" "Mozilla/5.0 (Macintosh; Intel Mac OS X 10_12_6) AppleWebKit/537.36 (KHTML, like Gecko) Chrome/61.0.3163.100 Safari/537.36"
141.8.141.131 - - [17/Aug/2018:19:06:09 +0200] "GET /robots.txt HTTP/1.1" 404 1256 "-" "Mozilla/5.0 (compatible; YandexBot/3.0; +http://yandex.com/bots)"
141.8.141.131 - - [17/Aug/2018:19:06:13 +0200] "GET /img/favicon.ico HTTP/1.1" 404 1256 "-" "Mozilla/5.0 (compatible; YandexBot/3.0; +http://yandex.com/bots)"
157.55.39.47 - - [18/Aug/2018:06:51:44 +0200] "GET /robots.txt HTTP/1.1" 404 1256 "-" "Mozilla/5.0 (compatible; bingbot/2.0; +http://www.bing.com/bingbot.htm)"
40.77.167.138 - - [18/Aug/2018:06:51:48 +0200] "GET / HTTP/1.1" 304 - "-" "Mozilla/5.0 (compatible; bingbot/2.0; +http://www.bing.com/bingbot.htm)"
141.8.141.131 - - [18/Aug/2018:13:21:13 +0200] "GET /robots.txt HTTP/1.1" 404 1256 "-" "Mozilla/5.0 (compatible; YandexBot/3.0; +http://yandex.com/bots)"
141.8.141.131 - - [18/Aug/2018:13:21:17 +0200] "GET /img/favicon.ico HTTP/1.1" 404 1256 "-" "Mozilla/5.0 (compatible; YandexBot/3.0; +http://yandex.com/bots)"
52.53.201.78 - - [18/Aug/2018:17:59:01 +0200] "GET / HTTP/1.1" 200 4983 "-" "Mozilla/5.0 (Macintosh; Intel Mac OS X 10_12_6) AppleWebKit/537.36 (KHTML, like Gecko) Chrome/61.0.3163.100 Safari/537.36"
141.8.141.131 - - [19/Aug/2018:01:36:55 +0200] "GET /robots.txt HTTP/1.1" 404 1256 "-" "Mozilla/5.0 (compatible; YandexBot/3.0; +http://yandex.com/bots)"
141.8.141.131 - - [19/Aug/2018:01:36:59 +0200] "GET /img/favicon.ico HTTP/1.1" 404 1256 "-" "Mozilla/5.0 (compatible; YandexBot/3.0; +http://yandex.com/bots)"
52.53.201.78 - - [19/Aug/2018:02:04:55 +0200] "GET / HTTP/1.1" 200 4983 "-" "Mozilla/5.0 (Macintosh; Intel Mac OS X 10_12_6) AppleWebKit/537.36 (KHTML, like Gecko) Chrome/61.0.3163.100 Safari/537.36"
141.8.141.131 - - [20/Aug/2018:22:41:54 +0200] "GET /robots.txt HTTP/1.1" 404 1256 "-" "Mozilla/5.0 (compatible; YandexBot/3.0; +http://yandex.com/bots)"
141.8.141.131 - - [20/Aug/2018:22:41:58 +0200] "GET /img/favicon.ico HTTP/1.1" 404 1256 "-" "Mozilla/5.0 (compatible; YandexBot/3.0; +http://yandex.com/bots)"
52.53.201.78 - - [21/Aug/2018:06:45:27 +0200] "GET / HTTP/1.1" 200 4983 "-" "Mozilla/5.0 (Macintosh; Intel Mac OS X 10_12_6) AppleWebKit/537.36 (KHTML, like Gecko) Chrome/61.0.3163.100 Safari/537.36"
5.255.251.11 - - [21/Aug/2018:14:24:50 +0200] "GET /robots.txt HTTP/1.1" 404 1256 "-" "Mozilla/5.0 (compatible; YandexBot/3.0; +http://yandex.com/bots)"
87.250.244.2 - - [21/Aug/2018:14:24:54 +0200] "GET /favicon.ico HTTP/1.1" 404 1256 "-" "Mozilla/5.0 (compatible; YandexBot/3.0; +http://yandex.com/bots)"
66.249.66.53 - - [22/Aug/2018:13:28:22 +0200] "GET /robots.txt HTTP/1.1" 404 1256 "-" "Mozilla/5.0 (compatible; Googlebot/2.1; +http://www.google.com/bot.html)"
66.249.66.55 - - [22/Aug/2018:13:28:22 +0200] "GET / HTTP/1.1" 200 4983 "-" "Mozilla/5.0 (Linux; Android 6.0.1; Nexus 5X Build/MMB29P) AppleWebKit/537.36 (KHTML, like Gecko) Chrome/41.0.2272.96 Mobile Safari/537.36 (compatible; Googlebot/2.1; +http://www.google.com/bot.html)"
66.249.66.53 - - [22/Aug/2018:13:29:00 +0200] "GET /css/style.css HTTP/1.1" 404 1256 "http://www.familie-wilde.com/" "Mozilla/5.0 (Linux; Android 6.0.1; Nexus 5X Build/MMB29P) AppleWebKit/537.36 (KHTML, like Gecko) Chrome/41.0.2272.96 Mobile Safari/537.36 (compatible; Googlebot/2.1; +http://www.google.com/bot.html)"
52.53.201.78 - - [23/Aug/2018:12:43:24 +0200] "GET / HTTP/1.1" 200 4983 "-" "Mozilla/5.0 (Macintosh; Intel Mac OS X 10_12_6) AppleWebKit/537.36 (KHTML, like Gecko) Chrome/61.0.3163.100 Safari/537.36"
159.65.24.22 - - [23/Aug/2018:16:24:52 +0200] "GET / HTTP/1.1" 200 4983 "-" "Mozilla/5.0 (Windows NT 6.0) AppleWebKit/537.36 (KHTML, like Gecko) Chrome/34.0.1847.116 Safari/537.36"
159.65.24.22 - - [23/Aug/2018:16:24:53 +0200] "GET /seiten/firma.html HTTP/1.1" 404 1256 "-" "Mozilla/5.0 (Windows NT 6.0) AppleWebKit/537.36 (KHTML, like Gecko) Chrome/34.0.1847.116 Safari/537.36"
159.65.24.22 - - [23/Aug/2018:16:24:53 +0200] "GET /seiten/projekte.html HTTP/1.1" 404 1256 "-" "Mozilla/5.0 (Windows NT 6.0) AppleWebKit/537.36 (KHTML, like Gecko) Chrome/34.0.1847.116 Safari/537.36"
159.65.24.22 - - [23/Aug/2018:16:24:54 +0200] "GET /index.html HTTP/1.1" 200 4983 "-" "Mozilla/5.0 (Windows NT 6.0) AppleWebKit/537.36 (KHTML, like Gecko) Chrome/34.0.1847.116 Safari/537.36"
159.65.24.22 - - [23/Aug/2018:16:24:54 +0200] "GET /seiten/leistungen.html HTTP/1.1" 404 1256 "-" "Mozilla/5.0 (Windows NT 6.0) AppleWebKit/537.36 (KHTML, like Gecko) Chrome/34.0.1847.116 Safari/537.36"
141.8.141.131 - - [24/Aug/2018:19:45:19 +0200] "GET /robots.txt HTTP/1.1" 404 1256 "-" "Mozilla/5.0 (compatible; YandexBot/3.0; +http://yandex.com/bots)"
141.8.141.131 - - [24/Aug/2018:19:45:23 +0200] "GET /img/favicon.ico HTTP/1.1" 404 1256 "-" "Mozilla/5.0 (compatible; YandexBot/3.0; +http://yandex.com/bots)"
207.46.13.199 - - [25/Aug/2018:06:13:25 +0200] "GET /robots.txt HTTP/1.1" 404 1256 "-" "Mozilla/5.0 (compatible; bingbot/2.0; +http://www.bing.com/bingbot.htm)"
207.46.13.17 - - [25/Aug/2018:06:13:28 +0200] "GET / HTTP/1.1" 200 4983 "-" "Mozilla/5.0 (compatible; bingbot/2.0; +http://www.bing.com/bingbot.htm)"
207.46.13.17 - - [25/Aug/2018:07:14:37 +0200] "GET /robots.txt HTTP/1.1" 404 1256 "-" "Mozilla/5.0 (compatible; bingbot/2.0; +http://www.bing.com/bingbot.htm)"
95.216.172.181 - - [25/Aug/2018:17:54:24 +0200] "GET / HTTP/1.1" 200 4983 "-" "Mozilla/5.0 (compatible; Seekport Crawler; http://seekport.com/)"
95.216.172.181 - - [25/Aug/2018:17:54:24 +0200] "GET /robots.txt HTTP/1.1" 404 1256 "-" "Mozilla/5.0 (compatible; Seekport Crawler; http://seekport.com/)"
95.216.172.181 - - [25/Aug/2018:17:54:24 +0200] "GET / HTTP/1.1" 200 4983 "-" "Mozilla/5.0 (compatible; Seekport Crawler; http://seekport.com/)"
95.216.172.181 - - [25/Aug/2018:17:54:25 +0200] "GET /index.html HTTP/1.1" 200 4983 "-" "Mozilla/5.0 (compatible; Seekport Crawler; http://seekport.com/)"
95.216.172.181 - - [25/Aug/2018:17:54:25 +0200] "GET /seiten/firma.html HTTP/1.1" 404 1256 "-" "Mozilla/5.0 (compatible; Seekport Crawler; http://seekport.com/)"
95.216.172.181 - - [25/Aug/2018:17:54:25 +0200] "GET /seiten/projekte.html HTTP/1.1" 404 1256 "-" "Mozilla/5.0 (compatible; Seekport Crawler; http://seekport.com/)"
95.216.172.181 - - [25/Aug/2018:17:54:26 +0200] "GET /seiten/leistungen.html HTTP/1.1" 404 1256 "-" "Mozilla/5.0 (compatible; Seekport Crawler; http://seekport.com/)"
95.216.172.181 - - [25/Aug/2018:17:54:26 +0200] "GET /seiten/kontakt.php HTTP/1.1" 404 1256 "-" "Mozilla/5.0 (compatible; Seekport Crawler; http://seekport.com/)"
95.216.172.181 - - [25/Aug/2018:17:54:26 +0200] "GET /li_gre.html HTTP/1.1" 200 1973 "-" "Mozilla/5.0 (compatible; Seekport Crawler; http://seekport.com/)"
95.216.172.181 - - [25/Aug/2018:17:54:27 +0200] "GET /seiten/impressum.html HTTP/1.1" 404 1256 "-" "Mozilla/5.0 (compatible; Seekport Crawler; http://seekport.com/)"
95.216.172.181 - - [25/Aug/2018:17:54:27 +0200] "GET /seiten/agb.html HTTP/1.1" 404 1256 "-" "Mozilla/5.0 (compatible; Seekport Crawler; http://seekport.com/)"
95.216.172.181 - - [25/Aug/2018:17:54:27 +0200] "GET /seiten/sitemap.html HTTP/1.1" 404 1256 "-" "Mozilla/5.0 (compatible; Seekport Crawler; http://seekport.com/)"
52.53.201.78 - - [25/Aug/2018:19:01:05 +0200] "GET / HTTP/1.1" 200 4983 "-" "Mozilla/5.0 (Macintosh; Intel Mac OS X 10_12_6) AppleWebKit/537.36 (KHTML, like Gecko) Chrome/61.0.3163.100 Safari/537.36"
64.246.161.42 - - [26/Aug/2018:16:09:13 +0200] "GET /robots.txt HTTP/1.0" 404 1256 "-" "Mozilla/5.0 (Macintosh; Intel Mac OS X 10.10; rv:59.0) Gecko/20100101 Firefox/59.0"
64.246.161.42 - - [26/Aug/2018:16:09:14 +0200] "GET / HTTP/1.1" 200 4983 "-" "Mozilla/5.0 (Macintosh; Intel Mac OS X 10.10; rv:59.0) Gecko/20100101 Firefox/59.0"
141.8.141.131 - - [26/Aug/2018:17:49:06 +0200] "GET /robots.txt HTTP/1.1" 404 1256 "-" "Mozilla/5.0 (compatible; YandexBot/3.0; +http://yandex.com/bots)"
141.8.141.131 - - [26/Aug/2018:17:49:09 +0200] "GET /img/favicon.ico HTTP/1.1" 404 1256 "-" "Mozilla/5.0 (compatible; YandexBot/3.0; +http://yandex.com/bots)"
141.8.141.131 - - [27/Aug/2018:09:17:18 +0200] "GET /robots.txt HTTP/1.1" 404 1256 "-" "Mozilla/5.0 (compatible; YandexBot/3.0; +http://yandex.com/bots)"
141.8.141.131 - - [27/Aug/2018:09:17:22 +0200] "GET /img/favicon.ico HTTP/1.1" 404 1256 "-" "Mozilla/5.0 (compatible; YandexBot/3.0; +http://yandex.com/bots)"
52.53.201.78 - - [28/Aug/2018:00:07:57 +0200] "GET / HTTP/1.1" 200 4983 "-" "Mozilla/5.0 (Macintosh; Intel Mac OS X 10_12_6) AppleWebKit/537.36 (KHTML, like Gecko) Chrome/61.0.3163.100 Safari/537.36"
141.8.141.131 - - [28/Aug/2018:11:56:17 +0200] "GET /robots.txt HTTP/1.1" 404 1256 "-" "Mozilla/5.0 (compatible; YandexBot/3.0; +http://yandex.com/bots)"
141.8.141.131 - - [28/Aug/2018:11:56:21 +0200] "GET /img/favicon.ico HTTP/1.1" 404 1256 "-" "Mozilla/5.0 (compatible; YandexBot/3.0; +http://yandex.com/bots)"
176.31.126.56 - - [29/Aug/2018:09:59:37 +0200] "GET /robots.txt HTTP/1.0" 404 1256 "-" ""
176.31.126.56 - - [29/Aug/2018:09:59:38 +0200] "GET / HTTP/1.1" 206 4983 "-" "Mozilla/5.0 (X11; Linux i686) AppleWebKit/534.30 (KHTML, like Gecko) Slackware/Chrome/12.0.742.100 Safari/534.30"
176.31.126.56 - - [29/Aug/2018:09:59:40 +0200] "GET /index.html HTTP/1.1" 206 4983 "-" "Mozilla/5.0 (X11; Linux i686) AppleWebKit/534.30 (KHTML, like Gecko) Slackware/Chrome/12.0.742.100 Safari/534.30"
176.31.126.56 - - [29/Aug/2018:09:59:42 +0200] "GET /seiten/firma.html HTTP/1.1" 404 1256 "-" "Mozilla/5.0 (X11; Linux i686) AppleWebKit/534.30 (KHTML, like Gecko) Slackware/Chrome/12.0.742.100 Safari/534.30"
176.31.126.56 - - [29/Aug/2018:09:59:42 +0200] "GET /seiten/projekte.html HTTP/1.1" 404 1256 "-" "Mozilla/5.0 (X11; Linux i686) AppleWebKit/534.30 (KHTML, like Gecko) Slackware/Chrome/12.0.742.100 Safari/534.30"
176.31.126.56 - - [29/Aug/2018:09:59:42 +0200] "GET /seiten/leistungen.html HTTP/1.1" 404 1256 "-" "Mozilla/5.0 (X11; Linux i686) AppleWebKit/534.30 (KHTML, like Gecko) Slackware/Chrome/12.0.742.100 Safari/534.30"
176.31.126.56 - - [29/Aug/2018:09:59:42 +0200] "GET /seiten/kontakt.php HTTP/1.1" 404 1256 "-" "Mozilla/5.0 (X11; Linux i686) AppleWebKit/534.30 (KHTML, like Gecko) Slackware/Chrome/12.0.742.100 Safari/534.30"
176.31.126.56 - - [29/Aug/2018:09:59:42 +0200] "GET /li_gre.html HTTP/1.1" 206 1973 "-" "Mozilla/5.0 (X11; Linux i686) AppleWebKit/534.30 (KHTML, like Gecko) Slackware/Chrome/12.0.742.100 Safari/534.30"
176.31.126.56 - - [29/Aug/2018:09:59:44 +0200] "GET /seiten/impressum.html HTTP/1.1" 404 1256 "-" "Mozilla/5.0 (X11; Linux i686) AppleWebKit/534.30 (KHTML, like Gecko) Slackware/Chrome/12.0.742.100 Safari/534.30"
176.31.126.56 - - [29/Aug/2018:09:59:44 +0200] "GET /seiten/agb.html HTTP/1.1" 404 1256 "-" "Mozilla/5.0 (X11; Linux i686) AppleWebKit/534.30 (KHTML, like Gecko) Slackware/Chrome/12.0.742.100 Safari/534.30"
176.31.126.56 - - [29/Aug/2018:09:59:44 +0200] "GET /seiten/sitemap.html HTTP/1.1" 404 1256 "-" "Mozilla/5.0 (X11; Linux i686) AppleWebKit/534.30 (KHTML, like Gecko) Slackware/Chrome/12.0.742.100 Safari/534.30"
141.8.141.134 - - [29/Aug/2018:16:40:11 +0200] "GET /robots.txt HTTP/1.1" 404 1256 "-" "Mozilla/5.0 (compatible; YandexBot/3.0; +http://yandex.com/bots)"
141.8.141.134 - - [29/Aug/2018:16:40:15 +0200] "GET /img/favicon.ico HTTP/1.1" 404 1256 "-" "Mozilla/5.0 (compatible; YandexBot/3.0; +http://yandex.com/bots)"
52.53.201.78 - - [30/Aug/2018:03:38:26 +0200] "GET / HTTP/1.1" 200 4983 "-" "Mozilla/5.0 (Macintosh; Intel Mac OS X 10_12_6) AppleWebKit/537.36 (KHTML, like Gecko) Chrome/61.0.3163.100 Safari/537.36"
141.8.141.131 - - [30/Aug/2018:19:25:23 +0200] "GET /robots.txt HTTP/1.1" 404 1256 "-" "Mozilla/5.0 (compatible; YandexBot/3.0; +http://yandex.com/bots)"
141.8.141.131 - - [30/Aug/2018:19:25:27 +0200] "GET /img/favicon.ico HTTP/1.1" 404 1256 "-" "Mozilla/5.0 (compatible; YandexBot/3.0; +http://yandex.com/bots)"
163.172.67.146 - - [30/Aug/2018:21:40:19 +0200] "GET /robots.txt HTTP/1.0" 404 1256 "-" "Riddler (http://riddler.io/about)"
163.172.67.146 - - [30/Aug/2018:21:40:19 +0200] "GET / HTTP/1.0" 200 4983 "-" "Riddler (http://riddler.io/about)"
66.249.69.57 - - [31/Aug/2018:14:58:31 +0200] "GET /robots.txt HTTP/1.1" 404 1256 "-" "Mozilla/5.0 (compatible; Googlebot/2.1; +http://www.google.com/bot.html)"
66.249.69.53 - - [31/Aug/2018:14:58:32 +0200] "GET / HTTP/1.1" 200 4983 "-" "Mozilla/5.0 (compatible; Googlebot/2.1; +http://www.google.com/bot.html)"
66.249.69.55 - - [31/Aug/2018:14:58:41 +0200] "GET /css/style.css HTTP/1.1" 404 1256 "http://www.familie-wilde.com/" "Mozilla/5.0 AppleWebKit/537.36 (KHTML, like Gecko; compatible; Googlebot/2.1; +http://www.google.com/bot.html) Safari/537.36"
66.249.69.53 - - [31/Aug/2018:17:51:45 +0200] "GET / HTTP/1.1" 200 4983 "-" "Mozilla/5.0 AppleWebKit/537.36 (KHTML, like Gecko; compatible; Googlebot/2.1; +http://www.google.com/bot.html) Safari/537.36"