180.76.15.15 - - [01/Jul/2018:05:46:22 +0200] "GET / HTTP/1.1" 200 4983 "-" "Mozilla/5.0 (compatible; Baiduspider/2.0; +http://www.baidu.com/search/spider.html)"
180.76.15.160 - - [01/Jul/2018:05:55:33 +0200] "GET /robots.txt HTTP/1.1" 404 1256 "-" "Mozilla/5.0 (Windows NT 5.1; rv:6.0.2) Gecko/20100101 Firefox/6.0.2"
202.46.56.190 - - [01/Jul/2018:06:19:42 +0200] "GET / HTTP/1.1" 200 4983 "-" "Mozilla/5.0 (Windows NT 10.0; WOW64) AppleWebKit/537.36 (KHTML, like Gecko) Chrome/45.0.2454.93 Safari/537.36"
66.249.70.25 - - [02/Jul/2018:05:06:49 +0200] "GET /robots.txt HTTP/1.1" 404 1256 "-" "Mozilla/5.0 (compatible; Googlebot/2.1; +http://www.google.com/bot.html)"
66.249.70.25 - - [02/Jul/2018:05:06:49 +0200] "GET / HTTP/1.1" 200 4983 "-" "Mozilla/5.0 (compatible; Googlebot/2.1; +http://www.google.com/bot.html)"
66.249.70.23 - - [02/Jul/2018:05:06:57 +0200] "GET / HTTP/1.1" 200 4983 "-" "Mozilla/5.0 AppleWebKit/537.36 (KHTML, like Gecko; compatible; Googlebot/2.1; +http://www.google.com/bot.html) Safari/537.36"
66.249.70.23 - - [02/Jul/2018:05:06:57 +0200] "GET /css/style.css HTTP/1.1" 404 1256 "http://www.familie-wilde.com/" "Mozilla/5.0 AppleWebKit/537.36 (KHTML, like Gecko; compatible; Googlebot/2.1; +http://www.google.com/bot.html) Safari/537.36"
66.249.70.25 - - [02/Jul/2018:05:07:57 +0200] "GET /css/style.css HTTP/1.1" 404 1256 "http://www.familie-wilde.com/" "Mozilla/5.0 AppleWebKit/537.36 (KHTML, like Gecko; compatible; Googlebot/2.1; +http://www.google.com/bot.html) Safari/537.36"
180.76.15.10 - - [02/Jul/2018:12:30:50 +0200] "GET / HTTP/1.1" 200 4983 "-" "Mozilla/5.0 (compatible; Baiduspider/2.0; +http://www.baidu.com/search/spider.html)"
52.53.201.78 - - [02/Jul/2018:13:48:55 +0200] "GET / HTTP/1.1" 200 4983 "-" "Mozilla/5.0 (Macintosh; Intel Mac OS X 10_12_6) AppleWebKit/537.36 (KHTML, like Gecko) Chrome/61.0.3163.100 Safari/537.36"
202.46.51.158 - - [02/Jul/2018:13:56:27 +0200] "GET / HTTP/1.1" 200 4983 "-" "Mozilla/5.0 (Windows NT 10.0; WOW64) AppleWebKit/537.36 (KHTML, like Gecko) Chrome/45.0.2454.93 Safari/537.36"
104.193.88.244 - - [02/Jul/2018:15:24:09 +0200] "GET / HTTP/1.1" 200 4983 "-" "Mozilla/5.0 (Windows NT 10.0; WOW64) AppleWebKit/537.36 (KHTML, like Gecko) Chrome/45.0.2454.93 Safari/537.36"
180.76.15.161 - - [03/Jul/2018:11:19:09 +0200] "GET / HTTP/1.1" 200 4983 "-" "Mozilla/5.0 (compatible; Baiduspider/2.0; +http://www.baidu.com/search/spider.html)"
202.46.50.83 - - [03/Jul/2018:11:47:09 +0200] "GET / HTTP/1.1" 200 4983 "-" "Mozilla/5.0 (Windows NT 10.0; WOW64) AppleWebKit/537.36 (KHTML, like Gecko) Chrome/45.0.2454.93 Safari/537.36"
64.246.165.140 - - [03/Jul/2018:14:03:43 +0200] "GET /robots.txt HTTP/1.0" 404 1256 "-" "Mozilla/5.0 (Macintosh; Intel Mac OS X 10.10; rv:59.0) Gecko/20100101 Firefox/59.0"
64.246.165.140 - - [03/Jul/2018:14:03:43 +0200] "GET / HTTP/1.1" 200 4983 "-" "Mozilla/5.0 (Macintosh; Intel Mac OS X 10.10; rv:59.0) Gecko/20100101 Firefox/59.0"
209.97.146.86 - - [03/Jul/2018:19:43:50 +0200] "GET / HTTP/1.0" 200 4983 "-" "Mozilla/5.0 (compatible; NetcraftSurveyAgent/1.0; +info@netcraft.com)"
37.187.56.47 - - [04/Jul/2018:08:13:55 +0200] "GET /robots.txt HTTP/1.0" 404 1256 "-" ""
37.187.56.47 - - [04/Jul/2018:08:13:55 +0200] "GET / HTTP/1.1" 206 4983 "-" "Mozilla/5.0 (X11; U; Linux amd64; rv:5.0) Gecko/20100101 Firefox/5.0 (Debian)"
37.187.56.47 - - [04/Jul/2018:08:13:58 +0200] "GET /index.html HTTP/1.1" 206 4983 "-" "Mozilla/5.0 (X11; U; Linux amd64; rv:5.0) Gecko/20100101 Firefox/5.0 (Debian)"
37.187.56.47 - - [04/Jul/2018:08:14:00 +0200] "GET /seiten/firma.html HTTP/1.1" 404 1256 "-" "Mozilla/5.0 (X11; U; Linux amd64; rv:5.0) Gecko/20100101 Firefox/5.0 (Debian)"
37.187.56.47 - - [04/Jul/2018:08:14:00 +0200] "GET /seiten/projekte.html HTTP/1.1" 404 1256 "-" "Mozilla/5.0 (X11; U; Linux amd64; rv:5.0) Gecko/20100101 Firefox/5.0 (Debian)"
37.187.56.47 - - [04/Jul/2018:08:14:00 +0200] "GET /seiten/leistungen.html HTTP/1.1" 404 1256 "-" "Mozilla/5.0 (X11; U; Linux amd64; rv:5.0) Gecko/20100101 Firefox/5.0 (Debian)"
37.187.56.47 - - [04/Jul/2018:08:14:00 +0200] "GET /seiten/kontakt.php HTTP/1.1" 404 1256 "-" "Mozilla/5.0 (X11; U; Linux amd64; rv:5.0) Gecko/20100101 Firefox/5.0 (Debian)"
37.187.56.47 - - [04/Jul/2018:08:14:00 +0200] "GET /li_gre.html HTTP/1.1" 206 1973 "-" "Mozilla/5.0 (X11; U; Linux amd64; rv:5.0) Gecko/20100101 Firefox/5.0 (Debian)"
37.187.56.47 - - [04/Jul/2018:08:14:02 +0200] "GET /seiten/impressum.html HTTP/1.1" 404 1256 "-" "Mozilla/5.0 (X11; U; Linux amd64; rv:5.0) Gecko/20100101 Firefox/5.0 (Debian)"
37.187.56.47 - - [04/Jul/2018:08:14:02 +0200] "GET /seiten/agb.html HTTP/1.1" 404 1256 "-" "Mozilla/5.0 (X11; U; Linux amd64; rv:5.0) Gecko/20100101 Firefox/5.0 (Debian)"
37.187.56.47 - - [04/Jul/2018:08:14:02 +0200] "GET /seiten/sitemap.html HTTP/1.1" 404 1256 "-" "Mozilla/5.0 (X11; U; Linux amd64; rv:5.0) Gecko/20100101 Firefox/5.0 (Debian)"
52.53.201.78 - - [04/Jul/2018:14:06:28 +0200] "GET / HTTP/1.1" 200 4983 "-" "Mozilla/5.0 (Macintosh; Intel Mac OS X 10_12_6) AppleWebKit/537.36 (KHTML, like Gecko) Chrome/61.0.3163.100 Safari/537.36"
157.55.39.12 - - [04/Jul/2018:19:24:22 +0200] "GET /robots.txt HTTP/1.1" 404 1256 "-" "Mozilla/5.0 (compatible; bingbot/2.0; +http://www.bing.com/bingbot.htm)"
207.46.13.188 - - [04/Jul/2018:19:24:28 +0200] "GET / HTTP/1.1" 200 4983 "-" "Mozilla/5.0 (compatible; bingbot/2.0; +http://www.bing.com/bingbot.htm)"
207.46.13.188 - - [04/Jul/2018:20:42:26 +0200] "GET /robots.txt HTTP/1.1" 404 1256 "-" "Mozilla/5.0 (compatible; bingbot/2.0; +http://www.bing.com/bingbot.htm)"
218.66.74.217 - - [05/Jul/2018:11:00:25 +0200] "HEAD /sq52zr.php HTTP/1.1" 404 - "-" "-"
141.8.141.131 - - [05/Jul/2018:12:54:59 +0200] "GET /robots.txt HTTP/1.1" 404 1256 "-" "Mozilla/5.0 (compatible; YandexBot/3.0; +http://yandex.com/bots)"
141.8.141.131 - - [05/Jul/2018:12:55:03 +0200] "GET /img/favicon.ico HTTP/1.1" 404 1256 "-" "Mozilla/5.0 (compatible; YandexBot/3.0; +http://yandex.com/bots)"
141.8.141.134 - - [05/Jul/2018:22:31:51 +0200] "GET /robots.txt HTTP/1.1" 404 1256 "-" "Mozilla/5.0 (compatible; YandexBot/3.0; +http://yandex.com/bots)"
5.45.203.6 - - [05/Jul/2018:22:31:55 +0200] "GET /img/favicon.ico HTTP/1.1" 404 1256 "-" "Mozilla/5.0 (compatible; YandexBot/3.0; +http://yandex.com/bots)"
52.53.201.78 - - [06/Jul/2018:15:05:56 +0200] "GET / HTTP/1.1" 200 4983 "-" "Mozilla/5.0 (Macintosh; Intel Mac OS X 10_12_6) AppleWebKit/537.36 (KHTML, like Gecko) Chrome/61.0.3163.100 Safari/537.36"
38.100.21.78 - - [06/Jul/2018:19:50:54 +0200] "GET / HTTP/1.1" 200 4983 "-" "Mozilla/4.0 (compatible; MSIE 7.0; Windows NT 5.2)"
38.100.21.78 - - [06/Jul/2018:19:50:54 +0200] "GET /seiten/firma.html HTTP/1.1" 404 1256 "-" "Mozilla/4.0 (compatible; MSIE 7.0; Windows NT 5.2)"
38.100.21.78 - - [06/Jul/2018:19:50:54 +0200] "GET /seiten/kontakt.php HTTP/1.1" 404 1256 "-" "Mozilla/4.0 (compatible; MSIE 7.0; Windows NT 5.2)"
38.100.21.78 - - [06/Jul/2018:19:50:54 +0200] "GET /seiten/agb.html HTTP/1.1" 404 1256 "-" "Mozilla/4.0 (compatible; MSIE 7.0; Windows NT 5.2)"
38.100.21.78 - - [06/Jul/2018:19:50:55 +0200] "GET /seiten/projekte.html HTTP/1.1" 404 1256 "-" "Mozilla/4.0 (compatible; MSIE 7.0; Windows NT 5.2)"
38.100.21.78 - - [06/Jul/2018:19:50:55 +0200] "GET /index.html HTTP/1.1" 200 4983 "-" "Mozilla/4.0 (compatible; MSIE 7.0; Windows NT 5.2)"
38.100.21.78 - - [06/Jul/2018:19:50:55 +0200] "GET /li_gre.html HTTP/1.1" 200 1973 "-" "Mozilla/4.0 (compatible; MSIE 7.0; Windows NT 5.2)"
38.100.21.78 - - [06/Jul/2018:19:50:55 +0200] "GET /seiten/impressum.html HTTP/1.1" 404 1256 "-" "Mozilla/4.0 (compatible; MSIE 7.0; Windows NT 5.2)"
38.100.21.78 - - [06/Jul/2018:19:50:55 +0200] "GET /seiten/leistungen.html HTTP/1.1" 404 1256 "-" "Mozilla/4.0 (compatible; MSIE 7.0; Windows NT 5.2)"
38.100.21.78 - - [06/Jul/2018:19:50:55 +0200] "GET /seiten/sitemap.html HTTP/1.1" 404 1256 "-" "Mozilla/4.0 (compatible; MSIE 7.0; Windows NT 5.2)"
38.100.21.78 - - [06/Jul/2018:19:50:55 +0200] "GET /css/style.css HTTP/1.1" 404 1256 "-" "Mozilla/4.0 (compatible; MSIE 7.0; Windows NT 5.2)"
158.69.165.200 - - [08/Jul/2018:22:46:16 +0200] "GET / HTTP/1.1" 200 4983 "-" "Mozilla/5.0 (Windows NT 10.0; WOW64) AppleWebKit/537.36 (KHTML, like Gecko) Chrome/52.0.2743.116 Safari/537.36"
158.69.165.200 - - [08/Jul/2018:22:46:16 +0200] "GET /css/style.css HTTP/1.1" 404 1256 "http://www.familie-wilde.com/" "Mozilla/5.0 (Windows NT 10.0; WOW64) AppleWebKit/537.36 (KHTML, like Gecko) Chrome/52.0.2743.116 Safari/537.36"
180.76.15.12 - - [09/Jul/2018:05:00:01 +0200] "GET /robots.txt HTTP/1.1" 404 1256 "-" "Mozilla/5.0 (Windows NT 5.1; rv:6.0.2) Gecko/20100101 Firefox/6.0.2"
180.76.15.10 - - [09/Jul/2018:05:00:01 +0200] "GET /robots.txt HTTP/1.1" 404 1256 "-" "Mozilla/5.0 (Windows NT 5.1; rv:6.0.2) Gecko/20100101 Firefox/6.0.2"
180.76.15.9 - - [09/Jul/2018:05:03:09 +0200] "GET / HTTP/1.1" 200 4983 "-" "Mozilla/5.0 (compatible; Baiduspider/2.0; +http://www.baidu.com/search/spider.html)"
95.216.157.229 - - [09/Jul/2018:08:49:50 +0200] "GET / HTTP/1.1" 200 4983 "-" "Mozilla/5.0 (compatible; 007ac9 Crawler; http://crawler.007ac9.net/)"
95.216.157.229 - - [09/Jul/2018:08:49:50 +0200] "GET /robots.txt HTTP/1.1" 404 1256 "-" "Mozilla/5.0 (compatible; 007ac9 Crawler; http://crawler.007ac9.net/)"
95.216.157.229 - - [09/Jul/2018:08:49:50 +0200] "GET / HTTP/1.1" 200 4983 "-" "Mozilla/5.0 (compatible; 007ac9 Crawler; http://crawler.007ac9.net/)"
95.216.157.229 - - [09/Jul/2018:08:49:50 +0200] "GET /index.html HTTP/1.1" 200 4983 "-" "Mozilla/5.0 (compatible; 007ac9 Crawler; http://crawler.007ac9.net/)"
95.216.157.229 - - [09/Jul/2018:08:49:51 +0200] "GET /seiten/firma.html HTTP/1.1" 404 1256 "-" "Mozilla/5.0 (compatible; 007ac9 Crawler; http://crawler.007ac9.net/)"
95.216.157.229 - - [09/Jul/2018:08:49:51 +0200] "GET /seiten/projekte.html HTTP/1.1" 404 1256 "-" "Mozilla/5.0 (compatible; 007ac9 Crawler; http://crawler.007ac9.net/)"
95.216.157.229 - - [09/Jul/2018:08:49:51 +0200] "GET /seiten/leistungen.html HTTP/1.1" 404 1256 "-" "Mozilla/5.0 (compatible; 007ac9 Crawler; http://crawler.007ac9.net/)"
95.216.157.229 - - [09/Jul/2018:08:49:52 +0200] "GET /seiten/kontakt.php HTTP/1.1" 404 1256 "-" "Mozilla/5.0 (compatible; 007ac9 Crawler; http://crawler.007ac9.net/)"
95.216.157.229 - - [09/Jul/2018:08:49:52 +0200] "GET /li_gre.html HTTP/1.1" 200 1973 "-" "Mozilla/5.0 (compatible; 007ac9 Crawler; http://crawler.007ac9.net/)"
95.216.157.229 - - [09/Jul/2018:08:49:52 +0200] "GET /seiten/impressum.html HTTP/1.1" 404 1256 "-" "Mozilla/5.0 (compatible; 007ac9 Crawler; http://crawler.007ac9.net/)"
95.216.157.229 - - [09/Jul/2018:08:49:52 +0200] "GET /seiten/agb.html HTTP/1.1" 404 1256 "-" "Mozilla/5.0 (compatible; 007ac9 Crawler; http://crawler.007ac9.net/)"
95.216.157.229 - - [09/Jul/2018:08:49:53 +0200] "GET /seiten/sitemap.html HTTP/1.1" 404 1256 "-" "Mozilla/5.0 (compatible; 007ac9 Crawler; http://crawler.007ac9.net/)"
104.236.66.236 - - [10/Jul/2018:05:33:47 +0200] "GET /robots.txt HTTP/1.1" 404 1256 "-" "Mozilla/5.0 (compatible; spbot/5.0.3; +http://OpenLinkProfiler.org/bot )"
104.236.66.236 - - [10/Jul/2018:05:33:53 +0200] "GET / HTTP/1.1" 200 4983 "-" "Mozilla/5.0 (compatible; spbot/5.0.3; +http://OpenLinkProfiler.org/bot )"
104.236.66.236 - - [10/Jul/2018:05:33:54 +0200] "GET /index.html HTTP/1.1" 200 4983 "http://www.familie-wilde.com/" "Mozilla/5.0 (compatible; spbot/5.0.3; +http://OpenLinkProfiler.org/bot )"
104.236.66.236 - - [10/Jul/2018:05:33:58 +0200] "GET /li_gre.html HTTP/1.1" 200 1973 "http://www.familie-wilde.com/" "Mozilla/5.0 (compatible; spbot/5.0.3; +http://OpenLinkProfiler.org/bot )"
104.236.66.236 - - [10/Jul/2018:05:34:03 +0200] "GET /seiten/agb.html HTTP/1.1" 404 1256 "http://www.familie-wilde.com/" "Mozilla/5.0 (compatible; spbot/5.0.3; +http://OpenLinkProfiler.org/bot )"
104.236.66.236 - - [10/Jul/2018:05:34:07 +0200] "GET /seiten/firma.html HTTP/1.1" 404 1256 "http://www.familie-wilde.com/" "Mozilla/5.0 (compatible; spbot/5.0.3; +http://OpenLinkProfiler.org/bot )"
104.236.66.236 - - [10/Jul/2018:05:34:12 +0200] "GET /seiten/kontakt.php HTTP/1.1" 404 1256 "http://www.familie-wilde.com/" "Mozilla/5.0 (compatible; spbot/5.0.3; +http://OpenLinkProfiler.org/bot )"
104.236.66.236 - - [10/Jul/2018:05:34:17 +0200] "GET /seiten/sitemap.html HTTP/1.1" 404 1256 "http://www.familie-wilde.com/" "Mozilla/5.0 (compatible; spbot/5.0.3; +http://OpenLinkProfiler.org/bot )"
104.236.66.236 - - [10/Jul/2018:05:34:23 +0200] "GET /seiten/projekte.html HTTP/1.1" 404 1256 "http://www.familie-wilde.com/" "Mozilla/5.0 (compatible; spbot/5.0.3; +http://OpenLinkProfiler.org/bot )"
104.236.66.236 - - [10/Jul/2018:05:34:27 +0200] "GET /seiten/impressum.html HTTP/1.1" 404 1256 "http://www.familie-wilde.com/" "Mozilla/5.0 (compatible; spbot/5.0.3; +http://OpenLinkProfiler.org/bot )"
104.236.66.236 - - [10/Jul/2018:05:34:32 +0200] "GET /seiten/leistungen.html HTTP/1.1" 404 1256 "http://www.familie-wilde.com/" "Mozilla/5.0 (compatible; spbot/5.0.3; +http://OpenLinkProfiler.org/bot )"
180.76.15.160 - - [10/Jul/2018:05:59:25 +0200] "GET / HTTP/1.1" 200 4983 "-" "Mozilla/5.0 (compatible; Baiduspider/2.0; +http://www.baidu.com/search/spider.html)"
202.46.48.17 - - [10/Jul/2018:06:52:32 +0200] "GET / HTTP/1.1" 200 4983 "-" "Mozilla/5.0 (Windows NT 10.0; WOW64) AppleWebKit/537.36 (KHTML, like Gecko) Chrome/45.0.2454.93 Safari/537.36"
202.46.58.99 - - [10/Jul/2018:07:06:06 +0200] "GET / HTTP/1.1" 200 4983 "-" "Mozilla/5.0 (Windows NT 10.0; WOW64) AppleWebKit/537.36 (KHTML, like Gecko) Chrome/45.0.2454.93 Safari/537.36"
104.193.88.243 - - [10/Jul/2018:07:58:07 +0200] "GET / HTTP/1.1" 200 4983 "-" "Mozilla/5.0 (Windows NT 10.0; WOW64) AppleWebKit/537.36 (KHTML, like Gecko) Chrome/45.0.2454.93 Safari/537.36"
104.193.88.244 - - [10/Jul/2018:08:12:46 +0200] "GET / HTTP/1.1" 200 4983 "-" "Mozilla/5.0 (Windows NT 10.0; WOW64) AppleWebKit/537.36 (KHTML, like Gecko) Chrome/45.0.2454.93 Safari/537.36"
202.46.48.208 - - [10/Jul/2018:08:34:06 +0200] "GET / HTTP/1.1" 200 4983 "-" "Mozilla/5.0 (Windows NT 5.1; rv:6.0.2) Gecko/20100101 Firefox/6.0.2"
52.53.201.78 - - [11/Jul/2018:01:09:50 +0200] "GET / HTTP/1.1" 200 4983 "-" "Mozilla/5.0 (Macintosh; Intel Mac OS X 10_12_6) AppleWebKit/537.36 (KHTML, like Gecko) Chrome/61.0.3163.100 Safari/537.36"
167.114.209.28 - - [12/Jul/2018:17:14:28 +0200] "GET / HTTP/1.1" 200 4983 "-" "Mozilla/5.0 (compatible; Dataprovider.com;)"
167.114.209.28 - - [12/Jul/2018:17:14:30 +0200] "GET /robots.txt HTTP/1.1" 404 1256 "-" "Mozilla/5.0 (compatible; Dataprovider.com;)"
167.114.209.28 - - [12/Jul/2018:17:14:30 +0200] "GET /sitemap.xml HTTP/1.1" 404 1256 "-" "Mozilla/5.0 (compatible; Dataprovider.com;)"
167.114.209.28 - - [12/Jul/2018:17:14:30 +0200] "GET / HTTP/1.1" 200 4983 "-" "Mozilla/5.0 (compatible; Dataprovider.com;)"
167.114.209.28 - - [12/Jul/2018:17:14:31 +0200] "GET /seiten/kontakt.php HTTP/1.1" 404 1256 "-" "Mozilla/5.0 (compatible; Dataprovider.com;)"
167.114.209.28 - - [12/Jul/2018:17:14:32 +0200] "GET /seiten/impressum.html HTTP/1.1" 404 1256 "-" "Mozilla/5.0 (compatible; Dataprovider.com;)"
167.114.209.28 - - [12/Jul/2018:17:14:34 +0200] "GET /seiten/agb.html HTTP/1.1" 404 1256 "-" "Mozilla/5.0 (compatible; Dataprovider.com;)"
167.114.209.28 - - [12/Jul/2018:17:14:35 +0200] "GET /seiten/leistungen.html HTTP/1.1" 404 1256 "-" "Mozilla/5.0 (compatible; Dataprovider.com;)"
167.114.209.28 - - [12/Jul/2018:17:14:36 +0200] "GET /li_gre.html HTTP/1.1" 200 1973 "-" "Mozilla/5.0 (compatible; Dataprovider.com;)"
167.114.209.28 - - [12/Jul/2018:17:14:37 +0200] "GET /seiten/sitemap.html HTTP/1.1" 404 1256 "-" "Mozilla/5.0 (compatible; Dataprovider.com;)"
167.114.209.28 - - [12/Jul/2018:17:14:38 +0200] "GET /index.html HTTP/1.1" 200 4983 "-" "Mozilla/5.0 (compatible; Dataprovider.com;)"
167.114.209.28 - - [12/Jul/2018:17:14:39 +0200] "GET /seiten/firma.html HTTP/1.1" 404 1256 "-" "Mozilla/5.0 (compatible; Dataprovider.com;)"
167.114.209.28 - - [12/Jul/2018:17:14:41 +0200] "GET /seiten/projekte.html HTTP/1.1" 404 1256 "-" "Mozilla/5.0 (compatible; Dataprovider.com;)"
167.114.209.28 - - [12/Jul/2018:17:14:42 +0200] "GET /ads.txt HTTP/1.1" 404 1256 "-" "Mozilla/5.0 (compatible; Dataprovider.com;)"
167.114.209.28 - - [12/Jul/2018:17:14:42 +0200] "GET / HTTP/1.1" 200 4983 "-" "Mozilla/5.0 (Linux; Android 5.1.1; SM-G925F Build/LMY47X) AppleWebKit/537.36 (KHTML, like Gecko) Chrome/45.0.2454.94 Mobile Safari/537.36"
61.154.29.62 - - [12/Jul/2018:21:13:20 +0200] "GET /content-post.php HTTP/1.1" 404 1256 "-" "-"
52.53.201.78 - - [13/Jul/2018:07:08:41 +0200] "GET / HTTP/1.1" 200 4983 "-" "Mozilla/5.0 (Macintosh; Intel Mac OS X 10_12_6) AppleWebKit/537.36 (KHTML, like Gecko) Chrome/61.0.3163.100 Safari/537.36"
141.8.141.131 - - [14/Jul/2018:05:08:10 +0200] "GET /robots.txt HTTP/1.1" 404 1256 "-" "Mozilla/5.0 (compatible; YandexBot/3.0; +http://yandex.com/bots)"
141.8.141.131 - - [14/Jul/2018:05:08:14 +0200] "GET /favicon.ico HTTP/1.1" 404 1256 "-" "Mozilla/5.0 (compatible; YandexBot/3.0; +http://yandex.com/bots)"
141.8.141.131 - - [14/Jul/2018:07:35:36 +0200] "GET /robots.txt HTTP/1.1" 404 1256 "-" "Mozilla/5.0 (compatible; YandexBot/3.0; +http://yandex.com/bots)"
141.8.141.131 - - [14/Jul/2018:07:35:40 +0200] "GET /img/favicon.ico HTTP/1.1" 404 1256 "-" "Mozilla/5.0 (compatible; YandexBot/3.0; +http://yandex.com/bots)"
141.8.141.131 - - [15/Jul/2018:00:17:50 +0200] "GET /robots.txt HTTP/1.1" 404 1256 "-" "Mozilla/5.0 (compatible; YandexBot/3.0; +http://yandex.com/bots)"
141.8.141.131 - - [15/Jul/2018:00:17:54 +0200] "GET /img/favicon.ico HTTP/1.1" 404 1256 "-" "Mozilla/5.0 (compatible; YandexBot/3.0; +http://yandex.com/bots)"
52.53.201.78 - - [15/Jul/2018:08:45:47 +0200] "GET / HTTP/1.1" 200 4983 "-" "Mozilla/5.0 (Macintosh; Intel Mac OS X 10_12_6) AppleWebKit/537.36 (KHTML, like Gecko) Chrome/61.0.3163.100 Safari/537.36"
180.76.15.156 - - [15/Jul/2018:22:19:48 +0200] "GET /robots.txt HTTP/1.1" 404 1256 "-" "Mozilla/5.0 (Windows NT 5.1; rv:6.0.2) Gecko/20100101 Firefox/6.0.2"
180.76.15.154 - - [15/Jul/2018:22:19:48 +0200] "GET /robots.txt HTTP/1.1" 404 1256 "-" "Mozilla/5.0 (Windows NT 5.1; rv:6.0.2) Gecko/20100101 Firefox/6.0.2"
180.76.15.151 - - [15/Jul/2018:22:21:03 +0200] "GET / HTTP/1.1" 200 4983 "-" "Mozilla/5.0 (compatible; Baiduspider/2.0; +http://www.baidu.com/search/spider.html)"
202.46.56.62 - - [16/Jul/2018:01:12:07 +0200] "GET / HTTP/1.1" 200 4983 "-" "Mozilla/5.0 (Windows NT 10.0; WOW64) AppleWebKit/537.36 (KHTML, like Gecko) Chrome/45.0.2454.93 Safari/537.36"
87.250.233.66 - - [16/Jul/2018:12:52:40 +0200] "GET /robots.txt HTTP/1.1" 404 1256 "-" "Mozilla/5.0 (compatible; YandexBot/3.0; +http://yandex.com/bots)"
87.250.244.7 - - [16/Jul/2018:12:52:44 +0200] "GET /favicon.ico HTTP/1.1" 404 1256 "-" "Mozilla/5.0 (compatible; YandexBot/3.0; +http://yandex.com/bots)"
157.55.39.47 - - [16/Jul/2018:19:32:32 +0200] "GET /robots.txt HTTP/1.1" 404 1256 "-" "Mozilla/5.0 (compatible; bingbot/2.0; +http://www.bing.com/bingbot.htm)"
207.46.13.234 - - [16/Jul/2018:19:32:35 +0200] "GET / HTTP/1.1" 200 4983 "-" "Mozilla/5.0 (compatible; bingbot/2.0; +http://www.bing.com/bingbot.htm)"
207.46.13.234 - - [16/Jul/2018:20:36:16 +0200] "GET /robots.txt HTTP/1.1" 404 1256 "-" "Mozilla/5.0 (compatible; bingbot/2.0; +http://www.bing.com/bingbot.htm)"
141.8.141.131 - - [17/Jul/2018:02:36:40 +0200] "GET /robots.txt HTTP/1.1" 404 1256 "-" "Mozilla/5.0 (compatible; YandexBot/3.0; +http://yandex.com/bots)"
141.8.141.131 - - [17/Jul/2018:02:36:44 +0200] "GET /favicon.ico HTTP/1.1" 404 1256 "-" "Mozilla/5.0 (compatible; YandexBot/3.0; +http://yandex.com/bots)"
141.8.141.134 - - [17/Jul/2018:03:16:46 +0200] "GET /img/favicon.ico HTTP/1.1" 404 1256 "-" "Mozilla/5.0 (compatible; YandexBot/3.0; +http://yandex.com/bots)"
180.76.15.158 - - [17/Jul/2018:06:46:46 +0200] "GET / HTTP/1.1" 200 4983 "-" "Mozilla/5.0 (compatible; Baiduspider/2.0; +http://www.baidu.com/search/spider.html)"
52.53.201.78 - - [17/Jul/2018:09:50:05 +0200] "GET / HTTP/1.1" 200 4983 "-" "Mozilla/5.0 (Macintosh; Intel Mac OS X 10_12_6) AppleWebKit/537.36 (KHTML, like Gecko) Chrome/61.0.3163.100 Safari/537.36"
188.165.233.228 - - [18/Jul/2018:09:05:07 +0200] "GET /robots.txt HTTP/1.0" 404 1256 "-" ""
188.165.233.228 - - [18/Jul/2018:09:05:07 +0200] "GET / HTTP/1.1" 206 4983 "-" "Mozilla/5.0 (X11; U; Linux x86_64; en-US; rv:1.9.2.4) Gecko/20100614 Ubuntu/10.04 (lucid) Firefox/3.6.4"
188.165.233.228 - - [18/Jul/2018:09:05:10 +0200] "GET /index.html HTTP/1.1" 206 4983 "-" "Mozilla/5.0 (X11; U; Linux x86_64; en-US; rv:1.9.2.4) Gecko/20100614 Ubuntu/10.04 (lucid) Firefox/3.6.4"
188.165.233.228 - - [18/Jul/2018:09:05:12 +0200] "GET /seiten/firma.html HTTP/1.1" 404 1256 "-" "Mozilla/5.0 (X11; U; Linux x86_64; en-US; rv:1.9.2.4) Gecko/20100614 Ubuntu/10.04 (lucid) Firefox/3.6.4"
188.165.233.228 - - [18/Jul/2018:09:05:12 +0200] "GET /seiten/projekte.html HTTP/1.1" 404 1256 "-" "Mozilla/5.0 (X11; U; Linux x86_64; en-US; rv:1.9.2.4) Gecko/20100614 Ubuntu/10.04 (lucid) Firefox/3.6.4"
188.165.233.228 - - [18/Jul/2018:09:05:12 +0200] "GET /seiten/leistungen.html HTTP/1.1" 404 1256 "-" "Mozilla/5.0 (X11; U; Linux x86_64; en-US; rv:1.9.2.4) Gecko/20100614 Ubuntu/10.04 (lucid) Firefox/3.6.4"
188.165.233.228 - - [18/Jul/2018:09:05:12 +0200] "GET /seiten/kontakt.php HTTP/1.1" 404 1256 "-" "Mozilla/5.0 (X11; U; Linux x86_64; en-US; rv:1.9.2.4) Gecko/20100614 Ubuntu/10.04 (lucid) Firefox/3.6.4"
188.165.233.228 - - [18/Jul/2018:09:05:12 +0200] "GET /li_gre.html HTTP/1.1" 206 1973 "-" "Mozilla/5.0 (X11; U; Linux x86_64; en-US; rv:1.9.2.4) Gecko/20100614 Ubuntu/10.04 (lucid) Firefox/3.6.4"
188.165.233.228 - - [18/Jul/2018:09:05:14 +0200] "GET /seiten/impressum.html HTTP/1.1" 404 1256 "-" "Mozilla/5.0 (X11; U; Linux x86_64; en-US; rv:1.9.2.4) Gecko/20100614 Ubuntu/10.04 (lucid) Firefox/3.6.4"
188.165.233.228 - - [18/Jul/2018:09:05:14 +0200] "GET /seiten/agb.html HTTP/1.1" 404 1256 "-" "Mozilla/5.0 (X11; U; Linux x86_64; en-US; rv:1.9.2.4) Gecko/20100614 Ubuntu/10.04 (lucid) Firefox/3.6.4"
188.165.233.228 - - [18/Jul/2018:09:05:14 +0200] "GET /seiten/sitemap.html HTTP/1.1" 404 1256 "-" "Mozilla/5.0 (X11; U; Linux x86_64; en-US; rv:1.9.2.4) Gecko/20100614 Ubuntu/10.04 (lucid) Firefox/3.6.4"
69.58.178.59 - - [18/Jul/2018:10:10:56 +0200] "GET /robots.txt HTTP/1.1" 404 1256 "-" "Mozilla/5.0 (compatible; ips-agent)"
69.58.178.59 - - [18/Jul/2018:10:10:58 +0200] "GET / HTTP/1.1" 200 4983 "-" "Mozilla/5.0 (compatible; ips-agent)"
69.58.178.59 - - [18/Jul/2018:10:11:00 +0200] "GET /seiten/leistungen.html HTTP/1.1" 404 1256 "-" "Mozilla/5.0 (compatible; ips-agent)"
69.58.178.59 - - [18/Jul/2018:10:11:01 +0200] "GET /index.html HTTP/1.1" 200 4983 "-" "Mozilla/5.0 (compatible; ips-agent)"
69.58.178.59 - - [18/Jul/2018:10:11:02 +0200] "GET /seiten/firma.html HTTP/1.1" 404 1256 "-" "Mozilla/5.0 (compatible; ips-agent)"
69.58.178.59 - - [18/Jul/2018:10:11:03 +0200] "GET /seiten/projekte.html HTTP/1.1" 404 1256 "-" "Mozilla/5.0 (compatible; ips-agent)"
69.58.178.59 - - [18/Jul/2018:10:11:04 +0200] "GET /li_gre.html HTTP/1.1" 200 1973 "-" "Mozilla/5.0 (compatible; ips-agent)"
66.249.69.53 - - [18/Jul/2018:15:30:04 +0200] "GET /robots.txt HTTP/1.1" 404 1256 "-" "Mozilla/5.0 (compatible; Googlebot/2.1; +http://www.google.com/bot.html)"
66.249.69.57 - - [18/Jul/2018:15:30:04 +0200] "GET / HTTP/1.1" 200 4983 "-" "Mozilla/5.0 (compatible; Googlebot/2.1; +http://www.google.com/bot.html)"
66.249.69.53 - - [18/Jul/2018:15:30:08 +0200] "GET /css/style.css HTTP/1.1" 404 1256 "http://www.familie-wilde.com/" "Mozilla/5.0 AppleWebKit/537.36 (KHTML, like Gecko; compatible; Googlebot/2.1; +http://www.google.com/bot.html) Safari/537.36"
141.8.141.131 - - [18/Jul/2018:19:45:04 +0200] "GET /robots.txt HTTP/1.1" 404 1256 "-" "Mozilla/5.0 (compatible; YandexBot/3.0; +http://yandex.com/bots)"
141.8.141.131 - - [18/Jul/2018:19:45:08 +0200] "GET /favicon.ico HTTP/1.1" 404 1256 "-" "Mozilla/5.0 (compatible; YandexBot/3.0; +http://yandex.com/bots)"
138.68.180.18 - - [18/Jul/2018:21:26:02 +0200] "GET / HTTP/1.1" 200 4983 "-" "Mozilla/5.0 (Windows NT 6.0) AppleWebKit/537.36 (KHTML, like Gecko) Chrome/34.0.1847.116 Safari/537.36"
141.8.141.131 - - [19/Jul/2018:00:21:45 +0200] "GET /robots.txt HTTP/1.1" 404 1256 "-" "Mozilla/5.0 (compatible; YandexBot/3.0; +http://yandex.com/bots)"
141.8.141.131 - - [19/Jul/2018:00:21:49 +0200] "GET /img/favicon.ico HTTP/1.1" 404 1256 "-" "Mozilla/5.0 (compatible; YandexBot/3.0; +http://yandex.com/bots)"
180.76.15.141 - - [19/Jul/2018:03:33:28 +0200] "GET / HTTP/1.1" 200 4983 "-" "Mozilla/5.0 (compatible; Baiduspider/2.0; +http://www.baidu.com/search/spider.html)"
52.53.201.78 - - [19/Jul/2018:13:17:46 +0200] "GET / HTTP/1.1" 200 4983 "-" "Mozilla/5.0 (Macintosh; Intel Mac OS X 10_12_6) AppleWebKit/537.36 (KHTML, like Gecko) Chrome/61.0.3163.100 Safari/537.36"
180.76.15.12 - - [20/Jul/2018:04:42:33 +0200] "GET / HTTP/1.1" 200 4983 "-" "Mozilla/5.0 (compatible; Baiduspider/2.0; +http://www.baidu.com/search/spider.html)"
180.76.15.17 - - [20/Jul/2018:06:21:15 +0200] "GET / HTTP/1.1" 200 4983 "-" "Mozilla/5.0 (compatible; Baiduspider/2.0; +http://www.baidu.com/search/spider.html)"
202.46.56.111 - - [20/Jul/2018:06:38:16 +0200] "GET / HTTP/1.1" 200 4983 "-" "Mozilla/5.0 (Windows NT 10.0; WOW64) AppleWebKit/537.36 (KHTML, like Gecko) Chrome/45.0.2454.93 Safari/537.36"
202.46.49.152 - - [20/Jul/2018:06:59:20 +0200] "GET / HTTP/1.1" 200 4983 "-" "Mozilla/5.0 (Windows NT 10.0; WOW64) AppleWebKit/537.36 (KHTML, like Gecko) Chrome/45.0.2454.93 Safari/537.36"
138.197.150.37 - - [20/Jul/2018:07:13:30 +0200] "HEAD / HTTP/1.1" 200 - "-" "Mozilla/5.0 (Windows NT 6.3; rv:36.0) Gecko/20100101 Firefox/36.0"
202.46.54.93 - - [20/Jul/2018:08:06:29 +0200] "GET / HTTP/1.1" 200 4983 "-" "Mozilla/5.0 (Windows NT 10.0; WOW64) AppleWebKit/537.36 (KHTML, like Gecko) Chrome/45.0.2454.93 Safari/537.36"
202.46.49.91 - - [20/Jul/2018:08:41:08 +0200] "GET / HTTP/1.1" 200 4983 "-" "Mozilla/5.0 (Windows NT 5.1; rv:6.0.2) Gecko/20100101 Firefox/6.0.2"
104.193.88.244 - - [20/Jul/2018:08:51:04 +0200] "GET / HTTP/1.1" 200 4983 "-" "Mozilla/5.0 (Windows NT 10.0; WOW64) AppleWebKit/537.36 (KHTML, like Gecko) Chrome/45.0.2454.93 Safari/537.36"
141.8.141.131 - - [20/Jul/2018:11:48:42 +0200] "GET /robots.txt HTTP/1.1" 404 1256 "-" "Mozilla/5.0 (compatible; YandexBot/3.0; +http://yandex.com/bots)"
141.8.141.131 - - [20/Jul/2018:11:48:46 +0200] "GET /favicon.ico HTTP/1.1" 404 1256 "-" "Mozilla/5.0 (compatible; YandexBot/3.0; +http://yandex.com/bots)"
54.152.5.192 - - [20/Jul/2018:15:37:43 +0200] "GET / HTTP/1.1" 200 4983 "-" "User-Agent: Mozilla/5.0 (Macintosh; Intel Mac OS X 10_13_5) AppleWebKit/537.36 (KHTML, like Gecko) Chrome/67.0.3396.99 Safari/537.36"
148.64.56.64 - - [20/Jul/2018:15:52:28 +0200] "GET /robots.txt HTTP/1.1" 404 1256 "-" "Mozilla/5.0 (compatible; GrapeshotCrawler/2.0; +http://www.grapeshot.co.uk/crawler.php)"
148.64.56.64 - - [20/Jul/2018:15:53:19 +0200] "GET / HTTP/1.1" 200 4983 "-" "Mozilla/5.0 (compatible; GrapeshotCrawler/2.0; +http://www.grapeshot.co.uk/crawler.php)"
141.8.141.131 - - [20/Jul/2018:19:04:20 +0200] "GET /robots.txt HTTP/1.1" 404 1256 "-" "Mozilla/5.0 (compatible; YandexBot/3.0; +http://yandex.com/bots)"
141.8.141.131 - - [20/Jul/2018:19:04:24 +0200] "GET /img/favicon.ico HTTP/1.1" 404 1256 "-" "Mozilla/5.0 (compatible; YandexBot/3.0; +http://yandex.com/bots)"
64.246.165.140 - - [21/Jul/2018:12:53:49 +0200] "GET /robots.txt HTTP/1.0" 404 1256 "-" "Mozilla/5.0 (Macintosh; Intel Mac OS X 10.10; rv:59.0) Gecko/20100101 Firefox/59.0"
64.246.165.140 - - [21/Jul/2018:12:53:49 +0200] "GET / HTTP/1.1" 200 4983 "-" "Mozilla/5.0 (Macintosh; Intel Mac OS X 10.10; rv:59.0) Gecko/20100101 Firefox/59.0"
52.53.201.78 - - [21/Jul/2018:18:57:06 +0200] "GET / HTTP/1.1" 200 4983 "-" "Mozilla/5.0 (Macintosh; Intel Mac OS X 10_12_6) AppleWebKit/537.36 (KHTML, like Gecko) Chrome/61.0.3163.100 Safari/537.36"
141.8.141.134 - - [21/Jul/2018:21:22:31 +0200] "GET /robots.txt HTTP/1.1" 404 1256 "-" "Mozilla/5.0 (compatible; YandexBot/3.0; +http://yandex.com/bots)"
141.8.141.131 - - [21/Jul/2018:21:22:35 +0200] "GET /favicon.ico HTTP/1.1" 404 1256 "-" "Mozilla/5.0 (compatible; YandexBot/3.0; +http://yandex.com/bots)"
141.8.141.131 - - [22/Jul/2018:09:20:08 +0200] "GET /robots.txt HTTP/1.1" 404 1256 "-" "Mozilla/5.0 (compatible; YandexBot/3.0; +http://yandex.com/bots)"
141.8.141.131 - - [22/Jul/2018:09:20:12 +0200] "GET /img/favicon.ico HTTP/1.1" 404 1256 "-" "Mozilla/5.0 (compatible; YandexBot/3.0; +http://yandex.com/bots)"
5.14.93.91 - - [23/Jul/2018:13:33:51 +0200] "GET / HTTP/1.1" 200 4983 "-" "-"
5.14.93.91 - - [23/Jul/2018:13:33:51 +0200] "GET / HTTP/1.1" 200 4983 "-" "Mozilla/4.0 (compatible; MSIE 6.0; Windows NT 5.2; .NET CLR 1.0.3705;)"
5.14.93.91 - - [23/Jul/2018:13:33:51 +0200] "GET / HTTP/1.1" 200 4983 "-" "-"
141.8.141.131 - - [23/Jul/2018:14:40:26 +0200] "GET /robots.txt HTTP/1.1" 404 1256 "-" "Mozilla/5.0 (compatible; YandexBot/3.0; +http://yandex.com/bots)"
141.8.141.131 - - [23/Jul/2018:14:40:30 +0200] "GET / HTTP/1.1" 200 4983 "-" "Mozilla/5.0 (compatible; YandexBot/3.0; +http://yandex.com/bots)"
141.8.141.131 - - [23/Jul/2018:21:15:53 +0200] "GET /robots.txt HTTP/1.1" 404 1256 "-" "Mozilla/5.0 (compatible; YandexBot/3.0; +http://yandex.com/bots)"
141.8.141.131 - - [23/Jul/2018:21:15:57 +0200] "GET /favicon.ico HTTP/1.1" 404 1256 "-" "Mozilla/5.0 (compatible; YandexBot/3.0; +http://yandex.com/bots)"
141.8.141.134 - - [23/Jul/2018:22:54:01 +0200] "GET /favicon.ico HTTP/1.1" 404 1256 "-" "Mozilla/5.0 (compatible; YandexBot/3.0; +http://yandex.com/bots)"
138.68.180.18 - - [23/Jul/2018:23:44:43 +0200] "GET / HTTP/1.1" 200 4983 "-" "Mozilla/5.0 (Windows NT 6.0) AppleWebKit/537.36 (KHTML, like Gecko) Chrome/34.0.1847.116 Safari/537.36"
138.68.180.18 - - [23/Jul/2018:23:44:44 +0200] "GET /seiten/firma.html HTTP/1.1" 404 1256 "-" "Mozilla/5.0 (Windows NT 6.0) AppleWebKit/537.36 (KHTML, like Gecko) Chrome/34.0.1847.116 Safari/537.36"
138.68.180.18 - - [23/Jul/2018:23:44:44 +0200] "GET /seiten/projekte.html HTTP/1.1" 404 1256 "-" "Mozilla/5.0 (Windows NT 6.0) AppleWebKit/537.36 (KHTML, like Gecko) Chrome/34.0.1847.116 Safari/537.36"
52.53.201.78 - - [24/Jul/2018:02:21:56 +0200] "GET / HTTP/1.1" 200 4983 "-" "Mozilla/5.0 (Macintosh; Intel Mac OS X 10_12_6) AppleWebKit/537.36 (KHTML, like Gecko) Chrome/61.0.3163.100 Safari/537.36"
141.8.141.134 - - [24/Jul/2018:17:29:27 +0200] "GET /robots.txt HTTP/1.1" 404 1256 "-" "Mozilla/5.0 (compatible; YandexBot/3.0; +http://yandex.com/bots)"
141.8.141.134 - - [24/Jul/2018:17:29:30 +0200] "GET /img/favicon.ico HTTP/1.1" 404 1256 "-" "Mozilla/5.0 (compatible; YandexBot/3.0; +http://yandex.com/bots)"
45.33.74.241 - - [25/Jul/2018:13:35:36 +0200] "GET / HTTP/1.1" 200 4983 "-" "Mozilla/5.0 (Windows NT 6.1; Win64; x64; rv:52.0) Gecko/20100101 Firefox/52.0"
45.33.74.241 - - [25/Jul/2018:13:35:36 +0200] "GET /seiten/leistungen.html HTTP/1.1" 404 1256 "-" "Mozilla/5.0 (Windows NT 6.1; Win64; x64; rv:52.0) Gecko/20100101 Firefox/52.0"
45.33.74.241 - - [25/Jul/2018:13:35:37 +0200] "GET /seiten/impressum.html HTTP/1.1" 404 1256 "-" "Mozilla/5.0 (Windows NT 6.1; Win64; x64; rv:52.0) Gecko/20100101 Firefox/52.0"
45.33.74.241 - - [25/Jul/2018:13:35:38 +0200] "GET /index.html HTTP/1.1" 200 4983 "-" "Mozilla/5.0 (Windows NT 6.1; Win64; x64; rv:52.0) Gecko/20100101 Firefox/52.0"
45.33.74.241 - - [25/Jul/2018:13:35:40 +0200] "GET /li_gre.html HTTP/1.1" 200 1973 "-" "Mozilla/5.0 (Windows NT 6.1; Win64; x64; rv:52.0) Gecko/20100101 Firefox/52.0"
45.33.74.241 - - [25/Jul/2018:13:35:40 +0200] "GET /seiten/agb.html HTTP/1.1" 404 1256 "-" "Mozilla/5.0 (Windows NT 6.1; Win64; x64; rv:52.0) Gecko/20100101 Firefox/52.0"
45.33.74.241 - - [25/Jul/2018:13:35:41 +0200] "GET /seiten/kontakt.php HTTP/1.1" 404 1256 "-" "Mozilla/5.0 (Windows NT 6.1; Win64; x64; rv:52.0) Gecko/20100101 Firefox/52.0"
45.33.74.241 - - [25/Jul/2018:13:35:43 +0200] "GET /seiten/projekte.html HTTP/1.1" 404 1256 "-" "Mozilla/5.0 (Windows NT 6.1; Win64; x64; rv:52.0) Gecko/20100101 Firefox/52.0"
45.33.74.241 - - [25/Jul/2018:13:35:44 +0200] "GET /seiten/sitemap.html HTTP/1.1" 404 1256 "-" "Mozilla/5.0 (Windows NT 6.1; Win64; x64; rv:52.0) Gecko/20100101 Firefox/52.0"
45.33.74.241 - - [25/Jul/2018:13:35:44 +0200] "GET /seiten/firma.html HTTP/1.1" 404 1256 "-" "Mozilla/5.0 (Windows NT 6.1; Win64; x64; rv:52.0) Gecko/20100101 Firefox/52.0"
141.8.141.131 - - [25/Jul/2018:22:09:07 +0200] "GET /robots.txt HTTP/1.1" 404 1256 "-" "Mozilla/5.0 (compatible; YandexBot/3.0; +http://yandex.com/bots)"
141.8.141.131 - - [25/Jul/2018:22:09:11 +0200] "GET /img/favicon.ico HTTP/1.1" 404 1256 "-" "Mozilla/5.0 (compatible; YandexBot/3.0; +http://yandex.com/bots)"
52.53.201.78 - - [26/Jul/2018:11:17:10 +0200] "GET / HTTP/1.1" 200 4983 "-" "Mozilla/5.0 (Macintosh; Intel Mac OS X 10_12_6) AppleWebKit/537.36 (KHTML, like Gecko) Chrome/61.0.3163.100 Safari/537.36"
141.8.141.131 - - [26/Jul/2018:14:23:01 +0200] "GET /robots.txt HTTP/1.1" 404 1256 "-" "Mozilla/5.0 (compatible; YandexBot/3.0; +http://yandex.com/bots)"
141.8.141.131 - - [26/Jul/2018:14:23:05 +0200] "GET /img/favicon.ico HTTP/1.1" 404 1256 "-" "Mozilla/5.0 (compatible; YandexBot/3.0; +http://yandex.com/bots)"
71.127.222.133 - - [27/Jul/2018:21:01:47 +0200] "GET /robots.txt HTTP/1.1" 404 1256 "-" "panscient.com"
71.127.222.133 - - [27/Jul/2018:21:02:11 +0200] "GET / HTTP/1.1" 200 4983 "-" "panscient.com"
71.127.222.133 - - [27/Jul/2018:21:02:11 +0200] "GET /robots.txt HTTP/1.1" 404 1256 "-" "panscient.com"
71.127.222.133 - - [27/Jul/2018:21:02:12 +0200] "GET /seiten/leistungen.html HTTP/1.1" 404 1256 "-" "panscient.com"
71.127.222.133 - - [27/Jul/2018:21:02:32 +0200] "GET /robots.txt HTTP/1.1" 404 1256 "-" "panscient.com"
71.127.222.133 - - [27/Jul/2018:21:02:32 +0200] "GET /seiten/firma.html HTTP/1.1" 404 1256 "-" "panscient.com"
71.127.222.133 - - [27/Jul/2018:21:02:55 +0200] "GET /robots.txt HTTP/1.1" 404 1256 "-" "panscient.com"
71.127.222.133 - - [27/Jul/2018:21:03:13 +0200] "GET /seiten/agb.html HTTP/1.1" 404 1256 "-" "panscient.com"
71.127.222.133 - - [27/Jul/2018:21:03:26 +0200] "GET /seiten/sitemap.html HTTP/1.1" 404 1256 "-" "panscient.com"
71.127.222.133 - - [27/Jul/2018:21:03:26 +0200] "GET /robots.txt HTTP/1.1" 404 1256 "-" "panscient.com"
71.127.222.133 - - [27/Jul/2018:21:03:48 +0200] "GET /seiten/projekte.html HTTP/1.1" 404 1256 "-" "panscient.com"
71.127.222.133 - - [27/Jul/2018:21:04:10 +0200] "GET /robots.txt HTTP/1.1" 404 1256 "-" "panscient.com"
71.127.222.133 - - [27/Jul/2018:21:04:28 +0200] "GET /li_gre.html HTTP/1.1" 200 1973 "-" "panscient.com"
71.127.222.133 - - [27/Jul/2018:21:04:43 +0200] "GET /robots.txt HTTP/1.1" 404 1256 "-" "panscient.com"
71.127.222.133 - - [27/Jul/2018:21:05:09 +0200] "GET /seiten/impressum.html HTTP/1.1" 404 1256 "-" "panscient.com"
71.127.222.133 - - [27/Jul/2018:21:05:10 +0200] "GET /robots.txt HTTP/1.1" 404 1256 "-" "panscient.com"
71.127.222.133 - - [27/Jul/2018:21:05:10 +0200] "GET /index.html HTTP/1.1" 200 4983 "-" "panscient.com"
71.127.222.133 - - [27/Jul/2018:21:05:29 +0200] "GET /seiten/kontakt.php HTTP/1.1" 404 1256 "-" "panscient.com"
71.127.222.133 - - [27/Jul/2018:21:05:52 +0200] "GET /seiten/sitemap.html HTTP/1.1" 404 1256 "-" "panscient.com"
71.127.222.133 - - [27/Jul/2018:21:05:53 +0200] "GET /robots.txt HTTP/1.1" 404 1256 "-" "panscient.com"
71.127.222.133 - - [27/Jul/2018:21:06:16 +0200] "GET /robots.txt HTTP/1.1" 404 1256 "-" "panscient.com"
71.127.222.133 - - [27/Jul/2018:21:06:16 +0200] "GET /seiten/impressum.html HTTP/1.1" 404 1256 "-" "panscient.com"
71.127.222.133 - - [27/Jul/2018:21:06:36 +0200] "GET /seiten/sitemap.html HTTP/1.1" 404 1256 "-" "panscient.com"
69.12.66.252 - - [28/Jul/2018:04:25:12 +0200] "GET /manager/index.php HTTP/1.1" 404 1256 "http://www.familie-wilde.com/manager/index.php" "Mozilla/5.0 (Windows NT 6.1; WOW64) AppleWebKit/537.36 (KHTML, like Gecko) Chrome/42.0.2311.152 Safari/537.36"
52.53.201.78 - - [28/Jul/2018:16:15:25 +0200] "GET / HTTP/1.1" 200 4983 "-" "Mozilla/5.0 (Macintosh; Intel Mac OS X 10_12_6) AppleWebKit/537.36 (KHTML, like Gecko) Chrome/61.0.3163.100 Safari/537.36"
141.8.141.131 - - [30/Jul/2018:03:43:18 +0200] "GET /robots.txt HTTP/1.1" 404 1256 "-" "Mozilla/5.0 (compatible; YandexBot/3.0; +http://yandex.com/bots)"
141.8.141.131 - - [30/Jul/2018:03:43:22 +0200] "GET /img/favicon.ico HTTP/1.1" 404 1256 "-" "Mozilla/5.0 (compatible; YandexBot/3.0; +http://yandex.com/bots)"
207.46.13.76 - - [30/Jul/2018:15:48:55 +0200] "GET /robots.txt HTTP/1.1" 404 1256 "-" "Mozilla/5.0 (compatible; bingbot/2.0; +http://www.bing.com/bingbot.htm)"
157.55.39.84 - - [30/Jul/2018:15:49:01 +0200] "GET / HTTP/1.1" 200 4983 "-" "Mozilla/5.0 (compatible; bingbot/2.0; +http://www.bing.com/bingbot.htm)"
157.55.39.84 - - [30/Jul/2018:16:50:09 +0200] "GET /robots.txt HTTP/1.1" 404 1256 "-" "Mozilla/5.0 (compatible; bingbot/2.0; +http://www.bing.com/bingbot.htm)"
52.53.201.78 - - [30/Jul/2018:20:17:10 +0200] "GET / HTTP/1.1" 200 4983 "-" "Mozilla/5.0 (Macintosh; Intel Mac OS X 10_12_6) AppleWebKit/537.36 (KHTML, like Gecko) Chrome/61.0.3163.100 Safari/537.36"
66.249.69.248 - - [31/Jul/2018:09:02:53 +0200] "GET /robots.txt HTTP/1.1" 404 1256 "-" "Mozilla/5.0 (compatible; Googlebot/2.1; +http://www.google.com/bot.html)"
66.249.69.248 - - [31/Jul/2018:09:02:53 +0200] "GET / HTTP/1.1" 200 4983 "-" "Mozilla/5.0 (compatible; Googlebot/2.1; +http://www.google.com/bot.html)"
66.249.69.246 - - [31/Jul/2018:09:02:58 +0200] "GET /css/style.css HTTP/1.1" 404 1256 "http://www.familie-wilde.com/" "Mozilla/5.0 AppleWebKit/537.36 (KHTML, like Gecko; compatible; Googlebot/2.1; +http://www.google.com/bot.html) Safari/537.36"