84.189.143.6 - - [06/Dec/2014:22:58:52 +0100] "GET /img/lay01.jpg HTTP/1.1" 200 8988 "http://www.dialyse-kreuzberg-friedrichshain.de/" "Mozilla/5.0 (iPad; CPU OS 7_1_2 like Mac OS X) AppleWebKit/537.51.2 (KHTML, like Gecko) Version/7.0 Mobile/11D257 Safari/9537.53"
84.189.143.6 - - [06/Dec/2014:22:58:52 +0100] "GET /img/main_bg01.jpg HTTP/1.1" 200 5803 "http://www.dialyse-kreuzberg-friedrichshain.de/" "Mozilla/5.0 (iPad; CPU OS 7_1_2 like Mac OS X) AppleWebKit/537.51.2 (KHTML, like Gecko) Version/7.0 Mobile/11D257 Safari/9537.53"
84.189.143.6 - - [06/Dec/2014:22:58:52 +0100] "GET /img/men_bg.jpg HTTP/1.1" 200 395 "http://www.dialyse-kreuzberg-friedrichshain.de/" "Mozilla/5.0 (iPad; CPU OS 7_1_2 like Mac OS X) AppleWebKit/537.51.2 (KHTML, like Gecko) Version/7.0 Mobile/11D257 Safari/9537.53"
84.189.143.6 - - [06/Dec/2014:22:58:52 +0100] "GET /img/re_bg.jpg HTTP/1.1" 200 462 "http://www.dialyse-kreuzberg-friedrichshain.de/" "Mozilla/5.0 (iPad; CPU OS 7_1_2 like Mac OS X) AppleWebKit/537.51.2 (KHTML, like Gecko) Version/7.0 Mobile/11D257 Safari/9537.53"
84.189.143.6 - - [06/Dec/2014:22:58:52 +0100] "GET /img/lay03.jpg HTTP/1.1" 200 6594 "http://www.dialyse-kreuzberg-friedrichshain.de/" "Mozilla/5.0 (iPad; CPU OS 7_1_2 like Mac OS X) AppleWebKit/537.51.2 (KHTML, like Gecko) Version/7.0 Mobile/11D257 Safari/9537.53"
84.189.143.6 - - [06/Dec/2014:22:58:52 +0100] "GET /img/head_bg.jpg HTTP/1.1" 200 404 "http://www.dialyse-kreuzberg-friedrichshain.de/" "Mozilla/5.0 (iPad; CPU OS 7_1_2 like Mac OS X) AppleWebKit/537.51.2 (KHTML, like Gecko) Version/7.0 Mobile/11D257 Safari/9537.53"
84.189.143.6 - - [06/Dec/2014:22:58:52 +0100] "GET /img/bg_unten.jpg HTTP/1.1" 200 2567 "http://www.dialyse-kreuzberg-friedrichshain.de/" "Mozilla/5.0 (iPad; CPU OS 7_1_2 like Mac OS X) AppleWebKit/537.51.2 (KHTML, like Gecko) Version/7.0 Mobile/11D257 Safari/9537.53"
84.189.143.6 - - [06/Dec/2014:22:58:52 +0100] "GET /img/lay02.jpg HTTP/1.1" 200 8080 "http://www.dialyse-kreuzberg-friedrichshain.de/" "Mozilla/5.0 (iPad; CPU OS 7_1_2 like Mac OS X) AppleWebKit/537.51.2 (KHTML, like Gecko) Version/7.0 Mobile/11D257 Safari/9537.53"
84.189.143.6 - - [06/Dec/2014:22:58:52 +0100] "GET /img/main_bg.jpg HTTP/1.1" 200 14795 "http://www.dialyse-kreuzberg-friedrichshain.de/" "Mozilla/5.0 (iPad; CPU OS 7_1_2 like Mac OS X) AppleWebKit/537.51.2 (KHTML, like Gecko) Version/7.0 Mobile/11D257 Safari/9537.53"
84.189.143.6 - - [06/Dec/2014:22:58:52 +0100] "GET /img/men_sh.jpg HTTP/1.1" 200 337 "http://www.dialyse-kreuzberg-friedrichshain.de/" "Mozilla/5.0 (iPad; CPU OS 7_1_2 like Mac OS X) AppleWebKit/537.51.2 (KHTML, like Gecko) Version/7.0 Mobile/11D257 Safari/9537.53"
84.189.143.6 - - [06/Dec/2014:22:58:52 +0100] "GET /img/orange_bg.jpg HTTP/1.1" 200 304 "http://www.dialyse-kreuzberg-friedrichshain.de/" "Mozilla/5.0 (iPad; CPU OS 7_1_2 like Mac OS X) AppleWebKit/537.51.2 (KHTML, like Gecko) Version/7.0 Mobile/11D257 Safari/9537.53"
157.55.39.51 - - [06/Dec/2014:23:06:23 +0100] "GET /robots.txt HTTP/1.1" 200 5308 "-" "Mozilla/5.0 (compatible; bingbot/2.0; +http://www.bing.com/bingbot.htm)"
157.55.39.51 - - [06/Dec/2014:23:06:28 +0100] "GET /seiten/kontakt.php HTTP/1.1" 200 13535 "-" "Mozilla/5.0 (compatible; bingbot/2.0; +http://www.bing.com/bingbot.htm)"
68.180.228.167 - - [06/Dec/2014:23:29:37 +0100] "GET /robots.txt HTTP/1.1" 304 - "-" "Mozilla/5.0 (compatible; Yahoo! Slurp; http://help.yahoo.com/help/us/ysearch/slurp)"
68.180.228.167 - - [06/Dec/2014:23:29:38 +0100] "GET / HTTP/1.1" 304 - "-" "Mozilla/5.0 (compatible; Yahoo! Slurp; http://help.yahoo.com/help/us/ysearch/slurp)"
88.198.222.86 - - [06/Dec/2014:23:40:36 +0100] "GET / HTTP/1.0" 200 12664 "-" "-"
66.249.78.99 - - [07/Dec/2014:00:04:49 +0100] "GET /robots.txt HTTP/1.1" 200 5308 "-" "Mozilla/5.0 (compatible; Googlebot/2.1; +http://www.google.com/bot.html)"
66.249.78.85 - - [07/Dec/2014:00:04:49 +0100] "GET /seiten/kontakt.php HTTP/1.1" 200 13535 "-" "Mozilla/5.0 (iPhone; CPU iPhone OS 6_0 like Mac OS X) AppleWebKit/536.26 (KHTML, like Gecko) Version/6.0 Mobile/10A5376e Safari/8536.25 (compatible; Googlebot/2.1; +http://www.google.com/bot.html)"
208.115.111.72 - - [07/Dec/2014:00:22:17 +0100] "GET /robots.txt HTTP/1.1" 200 5308 "-" "Mozilla/5.0 (compatible; DotBot/1.1; http://www.opensiteexplorer.org/dotbot, help@moz.com)"
81.169.144.135 - - [07/Dec/2014:01:09:34 +0100] "GET / HTTP/1.1" 200 12664 "-" "Mozilla/5.0 (compatible; YandexBot/3.0; +http://yandex.com/bots)"
85.10.246.247 - - [07/Dec/2014:01:44:41 +0100] "GET /robots.txt HTTP/1.1" 200 5308 "-" "Mozilla/5.0 (compatible; SearchmetricsBot; http://www.searchmetrics.com/en/searchmetrics-bot/)"
85.10.246.247 - - [07/Dec/2014:01:44:41 +0100] "GET / HTTP/1.1" 200 12664 "-" "Mozilla/5.0 (compatible; SearchmetricsBot; http://www.searchmetrics.com/en/searchmetrics-bot/)"
85.10.246.247 - - [07/Dec/2014:01:44:41 +0100] "GET /seiten/info.htm HTTP/1.1" 200 14653 "-" "Mozilla/5.0 (compatible; SearchmetricsBot; http://www.searchmetrics.com/en/searchmetrics-bot/)"
85.10.246.247 - - [07/Dec/2014:01:44:41 +0100] "GET /seiten/gastdialyse.php HTTP/1.1" 200 12279 "-" "Mozilla/5.0 (compatible; SearchmetricsBot; http://www.searchmetrics.com/en/searchmetrics-bot/)"
85.10.246.247 - - [07/Dec/2014:01:44:41 +0100] "GET /seiten/team.htm HTTP/1.1" 200 11492 "-" "Mozilla/5.0 (compatible; SearchmetricsBot; http://www.searchmetrics.com/en/searchmetrics-bot/)"
85.10.246.247 - - [07/Dec/2014:01:44:41 +0100] "GET /seiten/dialyse.htm HTTP/1.1" 200 13508 "-" "Mozilla/5.0 (compatible; SearchmetricsBot; http://www.searchmetrics.com/en/searchmetrics-bot/)"
85.10.246.247 - - [07/Dec/2014:01:44:41 +0100] "GET /seiten/praxis.htm HTTP/1.1" 200 15062 "-" "Mozilla/5.0 (compatible; SearchmetricsBot; http://www.searchmetrics.com/en/searchmetrics-bot/)"
85.10.246.247 - - [07/Dec/2014:01:44:41 +0100] "GET /seiten/ds.htm HTTP/1.1" 200 15444 "-" "Mozilla/5.0 (compatible; SearchmetricsBot; http://www.searchmetrics.com/en/searchmetrics-bot/)"
85.10.246.247 - - [07/Dec/2014:01:44:41 +0100] "GET /seiten/kontakt.php HTTP/1.1" 200 13535 "-" "Mozilla/5.0 (compatible; SearchmetricsBot; http://www.searchmetrics.com/en/searchmetrics-bot/)"
85.10.246.247 - - [07/Dec/2014:01:44:41 +0100] "GET /seiten/leistungen.htm HTTP/1.1" 200 13084 "-" "Mozilla/5.0 (compatible; SearchmetricsBot; http://www.searchmetrics.com/en/searchmetrics-bot/)"
85.10.246.247 - - [07/Dec/2014:01:44:42 +0100] "GET /seiten/quali.htm HTTP/1.1" 200 13662 "-" "Mozilla/5.0 (compatible; SearchmetricsBot; http://www.searchmetrics.com/en/searchmetrics-bot/)"
85.10.246.247 - - [07/Dec/2014:01:44:42 +0100] "GET /seiten/impressum.htm HTTP/1.1" 200 14153 "-" "Mozilla/5.0 (compatible; SearchmetricsBot; http://www.searchmetrics.com/en/searchmetrics-bot/)"
208.115.111.72 - - [07/Dec/2014:02:28:49 +0100] "GET /seiten/leistungen.htm HTTP/1.1" 200 13084 "-" "Mozilla/5.0 (compatible; DotBot/1.1; http://www.opensiteexplorer.org/dotbot, help@moz.com)"
207.172.186.71 - - [07/Dec/2014:02:34:25 +0100] "HEAD / HTTP/1.1" 200 - "-" "Mozilla/5.0 (compatible; pmoz.info ODP link checker; +http://pmoz.info/doc/botinfo.htm)"
207.172.186.71 - - [07/Dec/2014:02:47:28 +0100] "HEAD / HTTP/1.1" 200 - "-" "Mozilla/5.0 (compatible; pmoz.info ODP link checker; +http://pmoz.info/doc/botinfo.htm)"
157.55.39.51 - - [07/Dec/2014:02:55:55 +0100] "GET /robots.txt HTTP/1.1" 200 5308 "-" "Mozilla/5.0 (compatible; bingbot/2.0; +http://www.bing.com/bingbot.htm)"
157.55.39.51 - - [07/Dec/2014:02:56:01 +0100] "GET /seiten/leistungen.htm HTTP/1.1" 200 13084 "-" "Mozilla/5.0 (compatible; bingbot/2.0; +http://www.bing.com/bingbot.htm)"
220.181.108.104 - - [07/Dec/2014:04:06:23 +0100] "GET / HTTP/1.1" 200 12664 "-" "Mozilla/5.0 (compatible; Baiduspider/2.0; +http://www.baidu.com/search/spider.html)"
123.125.71.20 - - [07/Dec/2014:04:07:08 +0100] "GET / HTTP/1.1" 200 12664 "-" "Mozilla/5.0 (compatible; Baiduspider/2.0; +http://www.baidu.com/search/spider.html)"
157.55.39.2 - - [07/Dec/2014:04:15:52 +0100] "GET /robots.txt HTTP/1.1" 200 5308 "-" "Mozilla/5.0 (compatible; bingbot/2.0; +http://www.bing.com/bingbot.htm)"
157.55.39.1 - - [07/Dec/2014:04:16:43 +0100] "GET / HTTP/1.1" 200 12664 "-" "Mozilla/5.0 (compatible; bingbot/2.0; +http://www.bing.com/bingbot.htm)"
37.139.52.23 - - [07/Dec/2014:04:36:31 +0100] "GET / HTTP/1.1" 200 12664 "http://inforeferat.org/" "Mozilla/4.0 (compatible; MSIE 6.0; Windows NT 5.1; TheFreeDictionary.com; .NET CLR 1.1.4322; .NET CLR 1.0.3705; .NET CLR 2.0.50727)"
37.139.52.23 - - [07/Dec/2014:04:36:32 +0100] "GET / HTTP/1.1" 200 12664 "http://inforeferat.org/" "Mozilla/4.0 (compatible; MSIE 6.0; Windows NT 5.1; TheFreeDictionary.com; .NET CLR 1.1.4322; .NET CLR 1.0.3705; .NET CLR 2.0.50727)"
37.139.52.23 - - [07/Dec/2014:04:36:32 +0100] "GET / HTTP/1.1" 200 12664 "http://inforeferat.org/" "Mozilla/4.0 (compatible; MSIE 6.0; Windows NT 5.1; TheFreeDictionary.com; .NET CLR 1.1.4322; .NET CLR 1.0.3705; .NET CLR 2.0.50727)"
157.55.39.1 - - [07/Dec/2014:05:15:41 +0100] "GET /robots.txt HTTP/1.1" 200 5308 "-" "Mozilla/5.0 (compatible; bingbot/2.0; +http://www.bing.com/bingbot.htm)"
157.55.39.1 - - [07/Dec/2014:05:16:27 +0100] "GET /img/dialyse6a.jpg HTTP/1.1" 200 43416 "-" "Mozilla/5.0 (compatible; bingbot/2.0; +http://www.bing.com/bingbot.htm)"
136.243.5.87 - - [07/Dec/2014:05:16:29 +0100] "GET /robots.txt HTTP/1.0" 200 5308 "-" "Mozilla/5.0 (compatible; MJ12bot/v1.4.5; http://www.majestic12.co.uk/bot.php?+)"
136.243.5.87 - - [07/Dec/2014:05:16:30 +0100] "GET / HTTP/1.0" 200 12664 "-" "Mozilla/5.0 (compatible; MJ12bot/v1.4.5; http://www.majestic12.co.uk/bot.php?+)"
136.243.5.87 - - [07/Dec/2014:05:16:32 +0100] "GET /seiten/dialyse.htm HTTP/1.0" 200 13508 "-" "Mozilla/5.0 (compatible; MJ12bot/v1.4.5; http://www.majestic12.co.uk/bot.php?+)"
136.243.5.87 - - [07/Dec/2014:05:16:33 +0100] "GET /seiten/impressum.htm HTTP/1.0" 200 14153 "-" "Mozilla/5.0 (compatible; MJ12bot/v1.4.5; http://www.majestic12.co.uk/bot.php?+)"
136.243.5.87 - - [07/Dec/2014:05:16:34 +0100] "GET /seiten/info.htm HTTP/1.0" 200 14653 "-" "Mozilla/5.0 (compatible; MJ12bot/v1.4.5; http://www.majestic12.co.uk/bot.php?+)"
136.243.5.87 - - [07/Dec/2014:05:16:36 +0100] "GET /seiten/kontakt.php HTTP/1.0" 200 13535 "-" "Mozilla/5.0 (compatible; MJ12bot/v1.4.5; http://www.majestic12.co.uk/bot.php?+)"
136.243.5.87 - - [07/Dec/2014:05:16:37 +0100] "GET /seiten/quali.htm HTTP/1.0" 200 13662 "-" "Mozilla/5.0 (compatible; MJ12bot/v1.4.5; http://www.majestic12.co.uk/bot.php?+)"
66.249.78.85 - - [07/Dec/2014:06:52:07 +0100] "GET / HTTP/1.1" 200 12664 "-" "Mozilla/5.0 (iPhone; CPU iPhone OS 6_0 like Mac OS X) AppleWebKit/536.26 (KHTML, like Gecko) Version/6.0 Mobile/10A5376e Safari/8536.25 (compatible; Googlebot/2.1; +http://www.google.com/bot.html)"
162.210.196.130 - - [07/Dec/2014:07:51:59 +0100] "GET /robots.txt HTTP/1.0" 200 5308 "-" "Mozilla/5.0 (compatible; MJ12bot/v1.4.5; http://www.majestic12.co.uk/bot.php?+)"
162.210.196.130 - - [07/Dec/2014:07:52:01 +0100] "GET / HTTP/1.0" 200 12664 "-" "Mozilla/5.0 (compatible; MJ12bot/v1.4.5; http://www.majestic12.co.uk/bot.php?+)"
157.55.39.235 - - [07/Dec/2014:08:23:09 +0100] "GET /robots.txt HTTP/1.1" 200 5308 "-" "Mozilla/5.0 (compatible; bingbot/2.0; +http://www.bing.com/bingbot.htm)"
157.55.39.235 - - [07/Dec/2014:08:23:15 +0100] "GET /seiten/gastdialyse.php HTTP/1.1" 200 12279 "-" "Mozilla/5.0 (compatible; bingbot/2.0; +http://www.bing.com/bingbot.htm)"
199.58.86.211 - - [07/Dec/2014:08:48:09 +0100] "GET /robots.txt HTTP/1.0" 200 5308 "-" "Mozilla/5.0 (compatible; MJ12bot/v1.4.5; http://www.majestic12.co.uk/bot.php?+)"
199.58.86.211 - - [07/Dec/2014:08:48:11 +0100] "GET /seiten/info.htm HTTP/1.0" 200 14653 "-" "Mozilla/5.0 (compatible; MJ12bot/v1.4.5; http://www.majestic12.co.uk/bot.php?+)"
162.210.196.97 - - [07/Dec/2014:09:13:06 +0100] "GET /robots.txt HTTP/1.0" 200 5308 "-" "Mozilla/5.0 (compatible; MJ12bot/v1.4.5; http://www.majestic12.co.uk/bot.php?+)"
162.210.196.97 - - [07/Dec/2014:09:13:07 +0100] "GET /seiten/leistungen.htm HTTP/1.0" 200 13084 "-" "Mozilla/5.0 (compatible; MJ12bot/v1.4.5; http://www.majestic12.co.uk/bot.php?+)"
144.76.201.69 - - [07/Dec/2014:09:16:58 +0100] "GET /seiten/praxis.htm HTTP/1.1" 200 15062 "-" "Mozilla/5.0 (Macintosh; Intel Mac OS X 1084) AppleWebKit/536.29.13 (KHTML like Gecko) Version/6.0.4 Safari/536.29.13"
144.76.155.8 - - [07/Dec/2014:09:16:58 +0100] "GET /seiten/kontakt.php HTTP/1.1" 200 13535 "-" "Mozilla/5.0 (compatible; MSIE 10.0; Windows NT 6.1; Trident/4.0; InfoPath.2; SV1; .NET CLR 2.0.50727; WOW64)"
66.249.78.99 - - [07/Dec/2014:09:21:50 +0100] "GET / HTTP/1.1" 200 12664 "-" "Mozilla/5.0 (iPhone; U; CPU iPhone OS 4_1 like Mac OS X; en-us) AppleWebKit/532.9 (KHTML, like Gecko) Version/4.0.5 Mobile/8B117 Safari/6531.22.7 (compatible; Mediapartners-Google/2.1; +http://www.google.com/bot.html)"
157.55.39.1 - - [07/Dec/2014:09:26:51 +0100] "GET /robots.txt HTTP/1.1" 200 5308 "-" "Mozilla/5.0 (compatible; bingbot/2.0; +http://www.bing.com/bingbot.htm)"
157.55.39.1 - - [07/Dec/2014:09:27:31 +0100] "GET /img/dr2a.gif HTTP/1.1" 200 37919 "-" "Mozilla/5.0 (compatible; bingbot/2.0; +http://www.bing.com/bingbot.htm)"
66.249.78.99 - - [07/Dec/2014:09:34:10 +0100] "GET / HTTP/1.1" 200 12664 "-" "Mediapartners-Google"
157.55.39.1 - - [07/Dec/2014:10:14:41 +0100] "GET /robots.txt HTTP/1.1" 200 5308 "-" "Mozilla/5.0 (compatible; bingbot/2.0; +http://www.bing.com/bingbot.htm)"
157.55.39.1 - - [07/Dec/2014:10:21:16 +0100] "GET /img/dr2.jpg HTTP/1.1" 200 70452 "-" "Mozilla/5.0 (compatible; bingbot/2.0; +http://www.bing.com/bingbot.htm)"
157.55.39.236 - - [07/Dec/2014:10:42:46 +0100] "GET /robots.txt HTTP/1.1" 200 5308 "-" "Mozilla/5.0 (compatible; bingbot/2.0; +http://www.bing.com/bingbot.htm)"
157.55.39.236 - - [07/Dec/2014:10:42:49 +0100] "GET /seiten/quali3.htm HTTP/1.1" 200 13016 "-" "Mozilla/5.0 (compatible; bingbot/2.0; +http://www.bing.com/bingbot.htm)"
123.125.71.57 - - [07/Dec/2014:12:12:16 +0100] "GET / HTTP/1.1" 200 12664 "-" "Mozilla/5.0 (compatible; Baiduspider/2.0; +http://www.baidu.com/search/spider.html)"
220.181.108.89 - - [07/Dec/2014:12:12:47 +0100] "GET / HTTP/1.1" 200 12664 "-" "Mozilla/5.0 (compatible; Baiduspider/2.0; +http://www.baidu.com/search/spider.html)"
84.74.168.65 - - [07/Dec/2014:12:52:04 +0100] "GET /img/s3a.gif HTTP/1.1" 200 27947 "-" "Mozilla/5.0 (Macintosh; Intel Mac OS X 10_10) AppleWebKit/600.1.25 (KHTML, like Gecko) Version/8.0 Safari/600.1.25"
92.227.7.167 - - [07/Dec/2014:13:09:14 +0100] "GET /seiten/praxis.htm HTTP/1.1" 200 15062 "-" "Mozilla/5.0 (Linux; Android 4.4.2; de-de; SAMSUNG GT-I9505 Build/KOT49H) AppleWebKit/537.36 (KHTML, like Gecko) Version/1.5 Chrome/28.0.1500.94 Mobile Safari/537.36"
92.227.7.167 - - [07/Dec/2014:13:09:14 +0100] "GET /css/dkf.css HTTP/1.1" 200 7223 "http://www.dialyse-kreuzberg-friedrichshain.de/seiten/praxis.htm" "Mozilla/5.0 (Linux; Android 4.4.2; de-de; SAMSUNG GT-I9505 Build/KOT49H) AppleWebKit/537.36 (KHTML, like Gecko) Version/1.5 Chrome/28.0.1500.94 Mobile Safari/537.36"
92.227.7.167 - - [07/Dec/2014:13:09:15 +0100] "GET /scripte/time.js HTTP/1.1" 200 1040 "http://www.dialyse-kreuzberg-friedrichshain.de/seiten/praxis.htm" "Mozilla/5.0 (Linux; Android 4.4.2; de-de; SAMSUNG GT-I9505 Build/KOT49H) AppleWebKit/537.36 (KHTML, like Gecko) Version/1.5 Chrome/28.0.1500.94 Mobile Safari/537.36"
92.227.7.167 - - [07/Dec/2014:13:09:15 +0100] "GET /scripte/time2.js HTTP/1.1" 200 682 "http://www.dialyse-kreuzberg-friedrichshain.de/seiten/praxis.htm" "Mozilla/5.0 (Linux; Android 4.4.2; de-de; SAMSUNG GT-I9505 Build/KOT49H) AppleWebKit/537.36 (KHTML, like Gecko) Version/1.5 Chrome/28.0.1500.94 Mobile Safari/537.36"
92.227.7.167 - - [07/Dec/2014:13:09:15 +0100] "GET /img/1px.gif HTTP/1.1" 200 43 "http://www.dialyse-kreuzberg-friedrichshain.de/seiten/praxis.htm" "Mozilla/5.0 (Linux; Android 4.4.2; de-de; SAMSUNG GT-I9505 Build/KOT49H) AppleWebKit/537.36 (KHTML, like Gecko) Version/1.5 Chrome/28.0.1500.94 Mobile Safari/537.36"
92.227.7.167 - - [07/Dec/2014:13:09:15 +0100] "GET /img/men_ob.jpg HTTP/1.1" 200 489 "http://www.dialyse-kreuzberg-friedrichshain.de/seiten/praxis.htm" "Mozilla/5.0 (Linux; Android 4.4.2; de-de; SAMSUNG GT-I9505 Build/KOT49H) AppleWebKit/537.36 (KHTML, like Gecko) Version/1.5 Chrome/28.0.1500.94 Mobile Safari/537.36"
92.227.7.167 - - [07/Dec/2014:13:09:15 +0100] "GET /img/bog01.jpg HTTP/1.1" 200 412 "http://www.dialyse-kreuzberg-friedrichshain.de/seiten/praxis.htm" "Mozilla/5.0 (Linux; Android 4.4.2; de-de; SAMSUNG GT-I9505 Build/KOT49H) AppleWebKit/537.36 (KHTML, like Gecko) Version/1.5 Chrome/28.0.1500.94 Mobile Safari/537.36"
92.227.7.167 - - [07/Dec/2014:13:09:15 +0100] "GET /img/blue_bg.jpg HTTP/1.1" 200 308 "http://www.dialyse-kreuzberg-friedrichshain.de/seiten/praxis.htm" "Mozilla/5.0 (Linux; Android 4.4.2; de-de; SAMSUNG GT-I9505 Build/KOT49H) AppleWebKit/537.36 (KHTML, like Gecko) Version/1.5 Chrome/28.0.1500.94 Mobile Safari/537.36"
92.227.7.167 - - [07/Dec/2014:13:09:15 +0100] "GET /img/lay01.jpg HTTP/1.1" 200 8988 "http://www.dialyse-kreuzberg-friedrichshain.de/seiten/praxis.htm" "Mozilla/5.0 (Linux; Android 4.4.2; de-de; SAMSUNG GT-I9505 Build/KOT49H) AppleWebKit/537.36 (KHTML, like Gecko) Version/1.5 Chrome/28.0.1500.94 Mobile Safari/537.36"
92.227.7.167 - - [07/Dec/2014:13:09:15 +0100] "GET /img/lay02.jpg HTTP/1.1" 200 8080 "http://www.dialyse-kreuzberg-friedrichshain.de/seiten/praxis.htm" "Mozilla/5.0 (Linux; Android 4.4.2; de-de; SAMSUNG GT-I9505 Build/KOT49H) AppleWebKit/537.36 (KHTML, like Gecko) Version/1.5 Chrome/28.0.1500.94 Mobile Safari/537.36"
92.227.7.167 - - [07/Dec/2014:13:09:15 +0100] "GET /img/bog02.jpg HTTP/1.1" 200 563 "http://www.dialyse-kreuzberg-friedrichshain.de/seiten/praxis.htm" "Mozilla/5.0 (Linux; Android 4.4.2; de-de; SAMSUNG GT-I9505 Build/KOT49H) AppleWebKit/537.36 (KHTML, like Gecko) Version/1.5 Chrome/28.0.1500.94 Mobile Safari/537.36"
92.227.7.167 - - [07/Dec/2014:13:09:15 +0100] "GET /img/lay03.jpg HTTP/1.1" 200 6594 "http://www.dialyse-kreuzberg-friedrichshain.de/seiten/praxis.htm" "Mozilla/5.0 (Linux; Android 4.4.2; de-de; SAMSUNG GT-I9505 Build/KOT49H) AppleWebKit/537.36 (KHTML, like Gecko) Version/1.5 Chrome/28.0.1500.94 Mobile Safari/537.36"
92.227.7.167 - - [07/Dec/2014:13:09:15 +0100] "GET /img/head_bg.jpg HTTP/1.1" 200 404 "http://www.dialyse-kreuzberg-friedrichshain.de/seiten/praxis.htm" "Mozilla/5.0 (Linux; Android 4.4.2; de-de; SAMSUNG GT-I9505 Build/KOT49H) AppleWebKit/537.36 (KHTML, like Gecko) Version/1.5 Chrome/28.0.1500.94 Mobile Safari/537.36"
92.227.7.167 - - [07/Dec/2014:13:09:15 +0100] "GET /img/menue_bg.jpg HTTP/1.1" 200 404 "http://www.dialyse-kreuzberg-friedrichshain.de/seiten/praxis.htm" "Mozilla/5.0 (Linux; Android 4.4.2; de-de; SAMSUNG GT-I9505 Build/KOT49H) AppleWebKit/537.36 (KHTML, like Gecko) Version/1.5 Chrome/28.0.1500.94 Mobile Safari/537.36"
92.227.7.167 - - [07/Dec/2014:13:09:15 +0100] "GET /img/men_bg.jpg HTTP/1.1" 200 395 "http://www.dialyse-kreuzberg-friedrichshain.de/seiten/praxis.htm" "Mozilla/5.0 (Linux; Android 4.4.2; de-de; SAMSUNG GT-I9505 Build/KOT49H) AppleWebKit/537.36 (KHTML, like Gecko) Version/1.5 Chrome/28.0.1500.94 Mobile Safari/537.36"
92.227.7.167 - - [07/Dec/2014:13:09:16 +0100] "GET /img/men_sh.jpg HTTP/1.1" 200 337 "http://www.dialyse-kreuzberg-friedrichshain.de/seiten/praxis.htm" "Mozilla/5.0 (Linux; Android 4.4.2; de-de; SAMSUNG GT-I9505 Build/KOT49H) AppleWebKit/537.36 (KHTML, like Gecko) Version/1.5 Chrome/28.0.1500.94 Mobile Safari/537.36"
92.227.7.167 - - [07/Dec/2014:13:09:16 +0100] "GET /img/main_bg.jpg HTTP/1.1" 200 14795 "http://www.dialyse-kreuzberg-friedrichshain.de/seiten/praxis.htm" "Mozilla/5.0 (Linux; Android 4.4.2; de-de; SAMSUNG GT-I9505 Build/KOT49H) AppleWebKit/537.36 (KHTML, like Gecko) Version/1.5 Chrome/28.0.1500.94 Mobile Safari/537.36"
92.227.7.167 - - [07/Dec/2014:13:09:16 +0100] "GET /img/main_bg01.jpg HTTP/1.1" 200 5803 "http://www.dialyse-kreuzberg-friedrichshain.de/seiten/praxis.htm" "Mozilla/5.0 (Linux; Android 4.4.2; de-de; SAMSUNG GT-I9505 Build/KOT49H) AppleWebKit/537.36 (KHTML, like Gecko) Version/1.5 Chrome/28.0.1500.94 Mobile Safari/537.36"
92.227.7.167 - - [07/Dec/2014:13:09:16 +0100] "GET /img/re_bg.jpg HTTP/1.1" 200 462 "http://www.dialyse-kreuzberg-friedrichshain.de/seiten/praxis.htm" "Mozilla/5.0 (Linux; Android 4.4.2; de-de; SAMSUNG GT-I9505 Build/KOT49H) AppleWebKit/537.36 (KHTML, like Gecko) Version/1.5 Chrome/28.0.1500.94 Mobile Safari/537.36"
92.227.7.167 - - [07/Dec/2014:13:09:17 +0100] "GET /img/bogen.gif HTTP/1.1" 200 889 "http://www.dialyse-kreuzberg-friedrichshain.de/seiten/praxis.htm" "Mozilla/5.0 (Linux; Android 4.4.2; de-de; SAMSUNG GT-I9505 Build/KOT49H) AppleWebKit/537.36 (KHTML, like Gecko) Version/1.5 Chrome/28.0.1500.94 Mobile Safari/537.36"
92.227.7.167 - - [07/Dec/2014:13:09:15 +0100] "GET /img/dr2a.gif HTTP/1.1" 200 37919 "http://www.dialyse-kreuzberg-friedrichshain.de/seiten/praxis.htm" "Mozilla/5.0 (Linux; Android 4.4.2; de-de; SAMSUNG GT-I9505 Build/KOT49H) AppleWebKit/537.36 (KHTML, like Gecko) Version/1.5 Chrome/28.0.1500.94 Mobile Safari/537.36"
92.227.7.167 - - [07/Dec/2014:13:09:19 +0100] "GET /img/main_unten.jpg HTTP/1.1" 200 1800 "http://www.dialyse-kreuzberg-friedrichshain.de/seiten/praxis.htm" "Mozilla/5.0 (Linux; Android 4.4.2; de-de; SAMSUNG GT-I9505 Build/KOT49H) AppleWebKit/537.36 (KHTML, like Gecko) Version/1.5 Chrome/28.0.1500.94 Mobile Safari/537.36"
92.227.7.167 - - [07/Dec/2014:13:09:19 +0100] "GET /img/orange_bg.jpg HTTP/1.1" 200 304 "http://www.dialyse-kreuzberg-friedrichshain.de/seiten/praxis.htm" "Mozilla/5.0 (Linux; Android 4.4.2; de-de; SAMSUNG GT-I9505 Build/KOT49H) AppleWebKit/537.36 (KHTML, like Gecko) Version/1.5 Chrome/28.0.1500.94 Mobile Safari/537.36"
92.227.7.167 - - [07/Dec/2014:13:09:16 +0100] "GET /img/dr2.jpg HTTP/1.1" 200 70452 "http://www.dialyse-kreuzberg-friedrichshain.de/seiten/praxis.htm" "Mozilla/5.0 (Linux; Android 4.4.2; de-de; SAMSUNG GT-I9505 Build/KOT49H) AppleWebKit/537.36 (KHTML, like Gecko) Version/1.5 Chrome/28.0.1500.94 Mobile Safari/537.36"
92.227.7.167 - - [07/Dec/2014:13:09:27 +0100] "GET /img/top.gif HTTP/1.1" 200 898 "http://www.dialyse-kreuzberg-friedrichshain.de/seiten/praxis.htm" "Mozilla/5.0 (Linux; Android 4.4.2; de-de; SAMSUNG GT-I9505 Build/KOT49H) AppleWebKit/537.36 (KHTML, like Gecko) Version/1.5 Chrome/28.0.1500.94 Mobile Safari/537.36"
92.227.7.167 - - [07/Dec/2014:13:09:29 +0100] "GET /favicon.ico HTTP/1.1" 404 1256 "-" "Mozilla/5.0 (Linux; Android 4.4.2; de-de; SAMSUNG GT-I9505 Build/KOT49H) AppleWebKit/537.36 (KHTML, like Gecko) Version/1.5 Chrome/28.0.1500.94 Mobile Safari/537.36"
148.251.124.42 - - [07/Dec/2014:13:13:31 +0100] "GET /seiten/praxis.htm HTTP/1.1" 200 15062 "-" "Mozilla/5.0 (Windows NT 6.1) AppleWebKit/537.36 (KHTML, like Gecko) Chrome/27.0.1453.90 Safari/537.36"
144.76.201.69 - - [07/Dec/2014:13:13:32 +0100] "GET /seiten/kontakt.php HTTP/1.1" 200 13535 "-" "Mozilla/5.0 (Macintosh; Intel Mac OS X 10_8) AppleWebKit/536.25 (KHTML, like Gecko) Version/6.0 Safari/536.25"
81.0.199.226 - - [07/Dec/2014:13:31:46 +0100] "GET / HTTP/1.1" 200 12664 "-" "Mozilla/5.0 (Macintosh; Intel Mac OS X 10.7; rv:22.0) Gecko/20100101 Firefox/22.0"
157.55.39.235 - - [07/Dec/2014:13:40:21 +0100] "GET /robots.txt HTTP/1.1" 200 5308 "-" "Mozilla/5.0 (compatible; bingbot/2.0; +http://www.bing.com/bingbot.htm)"
157.55.39.235 - - [07/Dec/2014:13:40:23 +0100] "GET /seiten/quali.htm HTTP/1.1" 304 - "-" "Mozilla/5.0 (compatible; bingbot/2.0; +http://www.bing.com/bingbot.htm)"
46.142.16.20 - - [07/Dec/2014:13:42:22 +0100] "GET / HTTP/1.1" 200 12664 "http://www.google.de/url?sa=t&rct=j&q=&esrc=s&source=web&cd=5&sqi=2&ved=0CFoQoAIwBA&url=http%3A%2F%2Fwww.dialyse-kreuzberg-friedrichshain.de%2F&ei=vUaEVN25EMruUO7vgQg&usg=AFQjCNHwD7Cm_-1SjOMxO2BTNyKXLheTzg" "Mozilla/5.0 (Windows NT 6.3; WOW64; rv:33.0) Gecko/20100101 Firefox/33.0"
46.142.16.20 - - [07/Dec/2014:13:42:22 +0100] "GET /css/dkf.css HTTP/1.1" 200 7223 "http://www.dialyse-kreuzberg-friedrichshain.de/" "Mozilla/5.0 (Windows NT 6.3; WOW64; rv:33.0) Gecko/20100101 Firefox/33.0"
46.142.16.20 - - [07/Dec/2014:13:42:22 +0100] "GET /scripte/time.js HTTP/1.1" 200 1040 "http://www.dialyse-kreuzberg-friedrichshain.de/" "Mozilla/5.0 (Windows NT 6.3; WOW64; rv:33.0) Gecko/20100101 Firefox/33.0"
46.142.16.20 - - [07/Dec/2014:13:42:22 +0100] "GET /scripte/time2.js HTTP/1.1" 200 682 "http://www.dialyse-kreuzberg-friedrichshain.de/" "Mozilla/5.0 (Windows NT 6.3; WOW64; rv:33.0) Gecko/20100101 Firefox/33.0"
46.142.16.20 - - [07/Dec/2014:13:42:22 +0100] "GET /img/1px.gif HTTP/1.1" 200 43 "http://www.dialyse-kreuzberg-friedrichshain.de/" "Mozilla/5.0 (Windows NT 6.3; WOW64; rv:33.0) Gecko/20100101 Firefox/33.0"
46.142.16.20 - - [07/Dec/2014:13:42:22 +0100] "GET /img/men_ob.jpg HTTP/1.1" 200 489 "http://www.dialyse-kreuzberg-friedrichshain.de/" "Mozilla/5.0 (Windows NT 6.3; WOW64; rv:33.0) Gecko/20100101 Firefox/33.0"
46.142.16.20 - - [07/Dec/2014:13:42:22 +0100] "GET /img/bog01.jpg HTTP/1.1" 200 412 "http://www.dialyse-kreuzberg-friedrichshain.de/" "Mozilla/5.0 (Windows NT 6.3; WOW64; rv:33.0) Gecko/20100101 Firefox/33.0"
46.142.16.20 - - [07/Dec/2014:13:42:22 +0100] "GET /img/bog02.jpg HTTP/1.1" 200 563 "http://www.dialyse-kreuzberg-friedrichshain.de/" "Mozilla/5.0 (Windows NT 6.3; WOW64; rv:33.0) Gecko/20100101 Firefox/33.0"
46.142.16.20 - - [07/Dec/2014:13:42:22 +0100] "GET /img/s3a.gif HTTP/1.1" 200 27947 "http://www.dialyse-kreuzberg-friedrichshain.de/" "Mozilla/5.0 (Windows NT 6.3; WOW64; rv:33.0) Gecko/20100101 Firefox/33.0"
46.142.16.20 - - [07/Dec/2014:13:42:22 +0100] "GET /img/s2.gif HTTP/1.1" 200 17668 "http://www.dialyse-kreuzberg-friedrichshain.de/" "Mozilla/5.0 (Windows NT 6.3; WOW64; rv:33.0) Gecko/20100101 Firefox/33.0"
46.142.16.20 - - [07/Dec/2014:13:42:22 +0100] "GET /img/bogen2.gif HTTP/1.1" 200 578 "http://www.dialyse-kreuzberg-friedrichshain.de/" "Mozilla/5.0 (Windows NT 6.3; WOW64; rv:33.0) Gecko/20100101 Firefox/33.0"
46.142.16.20 - - [07/Dec/2014:13:42:22 +0100] "GET /img/lay01.jpg HTTP/1.1" 200 8988 "http://www.dialyse-kreuzberg-friedrichshain.de/" "Mozilla/5.0 (Windows NT 6.3; WOW64; rv:33.0) Gecko/20100101 Firefox/33.0"
46.142.16.20 - - [07/Dec/2014:13:42:22 +0100] "GET /img/lay02.jpg HTTP/1.1" 200 8080 "http://www.dialyse-kreuzberg-friedrichshain.de/" "Mozilla/5.0 (Windows NT 6.3; WOW64; rv:33.0) Gecko/20100101 Firefox/33.0"
46.142.16.20 - - [07/Dec/2014:13:42:22 +0100] "GET /img/lay03.jpg HTTP/1.1" 200 6594 "http://www.dialyse-kreuzberg-friedrichshain.de/" "Mozilla/5.0 (Windows NT 6.3; WOW64; rv:33.0) Gecko/20100101 Firefox/33.0"
46.142.16.20 - - [07/Dec/2014:13:42:22 +0100] "GET /img/head_bg.jpg HTTP/1.1" 200 404 "http://www.dialyse-kreuzberg-friedrichshain.de/" "Mozilla/5.0 (Windows NT 6.3; WOW64; rv:33.0) Gecko/20100101 Firefox/33.0"
46.142.16.20 - - [07/Dec/2014:13:42:22 +0100] "GET /img/menue_bg.jpg HTTP/1.1" 200 404 "http://www.dialyse-kreuzberg-friedrichshain.de/" "Mozilla/5.0 (Windows NT 6.3; WOW64; rv:33.0) Gecko/20100101 Firefox/33.0"
46.142.16.20 - - [07/Dec/2014:13:42:22 +0100] "GET /img/blue_bg.jpg HTTP/1.1" 200 308 "http://www.dialyse-kreuzberg-friedrichshain.de/" "Mozilla/5.0 (Windows NT 6.3; WOW64; rv:33.0) Gecko/20100101 Firefox/33.0"
46.142.16.20 - - [07/Dec/2014:13:42:22 +0100] "GET /img/men_bg.jpg HTTP/1.1" 200 395 "http://www.dialyse-kreuzberg-friedrichshain.de/" "Mozilla/5.0 (Windows NT 6.3; WOW64; rv:33.0) Gecko/20100101 Firefox/33.0"
46.142.16.20 - - [07/Dec/2014:13:42:23 +0100] "GET /img/bg_unten.jpg HTTP/1.1" 200 2567 "http://www.dialyse-kreuzberg-friedrichshain.de/" "Mozilla/5.0 (Windows NT 6.3; WOW64; rv:33.0) Gecko/20100101 Firefox/33.0"
46.142.16.20 - - [07/Dec/2014:13:42:23 +0100] "GET /img/orange_bg.jpg HTTP/1.1" 200 304 "http://www.dialyse-kreuzberg-friedrichshain.de/" "Mozilla/5.0 (Windows NT 6.3; WOW64; rv:33.0) Gecko/20100101 Firefox/33.0"
46.142.16.20 - - [07/Dec/2014:13:42:23 +0100] "GET /img/main_bg.jpg HTTP/1.1" 200 14795 "http://www.dialyse-kreuzberg-friedrichshain.de/" "Mozilla/5.0 (Windows NT 6.3; WOW64; rv:33.0) Gecko/20100101 Firefox/33.0"
46.142.16.20 - - [07/Dec/2014:13:42:23 +0100] "GET /img/main_bg01.jpg HTTP/1.1" 200 5803 "http://www.dialyse-kreuzberg-friedrichshain.de/css/dkf.css" "Mozilla/5.0 (Windows NT 6.3; WOW64; rv:33.0) Gecko/20100101 Firefox/33.0"
46.142.16.20 - - [07/Dec/2014:13:42:23 +0100] "GET /img/re_bg.jpg HTTP/1.1" 200 462 "http://www.dialyse-kreuzberg-friedrichshain.de/" "Mozilla/5.0 (Windows NT 6.3; WOW64; rv:33.0) Gecko/20100101 Firefox/33.0"
46.142.16.20 - - [07/Dec/2014:13:42:23 +0100] "GET /img/men_sh.jpg HTTP/1.1" 200 337 "http://www.dialyse-kreuzberg-friedrichshain.de/" "Mozilla/5.0 (Windows NT 6.3; WOW64; rv:33.0) Gecko/20100101 Firefox/33.0"
46.142.16.20 - - [07/Dec/2014:13:42:23 +0100] "GET /favicon.ico HTTP/1.1" 404 1256 "-" "Mozilla/5.0 (Windows NT 6.3; WOW64; rv:33.0) Gecko/20100101 Firefox/33.0"
46.142.16.20 - - [07/Dec/2014:13:42:23 +0100] "GET /favicon.ico HTTP/1.1" 404 1256 "-" "Mozilla/5.0 (Windows NT 6.3; WOW64; rv:33.0) Gecko/20100101 Firefox/33.0"
46.142.16.20 - - [07/Dec/2014:13:42:27 +0100] "GET /seiten/leistungen.htm HTTP/1.1" 200 13084 "http://www.dialyse-kreuzberg-friedrichshain.de/" "Mozilla/5.0 (Windows NT 6.3; WOW64; rv:33.0) Gecko/20100101 Firefox/33.0"
46.142.16.20 - - [07/Dec/2014:13:42:27 +0100] "GET /img/bogen.gif HTTP/1.1" 200 889 "http://www.dialyse-kreuzberg-friedrichshain.de/seiten/leistungen.htm" "Mozilla/5.0 (Windows NT 6.3; WOW64; rv:33.0) Gecko/20100101 Firefox/33.0"
46.142.16.20 - - [07/Dec/2014:13:42:27 +0100] "GET /img/dialyse3a.gif HTTP/1.1" 200 32894 "http://www.dialyse-kreuzberg-friedrichshain.de/seiten/leistungen.htm" "Mozilla/5.0 (Windows NT 6.3; WOW64; rv:33.0) Gecko/20100101 Firefox/33.0"
46.142.16.20 - - [07/Dec/2014:13:42:28 +0100] "GET /img/top.gif HTTP/1.1" 200 898 "http://www.dialyse-kreuzberg-friedrichshain.de/seiten/leistungen.htm" "Mozilla/5.0 (Windows NT 6.3; WOW64; rv:33.0) Gecko/20100101 Firefox/33.0"
46.142.16.20 - - [07/Dec/2014:13:42:35 +0100] "GET /seiten/kontakt.php HTTP/1.1" 200 13535 "http://www.dialyse-kreuzberg-friedrichshain.de/seiten/leistungen.htm" "Mozilla/5.0 (Windows NT 6.3; WOW64; rv:33.0) Gecko/20100101 Firefox/33.0"
46.142.16.20 - - [07/Dec/2014:13:42:35 +0100] "GET /img/ubahn.gif HTTP/1.1" 200 1980 "http://www.dialyse-kreuzberg-friedrichshain.de/seiten/kontakt.php" "Mozilla/5.0 (Windows NT 6.3; WOW64; rv:33.0) Gecko/20100101 Firefox/33.0"
46.142.16.20 - - [07/Dec/2014:13:42:35 +0100] "GET /img/kontakt.jpg HTTP/1.1" 200 57854 "http://www.dialyse-kreuzberg-friedrichshain.de/seiten/kontakt.php" "Mozilla/5.0 (Windows NT 6.3; WOW64; rv:33.0) Gecko/20100101 Firefox/33.0"
46.142.16.20 - - [07/Dec/2014:13:42:36 +0100] "GET /img/main_unten.jpg HTTP/1.1" 200 1800 "http://www.dialyse-kreuzberg-friedrichshain.de/seiten/kontakt.php" "Mozilla/5.0 (Windows NT 6.3; WOW64; rv:33.0) Gecko/20100101 Firefox/33.0"
88.198.208.70 - - [07/Dec/2014:13:48:58 +0100] "GET / HTTP/1.1" 200 12664 "-" "Mozilla/5.0 (Macintosh; Intel Mac OS X 10.6; rv:22.0) Gecko/20100101 Firefox/22.0"
217.245.222.214 - - [07/Dec/2014:13:53:43 +0100] "GET /img/dr2a.gif HTTP/1.1" 200 37919 "http://www.vebidoo.de/knut+lauxtermann" "Mozilla/5.0 (iPad; CPU OS 7_1_2 like Mac OS X) AppleWebKit/537.51.2 (KHTML, like Gecko) Version/7.0 Mobile/11D257 Safari/9537.53"
148.251.78.167 - - [07/Dec/2014:14:28:35 +0100] "GET / HTTP/1.1" 200 12664 "http://www.abcd4.de/link.php" "Mozilla/5.0 (compatible; MSIE 9.0; Windows NT 6.1; Trident/5.0)"
148.251.78.167 - - [07/Dec/2014:14:28:35 +0100] "GET /scripte/time.js HTTP/1.1" 200 1040 "http://www.abcd4.de/link.php" "Mozilla/5.0 (compatible; MSIE 9.0; Windows NT 6.1; Trident/5.0)"
148.251.78.167 - - [07/Dec/2014:14:28:35 +0100] "GET /css/dkf.css HTTP/1.1" 200 7223 "http://www.abcd4.de/link.php" "Mozilla/5.0 (compatible; MSIE 9.0; Windows NT 6.1; Trident/5.0)"
148.251.78.167 - - [07/Dec/2014:14:28:35 +0100] "GET /scripte/time2.js HTTP/1.1" 200 682 "http://www.abcd4.de/link.php" "Mozilla/5.0 (compatible; MSIE 9.0; Windows NT 6.1; Trident/5.0)"
148.251.78.167 - - [07/Dec/2014:14:28:35 +0100] "GET /img/lay01.jpg HTTP/1.1" 200 8988 "http://www.abcd4.de/link.php" "Mozilla/5.0 (compatible; MSIE 9.0; Windows NT 6.1; Trident/5.0)"
148.251.78.167 - - [07/Dec/2014:14:28:35 +0100] "GET /img/lay02.jpg HTTP/1.1" 200 8080 "http://www.abcd4.de/link.php" "Mozilla/5.0 (compatible; MSIE 9.0; Windows NT 6.1; Trident/5.0)"
148.251.78.167 - - [07/Dec/2014:14:28:35 +0100] "GET /img/lay03.jpg HTTP/1.1" 200 6594 "http://www.abcd4.de/link.php" "Mozilla/5.0 (compatible; MSIE 9.0; Windows NT 6.1; Trident/5.0)"
148.251.78.167 - - [07/Dec/2014:14:28:35 +0100] "GET /img/1px.gif HTTP/1.1" 200 43 "http://www.abcd4.de/link.php" "Mozilla/5.0 (compatible; MSIE 9.0; Windows NT 6.1; Trident/5.0)"
148.251.78.167 - - [07/Dec/2014:14:28:35 +0100] "GET /img/head_bg.jpg HTTP/1.1" 200 404 "http://www.abcd4.de/link.php" "Mozilla/5.0 (compatible; MSIE 9.0; Windows NT 6.1; Trident/5.0)"
148.251.78.167 - - [07/Dec/2014:14:28:35 +0100] "GET /img/menue_bg.jpg HTTP/1.1" 200 404 "http://www.abcd4.de/link.php" "Mozilla/5.0 (compatible; MSIE 9.0; Windows NT 6.1; Trident/5.0)"
148.251.78.167 - - [07/Dec/2014:14:28:35 +0100] "GET /img/blue_bg.jpg HTTP/1.1" 200 308 "http://www.abcd4.de/link.php" "Mozilla/5.0 (compatible; MSIE 9.0; Windows NT 6.1; Trident/5.0)"
148.251.78.167 - - [07/Dec/2014:14:28:35 +0100] "GET /img/men_bg.jpg HTTP/1.1" 200 395 "http://www.abcd4.de/link.php" "Mozilla/5.0 (compatible; MSIE 9.0; Windows NT 6.1; Trident/5.0)"
148.251.78.167 - - [07/Dec/2014:14:28:35 +0100] "GET /img/men_ob.jpg HTTP/1.1" 200 489 "http://www.abcd4.de/link.php" "Mozilla/5.0 (compatible; MSIE 9.0; Windows NT 6.1; Trident/5.0)"
148.251.78.167 - - [07/Dec/2014:14:28:35 +0100] "GET /img/men_sh.jpg HTTP/1.1" 200 337 "http://www.abcd4.de/link.php" "Mozilla/5.0 (compatible; MSIE 9.0; Windows NT 6.1; Trident/5.0)"
148.251.78.167 - - [07/Dec/2014:14:28:35 +0100] "GET /img/bog01.jpg HTTP/1.1" 200 412 "http://www.abcd4.de/link.php" "Mozilla/5.0 (compatible; MSIE 9.0; Windows NT 6.1; Trident/5.0)"
148.251.78.167 - - [07/Dec/2014:14:28:35 +0100] "GET /img/main_bg.jpg HTTP/1.1" 200 14795 "http://www.abcd4.de/link.php" "Mozilla/5.0 (compatible; MSIE 9.0; Windows NT 6.1; Trident/5.0)"
148.251.78.167 - - [07/Dec/2014:14:28:35 +0100] "GET /img/bog02.jpg HTTP/1.1" 200 563 "http://www.abcd4.de/link.php" "Mozilla/5.0 (compatible; MSIE 9.0; Windows NT 6.1; Trident/5.0)"
148.251.78.167 - - [07/Dec/2014:14:28:35 +0100] "GET /img/main_bg01.jpg HTTP/1.1" 200 5803 "http://www.abcd4.de/link.php" "Mozilla/5.0 (compatible; MSIE 9.0; Windows NT 6.1; Trident/5.0)"
148.251.78.167 - - [07/Dec/2014:14:28:35 +0100] "GET /img/s2.gif HTTP/1.1" 200 17668 "http://www.abcd4.de/link.php" "Mozilla/5.0 (compatible; MSIE 9.0; Windows NT 6.1; Trident/5.0)"
148.251.78.167 - - [07/Dec/2014:14:28:35 +0100] "GET /img/re_bg.jpg HTTP/1.1" 200 462 "http://www.abcd4.de/link.php" "Mozilla/5.0 (compatible; MSIE 9.0; Windows NT 6.1; Trident/5.0)"
148.251.78.167 - - [07/Dec/2014:14:28:35 +0100] "GET /img/bg_unten.jpg HTTP/1.1" 200 2567 "http://www.abcd4.de/link.php" "Mozilla/5.0 (compatible; MSIE 9.0; Windows NT 6.1; Trident/5.0)"
148.251.78.167 - - [07/Dec/2014:14:28:35 +0100] "GET /img/bogen2.gif HTTP/1.1" 200 578 "http://www.abcd4.de/link.php" "Mozilla/5.0 (compatible; MSIE 9.0; Windows NT 6.1; Trident/5.0)"
148.251.78.167 - - [07/Dec/2014:14:28:35 +0100] "GET /img/orange_bg.jpg HTTP/1.1" 200 304 "http://www.abcd4.de/link.php" "Mozilla/5.0 (compatible; MSIE 9.0; Windows NT 6.1; Trident/5.0)"
148.251.78.167 - - [07/Dec/2014:14:28:35 +0100] "GET /img/s3a.gif HTTP/1.1" 200 27947 "http://www.abcd4.de/link.php" "Mozilla/5.0 (compatible; MSIE 9.0; Windows NT 6.1; Trident/5.0)"
84.95.88.100 - - [07/Dec/2014:14:35:01 +0100] "GET / HTTP/1.1" 200 12664 "-" "Android/1.0 (SCH-I500 GINGERBREAD)"
134.3.244.87 - - [07/Dec/2014:14:35:51 +0100] "GET /seiten/praxis.htm HTTP/1.1" 200 15062 "https://www.google.de/" "Mozilla/5.0 (iPhone; CPU iPhone OS 7_1_1 like Mac OS X) AppleWebKit/537.51.2 (KHTML, like Gecko) Version/7.0 Mobile/11D201 Safari/9537.53"
134.3.244.87 - - [07/Dec/2014:14:35:51 +0100] "GET /css/dkf.css HTTP/1.1" 200 7223 "http://www.dialyse-kreuzberg-friedrichshain.de/seiten/praxis.htm" "Mozilla/5.0 (iPhone; CPU iPhone OS 7_1_1 like Mac OS X) AppleWebKit/537.51.2 (KHTML, like Gecko) Version/7.0 Mobile/11D201 Safari/9537.53"
134.3.244.87 - - [07/Dec/2014:14:35:51 +0100] "GET /scripte/time.js HTTP/1.1" 200 1040 "http://www.dialyse-kreuzberg-friedrichshain.de/seiten/praxis.htm" "Mozilla/5.0 (iPhone; CPU iPhone OS 7_1_1 like Mac OS X) AppleWebKit/537.51.2 (KHTML, like Gecko) Version/7.0 Mobile/11D201 Safari/9537.53"
134.3.244.87 - - [07/Dec/2014:14:35:51 +0100] "GET /scripte/time2.js HTTP/1.1" 200 682 "http://www.dialyse-kreuzberg-friedrichshain.de/seiten/praxis.htm" "Mozilla/5.0 (iPhone; CPU iPhone OS 7_1_1 like Mac OS X) AppleWebKit/537.51.2 (KHTML, like Gecko) Version/7.0 Mobile/11D201 Safari/9537.53"
134.3.244.87 - - [07/Dec/2014:14:35:51 +0100] "GET /img/men_ob.jpg HTTP/1.1" 200 489 "http://www.dialyse-kreuzberg-friedrichshain.de/seiten/praxis.htm" "Mozilla/5.0 (iPhone; CPU iPhone OS 7_1_1 like Mac OS X) AppleWebKit/537.51.2 (KHTML, like Gecko) Version/7.0 Mobile/11D201 Safari/9537.53"
134.3.244.87 - - [07/Dec/2014:14:35:51 +0100] "GET /img/1px.gif HTTP/1.1" 200 43 "http://www.dialyse-kreuzberg-friedrichshain.de/seiten/praxis.htm" "Mozilla/5.0 (iPhone; CPU iPhone OS 7_1_1 like Mac OS X) AppleWebKit/537.51.2 (KHTML, like Gecko) Version/7.0 Mobile/11D201 Safari/9537.53"
134.3.244.87 - - [07/Dec/2014:14:35:51 +0100] "GET /img/dr2.jpg HTTP/1.1" 200 70452 "http://www.dialyse-kreuzberg-friedrichshain.de/seiten/praxis.htm" "Mozilla/5.0 (iPhone; CPU iPhone OS 7_1_1 like Mac OS X) AppleWebKit/537.51.2 (KHTML, like Gecko) Version/7.0 Mobile/11D201 Safari/9537.53"
134.3.244.87 - - [07/Dec/2014:14:35:51 +0100] "GET /img/lay03.jpg HTTP/1.1" 200 6594 "http://www.dialyse-kreuzberg-friedrichshain.de/seiten/praxis.htm" "Mozilla/5.0 (iPhone; CPU iPhone OS 7_1_1 like Mac OS X) AppleWebKit/537.51.2 (KHTML, like Gecko) Version/7.0 Mobile/11D201 Safari/9537.53"
134.3.244.87 - - [07/Dec/2014:14:35:51 +0100] "GET /img/dr2a.gif HTTP/1.1" 200 37919 "http://www.dialyse-kreuzberg-friedrichshain.de/seiten/praxis.htm" "Mozilla/5.0 (iPhone; CPU iPhone OS 7_1_1 like Mac OS X) AppleWebKit/537.51.2 (KHTML, like Gecko) Version/7.0 Mobile/11D201 Safari/9537.53"
134.3.244.87 - - [07/Dec/2014:14:35:51 +0100] "GET /img/bog01.jpg HTTP/1.1" 200 412 "http://www.dialyse-kreuzberg-friedrichshain.de/seiten/praxis.htm" "Mozilla/5.0 (iPhone; CPU iPhone OS 7_1_1 like Mac OS X) AppleWebKit/537.51.2 (KHTML, like Gecko) Version/7.0 Mobile/11D201 Safari/9537.53"
134.3.244.87 - - [07/Dec/2014:14:35:51 +0100] "GET /img/bog02.jpg HTTP/1.1" 200 563 "http://www.dialyse-kreuzberg-friedrichshain.de/seiten/praxis.htm" "Mozilla/5.0 (iPhone; CPU iPhone OS 7_1_1 like Mac OS X) AppleWebKit/537.51.2 (KHTML, like Gecko) Version/7.0 Mobile/11D201 Safari/9537.53"
134.3.244.87 - - [07/Dec/2014:14:35:51 +0100] "GET /img/blue_bg.jpg HTTP/1.1" 200 308 "http://www.dialyse-kreuzberg-friedrichshain.de/seiten/praxis.htm" "Mozilla/5.0 (iPhone; CPU iPhone OS 7_1_1 like Mac OS X) AppleWebKit/537.51.2 (KHTML, like Gecko) Version/7.0 Mobile/11D201 Safari/9537.53"
134.3.244.87 - - [07/Dec/2014:14:35:51 +0100] "GET /img/bogen.gif HTTP/1.1" 200 889 "http://www.dialyse-kreuzberg-friedrichshain.de/seiten/praxis.htm" "Mozilla/5.0 (iPhone; CPU iPhone OS 7_1_1 like Mac OS X) AppleWebKit/537.51.2 (KHTML, like Gecko) Version/7.0 Mobile/11D201 Safari/9537.53"
134.3.244.87 - - [07/Dec/2014:14:35:51 +0100] "GET /img/men_sh.jpg HTTP/1.1" 200 337 "http://www.dialyse-kreuzberg-friedrichshain.de/seiten/praxis.htm" "Mozilla/5.0 (iPhone; CPU iPhone OS 7_1_1 like Mac OS X) AppleWebKit/537.51.2 (KHTML, like Gecko) Version/7.0 Mobile/11D201 Safari/9537.53"
134.3.244.87 - - [07/Dec/2014:14:35:51 +0100] "GET /img/menue_bg.jpg HTTP/1.1" 200 404 "http://www.dialyse-kreuzberg-friedrichshain.de/seiten/praxis.htm" "Mozilla/5.0 (iPhone; CPU iPhone OS 7_1_1 like Mac OS X) AppleWebKit/537.51.2 (KHTML, like Gecko) Version/7.0 Mobile/11D201 Safari/9537.53"
134.3.244.87 - - [07/Dec/2014:14:35:51 +0100] "GET /img/head_bg.jpg HTTP/1.1" 200 404 "http://www.dialyse-kreuzberg-friedrichshain.de/seiten/praxis.htm" "Mozilla/5.0 (iPhone; CPU iPhone OS 7_1_1 like Mac OS X) AppleWebKit/537.51.2 (KHTML, like Gecko) Version/7.0 Mobile/11D201 Safari/9537.53"
134.3.244.87 - - [07/Dec/2014:14:35:51 +0100] "GET /img/lay02.jpg HTTP/1.1" 200 8080 "http://www.dialyse-kreuzberg-friedrichshain.de/seiten/praxis.htm" "Mozilla/5.0 (iPhone; CPU iPhone OS 7_1_1 like Mac OS X) AppleWebKit/537.51.2 (KHTML, like Gecko) Version/7.0 Mobile/11D201 Safari/9537.53"
134.3.244.87 - - [07/Dec/2014:14:35:51 +0100] "GET /img/main_bg.jpg HTTP/1.1" 200 14795 "http://www.dialyse-kreuzberg-friedrichshain.de/seiten/praxis.htm" "Mozilla/5.0 (iPhone; CPU iPhone OS 7_1_1 like Mac OS X) AppleWebKit/537.51.2 (KHTML, like Gecko) Version/7.0 Mobile/11D201 Safari/9537.53"
134.3.244.87 - - [07/Dec/2014:14:35:51 +0100] "GET /img/orange_bg.jpg HTTP/1.1" 200 304 "http://www.dialyse-kreuzberg-friedrichshain.de/seiten/praxis.htm" "Mozilla/5.0 (iPhone; CPU iPhone OS 7_1_1 like Mac OS X) AppleWebKit/537.51.2 (KHTML, like Gecko) Version/7.0 Mobile/11D201 Safari/9537.53"
134.3.244.87 - - [07/Dec/2014:14:35:51 +0100] "GET /img/main_unten.jpg HTTP/1.1" 200 1800 "http://www.dialyse-kreuzberg-friedrichshain.de/seiten/praxis.htm" "Mozilla/5.0 (iPhone; CPU iPhone OS 7_1_1 like Mac OS X) AppleWebKit/537.51.2 (KHTML, like Gecko) Version/7.0 Mobile/11D201 Safari/9537.53"
134.3.244.87 - - [07/Dec/2014:14:35:51 +0100] "GET /img/main_bg01.jpg HTTP/1.1" 200 5803 "http://www.dialyse-kreuzberg-friedrichshain.de/seiten/praxis.htm" "Mozilla/5.0 (iPhone; CPU iPhone OS 7_1_1 like Mac OS X) AppleWebKit/537.51.2 (KHTML, like Gecko) Version/7.0 Mobile/11D201 Safari/9537.53"
134.3.244.87 - - [07/Dec/2014:14:35:51 +0100] "GET /img/re_bg.jpg HTTP/1.1" 200 462 "http://www.dialyse-kreuzberg-friedrichshain.de/seiten/praxis.htm" "Mozilla/5.0 (iPhone; CPU iPhone OS 7_1_1 like Mac OS X) AppleWebKit/537.51.2 (KHTML, like Gecko) Version/7.0 Mobile/11D201 Safari/9537.53"
134.3.244.87 - - [07/Dec/2014:14:35:52 +0100] "GET /img/lay01.jpg HTTP/1.1" 200 8988 "http://www.dialyse-kreuzberg-friedrichshain.de/seiten/praxis.htm" "Mozilla/5.0 (iPhone; CPU iPhone OS 7_1_1 like Mac OS X) AppleWebKit/537.51.2 (KHTML, like Gecko) Version/7.0 Mobile/11D201 Safari/9537.53"
134.3.244.87 - - [07/Dec/2014:14:35:52 +0100] "GET /img/men_bg.jpg HTTP/1.1" 200 395 "http://www.dialyse-kreuzberg-friedrichshain.de/seiten/praxis.htm" "Mozilla/5.0 (iPhone; CPU iPhone OS 7_1_1 like Mac OS X) AppleWebKit/537.51.2 (KHTML, like Gecko) Version/7.0 Mobile/11D201 Safari/9537.53"
134.3.244.87 - - [07/Dec/2014:14:35:52 +0100] "GET /img/top.gif HTTP/1.1" 200 898 "http://www.dialyse-kreuzberg-friedrichshain.de/seiten/praxis.htm" "Mozilla/5.0 (iPhone; CPU iPhone OS 7_1_1 like Mac OS X) AppleWebKit/537.51.2 (KHTML, like Gecko) Version/7.0 Mobile/11D201 Safari/9537.53"
66.249.78.99 - - [07/Dec/2014:14:43:18 +0100] "GET / HTTP/1.1" 200 12664 "-" "Mozilla/5.0 (compatible; Googlebot/2.1; +http://www.google.com/bot.html)"
178.137.128.163 - - [07/Dec/2014:15:27:23 +0100] "GET / HTTP/1.1" 200 12664 "http://pronekut.com/news.php?readmore=53" "Opera/9.0 (Windows NT 5.1; U; en)"
178.137.128.163 - - [07/Dec/2014:15:27:23 +0100] "GET / HTTP/1.1" 200 12664 "http://pronekut.com/news.php?readmore=53" "Opera/9.0 (Windows NT 5.1; U; en)"
178.137.128.163 - - [07/Dec/2014:15:27:24 +0100] "GET / HTTP/1.1" 200 12664 "http://pronekut.com/news.php?readmore=53" "Opera/9.0 (Windows NT 5.1; U; en)"
144.76.155.8 - - [07/Dec/2014:15:42:24 +0100] "GET /seiten/praxis.htm HTTP/1.1" 200 15062 "-" "Mozilla/5.0 (X11; Ubuntu; Linux i686; rv:15.0) Gecko/20100101 Firefox/15.0.1"
88.198.56.239 - - [07/Dec/2014:15:42:26 +0100] "GET /seiten/kontakt.php HTTP/1.1" 200 13535 "-" "Mozilla/5.0 (Macintosh; Intel Mac OS X 10_8) AppleWebKit/536.25 (KHTML, like Gecko) Version/6.0 Safari/536.25"
46.163.116.194 - - [07/Dec/2014:16:30:08 +0100] "GET / HTTP/1.1" 200 12664 "-" "Apache-HttpClient/4.3.1 (java 1.5)"
46.163.116.194 - - [07/Dec/2014:16:30:08 +0100] "GET /seiten/impressum.htm HTTP/1.1" 200 14153 "-" "Apache-HttpClient/4.3.1 (java 1.5)"
46.163.116.194 - - [07/Dec/2014:16:30:08 +0100] "GET /seiten/kontakt.php HTTP/1.1" 200 13535 "-" "Apache-HttpClient/4.3.1 (java 1.5)"
46.119.119.184 - - [07/Dec/2014:16:51:02 +0100] "GET / HTTP/1.1" 200 12664 "https://www.tattooreligion.ru/" "Mozilla/4.0 (compatible; MSIE 7.0b; Windows NT 6.0)"
46.119.119.184 - - [07/Dec/2014:16:51:02 +0100] "GET / HTTP/1.1" 200 12664 "http://smart-halyava.com/" "Mozilla/4.0 (compatible; MSIE 7.0b; Windows NT 6.0)"
178.137.165.25 - - [07/Dec/2014:16:51:02 +0100] "GET / HTTP/1.1" 200 12664 "http://bet-prognoz.com/" "Mozilla/4.0 (compatible; MSIE 6.0; Windows NT 5.0; T312461)"
46.119.119.184 - - [07/Dec/2014:16:51:02 +0100] "GET / HTTP/1.1" 200 12664 "http://w7s.ru/" "Mozilla/4.0 (compatible; MSIE 7.0b; Windows NT 6.0)"
178.137.165.25 - - [07/Dec/2014:16:51:02 +0100] "GET / HTTP/1.1" 200 12664 "http://dresswoman.ru/" "Mozilla/4.0 (compatible; MSIE 6.0; Windows NT 5.0; T312461)"
46.119.119.184 - - [07/Dec/2014:16:51:02 +0100] "GET / HTTP/1.1" 200 12664 "http://cleaning-uborka.ru/" "Mozilla/4.0 (compatible; MSIE 7.0b; Windows NT 6.0)"
178.137.165.25 - - [07/Dec/2014:16:51:02 +0100] "GET / HTTP/1.1" 200 12664 "http://mirtesen.net/" "Mozilla/4.0 (compatible; MSIE 6.0; Windows NT 5.0; T312461)"
178.137.165.25 - - [07/Dec/2014:16:51:02 +0100] "GET / HTTP/1.1" 200 12664 "http://flowwwers.com/" "Mozilla/4.0 (compatible; MSIE 6.0; Windows NT 5.0; T312461)"
46.119.119.184 - - [07/Dec/2014:16:51:02 +0100] "GET / HTTP/1.1" 200 12664 "https://www.tattooreligion.ru/" "Mozilla/4.0 (compatible; MSIE 7.0b; Windows NT 6.0)"
46.119.119.184 - - [07/Dec/2014:16:51:02 +0100] "GET / HTTP/1.1" 200 12664 "http://smart-halyava.com/" "Mozilla/4.0 (compatible; MSIE 7.0b; Windows NT 6.0)"
178.137.165.25 - - [07/Dec/2014:16:51:02 +0100] "GET / HTTP/1.1" 200 12664 "http://bet-prognoz.com/" "Mozilla/4.0 (compatible; MSIE 6.0; Windows NT 5.0; T312461)"
46.119.119.184 - - [07/Dec/2014:16:51:02 +0100] "GET / HTTP/1.1" 200 12664 "http://w7s.ru/" "Mozilla/4.0 (compatible; MSIE 7.0b; Windows NT 6.0)"
178.137.165.25 - - [07/Dec/2014:16:51:02 +0100] "GET / HTTP/1.1" 200 12664 "http://mirtesen.net/" "Mozilla/4.0 (compatible; MSIE 6.0; Windows NT 5.0; T312461)"
178.137.165.25 - - [07/Dec/2014:16:51:02 +0100] "GET / HTTP/1.1" 200 12664 "http://dresswoman.ru/" "Mozilla/4.0 (compatible; MSIE 6.0; Windows NT 5.0; T312461)"
46.119.119.184 - - [07/Dec/2014:16:51:02 +0100] "GET / HTTP/1.1" 200 12664 "http://cleaning-uborka.ru/" "Mozilla/4.0 (compatible; MSIE 7.0b; Windows NT 6.0)"
178.137.165.25 - - [07/Dec/2014:16:51:02 +0100] "GET / HTTP/1.1" 200 12664 "http://flowwwers.com/" "Mozilla/4.0 (compatible; MSIE 6.0; Windows NT 5.0; T312461)"
46.119.119.184 - - [07/Dec/2014:16:51:02 +0100] "GET / HTTP/1.1" 200 12664 "http://smart-halyava.com/" "Mozilla/4.0 (compatible; MSIE 7.0b; Windows NT 6.0)"
178.137.165.25 - - [07/Dec/2014:16:51:02 +0100] "GET / HTTP/1.1" 200 12664 "http://bet-prognoz.com/" "Mozilla/4.0 (compatible; MSIE 6.0; Windows NT 5.0; T312461)"
46.119.119.184 - - [07/Dec/2014:16:51:02 +0100] "GET / HTTP/1.1" 200 12664 "http://w7s.ru/" "Mozilla/4.0 (compatible; MSIE 7.0b; Windows NT 6.0)"
178.137.165.25 - - [07/Dec/2014:16:51:02 +0100] "GET / HTTP/1.1" 200 12664 "http://mirtesen.net/" "Mozilla/4.0 (compatible; MSIE 6.0; Windows NT 5.0; T312461)"
178.137.165.25 - - [07/Dec/2014:16:51:02 +0100] "GET / HTTP/1.1" 200 12664 "http://dresswoman.ru/" "Mozilla/4.0 (compatible; MSIE 6.0; Windows NT 5.0; T312461)"
46.119.119.184 - - [07/Dec/2014:16:51:02 +0100] "GET / HTTP/1.1" 200 12664 "http://cleaning-uborka.ru/" "Mozilla/4.0 (compatible; MSIE 7.0b; Windows NT 6.0)"
178.137.165.25 - - [07/Dec/2014:16:51:03 +0100] "GET / HTTP/1.1" 200 12664 "http://flowwwers.com/" "Mozilla/4.0 (compatible; MSIE 6.0; Windows NT 5.0; T312461)"
178.137.94.34 - - [07/Dec/2014:16:51:03 +0100] "GET / HTTP/1.1" 200 12664 "http://uiutdom.ru/" "Mozilla/5.0 (Windows NT 5.1; U; en) Opera 8.01"
178.137.94.34 - - [07/Dec/2014:16:51:03 +0100] "GET / HTTP/1.1" 200 12664 "http://investsuccess.org/" "Mozilla/5.0 (Windows NT 5.1; U; en) Opera 8.01"
178.137.94.34 - - [07/Dec/2014:16:51:03 +0100] "GET / HTTP/1.1" 200 12664 "http://infoprosto.com/" "Opera/8.01 (Windows NT 5.1)"
178.137.94.34 - - [07/Dec/2014:16:51:03 +0100] "GET / HTTP/1.1" 200 12664 "http://uiutdom.ru/" "Mozilla/5.0 (Windows NT 5.1; U; en) Opera 8.01"
178.137.94.34 - - [07/Dec/2014:16:51:03 +0100] "GET / HTTP/1.1" 200 12664 "http://investsuccess.org/" "Mozilla/5.0 (Windows NT 5.1; U; en) Opera 8.01"
178.137.94.34 - - [07/Dec/2014:16:51:03 +0100] "GET / HTTP/1.1" 200 12664 "http://infoprosto.com/" "Opera/8.01 (Windows NT 5.1)"
46.119.119.184 - - [07/Dec/2014:16:51:03 +0100] "GET / HTTP/1.1" 200 12664 "https://www.tattooreligion.ru/" "Mozilla/4.0 (compatible; MSIE 7.0b; Windows NT 6.0)"
178.137.94.34 - - [07/Dec/2014:16:51:03 +0100] "GET / HTTP/1.1" 200 12664 "http://uiutdom.ru/" "Mozilla/5.0 (Windows NT 5.1; U; en) Opera 8.01"
178.137.94.34 - - [07/Dec/2014:16:51:03 +0100] "GET / HTTP/1.1" 200 12664 "http://investsuccess.org/" "Mozilla/5.0 (Windows NT 5.1; U; en) Opera 8.01"
178.137.94.34 - - [07/Dec/2014:16:51:03 +0100] "GET / HTTP/1.1" 200 12664 "http://infoprosto.com/" "Opera/8.01 (Windows NT 5.1)"
178.137.94.34 - - [07/Dec/2014:16:51:04 +0100] "GET / HTTP/1.1" 200 12664 "http://www.hdporno7.com/" "Mozilla/5.0 (Windows NT 5.1; U; en) Opera 8.01"
178.137.94.34 - - [07/Dec/2014:16:51:04 +0100] "GET / HTTP/1.1" 200 12664 "http://www.hdporno7.com/" "Mozilla/5.0 (Windows NT 5.1; U; en) Opera 8.01"
