66.249.78.82 - - [01/Nov/2014:01:40:08 +0100] "GET /css/bootstrap.min.css HTTP/1.1" 200 101265 "-" "Mozilla/5.0 (compatible; Googlebot/2.1; +http://www.google.com/bot.html)"
66.249.78.82 - - [01/Nov/2014:01:40:08 +0100] "GET /css/bootstrap-responsive.min.css HTTP/1.1" 200 16520 "-" "Mozilla/5.0 (compatible; Googlebot/2.1; +http://www.google.com/bot.html)"
66.249.78.89 - - [01/Nov/2014:10:41:28 +0100] "GET /robots.txt HTTP/1.1" 404 1256 "-" "Mozilla/5.0 (compatible; Googlebot/2.1; +http://www.google.com/bot.html)"
66.249.78.82 - - [01/Nov/2014:10:41:28 +0100] "GET / HTTP/1.1" 200 3704 "-" "Mozilla/5.0 (iPhone; CPU iPhone OS 6_0 like Mac OS X) AppleWebKit/536.26 (KHTML, like Gecko) Version/6.0 Mobile/10A5376e Safari/8536.25 (compatible; Googlebot/2.1; +http://www.google.com/bot.html)"
141.8.147.12 - - [01/Nov/2014:18:09:51 +0100] "GET /robots.txt HTTP/1.1" 404 1256 "-" "Mozilla/5.0 (compatible; YandexBot/3.0; +http://yandex.com/bots)"
141.8.147.12 - - [02/Nov/2014:02:59:42 +0100] "GET / HTTP/1.1" 200 3704 "-" "Mozilla/5.0 (compatible; YandexBot/3.0; +http://yandex.com/bots)"
157.55.39.1 - - [02/Nov/2014:14:09:09 +0100] "GET /robots.txt HTTP/1.1" 404 1256 "-" "Mozilla/5.0 (compatible; bingbot/2.0; +http://www.bing.com/bingbot.htm)"
157.55.39.1 - - [02/Nov/2014:18:14:02 +0100] "GET /impressum.html HTTP/1.1" 200 2574 "-" "Mozilla/5.0 (compatible; bingbot/2.0; +http://www.bing.com/bingbot.htm)"
207.46.13.25 - - [02/Nov/2014:18:15:23 +0100] "GET /css/bootstrap.min.css HTTP/1.1" 200 101265 "-" "Mozilla/5.0 (compatible; bingbot/2.0; +http://www.bing.com/bingbot.htm)"
157.55.39.212 - - [02/Nov/2014:18:17:09 +0100] "GET /robots.txt HTTP/1.1" 404 1256 "-" "Mozilla/5.0 (compatible; bingbot/2.0; +http://www.bing.com/bingbot.htm)"
157.55.39.1 - - [02/Nov/2014:18:29:58 +0100] "GET /js/bootstrap.min.js HTTP/1.1" 200 25764 "-" "Mozilla/5.0 (compatible; bingbot/2.0; +http://www.bing.com/bingbot.htm)"
199.30.25.250 - - [02/Nov/2014:19:15:18 +0100] "GET /css/bootstrap-responsive.min.css HTTP/1.1" 200 16520 "http://www.beos-polymer.de/impressum.html" "Mozilla/5.0 (Windows NT 6.1; WOW64) AppleWebKit/534+ (KHTML, like Gecko) BingPreview/1.0b"
141.8.147.12 - - [03/Nov/2014:02:58:21 +0100] "GET /robots.txt HTTP/1.1" 404 1256 "-" "Mozilla/5.0 (compatible; YandexBot/3.0; +http://yandex.com/bots)"
157.55.39.10 - - [03/Nov/2014:06:53:29 +0100] "GET /impressum.html HTTP/1.1" 200 2574 "-" "Mozilla/5.0 (compatible; bingbot/2.0; +http://www.bing.com/bingbot.htm)"
141.8.147.12 - - [03/Nov/2014:08:24:13 +0100] "GET / HTTP/1.1" 200 3704 "-" "Mozilla/5.0 (compatible; YandexBot/3.0; +http://yandex.com/bots)"
108.59.8.80 - - [03/Nov/2014:09:30:47 +0100] "GET /robots.txt HTTP/1.0" 404 1256 "-" "Mozilla/5.0 (compatible; MJ12bot/v1.4.5; http://www.majestic12.co.uk/bot.php?+)"
108.59.8.80 - - [03/Nov/2014:09:30:50 +0100] "GET / HTTP/1.0" 200 3704 "-" "Mozilla/5.0 (compatible; MJ12bot/v1.4.5; http://www.majestic12.co.uk/bot.php?+)"
66.249.64.94 - - [03/Nov/2014:19:24:38 +0100] "GET /robots.txt HTTP/1.1" 404 1256 "-" "Mozilla/5.0 (compatible; Googlebot/2.1; +http://www.google.com/bot.html)"
66.249.78.82 - - [03/Nov/2014:19:24:38 +0100] "GET / HTTP/1.1" 200 3704 "-" "Mozilla/5.0 (iPhone; CPU iPhone OS 6_0 like Mac OS X) AppleWebKit/536.26 (KHTML, like Gecko) Version/6.0 Mobile/10A5376e Safari/8536.25 (compatible; Googlebot/2.1; +http://www.google.com/bot.html)"
91.121.112.108 - - [04/Nov/2014:03:25:02 +0100] "GET / HTTP/1.1" 200 3704 "-" "Mozilla/5.0 (Windows NT 6.1; WOW64) AppleWebKit/537.31 (KHTML, like Gecko) Chrome/26.0.1410.64 Safari/537.31"
91.121.112.108 - - [04/Nov/2014:03:25:03 +0100] "GET /impressum.html HTTP/1.1" 200 2574 "-" "Mozilla/5.0 (Windows NT 6.1; WOW64) AppleWebKit/537.31 (KHTML, like Gecko) Chrome/26.0.1410.64 Safari/537.31"
91.121.112.108 - - [04/Nov/2014:03:25:05 +0100] "GET /index.html HTTP/1.1" 200 3704 "-" "Mozilla/5.0 (Windows NT 6.1; WOW64) AppleWebKit/537.31 (KHTML, like Gecko) Chrome/26.0.1410.64 Safari/537.31"
91.121.112.108 - - [04/Nov/2014:03:25:07 +0100] "GET /css/bootstrap-responsive.min.css HTTP/1.1" 200 16520 "-" "Mozilla/5.0 (Windows NT 6.1; WOW64) AppleWebKit/537.31 (KHTML, like Gecko) Chrome/26.0.1410.64 Safari/537.31"
91.121.112.108 - - [04/Nov/2014:03:25:08 +0100] "GET /css/bootstrap.min.css HTTP/1.1" 200 101265 "-" "Mozilla/5.0 (Windows NT 6.1; WOW64) AppleWebKit/537.31 (KHTML, like Gecko) Chrome/26.0.1410.64 Safari/537.31"
188.165.15.78 - - [04/Nov/2014:03:56:18 +0100] "GET /robots.txt HTTP/1.1" 404 1256 "-" "Mozilla/5.0 (compatible; AhrefsBot/5.0; +http://ahrefs.com/robot/)"
89.247.139.65 - - [04/Nov/2014:09:35:21 +0100] "GET / HTTP/1.1" 200 3704 "http://www.google.de/url?sa=t&rct=j&q=&esrc=s&source=web&cd=2&sqi=2&ved=0CCoQFjAB&url=http%3A%2F%2Fwww.beos-polymer.de%2F&ei=hY9YVJmmLpTsaOzfgOgN&usg=AFQjCNHkP8INSL1dW-97m1F_ljbLQHJSGA&bvm=bv.78677474,d.d2s" "Mozilla/5.0 (Windows NT 6.1; WOW64; Trident/7.0; rv:11.0) like Gecko"
89.247.139.65 - - [04/Nov/2014:09:35:22 +0100] "GET /css/bootstrap-responsive.min.css HTTP/1.1" 200 16520 "http://www.beos-polymer.de/" "Mozilla/5.0 (Windows NT 6.1; WOW64; Trident/7.0; rv:11.0) like Gecko"
89.247.139.65 - - [04/Nov/2014:09:35:22 +0100] "GET /js/bootstrap.min.js HTTP/1.1" 200 25764 "http://www.beos-polymer.de/" "Mozilla/5.0 (Windows NT 6.1; WOW64; Trident/7.0; rv:11.0) like Gecko"
89.247.139.65 - - [04/Nov/2014:09:35:22 +0100] "GET /css/bootstrap.min.css HTTP/1.1" 200 101265 "http://www.beos-polymer.de/" "Mozilla/5.0 (Windows NT 6.1; WOW64; Trident/7.0; rv:11.0) like Gecko"
89.247.139.65 - - [04/Nov/2014:09:35:22 +0100] "GET /img/beos.jpg HTTP/1.1" 200 46831 "http://www.beos-polymer.de/" "Mozilla/5.0 (Windows NT 6.1; WOW64; Trident/7.0; rv:11.0) like Gecko"
89.247.139.65 - - [04/Nov/2014:09:35:23 +0100] "GET /ico/favicon.ico HTTP/1.1" 404 1256 "-" "Mozilla/5.0 (Windows NT 6.1; Win64; x64; Trident/7.0; rv:11.0) like Gecko"
89.247.139.65 - - [04/Nov/2014:09:35:23 +0100] "GET /favicon.ico HTTP/1.1" 404 1256 "-" "Mozilla/5.0 (Windows NT 6.1; Win64; x64; Trident/7.0; rv:11.0) like Gecko"
81.144.138.34 - - [04/Nov/2014:13:20:11 +0100] "GET /robots.txt HTTP/1.1" 404 1256 "-" "Wotbox/2.01 (+http://www.wotbox.com/bot/)"
81.144.138.34 - - [04/Nov/2014:13:20:24 +0100] "GET / HTTP/1.1" 200 3704 "-" "Wotbox/2.01 (+http://www.wotbox.com/bot/)"
81.144.138.34 - - [04/Nov/2014:13:20:30 +0100] "GET /impressum.html HTTP/1.1" 200 2574 "-" "Wotbox/2.01 (+http://www.wotbox.com/bot/)"
81.144.138.34 - - [04/Nov/2014:13:20:39 +0100] "GET /index.html HTTP/1.1" 200 3704 "-" "Wotbox/2.01 (+http://www.wotbox.com/bot/)"
157.55.39.10 - - [04/Nov/2014:14:06:12 +0100] "GET /impressum.html HTTP/1.1" 200 2574 "-" "Mozilla/5.0 (compatible; bingbot/2.0; +http://www.bing.com/bingbot.htm)"
157.55.39.10 - - [04/Nov/2014:14:06:25 +0100] "GET /css/bootstrap-responsive.min.css HTTP/1.1" 200 16520 "-" "Mozilla/5.0 (compatible; bingbot/2.0; +http://www.bing.com/bingbot.htm)"
157.55.39.10 - - [04/Nov/2014:14:06:26 +0100] "GET /js/bootstrap.min.js HTTP/1.1" 200 25764 "-" "Mozilla/5.0 (compatible; bingbot/2.0; +http://www.bing.com/bingbot.htm)"
157.55.39.212 - - [04/Nov/2014:14:06:29 +0100] "GET /robots.txt HTTP/1.1" 404 1256 "-" "Mozilla/5.0 (compatible; bingbot/2.0; +http://www.bing.com/bingbot.htm)"
157.55.39.212 - - [04/Nov/2014:14:06:29 +0100] "GET /robots.txt HTTP/1.1" 404 1256 "-" "Mozilla/5.0 (compatible; bingbot/2.0; +http://www.bing.com/bingbot.htm)"
207.46.13.25 - - [04/Nov/2014:14:06:34 +0100] "GET /css/bootstrap.min.css HTTP/1.1" 200 101265 "-" "Mozilla/5.0 (compatible; bingbot/2.0; +http://www.bing.com/bingbot.htm)"
66.249.78.89 - - [04/Nov/2014:20:11:55 +0100] "GET /robots.txt HTTP/1.1" 404 1256 "-" "Mozilla/5.0 (compatible; Googlebot/2.1; +http://www.google.com/bot.html)"
66.249.64.90 - - [04/Nov/2014:20:11:55 +0100] "GET / HTTP/1.1" 304 - "-" "Mozilla/5.0 (iPhone; CPU iPhone OS 6_0 like Mac OS X) AppleWebKit/536.26 (KHTML, like Gecko) Version/6.0 Mobile/10A5376e Safari/8536.25 (compatible; Googlebot/2.1; +http://www.google.com/bot.html)"
141.8.147.12 - - [05/Nov/2014:00:07:25 +0100] "GET /robots.txt HTTP/1.1" 404 1256 "-" "Mozilla/5.0 (compatible; YandexBot/3.0; +http://yandex.com/bots)"
141.8.147.12 - - [05/Nov/2014:06:57:43 +0100] "GET / HTTP/1.1" 200 3704 "-" "Mozilla/5.0 (compatible; YandexBot/3.0; +http://yandex.com/bots)"
157.55.39.10 - - [05/Nov/2014:10:09:38 +0100] "GET /robots.txt HTTP/1.1" 404 1256 "-" "Mozilla/5.0 (compatible; bingbot/2.0; +http://www.bing.com/bingbot.htm)"
157.55.39.222 - - [05/Nov/2014:10:10:32 +0100] "GET /impressum.html HTTP/1.1" 200 2574 "-" "Mozilla/5.0 (compatible; bingbot/2.0; +http://www.bing.com/bingbot.htm)"
157.55.39.222 - - [05/Nov/2014:10:11:16 +0100] "GET /css/bootstrap-responsive.min.css HTTP/1.1" 200 16520 "-" "Mozilla/5.0 (compatible; bingbot/2.0; +http://www.bing.com/bingbot.htm)"
95.172.88.8 - - [05/Nov/2014:10:25:09 +0100] "GET /impressum.html HTTP/1.1" 200 2574 "http://www.google.com/url?sa=t&rct=j&q=&esrc=s&source=web&cd=2&ved=0CCgQFjAB&url=http%3A%2F%2Fwww.beos-polymer.de%2Fimpressum.html&ei=2uxZVNipNoTV7Aat9oCwDA&usg=AFQjCNGm_z3Db7Y6tMgxfE43y5B7CsUreQ&bvm=bv.78677474,d.ZGU" "Mozilla/5.0 (Windows NT 6.1; WOW64; rv:33.0) Gecko/20100101 Firefox/33.0"
95.172.88.8 - - [05/Nov/2014:10:25:09 +0100] "GET /css/bootstrap-responsive.min.css HTTP/1.1" 200 16520 "http://www.beos-polymer.de/impressum.html" "Mozilla/5.0 (Windows NT 6.1; WOW64; rv:33.0) Gecko/20100101 Firefox/33.0"
95.172.88.8 - - [05/Nov/2014:10:25:10 +0100] "GET /ico/favicon.ico HTTP/1.1" 404 1256 "-" "Mozilla/5.0 (Windows NT 6.1; WOW64; rv:33.0) Gecko/20100101 Firefox/33.0"
95.172.88.8 - - [05/Nov/2014:10:25:09 +0100] "GET /css/bootstrap.min.css HTTP/1.1" 200 101265 "http://www.beos-polymer.de/impressum.html" "Mozilla/5.0 (Windows NT 6.1; WOW64; rv:33.0) Gecko/20100101 Firefox/33.0"
95.172.88.8 - - [05/Nov/2014:10:25:10 +0100] "GET /ico/favicon.ico HTTP/1.1" 404 1256 "-" "Mozilla/5.0 (Windows NT 6.1; WOW64; rv:33.0) Gecko/20100101 Firefox/33.0"
95.172.88.8 - - [05/Nov/2014:10:25:11 +0100] "GET /js/bootstrap.min.js HTTP/1.1" 200 25764 "http://www.beos-polymer.de/impressum.html" "Mozilla/5.0 (Windows NT 6.1; WOW64; rv:33.0) Gecko/20100101 Firefox/33.0"
95.172.88.8 - - [05/Nov/2014:10:25:12 +0100] "GET /ico/favicon.ico HTTP/1.1" 404 1256 "-" "Mozilla/5.0 (Windows NT 6.1; WOW64; rv:33.0) Gecko/20100101 Firefox/33.0"
95.172.88.8 - - [05/Nov/2014:10:26:48 +0100] "GET /favicon.ico HTTP/1.1" 404 1256 "-" "Mozilla/5.0 (Windows NT 6.1; WOW64; rv:33.0) Gecko/20100101 Firefox/33.0"
95.172.88.8 - - [05/Nov/2014:10:26:48 +0100] "GET /favicon.ico HTTP/1.1" 404 1256 "-" "Mozilla/5.0 (Windows NT 6.1; WOW64; rv:33.0) Gecko/20100101 Firefox/33.0"
208.115.113.87 - - [06/Nov/2014:04:10:23 +0100] "GET /robots.txt HTTP/1.1" 404 1256 "-" "Mozilla/5.0 (compatible; DotBot/1.1; http://www.opensiteexplorer.org/dotbot, help@moz.com)"
208.115.113.87 - - [06/Nov/2014:06:00:28 +0100] "GET /impressum.html HTTP/1.1" 200 2574 "-" "Mozilla/5.0 (compatible; DotBot/1.1; http://www.opensiteexplorer.org/dotbot, help@moz.com)"
141.8.147.12 - - [06/Nov/2014:07:20:56 +0100] "GET /robots.txt HTTP/1.1" 404 1256 "-" "Mozilla/5.0 (compatible; YandexBot/3.0; +http://yandex.com/bots)"
66.249.64.90 - - [06/Nov/2014:10:01:47 +0100] "GET /robots.txt HTTP/1.1" 404 1256 "-" "Mozilla/5.0 (compatible; Googlebot/2.1; +http://www.google.com/bot.html)"
66.249.78.82 - - [06/Nov/2014:10:01:47 +0100] "GET / HTTP/1.1" 200 3704 "-" "Mozilla/5.0 (compatible; Googlebot/2.1; +http://www.google.com/bot.html)"
212.111.243.254 - - [06/Nov/2014:10:03:53 +0100] "GET / HTTP/1.1" 200 3704 "http://www.google.de/url?sa=t&rct=j&q=&esrc=s&frm=1&source=web&cd=2&sqi=2&ved=0CCoQFjAB&url=http%3A%2F%2Fwww.beos-polymer.de%2F&ei=SjlbVJ3TI8_iarnngOAN&usg=AFQjCNHkP8INSL1dW-97m1F_ljbLQHJSGA&bvm=bv.78677474,d.d2s" "Mozilla/5.0 (compatible; MSIE 9.0; Windows NT 6.1; WOW64; Trident/5.0)"
212.111.243.254 - - [06/Nov/2014:10:03:53 +0100] "GET /css/bootstrap-responsive.min.css HTTP/1.1" 200 16520 "http://www.beos-polymer.de/" "Mozilla/5.0 (compatible; MSIE 9.0; Windows NT 6.1; WOW64; Trident/5.0)"
212.111.243.254 - - [06/Nov/2014:10:03:53 +0100] "GET /css/bootstrap.min.css HTTP/1.1" 200 101265 "http://www.beos-polymer.de/" "Mozilla/5.0 (compatible; MSIE 9.0; Windows NT 6.1; WOW64; Trident/5.0)"
212.111.243.254 - - [06/Nov/2014:10:03:53 +0100] "GET /img/glyphicons-halflings.png HTTP/1.1" 200 12799 "http://www.beos-polymer.de/" "Mozilla/5.0 (compatible; MSIE 9.0; Windows NT 6.1; WOW64; Trident/5.0)"
212.111.243.254 - - [06/Nov/2014:10:03:53 +0100] "GET /img/beos.jpg HTTP/1.1" 200 46831 "http://www.beos-polymer.de/" "Mozilla/5.0 (compatible; MSIE 9.0; Windows NT 6.1; WOW64; Trident/5.0)"
212.111.243.254 - - [06/Nov/2014:10:03:53 +0100] "GET /js/bootstrap.min.js HTTP/1.1" 200 25764 "http://www.beos-polymer.de/" "Mozilla/5.0 (compatible; MSIE 9.0; Windows NT 6.1; WOW64; Trident/5.0)"
212.111.243.254 - - [06/Nov/2014:10:03:53 +0100] "GET /ico/favicon.ico HTTP/1.1" 404 1256 "-" "Mozilla/5.0 (compatible; MSIE 9.0; Windows NT 6.1; WOW64; Trident/5.0)"
188.165.15.201 - - [06/Nov/2014:10:17:18 +0100] "GET /robots.txt HTTP/1.1" 404 1256 "-" "Mozilla/5.0 (compatible; AhrefsBot/5.0; +http://ahrefs.com/robot/)"
141.8.147.12 - - [06/Nov/2014:10:19:43 +0100] "GET / HTTP/1.1" 200 3704 "-" "Mozilla/5.0 (compatible; YandexBot/3.0; +http://yandex.com/bots)"
162.210.196.98 - - [06/Nov/2014:11:41:13 +0100] "GET /robots.txt HTTP/1.0" 404 1256 "-" "Mozilla/5.0 (compatible; MJ12bot/v1.4.5; http://www.majestic12.co.uk/bot.php?+)"
162.210.196.98 - - [06/Nov/2014:11:41:15 +0100] "GET / HTTP/1.0" 200 3704 "-" "Mozilla/5.0 (compatible; MJ12bot/v1.4.5; http://www.majestic12.co.uk/bot.php?+)"
66.249.65.142 - - [06/Nov/2014:12:52:01 +0100] "GET /robots.txt HTTP/1.1" 404 1256 "-" "Mozilla/5.0 (compatible; Googlebot/2.1; +http://www.google.com/bot.html)"
66.249.65.150 - - [06/Nov/2014:12:52:01 +0100] "GET /css/bootstrap.min.css HTTP/1.1" 200 101265 "-" "Mozilla/5.0 (compatible; Googlebot/2.1; +http://www.google.com/bot.html)"
66.249.65.150 - - [06/Nov/2014:12:52:28 +0100] "GET /css/bootstrap-responsive.min.css HTTP/1.1" 200 16520 "-" "Mozilla/5.0 (compatible; Googlebot/2.1; +http://www.google.com/bot.html)"
66.249.65.142 - - [06/Nov/2014:14:44:44 +0100] "GET / HTTP/1.1" 304 - "-" "Mozilla/5.0 (iPhone; CPU iPhone OS 6_0 like Mac OS X) AppleWebKit/536.26 (KHTML, like Gecko) Version/6.0 Mobile/10A5376e Safari/8536.25 (compatible; Googlebot/2.1; +http://www.google.com/bot.html)"
207.46.13.32 - - [06/Nov/2014:14:53:21 +0100] "GET /index.html HTTP/1.1" 200 3704 "-" "Mozilla/5.0 (compatible; bingbot/2.0; +http://www.bing.com/bingbot.htm)"
207.46.13.19 - - [06/Nov/2014:14:53:39 +0100] "GET /css/bootstrap-responsive.min.css HTTP/1.1" 200 16520 "-" "Mozilla/5.0 (compatible; bingbot/2.0; +http://www.bing.com/bingbot.htm)"
207.46.13.19 - - [06/Nov/2014:14:53:40 +0100] "GET /img/beos.jpg HTTP/1.1" 200 46831 "-" "Mozilla/5.0 (compatible; bingbot/2.0; +http://www.bing.com/bingbot.htm)"
207.46.13.19 - - [06/Nov/2014:14:53:41 +0100] "GET /js/bootstrap.min.js HTTP/1.1" 200 25764 "-" "Mozilla/5.0 (compatible; bingbot/2.0; +http://www.bing.com/bingbot.htm)"
157.55.39.142 - - [06/Nov/2014:14:53:44 +0100] "GET /css/bootstrap.min.css HTTP/1.1" 200 101265 "-" "Mozilla/5.0 (compatible; bingbot/2.0; +http://www.bing.com/bingbot.htm)"
207.46.13.32 - - [06/Nov/2014:14:53:53 +0100] "GET /robots.txt HTTP/1.1" 404 1256 "-" "Mozilla/5.0 (compatible; bingbot/2.0; +http://www.bing.com/bingbot.htm)"
93.186.202.244 - - [06/Nov/2014:15:43:34 +0100] "GET / HTTP/1.1" 200 3704 "-" "Mozilla/5.0 (X11; Ubuntu; Linux x86_64; rv:14.0) Gecko/20100101 Firefox/14.0.1"
93.186.202.244 - - [06/Nov/2014:15:43:34 +0100] "GET /impressum.html HTTP/1.1" 200 2574 "-" "Mozilla/5.0 (compatible; MSIE 10.0; Windows NT 6.1; Trident/5.0)"
66.249.65.146 - - [06/Nov/2014:17:32:15 +0100] "GET / HTTP/1.1" 200 3704 "-" "Mozilla/5.0 (compatible; Googlebot/2.1; +http://www.google.com/bot.html)"
66.249.65.142 - - [06/Nov/2014:21:03:27 +0100] "GET / HTTP/1.1" 304 - "-" "Mozilla/5.0 (iPhone; CPU iPhone OS 6_0 like Mac OS X) AppleWebKit/536.26 (KHTML, like Gecko) Version/6.0 Mobile/10A5376e Safari/8536.25 (compatible; Googlebot/2.1; +http://www.google.com/bot.html)"
72.46.136.178 - - [06/Nov/2014:22:36:57 +0100] "GET / HTTP/1.1" 200 3704 "-" "Mozilla/4.0 (compatible; MSIE 6.0; Windows NT 5.1)"
104.131.193.113 - - [07/Nov/2014:08:46:58 +0100] "GET / HTTP/1.0" 200 3704 "-" "Mozilla/5.0 (compatible; NetcraftSurveyAgent/1.0; +info@netcraft.com)"
66.249.65.146 - - [07/Nov/2014:10:48:49 +0100] "GET /robots.txt HTTP/1.1" 404 1256 "-" "Mozilla/5.0 (compatible; Googlebot/2.1; +http://www.google.com/bot.html)"
66.249.65.146 - - [07/Nov/2014:10:48:49 +0100] "GET / HTTP/1.1" 304 - "-" "Mozilla/5.0 (compatible; Googlebot/2.1; +http://www.google.com/bot.html)"
66.249.65.150 - - [07/Nov/2014:12:39:54 +0100] "GET /impressum.html HTTP/1.1" 304 - "-" "Mozilla/5.0 (compatible; Googlebot/2.1; +http://www.google.com/bot.html)"
66.249.78.96 - - [07/Nov/2014:16:55:16 +0100] "GET /robots.txt HTTP/1.1" 404 1256 "-" "Mozilla/5.0 (compatible; Googlebot/2.1; +http://www.google.com/bot.html)"
66.249.78.82 - - [07/Nov/2014:16:55:16 +0100] "GET / HTTP/1.1" 304 - "-" "Mozilla/5.0 (compatible; Googlebot/2.1; +http://www.google.com/bot.html)"
66.249.78.89 - - [07/Nov/2014:22:54:36 +0100] "GET /impressum.html HTTP/1.1" 304 - "-" "Mozilla/5.0 (compatible; Googlebot/2.1; +http://www.google.com/bot.html)"
144.76.95.231 - - [08/Nov/2014:00:11:41 +0100] "GET /robots.txt HTTP/1.0" 404 1256 "-" "Mozilla/5.0 (compatible; MJ12bot/v1.4.5; http://www.majestic12.co.uk/bot.php?+)"
144.76.95.231 - - [08/Nov/2014:00:11:44 +0100] "GET /impressum.html HTTP/1.0" 200 2574 "-" "Mozilla/5.0 (compatible; MJ12bot/v1.4.5; http://www.majestic12.co.uk/bot.php?+)"
66.249.78.89 - - [08/Nov/2014:02:59:30 +0100] "GET / HTTP/1.1" 200 3704 "-" "Mozilla/5.0 (compatible; Googlebot/2.1; +http://www.google.com/bot.html)"
66.249.78.96 - - [08/Nov/2014:18:35:24 +0100] "GET /robots.txt HTTP/1.1" 404 1256 "-" "Mozilla/5.0 (compatible; Googlebot/2.1; +http://www.google.com/bot.html)"
66.249.78.89 - - [08/Nov/2014:18:35:24 +0100] "GET / HTTP/1.1" 304 - "-" "Mozilla/5.0 (compatible; Googlebot/2.1; +http://www.google.com/bot.html)"
144.76.95.39 - - [08/Nov/2014:18:50:44 +0100] "GET /robots.txt HTTP/1.0" 404 1256 "-" "Mozilla/5.0 (compatible; MJ12bot/v1.4.5; http://www.majestic12.co.uk/bot.php?+)"
144.76.95.39 - - [08/Nov/2014:18:50:47 +0100] "GET /index.html HTTP/1.0" 200 3704 "-" "Mozilla/5.0 (compatible; MJ12bot/v1.4.5; http://www.majestic12.co.uk/bot.php?+)"
66.249.64.98 - - [08/Nov/2014:19:24:40 +0100] "GET /impressum.html HTTP/1.1" 200 2574 "-" "Mozilla/5.0 (compatible; Googlebot/2.1; +http://www.google.com/bot.html)"
66.249.78.82 - - [08/Nov/2014:21:58:08 +0100] "GET / HTTP/1.1" 304 - "-" "Mozilla/5.0 (compatible; Googlebot/2.1; +http://www.google.com/bot.html)"
141.8.147.12 - - [09/Nov/2014:03:50:53 +0100] "GET /robots.txt HTTP/1.1" 404 1256 "-" "Mozilla/5.0 (compatible; YandexBot/3.0; +http://yandex.com/bots)"
95.169.182.239 - - [09/Nov/2014:04:00:27 +0100] "GET / HTTP/1.1" 200 3704 "-" "Mozilla/5.0 (Windows NT 6.2; WOW64; rv:16.0.1) Gecko/20121011 Firefox/16.0.1"
95.169.182.239 - - [09/Nov/2014:04:00:27 +0100] "GET /css/bootstrap-responsive.min.css HTTP/1.1" 200 16520 "http://www.beos-polymer.de/" "Mozilla/5.0 (Windows NT 6.2; WOW64; rv:16.0.1) Gecko/20121011 Firefox/16.0.1"
95.169.182.239 - - [09/Nov/2014:04:00:27 +0100] "GET /img/beos.jpg HTTP/1.1" 200 46831 "http://www.beos-polymer.de/" "Mozilla/5.0 (Windows NT 6.2; WOW64; rv:16.0.1) Gecko/20121011 Firefox/16.0.1"
95.169.182.239 - - [09/Nov/2014:04:00:27 +0100] "GET /css/bootstrap.min.css HTTP/1.1" 200 101265 "http://www.beos-polymer.de/" "Mozilla/5.0 (Windows NT 6.2; WOW64; rv:16.0.1) Gecko/20121011 Firefox/16.0.1"
95.169.182.239 - - [09/Nov/2014:04:00:35 +0100] "GET /js/bootstrap.min.js HTTP/1.1" 200 25764 "http://www.beos-polymer.de/" "Mozilla/5.0 (Windows NT 6.2; WOW64; rv:16.0.1) Gecko/20121011 Firefox/16.0.1"
95.169.182.239 - - [09/Nov/2014:04:00:35 +0100] "GET /img/glyphicons-halflings.png HTTP/1.1" 200 12799 "http://www.beos-polymer.de/" "Mozilla/5.0 (Windows NT 6.2; WOW64; rv:16.0.1) Gecko/20121011 Firefox/16.0.1"
66.249.78.82 - - [09/Nov/2014:04:44:17 +0100] "GET / HTTP/1.1" 304 - "-" "Mozilla/5.0 (compatible; Googlebot/2.1; +http://www.google.com/bot.html)"
207.46.13.19 - - [09/Nov/2014:04:52:32 +0100] "GET /robots.txt HTTP/1.1" 404 1256 "-" "Mozilla/5.0 (compatible; bingbot/2.0; +http://www.bing.com/bingbot.htm)"
207.46.13.19 - - [09/Nov/2014:04:52:35 +0100] "GET /impressum.html HTTP/1.1" 200 2574 "-" "Mozilla/5.0 (compatible; bingbot/2.0; +http://www.bing.com/bingbot.htm)"
207.46.13.32 - - [09/Nov/2014:04:52:39 +0100] "GET /robots.txt HTTP/1.1" 404 1256 "-" "Mozilla/5.0 (compatible; bingbot/2.0; +http://www.bing.com/bingbot.htm)"
157.55.39.143 - - [09/Nov/2014:04:52:50 +0100] "GET /css/bootstrap.min.css HTTP/1.1" 200 101265 "-" "Mozilla/5.0 (compatible; bingbot/2.0; +http://www.bing.com/bingbot.htm)"
207.46.13.19 - - [09/Nov/2014:04:52:55 +0100] "GET /css/bootstrap-responsive.min.css HTTP/1.1" 200 16520 "-" "Mozilla/5.0 (compatible; bingbot/2.0; +http://www.bing.com/bingbot.htm)"
207.46.13.19 - - [09/Nov/2014:04:52:55 +0100] "GET /js/bootstrap.min.js HTTP/1.1" 200 25764 "-" "Mozilla/5.0 (compatible; bingbot/2.0; +http://www.bing.com/bingbot.htm)"
66.249.78.82 - - [09/Nov/2014:06:53:03 +0100] "GET /robots.txt HTTP/1.1" 404 1256 "-" "Mozilla/5.0 (compatible; Googlebot/2.1; +http://www.google.com/bot.html)"
66.249.78.82 - - [09/Nov/2014:06:53:03 +0100] "GET / HTTP/1.1" 200 3704 "-" "Mozilla/5.0 (iPhone; CPU iPhone OS 6_0 like Mac OS X) AppleWebKit/536.26 (KHTML, like Gecko) Version/6.0 Mobile/10A5376e Safari/8536.25 (compatible; Googlebot/2.1; +http://www.google.com/bot.html)"
141.8.147.12 - - [09/Nov/2014:07:57:06 +0100] "GET / HTTP/1.1" 200 3704 "-" "Mozilla/5.0 (compatible; YandexBot/3.0; +http://yandex.com/bots)"
108.59.8.70 - - [09/Nov/2014:11:09:39 +0100] "GET /robots.txt HTTP/1.0" 404 1256 "-" "Mozilla/5.0 (compatible; MJ12bot/v1.4.5; http://www.majestic12.co.uk/bot.php?+)"
108.59.8.70 - - [09/Nov/2014:11:09:41 +0100] "GET / HTTP/1.0" 200 3704 "-" "Mozilla/5.0 (compatible; MJ12bot/v1.4.5; http://www.majestic12.co.uk/bot.php?+)"
66.249.78.82 - - [09/Nov/2014:22:25:47 +0100] "GET /robots.txt HTTP/1.1" 404 1256 "-" "Mozilla/5.0 (compatible; Googlebot/2.1; +http://www.google.com/bot.html)"
66.249.78.89 - - [09/Nov/2014:22:25:47 +0100] "GET / HTTP/1.1" 304 - "-" "Mozilla/5.0 (compatible; Googlebot/2.1; +http://www.google.com/bot.html)"
141.8.147.12 - - [10/Nov/2014:04:49:24 +0100] "GET /robots.txt HTTP/1.1" 404 1256 "-" "Mozilla/5.0 (compatible; YandexBot/3.0; +http://yandex.com/bots)"
141.8.147.12 - - [10/Nov/2014:09:33:50 +0100] "GET /index.html HTTP/1.1" 200 3704 "-" "Mozilla/5.0 (compatible; YandexBot/3.0; +http://yandex.com/bots)"
66.249.78.89 - - [10/Nov/2014:12:04:01 +0100] "GET /robots.txt HTTP/1.1" 404 1256 "-" "Mozilla/5.0 (compatible; Googlebot/2.1; +http://www.google.com/bot.html)"
66.249.78.96 - - [10/Nov/2014:12:04:02 +0100] "GET /impressum.html HTTP/1.1" 304 - "-" "Mozilla/5.0 (compatible; Googlebot/2.1; +http://www.google.com/bot.html)"
66.249.69.218 - - [10/Nov/2014:13:36:04 +0100] "GET /robots.txt HTTP/1.1" 404 1256 "-" "Mozilla/5.0 (compatible; Googlebot/2.1; +http://www.google.com/bot.html)"
66.249.78.89 - - [10/Nov/2014:13:36:04 +0100] "GET / HTTP/1.1" 304 - "-" "Mozilla/5.0 (compatible; Googlebot/2.1; +http://www.google.com/bot.html)"
141.8.147.12 - - [10/Nov/2014:15:42:23 +0100] "GET /robots.txt HTTP/1.1" 404 1256 "-" "Mozilla/5.0 (compatible; YandexBot/3.0; +http://yandex.com/bots)"
66.249.78.96 - - [10/Nov/2014:15:56:43 +0100] "GET /impressum.html HTTP/1.1" 304 - "-" "Mozilla/5.0 (compatible; Googlebot/2.1; +http://www.google.com/bot.html)"
66.249.78.89 - - [10/Nov/2014:16:51:13 +0100] "GET / HTTP/1.1" 304 - "-" "Mozilla/5.0 (compatible; Googlebot/2.1; +http://www.google.com/bot.html)"
66.249.78.82 - - [10/Nov/2014:17:08:47 +0100] "GET / HTTP/1.1" 304 - "-" "Mozilla/5.0 (compatible; Googlebot/2.1; +http://www.google.com/bot.html)"
141.8.147.12 - - [10/Nov/2014:19:38:16 +0100] "GET / HTTP/1.1" 200 3704 "-" "Mozilla/5.0 (compatible; YandexBot/3.0; +http://yandex.com/bots)"
66.249.78.89 - - [10/Nov/2014:20:58:52 +0100] "GET / HTTP/1.1" 304 - "-" "Mozilla/5.0 (compatible; Googlebot/2.1; +http://www.google.com/bot.html)"
64.246.165.180 - - [10/Nov/2014:22:32:49 +0100] "GET /robots.txt HTTP/1.0" 404 1256 "-" "Mozilla/5.0 (Windows; U; Windows NT 5.1; en; rv:1.9.0.13) Gecko/2009073022 Firefox/3.5.2 (.NET CLR 3.5.30729) SurveyBot/2.3 (DomainTools)"
64.246.165.180 - - [10/Nov/2014:22:32:49 +0100] "GET / HTTP/1.1" 200 3704 "http://whois.domaintools.com/beos-polymer.de" "Mozilla/5.0 (Windows; U; Windows NT 5.1; en; rv:1.9.0.13) Gecko/2009073022 Firefox/3.5.2 (.NET CLR 3.5.30729) SurveyBot/2.3 (DomainTools)"
207.46.13.19 - - [11/Nov/2014:00:30:36 +0100] "GET / HTTP/1.1" 304 - "-" "Mozilla/5.0 (compatible; bingbot/2.0; +http://www.bing.com/bingbot.htm)"
141.8.147.12 - - [11/Nov/2014:00:36:54 +0100] "GET /impressum.html HTTP/1.1" 200 2574 "-" "Mozilla/5.0 (compatible; YandexBot/3.0; +http://yandex.com/bots)"
207.46.13.19 - - [11/Nov/2014:06:20:59 +0100] "GET /robots.txt HTTP/1.1" 404 1256 "-" "Mozilla/5.0 (compatible; bingbot/2.0; +http://www.bing.com/bingbot.htm)"
207.46.13.19 - - [11/Nov/2014:06:21:03 +0100] "GET / HTTP/1.1" 304 - "-" "Mozilla/5.0 (compatible; bingbot/2.0; +http://www.bing.com/bingbot.htm)"
141.8.147.12 - - [11/Nov/2014:06:37:26 +0100] "GET /robots.txt HTTP/1.1" 404 1256 "-" "Mozilla/5.0 (compatible; YandexBot/3.0; +http://yandex.com/bots)"
141.8.147.12 - - [11/Nov/2014:09:29:47 +0100] "GET /index.html HTTP/1.1" 200 3704 "-" "Mozilla/5.0 (compatible; YandexBot/3.0; +http://yandex.com/bots)"
66.249.67.66 - - [11/Nov/2014:17:17:52 +0100] "GET /robots.txt HTTP/1.1" 404 1256 "-" "Mozilla/5.0 (compatible; Googlebot/2.1; +http://www.google.com/bot.html)"
66.249.67.66 - - [11/Nov/2014:17:17:52 +0100] "GET / HTTP/1.1" 304 - "-" "Mozilla/5.0 (compatible; Googlebot/2.1; +http://www.google.com/bot.html)"
66.249.67.74 - - [11/Nov/2014:17:26:54 +0100] "GET /impressum.html HTTP/1.1" 304 - "-" "Mozilla/5.0 (compatible; Googlebot/2.1; +http://www.google.com/bot.html)"
66.249.67.82 - - [11/Nov/2014:22:07:33 +0100] "GET / HTTP/1.1" 200 3704 "-" "Mozilla/5.0 (iPhone; CPU iPhone OS 6_0 like Mac OS X) AppleWebKit/536.26 (KHTML, like Gecko) Version/6.0 Mobile/10A5376e Safari/8536.25 (compatible; Googlebot/2.1; +http://www.google.com/bot.html)"
46.114.167.96 - - [11/Nov/2014:22:12:16 +0100] "GET / HTTP/1.1" 200 3704 "-" "Mozilla/5.0 (Windows NT 6.1; WOW64; rv:33.0) Gecko/20100101 Firefox/33.0"
46.114.167.96 - - [11/Nov/2014:22:12:16 +0100] "GET /css/bootstrap-responsive.min.css HTTP/1.1" 200 16520 "http://www.beos-polymer.de/" "Mozilla/5.0 (Windows NT 6.1; WOW64; rv:33.0) Gecko/20100101 Firefox/33.0"
46.114.167.96 - - [11/Nov/2014:22:12:16 +0100] "GET /ico/favicon.ico HTTP/1.1" 404 1256 "-" "Mozilla/5.0 (Windows NT 6.1; WOW64; rv:33.0) Gecko/20100101 Firefox/33.0"
46.114.167.96 - - [11/Nov/2014:22:12:16 +0100] "GET /ico/favicon.ico HTTP/1.1" 404 1256 "-" "Mozilla/5.0 (Windows NT 6.1; WOW64; rv:33.0) Gecko/20100101 Firefox/33.0"
46.114.167.96 - - [11/Nov/2014:22:12:16 +0100] "GET /css/bootstrap.min.css HTTP/1.1" 200 101265 "http://www.beos-polymer.de/" "Mozilla/5.0 (Windows NT 6.1; WOW64; rv:33.0) Gecko/20100101 Firefox/33.0"
46.114.167.96 - - [11/Nov/2014:22:12:17 +0100] "GET /img/beos.jpg HTTP/1.1" 200 46831 "http://www.beos-polymer.de/" "Mozilla/5.0 (Windows NT 6.1; WOW64; rv:33.0) Gecko/20100101 Firefox/33.0"
208.115.113.87 - - [11/Nov/2014:23:49:48 +0100] "GET /robots.txt HTTP/1.1" 404 1256 "-" "Mozilla/5.0 (compatible; DotBot/1.1; http://www.opensiteexplorer.org/dotbot, help@moz.com)"
208.115.113.87 - - [12/Nov/2014:00:20:18 +0100] "GET / HTTP/1.1" 200 3704 "-" "Mozilla/5.0 (compatible; DotBot/1.1; http://www.opensiteexplorer.org/dotbot, help@moz.com)"
66.249.67.66 - - [12/Nov/2014:01:12:39 +0100] "GET /impressum.html HTTP/1.1" 304 - "-" "Mozilla/5.0 (compatible; Googlebot/2.1; +http://www.google.com/bot.html)"
66.249.67.74 - - [12/Nov/2014:03:57:26 +0100] "GET /css/bootstrap-responsive.min.css HTTP/1.1" 200 16520 "-" "Mozilla/5.0 (compatible; Googlebot/2.1; +http://www.google.com/bot.html)"
66.249.67.82 - - [12/Nov/2014:04:09:26 +0100] "GET /css/bootstrap.min.css HTTP/1.1" 200 101265 "-" "Mozilla/5.0 (compatible; Googlebot/2.1; +http://www.google.com/bot.html)"
46.229.170.197 - - [12/Nov/2014:06:29:09 +0100] "GET / HTTP/1.1" 200 3704 "-" "Mozilla/5.0 (Windows NT 6.1; rv:6.0) Gecko/20110814 Firefox/6.0"
141.8.147.12 - - [12/Nov/2014:11:12:32 +0100] "GET /robots.txt HTTP/1.1" 404 1256 "-" "Mozilla/5.0 (compatible; YandexBot/3.0; +http://yandex.com/bots)"
141.8.147.12 - - [12/Nov/2014:11:36:49 +0100] "GET / HTTP/1.1" 200 3704 "-" "Mozilla/5.0 (compatible; YandexBot/3.0; +http://yandex.com/bots)"
66.249.67.66 - - [12/Nov/2014:13:48:56 +0100] "GET /robots.txt HTTP/1.1" 404 1256 "-" "Mozilla/5.0 (compatible; Googlebot/2.1; +http://www.google.com/bot.html)"
66.249.67.66 - - [12/Nov/2014:13:48:57 +0100] "GET / HTTP/1.1" 200 3704 "-" "Mozilla/5.0 (compatible; Googlebot/2.1; +http://www.google.com/bot.html)"
144.76.93.118 - - [12/Nov/2014:18:22:51 +0100] "GET /robots.txt HTTP/1.0" 404 1256 "-" "Mozilla/5.0 (compatible; SEOkicks-Robot; +http://www.seokicks.de/robot.html)"
144.76.93.118 - - [12/Nov/2014:18:22:54 +0100] "GET / HTTP/1.0" 200 3704 "-" "Mozilla/5.0 (compatible; SEOkicks-Robot; +http://www.seokicks.de/robot.html)"
144.76.93.118 - - [12/Nov/2014:18:22:57 +0100] "GET /css/bootstrap.min.css HTTP/1.0" 200 101265 "http://www.beos-polymer.de/" "Mozilla/5.0 (compatible; SEOkicks-Robot; +http://www.seokicks.de/robot.html)"
144.76.93.118 - - [12/Nov/2014:18:23:01 +0100] "GET /css/bootstrap-responsive.min.css HTTP/1.0" 200 16520 "http://www.beos-polymer.de/" "Mozilla/5.0 (compatible; SEOkicks-Robot; +http://www.seokicks.de/robot.html)"
144.76.93.118 - - [12/Nov/2014:18:23:03 +0100] "GET /ico/favicon.ico HTTP/1.0" 404 1256 "http://www.beos-polymer.de/" "Mozilla/5.0 (compatible; SEOkicks-Robot; +http://www.seokicks.de/robot.html)"
144.76.93.118 - - [12/Nov/2014:18:23:08 +0100] "GET /js/bootstrap.min.js HTTP/1.0" 200 25764 "http://www.beos-polymer.de/" "Mozilla/5.0 (compatible; SEOkicks-Robot; +http://www.seokicks.de/robot.html)"
144.76.93.118 - - [12/Nov/2014:18:23:10 +0100] "GET /impressum.html HTTP/1.0" 200 2574 "http://www.beos-polymer.de/" "Mozilla/5.0 (compatible; SEOkicks-Robot; +http://www.seokicks.de/robot.html)"
144.76.93.118 - - [12/Nov/2014:18:23:15 +0100] "GET /index.html HTTP/1.0" 200 3704 "http://www.beos-polymer.de/impressum.html" "Mozilla/5.0 (compatible; SEOkicks-Robot; +http://www.seokicks.de/robot.html)"
46.229.164.112 - - [12/Nov/2014:23:32:18 +0100] "GET /robots.txt HTTP/1.1" 404 1256 "-" "Mozilla/5.0 (compatible; SemrushBot/0.98~bl; +http://www.semrush.com/bot.html)"
141.8.147.12 - - [13/Nov/2014:03:43:15 +0100] "GET /robots.txt HTTP/1.1" 404 1256 "-" "Mozilla/5.0 (compatible; YandexBot/3.0; +http://yandex.com/bots)"
66.249.78.89 - - [13/Nov/2014:06:18:54 +0100] "GET /robots.txt HTTP/1.1" 404 1256 "-" "Mozilla/5.0 (compatible; Googlebot/2.1; +http://www.google.com/bot.html)"
66.249.78.96 - - [13/Nov/2014:06:18:54 +0100] "GET / HTTP/1.1" 304 - "-" "Mozilla/5.0 (iPhone; CPU iPhone OS 6_0 like Mac OS X) AppleWebKit/536.26 (KHTML, like Gecko) Version/6.0 Mobile/10A5376e Safari/8536.25 (compatible; Googlebot/2.1; +http://www.google.com/bot.html)"
141.8.147.12 - - [13/Nov/2014:08:34:43 +0100] "GET /index.html HTTP/1.1" 200 3704 "-" "Mozilla/5.0 (compatible; YandexBot/3.0; +http://yandex.com/bots)"
79.211.136.94 - - [13/Nov/2014:14:50:04 +0100] "GET / HTTP/1.1" 200 3704 "-" "Mozilla/5.0 (Windows NT 5.1; rv:33.0) Gecko/20100101 Firefox/33.0"
79.211.136.94 - - [13/Nov/2014:14:50:04 +0100] "GET /css/bootstrap-responsive.min.css HTTP/1.1" 200 16520 "http://www.beos-polymer.de/" "Mozilla/5.0 (Windows NT 5.1; rv:33.0) Gecko/20100101 Firefox/33.0"
79.211.136.94 - - [13/Nov/2014:14:50:04 +0100] "GET /ico/favicon.ico HTTP/1.1" 404 1256 "-" "Mozilla/5.0 (Windows NT 5.1; rv:33.0) Gecko/20100101 Firefox/33.0"
79.211.136.94 - - [13/Nov/2014:14:50:04 +0100] "GET /css/bootstrap.min.css HTTP/1.1" 200 101265 "http://www.beos-polymer.de/" "Mozilla/5.0 (Windows NT 5.1; rv:33.0) Gecko/20100101 Firefox/33.0"
79.211.136.94 - - [13/Nov/2014:14:50:05 +0100] "GET /js/bootstrap.min.js HTTP/1.1" 200 25764 "http://www.beos-polymer.de/" "Mozilla/5.0 (Windows NT 5.1; rv:33.0) Gecko/20100101 Firefox/33.0"
79.211.136.94 - - [13/Nov/2014:14:50:05 +0100] "GET /img/beos.jpg HTTP/1.1" 200 46831 "http://www.beos-polymer.de/" "Mozilla/5.0 (Windows NT 5.1; rv:33.0) Gecko/20100101 Firefox/33.0"
95.91.222.152 - - [13/Nov/2014:15:18:29 +0100] "GET / HTTP/1.1" 200 3704 "http://www.mochau.de/Gemeindegebiet.phtml" "Mozilla/5.0 (Linux; U; Android 4.0.4; de-de; GT-S7562 Build/IMM76I) AppleWebKit/534.30 (KHTML, like Gecko) Version/4.0 Mobile Safari/534.30"
95.91.222.152 - - [13/Nov/2014:15:18:29 +0100] "GET /css/bootstrap-responsive.min.css HTTP/1.1" 200 16520 "http://www.beos-polymer.de/" "Mozilla/5.0 (Linux; U; Android 4.0.4; de-de; GT-S7562 Build/IMM76I) AppleWebKit/534.30 (KHTML, like Gecko) Version/4.0 Mobile Safari/534.30"
95.91.222.152 - - [13/Nov/2014:15:18:29 +0100] "GET /css/bootstrap.min.css HTTP/1.1" 200 101265 "http://www.beos-polymer.de/" "Mozilla/5.0 (Linux; U; Android 4.0.4; de-de; GT-S7562 Build/IMM76I) AppleWebKit/534.30 (KHTML, like Gecko) Version/4.0 Mobile Safari/534.30"
95.91.222.152 - - [13/Nov/2014:15:18:30 +0100] "GET /js/bootstrap.min.js HTTP/1.1" 200 25764 "http://www.beos-polymer.de/" "Mozilla/5.0 (Linux; U; Android 4.0.4; de-de; GT-S7562 Build/IMM76I) AppleWebKit/534.30 (KHTML, like Gecko) Version/4.0 Mobile Safari/534.30"
95.91.222.152 - - [13/Nov/2014:15:18:30 +0100] "GET /img/beos.jpg HTTP/1.1" 200 46831 "http://www.beos-polymer.de/" "Mozilla/5.0 (Linux; U; Android 4.0.4; de-de; GT-S7562 Build/IMM76I) AppleWebKit/534.30 (KHTML, like Gecko) Version/4.0 Mobile Safari/534.30"
95.91.222.152 - - [13/Nov/2014:15:18:30 +0100] "GET /img/glyphicons-halflings.png HTTP/1.1" 200 12799 "http://www.beos-polymer.de/" "Mozilla/5.0 (Linux; U; Android 4.0.4; de-de; GT-S7562 Build/IMM76I) AppleWebKit/534.30 (KHTML, like Gecko) Version/4.0 Mobile Safari/534.30"
95.91.222.152 - - [13/Nov/2014:15:18:31 +0100] "GET /ico/favicon.ico HTTP/1.1" 404 1256 "http://www.beos-polymer.de/" "Mozilla/5.0 (Linux; U; Android 4.0.4; de-de; GT-S7562 Build/IMM76I) AppleWebKit/534.30 (KHTML, like Gecko) Version/4.0 Mobile Safari/534.30"
66.249.78.96 - - [14/Nov/2014:09:11:46 +0100] "GET /robots.txt HTTP/1.1" 404 1256 "-" "Mozilla/5.0 (compatible; Googlebot/2.1; +http://www.google.com/bot.html)"
66.249.78.96 - - [14/Nov/2014:09:11:46 +0100] "GET / HTTP/1.1" 304 - "-" "Mozilla/5.0 (iPhone; CPU iPhone OS 6_0 like Mac OS X) AppleWebKit/536.26 (KHTML, like Gecko) Version/6.0 Mobile/10A5376e Safari/8536.25 (compatible; Googlebot/2.1; +http://www.google.com/bot.html)"
141.8.147.12 - - [14/Nov/2014:11:44:28 +0100] "GET /robots.txt HTTP/1.1" 404 1256 "-" "Mozilla/5.0 (compatible; YandexBot/3.0; +http://yandex.com/bots)"
188.165.15.13 - - [14/Nov/2014:12:01:13 +0100] "GET /robots.txt HTTP/1.1" 404 1256 "-" "Mozilla/5.0 (compatible; AhrefsBot/5.0; +http://ahrefs.com/robot/)"
62.153.98.51 - - [14/Nov/2014:13:28:26 +0100] "GET / HTTP/1.1" 200 3704 "http://www.google.de/url?sa=t&rct=j&q=&esrc=s&source=web&cd=1&sqi=2&ved=0CCEQFjAA&url=http%3A%2F%2Fwww.beos-polymer.de%2F&ei=KvVlVKyJBIutaZ7AgkA&usg=AFQjCNHkP8INSL1dW-97m1F_ljbLQHJSGA&bvm=bv.79400599,d.d2s" "Mozilla/5.0 (Windows NT 6.1; rv:33.0) Gecko/20100101 Firefox/33.0"
62.153.98.51 - - [14/Nov/2014:13:28:26 +0100] "GET /css/bootstrap.min.css HTTP/1.1" 304 - "http://www.beos-polymer.de/" "Mozilla/5.0 (Windows NT 6.1; rv:33.0) Gecko/20100101 Firefox/33.0"
62.153.98.51 - - [14/Nov/2014:13:28:27 +0100] "GET /css/bootstrap-responsive.min.css HTTP/1.1" 200 16520 "http://www.beos-polymer.de/" "Mozilla/5.0 (Windows NT 6.1; rv:33.0) Gecko/20100101 Firefox/33.0"
62.153.98.51 - - [14/Nov/2014:13:28:27 +0100] "GET /ico/favicon.ico HTTP/1.1" 404 1256 "-" "Mozilla/5.0 (Windows NT 6.1; rv:33.0) Gecko/20100101 Firefox/33.0"
62.153.98.51 - - [14/Nov/2014:13:28:28 +0100] "GET /ico/favicon.ico HTTP/1.1" 404 1256 "-" "Mozilla/5.0 (Windows NT 6.1; rv:33.0) Gecko/20100101 Firefox/33.0"
62.153.98.51 - - [14/Nov/2014:13:28:28 +0100] "GET /img/beos.jpg HTTP/1.1" 304 - "http://www.beos-polymer.de/" "Mozilla/5.0 (Windows NT 6.1; rv:33.0) Gecko/20100101 Firefox/33.0"
62.153.98.51 - - [14/Nov/2014:13:28:28 +0100] "GET /js/bootstrap.min.js HTTP/1.1" 200 25764 "http://www.beos-polymer.de/" "Mozilla/5.0 (Windows NT 6.1; rv:33.0) Gecko/20100101 Firefox/33.0"
141.8.147.12 - - [14/Nov/2014:16:40:03 +0100] "GET / HTTP/1.1" 200 3704 "-" "Mozilla/5.0 (compatible; YandexBot/3.0; +http://yandex.com/bots)"
141.8.147.12 - - [14/Nov/2014:17:22:21 +0100] "GET /index.html HTTP/1.1" 200 3704 "-" "Mozilla/5.0 (compatible; YandexBot/3.0; +http://yandex.com/bots)"
178.62.247.171 - - [14/Nov/2014:23:41:56 +0100] "GET / HTTP/1.0" 200 3704 "-" "Mozilla/5.0 (Windows NT 6.1; WOW64; rv:18.0) Gecko/20100101 Firefox/18.0"
46.229.164.115 - - [15/Nov/2014:00:02:42 +0100] "GET / HTTP/1.1" 200 3704 "-" "Mozilla/5.0 (compatible; SemrushBot/0.98~bl; +http://www.semrush.com/bot.html)"
123.125.71.32 - - [15/Nov/2014:09:12:17 +0100] "GET /robots.txt HTTP/1.1" 404 1256 "-" "Mozilla/5.0 (compatible; Baiduspider/2.0; +http://www.baidu.com/search/spider.html)"
123.125.71.47 - - [15/Nov/2014:09:14:57 +0100] "GET / HTTP/1.1" 200 3704 "-" "Mozilla/5.0 (compatible; Baiduspider/2.0; +http://www.baidu.com/search/spider.html)"
141.8.147.12 - - [15/Nov/2014:12:03:07 +0100] "GET /robots.txt HTTP/1.1" 404 1256 "-" "Mozilla/5.0 (compatible; YandexBot/3.0; +http://yandex.com/bots)"
74.52.245.146 - - [15/Nov/2014:16:43:45 +0100] "GET / HTTP/1.0" 200 3704 "-" "Mozilla/5.0 (X11; U; Linux i686; en-US; rv:1.7.5) Gecko/20041107 Firefox/1.0"
141.8.147.12 - - [15/Nov/2014:19:59:23 +0100] "GET / HTTP/1.1" 200 3704 "-" "Mozilla/5.0 (compatible; YandexBot/3.0; +http://yandex.com/bots)"
188.165.15.85 - - [15/Nov/2014:23:16:26 +0100] "GET / HTTP/1.1" 200 3704 "-" "Mozilla/5.0 (compatible; AhrefsBot/5.0; +http://ahrefs.com/robot/)"
162.210.196.98 - - [16/Nov/2014:02:23:35 +0100] "GET /robots.txt HTTP/1.0" 404 1256 "-" "Mozilla/5.0 (compatible; MJ12bot/v1.4.5; http://www.majestic12.co.uk/bot.php?+)"
162.210.196.98 - - [16/Nov/2014:02:23:37 +0100] "GET / HTTP/1.0" 200 3704 "-" "Mozilla/5.0 (compatible; MJ12bot/v1.4.5; http://www.majestic12.co.uk/bot.php?+)"
72.46.136.178 - - [16/Nov/2014:03:39:02 +0100] "GET / HTTP/1.1" 200 3704 "-" "Mozilla/4.0 (compatible; MSIE 6.0; Windows NT 5.1; SV1; Mozilla/4.0 (compatible; MSIE 6.0; Windows NT 5.1; SV1) )"
144.76.183.41 - - [16/Nov/2014:06:02:07 +0100] "GET /robots.txt HTTP/1.1" 404 1256 "-" "Mozilla/5.0 (compatible; SISTRIX Crawler; http://crawler.sistrix.net/)"
144.76.183.41 - - [16/Nov/2014:06:02:08 +0100] "GET / HTTP/1.1" 206 3704 "-" "Mozilla/5.0 (compatible; SISTRIX Crawler; http://crawler.sistrix.net/)"
141.8.147.12 - - [16/Nov/2014:06:17:01 +0100] "GET /robots.txt HTTP/1.1" 404 1256 "-" "Mozilla/5.0 (compatible; YandexBot/3.0; +http://yandex.com/bots)"
141.8.147.12 - - [16/Nov/2014:06:17:03 +0100] "GET /index.html HTTP/1.1" 200 3704 "-" "Mozilla/5.0 (compatible; YandexBot/3.0; +http://yandex.com/bots)"
141.8.147.12 - - [16/Nov/2014:06:17:06 +0100] "GET / HTTP/1.1" 200 3704 "-" "Mozilla/5.0 (compatible; YandexBot/3.0; +http://yandex.com/bots)"
141.8.147.12 - - [16/Nov/2014:06:17:09 +0100] "GET /index.html HTTP/1.1" 200 3704 "-" "Mozilla/5.0 (compatible; YandexBot/3.0; +http://yandex.com/bots)"
141.8.147.12 - - [16/Nov/2014:06:17:11 +0100] "GET / HTTP/1.1" 200 3704 "-" "Mozilla/5.0 (compatible; YandexBot/3.0; +http://yandex.com/bots)"
188.165.15.29 - - [16/Nov/2014:06:52:31 +0100] "GET /impressum.html HTTP/1.1" 200 2574 "-" "Mozilla/5.0 (compatible; AhrefsBot/5.0; +http://ahrefs.com/robot/)"
148.251.44.138 - - [16/Nov/2014:08:46:44 +0100] "GET /robots.txt HTTP/1.1" 404 1256 "-" "ssearch_bot (sSearch Crawler; http://www.semantissimo.de)"
148.251.44.138 - - [16/Nov/2014:08:46:44 +0100] "GET / HTTP/1.1" 200 3704 "-" "ssearch_bot (sSearch Crawler; http://www.semantissimo.de)"
66.249.78.89 - - [16/Nov/2014:19:56:24 +0100] "GET /robots.txt HTTP/1.1" 404 1256 "-" "Mozilla/5.0 (compatible; Googlebot/2.1; +http://www.google.com/bot.html)"
66.249.78.89 - - [16/Nov/2014:19:56:25 +0100] "GET / HTTP/1.1" 200 3704 "-" "Mozilla/5.0 (iPhone; CPU iPhone OS 6_0 like Mac OS X) AppleWebKit/536.26 (KHTML, like Gecko) Version/6.0 Mobile/10A5376e Safari/8536.25 (compatible; Googlebot/2.1; +http://www.google.com/bot.html)"
176.9.40.107 - - [16/Nov/2014:22:07:25 +0100] "GET /robots.txt HTTP/1.1" 404 1256 "-" "Mozilla/5.0 (compatible; XoviBot/2.0; +http://www.xovibot.net/)"
66.249.78.82 - - [16/Nov/2014:22:09:15 +0100] "GET /css/bootstrap.min.css HTTP/1.1" 200 101265 "-" "Mozilla/5.0 (compatible; Googlebot/2.1; +http://www.google.com/bot.html)"
66.249.64.90 - - [16/Nov/2014:22:09:16 +0100] "GET /css/bootstrap-responsive.min.css HTTP/1.1" 200 16520 "-" "Mozilla/5.0 (compatible; Googlebot/2.1; +http://www.google.com/bot.html)"
141.8.147.12 - - [17/Nov/2014:01:56:42 +0100] "GET /robots.txt HTTP/1.1" 404 1256 "-" "Mozilla/5.0 (compatible; YandexBot/3.0; +http://yandex.com/bots)"
141.8.147.12 - - [17/Nov/2014:09:14:57 +0100] "GET / HTTP/1.1" 200 3704 "-" "Mozilla/5.0 (compatible; YandexBot/3.0; +http://yandex.com/bots)"
194.25.103.254 - - [17/Nov/2014:15:49:47 +0100] "GET / HTTP/1.1" 200 3704 "http://www.google.de/url?url=http://www.beos-polymer.de/&rct=j&frm=1&q=&esrc=s&sa=U&ei=kApqVLK_KMXgOP3sgJAP&ved=0CB8QFjAB&usg=AFQjCNFB4hHaTkLj6b6ZRkqvI_Zya-sviw" "Mozilla/4.0 (compatible; MSIE 8.0; Windows NT 5.1; Trident/4.0; .NET CLR 1.1.4322; .NET CLR 2.0.50727)"
194.25.103.254 - - [17/Nov/2014:15:49:47 +0100] "GET /css/bootstrap-responsive.min.css HTTP/1.1" 200 16520 "http://www.beos-polymer.de/" "Mozilla/4.0 (compatible; MSIE 8.0; Windows NT 5.1; Trident/4.0; .NET CLR 1.1.4322; .NET CLR 2.0.50727)"
194.25.103.254 - - [17/Nov/2014:15:49:47 +0100] "GET /css/bootstrap.min.css HTTP/1.1" 200 101265 "http://www.beos-polymer.de/" "Mozilla/4.0 (compatible; MSIE 8.0; Windows NT 5.1; Trident/4.0; .NET CLR 1.1.4322; .NET CLR 2.0.50727)"
194.25.103.254 - - [17/Nov/2014:15:49:51 +0100] "GET /img/glyphicons-halflings.png HTTP/1.1" 200 12799 "http://www.beos-polymer.de/" "Mozilla/4.0 (compatible; MSIE 8.0; Windows NT 5.1; Trident/4.0; .NET CLR 1.1.4322; .NET CLR 2.0.50727)"
194.25.103.254 - - [17/Nov/2014:15:49:51 +0100] "GET /img/beos.jpg HTTP/1.1" 200 46831 "http://www.beos-polymer.de/" "Mozilla/4.0 (compatible; MSIE 8.0; Windows NT 5.1; Trident/4.0; .NET CLR 1.1.4322; .NET CLR 2.0.50727)"
194.25.103.254 - - [17/Nov/2014:15:49:55 +0100] "GET /js/bootstrap.min.js HTTP/1.1" 200 25764 "http://www.beos-polymer.de/" "Mozilla/4.0 (compatible; MSIE 8.0; Windows NT 5.1; Trident/4.0; .NET CLR 1.1.4322; .NET CLR 2.0.50727)"
194.25.103.254 - - [17/Nov/2014:15:49:55 +0100] "GET /ico/favicon.ico HTTP/1.1" 404 1256 "-" "Mozilla/4.0 (compatible; MSIE 8.0; Windows NT 5.1; Trident/4.0; .NET CLR 1.1.4322; .NET CLR 2.0.50727)"
193.89.190.74 - - [18/Nov/2014:12:05:17 +0100] "GET / HTTP/1.1" 200 3704 "http://www.google.de/url?sa=t&rct=j&q=&esrc=s&source=web&cd=2&ved=0CCoQFjAB&url=http%3A%2F%2Fwww.beos-polymer.de%2F&ei=3idrVNfzF8yxPN-KgHA&usg=AFQjCNHkP8INSL1dW-97m1F_ljbLQHJSGA&bvm=bv.79908130,d.ZWU" "Mozilla/5.0 (Windows NT 6.1; WOW64; Trident/7.0; rv:11.0) like Gecko"
193.89.190.74 - - [18/Nov/2014:12:05:17 +0100] "GET /css/bootstrap-responsive.min.css HTTP/1.1" 200 16520 "http://www.beos-polymer.de/" "Mozilla/5.0 (Windows NT 6.1; WOW64; Trident/7.0; rv:11.0) like Gecko"
193.89.190.74 - - [18/Nov/2014:12:05:17 +0100] "GET /js/bootstrap.min.js HTTP/1.1" 200 25764 "http://www.beos-polymer.de/" "Mozilla/5.0 (Windows NT 6.1; WOW64; Trident/7.0; rv:11.0) like Gecko"
193.89.190.74 - - [18/Nov/2014:12:05:17 +0100] "GET /css/bootstrap.min.css HTTP/1.1" 200 101265 "http://www.beos-polymer.de/" "Mozilla/5.0 (Windows NT 6.1; WOW64; Trident/7.0; rv:11.0) like Gecko"
193.89.190.74 - - [18/Nov/2014:12:05:17 +0100] "GET /img/beos.jpg HTTP/1.1" 200 46831 "http://www.beos-polymer.de/" "Mozilla/5.0 (Windows NT 6.1; WOW64; Trident/7.0; rv:11.0) like Gecko"
193.89.190.74 - - [18/Nov/2014:12:05:17 +0100] "GET /ico/favicon.ico HTTP/1.1" 404 1256 "-" "Mozilla/5.0 (Windows NT 6.1; WOW64; Trident/7.0; rv:11.0) like Gecko"
193.89.190.74 - - [18/Nov/2014:12:05:17 +0100] "GET /favicon.ico HTTP/1.1" 404 1256 "-" "Mozilla/5.0 (Windows NT 6.1; WOW64; Trident/7.0; rv:11.0) like Gecko"
72.46.136.178 - - [18/Nov/2014:18:34:25 +0100] "GET / HTTP/1.1" 200 3704 "-" "Mozilla/4.0 (compatible; MSIE 6.0; Windows NT 5.1; SV1; Mozilla/4.0 (compatible; MSIE 6.0; Windows NT 5.1; SV1) ; .NET CLR 1.0.3705)"
123.125.71.103 - - [19/Nov/2014:13:05:30 +0100] "GET /robots.txt HTTP/1.1" 404 1256 "-" "Mozilla/5.0 (compatible; Baiduspider/2.0; +http://www.baidu.com/search/spider.html)"
220.181.108.161 - - [19/Nov/2014:13:08:37 +0100] "GET / HTTP/1.1" 200 3704 "-" "Mozilla/5.0 (compatible; Baiduspider/2.0; +http://www.baidu.com/search/spider.html)"
123.125.71.45 - - [19/Nov/2014:13:14:04 +0100] "GET /css/bootstrap-responsive.min.css HTTP/1.1" 200 16520 "http://www.beos-polymer.de/" "Mozilla/5.0 (compatible; Baiduspider/2.0; +http://www.baidu.com/search/spider.html)"
123.125.71.28 - - [19/Nov/2014:13:14:04 +0100] "GET /css/bootstrap.min.css HTTP/1.1" 200 101265 "http://www.beos-polymer.de/" "Mozilla/5.0 (compatible; Baiduspider/2.0; +http://www.baidu.com/search/spider.html)"
123.125.71.57 - - [19/Nov/2014:13:14:10 +0100] "GET /js/bootstrap.min.js HTTP/1.1" 200 25764 "http://www.beos-polymer.de/" "Mozilla/5.0 (compatible; Baiduspider/2.0; +http://www.baidu.com/search/spider.html)"
62.225.141.196 - - [19/Nov/2014:13:51:34 +0100] "GET / HTTP/1.1" 200 3704 "http://www.google.de/url?sa=t&rct=j&q=&esrc=s&source=web&cd=1&sqi=2&ved=0CCEQFjAA&url=http%3A%2F%2Fwww.beos-polymer.de%2F&ei=N5JsVOjPH4KOPaa_gOgK&usg=AFQjCNHkP8INSL1dW-97m1F_ljbLQHJSGA&bvm=bv.80120444,d.ZWU" "Mozilla/5.0 (Windows NT 6.1; WOW64; Trident/7.0; rv:11.0) like Gecko"
62.225.141.196 - - [19/Nov/2014:13:51:34 +0100] "GET /css/bootstrap-responsive.min.css HTTP/1.1" 200 16520 "http://www.beos-polymer.de/" "Mozilla/5.0 (Windows NT 6.1; WOW64; Trident/7.0; rv:11.0) like Gecko"
62.225.141.196 - - [19/Nov/2014:13:51:34 +0100] "GET /js/bootstrap.min.js HTTP/1.1" 200 25764 "http://www.beos-polymer.de/" "Mozilla/5.0 (Windows NT 6.1; WOW64; Trident/7.0; rv:11.0) like Gecko"
62.225.141.196 - - [19/Nov/2014:13:51:34 +0100] "GET /img/beos.jpg HTTP/1.1" 200 46831 "http://www.beos-polymer.de/" "Mozilla/5.0 (Windows NT 6.1; WOW64; Trident/7.0; rv:11.0) like Gecko"
62.225.141.196 - - [19/Nov/2014:13:51:34 +0100] "GET /css/bootstrap.min.css HTTP/1.1" 200 101265 "http://www.beos-polymer.de/" "Mozilla/5.0 (Windows NT 6.1; WOW64; Trident/7.0; rv:11.0) like Gecko"
62.225.141.196 - - [19/Nov/2014:13:51:35 +0100] "GET /ico/favicon.ico HTTP/1.1" 404 1256 "-" "Mozilla/5.0 (Windows NT 6.1; Win64; x64; Trident/7.0; rv:11.0) like Gecko"
62.225.141.196 - - [19/Nov/2014:13:51:35 +0100] "GET /favicon.ico HTTP/1.1" 404 1256 "-" "Mozilla/5.0 (Windows NT 6.1; Win64; x64; Trident/7.0; rv:11.0) like Gecko"
66.249.78.89 - - [19/Nov/2014:17:08:19 +0100] "GET /robots.txt HTTP/1.1" 404 1256 "-" "Mozilla/5.0 (compatible; Googlebot/2.1; +http://www.google.com/bot.html)"
66.249.78.96 - - [19/Nov/2014:17:08:19 +0100] "GET / HTTP/1.1" 200 3704 "-" "Mozilla/5.0 (compatible; Googlebot/2.1; +http://www.google.com/bot.html)"
79.221.96.46 - - [19/Nov/2014:17:57:34 +0100] "GET / HTTP/1.1" 200 3704 "http://www.google.de/url?sa=t&rct=j&q=&esrc=s&source=web&cd=2&ved=0CCsQFjAB&url=http%3A%2F%2Fwww.beos-polymer.de%2F&ei=4MtsVIOAB6r6ygO-_YHYDA&usg=AFQjCNHkP8INSL1dW-97m1F_ljbLQHJSGA&bvm=bv.80120444,d.bGQ" "Mozilla/5.0 (Windows NT 6.3; WOW64; rv:33.0) Gecko/20100101 Firefox/33.0"
79.221.96.46 - - [19/Nov/2014:17:57:34 +0100] "GET /css/bootstrap-responsive.min.css HTTP/1.1" 200 16520 "http://www.beos-polymer.de/" "Mozilla/5.0 (Windows NT 6.3; WOW64; rv:33.0) Gecko/20100101 Firefox/33.0"
79.221.96.46 - - [19/Nov/2014:17:57:34 +0100] "GET /ico/favicon.ico HTTP/1.1" 404 1256 "-" "Mozilla/5.0 (Windows NT 6.3; WOW64; rv:33.0) Gecko/20100101 Firefox/33.0"
79.221.96.46 - - [19/Nov/2014:17:57:34 +0100] "GET /ico/favicon.ico HTTP/1.1" 404 1256 "-" "Mozilla/5.0 (Windows NT 6.3; WOW64; rv:33.0) Gecko/20100101 Firefox/33.0"
79.221.96.46 - - [19/Nov/2014:17:57:34 +0100] "GET /css/bootstrap.min.css HTTP/1.1" 200 101265 "http://www.beos-polymer.de/" "Mozilla/5.0 (Windows NT 6.3; WOW64; rv:33.0) Gecko/20100101 Firefox/33.0"
79.221.96.46 - - [19/Nov/2014:17:57:34 +0100] "GET /js/bootstrap.min.js HTTP/1.1" 200 25764 "http://www.beos-polymer.de/" "Mozilla/5.0 (Windows NT 6.3; WOW64; rv:33.0) Gecko/20100101 Firefox/33.0"
79.221.96.46 - - [19/Nov/2014:17:57:34 +0100] "GET /img/beos.jpg HTTP/1.1" 200 46831 "http://www.beos-polymer.de/" "Mozilla/5.0 (Windows NT 6.3; WOW64; rv:33.0) Gecko/20100101 Firefox/33.0"
79.221.96.46 - - [19/Nov/2014:17:57:35 +0100] "GET /ico/favicon.ico HTTP/1.1" 404 1256 "-" "Mozilla/5.0 (Windows NT 6.3; WOW64; rv:33.0) Gecko/20100101 Firefox/33.0"
66.249.78.96 - - [19/Nov/2014:21:07:47 +0100] "GET / HTTP/1.1" 200 3704 "-" "Mozilla/5.0 (compatible; Googlebot/2.1; +http://www.google.com/bot.html)"
5.9.112.68 - - [19/Nov/2014:23:12:09 +0100] "GET /robots.txt HTTP/1.1" 404 1256 "-" "Mozilla/5.0 (compatible; SISTRIX Crawler; http://crawler.sistrix.net/)"
5.9.112.68 - - [19/Nov/2014:23:12:10 +0100] "GET / HTTP/1.1" 206 3704 "-" "Mozilla/5.0 (compatible; SISTRIX Crawler; http://crawler.sistrix.net/)"
