95.117.251.201 - - [21/Feb/2014:12:38:02 +0100] "GET / HTTP/1.0" 200 4688 "-" "=Mozilla/5.0 (Windows NT 5.1; rv:7.0.1) Gecko/20100101 Firefox/7.0.1"
208.115.111.69 - - [21/Feb/2014:13:39:25 +0100] "GET /robots.txt HTTP/1.1" 404 - "-" "Mozilla/5.0 (compatible; Ezooms/1.0; help@moz.com)"
208.115.111.69 - - [21/Feb/2014:15:30:40 +0100] "GET /impressum.html HTTP/1.1" 200 5721 "-" "Mozilla/5.0 (compatible; Ezooms/1.0; help@moz.com)"
157.55.32.229 - - [21/Feb/2014:19:15:37 +0100] "GET /robots.txt HTTP/1.1" 404 - "-" "Mozilla/5.0 (compatible; bingbot/2.0; +http://www.bing.com/bingbot.htm)"
157.55.32.229 - - [21/Feb/2014:19:50:25 +0100] "GET / HTTP/1.1" 200 4688 "-" "Mozilla/5.0 (compatible; bingbot/2.0; +http://www.bing.com/bingbot.htm)"
157.56.92.144 - - [21/Feb/2014:19:51:48 +0100] "GET /css/style.css HTTP/1.1" 200 2831 "-" "Mozilla/5.0 (compatible; bingbot/2.0; +http://www.bing.com/bingbot.htm)"
157.55.32.229 - - [21/Feb/2014:19:52:02 +0100] "GET /js/libs/modernizr-2.5.3.min.js HTTP/1.1" 200 15274 "-" "Mozilla/5.0 (compatible; bingbot/2.0; +http://www.bing.com/bingbot.htm)"
66.249.78.8 - - [21/Feb/2014:20:44:58 +0100] "GET /impressum.html HTTP/1.1" 304 - "-" "Mozilla/5.0 (iPhone; CPU iPhone OS 6_0 like Mac OS X) AppleWebKit/536.26 (KHTML, like Gecko) Version/6.0 Mobile/10A5376e Safari/8536.25 (compatible; Googlebot/2.1; +http://www.google.com/bot.html)"
157.56.92.144 - - [21/Feb/2014:20:59:02 +0100] "GET /robots.txt HTTP/1.1" 404 - "-" "Mozilla/5.0 (compatible; bingbot/2.0; +http://www.bing.com/bingbot.htm)"
157.56.92.144 - - [21/Feb/2014:21:04:46 +0100] "GET /js/plugins.js HTTP/1.1" 200 898 "-" "Mozilla/5.0 (compatible; bingbot/2.0; +http://www.bing.com/bingbot.htm)"
66.249.78.8 - - [21/Feb/2014:23:11:12 +0100] "GET /robots.txt HTTP/1.1" 404 - "-" "Mozilla/5.0 (compatible; Googlebot/2.1; +http://www.google.com/bot.html)"
66.249.78.8 - - [21/Feb/2014:23:11:13 +0100] "GET / HTTP/1.1" 200 4688 "-" "Mozilla/5.0 (compatible; Googlebot/2.1; +http://www.google.com/bot.html)"
66.249.78.8 - - [21/Feb/2014:23:15:41 +0100] "GET /js/plugins.js HTTP/1.1" 200 898 "-" "Mozilla/5.0 (compatible; Googlebot/2.1; +http://www.google.com/bot.html)"
5.9.88.119 - - [22/Feb/2014:00:05:44 +0100] "GET /robots.txt HTTP/1.1" 404 - "-" "Mozilla/5.0 (compatible; Infohelfer/1.3.3; +http://www.infohelfer.de/crawler.php)"
5.9.88.119 - - [22/Feb/2014:00:05:44 +0100] "GET / HTTP/1.1" 200 4688 "-" "Mozilla/5.0 (compatible; Infohelfer/1.3.3; +http://www.infohelfer.de/crawler.php)"
178.77.126.55 - - [22/Feb/2014:00:38:18 +0100] "GET /robots.txt HTTP/1.1" 404 - "-" "Mozilla/5.0 (compatible; CareerBot/1.1; +http://www.career-x.de/bot.html)"
178.77.126.55 - - [22/Feb/2014:00:38:18 +0100] "GET / HTTP/1.1" 200 4688 "-" "Mozilla/5.0 (compatible; CareerBot/1.1; +http://www.career-x.de/bot.html)"
178.77.126.55 - - [22/Feb/2014:00:38:18 +0100] "GET /uns.html HTTP/1.1" 200 4398 "-" "Mozilla/5.0 (compatible; CareerBot/1.1; +http://www.career-x.de/bot.html)"
93.186.202.198 - - [22/Feb/2014:04:17:00 +0100] "GET /impressum.html HTTP/1.1" 200 5721 "-" "Mozilla/5.0 (X11; Linux i686; rv:6.0) Gecko/20100101 Firefox/6.0"
81.7.13.161 - - [22/Feb/2014:04:17:00 +0100] "GET /uns.html HTTP/1.1" 200 4398 "-" "Mozilla/5.0 (X11; Linux i686; rv:6.0) Gecko/20100101 Firefox/6.0"
94.23.161.188 - - [22/Feb/2014:04:17:01 +0100] "GET / HTTP/1.1" 200 4688 "-" "Mozilla/5.0 (X11; Linux i686; rv:6.0) Gecko/20100101 Firefox/6.0"
94.23.161.188 - - [22/Feb/2014:04:17:01 +0100] "GET /referenz.html HTTP/1.1" 200 10703 "-" "Mozilla/5.0 (X11; Linux i686; rv:6.0) Gecko/20100101 Firefox/6.0"
193.111.141.54 - - [22/Feb/2014:04:17:06 +0100] "GET /index.html HTTP/1.1" 200 4688 "-" "Mozilla/5.0 (X11; Linux i686; rv:6.0) Gecko/20100101 Firefox/6.0"
193.111.141.54 - - [22/Feb/2014:04:17:06 +0100] "GET /kontakt.html HTTP/1.1" 200 4451 "-" "Mozilla/5.0 (X11; Linux i686; rv:6.0) Gecko/20100101 Firefox/6.0"
69.58.178.58 - - [22/Feb/2014:04:42:17 +0100] "GET /robots.txt HTTP/1.1" 404 - "-" "Mozilla/5.0 (X11; Ubuntu; Linux i686; rv:14.0; ips-agent) Gecko/20100101 Firefox/14.0.1"
69.58.178.58 - - [22/Feb/2014:04:42:18 +0100] "GET / HTTP/1.1" 200 4688 "-" "Mozilla/5.0 (X11; Ubuntu; Linux i686; rv:14.0; ips-agent) Gecko/20100101 Firefox/14.0.1"
69.58.178.58 - - [22/Feb/2014:04:42:19 +0100] "GET /index.html HTTP/1.1" 200 4688 "-" "Mozilla/5.0 (X11; Ubuntu; Linux i686; rv:14.0; ips-agent) Gecko/20100101 Firefox/14.0.1"
69.58.178.58 - - [22/Feb/2014:04:42:21 +0100] "GET /uns.html HTTP/1.1" 200 4398 "-" "Mozilla/5.0 (X11; Ubuntu; Linux i686; rv:14.0; ips-agent) Gecko/20100101 Firefox/14.0.1"
69.58.178.58 - - [22/Feb/2014:04:42:22 +0100] "GET /spektrum.html HTTP/1.1" 200 4365 "-" "Mozilla/5.0 (X11; Ubuntu; Linux i686; rv:14.0; ips-agent) Gecko/20100101 Firefox/14.0.1"
69.58.178.58 - - [22/Feb/2014:04:42:23 +0100] "GET /referenz.html HTTP/1.1" 200 10703 "-" "Mozilla/5.0 (X11; Ubuntu; Linux i686; rv:14.0; ips-agent) Gecko/20100101 Firefox/14.0.1"
69.58.178.58 - - [22/Feb/2014:04:42:24 +0100] "GET /partner.html HTTP/1.1" 200 4401 "-" "Mozilla/5.0 (X11; Ubuntu; Linux i686; rv:14.0; ips-agent) Gecko/20100101 Firefox/14.0.1"
69.58.178.58 - - [22/Feb/2014:04:42:26 +0100] "GET /kontakt.html HTTP/1.1" 200 4451 "-" "Mozilla/5.0 (X11; Ubuntu; Linux i686; rv:14.0; ips-agent) Gecko/20100101 Firefox/14.0.1"
69.58.178.58 - - [22/Feb/2014:04:42:27 +0100] "GET /impressum.html HTTP/1.1" 200 5721 "-" "Mozilla/5.0 (X11; Ubuntu; Linux i686; rv:14.0; ips-agent) Gecko/20100101 Firefox/14.0.1"
69.58.178.58 - - [22/Feb/2014:04:42:28 +0100] "GET /projekte.html HTTP/1.1" 200 7938 "-" "Mozilla/5.0 (X11; Ubuntu; Linux i686; rv:14.0; ips-agent) Gecko/20100101 Firefox/14.0.1"
217.69.133.225 - - [22/Feb/2014:09:53:32 +0100] "GET /robots.txt HTTP/1.1" 404 - "-" "Mozilla/5.0 (compatible; Linux x86_64; Mail.RU_Bot/2.0; +http://go.mail.ru/help/robots)"
217.69.133.220 - - [22/Feb/2014:09:53:33 +0100] "GET /spektrum.html HTTP/1.1" 304 - "-" "Mozilla/5.0 (compatible; Linux x86_64; Mail.RU_Bot/2.0; +http://go.mail.ru/help/robots)"
66.249.78.8 - - [22/Feb/2014:10:31:24 +0100] "GET / HTTP/1.1" 200 4688 "-" "Mozilla/5.0 (iPhone; CPU iPhone OS 6_0 like Mac OS X) AppleWebKit/536.26 (KHTML, like Gecko) Version/6.0 Mobile/10A5376e Safari/8536.25 (compatible; Googlebot/2.1; +http://www.google.com/bot.html)"
66.249.78.8 - - [22/Feb/2014:10:37:39 +0100] "GET /css/style.css HTTP/1.1" 200 2831 "-" "Mozilla/5.0 (compatible; Googlebot/2.1; +http://www.google.com/bot.html)"
217.69.133.220 - - [22/Feb/2014:11:20:22 +0100] "GET /robots.txt HTTP/1.1" 404 - "-" "Mozilla/5.0 (compatible; Linux x86_64; Mail.RU_Bot/2.0; +http://go.mail.ru/help/robots)"
217.69.133.226 - - [22/Feb/2014:11:20:24 +0100] "GET /kontakt.html HTTP/1.1" 200 4451 "-" "Mozilla/5.0 (compatible; Linux x86_64; Mail.RU_Bot/2.0; +http://go.mail.ru/help/robots)"
66.249.78.8 - - [22/Feb/2014:12:18:03 +0100] "GET /robots.txt HTTP/1.1" 404 - "-" "Mozilla/5.0 (compatible; Googlebot/2.1; +http://www.google.com/bot.html)"
66.249.78.8 - - [22/Feb/2014:12:18:04 +0100] "GET /uns.html HTTP/1.1" 304 - "-" "Mozilla/5.0 (iPhone; CPU iPhone OS 6_0 like Mac OS X) AppleWebKit/536.26 (KHTML, like Gecko) Version/6.0 Mobile/10A5376e Safari/8536.25 (compatible; Googlebot/2.1; +http://www.google.com/bot.html)"
66.249.78.8 - - [22/Feb/2014:12:19:06 +0100] "GET /uns.html HTTP/1.1" 304 - "-" "SAMSUNG-SGH-E250/1.0 Profile/MIDP-2.0 Configuration/CLDC-1.1 UP.Browser/6.2.3.3.c.1.101 (GUI) MMP/2.0 (compatible; Googlebot-Mobile/2.1; +http://www.google.com/bot.html)"
65.55.215.45 - - [22/Feb/2014:14:58:46 +0100] "GET /robots.txt HTTP/1.1" 404 - "-" "msnbot-media/1.1 (+http://search.msn.com/msnbot.htm)"
65.55.215.45 - - [22/Feb/2014:14:58:47 +0100] "GET /images/bild1.png HTTP/1.1" 200 16301 "-" "msnbot-media/1.1 (+http://search.msn.com/msnbot.htm)"
65.55.24.216 - - [22/Feb/2014:18:45:51 +0100] "GET /robots.txt HTTP/1.1" 404 - "-" "Mozilla/5.0 (compatible; bingbot/2.0; +http://www.bing.com/bingbot.htm)"
65.55.24.216 - - [22/Feb/2014:18:51:33 +0100] "GET /kontakt.html HTTP/1.1" 200 4451 "-" "Mozilla/5.0 (compatible; bingbot/2.0; +http://www.bing.com/bingbot.htm)"
65.55.24.216 - - [22/Feb/2014:18:51:34 +0100] "GET / HTTP/1.1" 200 4688 "-" "Mozilla/5.0 (compatible; bingbot/2.0; +http://www.bing.com/bingbot.htm)"
65.55.24.216 - - [22/Feb/2014:18:51:34 +0100] "GET /spektrum.html HTTP/1.1" 200 4365 "-" "Mozilla/5.0 (compatible; bingbot/2.0; +http://www.bing.com/bingbot.htm)"
65.55.24.216 - - [22/Feb/2014:18:51:34 +0100] "GET /partner.html HTTP/1.1" 200 4401 "-" "Mozilla/5.0 (compatible; bingbot/2.0; +http://www.bing.com/bingbot.htm)"
65.55.24.216 - - [22/Feb/2014:18:51:34 +0100] "GET /projekte.html HTTP/1.1" 200 7938 "-" "Mozilla/5.0 (compatible; bingbot/2.0; +http://www.bing.com/bingbot.htm)"
144.76.95.232 - - [22/Feb/2014:19:25:23 +0100] "GET /robots.txt HTTP/1.0" 404 - "-" "Mozilla/5.0 (compatible; MJ12bot/v1.4.4; http://www.majestic12.co.uk/bot.php?+)"
144.76.95.232 - - [22/Feb/2014:19:25:25 +0100] "GET /referenz.html HTTP/1.0" 200 10703 "-" "Mozilla/5.0 (compatible; MJ12bot/v1.4.4; http://www.majestic12.co.uk/bot.php?+)"
144.76.95.232 - - [22/Feb/2014:19:25:43 +0100] "GET /spektrum.html HTTP/1.0" 200 4365 "-" "Mozilla/5.0 (compatible; MJ12bot/v1.4.4; http://www.majestic12.co.uk/bot.php?+)"
157.55.33.14 - - [22/Feb/2014:20:07:57 +0100] "GET /robots.txt HTTP/1.1" 404 - "-" "Mozilla/5.0 (compatible; bingbot/2.0; +http://www.bing.com/bingbot.htm)"
157.55.33.14 - - [22/Feb/2014:20:19:52 +0100] "GET /index.html HTTP/1.1" 200 4688 "-" "Mozilla/5.0 (compatible; bingbot/2.0; +http://www.bing.com/bingbot.htm)"
157.55.33.14 - - [22/Feb/2014:20:19:52 +0100] "GET /impressum.html HTTP/1.1" 200 5721 "-" "Mozilla/5.0 (compatible; bingbot/2.0; +http://www.bing.com/bingbot.htm)"
157.55.33.14 - - [22/Feb/2014:20:19:53 +0100] "GET /uns.html HTTP/1.1" 200 4398 "-" "Mozilla/5.0 (compatible; bingbot/2.0; +http://www.bing.com/bingbot.htm)"
157.55.33.14 - - [22/Feb/2014:20:19:53 +0100] "GET /referenz.html HTTP/1.1" 200 10703 "-" "Mozilla/5.0 (compatible; bingbot/2.0; +http://www.bing.com/bingbot.htm)"
66.249.78.8 - - [22/Feb/2014:22:45:41 +0100] "GET /referenz.html HTTP/1.1" 304 - "-" "Mozilla/5.0 (iPhone; CPU iPhone OS 6_0 like Mac OS X) AppleWebKit/536.26 (KHTML, like Gecko) Version/6.0 Mobile/10A5376e Safari/8536.25 (compatible; Googlebot/2.1; +http://www.google.com/bot.html)"
66.249.78.8 - - [22/Feb/2014:23:01:51 +0100] "GET /images/bild2.png HTTP/1.1" 200 68475 "-" "Mozilla/5.0 (compatible; Googlebot/2.1; +http://www.google.com/bot.html)"
66.249.78.8 - - [22/Feb/2014:23:14:12 +0100] "GET /images/bild4.png HTTP/1.1" 200 65856 "-" "Mozilla/5.0 (compatible; Googlebot/2.1; +http://www.google.com/bot.html)"
141.8.147.12 - - [23/Feb/2014:03:04:55 +0100] "GET /robots.txt HTTP/1.1" 404 - "-" "Mozilla/5.0 (compatible; YandexBot/3.0; +http://yandex.com/bots)"
141.8.147.12 - - [23/Feb/2014:05:20:54 +0100] "GET / HTTP/1.1" 200 4688 "-" "Mozilla/5.0 (compatible; YandexBot/3.0; +http://yandex.com/bots)"
65.55.215.45 - - [23/Feb/2014:06:25:20 +0100] "GET /robots.txt HTTP/1.1" 404 - "-" "msnbot-media/1.1 (+http://search.msn.com/msnbot.htm)"
65.55.215.45 - - [23/Feb/2014:06:25:21 +0100] "GET /images/bild1.png HTTP/1.1" 200 16301 "-" "msnbot-media/1.1 (+http://search.msn.com/msnbot.htm)"
80.144.207.3 - - [23/Feb/2014:07:10:06 +0100] "GET / HTTP/1.1" 200 4688 "http://www.google.de/url?sa=t&rct=j&q=&esrc=s&frm=1&source=web&cd=1&sqi=2&ved=0CC0QFjAA&url=http%3A%2F%2Fwww.mbingenieure.de%2F&ei=UJAJU732D4qutAaI8ICICw&usg=AFQjCNEyLqXMZj9hDUfmjIo04GBdDmaXCQ&bvm=bv.61725948,d.Yms" "Mozilla/5.0 (compatible; MSIE 9.0; Windows NT 6.0; Trident/5.0)"
80.144.207.3 - - [23/Feb/2014:07:10:06 +0100] "GET /js/libs/modernizr-2.5.3.min.js HTTP/1.1" 200 15274 "http://www.mbingenieure.de/" "Mozilla/5.0 (compatible; MSIE 9.0; Windows NT 6.0; Trident/5.0)"
80.144.207.3 - - [23/Feb/2014:07:10:06 +0100] "GET /css/style.css HTTP/1.1" 200 2831 "http://www.mbingenieure.de/" "Mozilla/5.0 (compatible; MSIE 9.0; Windows NT 6.0; Trident/5.0)"
80.144.207.3 - - [23/Feb/2014:07:10:06 +0100] "GET /js/plugins.js HTTP/1.1" 200 898 "http://www.mbingenieure.de/" "Mozilla/5.0 (compatible; MSIE 9.0; Windows NT 6.0; Trident/5.0)"
80.144.207.3 - - [23/Feb/2014:07:10:06 +0100] "GET /images/bild1.png HTTP/1.1" 200 16301 "http://www.mbingenieure.de/" "Mozilla/5.0 (compatible; MSIE 9.0; Windows NT 6.0; Trident/5.0)"
80.144.207.3 - - [23/Feb/2014:07:10:06 +0100] "GET /images/logo.png HTTP/1.1" 200 16467 "http://www.mbingenieure.de/" "Mozilla/5.0 (compatible; MSIE 9.0; Windows NT 6.0; Trident/5.0)"
80.144.207.3 - - [23/Feb/2014:07:10:06 +0100] "GET /images/footer.png HTTP/1.1" 200 1064 "http://www.mbingenieure.de/" "Mozilla/5.0 (compatible; MSIE 9.0; Windows NT 6.0; Trident/5.0)"
80.144.207.3 - - [23/Feb/2014:07:10:06 +0100] "GET /images/header.png HTTP/1.1" 200 1494 "http://www.mbingenieure.de/" "Mozilla/5.0 (compatible; MSIE 9.0; Windows NT 6.0; Trident/5.0)"
80.144.207.3 - - [23/Feb/2014:07:10:06 +0100] "GET /images/navi.png HTTP/1.1" 200 946 "http://www.mbingenieure.de/" "Mozilla/5.0 (compatible; MSIE 9.0; Windows NT 6.0; Trident/5.0)"
80.144.207.3 - - [23/Feb/2014:07:10:06 +0100] "GET /images/bild4.png HTTP/1.1" 200 65856 "http://www.mbingenieure.de/" "Mozilla/5.0 (compatible; MSIE 9.0; Windows NT 6.0; Trident/5.0)"
80.144.207.3 - - [23/Feb/2014:07:10:06 +0100] "GET /images/bild2.png HTTP/1.1" 200 68475 "http://www.mbingenieure.de/" "Mozilla/5.0 (compatible; MSIE 9.0; Windows NT 6.0; Trident/5.0)"
80.144.207.3 - - [23/Feb/2014:07:10:07 +0100] "GET /favicon.ico HTTP/1.1" 200 93062 "-" "Mozilla/5.0 (compatible; MSIE 9.0; Windows NT 6.0; Trident/5.0)"
80.144.207.3 - - [23/Feb/2014:07:10:13 +0100] "GET / HTTP/1.1" 304 - "http://www.google.de/url?sa=t&rct=j&q=&esrc=s&frm=1&source=web&cd=1&sqi=2&ved=0CC0QFjAA&url=http%3A%2F%2Fwww.mbingenieure.de%2F&ei=UJAJU732D4qutAaI8ICICw&usg=AFQjCNEyLqXMZj9hDUfmjIo04GBdDmaXCQ&bvm=bv.61725948,d.Yms" "Mozilla/5.0 (compatible; MSIE 9.0; Windows NT 6.0; Trident/5.0)"
80.144.207.3 - - [23/Feb/2014:07:10:13 +0100] "GET /css/style.css HTTP/1.1" 304 - "http://www.mbingenieure.de/" "Mozilla/5.0 (compatible; MSIE 9.0; Windows NT 6.0; Trident/5.0)"
80.144.207.3 - - [23/Feb/2014:07:10:13 +0100] "GET /js/libs/modernizr-2.5.3.min.js HTTP/1.1" 304 - "http://www.mbingenieure.de/" "Mozilla/5.0 (compatible; MSIE 9.0; Windows NT 6.0; Trident/5.0)"
80.144.207.3 - - [23/Feb/2014:07:10:13 +0100] "GET /images/logo.png HTTP/1.1" 304 - "http://www.mbingenieure.de/" "Mozilla/5.0 (compatible; MSIE 9.0; Windows NT 6.0; Trident/5.0)"
80.144.207.3 - - [23/Feb/2014:07:10:13 +0100] "GET /images/bild2.png HTTP/1.1" 304 - "http://www.mbingenieure.de/" "Mozilla/5.0 (compatible; MSIE 9.0; Windows NT 6.0; Trident/5.0)"
80.144.207.3 - - [23/Feb/2014:07:10:13 +0100] "GET /images/bild4.png HTTP/1.1" 304 - "http://www.mbingenieure.de/" "Mozilla/5.0 (compatible; MSIE 9.0; Windows NT 6.0; Trident/5.0)"
80.144.207.3 - - [23/Feb/2014:07:10:13 +0100] "GET /images/bild1.png HTTP/1.1" 304 - "http://www.mbingenieure.de/" "Mozilla/5.0 (compatible; MSIE 9.0; Windows NT 6.0; Trident/5.0)"
80.144.207.3 - - [23/Feb/2014:07:10:13 +0100] "GET /js/plugins.js HTTP/1.1" 304 - "http://www.mbingenieure.de/" "Mozilla/5.0 (compatible; MSIE 9.0; Windows NT 6.0; Trident/5.0)"
80.144.207.3 - - [23/Feb/2014:07:10:13 +0100] "GET /images/footer.png HTTP/1.1" 304 - "http://www.mbingenieure.de/" "Mozilla/5.0 (compatible; MSIE 9.0; Windows NT 6.0; Trident/5.0)"
80.144.207.3 - - [23/Feb/2014:07:10:13 +0100] "GET /images/navi.png HTTP/1.1" 304 - "http://www.mbingenieure.de/" "Mozilla/5.0 (compatible; MSIE 9.0; Windows NT 6.0; Trident/5.0)"
80.144.207.3 - - [23/Feb/2014:07:10:13 +0100] "GET /images/header.png HTTP/1.1" 304 - "http://www.mbingenieure.de/" "Mozilla/5.0 (compatible; MSIE 9.0; Windows NT 6.0; Trident/5.0)"
62.212.73.211 - - [23/Feb/2014:10:19:56 +0100] "GET /robots.txt HTTP/1.0" 404 - "-" "Mozilla/5.0 (compatible; MJ12bot/v1.4.4; http://www.majestic12.co.uk/bot.php?+)"
62.212.73.211 - - [23/Feb/2014:10:19:57 +0100] "GET / HTTP/1.0" 200 4688 "-" "Mozilla/5.0 (compatible; MJ12bot/v1.4.4; http://www.majestic12.co.uk/bot.php?+)"
66.249.78.8 - - [23/Feb/2014:10:36:33 +0100] "GET /robots.txt HTTP/1.1" 404 - "-" "Mozilla/5.0 (compatible; Googlebot/2.1; +http://www.google.com/bot.html)"
66.249.78.8 - - [23/Feb/2014:10:36:33 +0100] "GET / HTTP/1.1" 200 4688 "-" "Mozilla/5.0 (iPhone; CPU iPhone OS 6_0 like Mac OS X) AppleWebKit/536.26 (KHTML, like Gecko) Version/6.0 Mobile/10A5376e Safari/8536.25 (compatible; Googlebot/2.1; +http://www.google.com/bot.html)"
66.249.74.251 - - [23/Feb/2014:10:46:38 +0100] "GET /css/style.css HTTP/1.1" 200 2831 "-" "Mozilla/5.0 (compatible; Googlebot/2.1; +http://www.google.com/bot.html)"
212.227.97.6 - - [23/Feb/2014:12:35:15 +0100] "GET / HTTP/1.1" 200 4688 "-" "Mozilla/4.0 (Compatible; Windows NT 5.1; MSIE 6.0) (compatible; MSIE 6.0; Windows NT 5.1; .NET CLR 1.1.4322; .NET CLR 2.0.50727)"
212.227.97.6 - - [23/Feb/2014:12:35:15 +0100] "GET /impressum.html HTTP/1.1" 200 5721 "-" "Mozilla/4.0 (Compatible; Windows NT 5.1; MSIE 6.0) (compatible; MSIE 6.0; Windows NT 5.1; .NET CLR 1.1.4322; .NET CLR 2.0.50727)"
66.249.75.201 - - [23/Feb/2014:13:18:56 +0100] "GET /robots.txt HTTP/1.1" 404 - "-" "Mozilla/5.0 (compatible; Googlebot/2.1; +http://www.google.com/bot.html)"
66.249.78.8 - - [23/Feb/2014:13:18:56 +0100] "GET /kontakt.html HTTP/1.1" 304 - "-" "Mozilla/5.0 (iPhone; CPU iPhone OS 6_0 like Mac OS X) AppleWebKit/536.26 (KHTML, like Gecko) Version/6.0 Mobile/10A5376e Safari/8536.25 (compatible; Googlebot/2.1; +http://www.google.com/bot.html)"
66.249.75.201 - - [23/Feb/2014:23:04:18 +0100] "GET /referenz.html HTTP/1.1" 304 - "-" "Mozilla/5.0 (iPhone; CPU iPhone OS 6_0 like Mac OS X) AppleWebKit/536.26 (KHTML, like Gecko) Version/6.0 Mobile/10A5376e Safari/8536.25 (compatible; Googlebot/2.1; +http://www.google.com/bot.html)"
66.249.78.8 - - [23/Feb/2014:23:04:32 +0100] "GET /partner.html HTTP/1.1" 304 - "-" "Mozilla/5.0 (iPhone; CPU iPhone OS 6_0 like Mac OS X) AppleWebKit/536.26 (KHTML, like Gecko) Version/6.0 Mobile/10A5376e Safari/8536.25 (compatible; Googlebot/2.1; +http://www.google.com/bot.html)"
62.75.236.133 - - [24/Feb/2014:06:32:33 +0100] "GET / HTTP/1.1" 200 4688 "-" "PEAR HTTP_Request class ( http://pear.php.net/ )"
66.249.78.8 - - [24/Feb/2014:07:03:16 +0100] "GET /robots.txt HTTP/1.1" 404 - "-" "Mozilla/5.0 (compatible; Googlebot/2.1; +http://www.google.com/bot.html)"
66.249.78.8 - - [24/Feb/2014:07:03:16 +0100] "GET / HTTP/1.1" 200 4688 "http://www.yellowmap.at/Details/39Nbh2JZHSqzAOMkNBmleQ==.aspx" "Mozilla/5.0 (compatible; Googlebot/2.1; +http://www.google.com/bot.html)"
66.249.78.8 - - [24/Feb/2014:08:20:57 +0100] "GET / HTTP/1.1" 200 4688 "-" "Mozilla/5.0 (iPhone; CPU iPhone OS 6_0 like Mac OS X) AppleWebKit/536.26 (KHTML, like Gecko) Version/6.0 Mobile/10A5376e Safari/8536.25 (compatible; Googlebot/2.1; +http://www.google.com/bot.html)"
66.249.78.8 - - [24/Feb/2014:09:49:40 +0100] "GET / HTTP/1.1" 200 4688 "-" "Mozilla/5.0 (compatible; Googlebot/2.1; +http://www.google.com/bot.html)"
66.249.78.8 - - [24/Feb/2014:12:05:06 +0100] "GET /robots.txt HTTP/1.1" 404 - "-" "Mozilla/5.0 (compatible; Googlebot/2.1; +http://www.google.com/bot.html)"
66.249.78.8 - - [24/Feb/2014:12:05:07 +0100] "GET /impressum.html HTTP/1.1" 304 - "-" "Mozilla/5.0 (iPhone; CPU iPhone OS 6_0 like Mac OS X) AppleWebKit/536.26 (KHTML, like Gecko) Version/6.0 Mobile/10A5376e Safari/8536.25 (compatible; Googlebot/2.1; +http://www.google.com/bot.html)"
77.12.161.255 - - [24/Feb/2014:13:14:18 +0100] "GET /00a_index.html HTTP/1.1" 404 - "-" "Mozilla/5.0 (compatible; MSIE 10.0; Windows NT 6.2; Win64; x64; Trident/6.0; MASMJS)"
77.12.161.255 - - [24/Feb/2014:13:14:23 +0100] "GET / HTTP/1.1" 200 4688 "-" "Mozilla/5.0 (compatible; MSIE 10.0; Windows NT 6.2; Win64; x64; Trident/6.0; MASMJS)"
77.12.161.255 - - [24/Feb/2014:13:14:23 +0100] "GET /css/style.css HTTP/1.1" 200 2831 "http://www.mbingenieure.de/" "Mozilla/5.0 (compatible; MSIE 10.0; Windows NT 6.2; Win64; x64; Trident/6.0; MASMJS)"
77.12.161.255 - - [24/Feb/2014:13:14:23 +0100] "GET /js/libs/modernizr-2.5.3.min.js HTTP/1.1" 200 15274 "http://www.mbingenieure.de/" "Mozilla/5.0 (compatible; MSIE 10.0; Windows NT 6.2; Win64; x64; Trident/6.0; MASMJS)"
77.12.161.255 - - [24/Feb/2014:13:14:23 +0100] "GET /images/logo.png HTTP/1.1" 200 16467 "http://www.mbingenieure.de/" "Mozilla/5.0 (compatible; MSIE 10.0; Windows NT 6.2; Win64; x64; Trident/6.0; MASMJS)"
77.12.161.255 - - [24/Feb/2014:13:14:23 +0100] "GET /images/bild2.png HTTP/1.1" 200 68475 "http://www.mbingenieure.de/" "Mozilla/5.0 (compatible; MSIE 10.0; Windows NT 6.2; Win64; x64; Trident/6.0; MASMJS)"
77.12.161.255 - - [24/Feb/2014:13:14:23 +0100] "GET /images/bild4.png HTTP/1.1" 200 65856 "http://www.mbingenieure.de/" "Mozilla/5.0 (compatible; MSIE 10.0; Windows NT 6.2; Win64; x64; Trident/6.0; MASMJS)"
77.12.161.255 - - [24/Feb/2014:13:14:23 +0100] "GET /images/bild1.png HTTP/1.1" 200 16301 "http://www.mbingenieure.de/" "Mozilla/5.0 (compatible; MSIE 10.0; Windows NT 6.2; Win64; x64; Trident/6.0; MASMJS)"
77.12.161.255 - - [24/Feb/2014:13:14:23 +0100] "GET /images/footer.png HTTP/1.1" 200 1064 "http://www.mbingenieure.de/" "Mozilla/5.0 (compatible; MSIE 10.0; Windows NT 6.2; Win64; x64; Trident/6.0; MASMJS)"
77.12.161.255 - - [24/Feb/2014:13:14:23 +0100] "GET /js/plugins.js HTTP/1.1" 200 898 "http://www.mbingenieure.de/" "Mozilla/5.0 (compatible; MSIE 10.0; Windows NT 6.2; Win64; x64; Trident/6.0; MASMJS)"
77.12.161.255 - - [24/Feb/2014:13:14:24 +0100] "GET /images/header.png HTTP/1.1" 200 1494 "http://www.mbingenieure.de/" "Mozilla/5.0 (compatible; MSIE 10.0; Windows NT 6.2; Win64; x64; Trident/6.0; MASMJS)"
77.12.161.255 - - [24/Feb/2014:13:14:25 +0100] "GET /images/navi.png HTTP/1.1" 200 946 "http://www.mbingenieure.de/" "Mozilla/5.0 (compatible; MSIE 10.0; Windows NT 6.2; Win64; x64; Trident/6.0; MASMJS)"
77.12.161.255 - - [24/Feb/2014:13:14:26 +0100] "GET /favicon.ico HTTP/1.1" 200 93062 "-" "Mozilla/5.0 (compatible; MSIE 10.0; Windows NT 6.2; Win64; x64; Trident/6.0; MASMJS)"
77.12.161.255 - - [24/Feb/2014:13:14:43 +0100] "GET /uns.html HTTP/1.1" 200 4398 "http://www.mbingenieure.de/" "Mozilla/5.0 (compatible; MSIE 10.0; Windows NT 6.2; Win64; x64; Trident/6.0; MASMJS)"
77.12.161.255 - - [24/Feb/2014:13:14:49 +0100] "GET /spektrum.html HTTP/1.1" 200 4365 "http://www.mbingenieure.de/uns.html" "Mozilla/5.0 (compatible; MSIE 10.0; Windows NT 6.2; Win64; x64; Trident/6.0; MASMJS)"
77.12.161.255 - - [24/Feb/2014:13:14:52 +0100] "GET /referenz.html HTTP/1.1" 200 10703 "http://www.mbingenieure.de/spektrum.html" "Mozilla/5.0 (compatible; MSIE 10.0; Windows NT 6.2; Win64; x64; Trident/6.0; MASMJS)"
77.12.161.255 - - [24/Feb/2014:13:15:28 +0100] "GET /partner.html HTTP/1.1" 200 4401 "http://www.mbingenieure.de/spektrum.html" "Mozilla/5.0 (compatible; MSIE 10.0; Windows NT 6.2; Win64; x64; Trident/6.0; MASMJS)"
141.8.147.12 - - [24/Feb/2014:16:04:56 +0100] "GET /robots.txt HTTP/1.1" 404 - "-" "Mozilla/5.0 (compatible; YandexBot/3.0; +http://yandex.com/bots)"
141.8.147.12 - - [24/Feb/2014:16:04:58 +0100] "GET /images/0543a.png HTTP/1.1" 304 - "-" "Mozilla/5.0 (compatible; YandexImages/3.0; +http://yandex.com/bots)"
141.8.147.12 - - [24/Feb/2014:16:21:32 +0100] "GET /images/0542a.png HTTP/1.1" 304 - "-" "Mozilla/5.0 (compatible; YandexImages/3.0; +http://yandex.com/bots)"
66.249.78.8 - - [24/Feb/2014:16:45:51 +0100] "GET / HTTP/1.1" 200 4688 "-" "Mozilla/5.0 (compatible; Googlebot/2.1; +http://www.google.com/bot.html)"
66.249.78.8 - - [24/Feb/2014:16:46:45 +0100] "GET /css/style.css HTTP/1.1" 200 2831 "-" "Mozilla/5.0 (compatible; Googlebot/2.1; +http://www.google.com/bot.html)"
141.8.147.12 - - [24/Feb/2014:16:50:42 +0100] "GET /images/0541a.png HTTP/1.1" 304 - "-" "Mozilla/5.0 (compatible; YandexImages/3.0; +http://yandex.com/bots)"
141.8.147.12 - - [24/Feb/2014:19:40:36 +0100] "GET /images/bild2.png HTTP/1.1" 304 - "-" "Mozilla/5.0 (compatible; YandexImages/3.0; +http://yandex.com/bots)"
141.8.147.12 - - [24/Feb/2014:20:19:12 +0100] "GET /images/bild1.png HTTP/1.1" 304 - "-" "Mozilla/5.0 (compatible; YandexImages/3.0; +http://yandex.com/bots)"
141.8.147.12 - - [24/Feb/2014:20:33:19 +0100] "GET /images/0941a.png HTTP/1.1" 304 - "-" "Mozilla/5.0 (compatible; YandexImages/3.0; +http://yandex.com/bots)"
141.8.147.12 - - [24/Feb/2014:20:59:26 +0100] "GET /images/bild4.png HTTP/1.1" 304 - "-" "Mozilla/5.0 (compatible; YandexImages/3.0; +http://yandex.com/bots)"
209.85.238.179 - - [24/Feb/2014:21:19:30 +0100] "GET /google96721bab6c5575fe.html HTTP/1.1" 200 53 "-" "Mozilla/5.0 (compatible; Google-Site-Verification/1.0)"
66.249.78.8 - - [25/Feb/2014:03:05:21 +0100] "GET /robots.txt HTTP/1.1" 404 - "-" "Mozilla/5.0 (compatible; Googlebot/2.1; +http://www.google.com/bot.html)"
66.249.78.8 - - [25/Feb/2014:03:05:21 +0100] "GET / HTTP/1.1" 200 4688 "-" "Mozilla/5.0 (compatible; Googlebot/2.1; +http://www.google.com/bot.html)"
144.76.137.226 - - [25/Feb/2014:12:03:02 +0100] "GET /robots.txt HTTP/1.0" 404 - "-" "Mozilla/5.0 (compatible; MJ12bot/v1.4.4; http://www.majestic12.co.uk/bot.php?+)"
144.76.137.226 - - [25/Feb/2014:12:03:05 +0100] "GET /impressum.html HTTP/1.0" 200 5721 "-" "Mozilla/5.0 (compatible; MJ12bot/v1.4.4; http://www.majestic12.co.uk/bot.php?+)"
144.76.137.226 - - [25/Feb/2014:12:03:08 +0100] "GET /index.html HTTP/1.0" 200 4688 "-" "Mozilla/5.0 (compatible; MJ12bot/v1.4.4; http://www.majestic12.co.uk/bot.php?+)"
144.76.137.226 - - [25/Feb/2014:12:03:10 +0100] "GET /kontakt.html HTTP/1.0" 200 4451 "-" "Mozilla/5.0 (compatible; MJ12bot/v1.4.4; http://www.majestic12.co.uk/bot.php?+)"
144.76.137.226 - - [25/Feb/2014:12:03:13 +0100] "GET /uns.html HTTP/1.0" 200 4398 "-" "Mozilla/5.0 (compatible; MJ12bot/v1.4.4; http://www.majestic12.co.uk/bot.php?+)"
178.77.126.55 - - [25/Feb/2014:12:26:42 +0100] "GET /robots.txt HTTP/1.1" 404 - "-" "Mozilla/5.0 (compatible; CareerBot/1.1; +http://www.career-x.de/bot.html)"
178.77.126.55 - - [25/Feb/2014:12:26:42 +0100] "GET / HTTP/1.1" 200 4688 "-" "Mozilla/5.0 (compatible; CareerBot/1.1; +http://www.career-x.de/bot.html)"
178.77.126.55 - - [25/Feb/2014:12:26:42 +0100] "GET /uns.html HTTP/1.1" 200 4398 "-" "Mozilla/5.0 (compatible; CareerBot/1.1; +http://www.career-x.de/bot.html)"
188.111.6.26 - - [25/Feb/2014:13:02:57 +0100] "GET / HTTP/1.1" 200 4688 "http://www.google.de/url?sa=t&rct=j&q=&esrc=s&frm=1&source=web&cd=1&ved=0CC0QFjAA&url=http%3A%2F%2Fwww.mbingenieure.de%2F&ei=ZoYMU-WDJ4OctAbT-IGIBg&usg=AFQjCNEyLqXMZj9hDUfmjIo04GBdDmaXCQ&bvm=bv.61725948,d.Yms" "Mozilla/4.0 (compatible; MSIE 8.0; Windows NT 5.1; Trident/4.0; chromeframe/32.0.1700.107; .NET CLR 2.0.50727; .NET CLR 3.0.4506.2152; .NET CLR 3.5.30729; CMDTDF; .NET4.0C; .NET4.0E)"
188.111.6.26 - - [25/Feb/2014:13:02:57 +0100] "GET /js/libs/modernizr-2.5.3.min.js HTTP/1.1" 200 15274 "http://www.mbingenieure.de/" "Mozilla/4.0 (compatible; MSIE 8.0; Windows NT 5.1; Trident/4.0; chromeframe/32.0.1700.107; .NET CLR 2.0.50727; .NET CLR 3.0.4506.2152; .NET CLR 3.5.30729; CMDTDF; .NET4.0C; .NET4.0E)"
188.111.6.26 - - [25/Feb/2014:13:02:57 +0100] "GET /js/libs/modernizr-2.5.3.min.js HTTP/1.1" 200 15274 "http://www.mbingenieure.de/" "Mozilla/4.0 (compatible; MSIE 8.0; Windows NT 5.1; Trident/4.0; chromeframe/32.0.1700.107; .NET CLR 2.0.50727; .NET CLR 3.0.4506.2152; .NET CLR 3.5.30729; CMDTDF; .NET4.0C; .NET4.0E)"
188.111.6.26 - - [25/Feb/2014:13:02:57 +0100] "GET /css/style.css HTTP/1.1" 200 2831 "http://www.mbingenieure.de/" "Mozilla/4.0 (compatible; MSIE 8.0; Windows NT 5.1; Trident/4.0; chromeframe/32.0.1700.107; .NET CLR 2.0.50727; .NET CLR 3.0.4506.2152; .NET CLR 3.5.30729; CMDTDF; .NET4.0C; .NET4.0E)"
188.111.6.26 - - [25/Feb/2014:13:02:57 +0100] "GET /images/footer.png HTTP/1.1" 200 1064 "http://www.mbingenieure.de/" "Mozilla/4.0 (compatible; MSIE 8.0; Windows NT 5.1; Trident/4.0; chromeframe/32.0.1700.107; .NET CLR 2.0.50727; .NET CLR 3.0.4506.2152; .NET CLR 3.5.30729; CMDTDF; .NET4.0C; .NET4.0E)"
188.111.6.26 - - [25/Feb/2014:13:02:57 +0100] "GET /images/logo.png HTTP/1.1" 200 16467 "http://www.mbingenieure.de/" "Mozilla/4.0 (compatible; MSIE 8.0; Windows NT 5.1; Trident/4.0; chromeframe/32.0.1700.107; .NET CLR 2.0.50727; .NET CLR 3.0.4506.2152; .NET CLR 3.5.30729; CMDTDF; .NET4.0C; .NET4.0E)"
188.111.6.26 - - [25/Feb/2014:13:02:57 +0100] "GET /images/navi.png HTTP/1.1" 200 946 "http://www.mbingenieure.de/" "Mozilla/4.0 (compatible; MSIE 8.0; Windows NT 5.1; Trident/4.0; chromeframe/32.0.1700.107; .NET CLR 2.0.50727; .NET CLR 3.0.4506.2152; .NET CLR 3.5.30729; CMDTDF; .NET4.0C; .NET4.0E)"
188.111.6.26 - - [25/Feb/2014:13:02:57 +0100] "GET /images/header.png HTTP/1.1" 200 1494 "http://www.mbingenieure.de/" "Mozilla/4.0 (compatible; MSIE 8.0; Windows NT 5.1; Trident/4.0; chromeframe/32.0.1700.107; .NET CLR 2.0.50727; .NET CLR 3.0.4506.2152; .NET CLR 3.5.30729; CMDTDF; .NET4.0C; .NET4.0E)"
188.111.6.26 - - [25/Feb/2014:13:02:57 +0100] "GET /images/bild2.png HTTP/1.1" 200 68475 "http://www.mbingenieure.de/" "Mozilla/4.0 (compatible; MSIE 8.0; Windows NT 5.1; Trident/4.0; chromeframe/32.0.1700.107; .NET CLR 2.0.50727; .NET CLR 3.0.4506.2152; .NET CLR 3.5.30729; CMDTDF; .NET4.0C; .NET4.0E)"
188.111.6.26 - - [25/Feb/2014:13:02:58 +0100] "GET /js/plugins.js HTTP/1.1" 200 898 "http://www.mbingenieure.de/" "Mozilla/4.0 (compatible; MSIE 8.0; Windows NT 5.1; Trident/4.0; chromeframe/32.0.1700.107; .NET CLR 2.0.50727; .NET CLR 3.0.4506.2152; .NET CLR 3.5.30729; CMDTDF; .NET4.0C; .NET4.0E)"
188.111.6.26 - - [25/Feb/2014:13:02:58 +0100] "GET /images/bild1.png HTTP/1.1" 200 16301 "http://www.mbingenieure.de/" "Mozilla/4.0 (compatible; MSIE 8.0; Windows NT 5.1; Trident/4.0; chromeframe/32.0.1700.107; .NET CLR 2.0.50727; .NET CLR 3.0.4506.2152; .NET CLR 3.5.30729; CMDTDF; .NET4.0C; .NET4.0E)"
188.111.6.26 - - [25/Feb/2014:13:02:57 +0100] "GET /images/bild4.png HTTP/1.1" 200 65856 "http://www.mbingenieure.de/" "Mozilla/4.0 (compatible; MSIE 8.0; Windows NT 5.1; Trident/4.0; chromeframe/32.0.1700.107; .NET CLR 2.0.50727; .NET CLR 3.0.4506.2152; .NET CLR 3.5.30729; CMDTDF; .NET4.0C; .NET4.0E)"
188.111.6.26 - - [25/Feb/2014:13:02:59 +0100] "GET /favicon.ico HTTP/1.1" 200 93062 "-" "Mozilla/4.0 (compatible; MSIE 8.0; Windows NT 5.1; Trident/4.0; chromeframe/32.0.1700.107; .NET CLR 2.0.50727; .NET CLR 3.0.4506.2152; .NET CLR 3.5.30729; CMDTDF; .NET4.0C; .NET4.0E)"
188.111.6.26 - - [25/Feb/2014:13:03:09 +0100] "GET /partner.html HTTP/1.1" 200 4401 "http://www.mbingenieure.de/" "Mozilla/4.0 (compatible; MSIE 8.0; Windows NT 5.1; Trident/4.0; chromeframe/32.0.1700.107; .NET CLR 2.0.50727; .NET CLR 3.0.4506.2152; .NET CLR 3.5.30729; CMDTDF; .NET4.0C; .NET4.0E)"
64.246.165.170 - - [25/Feb/2014:13:05:42 +0100] "GET /robots.txt HTTP/1.0" 404 - "-" "Mozilla/5.0 (Windows; U; Windows NT 5.1; en; rv:1.9.0.13) Gecko/2009073022 Firefox/3.5.2 (.NET CLR 3.5.30729) SurveyBot/2.3 (DomainTools)"
64.246.165.170 - - [25/Feb/2014:13:05:42 +0100] "GET / HTTP/1.1" 200 4688 "http://whois.domaintools.com/mbingenieure.de" "Mozilla/5.0 (Windows; U; Windows NT 5.1; en; rv:1.9.0.13) Gecko/2009073022 Firefox/3.5.2 (.NET CLR 3.5.30729) SurveyBot/2.3 (DomainTools)"
157.56.92.142 - - [25/Feb/2014:17:16:52 +0100] "GET /robots.txt HTTP/1.1" 404 - "-" "Mozilla/5.0 (compatible; bingbot/2.0; +http://www.bing.com/bingbot.htm)"
157.56.92.142 - - [25/Feb/2014:17:44:53 +0100] "GET /projekte.html HTTP/1.1" 304 - "-" "Mozilla/5.0 (compatible; bingbot/2.0; +http://www.bing.com/bingbot.htm)"
66.249.78.8 - - [25/Feb/2014:19:57:14 +0100] "GET /robots.txt HTTP/1.1" 404 - "-" "Mozilla/5.0 (compatible; Googlebot/2.1; +http://www.google.com/bot.html)"
66.249.78.8 - - [25/Feb/2014:19:57:14 +0100] "GET / HTTP/1.1" 200 4688 "-" "Mozilla/5.0 (iPhone; CPU iPhone OS 6_0 like Mac OS X) AppleWebKit/536.26 (KHTML, like Gecko) Version/6.0 Mobile/10A5376e Safari/8536.25 (compatible; Googlebot/2.1; +http://www.google.com/bot.html)"
66.249.78.8 - - [25/Feb/2014:20:37:55 +0100] "GET /css/style.css HTTP/1.1" 200 2831 "-" "Mozilla/5.0 (compatible; Googlebot/2.1; +http://www.google.com/bot.html)"
141.8.147.12 - - [25/Feb/2014:20:59:27 +0100] "GET /robots.txt HTTP/1.1" 404 - "-" "Mozilla/5.0 (compatible; YandexBot/3.0; +http://yandex.com/bots)"
66.249.78.8 - - [25/Feb/2014:21:05:52 +0100] "GET / HTTP/1.1" 200 4688 "-" "SAMSUNG-SGH-E250/1.0 Profile/MIDP-2.0 Configuration/CLDC-1.1 UP.Browser/6.2.3.3.c.1.101 (GUI) MMP/2.0 (compatible; Googlebot-Mobile/2.1; +http://www.google.com/bot.html)"
208.115.111.69 - - [25/Feb/2014:21:33:35 +0100] "GET /robots.txt HTTP/1.1" 404 - "-" "Mozilla/5.0 (compatible; Ezooms/1.0; help@moz.com)"
208.115.111.69 - - [25/Feb/2014:21:54:33 +0100] "GET / HTTP/1.1" 200 4688 "-" "Mozilla/5.0 (compatible; Ezooms/1.0; help@moz.com)"
66.249.78.8 - - [26/Feb/2014:00:13:17 +0100] "GET /spektrum.html HTTP/1.1" 304 - "-" "Mozilla/5.0 (iPhone; CPU iPhone OS 6_0 like Mac OS X) AppleWebKit/536.26 (KHTML, like Gecko) Version/6.0 Mobile/10A5376e Safari/8536.25 (compatible; Googlebot/2.1; +http://www.google.com/bot.html)"
157.55.33.26 - - [26/Feb/2014:00:33:17 +0100] "GET /robots.txt HTTP/1.1" 404 - "-" "Mozilla/5.0 (compatible; bingbot/2.0; +http://www.bing.com/bingbot.htm)"
157.55.33.26 - - [26/Feb/2014:00:37:05 +0100] "GET / HTTP/1.1" 200 4688 "-" "Mozilla/5.0 (compatible; bingbot/2.0; +http://www.bing.com/bingbot.htm)"
157.55.33.26 - - [26/Feb/2014:00:37:58 +0100] "GET /js/libs/modernizr-2.5.3.min.js HTTP/1.1" 200 15274 "-" "Mozilla/5.0 (compatible; bingbot/2.0; +http://www.bing.com/bingbot.htm)"
157.55.32.225 - - [26/Feb/2014:00:38:18 +0100] "GET /css/style.css HTTP/1.1" 200 2831 "-" "Mozilla/5.0 (compatible; bingbot/2.0; +http://www.bing.com/bingbot.htm)"
157.55.32.225 - - [26/Feb/2014:00:38:18 +0100] "GET /js/plugins.js HTTP/1.1" 200 898 "-" "Mozilla/5.0 (compatible; bingbot/2.0; +http://www.bing.com/bingbot.htm)"
84.19.190.107 - - [26/Feb/2014:03:04:31 +0100] "GET /robots.txt HTTP/1.1" 404 - "-" "Mozilla/5.0 (compatible; UnisterBot; crawler@unister.de)"
84.19.190.107 - - [26/Feb/2014:03:04:31 +0100] "GET / HTTP/1.1" 200 4688 "-" "Mozilla/5.0 (compatible; UnisterBot; crawler@unister.de)"
93.186.202.198 - - [26/Feb/2014:03:53:14 +0100] "GET / HTTP/1.1" 200 4688 "-" "Mozilla/5.0 (X11; Linux i686; rv:6.0) Gecko/20100101 Firefox/6.0"
208.115.111.69 - - [26/Feb/2014:05:36:30 +0100] "GET /robots.txt HTTP/1.1" 404 - "-" "Mozilla/5.0 (compatible; Ezooms/1.0; help@moz.com)"
141.8.147.12 - - [26/Feb/2014:06:22:23 +0100] "GET / HTTP/1.1" 200 4688 "-" "Mozilla/5.0 (compatible; YandexBot/3.0; +http://yandex.com/bots)"
208.115.111.69 - - [26/Feb/2014:07:18:31 +0100] "GET /partner.html HTTP/1.1" 200 4401 "-" "Mozilla/5.0 (compatible; Ezooms/1.0; help@moz.com)"
80.156.247.58 - - [26/Feb/2014:08:23:05 +0100] "GET / HTTP/1.1" 200 4688 "http://www.google.de/url?sa=t&rct=j&q=&esrc=s&source=web&cd=1&sqi=2&ved=0CC0QFjAA&url=http%3A%2F%2Fwww.mbingenieure.de%2F&ei=QZYNU_DHEujH7AaCw4CAAQ&usg=AFQjCNEyLqXMZj9hDUfmjIo04GBdDmaXCQ&bvm=bv.61965928,d.bGE" "Mozilla/5.0 (Windows NT 6.1; WOW64; rv:27.0) Gecko/20100101 Firefox/27.0"
80.156.247.58 - - [26/Feb/2014:08:23:06 +0100] "GET /css/style.css HTTP/1.1" 200 2831 "http://www.mbingenieure.de/" "Mozilla/5.0 (Windows NT 6.1; WOW64; rv:27.0) Gecko/20100101 Firefox/27.0"
80.156.247.58 - - [26/Feb/2014:08:23:06 +0100] "GET /js/libs/modernizr-2.5.3.min.js HTTP/1.1" 200 15274 "http://www.mbingenieure.de/" "Mozilla/5.0 (Windows NT 6.1; WOW64; rv:27.0) Gecko/20100101 Firefox/27.0"
80.156.247.58 - - [26/Feb/2014:08:23:06 +0100] "GET /js/plugins.js HTTP/1.1" 200 898 "http://www.mbingenieure.de/" "Mozilla/5.0 (Windows NT 6.1; WOW64; rv:27.0) Gecko/20100101 Firefox/27.0"
80.156.247.58 - - [26/Feb/2014:08:23:06 +0100] "GET /images/logo.png HTTP/1.1" 200 16467 "http://www.mbingenieure.de/" "Mozilla/5.0 (Windows NT 6.1; WOW64; rv:27.0) Gecko/20100101 Firefox/27.0"
80.156.247.58 - - [26/Feb/2014:08:23:07 +0100] "GET /images/bild1.png HTTP/1.1" 200 16301 "http://www.mbingenieure.de/" "Mozilla/5.0 (Windows NT 6.1; WOW64; rv:27.0) Gecko/20100101 Firefox/27.0"
80.156.247.58 - - [26/Feb/2014:08:23:07 +0100] "GET /images/footer.png HTTP/1.1" 200 1064 "http://www.mbingenieure.de/css/style.css" "Mozilla/5.0 (Windows NT 6.1; WOW64; rv:27.0) Gecko/20100101 Firefox/27.0"
80.156.247.58 - - [26/Feb/2014:08:23:07 +0100] "GET /images/header.png HTTP/1.1" 200 1494 "http://www.mbingenieure.de/css/style.css" "Mozilla/5.0 (Windows NT 6.1; WOW64; rv:27.0) Gecko/20100101 Firefox/27.0"
80.156.247.58 - - [26/Feb/2014:08:23:07 +0100] "GET /images/navi.png HTTP/1.1" 200 946 "http://www.mbingenieure.de/css/style.css" "Mozilla/5.0 (Windows NT 6.1; WOW64; rv:27.0) Gecko/20100101 Firefox/27.0"
80.156.247.58 - - [26/Feb/2014:08:23:07 +0100] "GET /images/bild4.png HTTP/1.1" 200 65856 "http://www.mbingenieure.de/" "Mozilla/5.0 (Windows NT 6.1; WOW64; rv:27.0) Gecko/20100101 Firefox/27.0"
80.156.247.58 - - [26/Feb/2014:08:23:07 +0100] "GET /images/bild2.png HTTP/1.1" 200 68475 "http://www.mbingenieure.de/" "Mozilla/5.0 (Windows NT 6.1; WOW64; rv:27.0) Gecko/20100101 Firefox/27.0"
80.156.247.58 - - [26/Feb/2014:08:23:08 +0100] "GET /favicon.ico HTTP/1.1" 200 93062 "-" "Mozilla/5.0 (Windows NT 6.1; WOW64; rv:27.0) Gecko/20100101 Firefox/27.0"
80.156.247.58 - - [26/Feb/2014:08:23:18 +0100] "GET /uns.html HTTP/1.1" 200 4398 "http://www.mbingenieure.de/" "Mozilla/5.0 (Windows NT 6.1; WOW64; rv:27.0) Gecko/20100101 Firefox/27.0"
80.156.247.58 - - [26/Feb/2014:08:23:41 +0100] "GET /spektrum.html HTTP/1.1" 200 4365 "http://www.mbingenieure.de/uns.html" "Mozilla/5.0 (Windows NT 6.1; WOW64; rv:27.0) Gecko/20100101 Firefox/27.0"
80.156.247.58 - - [26/Feb/2014:08:24:01 +0100] "GET /referenz.html HTTP/1.1" 200 10703 "http://www.mbingenieure.de/spektrum.html" "Mozilla/5.0 (Windows NT 6.1; WOW64; rv:27.0) Gecko/20100101 Firefox/27.0"
80.156.247.58 - - [26/Feb/2014:08:24:38 +0100] "GET /partner.html HTTP/1.1" 200 4401 "http://www.mbingenieure.de/referenz.html" "Mozilla/5.0 (Windows NT 6.1; WOW64; rv:27.0) Gecko/20100101 Firefox/27.0"
80.156.247.58 - - [26/Feb/2014:08:24:59 +0100] "GET /projekte.html HTTP/1.1" 200 7938 "http://www.mbingenieure.de/referenz.html" "Mozilla/5.0 (Windows NT 6.1; WOW64; rv:27.0) Gecko/20100101 Firefox/27.0"
80.156.247.58 - - [26/Feb/2014:08:25:00 +0100] "GET /images/0542a.png HTTP/1.1" 200 15693 "http://www.mbingenieure.de/projekte.html" "Mozilla/5.0 (Windows NT 6.1; WOW64; rv:27.0) Gecko/20100101 Firefox/27.0"
80.156.247.58 - - [26/Feb/2014:08:25:00 +0100] "GET /images/0543a.png HTTP/1.1" 200 16618 "http://www.mbingenieure.de/projekte.html" "Mozilla/5.0 (Windows NT 6.1; WOW64; rv:27.0) Gecko/20100101 Firefox/27.0"
80.156.247.58 - - [26/Feb/2014:08:25:00 +0100] "GET /images/0941a.png HTTP/1.1" 200 14217 "http://www.mbingenieure.de/projekte.html" "Mozilla/5.0 (Windows NT 6.1; WOW64; rv:27.0) Gecko/20100101 Firefox/27.0"
80.156.247.58 - - [26/Feb/2014:08:25:00 +0100] "GET /images/0541a.png HTTP/1.1" 200 16258 "http://www.mbingenieure.de/projekte.html" "Mozilla/5.0 (Windows NT 6.1; WOW64; rv:27.0) Gecko/20100101 Firefox/27.0"
80.156.247.58 - - [26/Feb/2014:08:25:23 +0100] "GET /images/0541.png HTTP/1.1" 200 302390 "http://www.mbingenieure.de/projekte.html" "Mozilla/5.0 (Windows NT 6.1; WOW64; rv:27.0) Gecko/20100101 Firefox/27.0"
80.156.247.58 - - [26/Feb/2014:08:25:34 +0100] "GET /images/0543.png HTTP/1.1" 200 319123 "http://www.mbingenieure.de/projekte.html" "Mozilla/5.0 (Windows NT 6.1; WOW64; rv:27.0) Gecko/20100101 Firefox/27.0"
80.156.247.58 - - [26/Feb/2014:08:25:43 +0100] "GET /images/0542.png HTTP/1.1" 200 291960 "http://www.mbingenieure.de/projekte.html" "Mozilla/5.0 (Windows NT 6.1; WOW64; rv:27.0) Gecko/20100101 Firefox/27.0"
80.156.247.58 - - [26/Feb/2014:08:25:48 +0100] "GET /images/0941.png HTTP/1.1" 200 278742 "http://www.mbingenieure.de/projekte.html" "Mozilla/5.0 (Windows NT 6.1; WOW64; rv:27.0) Gecko/20100101 Firefox/27.0"
66.249.78.8 - - [26/Feb/2014:09:32:26 +0100] "GET /robots.txt HTTP/1.1" 404 - "-" "Mozilla/5.0 (compatible; Googlebot/2.1; +http://www.google.com/bot.html)"
66.249.78.8 - - [26/Feb/2014:09:32:26 +0100] "GET /referenz.html HTTP/1.1" 304 - "-" "Mozilla/5.0 (iPhone; CPU iPhone OS 6_0 like Mac OS X) AppleWebKit/536.26 (KHTML, like Gecko) Version/6.0 Mobile/10A5376e Safari/8536.25 (compatible; Googlebot/2.1; +http://www.google.com/bot.html)"
199.192.207.146 - - [26/Feb/2014:12:53:25 +0100] "GET /robots.txt HTTP/1.0" 404 - "-" "Mozilla/5.0 (compatible; MJ12bot/v1.4.4; http://www.majestic12.co.uk/bot.php?+)"
199.192.207.146 - - [26/Feb/2014:12:53:27 +0100] "GET / HTTP/1.0" 200 4688 "-" "Mozilla/5.0 (compatible; MJ12bot/v1.4.4; http://www.majestic12.co.uk/bot.php?+)"
157.55.35.53 - - [26/Feb/2014:13:21:49 +0100] "GET /robots.txt HTTP/1.1" 404 - "-" "Mozilla/5.0 (compatible; bingbot/2.0; +http://www.bing.com/bingbot.htm)"
157.55.35.53 - - [26/Feb/2014:13:31:45 +0100] "GET / HTTP/1.1" 304 - "-" "Mozilla/5.0 (compatible; bingbot/2.0; +http://www.bing.com/bingbot.htm)"
77.75.73.32 - - [26/Feb/2014:18:26:28 +0100] "GET /robots.txt HTTP/1.1" 404 - "-" "Mozilla/5.0 (compatible; SeznamBot/3.2; +http://fulltext.sblog.cz/)"
77.75.73.32 - - [26/Feb/2014:18:26:29 +0100] "GET / HTTP/1.1" 200 4688 "-" "Mozilla/5.0 (compatible; SeznamBot/3.2; +http://fulltext.sblog.cz/)"
66.249.78.8 - - [26/Feb/2014:19:30:15 +0100] "GET /robots.txt HTTP/1.1" 404 - "-" "Mozilla/5.0 (compatible; Googlebot/2.1; +http://www.google.com/bot.html)"
66.249.78.8 - - [26/Feb/2014:19:30:15 +0100] "GET / HTTP/1.1" 200 4688 "-" "Mozilla/5.0 (iPhone; CPU iPhone OS 6_0 like Mac OS X) AppleWebKit/536.26 (KHTML, like Gecko) Version/6.0 Mobile/10A5376e Safari/8536.25 (compatible; Googlebot/2.1; +http://www.google.com/bot.html)"
66.249.78.8 - - [26/Feb/2014:20:29:23 +0100] "GET /uns.html HTTP/1.1" 304 - "-" "Mozilla/5.0 (iPhone; CPU iPhone OS 6_0 like Mac OS X) AppleWebKit/536.26 (KHTML, like Gecko) Version/6.0 Mobile/10A5376e Safari/8536.25 (compatible; Googlebot/2.1; +http://www.google.com/bot.html)"
37.187.26.110 - - [26/Feb/2014:21:41:58 +0100] "GET /referenz.html HTTP/1.1" 200 10703 "http://www.mbingenieure.de/" "Mozilla/5.0 (X11; Linux x86_64; rv:21.0) Gecko/20100101 Firefox/21.0"
37.187.26.110 - - [26/Feb/2014:21:41:58 +0100] "GET /impressum.html HTTP/1.1" 200 5721 "http://www.mbingenieure.de/" "Mozilla/5.0 (X11; Linux x86_64; rv:21.0) Gecko/20100101 Firefox/21.0"
162.243.89.33 - - [26/Feb/2014:22:22:09 +0100] "GET /robots.txt HTTP/1.1" 404 - "-" "Mozilla/5.0 (compatible; spbot/4.0.7; +http://OpenLinkProfiler.org/bot )"
162.243.89.33 - - [26/Feb/2014:22:22:14 +0100] "GET / HTTP/1.1" 200 4688 "-" "Mozilla/5.0 (compatible; spbot/4.0.7; +http://OpenLinkProfiler.org/bot )"
162.243.89.33 - - [26/Feb/2014:22:22:15 +0100] "GET /uns.html HTTP/1.1" 200 4398 "http://www.mbingenieure.de/" "Mozilla/5.0 (compatible; spbot/4.0.7; +http://OpenLinkProfiler.org/bot )"
162.243.89.33 - - [26/Feb/2014:22:22:19 +0100] "GET /index.html HTTP/1.1" 200 4688 "http://www.mbingenieure.de/" "Mozilla/5.0 (compatible; spbot/4.0.7; +http://OpenLinkProfiler.org/bot )"
162.243.89.33 - - [26/Feb/2014:22:22:24 +0100] "GET /partner.html HTTP/1.1" 200 4401 "http://www.mbingenieure.de/" "Mozilla/5.0 (compatible; spbot/4.0.7; +http://OpenLinkProfiler.org/bot )"
162.243.89.33 - - [26/Feb/2014:22:22:30 +0100] "GET /kontakt.html HTTP/1.1" 200 4451 "http://www.mbingenieure.de/" "Mozilla/5.0 (compatible; spbot/4.0.7; +http://OpenLinkProfiler.org/bot )"
162.243.89.33 - - [26/Feb/2014:22:22:35 +0100] "GET /spektrum.html HTTP/1.1" 200 4365 "http://www.mbingenieure.de/" "Mozilla/5.0 (compatible; spbot/4.0.7; +http://OpenLinkProfiler.org/bot )"
162.243.89.33 - - [26/Feb/2014:22:22:39 +0100] "GET /referenz.html HTTP/1.1" 200 10703 "http://www.mbingenieure.de/" "Mozilla/5.0 (compatible; spbot/4.0.7; +http://OpenLinkProfiler.org/bot )"
162.243.89.33 - - [26/Feb/2014:22:22:44 +0100] "GET /projekte.html HTTP/1.1" 200 7938 "http://www.mbingenieure.de/referenz.html" "Mozilla/5.0 (compatible; spbot/4.0.7; +http://OpenLinkProfiler.org/bot )"
162.243.89.33 - - [26/Feb/2014:22:22:49 +0100] "GET /impressum.html HTTP/1.1" 200 5721 "http://www.mbingenieure.de/" "Mozilla/5.0 (compatible; spbot/4.0.7; +http://OpenLinkProfiler.org/bot )"
66.249.78.8 - - [27/Feb/2014:02:44:57 +0100] "GET / HTTP/1.1" 200 4688 "-" "Mozilla/5.0 (compatible; Googlebot/2.1; +http://www.google.com/bot.html)"
66.249.78.8 - - [27/Feb/2014:02:54:50 +0100] "GET /css/style.css HTTP/1.1" 200 2831 "-" "Mozilla/5.0 (compatible; Googlebot/2.1; +http://www.google.com/bot.html)"
66.249.78.8 - - [27/Feb/2014:06:44:59 +0100] "GET /kontakt.html HTTP/1.1" 304 - "-" "Mozilla/5.0 (iPhone; CPU iPhone OS 6_0 like Mac OS X) AppleWebKit/536.26 (KHTML, like Gecko) Version/6.0 Mobile/10A5376e Safari/8536.25 (compatible; Googlebot/2.1; +http://www.google.com/bot.html)"
66.249.78.8 - - [27/Feb/2014:08:33:25 +0100] "GET /robots.txt HTTP/1.1" 404 - "-" "Mozilla/5.0 (compatible; Googlebot/2.1; +http://www.google.com/bot.html)"
62.156.251.130 - - [27/Feb/2014:09:02:04 +0100] "GET / HTTP/1.1" 200 4688 "http://www.google.de/url?sa=t&rct=j&q=&esrc=s&frm=1&source=web&cd=2&ved=0CDEQFjAB&url=http%3A%2F%2Fwww.mbingenieure.de%2F&ei=0_AOU8inBcm6ygOLwILQDQ&usg=AFQjCNEyLqXMZj9hDUfmjIo04GBdDmaXCQ&bvm=bv.61965928,d.bGQ" "Mozilla/5.0 (compatible; MSIE 10.0; Windows NT 6.1; WOW64; Trident/6.0)"
62.156.251.130 - - [27/Feb/2014:09:02:05 +0100] "GET /css/style.css HTTP/1.1" 200 2831 "http://www.mbingenieure.de/" "Mozilla/5.0 (compatible; MSIE 10.0; Windows NT 6.1; WOW64; Trident/6.0)"
62.156.251.130 - - [27/Feb/2014:09:02:05 +0100] "GET /images/logo.png HTTP/1.1" 200 16467 "http://www.mbingenieure.de/" "Mozilla/5.0 (compatible; MSIE 10.0; Windows NT 6.1; WOW64; Trident/6.0)"
62.156.251.130 - - [27/Feb/2014:09:02:05 +0100] "GET /images/footer.png HTTP/1.1" 200 1064 "http://www.mbingenieure.de/" "Mozilla/5.0 (compatible; MSIE 10.0; Windows NT 6.1; WOW64; Trident/6.0)"
62.156.251.130 - - [27/Feb/2014:09:02:05 +0100] "GET /js/libs/modernizr-2.5.3.min.js HTTP/1.1" 200 15274 "http://www.mbingenieure.de/" "Mozilla/5.0 (compatible; MSIE 10.0; Windows NT 6.1; WOW64; Trident/6.0)"
62.156.251.130 - - [27/Feb/2014:09:02:05 +0100] "GET /js/plugins.js HTTP/1.1" 200 898 "http://www.mbingenieure.de/" "Mozilla/5.0 (compatible; MSIE 10.0; Windows NT 6.1; WOW64; Trident/6.0)"
62.156.251.130 - - [27/Feb/2014:09:02:05 +0100] "GET /images/bild2.png HTTP/1.1" 200 68475 "http://www.mbingenieure.de/" "Mozilla/5.0 (compatible; MSIE 10.0; Windows NT 6.1; WOW64; Trident/6.0)"
62.156.251.130 - - [27/Feb/2014:09:02:05 +0100] "GET /images/header.png HTTP/1.1" 200 1494 "http://www.mbingenieure.de/" "Mozilla/5.0 (compatible; MSIE 10.0; Windows NT 6.1; WOW64; Trident/6.0)"
62.156.251.130 - - [27/Feb/2014:09:02:05 +0100] "GET /images/bild1.png HTTP/1.1" 200 16301 "http://www.mbingenieure.de/" "Mozilla/5.0 (compatible; MSIE 10.0; Windows NT 6.1; WOW64; Trident/6.0)"
62.156.251.130 - - [27/Feb/2014:09:02:05 +0100] "GET /images/navi.png HTTP/1.1" 200 946 "http://www.mbingenieure.de/" "Mozilla/5.0 (compatible; MSIE 10.0; Windows NT 6.1; WOW64; Trident/6.0)"
62.156.251.130 - - [27/Feb/2014:09:02:05 +0100] "GET /images/bild4.png HTTP/1.1" 200 65856 "http://www.mbingenieure.de/" "Mozilla/5.0 (compatible; MSIE 10.0; Windows NT 6.1; WOW64; Trident/6.0)"
62.156.251.130 - - [27/Feb/2014:09:02:05 +0100] "GET /favicon.ico HTTP/1.1" 200 93062 "-" "Mozilla/5.0 (compatible; MSIE 10.0; Windows NT 6.1; WOW64; Trident/6.0)"
62.156.251.130 - - [27/Feb/2014:09:02:16 +0100] "GET /uns.html HTTP/1.1" 200 4398 "http://www.mbingenieure.de/" "Mozilla/5.0 (compatible; MSIE 10.0; Windows NT 6.1; WOW64; Trident/6.0)"
54.81.193.157 - - [27/Feb/2014:10:26:09 +0100] "GET / HTTP/1.1" 200 4688 "-" "Mozilla/5.0 (Windows; U; MSIE 9.0; Windows NT 9.0; en-US)"
54.81.193.157 - - [27/Feb/2014:10:26:09 +0100] "GET /index.html HTTP/1.1" 200 4688 "-" "Mozilla/5.0 (Windows; U; MSIE 9.0; Windows NT 9.0; en-US)"
54.81.193.157 - - [27/Feb/2014:10:26:09 +0100] "GET /uns.html HTTP/1.1" 200 4398 "-" "Mozilla/5.0 (Windows; U; MSIE 9.0; Windows NT 9.0; en-US)"
54.81.193.157 - - [27/Feb/2014:10:26:10 +0100] "GET /spektrum.html HTTP/1.1" 200 4365 "-" "Mozilla/5.0 (Windows; U; MSIE 9.0; Windows NT 9.0; en-US)"
54.81.193.157 - - [27/Feb/2014:10:26:10 +0100] "GET /referenz.html HTTP/1.1" 200 10703 "-" "Mozilla/5.0 (Windows; U; MSIE 9.0; Windows NT 9.0; en-US)"
54.81.193.157 - - [27/Feb/2014:10:26:10 +0100] "GET /partner.html HTTP/1.1" 200 4401 "-" "Mozilla/5.0 (Windows; U; MSIE 9.0; Windows NT 9.0; en-US)"
54.81.193.157 - - [27/Feb/2014:10:26:10 +0100] "GET /kontakt.html HTTP/1.1" 200 4451 "-" "Mozilla/5.0 (Windows; U; MSIE 9.0; Windows NT 9.0; en-US)"
54.81.193.157 - - [27/Feb/2014:10:26:10 +0100] "GET /impressum.html HTTP/1.1" 200 5721 "-" "Mozilla/5.0 (Windows; U; MSIE 9.0; Windows NT 9.0; en-US)"
54.81.193.157 - - [27/Feb/2014:10:26:10 +0100] "GET /projekte.html HTTP/1.1" 200 7938 "-" "Mozilla/5.0 (Windows; U; MSIE 9.0; Windows NT 9.0; en-US)"
178.63.49.74 - - [27/Feb/2014:11:58:46 +0100] "GET /impressum.html HTTP/1.0" 200 5721 "http://www.mbi.net/impressum.html" "User-Agent: Mozilla/4.0 (compatible; MSIE 7.0; Windows NT 6.0; SLCC1; .NET CLR 2.0.50727; Media Center PC 5.0; .NET CLR 3.0.04506; InfoPath.2)"
87.138.85.219 - - [27/Feb/2014:16:21:27 +0100] "GET / HTTP/1.1" 200 4688 "-" "Mozilla/5.0 (Windows NT 6.1; WOW64; Trident/7.0; rv:11.0) like Gecko"
87.138.85.219 - - [27/Feb/2014:16:21:28 +0100] "GET /css/style.css HTTP/1.1" 200 2831 "http://www.mbingenieure.de/" "Mozilla/5.0 (Windows NT 6.1; WOW64; Trident/7.0; rv:11.0) like Gecko"
87.138.85.219 - - [27/Feb/2014:16:21:28 +0100] "GET /js/libs/modernizr-2.5.3.min.js HTTP/1.1" 200 15274 "http://www.mbingenieure.de/" "Mozilla/5.0 (Windows NT 6.1; WOW64; Trident/7.0; rv:11.0) like Gecko"
87.138.85.219 - - [27/Feb/2014:16:21:28 +0100] "GET /images/logo.png HTTP/1.1" 200 16467 "http://www.mbingenieure.de/" "Mozilla/5.0 (Windows NT 6.1; WOW64; Trident/7.0; rv:11.0) like Gecko"
