94.220.63.175 - - [02/Sep/2010:10:15:23 +0200] "GET /media/catalog/product/cache/2/small_image/170x/9df78eab33525d08d6e5fb8d27136e95/6/1/6100_synergieplus_10w40_1l.jpg HTTP/1.1" 200 7991 "http://www.markenoele.de/schmierstoffe.html" "Mozilla/5.0 (Windows; U; Windows NT 5.1; de; rv:1.9.2.8) Gecko/20100722 Firefox/3.6.8"
94.220.63.175 - - [02/Sep/2010:10:16:53 +0200] "GET /schmierstoffe/motul-6100-synergie-5l.html HTTP/1.1" 200 27092 "http://www.markenoele.de/schmierstoffe.html" "Mozilla/5.0 (Windows; U; Windows NT 5.1; de; rv:1.9.2.8) Gecko/20100722 Firefox/3.6.8"
94.220.63.175 - - [02/Sep/2010:10:16:56 +0200] "GET /js/calendar/calendar-win2k-1.css HTTP/1.1" 200 5986 "http://www.markenoele.de/schmierstoffe/motul-6100-synergie-5l.html" "Mozilla/5.0 (Windows; U; Windows NT 5.1; de; rv:1.9.2.8) Gecko/20100722 Firefox/3.6.8"
94.220.63.175 - - [02/Sep/2010:10:16:56 +0200] "GET /skin/frontend/esso/standard/css/jqzoom.css HTTP/1.1" 200 1051 "http://www.markenoele.de/schmierstoffe/motul-6100-synergie-5l.html" "Mozilla/5.0 (Windows; U; Windows NT 5.1; de; rv:1.9.2.8) Gecko/20100722 Firefox/3.6.8"
94.220.63.175 - - [02/Sep/2010:10:16:56 +0200] "GET /js/varien/product.js HTTP/1.1" 200 23531 "http://www.markenoele.de/schmierstoffe/motul-6100-synergie-5l.html" "Mozilla/5.0 (Windows; U; Windows NT 5.1; de; rv:1.9.2.8) Gecko/20100722 Firefox/3.6.8"
94.220.63.175 - - [02/Sep/2010:10:16:56 +0200] "GET /skin/frontend/base/default/css/baseprice.css HTTP/1.1" 404 1256 "http://www.markenoele.de/schmierstoffe/motul-6100-synergie-5l.html" "Mozilla/5.0 (Windows; U; Windows NT 5.1; de; rv:1.9.2.8) Gecko/20100722 Firefox/3.6.8"
94.220.63.175 - - [02/Sep/2010:10:16:56 +0200] "GET /skin/frontend/esso/standard/css/styles.css HTTP/1.1" 200 79554 "http://www.markenoele.de/schmierstoffe/motul-6100-synergie-5l.html" "Mozilla/5.0 (Windows; U; Windows NT 5.1; de; rv:1.9.2.8) Gecko/20100722 Firefox/3.6.8"
94.220.63.175 - - [02/Sep/2010:10:16:56 +0200] "GET /js/prototype/prototype.js HTTP/1.1" 200 129960 "http://www.markenoele.de/schmierstoffe/motul-6100-synergie-5l.html" "Mozilla/5.0 (Windows; U; Windows NT 5.1; de; rv:1.9.2.8) Gecko/20100722 Firefox/3.6.8"
94.220.63.175 - - [02/Sep/2010:10:16:56 +0200] "GET /schmierstoffe/motul-6100-synergie-5l.html HTTP/1.1" 200 27092 "http://www.markenoele.de/schmierstoffe.html" "Mozilla/5.0 (Windows; U; Windows NT 5.1; de; rv:1.9.2.8) Gecko/20100722 Firefox/3.6.8"
94.220.63.175 - - [02/Sep/2010:10:16:59 +0200] "GET /js/varien/product.js HTTP/1.1" 200 23531 "http://www.markenoele.de/schmierstoffe/motul-6100-synergie-5l.html" "Mozilla/5.0 (Windows; U; Windows NT 5.1; de; rv:1.9.2.8) Gecko/20100722 Firefox/3.6.8"
94.220.63.175 - - [02/Sep/2010:10:16:59 +0200] "GET /skin/frontend/base/default/css/baseprice.css HTTP/1.1" 404 1256 "http://www.markenoele.de/schmierstoffe/motul-6100-synergie-5l.html" "Mozilla/5.0 (Windows; U; Windows NT 5.1; de; rv:1.9.2.8) Gecko/20100722 Firefox/3.6.8"
94.220.63.175 - - [02/Sep/2010:10:16:59 +0200] "GET /skin/frontend/esso/standard/css/jqzoom.css HTTP/1.1" 200 1051 "http://www.markenoele.de/schmierstoffe/motul-6100-synergie-5l.html" "Mozilla/5.0 (Windows; U; Windows NT 5.1; de; rv:1.9.2.8) Gecko/20100722 Firefox/3.6.8"
94.220.63.175 - - [02/Sep/2010:10:16:59 +0200] "GET /js/calendar/calendar-win2k-1.css HTTP/1.1" 200 5986 "http://www.markenoele.de/schmierstoffe/motul-6100-synergie-5l.html" "Mozilla/5.0 (Windows; U; Windows NT 5.1; de; rv:1.9.2.8) Gecko/20100722 Firefox/3.6.8"
94.220.63.175 - - [02/Sep/2010:10:16:59 +0200] "GET /js/calendar/calendar-setup.js HTTP/1.1" 200 4986 "http://www.markenoele.de/schmierstoffe/motul-6100-synergie-5l.html" "Mozilla/5.0 (Windows; U; Windows NT 5.1; de; rv:1.9.2.8) Gecko/20100722 Firefox/3.6.8"
94.220.63.175 - - [02/Sep/2010:10:16:59 +0200] "GET /skin/frontend/esso/standard/js/jquery.jqzoom.js HTTP/1.1" 200 5131 "http://www.markenoele.de/schmierstoffe/motul-6100-synergie-5l.html" "Mozilla/5.0 (Windows; U; Windows NT 5.1; de; rv:1.9.2.8) Gecko/20100722 Firefox/3.6.8"
94.220.63.175 - - [02/Sep/2010:10:16:59 +0200] "GET /skin/frontend/esso/standard/js/effects.core.js HTTP/1.1" 200 19170 "http://www.markenoele.de/schmierstoffe/motul-6100-synergie-5l.html" "Mozilla/5.0 (Windows; U; Windows NT 5.1; de; rv:1.9.2.8) Gecko/20100722 Firefox/3.6.8"
94.220.63.175 - - [02/Sep/2010:10:16:59 +0200] "GET /skin/frontend/esso/standard/js/effects.scale.js HTTP/1.1" 200 7057 "http://www.markenoele.de/schmierstoffe/motul-6100-synergie-5l.html" "Mozilla/5.0 (Windows; U; Windows NT 5.1; de; rv:1.9.2.8) Gecko/20100722 Firefox/3.6.8"
94.220.63.175 - - [02/Sep/2010:10:16:59 +0200] "GET /js/prototype/prototype.js HTTP/1.1" 200 129960 "http://www.markenoele.de/schmierstoffe/motul-6100-synergie-5l.html" "Mozilla/5.0 (Windows; U; Windows NT 5.1; de; rv:1.9.2.8) Gecko/20100722 Firefox/3.6.8"
94.220.63.175 - - [02/Sep/2010:10:16:59 +0200] "GET /skin/frontend/esso/standard/css/styles.css HTTP/1.1" 200 79554 "http://www.markenoele.de/schmierstoffe/motul-6100-synergie-5l.html" "Mozilla/5.0 (Windows; U; Windows NT 5.1; de; rv:1.9.2.8) Gecko/20100722 Firefox/3.6.8"
94.220.63.175 - - [02/Sep/2010:10:17:00 +0200] "GET /media/catalog/product/cache/2/thumbnail2/250x250/9df78eab33525d08d6e5fb8d27136e95/6/1/6100_synergieplus_10w40_5l.jpg HTTP/1.1" 200 15332 "http://www.markenoele.de/schmierstoffe/motul-6100-synergie-5l.html" "Mozilla/5.0 (Windows; U; Windows NT 5.1; de; rv:1.9.2.8) Gecko/20100722 Firefox/3.6.8"
94.220.63.175 - - [02/Sep/2010:10:17:01 +0200] "GET /skin/frontend/esso/standard/js/jquery-1.3.2.min.js HTTP/1.1" 200 57254 "http://www.markenoele.de/schmierstoffe/motul-6100-synergie-5l.html" "Mozilla/5.0 (Windows; U; Windows NT 5.1; de; rv:1.9.2.8) Gecko/20100722 Firefox/3.6.8"
94.220.63.175 - - [02/Sep/2010:10:17:01 +0200] "GET /js/calendar/calendar.js HTTP/1.1" 200 53130 "http://www.markenoele.de/schmierstoffe/motul-6100-synergie-5l.html" "Mozilla/5.0 (Windows; U; Windows NT 5.1; de; rv:1.9.2.8) Gecko/20100722 Firefox/3.6.8"
94.220.63.175 - - [02/Sep/2010:10:17:02 +0200] "GET /skin/frontend/esso/standard/images/bkg_tabs.gif HTTP/1.1" 200 151 "http://www.markenoele.de/skin/frontend/esso/standard/css/styles.css" "Mozilla/5.0 (Windows; U; Windows NT 5.1; de; rv:1.9.2.8) Gecko/20100722 Firefox/3.6.8"
94.220.63.175 - - [02/Sep/2010:10:17:02 +0200] "GET /skin/frontend/esso/standard/images/jqzoon_lens.png HTTP/1.1" 404 1256 "http://www.markenoele.de/skin/frontend/esso/standard/css/jqzoom.css" "Mozilla/5.0 (Windows; U; Windows NT 5.1; de; rv:1.9.2.8) Gecko/20100722 Firefox/3.6.8"
94.220.63.175 - - [02/Sep/2010:10:17:02 +0200] "GET /media/catalog/product/6/1/6100_synergieplus_10w40_5l.jpg HTTP/1.1" 200 3075210 "http://www.markenoele.de/schmierstoffe/motul-6100-synergie-5l.html" "Mozilla/5.0 (Windows; U; Windows NT 5.1; de; rv:1.9.2.8) Gecko/20100722 Firefox/3.6.8"
192.168.10.34 - - [02/Sep/2010:10:17:31 +0200] "GET /functions/bestandsliste.php?sortby=ArtikelNr HTTP/1.1" 200 725 "-" "Mozilla/5.0 (Windows; U; Windows NT 5.1; de; rv:1.9.2.8) Gecko/20100722 Firefox/3.6.8 ( .NET CLR 3.5.30729)"
192.168.10.34 - - [02/Sep/2010:10:17:44 +0200] "GET /functions/bestandsliste.php?sortby=ArtikelNr HTTP/1.1" 200 725 "-" "Mozilla/5.0 (Windows; U; Windows NT 5.1; de; rv:1.9.2.8) Gecko/20100722 Firefox/3.6.8 ( .NET CLR 3.5.30729)"
192.168.10.34 - - [02/Sep/2010:10:17:57 +0200] "GET /functions/bestandsliste.php?sortby=ArtikelNr HTTP/1.1" 200 725 "-" "Mozilla/5.0 (Windows; U; Windows NT 5.1; de; rv:1.9.2.8) Gecko/20100722 Firefox/3.6.8 ( .NET CLR 3.5.30729)"
192.168.10.34 - - [02/Sep/2010:10:17:58 +0200] "GET /functions/bestandsliste.php?sortby=ArtikelNr HTTP/1.1" 200 725 "-" "Mozilla/5.0 (Windows; U; Windows NT 5.1; de; rv:1.9.2.8) Gecko/20100722 Firefox/3.6.8 ( .NET CLR 3.5.30729)"
192.168.10.34 - - [02/Sep/2010:10:17:58 +0200] "GET /functions/bestandsliste.php?sortby=ArtikelNr HTTP/1.1" 200 725 "-" "Mozilla/5.0 (Windows; U; Windows NT 5.1; de; rv:1.9.2.8) Gecko/20100722 Firefox/3.6.8 ( .NET CLR 3.5.30729)"
192.168.10.34 - - [02/Sep/2010:10:17:59 +0200] "GET /functions/bestandsliste.php?sortby=ArtikelNr HTTP/1.1" 200 725 "-" "Mozilla/5.0 (Windows; U; Windows NT 5.1; de; rv:1.9.2.8) Gecko/20100722 Firefox/3.6.8 ( .NET CLR 3.5.30729)"
95.108.158.134 - - [02/Sep/2010:10:19:27 +0200] "GET /schmierstoffe/snowmobile/motorenol-4-takt/snowpower-4t-1l.html HTTP/1.1" 200 29958 "-" "Mozilla/5.0 (compatible; YandexBot/3.0; +http://yandex.com/bots)"
192.168.10.34 - - [02/Sep/2010:10:19:39 +0200] "GET /functions/bestandsliste.php?sortby=ArtikelNr HTTP/1.1" 200 650 "-" "Mozilla/5.0 (Windows; U; Windows NT 5.1; de; rv:1.9.2.8) Gecko/20100722 Firefox/3.6.8 ( .NET CLR 3.5.30729)"
192.168.10.34 - - [02/Sep/2010:10:20:54 +0200] "GET /functions/bestandsliste.php?sortby=ArtikelNr HTTP/1.1" 200 654 "-" "Mozilla/5.0 (Windows; U; Windows NT 5.1; de; rv:1.9.2.8) Gecko/20100722 Firefox/3.6.8 ( .NET CLR 3.5.30729)"
192.168.10.34 - - [02/Sep/2010:10:23:13 +0200] "GET /functions/bestandsliste.php?sortby=ArtikelNr HTTP/1.1" 200 657 "-" "Mozilla/5.0 (Windows; U; Windows NT 5.1; de; rv:1.9.2.8) Gecko/20100722 Firefox/3.6.8 ( .NET CLR 3.5.30729)"
192.168.10.34 - - [02/Sep/2010:10:25:17 +0200] "GET /functions/bestandsliste.php?sortby=ArtikelNr HTTP/1.1" 200 654 "-" "Mozilla/5.0 (Windows; U; Windows NT 5.1; de; rv:1.9.2.8) Gecko/20100722 Firefox/3.6.8 ( .NET CLR 3.5.30729)"
192.168.10.34 - - [02/Sep/2010:10:26:54 +0200] "GET /functions/bestandsliste.php?sortby=ArtikelNr HTTP/1.1" 200 650 "-" "Mozilla/5.0 (Windows; U; Windows NT 5.1; de; rv:1.9.2.8) Gecko/20100722 Firefox/3.6.8 ( .NET CLR 3.5.30729)"
66.249.71.218 - - [02/Sep/2010:10:27:18 +0200] "GET /motul-dexron-iii-1l.html HTTP/1.1" 200 25796 "-" "Mozilla/5.0 (compatible; Googlebot/2.1; +http://www.google.com/bot.html)"
192.168.10.34 - - [02/Sep/2010:10:29:09 +0200] "GET /functions/bestandsliste.php?sortby=ArtikelNr HTTP/1.1" 200 37924 "-" "Mozilla/5.0 (Windows; U; Windows NT 5.1; de; rv:1.9.2.8) Gecko/20100722 Firefox/3.6.8 ( .NET CLR 3.5.30729)"
91.49.173.187 - - [02/Sep/2010:10:29:35 +0200] "GET /favicon.ico HTTP/1.1" 200 3638 "-" "Mozilla/5.0 (X11; U; Linux x86_64; en-US; rv:1.9.2.8) Gecko/20100723 Ubuntu/10.04 (lucid) Firefox/3.6.8"
94.220.63.175 - - [02/Sep/2010:10:29:36 +0200] "GET / HTTP/1.1" 302 - "http://www.google.de/search?q=motul+%C3%B6l&ie=utf-8&oe=utf-8&aq=t&rls=org.mozilla:de:official&client=firefox-a" "Mozilla/5.0 (Windows; U; Windows NT 5.1; de; rv:1.9.2.8) Gecko/20100722 Firefox/3.6.8"
94.220.63.175 - - [02/Sep/2010:10:29:37 +0200] "GET / HTTP/1.1" 200 17465 "http://www.google.de/search?q=motul+%C3%B6l&ie=utf-8&oe=utf-8&aq=t&rls=org.mozilla:de:official&client=firefox-a" "Mozilla/5.0 (Windows; U; Windows NT 5.1; de; rv:1.9.2.8) Gecko/20100722 Firefox/3.6.8"
94.220.63.175 - - [02/Sep/2010:10:29:40 +0200] "GET /js/prototype/prototype.js HTTP/1.1" 200 129960 "http://www.markenoele.de/" "Mozilla/5.0 (Windows; U; Windows NT 5.1; de; rv:1.9.2.8) Gecko/20100722 Firefox/3.6.8"
94.220.63.175 - - [02/Sep/2010:10:29:40 +0200] "GET /skin/frontend/esso/standard/css/styles.css HTTP/1.1" 200 79554 "http://www.markenoele.de/" "Mozilla/5.0 (Windows; U; Windows NT 5.1; de; rv:1.9.2.8) Gecko/20100722 Firefox/3.6.8"
94.220.63.175 - - [02/Sep/2010:10:29:43 +0200] "GET /schmierstoffe.html HTTP/1.1" 200 43458 "http://www.markenoele.de/" "Mozilla/5.0 (Windows; U; Windows NT 5.1; de; rv:1.9.2.8) Gecko/20100722 Firefox/3.6.8"
94.220.63.175 - - [02/Sep/2010:10:29:44 +0200] "GET /schmierstoffe.html HTTP/1.1" 200 43458 "http://www.markenoele.de/" "Mozilla/5.0 (Windows; U; Windows NT 5.1; de; rv:1.9.2.8) Gecko/20100722 Firefox/3.6.8"
94.220.63.175 - - [02/Sep/2010:10:29:48 +0200] "GET /angebote-des-monats/ HTTP/1.1" 200 17219 "http://www.markenoele.de/" "Mozilla/5.0 (Windows; U; Windows NT 5.1; de; rv:1.9.2.8) Gecko/20100722 Firefox/3.6.8"
94.220.63.175 - - [02/Sep/2010:10:29:53 +0200] "GET /angebote-des-monats/ HTTP/1.1" 200 17219 "http://www.markenoele.de/angebote-des-monats/" "Mozilla/5.0 (Windows; U; Windows NT 5.1; de; rv:1.9.2.8) Gecko/20100722 Firefox/3.6.8"
192.168.10.34 - - [02/Sep/2010:10:29:59 +0200] "GET /functions/bestandsliste.php?sortby=ArtikelNr HTTP/1.1" 200 654 "-" "Mozilla/5.0 (Windows; U; Windows NT 5.1; de; rv:1.9.2.8) Gecko/20100722 Firefox/3.6.8 ( .NET CLR 3.5.30729)"
94.220.63.175 - - [02/Sep/2010:10:30:02 +0200] "GET /schmierstoffe.html HTTP/1.1" 200 43458 "http://www.markenoele.de/" "Mozilla/5.0 (Windows; U; Windows NT 5.1; de; rv:1.9.2.8) Gecko/20100722 Firefox/3.6.8"
192.168.10.34 - - [02/Sep/2010:10:30:31 +0200] "GET /functions/bestandsliste.php?sortby=ArtikelNr HTTP/1.1" 200 650 "-" "Mozilla/5.0 (Windows; U; Windows NT 5.1; de; rv:1.9.2.8) Gecko/20100722 Firefox/3.6.8 ( .NET CLR 3.5.30729)"
94.220.63.175 - - [02/Sep/2010:10:30:43 +0200] "GET /schmierstoffe.html?p=2 HTTP/1.1" 200 44628 "http://www.markenoele.de/schmierstoffe.html" "Mozilla/5.0 (Windows; U; Windows NT 5.1; de; rv:1.9.2.8) Gecko/20100722 Firefox/3.6.8"
94.220.63.175 - - [02/Sep/2010:10:30:45 +0200] "GET /skin/frontend/esso/standard/images/i_pager-prev.gif HTTP/1.1" 200 158 "http://www.markenoele.de/schmierstoffe.html?p=2" "Mozilla/5.0 (Windows; U; Windows NT 5.1; de; rv:1.9.2.8) Gecko/20100722 Firefox/3.6.8"
94.220.63.175 - - [02/Sep/2010:10:30:45 +0200] "GET /media/catalog/product/cache/2/small_image/170x/9df78eab33525d08d6e5fb8d27136e95/8/1/8100_ecoclean_5w30_5l.jpg HTTP/1.1" 200 8617 "http://www.markenoele.de/schmierstoffe.html?p=2" "Mozilla/5.0 (Windows; U; Windows NT 5.1; de; rv:1.9.2.8) Gecko/20100722 Firefox/3.6.8"
94.220.63.175 - - [02/Sep/2010:10:30:45 +0200] "GET /media/catalog/product/cache/2/small_image/170x/9df78eab33525d08d6e5fb8d27136e95/8/1/8100_ecocleanplus_5w30_1l.jpg HTTP/1.1" 200 7951 "http://www.markenoele.de/schmierstoffe.html?p=2" "Mozilla/5.0 (Windows; U; Windows NT 5.1; de; rv:1.9.2.8) Gecko/20100722 Firefox/3.6.8"
94.220.63.175 - - [02/Sep/2010:10:30:45 +0200] "GET /media/catalog/product/cache/2/small_image/170x/9df78eab33525d08d6e5fb8d27136e95/8/1/8100_ecocleanplus_5w30_5l.jpg HTTP/1.1" 200 8771 "http://www.markenoele.de/schmierstoffe.html?p=2" "Mozilla/5.0 (Windows; U; Windows NT 5.1; de; rv:1.9.2.8) Gecko/20100722 Firefox/3.6.8"
94.220.63.175 - - [02/Sep/2010:10:30:45 +0200] "GET /media/catalog/product/cache/2/small_image/170x/9df78eab33525d08d6e5fb8d27136e95/8/1/8100_ecoclean_5w30_1l.jpg HTTP/1.1" 200 8026 "http://www.markenoele.de/schmierstoffe.html?p=2" "Mozilla/5.0 (Windows; U; Windows NT 5.1; de; rv:1.9.2.8) Gecko/20100722 Firefox/3.6.8"
94.220.63.175 - - [02/Sep/2010:10:30:46 +0200] "GET /media/catalog/product/cache/2/small_image/170x/9df78eab33525d08d6e5fb8d27136e95/g/e/gear_300_1l.jpg HTTP/1.1" 200 5981 "http://www.markenoele.de/schmierstoffe.html?p=2" "Mozilla/5.0 (Windows; U; Windows NT 5.1; de; rv:1.9.2.8) Gecko/20100722 Firefox/3.6.8"
94.220.63.175 - - [02/Sep/2010:10:30:46 +0200] "GET /media/catalog/product/cache/2/small_image/170x/9df78eab33525d08d6e5fb8d27136e95/f/i/file_2.jpg HTTP/1.1" 200 8679 "http://www.markenoele.de/schmierstoffe.html?p=2" "Mozilla/5.0 (Windows; U; Windows NT 5.1; de; rv:1.9.2.8) Gecko/20100722 Firefox/3.6.8"
94.220.63.175 - - [02/Sep/2010:10:30:46 +0200] "GET /media/catalog/product/cache/2/small_image/170x/9df78eab33525d08d6e5fb8d27136e95/f/i/file.jpg HTTP/1.1" 200 8178 "http://www.markenoele.de/schmierstoffe.html?p=2" "Mozilla/5.0 (Windows; U; Windows NT 5.1; de; rv:1.9.2.8) Gecko/20100722 Firefox/3.6.8"
94.220.63.175 - - [02/Sep/2010:10:30:46 +0200] "GET /media/catalog/product/cache/2/small_image/170x/9df78eab33525d08d6e5fb8d27136e95/s/p/specific_cng_lpl_5l.jpg HTTP/1.1" 200 9255 "http://www.markenoele.de/schmierstoffe.html?p=2" "Mozilla/5.0 (Windows; U; Windows NT 5.1; de; rv:1.9.2.8) Gecko/20100722 Firefox/3.6.8"
94.220.63.175 - - [02/Sep/2010:10:30:46 +0200] "GET /media/catalog/product/cache/2/small_image/170x/9df78eab33525d08d6e5fb8d27136e95/s/p/specific_llab025_5w30_1l.jpg HTTP/1.1" 200 7404 "http://www.markenoele.de/schmierstoffe.html?p=2" "Mozilla/5.0 (Windows; U; Windows NT 5.1; de; rv:1.9.2.8) Gecko/20100722 Firefox/3.6.8"
94.220.63.175 - - [02/Sep/2010:10:30:59 +0200] "GET /schmierstoffe.html HTTP/1.1" 200 43458 "http://www.markenoele.de/" "Mozilla/5.0 (Windows; U; Windows NT 5.1; de; rv:1.9.2.8) Gecko/20100722 Firefox/3.6.8"
94.220.63.175 - - [02/Sep/2010:10:31:08 +0200] "GET /lieferung HTTP/1.1" 200 20742 "http://www.markenoele.de/schmierstoffe.html" "Mozilla/5.0 (Windows; U; Windows NT 5.1; de; rv:1.9.2.8) Gecko/20100722 Firefox/3.6.8"
192.168.10.34 - - [02/Sep/2010:10:31:47 +0200] "GET /functions/bestandsliste.php?sortby=ArtikelNr HTTP/1.1" 200 672 "-" "Mozilla/5.0 (Windows; U; Windows NT 5.1; de; rv:1.9.2.8) Gecko/20100722 Firefox/3.6.8 ( .NET CLR 3.5.30729)"
192.168.10.7 - - [02/Sep/2010:10:31:54 +0200] "GET /index.php/admin/sales_order/index/key/4a4c77c7b0ba17eecff604a709765df2/ HTTP/1.1" 200 3327 "-" "Mozilla/5.0 (Windows; U; Windows NT 6.1; de; rv:1.9.2.8) Gecko/20100722 Firefox/3.6.8"
192.168.10.7 - - [02/Sep/2010:10:31:57 +0200] "GET /skin/adminhtml/default/default/reset.css HTTP/1.1" 200 2762 "-" "Mozilla/5.0 (Windows; U; Windows NT 6.1; de; rv:1.9.2.8) Gecko/20100722 Firefox/3.6.8"
192.168.10.7 - - [02/Sep/2010:10:31:57 +0200] "GET /js/lib/ccard.js HTTP/1.1" 200 747 "-" "Mozilla/5.0 (Windows; U; Windows NT 6.1; de; rv:1.9.2.8) Gecko/20100722 Firefox/3.6.8"
192.168.10.7 - - [02/Sep/2010:10:31:57 +0200] "GET /skin/adminhtml/default/default/boxes.css HTTP/1.1" 200 71583 "-" "Mozilla/5.0 (Windows; U; Windows NT 6.1; de; rv:1.9.2.8) Gecko/20100722 Firefox/3.6.8"
192.168.10.7 - - [02/Sep/2010:10:31:58 +0200] "GET /skin/adminhtml/default/default/favicon.ico HTTP/1.1" 200 1150 "-" "Mozilla/5.0 (Windows; U; Windows NT 6.1; de; rv:1.9.2.8) Gecko/20100722 Firefox/3.6.8"
192.168.10.7 - - [02/Sep/2010:10:31:58 +0200] "GET /skin/adminhtml/default/default/favicon.ico HTTP/1.1" 200 1150 "-" "Mozilla/5.0 (Windows; U; Windows NT 6.1; de; rv:1.9.2.8) Gecko/20100722 Firefox/3.6.8"
192.168.10.7 - - [02/Sep/2010:10:31:58 +0200] "GET /js/prototype/validation.js HTTP/1.1" 200 34677 "-" "Mozilla/5.0 (Windows; U; Windows NT 6.1; de; rv:1.9.2.8) Gecko/20100722 Firefox/3.6.8"
192.168.10.7 - - [02/Sep/2010:10:31:58 +0200] "GET /js/mage/adminhtml/form.js HTTP/1.1" 200 15544 "-" "Mozilla/5.0 (Windows; U; Windows NT 6.1; de; rv:1.9.2.8) Gecko/20100722 Firefox/3.6.8"
192.168.10.7 - - [02/Sep/2010:10:31:58 +0200] "GET /js/prototype/prototype.js HTTP/1.1" 200 129960 "-" "Mozilla/5.0 (Windows; U; Windows NT 6.1; de; rv:1.9.2.8) Gecko/20100722 Firefox/3.6.8"
192.168.10.7 - - [02/Sep/2010:10:32:00 +0200] "GET /skin/adminhtml/default/default/images/login_logo.gif HTTP/1.1" 200 816 "-" "Mozilla/5.0 (Windows; U; Windows NT 6.1; de; rv:1.9.2.8) Gecko/20100722 Firefox/3.6.8"
192.168.10.7 - - [02/Sep/2010:10:32:00 +0200] "GET /skin/adminhtml/default/default/images/login_box_bg.jpg HTTP/1.1" 200 23561 "-" "Mozilla/5.0 (Windows; U; Windows NT 6.1; de; rv:1.9.2.8) Gecko/20100722 Firefox/3.6.8"
192.168.10.7 - - [02/Sep/2010:10:32:01 +0200] "GET /skin/adminhtml/default/default/images/btn_bg.gif HTTP/1.1" 200 148 "-" "Mozilla/5.0 (Windows; U; Windows NT 6.1; de; rv:1.9.2.8) Gecko/20100722 Firefox/3.6.8"
192.168.10.7 - - [02/Sep/2010:10:32:01 +0200] "GET /skin/adminhtml/default/default/images/login_box_legal_bg.gif HTTP/1.1" 200 884 "-" "Mozilla/5.0 (Windows; U; Windows NT 6.1; de; rv:1.9.2.8) Gecko/20100722 Firefox/3.6.8"
192.168.10.7 - - [02/Sep/2010:10:32:01 +0200] "GET /skin/adminhtml/default/default/images/login_box_bottom.jpg HTTP/1.1" 200 1259 "-" "Mozilla/5.0 (Windows; U; Windows NT 6.1; de; rv:1.9.2.8) Gecko/20100722 Firefox/3.6.8"
192.168.10.7 - - [02/Sep/2010:10:32:02 +0200] "GET /skin/adminhtml/default/default/favicon.ico HTTP/1.1" 200 1150 "-" "Mozilla/5.0 (Windows; U; Windows NT 6.1; de; rv:1.9.2.8) Gecko/20100722 Firefox/3.6.8"
192.168.10.34 - - [02/Sep/2010:10:32:18 +0200] "GET /functions/bestandsliste.php?sortby=ArtikelNr HTTP/1.1" 200 673 "-" "Mozilla/5.0 (Windows; U; Windows NT 5.1; de; rv:1.9.2.8) Gecko/20100722 Firefox/3.6.8 ( .NET CLR 3.5.30729)"
67.195.115.163 - - [02/Sep/2010:10:32:23 +0200] "GET /fanshop/blechschild-pin-up-i.html HTTP/1.0" 200 25778 "-" "Mozilla/5.0 (compatible; Yahoo! Slurp/3.0; http://help.yahoo.com/help/us/ysearch/slurp)"
94.220.63.175 - - [02/Sep/2010:10:32:35 +0200] "GET /schmierstoffe.html HTTP/1.1" 200 43458 "http://www.markenoele.de/" "Mozilla/5.0 (Windows; U; Windows NT 5.1; de; rv:1.9.2.8) Gecko/20100722 Firefox/3.6.8"
94.220.63.175 - - [02/Sep/2010:10:32:47 +0200] "GET /schmierstoffe/motul-8100-x-cess-5l.html HTTP/1.1" 200 27074 "http://www.markenoele.de/schmierstoffe.html" "Mozilla/5.0 (Windows; U; Windows NT 5.1; de; rv:1.9.2.8) Gecko/20100722 Firefox/3.6.8"
94.220.63.175 - - [02/Sep/2010:10:32:49 +0200] "GET /skin/frontend/base/default/css/baseprice.css HTTP/1.1" 404 1256 "http://www.markenoele.de/schmierstoffe/motul-8100-x-cess-5l.html" "Mozilla/5.0 (Windows; U; Windows NT 5.1; de; rv:1.9.2.8) Gecko/20100722 Firefox/3.6.8"
94.220.63.175 - - [02/Sep/2010:10:32:49 +0200] "GET /media/catalog/product/cache/2/thumbnail2/250x250/9df78eab33525d08d6e5fb8d27136e95/8/1/8100_x-cess_5w40_5l.jpg HTTP/1.1" 200 14969 "http://www.markenoele.de/schmierstoffe/motul-8100-x-cess-5l.html" "Mozilla/5.0 (Windows; U; Windows NT 5.1; de; rv:1.9.2.8) Gecko/20100722 Firefox/3.6.8"
94.220.63.175 - - [02/Sep/2010:10:32:49 +0200] "GET /media/catalog/product/8/1/8100_x-cess_5w40_5l.jpg HTTP/1.1" 200 1775427 "http://www.markenoele.de/schmierstoffe/motul-8100-x-cess-5l.html" "Mozilla/5.0 (Windows; U; Windows NT 5.1; de; rv:1.9.2.8) Gecko/20100722 Firefox/3.6.8"
94.220.63.175 - - [02/Sep/2010:10:33:29 +0200] "GET /skin/frontend/esso/standard/images/jqzoon_lens.png HTTP/1.1" 404 1256 "http://www.markenoele.de/skin/frontend/esso/standard/css/jqzoom.css" "Mozilla/5.0 (Windows; U; Windows NT 5.1; de; rv:1.9.2.8) Gecko/20100722 Firefox/3.6.8"
94.220.63.175 - - [02/Sep/2010:10:33:30 +0200] "GET /schmierstoffe.html HTTP/1.1" 200 43458 "http://www.markenoele.de/" "Mozilla/5.0 (Windows; U; Windows NT 5.1; de; rv:1.9.2.8) Gecko/20100722 Firefox/3.6.8"
94.220.63.175 - - [02/Sep/2010:10:33:35 +0200] "GET / HTTP/1.1" 200 17465 "http://www.google.de/search?q=motul+%C3%B6l&ie=utf-8&oe=utf-8&aq=t&rls=org.mozilla:de:official&client=firefox-a" "Mozilla/5.0 (Windows; U; Windows NT 5.1; de; rv:1.9.2.8) Gecko/20100722 Firefox/3.6.8"
192.168.10.34 - - [02/Sep/2010:10:34:09 +0200] "GET /functions/bestandsliste.php?sortby=ArtikelNr HTTP/1.1" 200 681 "-" "Mozilla/5.0 (Windows; U; Windows NT 5.1; de; rv:1.9.2.8) Gecko/20100722 Firefox/3.6.8 ( .NET CLR 3.5.30729)"
192.168.10.34 - - [02/Sep/2010:10:34:33 +0200] "GET /functions/bestandsliste.php?sortby=ArtikelNr HTTP/1.1" 200 683 "-" "Mozilla/5.0 (Windows; U; Windows NT 5.1; de; rv:1.9.2.8) Gecko/20100722 Firefox/3.6.8 ( .NET CLR 3.5.30729)"
192.168.10.34 - - [02/Sep/2010:10:34:51 +0200] "GET /functions/bestandsliste.php?sortby=ArtikelNr HTTP/1.1" 200 683 "-" "Mozilla/5.0 (Windows; U; Windows NT 5.1; de; rv:1.9.2.8) Gecko/20100722 Firefox/3.6.8 ( .NET CLR 3.5.30729)"
67.195.115.163 - - [02/Sep/2010:10:35:32 +0200] "GET /pflegeprodukte/motorrad.html HTTP/1.0" 200 43519 "-" "Mozilla/5.0 (compatible; Yahoo! Slurp/3.0; http://help.yahoo.com/help/us/ysearch/slurp)"
94.220.63.175 - - [02/Sep/2010:10:35:35 +0200] "GET / HTTP/1.1" 302 - "http://www.google.de/search?q=motul+%C3%B6l&ie=utf-8&oe=utf-8&aq=t&rls=org.mozilla:de:official&client=firefox-a" "Mozilla/5.0 (Windows; U; Windows NT 5.1; de; rv:1.9.2.8) Gecko/20100722 Firefox/3.6.8"
94.220.63.175 - - [02/Sep/2010:10:35:36 +0200] "GET / HTTP/1.1" 200 17465 "http://www.google.de/search?q=motul+%C3%B6l&ie=utf-8&oe=utf-8&aq=t&rls=org.mozilla:de:official&client=firefox-a" "Mozilla/5.0 (Windows; U; Windows NT 5.1; de; rv:1.9.2.8) Gecko/20100722 Firefox/3.6.8"
94.220.63.175 - - [02/Sep/2010:10:35:45 +0200] "GET /schmierstoffe.html HTTP/1.1" 200 43458 "http://www.markenoele.de/" "Mozilla/5.0 (Windows; U; Windows NT 5.1; de; rv:1.9.2.8) Gecko/20100722 Firefox/3.6.8"
192.168.10.34 - - [02/Sep/2010:10:36:43 +0200] "GET /functions/bestandsliste.php?sortby=ArtikelNr HTTP/1.1" 200 675 "-" "Mozilla/5.0 (Windows; U; Windows NT 5.1; de; rv:1.9.2.8) Gecko/20100722 Firefox/3.6.8 ( .NET CLR 3.5.30729)"
67.195.115.163 - - [02/Sep/2010:10:36:58 +0200] "GET /pflegeprodukte/motorrad/shine-go-silicone-clean.html HTTP/1.0" 200 27122 "-" "Mozilla/5.0 (compatible; Yahoo! Slurp/3.0; http://help.yahoo.com/help/us/ysearch/slurp)"
94.220.63.175 - - [02/Sep/2010:10:37:19 +0200] "GET / HTTP/1.1" 200 17465 "http://www.google.de/search?q=motul+%C3%B6l&ie=utf-8&oe=utf-8&aq=t&rls=org.mozilla:de:official&client=firefox-a" "Mozilla/5.0 (Windows; U; Windows NT 5.1; de; rv:1.9.2.8) Gecko/20100722 Firefox/3.6.8"
192.168.10.34 - - [02/Sep/2010:10:41:47 +0200] "GET /functions/bestandsliste.php?sortby=ArtikelNr HTTP/1.1" 200 681 "-" "Mozilla/5.0 (Windows; U; Windows NT 5.1; de; rv:1.9.2.8) Gecko/20100722 Firefox/3.6.8 ( .NET CLR 3.5.30729)"
192.168.10.34 - - [02/Sep/2010:10:43:42 +0200] "GET /functions/bestandsliste.php?sortby=ArtikelNr HTTP/1.1" 200 1112 "-" "Mozilla/5.0 (Windows; U; Windows NT 5.1; de; rv:1.9.2.8) Gecko/20100722 Firefox/3.6.8 ( .NET CLR 3.5.30729)"
192.168.10.34 - - [02/Sep/2010:10:44:11 +0200] "GET /functions/bestandsliste.php?sortby=ArtikelNr HTTP/1.1" 200 38360 "-" "Mozilla/5.0 (Windows; U; Windows NT 5.1; de; rv:1.9.2.8) Gecko/20100722 Firefox/3.6.8 ( .NET CLR 3.5.30729)"
192.168.10.34 - - [02/Sep/2010:10:47:34 +0200] "GET /functions/bestandsliste.php?sortby=ArtikelNr HTTP/1.1" 200 37924 "-" "Mozilla/5.0 (Windows; U; Windows NT 5.1; de; rv:1.9.2.8) Gecko/20100722 Firefox/3.6.8 ( .NET CLR 3.5.30729)"
192.168.10.34 - - [02/Sep/2010:10:47:37 +0200] "POST /functions/bestandsliste.php?sortby=ArtikelNr HTTP/1.1" 200 37924 "http://www.markenoele.de/functions/bestandsliste.php?sortby=ArtikelNr" "Mozilla/5.0 (Windows; U; Windows NT 5.1; de; rv:1.9.2.8) Gecko/20100722 Firefox/3.6.8 ( .NET CLR 3.5.30729)"
94.220.63.175 - - [02/Sep/2010:10:50:05 +0200] "GET / HTTP/1.1" 200 17465 "http://www.google.de/search?q=motul+%C3%B6l&ie=utf-8&oe=utf-8&aq=t&rls=org.mozilla:de:official&client=firefox-a" "Mozilla/5.0 (Windows; U; Windows NT 5.1; de; rv:1.9.2.8) Gecko/20100722 Firefox/3.6.8"
67.195.115.163 - - [02/Sep/2010:10:50:35 +0200] "GET / HTTP/1.0" 200 17465 "-" "Mozilla/5.0 (compatible; Yahoo! Slurp/3.0; http://help.yahoo.com/help/us/ysearch/slurp)"
67.195.115.163 - - [02/Sep/2010:10:57:30 +0200] "GET /zusatzstoffe/handwaschgel/top-gel.html HTTP/1.0" 200 26414 "-" "Mozilla/5.0 (compatible; Yahoo! Slurp/3.0; http://help.yahoo.com/help/us/ysearch/slurp)"
67.195.115.163 - - [02/Sep/2010:11:34:50 +0200] "GET /fanshop/aschenbecher.html HTTP/1.0" 200 25617 "-" "Mozilla/5.0 (compatible; Yahoo! Slurp/3.0; http://help.yahoo.com/help/us/ysearch/slurp)"
95.108.158.134 - - [02/Sep/2010:11:38:19 +0200] "GET /fanshop/aufkleber/einzelbuchstaben-28-x-5-5-cm.html HTTP/1.1" 200 25411 "-" "Mozilla/5.0 (compatible; YandexBot/3.0; +http://yandex.com/bots)"
141.113.86.94 - - [02/Sep/2010:11:51:37 +0200] "GET / HTTP/1.1" 302 - "http://www.google.de/search?hl=de&source=hp&q=motul+20w50&meta=&aq=f&aqi=g1&aql=&oq=&gs_rfai=" "Mozilla/4.0 (compatible; MSIE 6.0; Windows NT 5.1; SV1; .NET CLR 1.1.4322; .NET CLR 2.0.50727; .NET CLR 3.0.4506.2152; .NET CLR 3.5.30729; MS-RTC LM 8)"
141.113.86.94 - - [02/Sep/2010:11:51:38 +0200] "GET / HTTP/1.1" 200 17465 "http://www.google.de/search?hl=de&source=hp&q=motul+20w50&meta=&aq=f&aqi=g1&aql=&oq=&gs_rfai=" "Mozilla/4.0 (compatible; MSIE 6.0; Windows NT 5.1; SV1; .NET CLR 1.1.4322; .NET CLR 2.0.50727; .NET CLR 3.0.4506.2152; .NET CLR 3.5.30729; MS-RTC LM 8)"
141.113.86.94 - - [02/Sep/2010:11:51:52 +0200] "GET /schmierstoffe.html HTTP/1.1" 200 43458 "http://www.markenoele.de/" "Mozilla/4.0 (compatible; MSIE 6.0; Windows NT 5.1; SV1; .NET CLR 1.1.4322; .NET CLR 2.0.50727; .NET CLR 3.0.4506.2152; .NET CLR 3.5.30729; MS-RTC LM 8)"
141.113.86.94 - - [02/Sep/2010:11:51:54 +0200] "GET /skin/frontend/esso/standard/images/i_asc_arrow.gif HTTP/1.1" 200 115 "http://www.markenoele.de/schmierstoffe.html" "Mozilla/4.0 (compatible; MSIE 6.0; Windows NT 5.1; SV1; .NET CLR 1.1.4322; .NET CLR 2.0.50727; .NET CLR 3.0.4506.2152; .NET CLR 3.5.30729; MS-RTC LM 8)"
141.113.86.94 - - [02/Sep/2010:11:51:54 +0200] "GET /media/catalog/product/cache/2/small_image/170x/9df78eab33525d08d6e5fb8d27136e95/4/1/4100_power-15w50_5l.jpg HTTP/1.1" 200 8384 "http://www.markenoele.de/schmierstoffe.html" "Mozilla/4.0 (compatible; MSIE 6.0; Windows NT 5.1; SV1; .NET CLR 1.1.4322; .NET CLR 2.0.50727; .NET CLR 3.0.4506.2152; .NET CLR 3.5.30729; MS-RTC LM 8)"
141.113.86.94 - - [02/Sep/2010:11:51:54 +0200] "GET /media/catalog/product/cache/2/small_image/170x/9df78eab33525d08d6e5fb8d27136e95/4/1/4100_power_15w50_1l.jpg HTTP/1.1" 200 7710 "http://www.markenoele.de/schmierstoffe.html" "Mozilla/4.0 (compatible; MSIE 6.0; Windows NT 5.1; SV1; .NET CLR 1.1.4322; .NET CLR 2.0.50727; .NET CLR 3.0.4506.2152; .NET CLR 3.5.30729; MS-RTC LM 8)"
141.113.86.94 - - [02/Sep/2010:11:51:54 +0200] "GET /skin/frontend/esso/standard/images/i_pager-next.gif HTTP/1.1" 200 158 "http://www.markenoele.de/schmierstoffe.html" "Mozilla/4.0 (compatible; MSIE 6.0; Windows NT 5.1; SV1; .NET CLR 1.1.4322; .NET CLR 2.0.50727; .NET CLR 3.0.4506.2152; .NET CLR 3.5.30729; MS-RTC LM 8)"
141.113.86.94 - - [02/Sep/2010:11:51:54 +0200] "GET /media/catalog/product/cache/2/small_image/170x/9df78eab33525d08d6e5fb8d27136e95/6/1/6100_synergieplus_10w40_1l.jpg HTTP/1.1" 200 7991 "http://www.markenoele.de/schmierstoffe.html" "Mozilla/4.0 (compatible; MSIE 6.0; Windows NT 5.1; SV1; .NET CLR 1.1.4322; .NET CLR 2.0.50727; .NET CLR 3.0.4506.2152; .NET CLR 3.5.30729; MS-RTC LM 8)"
141.113.86.94 - - [02/Sep/2010:11:51:54 +0200] "GET /media/catalog/product/cache/2/small_image/170x/9df78eab33525d08d6e5fb8d27136e95/6/1/6100_synergieplus_10w40_5l.jpg HTTP/1.1" 200 8701 "http://www.markenoele.de/schmierstoffe.html" "Mozilla/4.0 (compatible; MSIE 6.0; Windows NT 5.1; SV1; .NET CLR 1.1.4322; .NET CLR 2.0.50727; .NET CLR 3.0.4506.2152; .NET CLR 3.5.30729; MS-RTC LM 8)"
141.113.86.94 - - [02/Sep/2010:11:51:54 +0200] "GET /media/catalog/product/cache/2/small_image/170x/9df78eab33525d08d6e5fb8d27136e95/8/1/8100_x-cess_5w40_1l.jpg HTTP/1.1" 200 7747 "http://www.markenoele.de/schmierstoffe.html" "Mozilla/4.0 (compatible; MSIE 6.0; Windows NT 5.1; SV1; .NET CLR 1.1.4322; .NET CLR 2.0.50727; .NET CLR 3.0.4506.2152; .NET CLR 3.5.30729; MS-RTC LM 8)"
141.113.86.94 - - [02/Sep/2010:11:51:54 +0200] "GET /media/catalog/product/cache/2/small_image/170x/9df78eab33525d08d6e5fb8d27136e95/8/1/8100_x-cess_5w40_5l.jpg HTTP/1.1" 200 8326 "http://www.markenoele.de/schmierstoffe.html" "Mozilla/4.0 (compatible; MSIE 6.0; Windows NT 5.1; SV1; .NET CLR 1.1.4322; .NET CLR 2.0.50727; .NET CLR 3.0.4506.2152; .NET CLR 3.5.30729; MS-RTC LM 8)"
141.113.86.94 - - [02/Sep/2010:11:51:54 +0200] "GET /media/catalog/product/cache/2/small_image/170x/9df78eab33525d08d6e5fb8d27136e95/8/1/8100_xclean_5w40_1l.jpg HTTP/1.1" 200 7941 "http://www.markenoele.de/schmierstoffe.html" "Mozilla/4.0 (compatible; MSIE 6.0; Windows NT 5.1; SV1; .NET CLR 1.1.4322; .NET CLR 2.0.50727; .NET CLR 3.0.4506.2152; .NET CLR 3.5.30729; MS-RTC LM 8)"
141.113.86.94 - - [02/Sep/2010:11:51:54 +0200] "GET /media/catalog/product/cache/2/small_image/170x/9df78eab33525d08d6e5fb8d27136e95/s/p/specific_cng_lpg_1l.jpg HTTP/1.1" 200 8019 "http://www.markenoele.de/schmierstoffe.html" "Mozilla/4.0 (compatible; MSIE 6.0; Windows NT 5.1; SV1; .NET CLR 1.1.4322; .NET CLR 2.0.50727; .NET CLR 3.0.4506.2152; .NET CLR 3.5.30729; MS-RTC LM 8)"
141.113.86.94 - - [02/Sep/2010:11:51:54 +0200] "GET /media/catalog/product/cache/2/small_image/170x/9df78eab33525d08d6e5fb8d27136e95/8/1/8100_xclean_5w40_5l.jpg HTTP/1.1" 200 8644 "http://www.markenoele.de/schmierstoffe.html" "Mozilla/4.0 (compatible; MSIE 6.0; Windows NT 5.1; SV1; .NET CLR 1.1.4322; .NET CLR 2.0.50727; .NET CLR 3.0.4506.2152; .NET CLR 3.5.30729; MS-RTC LM 8)"
141.113.86.94 - - [02/Sep/2010:11:51:54 +0200] "GET /skin/frontend/esso/standard/images/bkg_toolbar.gif HTTP/1.1" 200 154 "http://www.markenoele.de/schmierstoffe.html" "Mozilla/4.0 (compatible; MSIE 6.0; Windows NT 5.1; SV1; .NET CLR 1.1.4322; .NET CLR 2.0.50727; .NET CLR 3.0.4506.2152; .NET CLR 3.5.30729; MS-RTC LM 8)"
141.113.86.94 - - [02/Sep/2010:11:51:54 +0200] "GET /skin/frontend/esso/standard/images/bkg_btn.gif HTTP/1.1" 200 1651 "http://www.markenoele.de/schmierstoffe.html" "Mozilla/4.0 (compatible; MSIE 6.0; Windows NT 5.1; SV1; .NET CLR 1.1.4322; .NET CLR 2.0.50727; .NET CLR 3.0.4506.2152; .NET CLR 3.5.30729; MS-RTC LM 8)"
141.113.86.94 - - [02/Sep/2010:11:52:05 +0200] "GET /catalogsearch/ajax/suggest/?q=20w HTTP/1.1" 200 - "http://www.markenoele.de/schmierstoffe.html" "Mozilla/4.0 (compatible; MSIE 6.0; Windows NT 5.1; SV1; .NET CLR 1.1.4322; .NET CLR 2.0.50727; .NET CLR 3.0.4506.2152; .NET CLR 3.5.30729; MS-RTC LM 8)"
141.113.86.94 - - [02/Sep/2010:11:52:05 +0200] "GET /catalogsearch/ajax/suggest/?q=20 HTTP/1.1" 200 114 "http://www.markenoele.de/schmierstoffe.html" "Mozilla/4.0 (compatible; MSIE 6.0; Windows NT 5.1; SV1; .NET CLR 1.1.4322; .NET CLR 2.0.50727; .NET CLR 3.0.4506.2152; .NET CLR 3.5.30729; MS-RTC LM 8)"
141.113.86.94 - - [02/Sep/2010:11:52:06 +0200] "GET /catalogsearch/result/?q=20w50 HTTP/1.1" 200 17842 "http://www.markenoele.de/schmierstoffe.html" "Mozilla/4.0 (compatible; MSIE 6.0; Windows NT 5.1; SV1; .NET CLR 1.1.4322; .NET CLR 2.0.50727; .NET CLR 3.0.4506.2152; .NET CLR 3.5.30729; MS-RTC LM 8)"
141.113.86.94 - - [02/Sep/2010:11:52:07 +0200] "GET /catalogsearch/ajax/suggest/?q=20w50 HTTP/1.1" 200 - "http://www.markenoele.de/schmierstoffe.html" "Mozilla/4.0 (compatible; MSIE 6.0; Windows NT 5.1; SV1; .NET CLR 1.1.4322; .NET CLR 2.0.50727; .NET CLR 3.0.4506.2152; .NET CLR 3.5.30729; MS-RTC LM 8)"
141.113.86.94 - - [02/Sep/2010:11:52:14 +0200] "GET /schmierstoffe.html HTTP/1.1" 200 43458 "http://www.markenoele.de/catalogsearch/result/?q=20w50" "Mozilla/4.0 (compatible; MSIE 6.0; Windows NT 5.1; SV1; .NET CLR 1.1.4322; .NET CLR 2.0.50727; .NET CLR 3.0.4506.2152; .NET CLR 3.5.30729; MS-RTC LM 8)"
141.113.86.94 - - [02/Sep/2010:11:52:18 +0200] "GET /catalogsearch/result/?q=20w50 HTTP/1.1" 200 17842 "http://www.markenoele.de/schmierstoffe.html" "Mozilla/4.0 (compatible; MSIE 6.0; Windows NT 5.1; SV1; .NET CLR 1.1.4322; .NET CLR 2.0.50727; .NET CLR 3.0.4506.2152; .NET CLR 3.5.30729; MS-RTC LM 8)"
141.113.86.94 - - [02/Sep/2010:11:52:18 +0200] "GET /schmierstoffe.html HTTP/1.1" 200 43458 "http://www.markenoele.de/" "Mozilla/4.0 (compatible; MSIE 6.0; Windows NT 5.1; SV1; .NET CLR 1.1.4322; .NET CLR 2.0.50727; .NET CLR 3.0.4506.2152; .NET CLR 3.5.30729; MS-RTC LM 8)"
141.113.86.94 - - [02/Sep/2010:11:52:23 +0200] "GET /schmierstoffe/oldtimer.html HTTP/1.1" 200 28628 "http://www.markenoele.de/schmierstoffe.html" "Mozilla/4.0 (compatible; MSIE 6.0; Windows NT 5.1; SV1; .NET CLR 1.1.4322; .NET CLR 2.0.50727; .NET CLR 3.0.4506.2152; .NET CLR 3.5.30729; MS-RTC LM 8)"
141.113.86.94 - - [02/Sep/2010:11:52:25 +0200] "GET /media/catalog/product/cache/2/small_image/170x/9df78eab33525d08d6e5fb8d27136e95/s/a/sae_20w50_hd.jpg HTTP/1.1" 200 7583 "http://www.markenoele.de/schmierstoffe/oldtimer.html" "Mozilla/4.0 (compatible; MSIE 6.0; Windows NT 5.1; SV1; .NET CLR 1.1.4322; .NET CLR 2.0.50727; .NET CLR 3.0.4506.2152; .NET CLR 3.5.30729; MS-RTC LM 8)"
141.113.86.94 - - [02/Sep/2010:11:52:25 +0200] "GET /media/catalog/product/cache/2/small_image/170x/9df78eab33525d08d6e5fb8d27136e95/s/a/sae_50_hd.jpg HTTP/1.1" 200 7709 "http://www.markenoele.de/schmierstoffe/oldtimer.html" "Mozilla/4.0 (compatible; MSIE 6.0; Windows NT 5.1; SV1; .NET CLR 1.1.4322; .NET CLR 2.0.50727; .NET CLR 3.0.4506.2152; .NET CLR 3.5.30729; MS-RTC LM 8)"
141.113.86.94 - - [02/Sep/2010:11:52:53 +0200] "GET /checkout/cart/add/uenc/aHR0cDovL3d3dy5tYXJrZW5vZWxlLmRlL3NjaG1pZXJzdG9mZmUvb2xkdGltZXIuaHRtbA,,/product/64/ HTTP/1.1" 302 - "-" "Mozilla/4.0 (compatible; MSIE 6.0; Windows NT 5.1; SV1; .NET CLR 1.1.4322; .NET CLR 2.0.50727; .NET CLR 3.0.4506.2152; .NET CLR 3.5.30729; MS-RTC LM 8)"
141.113.86.94 - - [02/Sep/2010:11:52:55 +0200] "GET /checkout/cart/ HTTP/1.1" 200 26055 "-" "Mozilla/4.0 (compatible; MSIE 6.0; Windows NT 5.1; SV1; .NET CLR 1.1.4322; .NET CLR 2.0.50727; .NET CLR 3.0.4506.2152; .NET CLR 3.5.30729; MS-RTC LM 8)"
141.113.86.94 - - [02/Sep/2010:11:52:58 +0200] "GET /js/varien/weee.js HTTP/1.1" 200 1318 "http://www.markenoele.de/checkout/cart/" "Mozilla/4.0 (compatible; MSIE 6.0; Windows NT 5.1; SV1; .NET CLR 1.1.4322; .NET CLR 2.0.50727; .NET CLR 3.0.4506.2152; .NET CLR 3.5.30729; MS-RTC LM 8)"
141.113.86.94 - - [02/Sep/2010:11:52:58 +0200] "GET /media/catalog/product/cache/2/thumbnail/75x/9df78eab33525d08d6e5fb8d27136e95/s/a/sae_50_hd.jpg HTTP/1.1" 200 2669 "http://www.markenoele.de/checkout/cart/" "Mozilla/4.0 (compatible; MSIE 6.0; Windows NT 5.1; SV1; .NET CLR 1.1.4322; .NET CLR 2.0.50727; .NET CLR 3.0.4506.2152; .NET CLR 3.5.30729; MS-RTC LM 8)"
141.113.86.94 - - [02/Sep/2010:11:52:58 +0200] "GET /media/catalog/product/cache/2/thumbnail/75x/9df78eab33525d08d6e5fb8d27136e95/d/e/der_pflegeberater.jpg HTTP/1.1" 200 3302 "http://www.markenoele.de/checkout/cart/" "Mozilla/4.0 (compatible; MSIE 6.0; Windows NT 5.1; SV1; .NET CLR 1.1.4322; .NET CLR 2.0.50727; .NET CLR 3.0.4506.2152; .NET CLR 3.5.30729; MS-RTC LM 8)"
141.113.86.94 - - [02/Sep/2010:11:52:58 +0200] "GET /media/catalog/product/cache/2/thumbnail/75x/9df78eab33525d08d6e5fb8d27136e95/c/a/cap_racing_1_1_1.jpg HTTP/1.1" 200 2947 "http://www.markenoele.de/checkout/cart/" "Mozilla/4.0 (compatible; MSIE 6.0; Windows NT 5.1; SV1; .NET CLR 1.1.4322; .NET CLR 2.0.50727; .NET CLR 3.0.4506.2152; .NET CLR 3.5.30729; MS-RTC LM 8)"
141.113.86.94 - - [02/Sep/2010:11:52:58 +0200] "GET /skin/frontend/esso/standard/images/btn_trash.gif HTTP/1.1" 200 643 "http://www.markenoele.de/checkout/cart/" "Mozilla/4.0 (compatible; MSIE 6.0; Windows NT 5.1; SV1; .NET CLR 1.1.4322; .NET CLR 2.0.50727; .NET CLR 3.0.4506.2152; .NET CLR 3.5.30729; MS-RTC LM 8)"
141.113.86.94 - - [02/Sep/2010:11:52:58 +0200] "GET /media/catalog/product/cache/2/thumbnail/75x/9df78eab33525d08d6e5fb8d27136e95/a/u/aufkleber_rot_huinterlegt_1_1_1.jpg HTTP/1.1" 200 3642 "http://www.markenoele.de/checkout/cart/" "Mozilla/4.0 (compatible; MSIE 6.0; Windows NT 5.1; SV1; .NET CLR 1.1.4322; .NET CLR 2.0.50727; .NET CLR 3.0.4506.2152; .NET CLR 3.5.30729; MS-RTC LM 8)"
141.113.86.94 - - [02/Sep/2010:11:53:58 +0200] "POST /checkout/cart/updatePost/ HTTP/1.1" 302 - "http://www.markenoele.de/checkout/cart/" "Mozilla/4.0 (compatible; MSIE 6.0; Windows NT 5.1; SV1; .NET CLR 1.1.4322; .NET CLR 2.0.50727; .NET CLR 3.0.4506.2152; .NET CLR 3.5.30729; MS-RTC LM 8)"
141.113.86.94 - - [02/Sep/2010:11:54:01 +0200] "GET /checkout/cart/ HTTP/1.1" 200 25678 "http://www.markenoele.de/checkout/cart/" "Mozilla/4.0 (compatible; MSIE 6.0; Windows NT 5.1; SV1; .NET CLR 1.1.4322; .NET CLR 2.0.50727; .NET CLR 3.0.4506.2152; .NET CLR 3.5.30729; MS-RTC LM 8)"
141.113.86.94 - - [02/Sep/2010:11:54:07 +0200] "GET /zur-shoperoffnung-das-baseball-cap-300v-im-wert-von-9-90-gratis-zu-ihrer-bestellung.html HTTP/1.1" 200 30070 "http://www.markenoele.de/checkout/cart/" "Mozilla/4.0 (compatible; MSIE 6.0; Windows NT 5.1; SV1; .NET CLR 1.1.4322; .NET CLR 2.0.50727; .NET CLR 3.0.4506.2152; .NET CLR 3.5.30729; MS-RTC LM 8)"
141.113.86.94 - - [02/Sep/2010:11:54:09 +0200] "GET /js/calendar/calendar-win2k-1.css HTTP/1.1" 200 5986 "http://www.markenoele.de/zur-shoperoffnung-das-baseball-cap-300v-im-wert-von-9-90-gratis-zu-ihrer-bestellung.html" "Mozilla/4.0 (compatible; MSIE 6.0; Windows NT 5.1; SV1; .NET CLR 1.1.4322; .NET CLR 2.0.50727; .NET CLR 3.0.4506.2152; .NET CLR 3.5.30729; MS-RTC LM 8)"
141.113.86.94 - - [02/Sep/2010:11:54:09 +0200] "GET /skin/frontend/base/default/css/baseprice.css HTTP/1.1" 404 1256 "http://www.markenoele.de/zur-shoperoffnung-das-baseball-cap-300v-im-wert-von-9-90-gratis-zu-ihrer-bestellung.html" "Mozilla/4.0 (compatible; MSIE 6.0; Windows NT 5.1; SV1; .NET CLR 1.1.4322; .NET CLR 2.0.50727; .NET CLR 3.0.4506.2152; .NET CLR 3.5.30729; MS-RTC LM 8)"
141.113.86.94 - - [02/Sep/2010:11:54:09 +0200] "GET /skin/frontend/esso/standard/css/jqzoom.css HTTP/1.1" 200 1051 "http://www.markenoele.de/zur-shoperoffnung-das-baseball-cap-300v-im-wert-von-9-90-gratis-zu-ihrer-bestellung.html" "Mozilla/4.0 (compatible; MSIE 6.0; Windows NT 5.1; SV1; .NET CLR 1.1.4322; .NET CLR 2.0.50727; .NET CLR 3.0.4506.2152; .NET CLR 3.5.30729; MS-RTC LM 8)"
141.113.86.94 - - [02/Sep/2010:11:54:10 +0200] "GET /js/varien/product.js HTTP/1.1" 200 23531 "http://www.markenoele.de/zur-shoperoffnung-das-baseball-cap-300v-im-wert-von-9-90-gratis-zu-ihrer-bestellung.html" "Mozilla/4.0 (compatible; MSIE 6.0; Windows NT 5.1; SV1; .NET CLR 1.1.4322; .NET CLR 2.0.50727; .NET CLR 3.0.4506.2152; .NET CLR 3.5.30729; MS-RTC LM 8)"
141.113.86.94 - - [02/Sep/2010:11:54:10 +0200] "GET /js/calendar/calendar.js HTTP/1.1" 200 53130 "http://www.markenoele.de/zur-shoperoffnung-das-baseball-cap-300v-im-wert-von-9-90-gratis-zu-ihrer-bestellung.html" "Mozilla/4.0 (compatible; MSIE 6.0; Windows NT 5.1; SV1; .NET CLR 1.1.4322; .NET CLR 2.0.50727; .NET CLR 3.0.4506.2152; .NET CLR 3.5.30729; MS-RTC LM 8)"
141.113.86.94 - - [02/Sep/2010:11:54:10 +0200] "GET /js/calendar/calendar-setup.js HTTP/1.1" 200 4986 "http://www.markenoele.de/zur-shoperoffnung-das-baseball-cap-300v-im-wert-von-9-90-gratis-zu-ihrer-bestellung.html" "Mozilla/4.0 (compatible; MSIE 6.0; Windows NT 5.1; SV1; .NET CLR 1.1.4322; .NET CLR 2.0.50727; .NET CLR 3.0.4506.2152; .NET CLR 3.5.30729; MS-RTC LM 8)"
141.113.86.94 - - [02/Sep/2010:11:54:10 +0200] "GET /skin/frontend/esso/standard/js/jquery-1.3.2.min.js HTTP/1.1" 200 57254 "http://www.markenoele.de/zur-shoperoffnung-das-baseball-cap-300v-im-wert-von-9-90-gratis-zu-ihrer-bestellung.html" "Mozilla/4.0 (compatible; MSIE 6.0; Windows NT 5.1; SV1; .NET CLR 1.1.4322; .NET CLR 2.0.50727; .NET CLR 3.0.4506.2152; .NET CLR 3.5.30729; MS-RTC LM 8)"
141.113.86.94 - - [02/Sep/2010:11:54:10 +0200] "GET /skin/frontend/esso/standard/js/jquery.jqzoom.js HTTP/1.1" 200 5131 "http://www.markenoele.de/zur-shoperoffnung-das-baseball-cap-300v-im-wert-von-9-90-gratis-zu-ihrer-bestellung.html" "Mozilla/4.0 (compatible; MSIE 6.0; Windows NT 5.1; SV1; .NET CLR 1.1.4322; .NET CLR 2.0.50727; .NET CLR 3.0.4506.2152; .NET CLR 3.5.30729; MS-RTC LM 8)"
141.113.86.94 - - [02/Sep/2010:11:54:10 +0200] "GET /skin/frontend/esso/standard/js/effects.core.js HTTP/1.1" 200 19170 "http://www.markenoele.de/zur-shoperoffnung-das-baseball-cap-300v-im-wert-von-9-90-gratis-zu-ihrer-bestellung.html" "Mozilla/4.0 (compatible; MSIE 6.0; Windows NT 5.1; SV1; .NET CLR 1.1.4322; .NET CLR 2.0.50727; .NET CLR 3.0.4506.2152; .NET CLR 3.5.30729; MS-RTC LM 8)"
141.113.86.94 - - [02/Sep/2010:11:54:10 +0200] "GET /skin/frontend/esso/standard/js/effects.scale.js HTTP/1.1" 200 7057 "http://www.markenoele.de/zur-shoperoffnung-das-baseball-cap-300v-im-wert-von-9-90-gratis-zu-ihrer-bestellung.html" "Mozilla/4.0 (compatible; MSIE 6.0; Windows NT 5.1; SV1; .NET CLR 1.1.4322; .NET CLR 2.0.50727; .NET CLR 3.0.4506.2152; .NET CLR 3.5.30729; MS-RTC LM 8)"
141.113.86.94 - - [02/Sep/2010:11:54:10 +0200] "GET /media/catalog/product/cache/2/thumbnail2/250x250/9df78eab33525d08d6e5fb8d27136e95/c/a/cap_racing_1_1_1.jpg HTTP/1.1" 200 13620 "http://www.markenoele.de/zur-shoperoffnung-das-baseball-cap-300v-im-wert-von-9-90-gratis-zu-ihrer-bestellung.html" "Mozilla/4.0 (compatible; MSIE 6.0; Windows NT 5.1; SV1; .NET CLR 1.1.4322; .NET CLR 2.0.50727; .NET CLR 3.0.4506.2152; .NET CLR 3.5.30729; MS-RTC LM 8)"
141.113.86.94 - - [02/Sep/2010:11:54:10 +0200] "GET /skin/frontend/esso/standard/images/bkg_tabs.gif HTTP/1.1" 200 151 "http://www.markenoele.de/zur-shoperoffnung-das-baseball-cap-300v-im-wert-von-9-90-gratis-zu-ihrer-bestellung.html" "Mozilla/4.0 (compatible; MSIE 6.0; Windows NT 5.1; SV1; .NET CLR 1.1.4322; .NET CLR 2.0.50727; .NET CLR 3.0.4506.2152; .NET CLR 3.5.30729; MS-RTC LM 8)"
141.113.86.94 - - [02/Sep/2010:11:54:11 +0200] "GET /media/catalog/product/cache/2/thumbnail/50x50/9df78eab33525d08d6e5fb8d27136e95/a/u/aufkleber_rot_huinterlegt_1_1_1.jpg HTTP/1.1" 200 2221 "http://www.markenoele.de/zur-shoperoffnung-das-baseball-cap-300v-im-wert-von-9-90-gratis-zu-ihrer-bestellung.html" "Mozilla/4.0 (compatible; MSIE 6.0; Windows NT 5.1; SV1; .NET CLR 1.1.4322; .NET CLR 2.0.50727; .NET CLR 3.0.4506.2152; .NET CLR 3.5.30729; MS-RTC LM 8)"
141.113.86.94 - - [02/Sep/2010:11:54:11 +0200] "GET /media/catalog/product/cache/2/thumbnail/50x50/9df78eab33525d08d6e5fb8d27136e95/c/a/cap_racing_1_1_1.jpg HTTP/1.1" 200 1919 "http://www.markenoele.de/zur-shoperoffnung-das-baseball-cap-300v-im-wert-von-9-90-gratis-zu-ihrer-bestellung.html" "Mozilla/4.0 (compatible; MSIE 6.0; Windows NT 5.1; SV1; .NET CLR 1.1.4322; .NET CLR 2.0.50727; .NET CLR 3.0.4506.2152; .NET CLR 3.5.30729; MS-RTC LM 8)"
141.113.86.94 - - [02/Sep/2010:11:54:11 +0200] "GET /media/catalog/product/cache/2/thumbnail/50x50/9df78eab33525d08d6e5fb8d27136e95/d/e/der_pflegeberater.jpg HTTP/1.1" 200 2059 "http://www.markenoele.de/zur-shoperoffnung-das-baseball-cap-300v-im-wert-von-9-90-gratis-zu-ihrer-bestellung.html" "Mozilla/4.0 (compatible; MSIE 6.0; Windows NT 5.1; SV1; .NET CLR 1.1.4322; .NET CLR 2.0.50727; .NET CLR 3.0.4506.2152; .NET CLR 3.5.30729; MS-RTC LM 8)"
141.113.86.94 - - [02/Sep/2010:11:54:11 +0200] "GET /skin/frontend/esso/standard/images/btn_remove.gif HTTP/1.1" 200 211 "http://www.markenoele.de/zur-shoperoffnung-das-baseball-cap-300v-im-wert-von-9-90-gratis-zu-ihrer-bestellung.html" "Mozilla/4.0 (compatible; MSIE 6.0; Windows NT 5.1; SV1; .NET CLR 1.1.4322; .NET CLR 2.0.50727; .NET CLR 3.0.4506.2152; .NET CLR 3.5.30729; MS-RTC LM 8)"
141.113.86.94 - - [02/Sep/2010:11:54:11 +0200] "GET /skin/frontend/esso/standard/images/bkg_subtotal.gif HTTP/1.1" 200 362 "http://www.markenoele.de/zur-shoperoffnung-das-baseball-cap-300v-im-wert-von-9-90-gratis-zu-ihrer-bestellung.html" "Mozilla/4.0 (compatible; MSIE 6.0; Windows NT 5.1; SV1; .NET CLR 1.1.4322; .NET CLR 2.0.50727; .NET CLR 3.0.4506.2152; .NET CLR 3.5.30729; MS-RTC LM 8)"
141.113.86.94 - - [02/Sep/2010:11:54:11 +0200] "GET /media/catalog/product/c/a/cap_racing_1_1_1.jpg HTTP/1.1" 200 81566 "http://www.markenoele.de/zur-shoperoffnung-das-baseball-cap-300v-im-wert-von-9-90-gratis-zu-ihrer-bestellung.html" "Mozilla/4.0 (compatible; MSIE 6.0; Windows NT 5.1; SV1; .NET CLR 1.1.4322; .NET CLR 2.0.50727; .NET CLR 3.0.4506.2152; .NET CLR 3.5.30729; MS-RTC LM 8)"
141.113.86.94 - - [02/Sep/2010:11:54:11 +0200] "GET /skin/frontend/esso/standard/images/bkg_btn-small.gif HTTP/1.1" 200 1440 "http://www.markenoele.de/zur-shoperoffnung-das-baseball-cap-300v-im-wert-von-9-90-gratis-zu-ihrer-bestellung.html" "Mozilla/4.0 (compatible; MSIE 6.0; Windows NT 5.1; SV1; .NET CLR 1.1.4322; .NET CLR 2.0.50727; .NET CLR 3.0.4506.2152; .NET CLR 3.5.30729; MS-RTC LM 8)"
141.113.86.94 - - [02/Sep/2010:11:54:35 +0200] "GET /motul_pflegeberater/ HTTP/1.1" 200 22073 "http://www.markenoele.de/zur-shoperoffnung-das-baseball-cap-300v-im-wert-von-9-90-gratis-zu-ihrer-bestellung.html" "Mozilla/4.0 (compatible; MSIE 6.0; Windows NT 5.1; SV1; .NET CLR 1.1.4322; .NET CLR 2.0.50727; .NET CLR 3.0.4506.2152; .NET CLR 3.5.30729; MS-RTC LM 8)"
141.113.86.94 - - [02/Sep/2010:11:54:49 +0200] "GET /fanshop.html HTTP/1.1" 200 45935 "http://www.markenoele.de/motul_pflegeberater/" "Mozilla/4.0 (compatible; MSIE 6.0; Windows NT 5.1; SV1; .NET CLR 1.1.4322; .NET CLR 2.0.50727; .NET CLR 3.0.4506.2152; .NET CLR 3.5.30729; MS-RTC LM 8)"
141.113.86.94 - - [02/Sep/2010:11:54:51 +0200] "GET /media/catalog/product/cache/2/small_image/170x/9df78eab33525d08d6e5fb8d27136e95/p/i/pin-up_girl_no.1.jpg HTTP/1.1" 200 8799 "http://www.markenoele.de/fanshop.html" "Mozilla/4.0 (compatible; MSIE 6.0; Windows NT 5.1; SV1; .NET CLR 1.1.4322; .NET CLR 2.0.50727; .NET CLR 3.0.4506.2152; .NET CLR 3.5.30729; MS-RTC LM 8)"
141.113.86.94 - - [02/Sep/2010:11:54:51 +0200] "GET /media/catalog/product/cache/2/small_image/170x/9df78eab33525d08d6e5fb8d27136e95/p/i/pin-up_girl_no.3.jpg HTTP/1.1" 200 8924 "http://www.markenoele.de/fanshop.html" "Mozilla/4.0 (compatible; MSIE 6.0; Windows NT 5.1; SV1; .NET CLR 1.1.4322; .NET CLR 2.0.50727; .NET CLR 3.0.4506.2152; .NET CLR 3.5.30729; MS-RTC LM 8)"
141.113.86.94 - - [02/Sep/2010:11:54:51 +0200] "GET /media/catalog/product/cache/2/small_image/170x/9df78eab33525d08d6e5fb8d27136e95/p/i/pin-up_girl_no.2.jpg HTTP/1.1" 200 9770 "http://www.markenoele.de/fanshop.html" "Mozilla/4.0 (compatible; MSIE 6.0; Windows NT 5.1; SV1; .NET CLR 1.1.4322; .NET CLR 2.0.50727; .NET CLR 3.0.4506.2152; .NET CLR 3.5.30729; MS-RTC LM 8)"
141.113.86.94 - - [02/Sep/2010:11:54:51 +0200] "GET /media/catalog/product/cache/2/small_image/170x/9df78eab33525d08d6e5fb8d27136e95/r/e/regenschirm.jpg HTTP/1.1" 200 5859 "http://www.markenoele.de/fanshop.html" "Mozilla/4.0 (compatible; MSIE 6.0; Windows NT 5.1; SV1; .NET CLR 1.1.4322; .NET CLR 2.0.50727; .NET CLR 3.0.4506.2152; .NET CLR 3.5.30729; MS-RTC LM 8)"
141.113.86.94 - - [02/Sep/2010:11:54:51 +0200] "GET /media/catalog/product/cache/2/small_image/170x/9df78eab33525d08d6e5fb8d27136e95/u/s/usb_key.jpg HTTP/1.1" 200 5815 "http://www.markenoele.de/fanshop.html" "Mozilla/4.0 (compatible; MSIE 6.0; Windows NT 5.1; SV1; .NET CLR 1.1.4322; .NET CLR 2.0.50727; .NET CLR 3.0.4506.2152; .NET CLR 3.5.30729; MS-RTC LM 8)"
141.113.86.94 - - [02/Sep/2010:11:54:51 +0200] "GET /media/catalog/product/cache/2/small_image/170x/9df78eab33525d08d6e5fb8d27136e95/c/h/chronometer_uhr.jpg HTTP/1.1" 200 8174 "http://www.markenoele.de/fanshop.html" "Mozilla/4.0 (compatible; MSIE 6.0; Windows NT 5.1; SV1; .NET CLR 1.1.4322; .NET CLR 2.0.50727; .NET CLR 3.0.4506.2152; .NET CLR 3.5.30729; MS-RTC LM 8)"
