87.159.169.87 - - [15/Sep/2010:04:55:48 +0200] "GET / HTTP/1.1" 200 12977 "-" "Mozilla/5.0 (Windows; U; Windows NT 5.1; de; rv:1.9.0.10) Gecko/2009042316 Firefox/3.0.10"
87.159.169.87 - - [15/Sep/2010:04:55:51 +0200] "GET /teledienst.html HTTP/1.1" 200 4588 "-" "Mozilla/5.0 (Windows; U; Windows NT 5.1; de; rv:1.9.0.10) Gecko/2009042316 Firefox/3.0.10"
87.159.169.87 - - [15/Sep/2010:04:55:53 +0200] "GET /teledienst.html HTTP/1.1" 200 4588 "-" "Java/1.6.0_12"
87.159.169.87 - - [15/Sep/2010:04:55:56 +0200] "GET / HTTP/1.1" 200 12977 "-" "Java/1.6.0_12"
87.159.169.87 - - [15/Sep/2010:04:55:59 +0200] "GET /hattke.swf HTTP/1.1" 200 12042 "-" "Java/1.6.0_12"
87.159.169.87 - - [15/Sep/2010:04:56:02 +0200] "GET /0.000000 HTTP/1.1" 404 1256 "-" "Mozilla/5.0 (Windows; U; Windows NT 5.1; de; rv:1.9.0.10) Gecko/2009042316 Firefox/3.0.10"
87.159.169.87 - - [15/Sep/2010:04:56:04 +0200] "GET /0.000000 HTTP/1.1" 404 1256 "-" "Java/1.6.0_12"
87.159.169.87 - - [15/Sep/2010:04:56:07 +0200] "GET /callback.html HTTP/1.1" 200 3272 "-" "Mozilla/5.0 (Windows; U; Windows NT 5.1; de; rv:1.9.0.10) Gecko/2009042316 Firefox/3.0.10"
87.159.169.87 - - [15/Sep/2010:04:56:09 +0200] "GET /callback.html HTTP/1.1" 200 3272 "-" "Java/1.6.0_12"
87.159.169.87 - - [15/Sep/2010:04:56:12 +0200] "GET /callback.php HTTP/1.1" 200 1 "-" "Mozilla/5.0 (Windows; U; Windows NT 5.1; de; rv:1.9.0.10) Gecko/2009042316 Firefox/3.0.10"
87.159.169.87 - - [15/Sep/2010:04:56:14 +0200] "GET /callback.php HTTP/1.1" 200 1 "-" "Java/1.6.0_12"
88.72.219.44 - - [15/Sep/2010:09:08:13 +0200] "GET / HTTP/1.1" 304 - "-" "Mozilla/4.0 (compatible; MSIE 8.0; Windows NT 6.1; Trident/4.0; SLCC2; .NET CLR 2.0.50727; .NET CLR 3.5.30729; .NET CLR 3.0.30729; Media Center PC 6.0; Media Center PC 5.0; SLCC1; Tablet PC 2.0; OfficeLiveConnector.1.5; OfficeLivePatch.1.3; .NET4.0C)"
88.72.219.44 - - [15/Sep/2010:09:08:13 +0200] "GET /opensite.js HTTP/1.1" 304 - "http://www.zahnarztpraxis-berlin-pankow.de/" "Mozilla/4.0 (compatible; MSIE 8.0; Windows NT 6.1; Trident/4.0; SLCC2; .NET CLR 2.0.50727; .NET CLR 3.5.30729; .NET CLR 3.0.30729; Media Center PC 6.0; Media Center PC 5.0; SLCC1; Tablet PC 2.0; OfficeLiveConnector.1.5; OfficeLivePatch.1.3; .NET4.0C)"
88.72.219.44 - - [15/Sep/2010:09:08:14 +0200] "GET /flashopen.js HTTP/1.1" 304 - "http://www.zahnarztpraxis-berlin-pankow.de/" "Mozilla/4.0 (compatible; MSIE 8.0; Windows NT 6.1; Trident/4.0; SLCC2; .NET CLR 2.0.50727; .NET CLR 3.5.30729; .NET CLR 3.0.30729; Media Center PC 6.0; Media Center PC 5.0; SLCC1; Tablet PC 2.0; OfficeLiveConnector.1.5; OfficeLivePatch.1.3; .NET4.0C)"
88.72.219.44 - - [15/Sep/2010:09:08:14 +0200] "GET /hattke.swf HTTP/1.1" 304 - "http://www.zahnarztpraxis-berlin-pankow.de/" "Mozilla/4.0 (compatible; MSIE 8.0; Windows NT 6.1; Trident/4.0; SLCC2; .NET CLR 2.0.50727; .NET CLR 3.5.30729; .NET CLR 3.0.30729; Media Center PC 6.0; Media Center PC 5.0; SLCC1; Tablet PC 2.0; OfficeLiveConnector.1.5; OfficeLivePatch.1.3; .NET4.0C)"
88.72.219.44 - - [15/Sep/2010:09:08:14 +0200] "GET /diashow.swf HTTP/1.1" 304 - "http://www.zahnarztpraxis-berlin-pankow.de/hattke.swf" "Mozilla/4.0 (compatible; MSIE 8.0; Windows NT 6.1; Trident/4.0; SLCC2; .NET CLR 2.0.50727; .NET CLR 3.5.30729; .NET CLR 3.0.30729; Media Center PC 6.0; Media Center PC 5.0; SLCC1; Tablet PC 2.0; OfficeLiveConnector.1.5; OfficeLivePatch.1.3; .NET4.0C)"
88.72.219.44 - - [15/Sep/2010:09:08:18 +0200] "GET /callback.html HTTP/1.1" 304 - "http://www.zahnarztpraxis-berlin-pankow.de/hattke.swf" "Mozilla/4.0 (compatible; MSIE 8.0; Windows NT 6.1; Trident/4.0; SLCC2; .NET CLR 2.0.50727; .NET CLR 3.5.30729; .NET CLR 3.0.30729; Media Center PC 6.0; Media Center PC 5.0; SLCC1; Tablet PC 2.0; OfficeLiveConnector.1.5; OfficeLivePatch.1.3; .NET4.0C)"
88.72.219.44 - - [15/Sep/2010:09:08:18 +0200] "GET /send.gif HTTP/1.1" 304 - "http://www.zahnarztpraxis-berlin-pankow.de/callback.html" "Mozilla/4.0 (compatible; MSIE 8.0; Windows NT 6.1; Trident/4.0; SLCC2; .NET CLR 2.0.50727; .NET CLR 3.5.30729; .NET CLR 3.0.30729; Media Center PC 6.0; Media Center PC 5.0; SLCC1; Tablet PC 2.0; OfficeLiveConnector.1.5; OfficeLivePatch.1.3; .NET4.0C)"
88.72.219.44 - - [15/Sep/2010:09:08:18 +0200] "GET /clear.gif HTTP/1.1" 304 - "http://www.zahnarztpraxis-berlin-pankow.de/callback.html" "Mozilla/4.0 (compatible; MSIE 8.0; Windows NT 6.1; Trident/4.0; SLCC2; .NET CLR 2.0.50727; .NET CLR 3.5.30729; .NET CLR 3.0.30729; Media Center PC 6.0; Media Center PC 5.0; SLCC1; Tablet PC 2.0; OfficeLiveConnector.1.5; OfficeLivePatch.1.3; .NET4.0C)"
66.220.156.245 - - [15/Sep/2010:11:21:04 +0200] "GET / HTTP/1.1" 206 12977 "-" "facebookexternalhit/1.1 (+http://www.facebook.com/externalhit_uatext.php)"
38.99.96.151 - - [15/Sep/2010:13:01:09 +0200] "GET /robots.txt HTTP/1.1" 200 24 "-" "Mozilla/5.0 (compatible; ScoutJet; +http://www.scoutjet.com/)"
38.99.96.151 - - [15/Sep/2010:13:01:31 +0200] "GET / HTTP/1.1" 200 12977 "-" "Mozilla/5.0 (compatible; ScoutJet; +http://www.scoutjet.com/)"
38.99.96.151 - - [15/Sep/2010:13:01:50 +0200] "GET /favicon.ico HTTP/1.1" 200 2550 "-" "Mozilla/5.0 (compatible; ScoutJet; +http://www.scoutjet.com/)"
38.99.96.151 - - [15/Sep/2010:13:02:02 +0200] "GET /teledienst.html HTTP/1.1" 200 4588 "-" "Mozilla/5.0 (compatible; ScoutJet; +http://www.scoutjet.com/)"
87.159.169.87 - - [15/Sep/2010:15:34:40 +0200] "GET / HTTP/1.1" 200 12977 "-" "Mozilla/5.0 (Windows; U; Windows NT 5.1; de; rv:1.9.0.10) Gecko/2009042316 Firefox/3.0.10"
87.159.169.87 - - [15/Sep/2010:15:34:43 +0200] "GET /teledienst.html HTTP/1.1" 200 4588 "-" "Mozilla/5.0 (Windows; U; Windows NT 5.1; de; rv:1.9.0.10) Gecko/2009042316 Firefox/3.0.10"
87.159.169.87 - - [15/Sep/2010:15:34:46 +0200] "GET /teledienst.html HTTP/1.1" 200 4588 "-" "Java/1.6.0_12"
87.159.169.87 - - [15/Sep/2010:15:34:48 +0200] "GET / HTTP/1.1" 200 12977 "-" "Java/1.6.0_12"
74.86.115.197 - - [15/Sep/2010:16:12:42 +0200] "GET / HTTP/1.1" 200 12977 "-" "Mozilla/4.0 (compatible; MSIE 7.0; Windows NT 6.0; WOW64; Trident/4.0; SLCC1; .NET CLR 2.0.50727; .NET CLR 1.1.4322; .NET CLR 3.0.30729; .NET CLR 3.5.30729; .NET4.0C; .NET4.0E)"
74.86.115.197 - - [15/Sep/2010:16:12:44 +0200] "GET /opensite.js HTTP/1.1" 200 1125 "http://www.zahnarztpraxis-berlin-pankow.de/" "Mozilla/4.0 (compatible; MSIE 7.0; Windows NT 6.0; WOW64; Trident/4.0; SLCC1; .NET CLR 2.0.50727; .NET CLR 1.1.4322; .NET CLR 3.0.30729; .NET CLR 3.5.30729; .NET4.0C; .NET4.0E)"
74.86.115.197 - - [15/Sep/2010:16:12:44 +0200] "GET /flashopen.js HTTP/1.1" 200 604 "http://www.zahnarztpraxis-berlin-pankow.de/" "Mozilla/4.0 (compatible; MSIE 7.0; Windows NT 6.0; WOW64; Trident/4.0; SLCC1; .NET CLR 2.0.50727; .NET CLR 1.1.4322; .NET CLR 3.0.30729; .NET CLR 3.5.30729; .NET4.0C; .NET4.0E)"
74.86.115.197 - - [15/Sep/2010:16:12:45 +0200] "GET /hattke.swf HTTP/1.1" 200 12042 "http://www.zahnarztpraxis-berlin-pankow.de/" "Mozilla/4.0 (compatible; MSIE 7.0; Windows NT 6.0; WOW64; Trident/4.0; SLCC1; .NET CLR 2.0.50727; .NET CLR 1.1.4322; .NET CLR 3.0.30729; .NET CLR 3.5.30729; .NET4.0C; .NET4.0E)"
74.86.115.197 - - [15/Sep/2010:16:12:46 +0200] "GET /diashow.swf HTTP/1.1" 200 311957 "http://www.zahnarztpraxis-berlin-pankow.de/hattke.swf" "Mozilla/4.0 (compatible; MSIE 7.0; Windows NT 6.0; WOW64; Trident/4.0; SLCC1; .NET CLR 2.0.50727; .NET CLR 1.1.4322; .NET CLR 3.0.30729; .NET CLR 3.5.30729; .NET4.0C; .NET4.0E)"
207.46.204.182 - - [15/Sep/2010:16:15:44 +0200] "GET /robots.txt HTTP/1.1" 200 24 "-" "msnbot/2.0b (+http://search.msn.com/msnbot.htm)"
213.89.143.77 - - [15/Sep/2010:16:48:35 +0200] "GET / HTTP/1.0" 200 12977 "-" "Lynx/2.8.7pre.6 libwww-FM/2.14 SSL-MM/1.4.1"
207.46.204.182 - - [15/Sep/2010:17:09:02 +0200] "GET / HTTP/1.1" 304 - "-" "msnbot/2.0b (+http://search.msn.com/msnbot.htm)"
79.192.3.112 - - [15/Sep/2010:20:58:26 +0200] "GET / HTTP/1.1" 200 12977 "http://www.google.de/search?q=zahnarzt+hattke&ie=UTF-8&oe=UTF-8&hl=de&client=safari" "Mozilla/5.0 (iPhone; U; CPU iPhone OS 3_0 like Mac OS X; de-de) AppleWebKit/528.18 (KHTML, like Gecko) Version/4.0 Mobile/7A341 Safari/528.16"
79.192.3.112 - - [15/Sep/2010:20:58:26 +0200] "GET /opensite.js HTTP/1.1" 200 1125 "http://www.zahnarztpraxis-berlin-pankow.de/" "Mozilla/5.0 (iPhone; U; CPU iPhone OS 3_0 like Mac OS X; de-de) AppleWebKit/528.18 (KHTML, like Gecko) Version/4.0 Mobile/7A341 Safari/528.16"
79.192.3.112 - - [15/Sep/2010:20:58:26 +0200] "GET /flashopen.js HTTP/1.1" 200 604 "http://www.zahnarztpraxis-berlin-pankow.de/" "Mozilla/5.0 (iPhone; U; CPU iPhone OS 3_0 like Mac OS X; de-de) AppleWebKit/528.18 (KHTML, like Gecko) Version/4.0 Mobile/7A341 Safari/528.16"
79.192.3.112 - - [15/Sep/2010:20:59:09 +0200] "GET / HTTP/1.1" 200 12977 "-" "Mozilla/5.0 (iPhone; U; CPU iPhone OS 3_0 like Mac OS X; de-de) AppleWebKit/528.18 (KHTML, like Gecko) Version/4.0 Mobile/7A341 Safari/528.16"
79.192.3.112 - - [15/Sep/2010:21:04:12 +0200] "GET / HTTP/1.1" 200 12977 "http://www.google.de/m/place?oe=UTF-8&client=safari&bl=/m/search?oe%3DUTF-8%26client%3Dsafari%26q%3Dhattke%2Bzahnarzt%26hl%3Dde&q=hattke+zahnarzt&latlng=5265126241068971048&cid=5265126241068971048&hl=de&ppmode=info" "Mozilla/5.0 (iPhone; U; CPU iPhone OS 3_0 like Mac OS X; de-de) AppleWebKit/528.18 (KHTML, like Gecko) Version/4.0 Mobile/7A341 Safari/528.16"
83.141.9.2 - - [16/Sep/2010:01:38:34 +0200] "GET /robots.txt HTTP/1.1" 200 24 "-" "+http://robot.vedens.de VEDENSBOT"
83.141.9.2 - - [16/Sep/2010:01:38:34 +0200] "HEAD / HTTP/1.1" 200 - "" "+http://robot.vedens.de VEDENSBOT"
207.46.13.84 - - [16/Sep/2010:05:48:25 +0200] "GET /robots.txt HTTP/1.1" 200 24 "-" "msnbot/2.0b (+http://search.msn.com/msnbot.htm)"
207.46.13.84 - - [16/Sep/2010:06:11:08 +0200] "GET / HTTP/1.1" 304 - "-" "msnbot/2.0b (+http://search.msn.com/msnbot.htm)"
212.113.35.162 - - [16/Sep/2010:09:01:37 +0200] "GET /robots.txt HTTP/1.1" 200 24 "-" "Mozilla/5.0 (compatible; SiteBot/0.1; +http://www.sitebot.org/robot/)"
212.113.35.162 - - [16/Sep/2010:09:01:38 +0200] "GET / HTTP/1.1" 200 12977 "-" "Mozilla/5.0 (compatible; SiteBot/0.1; +http://www.sitebot.org/robot/)"
212.113.35.162 - - [16/Sep/2010:09:01:39 +0200] "GET /teledienst.html HTTP/1.1" 200 4588 "-" "Mozilla/5.0 (compatible; SiteBot/0.1; +http://www.sitebot.org/robot/)"
87.158.203.180 - - [16/Sep/2010:14:52:18 +0200] "GET / HTTP/1.1" 200 12977 "http://www.google.de/search?hl=de&q=zahnarztpraxis-berlin-pankow&aq=f&aqi=&aql=&oq=&gs_rfai=" "Mozilla/4.0 (compatible; MSIE 8.0; Windows NT 5.1; Trident/4.0; .NET CLR 1.1.4322; .NET CLR 2.0.50727; .NET CLR 3.0.4506.2152; .NET CLR 3.5.30729)"
87.158.203.180 - - [16/Sep/2010:14:52:19 +0200] "GET /opensite.js HTTP/1.1" 200 1125 "http://www.zahnarztpraxis-berlin-pankow.de/" "Mozilla/4.0 (compatible; MSIE 8.0; Windows NT 5.1; Trident/4.0; .NET CLR 1.1.4322; .NET CLR 2.0.50727; .NET CLR 3.0.4506.2152; .NET CLR 3.5.30729)"
87.158.203.180 - - [16/Sep/2010:14:52:19 +0200] "GET /flashopen.js HTTP/1.1" 200 604 "http://www.zahnarztpraxis-berlin-pankow.de/" "Mozilla/4.0 (compatible; MSIE 8.0; Windows NT 5.1; Trident/4.0; .NET CLR 1.1.4322; .NET CLR 2.0.50727; .NET CLR 3.0.4506.2152; .NET CLR 3.5.30729)"
87.158.203.180 - - [16/Sep/2010:14:52:19 +0200] "GET /favicon.ico HTTP/1.1" 200 2550 "-" "Mozilla/4.0 (compatible; MSIE 8.0; Windows NT 5.1; Trident/4.0; .NET CLR 1.1.4322; .NET CLR 2.0.50727; .NET CLR 3.0.4506.2152; .NET CLR 3.5.30729)"
87.158.203.180 - - [16/Sep/2010:14:52:19 +0200] "GET /hattke.swf HTTP/1.1" 200 12042 "http://www.zahnarztpraxis-berlin-pankow.de/" "Mozilla/4.0 (compatible; MSIE 8.0; Windows NT 5.1; Trident/4.0; .NET CLR 1.1.4322; .NET CLR 2.0.50727; .NET CLR 3.0.4506.2152; .NET CLR 3.5.30729)"
87.158.203.180 - - [16/Sep/2010:14:52:19 +0200] "GET /diashow.swf HTTP/1.1" 200 311957 "http://www.zahnarztpraxis-berlin-pankow.de/hattke.swf" "Mozilla/4.0 (compatible; MSIE 8.0; Windows NT 5.1; Trident/4.0; .NET CLR 1.1.4322; .NET CLR 2.0.50727; .NET CLR 3.0.4506.2152; .NET CLR 3.5.30729)"
193.47.80.37 - - [16/Sep/2010:19:19:26 +0200] "GET /robots.txt HTTP/1.1" 200 24 "-" "Mozilla/5.0 (compatible; Exabot/3.0; +http://www.exabot.com/go/robot)"
193.47.80.37 - - [16/Sep/2010:19:19:26 +0200] "GET / HTTP/1.1" 304 - "-" "Mozilla/5.0 (compatible; Exabot/3.0; +http://www.exabot.com/go/robot)"
123.125.66.93 - - [17/Sep/2010:00:35:11 +0200] "GET / HTTP/1.1" 200 12977 "-" "Baiduspider+(+http://www.baidu.com/search/spider.htm)"
83.141.9.2 - - [17/Sep/2010:01:30:10 +0200] "GET /robots.txt HTTP/1.1" 200 24 "-" "+http://robot.vedens.de VEDENSBOT"
83.141.9.2 - - [17/Sep/2010:01:30:10 +0200] "HEAD / HTTP/1.1" 200 - "" "+http://robot.vedens.de VEDENSBOT"
95.108.158.134 - - [17/Sep/2010:02:50:57 +0200] "GET /robots.txt HTTP/1.1" 200 24 "-" "Mozilla/5.0 (compatible; YandexBot/3.0; +http://yandex.com/bots)"
64.236.128.42 - - [17/Sep/2010:03:54:12 +0200] "GET /robots.txt HTTP/1.0" 200 24 "http://www.zahnarztpraxis-berlin-pankow.de/" "Mozilla/5.0 (compatible; heritrix/2.0.0 +http://www.aol.com)"
64.236.128.42 - - [17/Sep/2010:03:54:13 +0200] "GET / HTTP/1.0" 200 12977 "-" "Mozilla/5.0 (compatible; heritrix/2.0.0 +http://www.aol.com)"
212.113.35.162 - - [17/Sep/2010:07:45:54 +0200] "GET /robots.txt HTTP/1.1" 200 24 "-" "Mozilla/5.0 (compatible; SiteBot/0.1; +http://www.sitebot.org/robot/)"
212.113.35.162 - - [17/Sep/2010:07:45:55 +0200] "GET / HTTP/1.1" 200 12977 "-" "Mozilla/5.0 (compatible; SiteBot/0.1; +http://www.sitebot.org/robot/)"
212.113.35.162 - - [17/Sep/2010:07:45:56 +0200] "GET /teledienst.html HTTP/1.1" 200 4588 "-" "Mozilla/5.0 (compatible; SiteBot/0.1; +http://www.sitebot.org/robot/)"
95.108.158.134 - - [17/Sep/2010:09:24:26 +0200] "GET / HTTP/1.1" 200 12977 "-" "Mozilla/5.0 (compatible; YandexBot/3.0; +http://yandex.com/bots)"
83.136.72.5 - - [17/Sep/2010:09:57:43 +0200] "GET / HTTP/1.1" 200 12977 "http://www.google.de/search?q=zahnarztpraxis+berlin&hl=de&client=firefox-a&hs=SWW&rls=org.mozilla:de:official&prmd=cm&ei=LB-TTMCSK83Eswb-yMz5CQ&start=10&sa=N" "Mozilla/5.0 (Windows; U; Windows NT 5.1; de; rv:1.9.1.3) Gecko/20090824 Firefox/3.5.3 (.NET CLR 3.5.30729)"
83.136.72.5 - - [17/Sep/2010:09:57:43 +0200] "GET /opensite.js HTTP/1.1" 200 1125 "http://www.zahnarztpraxis-berlin-pankow.de/" "Mozilla/5.0 (Windows; U; Windows NT 5.1; de; rv:1.9.1.3) Gecko/20090824 Firefox/3.5.3 (.NET CLR 3.5.30729)"
83.136.72.5 - - [17/Sep/2010:09:57:44 +0200] "GET /flashopen.js HTTP/1.1" 200 604 "http://www.zahnarztpraxis-berlin-pankow.de/" "Mozilla/5.0 (Windows; U; Windows NT 5.1; de; rv:1.9.1.3) Gecko/20090824 Firefox/3.5.3 (.NET CLR 3.5.30729)"
83.136.72.5 - - [17/Sep/2010:09:57:44 +0200] "GET /hattke.swf HTTP/1.1" 200 12042 "http://www.zahnarztpraxis-berlin-pankow.de/" "Mozilla/5.0 (Windows; U; Windows NT 5.1; de; rv:1.9.1.3) Gecko/20090824 Firefox/3.5.3 (.NET CLR 3.5.30729)"
83.136.72.5 - - [17/Sep/2010:09:57:44 +0200] "GET /favicon.ico HTTP/1.1" 200 2550 "-" "Mozilla/5.0 (Windows; U; Windows NT 5.1; de; rv:1.9.1.3) Gecko/20090824 Firefox/3.5.3 (.NET CLR 3.5.30729)"
83.136.72.5 - - [17/Sep/2010:09:57:44 +0200] "GET /diashow.swf HTTP/1.1" 200 311957 "-" "Mozilla/5.0 (Windows; U; Windows NT 5.1; de; rv:1.9.1.3) Gecko/20090824 Firefox/3.5.3 (.NET CLR 3.5.30729)"
66.249.65.165 - - [17/Sep/2010:11:31:33 +0200] "GET /robots.txt HTTP/1.1" 200 24 "-" "SAMSUNG-SGH-E250/1.0 Profile/MIDP-2.0 Configuration/CLDC-1.1 UP.Browser/6.2.3.3.c.1.101 (GUI) MMP/2.0 (compatible; Googlebot-Mobile/2.1; +http://www.google.com/bot.html)"
66.249.65.165 - - [17/Sep/2010:11:31:33 +0200] "GET / HTTP/1.1" 304 - "-" "SAMSUNG-SGH-E250/1.0 Profile/MIDP-2.0 Configuration/CLDC-1.1 UP.Browser/6.2.3.3.c.1.101 (GUI) MMP/2.0 (compatible; Googlebot-Mobile/2.1; +http://www.google.com/bot.html)"
66.235.124.17 - - [17/Sep/2010:12:22:33 +0200] "GET /robots.txt HTTP/1.1" 200 24 "-" "Mozilla/5.0 (compatible; Ask Jeeves/Teoma; +http://about.ask.com/en/docs/about/webmasters.shtml)"
66.235.124.17 - - [17/Sep/2010:12:22:33 +0200] "GET / HTTP/1.1" 200 12977 "-" "Mozilla/5.0 (compatible; Ask Jeeves/Teoma; +http://about.ask.com/en/docs/about/webmasters.shtml)"
95.108.151.244 - - [17/Sep/2010:19:29:51 +0200] "GET /robots.txt HTTP/1.1" 200 24 "-" "Mozilla/5.0 (compatible; YandexBot/3.0; MirrorDetector; +http://yandex.com/bots)"
95.108.151.244 - - [17/Sep/2010:19:29:52 +0200] "GET / HTTP/1.1" 200 12977 "-" "Mozilla/5.0 (compatible; YandexBot/3.0; MirrorDetector; +http://yandex.com/bots)"
95.108.151.244 - - [17/Sep/2010:19:29:53 +0200] "GET / HTTP/1.1" 200 12977 "-" "Mozilla/5.0 (compatible; YandexBot/3.0; MirrorDetector; +http://yandex.com/bots)"
193.47.80.37 - - [17/Sep/2010:21:50:34 +0200] "GET /robots.txt HTTP/1.1" 200 24 "-" "Mozilla/5.0 (compatible; Exabot/3.0; +http://www.exabot.com/go/robot)"
193.47.80.37 - - [17/Sep/2010:21:50:34 +0200] "GET / HTTP/1.1" 304 - "-" "Mozilla/5.0 (compatible; Exabot/3.0; +http://www.exabot.com/go/robot)"
119.63.198.55 - - [17/Sep/2010:21:57:17 +0200] "GET / HTTP/1.1" 200 12977 "-" "Baiduspider+(+http://www.baidu.jp/spider/)"
67.16.94.2 - - [17/Sep/2010:22:02:53 +0200] "GET /robots.txt HTTP/1.0" 200 24 "-" "Gigabot/3.0 (http://www.gigablast.com/spider.html)"
67.16.94.2 - - [17/Sep/2010:22:02:54 +0200] "GET / HTTP/1.0" 200 12977 "-" "Gigabot/3.0 (http://www.gigablast.com/spider.html)"
95.108.158.134 - - [17/Sep/2010:23:31:22 +0200] "GET /teledienst.html HTTP/1.1" 304 - "-" "Mozilla/5.0 (compatible; YandexBot/3.0; +http://yandex.com/bots)"
207.46.13.134 - - [18/Sep/2010:01:21:50 +0200] "GET /robots.txt HTTP/1.1" 200 24 "-" "msnbot/2.0b (+http://search.msn.com/msnbot.htm)"
207.46.13.134 - - [18/Sep/2010:01:30:03 +0200] "GET / HTTP/1.1" 304 - "-" "msnbot/2.0b (+http://search.msn.com/msnbot.htm)"
83.141.9.2 - - [18/Sep/2010:01:30:22 +0200] "GET /robots.txt HTTP/1.1" 200 24 "-" "+http://robot.vedens.de VEDENSBOT"
83.141.9.2 - - [18/Sep/2010:01:30:22 +0200] "HEAD / HTTP/1.1" 200 - "" "+http://robot.vedens.de VEDENSBOT"
66.249.65.165 - - [18/Sep/2010:02:54:48 +0200] "GET /intro.html HTTP/1.1" 304 - "-" "Mozilla/5.0 (compatible; Googlebot/2.1; +http://www.google.com/bot.html)"
212.113.35.162 - - [18/Sep/2010:07:33:17 +0200] "GET /robots.txt HTTP/1.1" 200 24 "-" "Mozilla/5.0 (compatible; SiteBot/0.1; +http://www.sitebot.org/robot/)"
212.113.35.162 - - [18/Sep/2010:07:33:18 +0200] "GET / HTTP/1.1" 200 12977 "-" "Mozilla/5.0 (compatible; SiteBot/0.1; +http://www.sitebot.org/robot/)"
212.113.35.162 - - [18/Sep/2010:07:33:20 +0200] "GET /teledienst.html HTTP/1.1" 200 4588 "-" "Mozilla/5.0 (compatible; SiteBot/0.1; +http://www.sitebot.org/robot/)"
87.106.30.6 - - [18/Sep/2010:11:57:34 +0200] "GET / HTTP/1.1" 200 12977 "-" "bot/0.6b (Windows NT; Java Hotspot(TM) Server 64-Bit VM; +http://www.daniel-nowak-ug.de) Resource Description Engine 0.3b"
87.106.30.6 - - [18/Sep/2010:11:57:39 +0200] "GET /robots.txt HTTP/1.1" 200 24 "-" "bot/0.6b (Windows NT; Java Hotspot(TM) Server 64-Bit VM; +http://www.daniel-nowak-ug.de) Resource Description Engine 0.3b"
62.80.124.130 - - [18/Sep/2010:19:35:38 +0200] "GET /usage/usage_201007.html HTTP/1.1" 404 1256 "http://www.whoisde.de" "Mozilla/5.0 (compatible; http://www.whoisde.de/2.1; +http://www.whoisde.de)"
62.80.124.130 - - [18/Sep/2010:19:35:38 +0200] "GET /webstats/usage_201007.html HTTP/1.1" 404 1256 "http://www.whoisde.de" "Mozilla/5.0 (compatible; http://www.whoisde.de/2.1; +http://www.whoisde.de)"
62.80.124.130 - - [18/Sep/2010:19:35:38 +0200] "GET /webalizer/usage_201007.html HTTP/1.1" 404 1256 "http://www.whoisde.de" "Mozilla/5.0 (compatible; http://www.whoisde.de/2.1; +http://www.whoisde.de)"
62.80.124.130 - - [18/Sep/2010:19:35:38 +0200] "GET /stats/usage_201007.html HTTP/1.1" 401 1226 "http://www.whoisde.de" "Mozilla/5.0 (compatible; http://www.whoisde.de/2.1; +http://www.whoisde.de)"
62.80.124.130 - - [18/Sep/2010:19:35:38 +0200] "GET /statistik/usage_201007.html HTTP/1.1" 404 1256 "http://www.whoisde.de" "Mozilla/5.0 (compatible; http://www.whoisde.de/2.1; +http://www.whoisde.de)"
62.80.124.130 - - [18/Sep/2010:19:35:38 +0200] "GET /logs/usage_201007.html HTTP/1.1" 404 1256 "http://www.whoisde.de" "Mozilla/5.0 (compatible; http://www.whoisde.de/2.1; +http://www.whoisde.de)"
123.125.66.70 - - [18/Sep/2010:21:25:16 +0200] "GET / HTTP/1.1" 200 12977 "-" "Baiduspider+(+http://www.baidu.com/search/spider.htm)"
91.37.203.159 - - [18/Sep/2010:22:28:38 +0200] "GET / HTTP/1.1" 200 12977 "http://www.google.de/url?sa=t&source=web&cd=2&ved=0CCEQFDAB&url=http%3A%2F%2Fwww.zahnarztpraxis-berlin-pankow.de%2F&rct=j&q=zahnarzt%20hertzstra%C3%9Fe%20berlin&ei=CCCVTKWMPIzOswa7sOla&usg=AFQjCNGhU0LSIXKAU9N4d8DNsS8g6WKbiA" "Mozilla/5.0 (Windows; U; Windows NT 6.1; en-US) AppleWebKit/534.3 (KHTML, like Gecko) Chrome/6.0.472.59 Safari/534.3"
91.37.203.159 - - [18/Sep/2010:22:28:38 +0200] "GET /opensite.js HTTP/1.1" 200 1125 "http://www.zahnarztpraxis-berlin-pankow.de/" "Mozilla/5.0 (Windows; U; Windows NT 6.1; en-US) AppleWebKit/534.3 (KHTML, like Gecko) Chrome/6.0.472.59 Safari/534.3"
91.37.203.159 - - [18/Sep/2010:22:28:38 +0200] "GET /flashopen.js HTTP/1.1" 200 604 "http://www.zahnarztpraxis-berlin-pankow.de/" "Mozilla/5.0 (Windows; U; Windows NT 6.1; en-US) AppleWebKit/534.3 (KHTML, like Gecko) Chrome/6.0.472.59 Safari/534.3"
91.37.203.159 - - [18/Sep/2010:22:28:38 +0200] "GET /hattke.swf HTTP/1.1" 200 12042 "http://www.zahnarztpraxis-berlin-pankow.de/" "Mozilla/5.0 (Windows; U; Windows NT 6.1; en-US) AppleWebKit/534.3 (KHTML, like Gecko) Chrome/6.0.472.59 Safari/534.3"
91.37.203.159 - - [18/Sep/2010:22:28:38 +0200] "GET /favicon.ico HTTP/1.1" 200 2550 "-" "Mozilla/5.0 (Windows; U; Windows NT 6.1; en-US) AppleWebKit/534.3 (KHTML, like Gecko) Chrome/6.0.472.59 Safari/534.3"
91.37.203.159 - - [18/Sep/2010:22:28:38 +0200] "GET /diashow.swf HTTP/1.1" 200 311957 "http://www.zahnarztpraxis-berlin-pankow.de/hattke.swf" "Mozilla/5.0 (Windows; U; Windows NT 6.1; en-US) AppleWebKit/534.3 (KHTML, like Gecko) Chrome/6.0.472.59 Safari/534.3"
66.249.65.165 - - [19/Sep/2010:00:39:54 +0200] "GET /robots.txt HTTP/1.1" 200 24 "-" "DoCoMo/2.0 N905i(c100;TB;W24H16) (compatible; Googlebot-Mobile/2.1; +http://www.google.com/bot.html)"
66.249.65.165 - - [19/Sep/2010:00:39:54 +0200] "GET / HTTP/1.1" 304 - "-" "DoCoMo/2.0 N905i(c100;TB;W24H16) (compatible; Googlebot-Mobile/2.1; +http://www.google.com/bot.html)"
83.141.9.2 - - [19/Sep/2010:01:31:53 +0200] "GET /robots.txt HTTP/1.1" 200 24 "-" "+http://robot.vedens.de VEDENSBOT"
83.141.9.2 - - [19/Sep/2010:01:31:53 +0200] "HEAD / HTTP/1.1" 200 - "" "+http://robot.vedens.de VEDENSBOT"
67.195.115.177 - - [19/Sep/2010:08:22:16 +0200] "GET /robots.txt HTTP/1.0" 200 24 "-" "Mozilla/5.0 (compatible; Yahoo! Slurp; http://help.yahoo.com/help/us/ysearch/slurp)"
67.195.115.177 - - [19/Sep/2010:08:22:16 +0200] "GET / HTTP/1.0" 200 12977 "-" "Mozilla/5.0 (compatible; Yahoo! Slurp/3.0; http://help.yahoo.com/help/us/ysearch/slurp)"
119.63.198.52 - - [19/Sep/2010:14:40:58 +0200] "GET / HTTP/1.1" 200 12977 "-" "Baiduspider+(+http://www.baidu.jp/spider/)"
207.46.13.131 - - [19/Sep/2010:19:58:54 +0200] "GET /robots.txt HTTP/1.1" 200 24 "-" "msnbot/2.0b (+http://search.msn.com/msnbot.htm)"
207.46.13.131 - - [19/Sep/2010:20:07:35 +0200] "GET / HTTP/1.1" 304 - "-" "msnbot/2.0b (+http://search.msn.com/msnbot.htm)"
188.102.73.177 - - [19/Sep/2010:20:24:43 +0200] "GET /intro.html HTTP/1.1" 200 5170 "-" "Mozilla/5.0 (Windows; U; Windows NT 6.1; de; rv:1.9.2.8) Gecko/20100722 YFF35 Firefox/3.6.8"
188.102.73.177 - - [19/Sep/2010:20:24:43 +0200] "GET /opensite.js HTTP/1.1" 200 1125 "http://www.zahnarztpraxis-berlin-pankow.de/intro.html" "Mozilla/5.0 (Windows; U; Windows NT 6.1; de; rv:1.9.2.8) Gecko/20100722 YFF35 Firefox/3.6.8"
188.102.73.177 - - [19/Sep/2010:20:24:43 +0200] "GET /favicon.ico HTTP/1.1" 200 2550 "-" "Mozilla/5.0 (Windows; U; Windows NT 6.1; de; rv:1.9.2.8) Gecko/20100722 YFF35 Firefox/3.6.8"
188.102.73.177 - - [19/Sep/2010:20:24:43 +0200] "GET /hattke.swf HTTP/1.1" 200 12042 "http://www.zahnarztpraxis-berlin-pankow.de/intro.html" "Mozilla/5.0 (Windows; U; Windows NT 6.1; de; rv:1.9.2.8) Gecko/20100722 YFF35 Firefox/3.6.8"
188.102.73.177 - - [19/Sep/2010:20:24:43 +0200] "GET /diashow.swf HTTP/1.1" 200 311957 "-" "Mozilla/5.0 (Windows; U; Windows NT 6.1; de; rv:1.9.2.8) Gecko/20100722 YFF35 Firefox/3.6.8"
112.167.163.73 - - [19/Sep/2010:21:09:30 +0200] "GET /robots.txt HTTP/1.0" 200 24 "-" "Nutch/Nutch-1.0 (academic purpose; cats.kaist.ac.kr; smiler82@naver.com)"
112.167.163.73 - - [19/Sep/2010:21:09:30 +0200] "GET / HTTP/1.0" 200 12977 "-" "Nutch/Nutch-1.0 (academic purpose; cats.kaist.ac.kr; smiler82@naver.com)"
74.52.245.146 - - [19/Sep/2010:23:02:14 +0200] "GET / HTTP/1.0" 200 12977 "-" "Mozilla/5.0 (X11; U; Linux i686; en-US; rv:1.7.5) Gecko/20041107 Firefox/1.0"
83.141.9.2 - - [20/Sep/2010:01:30:14 +0200] "GET /robots.txt HTTP/1.1" 200 24 "-" "+http://robot.vedens.de VEDENSBOT"
83.141.9.2 - - [20/Sep/2010:01:30:15 +0200] "HEAD / HTTP/1.1" 200 - "" "+http://robot.vedens.de VEDENSBOT"
92.243.84.187 - - [20/Sep/2010:04:41:59 +0200] "GET /plugins/editors/tinymce/jscripts/tiny_mce/plugins/tinybrowser/tinybrowser.php?type=file&folder= HTTP/1.0" 404 1256 "http://www.zahnarztpraxis-berlin-pankow.de/plugins/editors/tinymce/jscripts/tiny_mce/plugins/tinybrowser/tinybrowser.php?type=file&folder=" "Mozilla/4.0 (compatible; MSIE 6.0; Windows 98; Win 9x 4.90)"
212.113.35.162 - - [20/Sep/2010:07:57:53 +0200] "GET /robots.txt HTTP/1.1" 200 24 "-" "Mozilla/5.0 (compatible; SiteBot/0.1; +http://www.sitebot.org/robot/)"
212.113.35.162 - - [20/Sep/2010:07:57:54 +0200] "GET / HTTP/1.1" 200 12977 "-" "Mozilla/5.0 (compatible; SiteBot/0.1; +http://www.sitebot.org/robot/)"
212.113.35.162 - - [20/Sep/2010:07:57:55 +0200] "GET /teledienst.html HTTP/1.1" 200 4588 "-" "Mozilla/5.0 (compatible; SiteBot/0.1; +http://www.sitebot.org/robot/)"
87.123.110.197 - - [20/Sep/2010:13:23:59 +0200] "GET / HTTP/1.1" 200 12977 "-" "Mozilla/5.0 (Windows; U; Windows NT 6.0; de; rv:1.9.1.13) Gecko/20100914 Firefox/3.5.13 (.NET CLR 3.5.30729)"
87.123.110.197 - - [20/Sep/2010:13:24:00 +0200] "GET /favicon.ico HTTP/1.1" 200 2550 "-" "Mozilla/5.0 (Windows; U; Windows NT 6.0; de; rv:1.9.1.13) Gecko/20100914 Firefox/3.5.13 (.NET CLR 3.5.30729)"
87.123.110.197 - - [20/Sep/2010:13:24:00 +0200] "GET /opensite.js HTTP/1.1" 200 1125 "-" "Mozilla/5.0 (Windows; U; Windows NT 6.0; de; rv:1.9.1.13) Gecko/20100914 Firefox/3.5.13 (.NET CLR 3.5.30729)"
87.123.110.197 - - [20/Sep/2010:13:24:00 +0200] "GET /flashopen.js HTTP/1.1" 200 604 "-" "Mozilla/5.0 (Windows; U; Windows NT 6.0; de; rv:1.9.1.13) Gecko/20100914 Firefox/3.5.13 (.NET CLR 3.5.30729)"
87.123.110.197 - - [20/Sep/2010:13:24:00 +0200] "GET /hattke.swf HTTP/1.1" 200 12042 "-" "Mozilla/5.0 (Windows; U; Windows NT 6.0; de; rv:1.9.1.13) Gecko/20100914 Firefox/3.5.13 (.NET CLR 3.5.30729)"
87.123.110.197 - - [20/Sep/2010:13:24:00 +0200] "GET /diashow.swf HTTP/1.1" 200 311957 "-" "Mozilla/5.0 (Windows; U; Windows NT 6.0; de; rv:1.9.1.13) Gecko/20100914 Firefox/3.5.13 (.NET CLR 3.5.30729)"
83.133.125.202 - - [20/Sep/2010:14:18:21 +0200] "GET / HTTP/1.1" 200 12977 "http://www.bigfinder.de/" "Mozilla/4.0 (compatible; MSIE 8.0; Windows NT 5.1; Trident/4.0; FBSMTWB; ATC/1.0; .NET CLR 1.1.4322; ATC/1.0; .NET CLR 2.0.50727; .NET CLR 3.0.4506.2152; .NET CLR 3.5.30729)"
93.219.176.99 - - [20/Sep/2010:14:46:14 +0200] "GET / HTTP/1.1" 200 12977 "http://www.prodentum.de/zahnarzt/suche.php?ort1=13439&gesendet=Suchen" "Mozilla/4.0 (compatible; MSIE 8.0; TOB 6.11; Windows NT 6.0; Trident/4.0; Arcor 5.006; GTB6.5; Mozilla/4.0 (compatible; MSIE 6.0; Windows NT 5.1; SV1) ; Embedded Web Browser from: http://bsalsa.com/; SLCC1; .NET CLR 2.0.50727; Media Center PC 5.0; InfoPath.2; .NET CLR 3.5.21022; FDM; .NET CLR 3.5.30729; .NET CLR 3.0.30729; .NET4.0C)"
93.219.176.99 - - [20/Sep/2010:14:46:14 +0200] "GET /opensite.js HTTP/1.1" 200 1125 "http://www.zahnarztpraxis-berlin-pankow.de/" "Mozilla/4.0 (compatible; MSIE 8.0; TOB 6.11; Windows NT 6.0; Trident/4.0; Arcor 5.006; GTB6.5; Mozilla/4.0 (compatible; MSIE 6.0; Windows NT 5.1; SV1) ; Embedded Web Browser from: http://bsalsa.com/; SLCC1; .NET CLR 2.0.50727; Media Center PC 5.0; InfoPath.2; .NET CLR 3.5.21022; FDM; .NET CLR 3.5.30729; .NET CLR 3.0.30729; .NET4.0C)"
93.219.176.99 - - [20/Sep/2010:14:46:14 +0200] "GET /flashopen.js HTTP/1.1" 200 604 "http://www.zahnarztpraxis-berlin-pankow.de/" "Mozilla/4.0 (compatible; MSIE 8.0; TOB 6.11; Windows NT 6.0; Trident/4.0; Arcor 5.006; GTB6.5; Mozilla/4.0 (compatible; MSIE 6.0; Windows NT 5.1; SV1) ; Embedded Web Browser from: http://bsalsa.com/; SLCC1; .NET CLR 2.0.50727; Media Center PC 5.0; InfoPath.2; .NET CLR 3.5.21022; FDM; .NET CLR 3.5.30729; .NET CLR 3.0.30729; .NET4.0C)"
93.219.176.99 - - [20/Sep/2010:14:46:15 +0200] "GET /hattke.swf HTTP/1.1" 200 12042 "http://www.zahnarztpraxis-berlin-pankow.de/" "Mozilla/4.0 (compatible; MSIE 8.0; Windows NT 6.0; Trident/4.0; Arcor 5.006; GTB6.5; Mozilla/4.0 (compatible; MSIE 6.0; Windows NT 5.1; SV1) ; Embedded Web Browser from: http://bsalsa.com/; SLCC1; .NET CLR 2.0.50727; Media Center PC 5.0; InfoPath.2; .NET CLR 3.5.21022; FDM; .NET CLR 3.5.30729; .NET CLR 3.0.30729; .NET4.0C)"
93.219.176.99 - - [20/Sep/2010:14:46:15 +0200] "GET /favicon.ico HTTP/1.1" 200 2550 "-" "T-Online Browser"
93.219.176.99 - - [20/Sep/2010:14:46:15 +0200] "GET /diashow.swf HTTP/1.1" 200 311957 "http://www.zahnarztpraxis-berlin-pankow.de/hattke.swf" "Mozilla/4.0 (compatible; MSIE 8.0; Windows NT 6.0; Trident/4.0; Arcor 5.006; GTB6.5; Mozilla/4.0 (compatible; MSIE 6.0; Windows NT 5.1; SV1) ; Embedded Web Browser from: http://bsalsa.com/; SLCC1; .NET CLR 2.0.50727; Media Center PC 5.0; InfoPath.2; .NET CLR 3.5.21022; FDM; .NET CLR 3.5.30729; .NET CLR 3.0.30729; .NET4.0C)"
109.42.80.142 - - [20/Sep/2010:17:23:25 +0200] "GET /favicon.ico HTTP/1.1" 200 2550 "-" "Mozilla/4.0 (compatible; MSIE 7.0; Windows NT 5.1; .NET CLR 1.1.4322; .NET CLR 2.0.50727; .NET CLR 3.0.4506.2152; .NET CLR 3.5.30729)"
109.42.80.142 - - [20/Sep/2010:17:23:25 +0200] "GET / HTTP/1.1" 200 12977 "http://www.zahn-online.de/suche/10115h-l.html" "Mozilla/4.0 (compatible; MSIE 7.0; Windows NT 5.1; .NET CLR 1.1.4322; .NET CLR 2.0.50727; .NET CLR 3.0.4506.2152; .NET CLR 3.5.30729)"
109.42.80.142 - - [20/Sep/2010:17:23:25 +0200] "GET /opensite.js HTTP/1.1" 200 1125 "http://www.zahnarztpraxis-berlin-pankow.de/" "Mozilla/4.0 (compatible; MSIE 7.0; Windows NT 5.1; .NET CLR 1.1.4322; .NET CLR 2.0.50727; .NET CLR 3.0.4506.2152; .NET CLR 3.5.30729)"
109.42.80.142 - - [20/Sep/2010:17:23:26 +0200] "GET /flashopen.js HTTP/1.1" 200 604 "http://www.zahnarztpraxis-berlin-pankow.de/" "Mozilla/4.0 (compatible; MSIE 7.0; Windows NT 5.1; .NET CLR 1.1.4322; .NET CLR 2.0.50727; .NET CLR 3.0.4506.2152; .NET CLR 3.5.30729)"
109.42.80.142 - - [20/Sep/2010:17:23:26 +0200] "GET /hattke.swf HTTP/1.1" 200 12042 "http://www.zahnarztpraxis-berlin-pankow.de/" "Mozilla/4.0 (compatible; MSIE 7.0; Windows NT 5.1; .NET CLR 1.1.4322; .NET CLR 2.0.50727; .NET CLR 3.0.4506.2152; .NET CLR 3.5.30729)"
109.42.80.142 - - [20/Sep/2010:17:23:26 +0200] "GET /diashow.swf HTTP/1.1" 200 311957 "http://www.zahnarztpraxis-berlin-pankow.de/hattke.swf" "Mozilla/4.0 (compatible; MSIE 7.0; Windows NT 5.1; .NET CLR 1.1.4322; .NET CLR 2.0.50727; .NET CLR 3.0.4506.2152; .NET CLR 3.5.30729)"
178.77.72.217 - - [20/Sep/2010:22:19:40 +0200] "GET / HTTP/1.0" 200 12977 "http://www.sitetalk-revolution.com" "Mozilla/4.0 (compatible; MSIE 7.0; Windows NT 6.0; Trident/4.0)"
66.235.124.17 - - [20/Sep/2010:23:34:00 +0200] "GET /robots.txt HTTP/1.1" 200 24 "-" "Mozilla/5.0 (compatible; Ask Jeeves/Teoma; +http://about.ask.com/en/docs/about/webmasters.shtml)"
66.235.124.17 - - [20/Sep/2010:23:34:01 +0200] "GET / HTTP/1.1" 200 12977 "-" "Mozilla/5.0 (compatible; Ask Jeeves/Teoma; +http://about.ask.com/en/docs/about/webmasters.shtml)"
95.108.158.134 - - [20/Sep/2010:23:45:58 +0200] "GET /robots.txt HTTP/1.1" 200 24 "-" "Mozilla/5.0 (compatible; YandexBot/3.0; +http://yandex.com/bots)"
83.141.9.2 - - [21/Sep/2010:01:32:14 +0200] "GET /robots.txt HTTP/1.1" 200 24 "-" "+http://robot.vedens.de VEDENSBOT"
83.141.9.2 - - [21/Sep/2010:01:32:14 +0200] "HEAD / HTTP/1.1" 200 - "" "+http://robot.vedens.de VEDENSBOT"
95.108.158.134 - - [21/Sep/2010:04:17:16 +0200] "GET / HTTP/1.1" 200 12977 "-" "Mozilla/5.0 (compatible; YandexBot/3.0; +http://yandex.com/bots)"
80.152.157.200 - - [21/Sep/2010:08:12:45 +0200] "GET / HTTP/1.1" 200 12977 "http://www.zahn-online.de/suche/10115h-l.html" "Mozilla/5.0 (Windows; U; Windows NT 5.1; de; rv:1.9.2.10) Gecko/20100914 Firefox/3.6.10 ( .NET CLR 3.5.30729; .NET4.0E)"
80.152.157.200 - - [21/Sep/2010:08:12:46 +0200] "GET /opensite.js HTTP/1.1" 200 1125 "http://www.zahnarztpraxis-berlin-pankow.de/" "Mozilla/5.0 (Windows; U; Windows NT 5.1; de; rv:1.9.2.10) Gecko/20100914 Firefox/3.6.10 ( .NET CLR 3.5.30729; .NET4.0E)"
80.152.157.200 - - [21/Sep/2010:08:12:46 +0200] "GET /flashopen.js HTTP/1.1" 200 604 "http://www.zahnarztpraxis-berlin-pankow.de/" "Mozilla/5.0 (Windows; U; Windows NT 5.1; de; rv:1.9.2.10) Gecko/20100914 Firefox/3.6.10 ( .NET CLR 3.5.30729; .NET4.0E)"
80.152.157.200 - - [21/Sep/2010:08:12:46 +0200] "GET /hattke.swf HTTP/1.1" 200 12042 "http://www.zahnarztpraxis-berlin-pankow.de/" "Mozilla/5.0 (Windows; U; Windows NT 5.1; de; rv:1.9.2.10) Gecko/20100914 Firefox/3.6.10 ( .NET CLR 3.5.30729; .NET4.0E)"
80.152.157.200 - - [21/Sep/2010:08:12:46 +0200] "GET /favicon.ico HTTP/1.1" 200 2550 "-" "Mozilla/5.0 (Windows; U; Windows NT 5.1; de; rv:1.9.2.10) Gecko/20100914 Firefox/3.6.10 ( .NET CLR 3.5.30729; .NET4.0E)"
80.152.157.200 - - [21/Sep/2010:08:12:47 +0200] "GET /diashow.swf HTTP/1.1" 200 311957 "-" "Mozilla/5.0 (Windows; U; Windows NT 5.1; de; rv:1.9.2.10) Gecko/20100914 Firefox/3.6.10 ( .NET CLR 3.5.30729; .NET4.0E)"
67.195.115.177 - - [21/Sep/2010:10:25:33 +0200] "GET /robots.txt HTTP/1.0" 200 24 "-" "Mozilla/5.0 (compatible; Yahoo! Slurp; http://help.yahoo.com/help/us/ysearch/slurp)"
67.195.115.177 - - [21/Sep/2010:10:25:33 +0200] "GET /index_alt.html HTTP/1.0" 200 2254 "-" "Mozilla/5.0 (compatible; Yahoo! Slurp/3.0; http://help.yahoo.com/help/us/ysearch/slurp)"
193.47.80.37 - - [21/Sep/2010:11:26:57 +0200] "GET /robots.txt HTTP/1.1" 200 24 "-" "Mozilla/5.0 (compatible; Exabot/3.0; +http://www.exabot.com/go/robot)"
193.47.80.37 - - [21/Sep/2010:11:26:57 +0200] "GET / HTTP/1.1" 304 - "-" "Mozilla/5.0 (compatible; Exabot/3.0; +http://www.exabot.com/go/robot)"
119.63.198.42 - - [21/Sep/2010:12:46:40 +0200] "GET / HTTP/1.1" 200 12977 "-" "Baiduspider+(+http://www.baidu.jp/spider/)"
87.160.147.183 - - [21/Sep/2010:14:09:08 +0200] "GET / HTTP/1.1" 200 12977 "http://www.google.de/search?hl=de&source=hp&q=hattke%2C+berlin%2C+zahnarzt&aq=f&aqi=&aql=&oq=&gs_rfai=&fp=81f82f42a9c610e9" "Mozilla/5.0 (Windows; U; Windows NT 5.1; de; rv:1.9.2.6) Gecko/20100625 Firefox/3.6.6 (.NET CLR 3.5.30729)"
207.46.199.45 - - [21/Sep/2010:14:55:30 +0200] "GET /robots.txt HTTP/1.1" 200 24 "-" "msnbot/2.0b (+http://search.msn.com/msnbot.htm)"
207.46.199.45 - - [21/Sep/2010:15:07:15 +0200] "GET / HTTP/1.1" 304 - "-" "msnbot/2.0b (+http://search.msn.com/msnbot.htm)"
64.246.161.190 - - [21/Sep/2010:17:41:16 +0200] "GET /robots.txt HTTP/1.0" 200 24 "-" "Mozilla/5.0 (Windows; U; Windows NT 5.1; en; rv:1.9.0.13) Gecko/2009073022 Firefox/3.5.2 (.NET CLR 3.5.30729) SurveyBot/2.3 (DomainTools)"
64.246.161.190 - - [21/Sep/2010:17:41:16 +0200] "GET / HTTP/1.1" 200 12977 "http://whois.domaintools.com/zahnarztpraxis-berlin-pankow.de" "Mozilla/5.0 (Windows; U; Windows NT 5.1; en; rv:1.9.0.13) Gecko/2009073022 Firefox/3.5.2 (.NET CLR 3.5.30729) SurveyBot/2.3 (DomainTools)"
38.99.97.76 - - [21/Sep/2010:19:50:03 +0200] "GET /robots.txt HTTP/1.1" 200 24 "-" "Mozilla/5.0 (compatible; ScoutJet; +http://www.scoutjet.com/)"
38.99.97.76 - - [21/Sep/2010:19:50:27 +0200] "GET / HTTP/1.1" 200 12977 "-" "Mozilla/5.0 (compatible; ScoutJet; +http://www.scoutjet.com/)"
38.99.97.76 - - [21/Sep/2010:19:50:45 +0200] "GET /favicon.ico HTTP/1.1" 200 2550 "-" "Mozilla/5.0 (compatible; ScoutJet; +http://www.scoutjet.com/)"
38.99.97.76 - - [21/Sep/2010:19:51:02 +0200] "GET /teledienst.html HTTP/1.1" 200 4588 "-" "Mozilla/5.0 (compatible; ScoutJet; +http://www.scoutjet.com/)"
84.252.33.6 - - [22/Sep/2010:01:29:53 +0200] "GET /druckansicht.php?s=13 and 1=2 union select 1,2,3,4,5,concat(cName,0x3a,cPass),7,8,9 from tadminlogin-- HTTP/1.0" 404 1256 "-" "Mozilla/5.0 (X11; U; Linux i686; en-US; rv:1.7.3) Gecko/20040913"
83.141.9.2 - - [22/Sep/2010:01:31:48 +0200] "GET /robots.txt HTTP/1.1" 200 24 "-" "+http://robot.vedens.de VEDENSBOT"
83.141.9.2 - - [22/Sep/2010:01:31:48 +0200] "HEAD / HTTP/1.1" 200 - "" "+http://robot.vedens.de VEDENSBOT"
66.249.65.165 - - [22/Sep/2010:01:39:41 +0200] "GET /robots.txt HTTP/1.1" 200 24 "-" "SAMSUNG-SGH-E250/1.0 Profile/MIDP-2.0 Configuration/CLDC-1.1 UP.Browser/6.2.3.3.c.1.101 (GUI) MMP/2.0 (compatible; Googlebot-Mobile/2.1; +http://www.google.com/bot.html)"
66.249.65.165 - - [22/Sep/2010:01:39:41 +0200] "GET / HTTP/1.1" 304 - "-" "SAMSUNG-SGH-E250/1.0 Profile/MIDP-2.0 Configuration/CLDC-1.1 UP.Browser/6.2.3.3.c.1.101 (GUI) MMP/2.0 (compatible; Googlebot-Mobile/2.1; +http://www.google.com/bot.html)"
188.40.89.86 - - [22/Sep/2010:01:54:30 +0200] "GET / HTTP/1.0" 200 12977 "-" "-"
94.23.211.138 - - [22/Sep/2010:02:37:15 +0200] "HEAD / HTTP/1.1" 200 - "-" "Mozilla/4.0 (compatible; MSIE 5.01; Windows NT 5.0)"
84.252.33.6 - - [22/Sep/2010:03:44:56 +0200] "GET /admin/backup/login.php?action=backup HTTP/1.0" 404 1256 "-" "Mozilla/5.0 (X11; U; Linux i686; en-US; rv:1.8.0.1) Gecko/20060124 Firefox/1.5.0.1"
85.92.222.254 - - [22/Sep/2010:10:12:40 +0200] "GET / HTTP/1.1" 200 12977 "-" "Mozilla/4.0 (compatible; MSIE 7.0; Windows NT 5.1; InfoPath.1; .NET CLR 2.0.50727; .NET CLR 1.1.4322; MS-RTC LM 8; .NET CLR 3.0.4506.2152; .NET CLR 3.5.30729)"
213.23.103.219 - - [22/Sep/2010:10:12:40 +0200] "GET / HTTP/1.1" 200 12977 "http://maps.google.de/maps?hl=de&um=1&ie=UTF-8&q=zahnarzt+hauptstra%C3%9Fe+25,+13158&fb=1&gl=de&hq=zahnarzt&hnear=Hauptstra%C3%9Fe+25,+D-13158+Berlin&cid=0,0,5265126241068971048&ei=RrqZTLvJNtKLOMOKqO0M&sa=X&oi=local_result&ct=image&resnum=1&ved=0CBcQnwIwAA" "Mozilla/4.0 (compatible; MSIE 7.0; Windows NT 5.1; .NET CLR 2.0.50727; .NET CLR 1.1.4322)"
213.23.103.219 - - [22/Sep/2010:10:12:41 +0200] "GET /opensite.js HTTP/1.1" 200 1125 "http://www.zahnarztpraxis-berlin-pankow.de/" "Mozilla/4.0 (compatible; MSIE 7.0; Windows NT 5.1; .NET CLR 2.0.50727; .NET CLR 1.1.4322)"
213.23.103.219 - - [22/Sep/2010:10:12:41 +0200] "GET /flashopen.js HTTP/1.1" 200 604 "http://www.zahnarztpraxis-berlin-pankow.de/" "Mozilla/4.0 (compatible; MSIE 7.0; Windows NT 5.1; .NET CLR 2.0.50727; .NET CLR 1.1.4322)"
213.23.103.219 - - [22/Sep/2010:10:12:41 +0200] "GET /hattke.swf HTTP/1.1" 200 12042 "http://www.zahnarztpraxis-berlin-pankow.de/" "Mozilla/4.0 (compatible; MSIE 7.0; Windows NT 5.1; .NET CLR 2.0.50727; .NET CLR 1.1.4322)"
213.23.103.219 - - [22/Sep/2010:10:12:41 +0200] "GET /favicon.ico HTTP/1.1" 200 2550 "-" "Mozilla/4.0 (compatible; MSIE 7.0; Windows NT 5.1; .NET CLR 2.0.50727; .NET CLR 1.1.4322)"
213.23.103.219 - - [22/Sep/2010:10:12:41 +0200] "GET /diashow.swf HTTP/1.1" 200 311957 "http://www.zahnarztpraxis-berlin-pankow.de/hattke.swf" "Mozilla/4.0 (compatible; MSIE 7.0; Windows NT 5.1; .NET CLR 2.0.50727; .NET CLR 1.1.4322)"
213.148.143.146 - - [22/Sep/2010:10:15:22 +0200] "GET / HTTP/1.1" 200 12977 "http://www.google.de/search?hl=de&q=zahnarzt+13158" "Mozilla/5.0 (Windows; U; Windows NT 5.1; de; rv:1.9.2.10) Gecko/20100914 Firefox/3.6.10 (.NET CLR 3.5.30729)"
213.148.143.146 - - [22/Sep/2010:10:15:23 +0200] "GET /opensite.js HTTP/1.1" 200 1125 "http://www.zahnarztpraxis-berlin-pankow.de/" "Mozilla/5.0 (Windows; U; Windows NT 5.1; de; rv:1.9.2.10) Gecko/20100914 Firefox/3.6.10 (.NET CLR 3.5.30729)"
213.148.143.146 - - [22/Sep/2010:10:15:23 +0200] "GET /flashopen.js HTTP/1.1" 200 604 "http://www.zahnarztpraxis-berlin-pankow.de/" "Mozilla/5.0 (Windows; U; Windows NT 5.1; de; rv:1.9.2.10) Gecko/20100914 Firefox/3.6.10 (.NET CLR 3.5.30729)"
213.148.143.146 - - [22/Sep/2010:10:15:23 +0200] "GET /hattke.swf HTTP/1.1" 200 12042 "http://www.zahnarztpraxis-berlin-pankow.de/" "Mozilla/5.0 (Windows; U; Windows NT 5.1; de; rv:1.9.2.10) Gecko/20100914 Firefox/3.6.10 (.NET CLR 3.5.30729)"
213.148.143.146 - - [22/Sep/2010:10:15:23 +0200] "GET /favicon.ico HTTP/1.1" 200 2550 "-" "Mozilla/5.0 (Windows; U; Windows NT 5.1; de; rv:1.9.2.10) Gecko/20100914 Firefox/3.6.10 (.NET CLR 3.5.30729)"
213.148.143.146 - - [22/Sep/2010:10:15:23 +0200] "GET /diashow.swf HTTP/1.1" 200 311957 "-" "Mozilla/5.0 (Windows; U; Windows NT 5.1; de; rv:1.9.2.10) Gecko/20100914 Firefox/3.6.10 (.NET CLR 3.5.30729)"
213.23.103.219 - - [22/Sep/2010:10:19:57 +0200] "GET / HTTP/1.1" 304 - "http://www.google.de/search?hl=de&source=hp&q=zahnarzt+13158+hauptstra%C3%9Fe+&aq=f&aqi=&aql=&oq=&gs_rfai=" "Mozilla/4.0 (compatible; MSIE 7.0; Windows NT 5.1; .NET CLR 2.0.50727; .NET CLR 1.1.4322)"
213.23.103.219 - - [22/Sep/2010:10:19:57 +0200] "GET /opensite.js HTTP/1.1" 304 - "http://www.zahnarztpraxis-berlin-pankow.de/" "Mozilla/4.0 (compatible; MSIE 7.0; Windows NT 5.1; .NET CLR 2.0.50727; .NET CLR 1.1.4322)"
213.23.103.219 - - [22/Sep/2010:10:19:57 +0200] "GET /flashopen.js HTTP/1.1" 304 - "http://www.zahnarztpraxis-berlin-pankow.de/" "Mozilla/4.0 (compatible; MSIE 7.0; Windows NT 5.1; .NET CLR 2.0.50727; .NET CLR 1.1.4322)"
213.23.103.219 - - [22/Sep/2010:10:19:57 +0200] "GET /hattke.swf HTTP/1.1" 304 - "http://www.zahnarztpraxis-berlin-pankow.de/" "Mozilla/4.0 (compatible; MSIE 7.0; Windows NT 5.1; .NET CLR 2.0.50727; .NET CLR 1.1.4322)"
213.23.103.219 - - [22/Sep/2010:10:19:57 +0200] "GET /diashow.swf HTTP/1.1" 304 - "http://www.zahnarztpraxis-berlin-pankow.de/hattke.swf" "Mozilla/4.0 (compatible; MSIE 7.0; Windows NT 5.1; .NET CLR 2.0.50727; .NET CLR 1.1.4322)"
213.148.143.146 - - [22/Sep/2010:10:26:40 +0200] "GET /teledienst.html HTTP/1.1" 200 4588 "http://www.zahnarztpraxis-berlin-pankow.de/" "Mozilla/5.0 (Windows; U; Windows NT 5.1; de; rv:1.9.2.10) Gecko/20100914 Firefox/3.6.10 (.NET CLR 3.5.30729)"
119.63.198.48 - - [22/Sep/2010:10:47:16 +0200] "GET / HTTP/1.1" 200 12977 "-" "Baiduspider+(+http://www.baidu.jp/spider/)"
85.232.31.163 - - [22/Sep/2010:11:28:24 +0200] "GET / HTTP/1.1" 200 12977 "http://www.kzv-berlin.de/cms/index.php?file=article&mode=entry&number=23&do=1&stadtteil=Pankow&searchcount=93&treffer=10&pages=10&query=1+AND+stadtteil+LIKE+%27%25Pankow%25%27&actpage=3" "Mozilla/4.0 (compatible; MSIE 8.0; Windows NT 5.2; Trident/4.0; .NET CLR 1.1.4322; .NET CLR 2.0.50727; .NET CLR 3.0.4506.2152; .NET CLR 3.5.30729; InfoPath.1)"
85.232.31.163 - - [22/Sep/2010:11:28:24 +0200] "GET /opensite.js HTTP/1.1" 200 1125 "http://www.zahnarztpraxis-berlin-pankow.de/" "Mozilla/4.0 (compatible; MSIE 8.0; Windows NT 5.2; Trident/4.0; .NET CLR 1.1.4322; .NET CLR 2.0.50727; .NET CLR 3.0.4506.2152; .NET CLR 3.5.30729; InfoPath.1)"
85.232.31.163 - - [22/Sep/2010:11:28:24 +0200] "GET /flashopen.js HTTP/1.1" 200 604 "http://www.zahnarztpraxis-berlin-pankow.de/" "Mozilla/4.0 (compatible; MSIE 8.0; Windows NT 5.2; Trident/4.0; .NET CLR 1.1.4322; .NET CLR 2.0.50727; .NET CLR 3.0.4506.2152; .NET CLR 3.5.30729; InfoPath.1)"
85.232.31.163 - - [22/Sep/2010:11:28:25 +0200] "GET /hattke.swf HTTP/1.1" 200 12042 "http://www.zahnarztpraxis-berlin-pankow.de/" "Mozilla/4.0 (compatible; MSIE 8.0; Windows NT 5.2; Trident/4.0; .NET CLR 1.1.4322; .NET CLR 2.0.50727; .NET CLR 3.0.4506.2152; .NET CLR 3.5.30729; InfoPath.1)"
85.232.31.163 - - [22/Sep/2010:11:28:25 +0200] "GET /favicon.ico HTTP/1.1" 200 2550 "-" "Mozilla/4.0 (compatible; MSIE 8.0; Windows NT 5.2; Trident/4.0; .NET CLR 1.1.4322; .NET CLR 2.0.50727; .NET CLR 3.0.4506.2152; .NET CLR 3.5.30729; InfoPath.1)"
85.232.31.163 - - [22/Sep/2010:11:28:25 +0200] "GET /diashow.swf HTTP/1.1" 200 311957 "http://www.zahnarztpraxis-berlin-pankow.de/hattke.swf" "Mozilla/4.0 (compatible; MSIE 8.0; Windows NT 5.2; Trident/4.0; .NET CLR 1.1.4322; .NET CLR 2.0.50727; .NET CLR 3.0.4506.2152; .NET CLR 3.5.30729; InfoPath.1)"
212.113.35.162 - - [22/Sep/2010:11:28:47 +0200] "GET /robots.txt HTTP/1.1" 200 24 "-" "Mozilla/5.0 (compatible; SiteBot/0.1; +http://www.sitebot.org/robot/)"
212.113.35.162 - - [22/Sep/2010:11:28:47 +0200] "GET / HTTP/1.1" 200 12977 "-" "Mozilla/5.0 (compatible; SiteBot/0.1; +http://www.sitebot.org/robot/)"
212.113.35.162 - - [22/Sep/2010:11:28:47 +0200] "GET /teledienst.html HTTP/1.1" 200 4588 "-" "Mozilla/5.0 (compatible; SiteBot/0.1; +http://www.sitebot.org/robot/)"
150.70.75.165 - - [22/Sep/2010:11:34:21 +0200] "GET / HTTP/1.0" 200 12977 "-" "Mozilla/4.0 (compatible; MSIE 6.0; Windows NT 5.1)"
84.163.149.213 - - [22/Sep/2010:12:03:05 +0200] "GET / HTTP/1.1" 200 12977 "http://www.google.de/search?client=firefox-a&rls=org.mozilla%3Ade%3Aofficial&channel=s&hl=de&source=hp&q=zahnarztpraxis+berlin-pankow&meta=&btnG=Google-Suche" "Mozilla/5.0 (Windows; U; Windows NT 5.1; de; rv:1.9.2) Gecko/20100115 Firefox/3.6"
84.163.149.213 - - [22/Sep/2010:12:03:05 +0200] "GET /opensite.js HTTP/1.1" 200 1125 "http://www.zahnarztpraxis-berlin-pankow.de/" "Mozilla/5.0 (Windows; U; Windows NT 5.1; de; rv:1.9.2) Gecko/20100115 Firefox/3.6"
84.163.149.213 - - [22/Sep/2010:12:03:05 +0200] "GET /favicon.ico HTTP/1.1" 200 2550 "-" "Mozilla/5.0 (Windows; U; Windows NT 5.1; de; rv:1.9.2) Gecko/20100115 Firefox/3.6"
84.163.149.213 - - [22/Sep/2010:12:03:05 +0200] "GET /flashopen.js HTTP/1.1" 200 604 "http://www.zahnarztpraxis-berlin-pankow.de/" "Mozilla/5.0 (Windows; U; Windows NT 5.1; de; rv:1.9.2) Gecko/20100115 Firefox/3.6"
84.163.149.213 - - [22/Sep/2010:12:03:06 +0200] "GET /hattke.swf HTTP/1.1" 200 12042 "http://www.zahnarztpraxis-berlin-pankow.de/" "Mozilla/5.0 (Windows; U; Windows NT 5.1; de; rv:1.9.2) Gecko/20100115 Firefox/3.6"
84.163.149.213 - - [22/Sep/2010:12:03:06 +0200] "GET /diashow.swf HTTP/1.1" 200 311957 "-" "Mozilla/5.0 (Windows; U; Windows NT 5.1; de; rv:1.9.2) Gecko/20100115 Firefox/3.6"
212.64.228.99 - - [22/Sep/2010:12:40:20 +0200] "GET / HTTP/1.1" 200 12977 "http://www.google.de/search?hl=de&source=hp&q=zahnarzt+13158+berlin&meta=&aq=f&aqi=&aql=&oq=&gs_rfai=" "Mozilla/4.0 (compatible; MSIE 6.0; Windows NT 5.1; SV1; .NET CLR 1.1.4322; .NET CLR 2.0.50727; .NET CLR 3.0.4506.2152; .NET CLR 3.5.30729)"
212.64.228.99 - - [22/Sep/2010:12:40:20 +0200] "GET /favicon.ico HTTP/1.1" 200 2550 "http://www.zahnarztpraxis-berlin-pankow.de/" "Mozilla/4.0 (compatible; MSIE 6.0; Windows NT 5.1; SV1; .NET CLR 1.1.4322; .NET CLR 2.0.50727; .NET CLR 3.0.4506.2152; .NET CLR 3.5.30729)"
212.64.228.99 - - [22/Sep/2010:12:40:20 +0200] "GET /opensite.js HTTP/1.1" 200 1125 "http://www.zahnarztpraxis-berlin-pankow.de/" "Mozilla/4.0 (compatible; MSIE 6.0; Windows NT 5.1; SV1; .NET CLR 1.1.4322; .NET CLR 2.0.50727; .NET CLR 3.0.4506.2152; .NET CLR 3.5.30729)"
212.64.228.99 - - [22/Sep/2010:12:40:20 +0200] "GET /flashopen.js HTTP/1.1" 200 604 "http://www.zahnarztpraxis-berlin-pankow.de/" "Mozilla/4.0 (compatible; MSIE 6.0; Windows NT 5.1; SV1; .NET CLR 1.1.4322; .NET CLR 2.0.50727; .NET CLR 3.0.4506.2152; .NET CLR 3.5.30729)"
212.64.228.99 - - [22/Sep/2010:12:40:20 +0200] "GET /hattke.swf HTTP/1.1" 200 12042 "http://www.zahnarztpraxis-berlin-pankow.de/" "Mozilla/4.0 (compatible; MSIE 6.0; Windows NT 5.1; SV1; .NET CLR 1.1.4322; .NET CLR 2.0.50727; .NET CLR 3.0.4506.2152; .NET CLR 3.5.30729)"
212.64.228.99 - - [22/Sep/2010:12:40:20 +0200] "GET /diashow.swf HTTP/1.1" 200 311957 "http://www.zahnarztpraxis-berlin-pankow.de/hattke.swf" "Mozilla/4.0 (compatible; MSIE 6.0; Windows NT 5.1; SV1; .NET CLR 1.1.4322; .NET CLR 2.0.50727; .NET CLR 3.0.4506.2152; .NET CLR 3.5.30729)"
77.186.108.55 - - [22/Sep/2010:14:08:14 +0200] "GET / HTTP/1.1" 200 12977 "http://www.zahn-online.de/suche/10115h-l.html" "Mozilla/5.0 (Macintosh; U; Intel Mac OS X 10.6; de; rv:1.9.2.9) Gecko/20100824 Firefox/3.6.9"
77.186.108.55 - - [22/Sep/2010:14:08:14 +0200] "GET /opensite.js HTTP/1.1" 200 1125 "http://www.zahnarztpraxis-berlin-pankow.de/" "Mozilla/5.0 (Macintosh; U; Intel Mac OS X 10.6; de; rv:1.9.2.9) Gecko/20100824 Firefox/3.6.9"
77.186.108.55 - - [22/Sep/2010:14:08:14 +0200] "GET /favicon.ico HTTP/1.1" 200 2550 "-" "Mozilla/5.0 (Macintosh; U; Intel Mac OS X 10.6; de; rv:1.9.2.9) Gecko/20100824 Firefox/3.6.9"
77.186.108.55 - - [22/Sep/2010:14:08:14 +0200] "GET /flashopen.js HTTP/1.1" 200 604 "http://www.zahnarztpraxis-berlin-pankow.de/" "Mozilla/5.0 (Macintosh; U; Intel Mac OS X 10.6; de; rv:1.9.2.9) Gecko/20100824 Firefox/3.6.9"
77.186.108.55 - - [22/Sep/2010:14:08:14 +0200] "GET /hattke.swf HTTP/1.1" 200 12042 "http://www.zahnarztpraxis-berlin-pankow.de/" "Mozilla/5.0 (Macintosh; U; Intel Mac OS X 10.6; de; rv:1.9.2.9) Gecko/20100824 Firefox/3.6.9"
77.186.108.55 - - [22/Sep/2010:14:08:14 +0200] "GET /diashow.swf HTTP/1.1" 200 311957 "-" "Mozilla/5.0 (Macintosh; U; Intel Mac OS X 10.6; de; rv:1.9.2.9) Gecko/20100824 Firefox/3.6.9"
87.120.136.32 - - [22/Sep/2010:14:13:21 +0200] "GET /admin/backup/login.php?action=backup HTTP/1.0" 404 1256 "-" "Mozilla/4.0 (compatible; MSIE 6.0; Windows 98; HbTools 4.7.3)"
85.232.31.163 - - [22/Sep/2010:16:05:53 +0200] "GET / HTTP/1.1" 200 12977 "http://www.kzv-berlin.de/cms/index.php?file=article&mode=entry&number=23&do=1&newsearch=1" "Mozilla/4.0 (compatible; MSIE 8.0; Windows NT 5.2; Trident/4.0; .NET CLR 1.1.4322; .NET CLR 2.0.50727; .NET CLR 3.0.4506.2152; .NET CLR 3.5.30729; InfoPath.1)"
85.232.31.163 - - [22/Sep/2010:16:05:54 +0200] "GET /opensite.js HTTP/1.1" 200 1125 "http://www.zahnarztpraxis-berlin-pankow.de/" "Mozilla/4.0 (compatible; MSIE 8.0; Windows NT 5.2; Trident/4.0; .NET CLR 1.1.4322; .NET CLR 2.0.50727; .NET CLR 3.0.4506.2152; .NET CLR 3.5.30729; InfoPath.1)"
85.232.31.163 - - [22/Sep/2010:16:05:54 +0200] "GET /flashopen.js HTTP/1.1" 200 604 "http://www.zahnarztpraxis-berlin-pankow.de/" "Mozilla/4.0 (compatible; MSIE 8.0; Windows NT 5.2; Trident/4.0; .NET CLR 1.1.4322; .NET CLR 2.0.50727; .NET CLR 3.0.4506.2152; .NET CLR 3.5.30729; InfoPath.1)"
