77.185.21.240 - - [07/Sep/2010:16:19:16 +0200] "GET /hattke.swf HTTP/1.1" 200 12042 "http://www.zahnarztpraxis-berlin-pankow.de/" "Mozilla/5.0 (Windows; U; Windows NT 6.1; en-US) AppleWebKit/534.6 (KHTML, like Gecko) Chrome/7.0.503.0 Safari/534.6"
77.185.21.240 - - [07/Sep/2010:16:19:16 +0200] "GET /diashow.swf HTTP/1.1" 200 311957 "http://www.zahnarztpraxis-berlin-pankow.de/hattke.swf" "Mozilla/5.0 (Windows; U; Windows NT 6.1; en-US) AppleWebKit/534.6 (KHTML, like Gecko) Chrome/7.0.503.0 Safari/534.6"
77.185.21.240 - - [07/Sep/2010:16:19:26 +0200] "GET /plan.swf HTTP/1.1" 200 27838 "http://www.zahnarztpraxis-berlin-pankow.de/hattke.swf" "Mozilla/5.0 (Windows; U; Windows NT 6.1; en-US) AppleWebKit/534.6 (KHTML, like Gecko) Chrome/7.0.503.0 Safari/534.6"
218.186.8.240 - - [07/Sep/2010:18:27:59 +0200] "GET /robots.txt HTTP/1.0" 200 24 "-" "Abortion.sg/Nutch-1.1 (www.Abortion.sg; crawler@Abortion.sg)"
218.186.8.240 - - [07/Sep/2010:18:28:00 +0200] "GET / HTTP/1.0" 200 12977 "-" "Abortion.sg/Nutch-1.1 (www.Abortion.sg; crawler@Abortion.sg)"
79.192.3.244 - - [07/Sep/2010:21:14:43 +0200] "GET / HTTP/1.1" 200 12977 "http://www.google.de/url?sa=t&source=web&cd=1&ved=0CCEQFjAA&url=http%3A%2F%2Fwww.zahnarztpraxis-berlin-pankow.de%2F&rct=j&q=zahnarztpraxis%20hattke%20berlin&ei=Ho-GTLrvCIGMswaRjMGaBQ&usg=AFQjCNGhU0LSIXKAU9N4d8DNsS8g6WKbiA" "Mozilla/4.0 (compatible; MSIE 8.0; Windows NT 5.1; Trident/4.0; .NET CLR 1.1.4322; .NET CLR 2.0.50727; .NET CLR 3.0.4506.2152; .NET CLR 3.5.30729)"
79.192.3.244 - - [07/Sep/2010:21:14:43 +0200] "GET /opensite.js HTTP/1.1" 200 1125 "http://www.zahnarztpraxis-berlin-pankow.de/" "Mozilla/4.0 (compatible; MSIE 8.0; Windows NT 5.1; Trident/4.0; .NET CLR 1.1.4322; .NET CLR 2.0.50727; .NET CLR 3.0.4506.2152; .NET CLR 3.5.30729)"
79.192.3.244 - - [07/Sep/2010:21:14:43 +0200] "GET /flashopen.js HTTP/1.1" 200 604 "http://www.zahnarztpraxis-berlin-pankow.de/" "Mozilla/4.0 (compatible; MSIE 8.0; Windows NT 5.1; Trident/4.0; .NET CLR 1.1.4322; .NET CLR 2.0.50727; .NET CLR 3.0.4506.2152; .NET CLR 3.5.30729)"
79.192.3.244 - - [07/Sep/2010:21:14:44 +0200] "GET /hattke.swf HTTP/1.1" 200 12042 "http://www.zahnarztpraxis-berlin-pankow.de/" "Mozilla/4.0 (compatible; MSIE 8.0; Windows NT 5.1; Trident/4.0; .NET CLR 1.1.4322; .NET CLR 2.0.50727; .NET CLR 3.0.4506.2152; .NET CLR 3.5.30729)"
79.192.3.244 - - [07/Sep/2010:21:14:44 +0200] "GET /favicon.ico HTTP/1.1" 200 2550 "-" "Mozilla/4.0 (compatible; MSIE 8.0; Windows NT 5.1; Trident/4.0; .NET CLR 1.1.4322; .NET CLR 2.0.50727; .NET CLR 3.0.4506.2152; .NET CLR 3.5.30729)"
79.192.3.244 - - [07/Sep/2010:21:14:44 +0200] "GET /diashow.swf HTTP/1.1" 200 311957 "http://www.zahnarztpraxis-berlin-pankow.de/hattke.swf" "Mozilla/4.0 (compatible; MSIE 8.0; Windows NT 5.1; Trident/4.0; .NET CLR 1.1.4322; .NET CLR 2.0.50727; .NET CLR 3.0.4506.2152; .NET CLR 3.5.30729)"
83.141.9.2 - - [08/Sep/2010:01:24:33 +0200] "GET /robots.txt HTTP/1.1" 200 24 "-" "+http://robot.vedens.de VEDENSBOT"
83.141.9.2 - - [08/Sep/2010:01:24:34 +0200] "HEAD / HTTP/1.1" 200 - "" "+http://robot.vedens.de VEDENSBOT"
74.86.57.230 - - [08/Sep/2010:04:03:06 +0200] "GET / HTTP/1.1" 200 12977 "-" "Mozilla/4.0 (compatible; MSIE 7.0; Windows NT 6.0; WOW64; Trident/4.0; SLCC1; .NET CLR 2.0.50727; .NET CLR 1.1.4322; .NET CLR 3.5.30729; .NET CLR 3.0.30618; .NET4.0C; .NET4.0E)"
74.86.57.230 - - [08/Sep/2010:04:03:09 +0200] "GET /opensite.js HTTP/1.1" 200 1125 "http://www.zahnarztpraxis-berlin-pankow.de/" "Mozilla/4.0 (compatible; MSIE 7.0; Windows NT 6.0; WOW64; Trident/4.0; SLCC1; .NET CLR 2.0.50727; .NET CLR 1.1.4322; .NET CLR 3.5.30729; .NET CLR 3.0.30618; .NET4.0C; .NET4.0E)"
74.86.57.230 - - [08/Sep/2010:04:03:10 +0200] "GET /flashopen.js HTTP/1.1" 200 604 "http://www.zahnarztpraxis-berlin-pankow.de/" "Mozilla/4.0 (compatible; MSIE 7.0; Windows NT 6.0; WOW64; Trident/4.0; SLCC1; .NET CLR 2.0.50727; .NET CLR 1.1.4322; .NET CLR 3.5.30729; .NET CLR 3.0.30618; .NET4.0C; .NET4.0E)"
74.86.57.230 - - [08/Sep/2010:04:03:14 +0200] "GET /hattke.swf HTTP/1.1" 200 12042 "http://www.zahnarztpraxis-berlin-pankow.de/" "Mozilla/4.0 (compatible; MSIE 7.0; Windows NT 6.0; WOW64; Trident/4.0; SLCC1; .NET CLR 2.0.50727; .NET CLR 1.1.4322; .NET CLR 3.5.30729; .NET CLR 3.0.30618; .NET4.0C; .NET4.0E)"
74.86.57.230 - - [08/Sep/2010:04:03:19 +0200] "GET /diashow.swf HTTP/1.1" 200 311957 "http://www.zahnarztpraxis-berlin-pankow.de/hattke.swf" "Mozilla/4.0 (compatible; MSIE 7.0; Windows NT 6.0; WOW64; Trident/4.0; SLCC1; .NET CLR 2.0.50727; .NET CLR 1.1.4322; .NET CLR 3.5.30729; .NET CLR 3.0.30618; .NET4.0C; .NET4.0E)"
143.248.140.86 - - [08/Sep/2010:11:58:39 +0200] "GET /robots.txt HTTP/1.0" 200 24 "-" "Nutch/Nutch-1.0 (academic purpose; cats.kaist.ac.kr; smiler82@naver.com)"
143.248.140.86 - - [08/Sep/2010:11:58:40 +0200] "GET / HTTP/1.0" 200 12977 "-" "Nutch/Nutch-1.0 (academic purpose; cats.kaist.ac.kr; smiler82@naver.com)"
188.194.205.222 - - [08/Sep/2010:14:51:09 +0200] "GET / HTTP/1.1" 200 12977 "http://www.google.de/url?sa=t&source=web&cd=268&ved=0CEYQFjAHOIQC&url=http%3A%2F%2Fwww.zahnarztpraxis-berlin-pankow.de%2F&rct=j&q=zahnarzt%20praxis&ei=lYaHTOvkDOKI4gaDkLniAw&usg=AFQjCNGhU0LSIXKAU9N4d8DNsS8g6WKbiA&cad=rja" "Mozilla/5.0 (Windows; U; Windows NT 6.1; de; rv:1.9.2.7) Gecko/20100713 Firefox/3.6.7"
188.194.205.222 - - [08/Sep/2010:14:51:09 +0200] "GET /favicon.ico HTTP/1.1" 200 2550 "-" "Mozilla/5.0 (Windows; U; Windows NT 6.1; de; rv:1.9.2.7) Gecko/20100713 Firefox/3.6.7"
188.194.205.222 - - [08/Sep/2010:14:51:09 +0200] "GET /opensite.js HTTP/1.1" 200 1125 "http://www.zahnarztpraxis-berlin-pankow.de/" "Mozilla/5.0 (Windows; U; Windows NT 6.1; de; rv:1.9.2.7) Gecko/20100713 Firefox/3.6.7"
188.194.205.222 - - [08/Sep/2010:14:51:09 +0200] "GET /flashopen.js HTTP/1.1" 200 604 "http://www.zahnarztpraxis-berlin-pankow.de/" "Mozilla/5.0 (Windows; U; Windows NT 6.1; de; rv:1.9.2.7) Gecko/20100713 Firefox/3.6.7"
188.194.205.222 - - [08/Sep/2010:14:51:09 +0200] "GET /hattke.swf HTTP/1.1" 200 12042 "http://www.zahnarztpraxis-berlin-pankow.de/" "Mozilla/5.0 (Windows; U; Windows NT 6.1; de; rv:1.9.2.7) Gecko/20100713 Firefox/3.6.7"
188.194.205.222 - - [08/Sep/2010:14:51:10 +0200] "GET /diashow.swf HTTP/1.1" 200 311957 "-" "Mozilla/5.0 (Windows; U; Windows NT 6.1; de; rv:1.9.2.7) Gecko/20100713 Firefox/3.6.7"
87.230.47.8 - - [08/Sep/2010:17:03:41 +0200] "HEAD / HTTP/1.1" 200 - "-" "-"
94.223.134.170 - - [08/Sep/2010:18:06:28 +0200] "GET / HTTP/1.1" 200 12977 "http://www.izito.de/?&sess=a3a3a303a3a313&vid=l19216810117I1283961202&con=y&mpg=1&target=web_izito_de&dzn=web_izito_de_zones&template=gg.html&asid=7287951668&query=zahnarzt%20praxis%20berlin&refer=default&where=de&yhspchkid=" "Mozilla/5.0 (Windows; U; Windows NT 6.1; de; rv:1.9.2.8) Gecko/20100722 Firefox/3.6.8"
94.223.134.170 - - [08/Sep/2010:18:06:28 +0200] "GET /favicon.ico HTTP/1.1" 200 2550 "-" "Mozilla/5.0 (Windows; U; Windows NT 6.1; de; rv:1.9.2.8) Gecko/20100722 Firefox/3.6.8"
94.223.134.170 - - [08/Sep/2010:18:06:31 +0200] "GET /opensite.js HTTP/1.1" 200 1125 "http://www.zahnarztpraxis-berlin-pankow.de/" "Mozilla/5.0 (Windows; U; Windows NT 6.1; de; rv:1.9.2.8) Gecko/20100722 Firefox/3.6.8"
94.223.134.170 - - [08/Sep/2010:18:06:31 +0200] "GET /flashopen.js HTTP/1.1" 200 604 "http://www.zahnarztpraxis-berlin-pankow.de/" "Mozilla/5.0 (Windows; U; Windows NT 6.1; de; rv:1.9.2.8) Gecko/20100722 Firefox/3.6.8"
94.223.134.170 - - [08/Sep/2010:18:06:31 +0200] "GET /hattke.swf HTTP/1.1" 200 12042 "http://www.zahnarztpraxis-berlin-pankow.de/" "Mozilla/5.0 (Windows; U; Windows NT 6.1; de; rv:1.9.2.8) Gecko/20100722 Firefox/3.6.8"
94.223.134.170 - - [08/Sep/2010:18:06:32 +0200] "GET /diashow.swf HTTP/1.1" 200 311957 "-" "Mozilla/5.0 (Windows; U; Windows NT 6.1; de; rv:1.9.2.8) Gecko/20100722 Firefox/3.6.8"
178.77.73.12 - - [08/Sep/2010:20:44:16 +0200] "GET / HTTP/1.1" 200 12977 "-" "Java/1.6.0_0"
95.108.158.134 - - [08/Sep/2010:21:20:09 +0200] "GET /robots.txt HTTP/1.1" 200 24 "-" "Mozilla/5.0 (compatible; YandexBot/3.0; +http://yandex.com/bots)"
178.77.73.12 - - [09/Sep/2010:00:49:17 +0200] "GET / HTTP/1.1" 200 12977 "-" "Java/1.6.0_0"
83.141.9.2 - - [09/Sep/2010:01:24:07 +0200] "GET /robots.txt HTTP/1.1" 200 24 "-" "+http://robot.vedens.de VEDENSBOT"
83.141.9.2 - - [09/Sep/2010:01:24:07 +0200] "HEAD / HTTP/1.1" 200 - "" "+http://robot.vedens.de VEDENSBOT"
66.249.71.69 - - [09/Sep/2010:01:29:17 +0200] "GET /robots.txt HTTP/1.1" 200 24 "-" "Mozilla/5.0 (compatible; Googlebot/2.1; +http://www.google.com/bot.html)"
66.249.71.69 - - [09/Sep/2010:01:29:17 +0200] "GET /teledienst.html HTTP/1.1" 304 - "-" "Mozilla/5.0 (compatible; Googlebot/2.1; +http://www.google.com/bot.html)"
207.46.195.107 - - [09/Sep/2010:01:45:03 +0200] "GET /robots.txt HTTP/1.1" 200 24 "-" "msnbot/2.0b (+http://search.msn.com/msnbot.htm)"
207.46.195.107 - - [09/Sep/2010:02:07:13 +0200] "GET / HTTP/1.1" 304 - "-" "msnbot/2.0b (+http://search.msn.com/msnbot.htm)"
95.108.158.134 - - [09/Sep/2010:05:06:32 +0200] "GET / HTTP/1.1" 200 12977 "-" "Mozilla/5.0 (compatible; YandexBot/3.0; +http://yandex.com/bots)"
178.77.72.187 - - [09/Sep/2010:05:29:40 +0200] "GET / HTTP/1.1" 200 12977 "-" "Java/1.6.0_0"
93.190.65.123 - - [09/Sep/2010:10:22:38 +0200] "GET / HTTP/1.1" 200 12977 "-" "Java/1.6.0_16"
213.61.253.7 - - [09/Sep/2010:13:19:08 +0200] "GET / HTTP/1.1" 200 12977 "http://www.google.de/search?hl=de&q=zahnarzt+hattke+berlin&meta=&aq=f&aqi=&aql=&oq=&gs_rfai=" "Mozilla/4.0 (compatible; MSIE 6.0; Windows NT 5.1; SV1; Weberbank Browser V1.0; .NET CLR 2.0.50727; .NET CLR 1.1.4322; .NET CLR 3.0.4506.2152; .NET CLR 3.5.30729)"
213.61.253.7 - - [09/Sep/2010:13:19:09 +0200] "GET /opensite.js HTTP/1.1" 200 1125 "http://www.zahnarztpraxis-berlin-pankow.de/" "Mozilla/4.0 (compatible; MSIE 6.0; Windows NT 5.1; SV1; Weberbank Browser V1.0; .NET CLR 2.0.50727; .NET CLR 1.1.4322; .NET CLR 3.0.4506.2152; .NET CLR 3.5.30729)"
213.61.253.7 - - [09/Sep/2010:13:19:09 +0200] "GET /flashopen.js HTTP/1.1" 200 604 "http://www.zahnarztpraxis-berlin-pankow.de/" "Mozilla/4.0 (compatible; MSIE 6.0; Windows NT 5.1; SV1; Weberbank Browser V1.0; .NET CLR 2.0.50727; .NET CLR 1.1.4322; .NET CLR 3.0.4506.2152; .NET CLR 3.5.30729)"
213.61.253.7 - - [09/Sep/2010:13:19:09 +0200] "GET /hattke.swf HTTP/1.1" 200 12042 "http://www.zahnarztpraxis-berlin-pankow.de/" "Mozilla/4.0 (compatible; MSIE 6.0; Windows NT 5.1; SV1; Weberbank Browser V1.0; .NET CLR 2.0.50727; .NET CLR 1.1.4322; .NET CLR 3.0.4506.2152; .NET CLR 3.5.30729)"
213.61.253.7 - - [09/Sep/2010:13:19:10 +0200] "GET /diashow.swf HTTP/1.1" 200 311957 "http://www.zahnarztpraxis-berlin-pankow.de/hattke.swf" "Mozilla/4.0 (compatible; MSIE 6.0; Windows NT 5.1; SV1; Weberbank Browser V1.0; .NET CLR 2.0.50727; .NET CLR 1.1.4322; .NET CLR 3.0.4506.2152; .NET CLR 3.5.30729)"
150.70.75.159 - - [09/Sep/2010:13:26:56 +0200] "GET / HTTP/1.0" 200 12977 "-" "Mozilla/4.0 (compatible; MSIE 6.0; Windows NT 5.1)"
93.190.65.123 - - [09/Sep/2010:15:34:05 +0200] "GET / HTTP/1.1" 200 12977 "-" "Java/1.6.0_16"
91.64.24.171 - - [09/Sep/2010:16:27:45 +0200] "GET / HTTP/1.1" 200 12977 "http://www.bing.com/search?q=hattke&src=IE-SearchBox&FORM=IE8SRC" "Mozilla/4.0 (compatible; MSIE 8.0; Windows NT 5.1; Trident/4.0; .NET CLR 2.0.50727; .NET CLR 3.0.04506.30; .NET CLR 3.0.04506.648; InfoPath.1; .NET CLR 1.1.4322; .NET CLR 3.0.4506.2152; .NET CLR 3.5.30729)"
91.64.24.171 - - [09/Sep/2010:16:27:45 +0200] "GET /opensite.js HTTP/1.1" 200 1125 "http://www.zahnarztpraxis-berlin-pankow.de/" "Mozilla/4.0 (compatible; MSIE 8.0; Windows NT 5.1; Trident/4.0; .NET CLR 2.0.50727; .NET CLR 3.0.04506.30; .NET CLR 3.0.04506.648; InfoPath.1; .NET CLR 1.1.4322; .NET CLR 3.0.4506.2152; .NET CLR 3.5.30729)"
91.64.24.171 - - [09/Sep/2010:16:27:45 +0200] "GET /flashopen.js HTTP/1.1" 200 604 "http://www.zahnarztpraxis-berlin-pankow.de/" "Mozilla/4.0 (compatible; MSIE 8.0; Windows NT 5.1; Trident/4.0; .NET CLR 2.0.50727; .NET CLR 3.0.04506.30; .NET CLR 3.0.04506.648; InfoPath.1; .NET CLR 1.1.4322; .NET CLR 3.0.4506.2152; .NET CLR 3.5.30729)"
91.64.24.171 - - [09/Sep/2010:16:27:45 +0200] "GET /favicon.ico HTTP/1.1" 200 2550 "-" "Mozilla/4.0 (compatible; MSIE 8.0; Windows NT 5.1; Trident/4.0; .NET CLR 2.0.50727; .NET CLR 3.0.04506.30; .NET CLR 3.0.04506.648; InfoPath.1; .NET CLR 1.1.4322; .NET CLR 3.0.4506.2152; .NET CLR 3.5.30729)"
91.64.24.171 - - [09/Sep/2010:16:27:45 +0200] "GET /hattke.swf HTTP/1.1" 200 12042 "http://www.zahnarztpraxis-berlin-pankow.de/" "Mozilla/4.0 (compatible; MSIE 8.0; Windows NT 5.1; Trident/4.0; .NET CLR 2.0.50727; .NET CLR 3.0.04506.30; .NET CLR 3.0.04506.648; InfoPath.1; .NET CLR 1.1.4322; .NET CLR 3.0.4506.2152; .NET CLR 3.5.30729)"
91.64.24.171 - - [09/Sep/2010:16:27:46 +0200] "GET /diashow.swf HTTP/1.1" 200 311957 "http://www.zahnarztpraxis-berlin-pankow.de/hattke.swf" "Mozilla/4.0 (compatible; MSIE 8.0; Windows NT 5.1; Trident/4.0; .NET CLR 2.0.50727; .NET CLR 3.0.04506.30; .NET CLR 3.0.04506.648; InfoPath.1; .NET CLR 1.1.4322; .NET CLR 3.0.4506.2152; .NET CLR 3.5.30729)"
91.64.24.171 - - [09/Sep/2010:17:06:57 +0200] "GET / HTTP/1.1" 304 - "http://www.bing.com/search?q=hattke&src=IE-SearchBox&FORM=IE8SRC" "Mozilla/4.0 (compatible; MSIE 8.0; Windows NT 5.1; Trident/4.0; .NET CLR 2.0.50727; .NET CLR 3.0.04506.30; .NET CLR 3.0.04506.648; InfoPath.1; .NET CLR 1.1.4322; .NET CLR 3.0.4506.2152; .NET CLR 3.5.30729)"
91.64.24.171 - - [09/Sep/2010:17:06:57 +0200] "GET /opensite.js HTTP/1.1" 304 - "http://www.zahnarztpraxis-berlin-pankow.de/" "Mozilla/4.0 (compatible; MSIE 8.0; Windows NT 5.1; Trident/4.0; .NET CLR 2.0.50727; .NET CLR 3.0.04506.30; .NET CLR 3.0.04506.648; InfoPath.1; .NET CLR 1.1.4322; .NET CLR 3.0.4506.2152; .NET CLR 3.5.30729)"
91.64.24.171 - - [09/Sep/2010:17:06:57 +0200] "GET /flashopen.js HTTP/1.1" 304 - "http://www.zahnarztpraxis-berlin-pankow.de/" "Mozilla/4.0 (compatible; MSIE 8.0; Windows NT 5.1; Trident/4.0; .NET CLR 2.0.50727; .NET CLR 3.0.04506.30; .NET CLR 3.0.04506.648; InfoPath.1; .NET CLR 1.1.4322; .NET CLR 3.0.4506.2152; .NET CLR 3.5.30729)"
91.64.24.171 - - [09/Sep/2010:17:07:01 +0200] "GET /hattke.swf HTTP/1.1" 304 - "http://www.zahnarztpraxis-berlin-pankow.de/" "Mozilla/4.0 (compatible; MSIE 8.0; Windows NT 5.1; Trident/4.0; .NET CLR 2.0.50727; .NET CLR 3.0.04506.30; .NET CLR 3.0.04506.648; InfoPath.1; .NET CLR 1.1.4322; .NET CLR 3.0.4506.2152; .NET CLR 3.5.30729)"
91.64.24.171 - - [09/Sep/2010:17:07:03 +0200] "GET /diashow.swf HTTP/1.1" 304 - "http://www.zahnarztpraxis-berlin-pankow.de/hattke.swf" "Mozilla/4.0 (compatible; MSIE 8.0; Windows NT 5.1; Trident/4.0; .NET CLR 2.0.50727; .NET CLR 3.0.04506.30; .NET CLR 3.0.04506.648; InfoPath.1; .NET CLR 1.1.4322; .NET CLR 3.0.4506.2152; .NET CLR 3.5.30729)"
66.249.71.69 - - [09/Sep/2010:19:19:24 +0200] "GET /diashow.swf HTTP/1.1" 200 311957 "-" "Mozilla/5.0 (compatible; Googlebot/2.1; +http://www.google.com/bot.html)"
119.63.198.42 - - [09/Sep/2010:19:46:15 +0200] "GET / HTTP/1.1" 200 12977 "-" "Baiduspider+(+http://www.baidu.jp/spider/)"
178.77.74.155 - - [09/Sep/2010:20:44:33 +0200] "GET / HTTP/1.1" 200 12977 "-" "Java/1.6.0_0"
95.108.158.134 - - [09/Sep/2010:22:16:16 +0200] "GET /robots.txt HTTP/1.1" 200 24 "-" "Mozilla/5.0 (compatible; YandexBot/3.0; +http://yandex.com/bots)"
95.108.158.134 - - [10/Sep/2010:00:39:22 +0200] "GET /teledienst.html HTTP/1.1" 304 - "-" "Mozilla/5.0 (compatible; YandexBot/3.0; +http://yandex.com/bots)"
83.141.9.2 - - [10/Sep/2010:01:24:38 +0200] "GET /robots.txt HTTP/1.1" 200 24 "-" "+http://robot.vedens.de VEDENSBOT"
83.141.9.2 - - [10/Sep/2010:01:24:38 +0200] "HEAD / HTTP/1.1" 200 - "" "+http://robot.vedens.de VEDENSBOT"
93.190.65.123 - - [10/Sep/2010:02:54:18 +0200] "GET / HTTP/1.1" 200 12977 "-" "Java/1.6.0_16"
93.190.65.123 - - [10/Sep/2010:08:28:25 +0200] "GET / HTTP/1.1" 200 12977 "-" "Java/1.6.0_16"
91.64.24.171 - - [10/Sep/2010:10:33:22 +0200] "GET / HTTP/1.1" 304 - "http://www.bing.com/search?q=hattke&src=IE-SearchBox&FORM=IE8SRC" "Mozilla/4.0 (compatible; MSIE 8.0; Windows NT 5.1; Trident/4.0; .NET CLR 2.0.50727; .NET CLR 3.0.04506.30; .NET CLR 3.0.04506.648; InfoPath.1; .NET CLR 1.1.4322; .NET CLR 3.0.4506.2152; .NET CLR 3.5.30729)"
91.64.24.171 - - [10/Sep/2010:10:33:22 +0200] "GET /opensite.js HTTP/1.1" 304 - "http://www.zahnarztpraxis-berlin-pankow.de/" "Mozilla/4.0 (compatible; MSIE 8.0; Windows NT 5.1; Trident/4.0; .NET CLR 2.0.50727; .NET CLR 3.0.04506.30; .NET CLR 3.0.04506.648; InfoPath.1; .NET CLR 1.1.4322; .NET CLR 3.0.4506.2152; .NET CLR 3.5.30729)"
91.64.24.171 - - [10/Sep/2010:10:33:22 +0200] "GET /flashopen.js HTTP/1.1" 304 - "http://www.zahnarztpraxis-berlin-pankow.de/" "Mozilla/4.0 (compatible; MSIE 8.0; Windows NT 5.1; Trident/4.0; .NET CLR 2.0.50727; .NET CLR 3.0.04506.30; .NET CLR 3.0.04506.648; InfoPath.1; .NET CLR 1.1.4322; .NET CLR 3.0.4506.2152; .NET CLR 3.5.30729)"
91.64.24.171 - - [10/Sep/2010:10:33:22 +0200] "GET /hattke.swf HTTP/1.1" 304 - "http://www.zahnarztpraxis-berlin-pankow.de/" "Mozilla/4.0 (compatible; MSIE 8.0; Windows NT 5.1; Trident/4.0; .NET CLR 2.0.50727; .NET CLR 3.0.04506.30; .NET CLR 3.0.04506.648; InfoPath.1; .NET CLR 1.1.4322; .NET CLR 3.0.4506.2152; .NET CLR 3.5.30729)"
91.64.24.171 - - [10/Sep/2010:10:33:22 +0200] "GET /diashow.swf HTTP/1.1" 304 - "http://www.zahnarztpraxis-berlin-pankow.de/hattke.swf" "Mozilla/4.0 (compatible; MSIE 8.0; Windows NT 5.1; Trident/4.0; .NET CLR 2.0.50727; .NET CLR 3.0.04506.30; .NET CLR 3.0.04506.648; InfoPath.1; .NET CLR 1.1.4322; .NET CLR 3.0.4506.2152; .NET CLR 3.5.30729)"
65.19.154.163 - - [10/Sep/2010:12:59:44 +0200] "GET / HTTP/1.0" 200 12977 "-" "Mozilla/5.0 (compatible; kmky-not-a-bot/0.2; http://www.kilomonkey.com/notabot.txt )"
178.77.74.155 - - [10/Sep/2010:14:19:24 +0200] "GET / HTTP/1.1" 200 12977 "-" "Java/1.6.0_0"
80.64.184.65 - - [10/Sep/2010:14:51:40 +0200] "GET / HTTP/1.0" 200 12977 "http://maps.google.de/maps?hl=de&client=firefox-a&hs=EH0&rls=org.mozilla:de:official&q=bahnhofstra%C3%9Fe+13+gladenbach&um=1&ie=UTF-8&hq=&hnear=Bahnhofstra%C3%9Fe+13,+D-35075+Gladenbach&gl=de&ei=OvWJTLj5N4KmOPrWpJcL&sa=X&oi=geocode_result&ct=title&resnum=1&ved=0CBoQ8gEwAA" "Mozilla/5.0 (Windows; U; Windows NT 5.1; de; rv:1.9.2.9) Gecko/20100824 Firefox/3.6.9"
80.64.184.65 - - [10/Sep/2010:14:51:41 +0200] "GET /opensite.js HTTP/1.0" 200 1125 "http://www.zahnarztpraxis-berlin-pankow.de/" "Mozilla/5.0 (Windows; U; Windows NT 5.1; de; rv:1.9.2.9) Gecko/20100824 Firefox/3.6.9"
80.64.184.65 - - [10/Sep/2010:14:51:41 +0200] "GET /favicon.ico HTTP/1.0" 200 2550 "-" "Mozilla/5.0 (Windows; U; Windows NT 5.1; de; rv:1.9.2.9) Gecko/20100824 Firefox/3.6.9"
80.64.184.65 - - [10/Sep/2010:14:51:41 +0200] "GET /flashopen.js HTTP/1.0" 200 604 "http://www.zahnarztpraxis-berlin-pankow.de/" "Mozilla/5.0 (Windows; U; Windows NT 5.1; de; rv:1.9.2.9) Gecko/20100824 Firefox/3.6.9"
80.64.184.65 - - [10/Sep/2010:14:51:41 +0200] "GET /hattke.swf HTTP/1.0" 200 12042 "http://www.zahnarztpraxis-berlin-pankow.de/" "Mozilla/5.0 (Windows; U; Windows NT 5.1; de; rv:1.9.2.9) Gecko/20100824 Firefox/3.6.9"
80.64.184.65 - - [10/Sep/2010:14:51:41 +0200] "GET /diashow.swf HTTP/1.0" 200 311957 "-" "Mozilla/5.0 (Windows; U; Windows NT 5.1; de; rv:1.9.2.9) Gecko/20100824 Firefox/3.6.9"
67.16.94.2 - - [10/Sep/2010:17:58:13 +0200] "GET /robots.txt HTTP/1.0" 200 24 "-" "Gigabot/3.0 (http://www.gigablast.com/spider.html)"
67.16.94.2 - - [10/Sep/2010:17:58:14 +0200] "GET / HTTP/1.0" 200 12977 "-" "Gigabot/3.0 (http://www.gigablast.com/spider.html)"
66.235.124.17 - - [10/Sep/2010:18:01:05 +0200] "GET /robots.txt HTTP/1.1" 200 24 "-" "Mozilla/5.0 (compatible; Ask Jeeves/Teoma; +http://about.ask.com/en/docs/about/webmasters.shtml)"
66.235.124.17 - - [10/Sep/2010:18:01:06 +0200] "GET / HTTP/1.1" 200 12977 "-" "Mozilla/5.0 (compatible; Ask Jeeves/Teoma; +http://about.ask.com/en/docs/about/webmasters.shtml)"
93.190.65.123 - - [10/Sep/2010:19:27:00 +0200] "GET / HTTP/1.1" 200 12977 "-" "Java/1.6.0_16"
207.46.13.87 - - [10/Sep/2010:20:42:36 +0200] "GET /robots.txt HTTP/1.1" 200 24 "-" "msnbot/2.0b (+http://search.msn.com/msnbot.htm)"
207.46.13.87 - - [10/Sep/2010:20:50:48 +0200] "GET / HTTP/1.1" 304 - "-" "msnbot/2.0b (+http://search.msn.com/msnbot.htm)"
67.195.115.177 - - [10/Sep/2010:22:37:03 +0200] "GET /robots.txt HTTP/1.0" 200 24 "-" "Mozilla/5.0 (compatible; Yahoo! Slurp; http://help.yahoo.com/help/us/ysearch/slurp)"
67.195.115.177 - - [10/Sep/2010:22:37:05 +0200] "GET / HTTP/1.0" 200 12977 "-" "Mozilla/5.0 (compatible; Yahoo! Slurp/3.0; http://help.yahoo.com/help/us/ysearch/slurp)"
207.46.13.48 - - [10/Sep/2010:23:54:59 +0200] "GET /robots.txt HTTP/1.1" 200 24 "-" "msnbot/2.0b (+http://search.msn.com/msnbot.htm)"
207.46.13.48 - - [11/Sep/2010:00:29:04 +0200] "GET / HTTP/1.1" 304 - "-" "msnbot/2.0b (+http://search.msn.com/msnbot.htm)"
178.77.72.187 - - [11/Sep/2010:01:00:52 +0200] "GET / HTTP/1.1" 200 12977 "-" "Java/1.6.0_0"
83.141.9.2 - - [11/Sep/2010:01:25:16 +0200] "GET /robots.txt HTTP/1.1" 200 24 "-" "+http://robot.vedens.de VEDENSBOT"
83.141.9.2 - - [11/Sep/2010:01:25:16 +0200] "HEAD / HTTP/1.1" 200 - "" "+http://robot.vedens.de VEDENSBOT"
207.46.204.216 - - [11/Sep/2010:02:55:48 +0200] "GET / HTTP/1.1" 200 12977 "-" "Mozilla/4.0 (compatible; MSIE 6.0; Windows NT 5.1; SLCC1; .NET CLR 1.1.4325; .NET CLR 2.0.40607; .NET CLR 3.0.04506.648)"
207.46.204.216 - - [11/Sep/2010:02:55:50 +0200] "GET /opensite.js HTTP/1.1" 200 1125 "http://www.zahnarztpraxis-berlin-pankow.de/" "Mozilla/4.0 (compatible; MSIE 6.0; Windows NT 5.1; SLCC1; .NET CLR 1.1.4325; .NET CLR 2.0.40607; .NET CLR 3.0.04506.648)"
207.46.204.216 - - [11/Sep/2010:02:55:58 +0200] "GET /flashopen.js HTTP/1.1" 200 604 "http://www.zahnarztpraxis-berlin-pankow.de/" "Mozilla/4.0 (compatible; MSIE 6.0; Windows NT 5.1; SLCC1; .NET CLR 1.1.4325; .NET CLR 2.0.40607; .NET CLR 3.0.04506.648)"
207.46.204.216 - - [11/Sep/2010:02:56:00 +0200] "GET /hattke.swf HTTP/1.1" 200 12042 "http://www.zahnarztpraxis-berlin-pankow.de/" "Mozilla/4.0 (compatible; MSIE 6.0; Windows NT 5.1; SLCC1; .NET CLR 1.1.4325; .NET CLR 2.0.40607; .NET CLR 3.0.04506.648)"
64.246.165.160 - - [11/Sep/2010:03:32:01 +0200] "GET /robots.txt HTTP/1.0" 200 24 "-" "Mozilla/5.0 (Windows; U; Windows NT 5.1; en; rv:1.9.0.13) Gecko/2009073022 Firefox/3.5.2 (.NET CLR 3.5.30729) SurveyBot/2.3 (DomainTools)"
64.246.165.160 - - [11/Sep/2010:03:32:01 +0200] "GET / HTTP/1.1" 200 12977 "http://whois.domaintools.com/zahnarztpraxis-berlin-pankow.de" "Mozilla/5.0 (Windows; U; Windows NT 5.1; en; rv:1.9.0.13) Gecko/2009073022 Firefox/3.5.2 (.NET CLR 3.5.30729) SurveyBot/2.3 (DomainTools)"
178.77.72.187 - - [11/Sep/2010:07:11:03 +0200] "GET / HTTP/1.1" 200 12977 "-" "Java/1.6.0_0"
93.190.65.123 - - [11/Sep/2010:09:30:18 +0200] "GET / HTTP/1.1" 200 12977 "-" "Java/1.6.0_16"
85.178.66.66 - - [11/Sep/2010:10:21:49 +0200] "GET / HTTP/1.1" 200 12977 "http://www.google.de/search?hl=de&source=hp&q=Hattke+Zahnarzt+Berlin&aq=f&aqi=&aql=&oq=&gs_rfai=&fp=945a5b1721af561a" "Mozilla/5.0 (Windows; U; Windows NT 5.1; de; rv:1.9.1.6) Gecko/20091201 Firefox/3.5.6 ( .NET CLR 3.5.30729)"
85.178.66.66 - - [11/Sep/2010:10:21:55 +0200] "GET /favicon.ico HTTP/1.1" 200 2550 "-" "Mozilla/5.0 (Windows; U; Windows NT 5.1; de; rv:1.9.1.6) Gecko/20091201 Firefox/3.5.6 ( .NET CLR 3.5.30729)"
85.178.66.66 - - [11/Sep/2010:10:21:55 +0200] "GET /opensite.js HTTP/1.1" 200 1125 "http://www.zahnarztpraxis-berlin-pankow.de/" "Mozilla/5.0 (Windows; U; Windows NT 5.1; de; rv:1.9.1.6) Gecko/20091201 Firefox/3.5.6 ( .NET CLR 3.5.30729)"
85.178.66.66 - - [11/Sep/2010:10:21:56 +0200] "GET /flashopen.js HTTP/1.1" 200 604 "http://www.zahnarztpraxis-berlin-pankow.de/" "Mozilla/5.0 (Windows; U; Windows NT 5.1; de; rv:1.9.1.6) Gecko/20091201 Firefox/3.5.6 ( .NET CLR 3.5.30729)"
85.178.66.66 - - [11/Sep/2010:10:21:56 +0200] "GET /hattke.swf HTTP/1.1" 200 12042 "http://www.zahnarztpraxis-berlin-pankow.de/" "Mozilla/5.0 (Windows; U; Windows NT 5.1; de; rv:1.9.1.6) Gecko/20091201 Firefox/3.5.6 ( .NET CLR 3.5.30729)"
85.178.66.66 - - [11/Sep/2010:10:21:56 +0200] "GET /diashow.swf HTTP/1.1" 200 311957 "-" "Mozilla/5.0 (Windows; U; Windows NT 5.1; de; rv:1.9.1.6) Gecko/20091201 Firefox/3.5.6 ( .NET CLR 3.5.30729)"
85.178.66.66 - - [11/Sep/2010:10:22:56 +0200] "GET /callback.html HTTP/1.1" 200 3272 "http://www.zahnarztpraxis-berlin-pankow.de/" "Mozilla/5.0 (Windows; U; Windows NT 5.1; de; rv:1.9.1.6) Gecko/20091201 Firefox/3.5.6 ( .NET CLR 3.5.30729)"
85.178.66.66 - - [11/Sep/2010:10:22:56 +0200] "GET /send.gif HTTP/1.1" 200 265 "http://www.zahnarztpraxis-berlin-pankow.de/callback.html" "Mozilla/5.0 (Windows; U; Windows NT 5.1; de; rv:1.9.1.6) Gecko/20091201 Firefox/3.5.6 ( .NET CLR 3.5.30729)"
85.178.66.66 - - [11/Sep/2010:10:22:56 +0200] "GET /clear.gif HTTP/1.1" 200 230 "http://www.zahnarztpraxis-berlin-pankow.de/callback.html" "Mozilla/5.0 (Windows; U; Windows NT 5.1; de; rv:1.9.1.6) Gecko/20091201 Firefox/3.5.6 ( .NET CLR 3.5.30729)"
66.249.71.69 - - [11/Sep/2010:10:56:34 +0200] "GET /robots.txt HTTP/1.1" 200 24 "-" "DoCoMo/2.0 N905i(c100;TB;W24H16) (compatible; Googlebot-Mobile/2.1; +http://www.google.com/bot.html)"
66.249.71.69 - - [11/Sep/2010:10:56:34 +0200] "GET / HTTP/1.1" 304 - "-" "DoCoMo/2.0 N905i(c100;TB;W24H16) (compatible; Googlebot-Mobile/2.1; +http://www.google.com/bot.html)"
93.190.65.123 - - [11/Sep/2010:11:55:21 +0200] "GET / HTTP/1.1" 200 12977 "-" "Java/1.6.0_16"
38.111.147.84 - - [11/Sep/2010:13:38:51 +0200] "GET /robots.txt HTTP/1.0" 200 24 "-" "TurnitinBot/2.1 (http://www.turnitin.com/robot/crawlerinfo.html)"
38.111.147.84 - - [11/Sep/2010:13:40:01 +0200] "GET / HTTP/1.0" 200 12977 "-" "TurnitinBot/2.1 (http://www.turnitin.com/robot/crawlerinfo.html)"
62.89.187.213 - - [11/Sep/2010:19:33:55 +0200] "GET / HTTP/1.1" 200 12977 "-" "CligooRobot/1.0"
62.89.187.213 - - [11/Sep/2010:19:33:55 +0200] "GET /teledienst.html HTTP/1.1" 200 4588 "-" "CligooRobot/1.0"
193.47.80.37 - - [11/Sep/2010:19:53:53 +0200] "GET /robots.txt HTTP/1.1" 200 24 "-" "Mozilla/5.0 (compatible; Exabot/3.0; +http://www.exabot.com/go/robot)"
193.47.80.37 - - [11/Sep/2010:19:53:54 +0200] "GET / HTTP/1.1" 304 - "-" "Mozilla/5.0 (compatible; Exabot/3.0; +http://www.exabot.com/go/robot)"
194.169.234.13 - - [11/Sep/2010:20:34:41 +0200] "GET / HTTP/1.1" 200 12977 "-" "-"
83.133.125.202 - - [11/Sep/2010:21:41:32 +0200] "GET / HTTP/1.1" 200 12977 "http://www.bigfinder.de/" "Mozilla/5.0 (Windows; U; Windows NT 5.1; de; rv:1.9.0.12) Gecko/2009070611 Firefox/3.0.12 GTB7.1 (.NET CLR 3.5.30729)"
93.190.65.123 - - [12/Sep/2010:00:01:49 +0200] "GET / HTTP/1.1" 200 12977 "-" "Java/1.6.0_16"
83.141.9.2 - - [12/Sep/2010:01:29:31 +0200] "GET /robots.txt HTTP/1.1" 200 24 "-" "+http://robot.vedens.de VEDENSBOT"
83.141.9.2 - - [12/Sep/2010:01:29:31 +0200] "HEAD / HTTP/1.1" 200 - "" "+http://robot.vedens.de VEDENSBOT"
93.190.65.123 - - [12/Sep/2010:02:30:02 +0200] "GET / HTTP/1.1" 200 12977 "-" "Java/1.6.0_16"
173.203.51.205 - - [12/Sep/2010:02:40:18 +0200] "GET / HTTP/1.1" 200 12977 "-" "FlightDeckReports Bot 1.5 beta (http://www.flightdeckreports.com/bot)"
83.169.47.121 - - [12/Sep/2010:04:46:33 +0200] "GET / HTTP/1.1" 200 12977 "-" "Java/1.6.0_0"
94.23.211.138 - - [12/Sep/2010:10:44:45 +0200] "HEAD / HTTP/1.1" 200 - "-" "Mozilla/4.0 (compatible; MSIE 5.01; Windows NT 5.0)"
81.169.145.25 - - [12/Sep/2010:14:17:23 +0200] "GET / HTTP/1.0" 200 12977 "-" "-"
85.5.140.155 - - [12/Sep/2010:14:17:25 +0200] "GET / HTTP/1.1" 200 12977 "http://www.zahnarzt-experte.de/Zahnarztpraxis/Zahnarzt-Berlin-Niederschoenhausen-Roumiana-und-Reyk-Hattke/" "Mozilla/5.0 (Windows; U; Windows NT 6.1; de; rv:1.9.2.3) Gecko/20100401 Firefox/3.6.3"
188.138.56.91 - - [12/Sep/2010:14:17:25 +0200] "GET /robots.txt HTTP/1.1" 206 24 "-" "thumbshots-de-bot (+http://www.thumbshots.de/)"
85.5.140.155 - - [12/Sep/2010:14:17:25 +0200] "GET /opensite.js HTTP/1.1" 200 1125 "http://www.zahnarztpraxis-berlin-pankow.de/" "Mozilla/5.0 (Windows; U; Windows NT 6.1; de; rv:1.9.2.3) Gecko/20100401 Firefox/3.6.3"
85.5.140.155 - - [12/Sep/2010:14:17:25 +0200] "GET /favicon.ico HTTP/1.1" 200 2550 "-" "Mozilla/5.0 (Windows; U; Windows NT 6.1; de; rv:1.9.2.3) Gecko/20100401 Firefox/3.6.3"
188.138.56.91 - - [12/Sep/2010:14:17:25 +0200] "GET / HTTP/1.1" 206 12977 "-" "thumbshots-de-bot (+http://www.thumbshots.de/)"
85.5.140.155 - - [12/Sep/2010:14:17:25 +0200] "GET /flashopen.js HTTP/1.1" 200 604 "http://www.zahnarztpraxis-berlin-pankow.de/" "Mozilla/5.0 (Windows; U; Windows NT 6.1; de; rv:1.9.2.3) Gecko/20100401 Firefox/3.6.3"
85.5.140.155 - - [12/Sep/2010:14:17:25 +0200] "GET /hattke.swf HTTP/1.1" 200 12042 "http://www.zahnarztpraxis-berlin-pankow.de/" "Mozilla/5.0 (Windows; U; Windows NT 6.1; de; rv:1.9.2.3) Gecko/20100401 Firefox/3.6.3"
188.138.56.91 - - [12/Sep/2010:14:17:26 +0200] "GET / HTTP/1.1" 200 12977 "-" "Mozilla/5.0 (X11; U; Linux x86_64; de-DE; rv:1.9.0.19) Gecko/2010062510 ThumbShotsBot (KFSW 3.0.6-3)"
188.138.56.91 - - [12/Sep/2010:14:17:26 +0200] "GET /favicon.ico HTTP/1.1" 200 2550 "-" "Mozilla/5.0 (X11; U; Linux x86_64; de-DE; rv:1.9.0.19) Gecko/2010062510 ThumbShotsBot (KFSW 3.0.6-3)"
188.138.56.91 - - [12/Sep/2010:14:17:26 +0200] "GET /opensite.js HTTP/1.1" 200 1125 "http://www.zahnarztpraxis-berlin-pankow.de/" "Mozilla/5.0 (X11; U; Linux x86_64; de-DE; rv:1.9.0.19) Gecko/2010062510 ThumbShotsBot (KFSW 3.0.6-3)"
188.138.56.91 - - [12/Sep/2010:14:17:26 +0200] "GET /flashopen.js HTTP/1.1" 200 604 "http://www.zahnarztpraxis-berlin-pankow.de/" "Mozilla/5.0 (X11; U; Linux x86_64; de-DE; rv:1.9.0.19) Gecko/2010062510 ThumbShotsBot (KFSW 3.0.6-3)"
188.138.56.91 - - [12/Sep/2010:14:17:26 +0200] "GET /hattke.swf HTTP/1.1" 200 12042 "http://www.zahnarztpraxis-berlin-pankow.de/" "Mozilla/5.0 (X11; U; Linux x86_64; de-DE; rv:1.9.0.19) Gecko/2010062510 ThumbShotsBot (KFSW 3.0.6-3)"
188.138.56.91 - - [12/Sep/2010:14:17:26 +0200] "GET /hattke.swf HTTP/1.1" 200 12042 "http://www.zahnarztpraxis-berlin-pankow.de/" "Mozilla/5.0 (X11; U; Linux x86_64; de-DE; rv:1.9.0.19) Gecko/2010062510 ThumbShotsBot (KFSW 3.0.6-3)"
188.138.56.91 - - [12/Sep/2010:14:17:26 +0200] "GET /favicon.ico HTTP/1.1" 200 2550 "-" "Mozilla/5.0 (X11; U; Linux x86_64; de-DE; rv:1.9.0.19) Gecko/2010062510 ThumbShotsBot (KFSW 3.0.6-3)"
188.138.56.91 - - [12/Sep/2010:14:17:26 +0200] "GET /diashow.swf HTTP/1.1" 200 311957 "-" "Mozilla/5.0 (X11; U; Linux x86_64; de-DE; rv:1.9.0.19) Gecko/2010062510 ThumbShotsBot (KFSW 3.0.6-3)"
85.5.140.155 - - [12/Sep/2010:14:17:26 +0200] "GET /diashow.swf HTTP/1.1" 200 311957 "-" "Mozilla/5.0 (Windows; U; Windows NT 6.1; de; rv:1.9.2.3) Gecko/20100401 Firefox/3.6.3"
188.138.56.91 - - [12/Sep/2010:14:17:26 +0200] "GET /diashow.swf HTTP/1.1" 200 311957 "-" "Mozilla/5.0 (X11; U; Linux x86_64; de-DE; rv:1.9.0.19) Gecko/2010062510 ThumbShotsBot (KFSW 3.0.6-3)"
188.138.56.91 - - [12/Sep/2010:14:17:29 +0200] "GET /favicon.ico HTTP/1.1" 200 2550 "-" "Mozilla/5.0 (X11; U; Linux x86_64; de-DE; rv:1.9.0.19) Gecko/2010062510 ThumbShotsBot (KFSW 3.0.6-3)"
81.169.145.25 - - [12/Sep/2010:14:17:38 +0200] "GET / HTTP/1.0" 200 12977 "-" "-"
78.5.250.218 - - [12/Sep/2010:14:51:44 +0200] "GET /robots.txt HTTP/1.0" 200 24 "-" "www.sexoshop.it/http://www.sexyservice.it (Sexy shop online e automatico - BDSM, vibratori, falli, vagine, lubrificanti.; http://www.sexoshop.it; marketing@sexoshop.it)"
78.5.250.218 - - [12/Sep/2010:14:51:44 +0200] "GET / HTTP/1.0" 200 12977 "-" "www.sexoshop.it/http://www.sexyservice.it (Sexy shop online e automatico - BDSM, vibratori, falli, vagine, lubrificanti.; http://www.sexoshop.it; marketing@sexoshop.it)"
207.46.13.140 - - [12/Sep/2010:16:09:39 +0200] "GET /robots.txt HTTP/1.1" 200 24 "-" "msnbot/2.0b (+http://search.msn.com/msnbot.htm)"
207.46.13.140 - - [12/Sep/2010:17:09:11 +0200] "GET / HTTP/1.1" 304 - "-" "msnbot/2.0b (+http://search.msn.com/msnbot.htm)"
66.249.71.69 - - [12/Sep/2010:17:34:56 +0200] "GET /robots.txt HTTP/1.1" 200 24 "-" "Mozilla/5.0 (compatible; Googlebot/2.1; +http://www.google.com/bot.html)"
66.249.71.69 - - [12/Sep/2010:17:34:56 +0200] "GET /callback_ok.html HTTP/1.1" 404 1256 "-" "Mozilla/5.0 (compatible; Googlebot/2.1; +http://www.google.com/bot.html)"
178.77.73.12 - - [12/Sep/2010:18:35:24 +0200] "GET / HTTP/1.1" 200 12977 "-" "Java/1.6.0_0"
85.177.81.55 - - [12/Sep/2010:19:49:58 +0200] "GET / HTTP/1.1" 200 12977 "http://www.zahn-online.de/suche/10115h-l.html" "Mozilla/4.0 (compatible; MSIE 8.0; Windows NT 6.0; Trident/4.0; SLCC1; .NET CLR 2.0.50727; Media Center PC 5.0; .NET CLR 3.5.21022; .NET CLR 3.5.30729; MDDC; .NET CLR 3.0.30729; .NET4.0C)"
85.177.81.55 - - [12/Sep/2010:19:49:58 +0200] "GET /opensite.js HTTP/1.1" 200 1125 "http://www.zahnarztpraxis-berlin-pankow.de/" "Mozilla/4.0 (compatible; MSIE 8.0; Windows NT 6.0; Trident/4.0; SLCC1; .NET CLR 2.0.50727; Media Center PC 5.0; .NET CLR 3.5.21022; .NET CLR 3.5.30729; MDDC; .NET CLR 3.0.30729; .NET4.0C)"
85.177.81.55 - - [12/Sep/2010:19:49:59 +0200] "GET /flashopen.js HTTP/1.1" 200 604 "http://www.zahnarztpraxis-berlin-pankow.de/" "Mozilla/4.0 (compatible; MSIE 8.0; Windows NT 6.0; Trident/4.0; SLCC1; .NET CLR 2.0.50727; Media Center PC 5.0; .NET CLR 3.5.21022; .NET CLR 3.5.30729; MDDC; .NET CLR 3.0.30729; .NET4.0C)"
85.177.81.55 - - [12/Sep/2010:19:49:59 +0200] "GET /favicon.ico HTTP/1.1" 200 2550 "-" "Mozilla/4.0 (compatible; MSIE 8.0; Windows NT 6.0; Trident/4.0; SLCC1; .NET CLR 2.0.50727; Media Center PC 5.0; .NET CLR 3.5.21022; .NET CLR 3.5.30729; MDDC; .NET CLR 3.0.30729; .NET4.0C)"
95.108.158.134 - - [12/Sep/2010:21:23:08 +0200] "GET /robots.txt HTTP/1.1" 200 24 "-" "Mozilla/5.0 (compatible; YandexBot/3.0; +http://yandex.com/bots)"
66.249.71.69 - - [13/Sep/2010:01:03:40 +0200] "GET / HTTP/1.1" 200 12977 "-" "Mozilla/5.0 (compatible; Googlebot/2.1; +http://www.google.com/bot.html)"
83.141.9.2 - - [13/Sep/2010:01:29:38 +0200] "GET /robots.txt HTTP/1.1" 200 24 "-" "+http://robot.vedens.de VEDENSBOT"
83.141.9.2 - - [13/Sep/2010:01:29:38 +0200] "HEAD / HTTP/1.1" 200 - "" "+http://robot.vedens.de VEDENSBOT"
83.133.125.202 - - [13/Sep/2010:03:23:27 +0200] "GET / HTTP/1.1" 200 12977 "http://www.bigfinder.de/" "Mozilla/4.0 (compatible; MSIE 8.0; Windows NT 6.0; Trident/4.0; GTB0.0; SLCC1; .NET CLR 2.0.50727; Media Center PC 5.0; .NET CLR 3.5.30729; .NET CLR 3.0.30729; .NET4.0C)"
178.77.72.187 - - [13/Sep/2010:05:57:20 +0200] "GET / HTTP/1.1" 200 12977 "-" "Java/1.6.0_0"
95.108.158.134 - - [13/Sep/2010:08:10:01 +0200] "GET / HTTP/1.1" 200 12977 "-" "Mozilla/5.0 (compatible; YandexBot/3.0; +http://yandex.com/bots)"
85.10.204.138 - - [13/Sep/2010:15:55:00 +0200] "GET /robots.txt HTTP/1.1" 200 24 "-" "ssearch_bot (sSearch Crawler; http://www.semantissimo.de)"
85.10.204.138 - - [13/Sep/2010:15:55:12 +0200] "GET / HTTP/1.1" 200 12977 "-" "ssearch_bot (sSearch Crawler; http://www.semantissimo.de)"
85.232.31.163 - - [13/Sep/2010:16:40:20 +0200] "GET / HTTP/1.1" 200 12977 "http://www.kzv-berlin.de/cms/index.php?file=article&mode=entry&number=23&do=1&newsearch=1" "Mozilla/4.0 (compatible; MSIE 8.0; Windows NT 5.2; Trident/4.0; .NET CLR 1.1.4322; .NET CLR 2.0.50727; .NET CLR 3.0.4506.2152; .NET CLR 3.5.30729)"
85.232.31.163 - - [13/Sep/2010:16:40:20 +0200] "GET / HTTP/1.1" 200 12977 "http://www.kzv-berlin.de/cms/index.php?file=article&mode=entry&number=23&do=1&newsearch=1" "Mozilla/4.0 (compatible; MSIE 8.0; Windows NT 5.2; Trident/4.0; .NET CLR 1.1.4322; .NET CLR 2.0.50727; .NET CLR 3.0.4506.2152; .NET CLR 3.5.30729)"
85.232.31.163 - - [13/Sep/2010:16:40:21 +0200] "GET /opensite.js HTTP/1.1" 200 1125 "http://www.zahnarztpraxis-berlin-pankow.de/" "Mozilla/4.0 (compatible; MSIE 8.0; Windows NT 5.2; Trident/4.0; .NET CLR 1.1.4322; .NET CLR 2.0.50727; .NET CLR 3.0.4506.2152; .NET CLR 3.5.30729)"
85.232.31.163 - - [13/Sep/2010:16:40:21 +0200] "GET /flashopen.js HTTP/1.1" 200 604 "http://www.zahnarztpraxis-berlin-pankow.de/" "Mozilla/4.0 (compatible; MSIE 8.0; Windows NT 5.2; Trident/4.0; .NET CLR 1.1.4322; .NET CLR 2.0.50727; .NET CLR 3.0.4506.2152; .NET CLR 3.5.30729)"
85.232.31.163 - - [13/Sep/2010:16:40:21 +0200] "GET /hattke.swf HTTP/1.1" 200 12042 "http://www.zahnarztpraxis-berlin-pankow.de/" "Mozilla/4.0 (compatible; MSIE 8.0; Windows NT 5.2; Trident/4.0; .NET CLR 1.1.4322; .NET CLR 2.0.50727; .NET CLR 3.0.4506.2152; .NET CLR 3.5.30729)"
85.232.31.163 - - [13/Sep/2010:16:40:21 +0200] "GET /favicon.ico HTTP/1.1" 200 2550 "-" "Mozilla/4.0 (compatible; MSIE 8.0; Windows NT 5.2; Trident/4.0; .NET CLR 1.1.4322; .NET CLR 2.0.50727; .NET CLR 3.0.4506.2152; .NET CLR 3.5.30729)"
85.232.31.163 - - [13/Sep/2010:16:40:21 +0200] "GET /diashow.swf HTTP/1.1" 200 311957 "http://www.zahnarztpraxis-berlin-pankow.de/hattke.swf" "Mozilla/4.0 (compatible; MSIE 8.0; Windows NT 5.2; Trident/4.0; .NET CLR 1.1.4322; .NET CLR 2.0.50727; .NET CLR 3.0.4506.2152; .NET CLR 3.5.30729)"
216.104.15.138 - - [13/Sep/2010:17:02:42 +0200] "GET / HTTP/1.0" 200 12977 "-" "Mozilla/4.0 (compatible; MSIE 6.0; Windows NT 5.1)"
216.104.15.138 - - [13/Sep/2010:17:25:48 +0200] "GET /flashopen.js HTTP/1.0" 200 604 "-" "Mozilla/4.0 (compatible; MSIE 6.0; Windows NT 5.1)"
216.104.15.134 - - [13/Sep/2010:17:25:48 +0200] "GET /opensite.js HTTP/1.0" 200 1125 "-" "Mozilla/4.0 (compatible; MSIE 6.0; Windows NT 5.1)"
83.141.9.2 - - [14/Sep/2010:01:37:17 +0200] "GET /robots.txt HTTP/1.1" 200 24 "-" "+http://robot.vedens.de VEDENSBOT"
83.141.9.2 - - [14/Sep/2010:01:37:17 +0200] "HEAD / HTTP/1.1" 200 - "" "+http://robot.vedens.de VEDENSBOT"
66.235.124.17 - - [14/Sep/2010:06:17:14 +0200] "GET /robots.txt HTTP/1.1" 200 24 "-" "Mozilla/5.0 (compatible; Ask Jeeves/Teoma; +http://about.ask.com/en/docs/about/webmasters.shtml)"
66.235.124.17 - - [14/Sep/2010:06:17:14 +0200] "GET / HTTP/1.1" 200 12977 "-" "Mozilla/5.0 (compatible; Ask Jeeves/Teoma; +http://about.ask.com/en/docs/about/webmasters.shtml)"
67.16.94.2 - - [14/Sep/2010:06:31:32 +0200] "GET /robots.txt HTTP/1.0" 200 24 "-" "Gigabot/3.0 (http://www.gigablast.com/spider.html)"
67.16.94.2 - - [14/Sep/2010:06:31:33 +0200] "GET / HTTP/1.0" 200 12977 "-" "Gigabot/3.0 (http://www.gigablast.com/spider.html)"
83.133.125.202 - - [14/Sep/2010:07:43:54 +0200] "GET / HTTP/1.1" 200 12977 "http://www.bigfinder.de/" "Mozilla/4.0 (compatible; MSIE 7.0; Windows NT 6.0; GTB6; SLCC1; .NET CLR 2.0.50727; Media Center PC 5.0; eSobiSubscriber 2.0.4.16; .NET CLR 3.5.30729; .NET CLR 3.0.30729; .NET4.0C)"
88.72.219.44 - - [14/Sep/2010:09:02:03 +0200] "GET / HTTP/1.1" 200 12977 "-" "Mozilla/4.0 (compatible; MSIE 8.0; Windows NT 6.1; Trident/4.0; SLCC2; .NET CLR 2.0.50727; .NET CLR 3.5.30729; .NET CLR 3.0.30729; Media Center PC 6.0; Media Center PC 5.0; SLCC1; Tablet PC 2.0; OfficeLiveConnector.1.5; OfficeLivePatch.1.3; .NET4.0C)"
88.72.219.44 - - [14/Sep/2010:09:02:03 +0200] "GET /opensite.js HTTP/1.1" 200 1125 "http://www.zahnarztpraxis-berlin-pankow.de/" "Mozilla/4.0 (compatible; MSIE 8.0; Windows NT 6.1; Trident/4.0; SLCC2; .NET CLR 2.0.50727; .NET CLR 3.5.30729; .NET CLR 3.0.30729; Media Center PC 6.0; Media Center PC 5.0; SLCC1; Tablet PC 2.0; OfficeLiveConnector.1.5; OfficeLivePatch.1.3; .NET4.0C)"
88.72.219.44 - - [14/Sep/2010:09:02:03 +0200] "GET /flashopen.js HTTP/1.1" 200 604 "http://www.zahnarztpraxis-berlin-pankow.de/" "Mozilla/4.0 (compatible; MSIE 8.0; Windows NT 6.1; Trident/4.0; SLCC2; .NET CLR 2.0.50727; .NET CLR 3.5.30729; .NET CLR 3.0.30729; Media Center PC 6.0; Media Center PC 5.0; SLCC1; Tablet PC 2.0; OfficeLiveConnector.1.5; OfficeLivePatch.1.3; .NET4.0C)"
88.72.219.44 - - [14/Sep/2010:09:02:03 +0200] "GET /hattke.swf HTTP/1.1" 200 12042 "http://www.zahnarztpraxis-berlin-pankow.de/" "Mozilla/4.0 (compatible; MSIE 8.0; Windows NT 6.1; Trident/4.0; SLCC2; .NET CLR 2.0.50727; .NET CLR 3.5.30729; .NET CLR 3.0.30729; Media Center PC 6.0; Media Center PC 5.0; SLCC1; Tablet PC 2.0; OfficeLiveConnector.1.5; OfficeLivePatch.1.3; .NET4.0C)"
88.72.219.44 - - [14/Sep/2010:09:02:04 +0200] "GET /diashow.swf HTTP/1.1" 200 311957 "http://www.zahnarztpraxis-berlin-pankow.de/hattke.swf" "Mozilla/4.0 (compatible; MSIE 8.0; Windows NT 6.1; Trident/4.0; SLCC2; .NET CLR 2.0.50727; .NET CLR 3.5.30729; .NET CLR 3.0.30729; Media Center PC 6.0; Media Center PC 5.0; SLCC1; Tablet PC 2.0; OfficeLiveConnector.1.5; OfficeLivePatch.1.3; .NET4.0C)"
88.72.219.44 - - [14/Sep/2010:09:02:13 +0200] "GET /callback.html HTTP/1.1" 200 3272 "http://www.zahnarztpraxis-berlin-pankow.de/hattke.swf" "Mozilla/4.0 (compatible; MSIE 8.0; Windows NT 6.1; Trident/4.0; SLCC2; .NET CLR 2.0.50727; .NET CLR 3.5.30729; .NET CLR 3.0.30729; Media Center PC 6.0; Media Center PC 5.0; SLCC1; Tablet PC 2.0; OfficeLiveConnector.1.5; OfficeLivePatch.1.3; .NET4.0C)"
88.72.219.44 - - [14/Sep/2010:09:02:13 +0200] "GET /send.gif HTTP/1.1" 200 265 "http://www.zahnarztpraxis-berlin-pankow.de/callback.html" "Mozilla/4.0 (compatible; MSIE 8.0; Windows NT 6.1; Trident/4.0; SLCC2; .NET CLR 2.0.50727; .NET CLR 3.5.30729; .NET CLR 3.0.30729; Media Center PC 6.0; Media Center PC 5.0; SLCC1; Tablet PC 2.0; OfficeLiveConnector.1.5; OfficeLivePatch.1.3; .NET4.0C)"
88.72.219.44 - - [14/Sep/2010:09:02:13 +0200] "GET /clear.gif HTTP/1.1" 200 230 "http://www.zahnarztpraxis-berlin-pankow.de/callback.html" "Mozilla/4.0 (compatible; MSIE 8.0; Windows NT 6.1; Trident/4.0; SLCC2; .NET CLR 2.0.50727; .NET CLR 3.5.30729; .NET CLR 3.0.30729; Media Center PC 6.0; Media Center PC 5.0; SLCC1; Tablet PC 2.0; OfficeLiveConnector.1.5; OfficeLivePatch.1.3; .NET4.0C)"
88.72.219.44 - - [14/Sep/2010:09:02:34 +0200] "POST /callback.php HTTP/1.1" 302 1 "http://www.zahnarztpraxis-berlin-pankow.de/callback.html" "Mozilla/4.0 (compatible; MSIE 8.0; Windows NT 6.1; Trident/4.0; SLCC2; .NET CLR 2.0.50727; .NET CLR 3.5.30729; .NET CLR 3.0.30729; Media Center PC 6.0; Media Center PC 5.0; SLCC1; Tablet PC 2.0; OfficeLiveConnector.1.5; OfficeLivePatch.1.3; .NET4.0C)"
88.72.219.44 - - [14/Sep/2010:09:03:09 +0200] "POST /callback.php HTTP/1.1" 302 1 "http://www.zahnarztpraxis-berlin-pankow.de/callback.html" "Mozilla/4.0 (compatible; MSIE 8.0; Windows NT 6.1; Trident/4.0; SLCC2; .NET CLR 2.0.50727; .NET CLR 3.5.30729; .NET CLR 3.0.30729; Media Center PC 6.0; Media Center PC 5.0; SLCC1; Tablet PC 2.0; OfficeLiveConnector.1.5; OfficeLivePatch.1.3; .NET4.0C)"
88.72.219.44 - - [14/Sep/2010:09:03:22 +0200] "POST /callback.php HTTP/1.1" 302 1 "http://www.zahnarztpraxis-berlin-pankow.de/callback.html" "Mozilla/4.0 (compatible; MSIE 8.0; Windows NT 6.1; Trident/4.0; SLCC2; .NET CLR 2.0.50727; .NET CLR 3.5.30729; .NET CLR 3.0.30729; Media Center PC 6.0; Media Center PC 5.0; SLCC1; Tablet PC 2.0; OfficeLiveConnector.1.5; OfficeLivePatch.1.3; .NET4.0C)"
88.72.219.44 - - [14/Sep/2010:09:03:47 +0200] "POST /callback.php HTTP/1.1" 302 1 "http://www.zahnarztpraxis-berlin-pankow.de/callback.html" "Mozilla/4.0 (compatible; MSIE 8.0; Windows NT 6.1; Trident/4.0; SLCC2; .NET CLR 2.0.50727; .NET CLR 3.5.30729; .NET CLR 3.0.30729; Media Center PC 6.0; Media Center PC 5.0; SLCC1; Tablet PC 2.0; OfficeLiveConnector.1.5; OfficeLivePatch.1.3; .NET4.0C)"
207.46.13.131 - - [14/Sep/2010:10:52:40 +0200] "GET /robots.txt HTTP/1.1" 200 24 "-" "msnbot/2.0b (+http://search.msn.com/msnbot.htm)"
207.46.13.131 - - [14/Sep/2010:11:16:06 +0200] "GET / HTTP/1.1" 304 - "-" "msnbot/2.0b (+http://search.msn.com/msnbot.htm)"
87.160.151.151 - - [14/Sep/2010:13:19:43 +0200] "GET / HTTP/1.1" 200 12977 "http://www.med-kolleg.de/arzt/zahnarzt/10460.html" "Mozilla/4.0 (compatible; MSIE 8.0; Windows NT 5.1; Trident/4.0; .NET CLR 2.0.50727; .NET CLR 3.0.4506.2152; .NET CLR 3.5.30729; .NET CLR 1.1.4322)"
87.160.151.151 - - [14/Sep/2010:13:19:43 +0200] "GET /opensite.js HTTP/1.1" 200 1125 "http://www.zahnarztpraxis-berlin-pankow.de/" "Mozilla/4.0 (compatible; MSIE 8.0; Windows NT 5.1; Trident/4.0; .NET CLR 2.0.50727; .NET CLR 3.0.4506.2152; .NET CLR 3.5.30729; .NET CLR 1.1.4322)"
87.160.151.151 - - [14/Sep/2010:13:19:43 +0200] "GET /flashopen.js HTTP/1.1" 200 604 "http://www.zahnarztpraxis-berlin-pankow.de/" "Mozilla/4.0 (compatible; MSIE 8.0; Windows NT 5.1; Trident/4.0; .NET CLR 2.0.50727; .NET CLR 3.0.4506.2152; .NET CLR 3.5.30729; .NET CLR 1.1.4322)"
87.160.151.151 - - [14/Sep/2010:13:19:43 +0200] "GET /hattke.swf HTTP/1.1" 200 12042 "http://www.zahnarztpraxis-berlin-pankow.de/" "Mozilla/4.0 (compatible; MSIE 8.0; Windows NT 5.1; Trident/4.0; .NET CLR 2.0.50727; .NET CLR 3.0.4506.2152; .NET CLR 3.5.30729; .NET CLR 1.1.4322)"
87.160.151.151 - - [14/Sep/2010:13:19:43 +0200] "GET /favicon.ico HTTP/1.1" 200 2550 "-" "Mozilla/4.0 (compatible; MSIE 8.0; Windows NT 5.1; Trident/4.0; .NET CLR 2.0.50727; .NET CLR 3.0.4506.2152; .NET CLR 3.5.30729; .NET CLR 1.1.4322)"
87.160.151.151 - - [14/Sep/2010:13:19:43 +0200] "GET /diashow.swf HTTP/1.1" 200 311957 "http://www.zahnarztpraxis-berlin-pankow.de/hattke.swf" "Mozilla/4.0 (compatible; MSIE 8.0; Windows NT 5.1; Trident/4.0; .NET CLR 2.0.50727; .NET CLR 3.0.4506.2152; .NET CLR 3.5.30729; .NET CLR 1.1.4322)"
87.160.151.151 - - [14/Sep/2010:13:22:21 +0200] "GET /plan.swf HTTP/1.1" 200 27838 "http://www.zahnarztpraxis-berlin-pankow.de/diashow.swf" "Mozilla/4.0 (compatible; MSIE 8.0; Windows NT 5.1; Trident/4.0; .NET CLR 2.0.50727; .NET CLR 3.0.4506.2152; .NET CLR 3.5.30729; .NET CLR 1.1.4322)"
87.160.151.151 - - [14/Sep/2010:13:34:01 +0200] "GET /diashow.swf HTTP/1.1" 304 - "http://www.zahnarztpraxis-berlin-pankow.de/plan.swf" "Mozilla/4.0 (compatible; MSIE 8.0; Windows NT 5.1; Trident/4.0; .NET CLR 2.0.50727; .NET CLR 3.0.4506.2152; .NET CLR 3.5.30729; .NET CLR 1.1.4322)"
87.160.151.151 - - [14/Sep/2010:13:35:26 +0200] "GET / HTTP/1.1" 304 - "http://www.med-kolleg.de/arzt/zahnarzt/10460.html" "Mozilla/4.0 (compatible; MSIE 8.0; Windows NT 5.1; Trident/4.0; .NET CLR 2.0.50727; .NET CLR 3.0.4506.2152; .NET CLR 3.5.30729; .NET CLR 1.1.4322)"
87.160.151.151 - - [14/Sep/2010:13:35:26 +0200] "GET /opensite.js HTTP/1.1" 304 - "http://www.zahnarztpraxis-berlin-pankow.de/" "Mozilla/4.0 (compatible; MSIE 8.0; Windows NT 5.1; Trident/4.0; .NET CLR 2.0.50727; .NET CLR 3.0.4506.2152; .NET CLR 3.5.30729; .NET CLR 1.1.4322)"
87.160.151.151 - - [14/Sep/2010:13:35:26 +0200] "GET /flashopen.js HTTP/1.1" 304 - "http://www.zahnarztpraxis-berlin-pankow.de/" "Mozilla/4.0 (compatible; MSIE 8.0; Windows NT 5.1; Trident/4.0; .NET CLR 2.0.50727; .NET CLR 3.0.4506.2152; .NET CLR 3.5.30729; .NET CLR 1.1.4322)"
87.160.151.151 - - [14/Sep/2010:13:35:26 +0200] "GET /hattke.swf HTTP/1.1" 304 - "http://www.zahnarztpraxis-berlin-pankow.de/" "Mozilla/4.0 (compatible; MSIE 8.0; Windows NT 5.1; Trident/4.0; .NET CLR 2.0.50727; .NET CLR 3.0.4506.2152; .NET CLR 3.5.30729; .NET CLR 1.1.4322)"
87.160.151.151 - - [14/Sep/2010:13:35:35 +0200] "GET /teledienst.html HTTP/1.1" 200 4588 "-" "Mozilla/4.0 (compatible; MSIE 8.0; Windows NT 5.1; Trident/4.0; .NET CLR 2.0.50727; .NET CLR 3.0.4506.2152; .NET CLR 3.5.30729; .NET CLR 1.1.4322)"
87.160.151.151 - - [14/Sep/2010:13:35:35 +0200] "GET /opensite.js HTTP/1.1" 304 - "http://www.zahnarztpraxis-berlin-pankow.de/teledienst.html" "Mozilla/4.0 (compatible; MSIE 8.0; Windows NT 5.1; Trident/4.0; .NET CLR 2.0.50727; .NET CLR 3.0.4506.2152; .NET CLR 3.5.30729; .NET CLR 1.1.4322)"
66.249.65.179 - - [14/Sep/2010:14:26:26 +0200] "GET /robots.txt HTTP/1.1" 200 24 "-" "Mozilla/5.0 (compatible; Googlebot/2.1; +http://www.google.com/bot.html)"
66.249.65.179 - - [14/Sep/2010:14:26:26 +0200] "GET /sitemap.xml HTTP/1.1" 200 796 "-" "Mozilla/5.0 (compatible; Googlebot/2.1; +http://www.google.com/bot.html)"
89.246.219.35 - - [14/Sep/2010:20:26:43 +0200] "GET / HTTP/1.1" 200 12977 "-" "Mozilla/5.0 (Macintosh; U; Intel Mac OS X 10_5_8; de-de) AppleWebKit/533.17.8 (KHTML, like Gecko) Version/5.0.1 Safari/533.17.8"
89.246.219.35 - - [14/Sep/2010:20:26:43 +0200] "GET /opensite.js HTTP/1.1" 200 1125 "http://www.zahnarztpraxis-berlin-pankow.de/" "Mozilla/5.0 (Macintosh; U; Intel Mac OS X 10_5_8; de-de) AppleWebKit/533.17.8 (KHTML, like Gecko) Version/5.0.1 Safari/533.17.8"
89.246.219.35 - - [14/Sep/2010:20:26:43 +0200] "GET /flashopen.js HTTP/1.1" 200 604 "http://www.zahnarztpraxis-berlin-pankow.de/" "Mozilla/5.0 (Macintosh; U; Intel Mac OS X 10_5_8; de-de) AppleWebKit/533.17.8 (KHTML, like Gecko) Version/5.0.1 Safari/533.17.8"
89.246.219.35 - - [14/Sep/2010:20:26:43 +0200] "GET /favicon.ico HTTP/1.1" 200 2550 "http://www.zahnarztpraxis-berlin-pankow.de/" "Mozilla/5.0 (Macintosh; U; Intel Mac OS X 10_5_8; de-de) AppleWebKit/533.17.8 (KHTML, like Gecko) Version/5.0.1 Safari/533.17.8"
89.246.219.35 - - [14/Sep/2010:20:26:47 +0200] "GET /hattke.swf HTTP/1.1" 200 12042 "http://www.zahnarztpraxis-berlin-pankow.de/" "Mozilla/5.0 (Macintosh; U; Intel Mac OS X 10_5_8; de-de) AppleWebKit/533.17.8 (KHTML, like Gecko) Version/5.0.1 Safari/533.17.8"
89.246.219.35 - - [14/Sep/2010:20:26:48 +0200] "GET /diashow.swf HTTP/1.1" 200 311957 "http://www.zahnarztpraxis-berlin-pankow.de/" "Mozilla/5.0 (Macintosh; U; Intel Mac OS X 10_5_8; de-de) AppleWebKit/533.17.8 (KHTML, like Gecko) Version/5.0.1 Safari/533.17.8"
67.195.115.177 - - [14/Sep/2010:21:21:35 +0200] "GET /robots.txt HTTP/1.0" 200 24 "-" "Mozilla/5.0 (compatible; Yahoo! Slurp; http://help.yahoo.com/help/us/ysearch/slurp)"
67.195.115.177 - - [14/Sep/2010:21:21:36 +0200] "GET / HTTP/1.0" 200 12977 "-" "Mozilla/5.0 (compatible; Yahoo! Slurp/3.0; http://help.yahoo.com/help/us/ysearch/slurp)"
188.195.30.214 - - [14/Sep/2010:22:46:29 +0200] "GET / HTTP/1.0" 200 12977 "-" "-"
66.249.65.182 - - [15/Sep/2010:00:09:01 +0200] "GET / HTTP/1.1" 304 - "-" "DoCoMo/2.0 N905i(c100;TB;W24H16) (compatible; Googlebot-Mobile/2.1; +http://www.google.com/bot.html)"
66.249.65.182 - - [15/Sep/2010:00:10:03 +0200] "GET /plan.swf HTTP/1.1" 200 27838 "-" "Mozilla/5.0 (compatible; Googlebot/2.1; +http://www.google.com/bot.html)"
83.141.9.2 - - [15/Sep/2010:01:37:22 +0200] "GET /robots.txt HTTP/1.1" 200 24 "-" "+http://robot.vedens.de VEDENSBOT"
83.141.9.2 - - [15/Sep/2010:01:37:22 +0200] "HEAD / HTTP/1.1" 200 - "" "+http://robot.vedens.de VEDENSBOT"
83.133.125.202 - - [15/Sep/2010:02:44:59 +0200] "GET / HTTP/1.1" 200 12977 "http://www.bigfinder.de/" "T-Online Browser (Windows NT 6.1; de)"
